2022-04-29T12:39:32.123+0000 7f7dc1cde700 1 --2- 172.21.15.67:0/3678833910 >> [v2:172.21.15.67:6800/1501311531,v1:172.21.15.67:6801/1501311531] conn(0x7f7da402fdb0 0x7f7da4032270 unknown :-1 s=START_CONNECT pgs=0 cs=0 l=1 rev1=0 rx=0 tx=0)._fault waiting 0.400000
2022-04-29T12:39:32.365 INFO:journalctl@ceph.mon.smithi067.smithi067.stdout:Apr 29 12:39:32 smithi067 ceph-46e0f780-c7b9-11ec-8c39-001a4aab830c-mon.smithi067[87132]: audit
2022-04-29T12:39:31.048867+0000 mon.smithi067 (mon.0) 62 : audit [INF] from='client.? 172.21.15.67:0/2746563674' entity='client.admin' cmd='[{"prefix": "mgr module enable", "module": "prometheus"}]': finished
2022-04-29T12:39:32.365 INFO:journalctl@ceph.mon.smithi067.smithi067.stdout:Apr 29 12:39:32 smithi067 ceph-46e0f780-c7b9-11ec-8c39-001a4aab830c-mon.smithi067[87132]: cluster
2022-04-29T12:39:31.048926+0000 mon.smithi067 (mon.0) 63 : cluster [DBG] mgrmap e8: smithi067.tiwjpq(active, since 18s)
2022-04-29T12:39:32.527 INFO:teuthology.orchestra.run.smithi067.stderr:/usr/bin/ceph:
2022-04-29T12:39:32.524+0000 7f7dc1cde700 1 -- 172.21.15.67:0/3678833910 >> [v2:172.21.15.67:6800/1501311531,v1:172.21.15.67:6801/1501311531] conn(0x7f7da402fdb0 msgr2=0x7f7da4032270 unknown :-1 s=STATE_CONNECTING_RE l=1).process reconnect failed to v2:172.21.15.67:6800/1501311531
2022-04-29T12:39:32.527 INFO:teuthology.orchestra.run.smithi067.stderr:/usr/bin/ceph:
2022-04-29T12:39:32.524+0000 7f7dc1cde700 1 --2- 172.21.15.67:0/3678833910 >> [v2:172.21.15.67:6800/1501311531,v1:172.21.15.67:6801/1501311531] conn(0x7f7da402fdb0 0x7f7da4032270 unknown :-1 s=START_CONNECT pgs=0 cs=0 l=1 rev1=0 rx=0 tx=0)._fault waiting 0.800000
2022-04-29T12:39:33.328 INFO:teuthology.orchestra.run.smithi067.stderr:/usr/bin/ceph:
2022-04-29T12:39:33.325+0000 7f7dc1cde700 1 -- 172.21.15.67:0/3678833910 >> [v2:172.21.15.67:6800/1501311531,v1:172.21.15.67:6801/1501311531] conn(0x7f7da402fdb0 msgr2=0x7f7da4032270 unknown :-1 s=STATE_CONNECTING_RE l=1).process reconnect failed to v2:172.21.15.67:6800/1501311531
2022-04-29T12:39:33.329 INFO:teuthology.orchestra.run.smithi067.stderr:/usr/bin/ceph:
2022-04-29T12:39:33.325+0000 7f7dc1cde700 1 --2- 172.21.15.67:0/3678833910 >> [v2:172.21.15.67:6800/1501311531,v1:172.21.15.67:6801/1501311531] conn(0x7f7da402fdb0 0x7f7da4032270 unknown :-1 s=START_CONNECT pgs=0 cs=0 l=1 rev1=0 rx=0 tx=0)._fault waiting 1.600000
2022-04-29T12:39:34.930 INFO:teuthology.orchestra.run.smithi067.stderr:/usr/bin/ceph:
2022-04-29T12:39:34.926+0000 7f7dc1cde700 1 -- 172.21.15.67:0/3678833910 >> [v2:172.21.15.67:6800/1501311531,v1:172.21.15.67:6801/1501311531] conn(0x7f7da402fdb0 msgr2=0x7f7da4032270 unknown :-1 s=STATE_CONNECTING_RE l=1).process reconnect failed to v2:172.21.15.67:6800/1501311531
2022-04-29T12:39:34.930 INFO:teuthology.orchestra.run.smithi067.stderr:/usr/bin/ceph:
2022-04-29T12:39:34.926+0000 7f7dc1cde700 1 --2- 172.21.15.67:0/3678833910 >> [v2:172.21.15.67:6800/1501311531,v1:172.21.15.67:6801/1501311531] conn(0x7f7da402fdb0 0x7f7da4032270 unknown :-1 s=START_CONNECT pgs=0 cs=0 l=1 rev1=0 rx=0 tx=0)._fault waiting 3.200000
2022-04-29T12:39:36.314 INFO:teuthology.orchestra.run.smithi067.stderr:/usr/bin/ceph:
2022-04-29T12:39:36.310+0000 7f7daaffd700 1 -- 172.21.15.67:0/3678833910 <== mon.0 v2:172.21.15.67:3300/0 7 ==== mgrmap(e 9) v1 ==== 35984+0+0 (secure 0 0 0) 0x7f7db801baf0 con 0x7f7dbc0faae0
2022-04-29T12:39:36.314 INFO:teuthology.orchestra.run.smithi067.stderr:/usr/bin/ceph:
2022-04-29T12:39:36.310+0000 7f7daaffd700 1 -- 172.21.15.67:0/3678833910 >> [v2:172.21.15.67:6800/1501311531,v1:172.21.15.67:6801/1501311531] conn(0x7f7da402fdb0 msgr2=0x7f7da4032270 unknown :-1 s=STATE_CONNECTING l=1).mark_down
2022-04-29T12:39:36.314 INFO:teuthology.orchestra.run.smithi067.stderr:/usr/bin/ceph:
2022-04-29T12:39:36.310+0000 7f7daaffd700 1 --2- 172.21.15.67:0/3678833910 >> [v2:172.21.15.67:6800/1501311531,v1:172.21.15.67:6801/1501311531] conn(0x7f7da402fdb0 0x7f7da4032270 unknown :-1 s=START_CONNECT pgs=0 cs=0 l=1 rev1=0 rx=0 tx=0).stop
2022-04-29T12:39:36.365 INFO:journalctl@ceph.mon.smithi067.smithi067.stdout:Apr 29 12:39:36 smithi067 ceph-46e0f780-c7b9-11ec-8c39-001a4aab830c-mon.smithi067[87132]: cluster
2022-04-29T12:39:36.256441+0000 mon.smithi067 (mon.0) 64 : cluster [INF] Active manager daemon smithi067.tiwjpq restarted
2022-04-29T12:39:36.366 INFO:journalctl@ceph.mon.smithi067.smithi067.stdout:Apr 29 12:39:36 smithi067 ceph-46e0f780-c7b9-11ec-8c39-001a4aab830c-mon.smithi067[87132]: cluster
2022-04-29T12:39:36.256819+0000 mon.smithi067 (mon.0) 65 : cluster [INF] Activating manager daemon smithi067.tiwjpq
2022-04-29T12:39:36.366 INFO:journalctl@ceph.mon.smithi067.smithi067.stdout:Apr 29 12:39:36 smithi067 ceph-46e0f780-c7b9-11ec-8c39-001a4aab830c-mon.smithi067[87132]: cluster
2022-04-29T12:39:36.261103+0000 mon.smithi067 (mon.0) 66 : cluster [DBG] osdmap e3: 0 total, 0 up, 0 in
2022-04-29T12:39:37.322 INFO:teuthology.orchestra.run.smithi067.stderr:/usr/bin/ceph:
2022-04-29T12:39:37.318+0000 7f7daaffd700 1 -- 172.21.15.67:0/3678833910 <== mon.0 v2:172.21.15.67:3300/0 8 ==== mgrmap(e 10) v1 ==== 36054+0+0 (secure 0 0 0) 0x7f7db803d5b0 con 0x7f7dbc0faae0
2022-04-29T12:39:37.322 INFO:teuthology.orchestra.run.smithi067.stderr:/usr/bin/ceph:
2022-04-29T12:39:37.319+0000 7f7daaffd700 1 --2- 172.21.15.67:0/3678833910 >> [v2:172.21.15.67:6800/3784986160,v1:172.21.15.67:6801/3784986160] conn(0x7f7da4033c20 0x7f7da4036010 unknown :-1 s=NONE pgs=0 cs=0 l=1 rev1=0 rx=0 tx=0).connect
2022-04-29T12:39:37.323 INFO:teuthology.orchestra.run.smithi067.stderr:/usr/bin/ceph:
2022-04-29T12:39:37.319+0000 7f7daaffd700 1 -- 172.21.15.67:0/3678833910 --> [v2:172.21.15.67:6800/3784986160,v1:172.21.15.67:6801/3784986160] -- mgr_command(tid 0: {"prefix": "orch apply", "service_type": "prometheus", "target": ["mon-mgr", ""]}) v1 -- 0x7f7dbc0fcab0 con 0x7f7da4033c20
2022-04-29T12:39:37.323 INFO:teuthology.orchestra.run.smithi067.stderr:/usr/bin/ceph:
2022-04-29T12:39:37.319+0000 7f7dc1cde700 1 --2- 172.21.15.67:0/3678833910 >> [v2:172.21.15.67:6800/3784986160,v1:172.21.15.67:6801/3784986160] conn(0x7f7da4033c20 0x7f7da4036010 unknown :-1 s=BANNER_CONNECTING pgs=0 cs=0 l=1 rev1=0 rx=0 tx=0)._handle_peer_banner_payload supported=1 required=0
2022-04-29T12:39:37.323 INFO:teuthology.orchestra.run.smithi067.stderr:/usr/bin/ceph:
2022-04-29T12:39:37.319+0000 7f7dc1cde700 1 --2- 172.21.15.67:0/3678833910 >> [v2:172.21.15.67:6800/3784986160,v1:172.21.15.67:6801/3784986160] conn(0x7f7da4033c20 0x7f7da4036010 secure :-1 s=READY pgs=1 cs=0 l=1 rev1=1 rx=0x7f7dac0036d0 tx=0x7f7dac006cb0).ready entity=mgr.14142 client_cookie=0 server_cookie=0 in_seq=0 out_seq=0
2022-04-29T12:39:37.327 INFO:teuthology.orchestra.run.smithi067.stderr:/usr/bin/ceph:
2022-04-29T12:39:37.324+0000 7f7daaffd700 1 -- 172.21.15.67:0/3678833910 <== mgr.14142 v2:172.21.15.67:6800/3784986160 1 ==== mgr_command_reply(tid 0: 0 ) v1 ==== 8+0+31 (secure 0 0 0) 0x7f7dbc0fcab0 con 0x7f7da4033c20
2022-04-29T12:39:37.327 INFO:teuthology.orchestra.run.smithi067.stderr:/usr/bin/ceph: Scheduled prometheus update...
2022-04-29T12:39:37.330 INFO:teuthology.orchestra.run.smithi067.stderr:/usr/bin/ceph:
2022-04-29T12:39:37.326+0000 7f7dc4743700 1 -- 172.21.15.67:0/3678833910 >> [v2:172.21.15.67:6800/3784986160,v1:172.21.15.67:6801/3784986160] conn(0x7f7da4033c20 msgr2=0x7f7da4036010 secure :-1 s=STATE_CONNECTION_ESTABLISHED l=1).mark_down
2022-04-29T12:39:37.330 INFO:teuthology.orchestra.run.smithi067.stderr:/usr/bin/ceph:
2022-04-29T12:39:37.326+0000 7f7dc4743700 1 --2- 172.21.15.67:0/3678833910 >> [v2:172.21.15.67:6800/3784986160,v1:172.21.15.67:6801/3784986160] conn(0x7f7da4033c20 0x7f7da4036010 secure :-1 s=READY pgs=1 cs=0 l=1 rev1=1 rx=0x7f7dac0036d0 tx=0x7f7dac006cb0).stop
2022-04-29T12:39:37.330 INFO:teuthology.orchestra.run.smithi067.stderr:/usr/bin/ceph:
2022-04-29T12:39:37.326+0000 7f7dc4743700 1 -- 172.21.15.67:0/3678833910 >> [v2:172.21.15.67:3300/0,v1:172.21.15.67:6789/0] conn(0x7f7dbc0faae0 msgr2=0x7f7dbc100e20 secure :-1 s=STATE_CONNECTION_ESTABLISHED l=1).mark_down
2022-04-29T12:39:37.330 INFO:teuthology.orchestra.run.smithi067.stderr:/usr/bin/ceph:
2022-04-29T12:39:37.326+0000 7f7dc4743700 1 --2- 172.21.15.67:0/3678833910 >> [v2:172.21.15.67:3300/0,v1:172.21.15.67:6789/0] conn(0x7f7dbc0faae0 0x7f7dbc100e20 secure :-1 s=READY pgs=50 cs=0 l=1 rev1=1 rx=0x7f7db8006800 tx=0x7f7db8006ee0).stop
2022-04-29T12:39:37.330 INFO:teuthology.orchestra.run.smithi067.stderr:/usr/bin/ceph:
2022-04-29T12:39:37.326+0000 7f7dc4743700 1 -- 172.21.15.67:0/3678833910 shutdown_connections
2022-04-29T12:39:37.331 INFO:teuthology.orchestra.run.smithi067.stderr:/usr/bin/ceph:
2022-04-29T12:39:37.326+0000 7f7dc4743700 1 --2- 172.21.15.67:0/3678833910 >> [v2:172.21.15.67:6800/3784986160,v1:172.21.15.67:6801/3784986160] conn(0x7f7da4033c20 0x7f7da4036010 unknown :-1 s=CLOSED pgs=1 cs=0 l=1 rev1=1 rx=0 tx=0).stop
2022-04-29T12:39:37.331 INFO:teuthology.orchestra.run.smithi067.stderr:/usr/bin/ceph:
2022-04-29T12:39:37.326+0000 7f7dc4743700 1 --2- 172.21.15.67:0/3678833910 >> [v2:172.21.15.67:3300/0,v1:172.21.15.67:6789/0] conn(0x7f7dbc0faae0 0x7f7dbc100e20 unknown :-1 s=CLOSED pgs=50 cs=0 l=1 rev1=1 rx=0 tx=0).stop
2022-04-29T12:39:37.331 INFO:teuthology.orchestra.run.smithi067.stderr:/usr/bin/ceph:
2022-04-29T12:39:37.326+0000 7f7dc4743700 1 --2- 172.21.15.67:0/3678833910 >> [v2:172.21.15.67:6800/1501311531,v1:172.21.15.67:6801/1501311531] conn(0x7f7da402fdb0 0x7f7da4032270 unknown :-1 s=CLOSED pgs=0 cs=0 l=1 rev1=0 rx=0 tx=0).stop
2022-04-29T12:39:37.331 INFO:teuthology.orchestra.run.smithi067.stderr:/usr/bin/ceph:
2022-04-29T12:39:37.326+0000 7f7dc4743700 1 -- 172.21.15.67:0/3678833910 >> 172.21.15.67:0/3678833910 conn(0x7f7dbc0f6280 msgr2=0x7f7dbc06f830 unknown :-1 s=STATE_NONE l=0).mark_down
2022-04-29T12:39:37.331 INFO:teuthology.orchestra.run.smithi067.stderr:/usr/bin/ceph:
2022-04-29T12:39:37.326+0000 7f7dc4743700 1 -- 172.21.15.67:0/3678833910 shutdown_connections
2022-04-29T12:39:37.331 INFO:teuthology.orchestra.run.smithi067.stderr:/usr/bin/ceph:
2022-04-29T12:39:37.326+0000 7f7dc4743700 1 -- 172.21.15.67:0/3678833910 wait complete.
2022-04-29T12:39:37.615 INFO:journalctl@ceph.mon.smithi067.smithi067.stdout:Apr 29 12:39:37 smithi067 ceph-46e0f780-c7b9-11ec-8c39-001a4aab830c-mon.smithi067[87132]: cluster
2022-04-29T12:39:36.312099+0000 mon.smithi067 (mon.0) 67 : cluster [DBG] mgrmap e9: smithi067.tiwjpq(active, starting, since 0.0553611s)
2022-04-29T12:39:37.615 INFO:journalctl@ceph.mon.smithi067.smithi067.stdout:Apr 29 12:39:37 smithi067 ceph-46e0f780-c7b9-11ec-8c39-001a4aab830c-mon.smithi067[87132]: audit
2022-04-29T12:39:36.313405+0000 mon.smithi067 (mon.0) 68 : audit [DBG] from='mgr.14142 172.21.15.67:0/2289294501' entity='mgr.smithi067.tiwjpq' cmd=[{"prefix": "mon metadata", "id": "smithi067"}]: dispatch
2022-04-29T12:39:37.616 INFO:journalctl@ceph.mon.smithi067.smithi067.stdout:Apr 29 12:39:37 smithi067 ceph-46e0f780-c7b9-11ec-8c39-001a4aab830c-mon.smithi067[87132]: audit
2022-04-29T12:39:36.314175+0000 mon.smithi067 (mon.0) 69 : audit [DBG] from='mgr.14142 172.21.15.67:0/2289294501' entity='mgr.smithi067.tiwjpq' cmd=[{"prefix": "mgr metadata", "who": "smithi067.tiwjpq", "id": "smithi067.tiwjpq"}]: dispatch
2022-04-29T12:39:37.616 INFO:journalctl@ceph.mon.smithi067.smithi067.stdout:Apr 29 12:39:37 smithi067 ceph-46e0f780-c7b9-11ec-8c39-001a4aab830c-mon.smithi067[87132]: audit
2022-04-29T12:39:36.314958+0000 mon.smithi067 (mon.0) 70 : audit [DBG] from='mgr.14142 172.21.15.67:0/2289294501' entity='mgr.smithi067.tiwjpq' cmd=[{"prefix": "mds metadata"}]: dispatch
2022-04-29T12:39:37.616 INFO:journalctl@ceph.mon.smithi067.smithi067.stdout:Apr 29 12:39:37 smithi067 ceph-46e0f780-c7b9-11ec-8c39-001a4aab830c-mon.smithi067[87132]: audit
2022-04-29T12:39:36.316764+0000 mon.smithi067 (mon.0) 71 : audit [DBG] from='mgr.14142 172.21.15.67:0/2289294501' entity='mgr.smithi067.tiwjpq' cmd=[{"prefix": "osd metadata"}]: dispatch
2022-04-29T12:39:37.616 INFO:journalctl@ceph.mon.smithi067.smithi067.stdout:Apr 29 12:39:37 smithi067 ceph-46e0f780-c7b9-11ec-8c39-001a4aab830c-mon.smithi067[87132]: audit
2022-04-29T12:39:36.316952+0000 mon.smithi067 (mon.0) 72 : audit [DBG] from='mgr.14142 172.21.15.67:0/2289294501' entity='mgr.smithi067.tiwjpq' cmd=[{"prefix": "mon metadata"}]: dispatch
2022-04-29T12:39:37.616 INFO:journalctl@ceph.mon.smithi067.smithi067.stdout:Apr 29 12:39:37 smithi067 ceph-46e0f780-c7b9-11ec-8c39-001a4aab830c-mon.smithi067[87132]: cluster
2022-04-29T12:39:36.330852+0000 mon.smithi067 (mon.0) 73 : cluster [INF] Manager daemon smithi067.tiwjpq is now available
2022-04-29T12:39:37.616 INFO:journalctl@ceph.mon.smithi067.smithi067.stdout:Apr 29 12:39:37 smithi067 ceph-46e0f780-c7b9-11ec-8c39-001a4aab830c-mon.smithi067[87132]: audit
2022-04-29T12:39:36.436882+0000 mon.smithi067 (mon.0) 74 : audit [DBG] from='mgr.14142 172.21.15.67:0/2289294501' entity='mgr.smithi067.tiwjpq' cmd=[{"prefix": "config dump", "format": "json"}]: dispatch
2022-04-29T12:39:37.616 INFO:journalctl@ceph.mon.smithi067.smithi067.stdout:Apr 29 12:39:37 smithi067 ceph-46e0f780-c7b9-11ec-8c39-001a4aab830c-mon.smithi067[87132]: audit
2022-04-29T12:39:36.438449+0000 mon.smithi067 (mon.0) 75 : audit [DBG] from='mgr.14142 172.21.15.67:0/2289294501' entity='mgr.smithi067.tiwjpq' cmd=[{"prefix": "config dump", "format": "json"}]: dispatch
2022-04-29T12:39:37.616 INFO:journalctl@ceph.mon.smithi067.smithi067.stdout:Apr 29 12:39:37 smithi067 ceph-46e0f780-c7b9-11ec-8c39-001a4aab830c-mon.smithi067[87132]: audit
2022-04-29T12:39:36.455284+0000 mon.smithi067 (mon.0) 76 : audit [INF] from='mgr.14142 172.21.15.67:0/2289294501' entity='mgr.smithi067.tiwjpq' cmd=[{"prefix":"config rm","who":"mgr","name":"mgr/rbd_support/smithi067.tiwjpq/mirror_snapshot_schedule"}]: dispatch
2022-04-29T12:39:37.616 INFO:journalctl@ceph.mon.smithi067.smithi067.stdout:Apr 29 12:39:37 smithi067 ceph-46e0f780-c7b9-11ec-8c39-001a4aab830c-mon.smithi067[87132]: audit
2022-04-29T12:39:36.463045+0000 mon.smithi067 (mon.0) 77 : audit [INF] from='mgr.14142 172.21.15.67:0/2289294501' entity='mgr.smithi067.tiwjpq' cmd=[{"prefix":"config rm","who":"mgr","name":"mgr/rbd_support/smithi067.tiwjpq/trash_purge_schedule"}]: dispatch
2022-04-29T12:39:37.907 INFO:teuthology.orchestra.run.smithi067.stderr:Deploying grafana service with default placement...
2022-04-29T12:39:37.907 INFO:teuthology.orchestra.run.smithi067.stderr:Running command: /bin/podman run --rm --ipc=host --no-hosts --net=host --entrypoint /usr/bin/ceph --init -e CONTAINER_IMAGE=docker.io/ceph/ceph:v16.2.4 -e NODE_NAME=smithi067 -e CEPH_USE_RANDOM_NONCE=1 -v /var/log/ceph/46e0f780-c7b9-11ec-8c39-001a4aab830c:/var/log/ceph:z -v /tmp/ceph-tmpry_s6xvb:/etc/ceph/ceph.client.admin.keyring:z -v /tmp/ceph-tmpqwy0suim:/etc/ceph/ceph.conf:z docker.io/ceph/ceph:v16.2.4 orch apply grafana
2022-04-29T12:39:38.413 INFO:teuthology.orchestra.run.smithi067.stderr:/usr/bin/ceph:
2022-04-29T12:39:38.403+0000 7f8d136ef700 1 Processor -- start
2022-04-29T12:39:38.414 INFO:teuthology.orchestra.run.smithi067.stderr:/usr/bin/ceph:
2022-04-29T12:39:38.403+0000 7f8d136ef700 1 -- start start
2022-04-29T12:39:38.414 INFO:teuthology.orchestra.run.smithi067.stderr:/usr/bin/ceph:
2022-04-29T12:39:38.404+0000 7f8d136ef700 1 --2- >> [v2:172.21.15.67:3300/0,v1:172.21.15.67:6789/0] conn(0x7f8d0c071cd0 0x7f8d0c070270 unknown :-1 s=NONE pgs=0 cs=0 l=0 rev1=0 rx=0 tx=0).connect
2022-04-29T12:39:38.414 INFO:teuthology.orchestra.run.smithi067.stderr:/usr/bin/ceph:
2022-04-29T12:39:38.404+0000 7f8d136ef700 1 -- --> [v2:172.21.15.67:3300/0,v1:172.21.15.67:6789/0] -- mon_getmap magic: 0 v1 -- 0x7f8d0c0720f0 con 0x7f8d0c071cd0
2022-04-29T12:39:38.414 INFO:teuthology.orchestra.run.smithi067.stderr:/usr/bin/ceph:
2022-04-29T12:39:38.404+0000 7f8d1148b700 1 --2- >> [v2:172.21.15.67:3300/0,v1:172.21.15.67:6789/0] conn(0x7f8d0c071cd0 0x7f8d0c070270 unknown :-1 s=BANNER_CONNECTING pgs=0 cs=0 l=0 rev1=0 rx=0 tx=0)._handle_peer_banner_payload supported=1 required=0
2022-04-29T12:39:38.414 INFO:teuthology.orchestra.run.smithi067.stderr:/usr/bin/ceph:
2022-04-29T12:39:38.404+0000 7f8d1148b700 1 --2- >> [v2:172.21.15.67:3300/0,v1:172.21.15.67:6789/0] conn(0x7f8d0c071cd0 0x7f8d0c070270 unknown :-1 s=HELLO_CONNECTING pgs=0 cs=0 l=0 rev1=1 rx=0 tx=0).handle_hello peer v2:172.21.15.67:3300/0 says I am v2:172.21.15.67:55172/0 (socket says 172.21.15.67:55172)
2022-04-29T12:39:38.414 INFO:teuthology.orchestra.run.smithi067.stderr:/usr/bin/ceph:
2022-04-29T12:39:38.404+0000 7f8d1148b700 1 -- 172.21.15.67:0/3480792103 learned_addr learned my addr 172.21.15.67:0/3480792103 (peer_addr_for_me v2:172.21.15.67:0/0)
2022-04-29T12:39:38.415 INFO:teuthology.orchestra.run.smithi067.stderr:/usr/bin/ceph:
2022-04-29T12:39:38.404+0000 7f8d1148b700 1 -- 172.21.15.67:0/3480792103 --> [v2:172.21.15.67:3300/0,v1:172.21.15.67:6789/0] -- mon_subscribe({config=0+,monmap=0+}) v3 -- 0x7f8d0c070760 con 0x7f8d0c071cd0
2022-04-29T12:39:38.415 INFO:teuthology.orchestra.run.smithi067.stderr:/usr/bin/ceph:
2022-04-29T12:39:38.404+0000 7f8d1148b700 1 --2- 172.21.15.67:0/3480792103 >> [v2:172.21.15.67:3300/0,v1:172.21.15.67:6789/0] conn(0x7f8d0c071cd0 0x7f8d0c070270 secure :-1 s=READY pgs=56 cs=0 l=1 rev1=1 rx=0x7f8d0800b5f0 tx=0x7f8d08006ee0).ready entity=mon.0 client_cookie=5acdcef4906653ea server_cookie=0 in_seq=0 out_seq=0
2022-04-29T12:39:38.415 INFO:teuthology.orchestra.run.smithi067.stderr:/usr/bin/ceph:
2022-04-29T12:39:38.405+0000 7f8d03fff700 1 -- 172.21.15.67:0/3480792103 <== mon.0 v2:172.21.15.67:3300/0 1 ==== mon_map magic: 0 v1 ==== 229+0+0 (secure 0 0 0) 0x7f8d0800d600 con 0x7f8d0c071cd0
2022-04-29T12:39:38.415 INFO:teuthology.orchestra.run.smithi067.stderr:/usr/bin/ceph:
2022-04-29T12:39:38.405+0000 7f8d03fff700 1 -- 172.21.15.67:0/3480792103 <== mon.0 v2:172.21.15.67:3300/0 2 ==== config(25 keys) v1 ==== 1074+0+0 (secure 0 0 0) 0x7f8d0800dc10 con 0x7f8d0c071cd0
2022-04-29T12:39:38.415 INFO:teuthology.orchestra.run.smithi067.stderr:/usr/bin/ceph:
2022-04-29T12:39:38.405+0000 7f8d03fff700 1 -- 172.21.15.67:0/3480792103 <== mon.0 v2:172.21.15.67:3300/0 3 ==== mon_map magic: 0 v1 ==== 229+0+0 (secure 0 0 0) 0x7f8d08011cd0 con 0x7f8d0c071cd0
2022-04-29T12:39:38.415 INFO:teuthology.orchestra.run.smithi067.stderr:/usr/bin/ceph:
2022-04-29T12:39:38.405+0000 7f8d136ef700 1 -- 172.21.15.67:0/3480792103 >> [v2:172.21.15.67:3300/0,v1:172.21.15.67:6789/0] conn(0x7f8d0c071cd0 msgr2=0x7f8d0c070270 secure :-1 s=STATE_CONNECTION_ESTABLISHED l=1).mark_down
2022-04-29T12:39:38.415 INFO:teuthology.orchestra.run.smithi067.stderr:/usr/bin/ceph:
2022-04-29T12:39:38.405+0000 7f8d136ef700 1 --2- 172.21.15.67:0/3480792103 >> [v2:172.21.15.67:3300/0,v1:172.21.15.67:6789/0] conn(0x7f8d0c071cd0 0x7f8d0c070270 secure :-1 s=READY pgs=56 cs=0 l=1 rev1=1 rx=0x7f8d0800b5f0 tx=0x7f8d08006ee0).stop
2022-04-29T12:39:38.416 INFO:teuthology.orchestra.run.smithi067.stderr:/usr/bin/ceph:
2022-04-29T12:39:38.405+0000 7f8d136ef700 1 -- 172.21.15.67:0/3480792103 shutdown_connections
2022-04-29T12:39:38.416 INFO:teuthology.orchestra.run.smithi067.stderr:/usr/bin/ceph:
2022-04-29T12:39:38.405+0000 7f8d136ef700 1 --2- 172.21.15.67:0/3480792103 >> [v2:172.21.15.67:3300/0,v1:172.21.15.67:6789/0] conn(0x7f8d0c071cd0 0x7f8d0c070270 unknown :-1 s=CLOSED pgs=56 cs=0 l=1 rev1=1 rx=0 tx=0).stop
2022-04-29T12:39:38.416 INFO:teuthology.orchestra.run.smithi067.stderr:/usr/bin/ceph:
2022-04-29T12:39:38.405+0000 7f8d136ef700 1 -- 172.21.15.67:0/3480792103 >> 172.21.15.67:0/3480792103 conn(0x7f8d0c0f73f0 msgr2=0x7f8d0c0f9810 unknown :-1 s=STATE_NONE l=0).mark_down
2022-04-29T12:39:38.416 INFO:teuthology.orchestra.run.smithi067.stderr:/usr/bin/ceph:
2022-04-29T12:39:38.406+0000 7f8d136ef700 1 -- 172.21.15.67:0/3480792103 shutdown_connections
2022-04-29T12:39:38.416 INFO:teuthology.orchestra.run.smithi067.stderr:/usr/bin/ceph:
2022-04-29T12:39:38.406+0000 7f8d136ef700 1 -- 172.21.15.67:0/3480792103 wait complete.
2022-04-29T12:39:38.416 INFO:teuthology.orchestra.run.smithi067.stderr:/usr/bin/ceph:
2022-04-29T12:39:38.406+0000 7f8d136ef700 1 Processor -- start
2022-04-29T12:39:38.416 INFO:teuthology.orchestra.run.smithi067.stderr:/usr/bin/ceph:
2022-04-29T12:39:38.406+0000 7f8d136ef700 1 -- start start
2022-04-29T12:39:38.417 INFO:teuthology.orchestra.run.smithi067.stderr:/usr/bin/ceph:
2022-04-29T12:39:38.407+0000 7f8d136ef700 1 --2- >> [v2:172.21.15.67:3300/0,v1:172.21.15.67:6789/0] conn(0x7f8d0c071cd0 0x7f8d0c10ccd0 unknown :-1 s=NONE pgs=0 cs=0 l=1 rev1=0 rx=0 tx=0).connect
2022-04-29T12:39:38.417 INFO:teuthology.orchestra.run.smithi067.stderr:/usr/bin/ceph:
2022-04-29T12:39:38.407+0000 7f8d136ef700 1 -- --> [v2:172.21.15.67:3300/0,v1:172.21.15.67:6789/0] -- mon_getmap magic: 0 v1 -- 0x7f8d0c10d1c0 con 0x7f8d0c071cd0
2022-04-29T12:39:38.417 INFO:teuthology.orchestra.run.smithi067.stderr:/usr/bin/ceph:
2022-04-29T12:39:38.407+0000 7f8d1148b700 1 --2- >> [v2:172.21.15.67:3300/0,v1:172.21.15.67:6789/0] conn(0x7f8d0c071cd0 0x7f8d0c10ccd0 unknown :-1 s=BANNER_CONNECTING pgs=0 cs=0 l=1 rev1=0 rx=0 tx=0)._handle_peer_banner_payload supported=1 required=0
2022-04-29T12:39:38.417 INFO:teuthology.orchestra.run.smithi067.stderr:/usr/bin/ceph:
2022-04-29T12:39:38.407+0000 7f8d1148b700 1 --2- >> [v2:172.21.15.67:3300/0,v1:172.21.15.67:6789/0] conn(0x7f8d0c071cd0 0x7f8d0c10ccd0 unknown :-1 s=HELLO_CONNECTING pgs=0 cs=0 l=1 rev1=1 rx=0 tx=0).handle_hello peer v2:172.21.15.67:3300/0 says I am v2:172.21.15.67:55174/0 (socket says 172.21.15.67:55174)
2022-04-29T12:39:38.417 INFO:teuthology.orchestra.run.smithi067.stderr:/usr/bin/ceph:
2022-04-29T12:39:38.407+0000 7f8d1148b700 1 -- 172.21.15.67:0/264361836 learned_addr learned my addr 172.21.15.67:0/264361836 (peer_addr_for_me v2:172.21.15.67:0/0)
2022-04-29T12:39:38.417 INFO:teuthology.orchestra.run.smithi067.stderr:/usr/bin/ceph:
2022-04-29T12:39:38.407+0000 7f8d1148b700 1 -- 172.21.15.67:0/264361836 --> [v2:172.21.15.67:3300/0,v1:172.21.15.67:6789/0] -- mon_subscribe({config=0+,monmap=0+}) v3 -- 0x7f8d0800b200 con 0x7f8d0c071cd0
2022-04-29T12:39:38.417 INFO:teuthology.orchestra.run.smithi067.stderr:/usr/bin/ceph:
2022-04-29T12:39:38.407+0000 7f8d1148b700 1 --2- 172.21.15.67:0/264361836 >> [v2:172.21.15.67:3300/0,v1:172.21.15.67:6789/0] conn(0x7f8d0c071cd0 0x7f8d0c10ccd0 secure :-1 s=READY pgs=57 cs=0 l=1 rev1=1 rx=0x7f8d0800df90 tx=0x7f8d08006ee0).ready entity=mon.0 client_cookie=0 server_cookie=0 in_seq=0 out_seq=0
2022-04-29T12:39:38.418 INFO:teuthology.orchestra.run.smithi067.stderr:/usr/bin/ceph:
2022-04-29T12:39:38.407+0000 7f8d01ffb700 1 -- 172.21.15.67:0/264361836 <== mon.0 v2:172.21.15.67:3300/0 1 ==== mon_map magic: 0 v1 ==== 229+0+0 (secure 0 0 0) 0x7f8d08011da0 con 0x7f8d0c071cd0
2022-04-29T12:39:38.418 INFO:teuthology.orchestra.run.smithi067.stderr:/usr/bin/ceph:
2022-04-29T12:39:38.407+0000 7f8d136ef700 1 -- 172.21.15.67:0/264361836 --> [v2:172.21.15.67:3300/0,v1:172.21.15.67:6789/0] -- mon_subscribe({mgrmap=0+}) v3 -- 0x7f8d0c10d3c0 con 0x7f8d0c071cd0
2022-04-29T12:39:38.418 INFO:teuthology.orchestra.run.smithi067.stderr:/usr/bin/ceph:
2022-04-29T12:39:38.407+0000 7f8d01ffb700 1 -- 172.21.15.67:0/264361836 <== mon.0 v2:172.21.15.67:3300/0 2 ==== config(25 keys) v1 ==== 1074+0+0 (secure 0 0 0) 0x7f8d0801b8c0 con 0x7f8d0c071cd0
2022-04-29T12:39:38.418 INFO:teuthology.orchestra.run.smithi067.stderr:/usr/bin/ceph:
2022-04-29T12:39:38.407+0000 7f8d01ffb700 1 -- 172.21.15.67:0/264361836 <== mon.0 v2:172.21.15.67:3300/0 3 ==== mon_map magic: 0 v1 ==== 229+0+0 (secure 0 0 0) 0x7f8d0801a930 con 0x7f8d0c071cd0
2022-04-29T12:39:38.418 INFO:teuthology.orchestra.run.smithi067.stderr:/usr/bin/ceph:
2022-04-29T12:39:38.408+0000 7f8d136ef700 1 -- 172.21.15.67:0/264361836 --> [v2:172.21.15.67:3300/0,v1:172.21.15.67:6789/0] -- mon_subscribe({osdmap=0}) v3 -- 0x7f8d0c10d7d0 con 0x7f8d0c071cd0
2022-04-29T12:39:38.418 INFO:teuthology.orchestra.run.smithi067.stderr:/usr/bin/ceph:
2022-04-29T12:39:38.408+0000 7f8d01ffb700 1 -- 172.21.15.67:0/264361836 <== mon.0 v2:172.21.15.67:3300/0 4 ==== mgrmap(e 11) v1 ==== 36195+0+0 (secure 0 0 0) 0x7f8d0800f070 con 0x7f8d0c071cd0
2022-04-29T12:39:38.419 INFO:teuthology.orchestra.run.smithi067.stderr:/usr/bin/ceph:
2022-04-29T12:39:38.409+0000 7f8d01ffb700 1 --2- 172.21.15.67:0/264361836 >> [v2:172.21.15.67:6800/3784986160,v1:172.21.15.67:6801/3784986160] conn(0x7f8cf002fe60 0x7f8cf0032320 unknown :-1 s=NONE pgs=0 cs=0 l=1 rev1=0 rx=0 tx=0).connect
2022-04-29T12:39:38.419 INFO:teuthology.orchestra.run.smithi067.stderr:/usr/bin/ceph:
2022-04-29T12:39:38.409+0000 7f8d01ffb700 1 -- 172.21.15.67:0/264361836 <== mon.0 v2:172.21.15.67:3300/0 5 ==== osd_map(3..3 src has 1..3) v4 ==== 1098+0+0 (secure 0 0 0) 0x7f8d080410a0 con 0x7f8d0c071cd0
2022-04-29T12:39:38.419 INFO:teuthology.orchestra.run.smithi067.stderr:/usr/bin/ceph:
2022-04-29T12:39:38.409+0000 7f8d10c8a700 1 --2- 172.21.15.67:0/264361836 >> [v2:172.21.15.67:6800/3784986160,v1:172.21.15.67:6801/3784986160] conn(0x7f8cf002fe60 0x7f8cf0032320 unknown :-1 s=BANNER_CONNECTING pgs=0 cs=0 l=1 rev1=0 rx=0 tx=0)._handle_peer_banner_payload supported=1 required=0
2022-04-29T12:39:38.419 INFO:teuthology.orchestra.run.smithi067.stderr:/usr/bin/ceph:
2022-04-29T12:39:38.409+0000 7f8d136ef700 1 -- 172.21.15.67:0/264361836 --> [v2:172.21.15.67:3300/0,v1:172.21.15.67:6789/0] -- mon_command({"prefix": "get_command_descriptions"} v 0) v1 -- 0x7f8d0c045ad0 con 0x7f8d0c071cd0
2022-04-29T12:39:38.419 INFO:teuthology.orchestra.run.smithi067.stderr:/usr/bin/ceph:
2022-04-29T12:39:38.409+0000 7f8d10c8a700 1 --2- 172.21.15.67:0/264361836 >> [v2:172.21.15.67:6800/3784986160,v1:172.21.15.67:6801/3784986160] conn(0x7f8cf002fe60 0x7f8cf0032320 secure :-1 s=READY pgs=6 cs=0 l=1 rev1=1 rx=0x7f8cfc0096a0 tx=0x7f8cfc006b40).ready entity=mgr.14142 client_cookie=0 server_cookie=0 in_seq=0 out_seq=0
2022-04-29T12:39:38.420 INFO:teuthology.orchestra.run.smithi067.stderr:/usr/bin/ceph:
2022-04-29T12:39:38.413+0000 7f8d01ffb700 1 -- 172.21.15.67:0/264361836 <== mon.0 v2:172.21.15.67:3300/0 6 ==== mon_command_ack([{"prefix": "get_command_descriptions"}]=0 v0) v1 ==== 72+0+152212 (secure 0 0 0) 0x7f8d08016030 con 0x7f8d0c071cd0
2022-04-29T12:39:38.614 INFO:teuthology.orchestra.run.smithi067.stderr:/usr/bin/ceph:
2022-04-29T12:39:38.610+0000 7f8d136ef700 1 -- 172.21.15.67:0/264361836 --> [v2:172.21.15.67:6800/3784986160,v1:172.21.15.67:6801/3784986160] -- mgr_command(tid 0: {"prefix": "orch apply", "service_type": "grafana", "target": ["mon-mgr", ""]}) v1 -- 0x7f8d0c10ed00 con 0x7f8cf002fe60
2022-04-29T12:39:38.615 INFO:journalctl@ceph.mon.smithi067.smithi067.stdout:Apr 29 12:39:38 smithi067 ceph-46e0f780-c7b9-11ec-8c39-001a4aab830c-mon.smithi067[87132]: cluster
2022-04-29T12:39:37.321820+0000 mon.smithi067 (mon.0) 78 : cluster [DBG] mgrmap e10: smithi067.tiwjpq(active, since 1.06508s)
2022-04-29T12:39:38.615 INFO:journalctl@ceph.mon.smithi067.smithi067.stdout:Apr 29 12:39:38 smithi067 ceph-46e0f780-c7b9-11ec-8c39-001a4aab830c-mon.smithi067[87132]: cephadm
2022-04-29T12:39:37.322998+0000 mgr.smithi067.tiwjpq (mgr.14142) 2 : cephadm [INF] Saving service prometheus spec with placement count:1
2022-04-29T12:39:38.615 INFO:journalctl@ceph.mon.smithi067.smithi067.stdout:Apr 29 12:39:38 smithi067 ceph-46e0f780-c7b9-11ec-8c39-001a4aab830c-mon.smithi067[87132]: audit
2022-04-29T12:39:37.325095+0000 mon.smithi067 (mon.0) 79 : audit [INF] from='mgr.14142 172.21.15.67:0/2289294501' entity='mgr.smithi067.tiwjpq'
2022-04-29T12:39:38.615 INFO:journalctl@ceph.mon.smithi067.smithi067.stdout:Apr 29 12:39:38 smithi067 ceph-46e0f780-c7b9-11ec-8c39-001a4aab830c-mon.smithi067[87132]: audit
2022-04-29T12:39:38.264520+0000 mon.smithi067 (mon.0) 80 : audit [INF] from='mgr.14142 172.21.15.67:0/2289294501' entity='mgr.smithi067.tiwjpq'
2022-04-29T12:39:38.617 INFO:teuthology.orchestra.run.smithi067.stderr:/usr/bin/ceph:
2022-04-29T12:39:38.614+0000 7f8d01ffb700 1 -- 172.21.15.67:0/264361836 <== mgr.14142 v2:172.21.15.67:6800/3784986160 1 ==== mgr_command_reply(tid 0: 0 ) v1 ==== 8+0+28 (secure 0 0 0) 0x7f8d0c10ed00 con 0x7f8cf002fe60
2022-04-29T12:39:38.618 INFO:teuthology.orchestra.run.smithi067.stderr:/usr/bin/ceph: Scheduled grafana update...
2022-04-29T12:39:38.620 INFO:teuthology.orchestra.run.smithi067.stderr:/usr/bin/ceph:
2022-04-29T12:39:38.616+0000 7f8d136ef700 1 -- 172.21.15.67:0/264361836 >> [v2:172.21.15.67:6800/3784986160,v1:172.21.15.67:6801/3784986160] conn(0x7f8cf002fe60 msgr2=0x7f8cf0032320 secure :-1 s=STATE_CONNECTION_ESTABLISHED l=1).mark_down
2022-04-29T12:39:38.620 INFO:teuthology.orchestra.run.smithi067.stderr:/usr/bin/ceph:
2022-04-29T12:39:38.616+0000 7f8d136ef700 1 --2- 172.21.15.67:0/264361836 >> [v2:172.21.15.67:6800/3784986160,v1:172.21.15.67:6801/3784986160] conn(0x7f8cf002fe60 0x7f8cf0032320 secure :-1 s=READY pgs=6 cs=0 l=1 rev1=1 rx=0x7f8cfc0096a0 tx=0x7f8cfc006b40).stop
2022-04-29T12:39:38.621 INFO:teuthology.orchestra.run.smithi067.stderr:/usr/bin/ceph:
2022-04-29T12:39:38.616+0000 7f8d136ef700 1 -- 172.21.15.67:0/264361836 >> [v2:172.21.15.67:3300/0,v1:172.21.15.67:6789/0] conn(0x7f8d0c071cd0 msgr2=0x7f8d0c10ccd0 secure :-1 s=STATE_CONNECTION_ESTABLISHED l=1).mark_down
2022-04-29T12:39:38.621 INFO:teuthology.orchestra.run.smithi067.stderr:/usr/bin/ceph:
2022-04-29T12:39:38.616+0000 7f8d136ef700 1 --2- 172.21.15.67:0/264361836 >> [v2:172.21.15.67:3300/0,v1:172.21.15.67:6789/0] conn(0x7f8d0c071cd0 0x7f8d0c10ccd0 secure :-1 s=READY pgs=57 cs=0 l=1 rev1=1 rx=0x7f8d0800df90 tx=0x7f8d08006ee0).stop
2022-04-29T12:39:38.621 INFO:teuthology.orchestra.run.smithi067.stderr:/usr/bin/ceph:
2022-04-29T12:39:38.616+0000 7f8d136ef700 1 -- 172.21.15.67:0/264361836 shutdown_connections
2022-04-29T12:39:38.621 INFO:teuthology.orchestra.run.smithi067.stderr:/usr/bin/ceph:
2022-04-29T12:39:38.616+0000 7f8d136ef700 1 --2- 172.21.15.67:0/264361836 >> [v2:172.21.15.67:6800/3784986160,v1:172.21.15.67:6801/3784986160] conn(0x7f8cf002fe60 0x7f8cf0032320 unknown :-1 s=CLOSED pgs=6 cs=0 l=1 rev1=1 rx=0 tx=0).stop
2022-04-29T12:39:38.621 INFO:teuthology.orchestra.run.smithi067.stderr:/usr/bin/ceph:
2022-04-29T12:39:38.616+0000 7f8d136ef700 1 --2- 172.21.15.67:0/264361836 >> [v2:172.21.15.67:3300/0,v1:172.21.15.67:6789/0] conn(0x7f8d0c071cd0 0x7f8d0c10ccd0 unknown :-1 s=CLOSED pgs=57 cs=0 l=1 rev1=1 rx=0 tx=0).stop
2022-04-29T12:39:38.621 INFO:teuthology.orchestra.run.smithi067.stderr:/usr/bin/ceph:
2022-04-29T12:39:38.616+0000 7f8d136ef700 1 -- 172.21.15.67:0/264361836 >> 172.21.15.67:0/264361836 conn(0x7f8d0c0f73f0 msgr2=0x7f8d0c0f8fb0 unknown :-1 s=STATE_NONE l=0).mark_down
2022-04-29T12:39:38.621 INFO:teuthology.orchestra.run.smithi067.stderr:/usr/bin/ceph:
2022-04-29T12:39:38.616+0000 7f8d136ef700 1 -- 172.21.15.67:0/264361836 shutdown_connections
2022-04-29T12:39:38.621 INFO:teuthology.orchestra.run.smithi067.stderr:/usr/bin/ceph:
2022-04-29T12:39:38.616+0000 7f8d136ef700 1 -- 172.21.15.67:0/264361836 wait complete.
2022-04-29T12:39:39.202 INFO:teuthology.orchestra.run.smithi067.stderr:Deploying node-exporter service with default placement...
2022-04-29T12:39:39.202 INFO:teuthology.orchestra.run.smithi067.stderr:Running command: /bin/podman run --rm --ipc=host --no-hosts --net=host --entrypoint /usr/bin/ceph --init -e CONTAINER_IMAGE=docker.io/ceph/ceph:v16.2.4 -e NODE_NAME=smithi067 -e CEPH_USE_RANDOM_NONCE=1 -v /var/log/ceph/46e0f780-c7b9-11ec-8c39-001a4aab830c:/var/log/ceph:z -v /tmp/ceph-tmpry_s6xvb:/etc/ceph/ceph.client.admin.keyring:z -v /tmp/ceph-tmpqwy0suim:/etc/ceph/ceph.conf:z docker.io/ceph/ceph:v16.2.4 orch apply node-exporter
2022-04-29T12:39:39.596 INFO:journalctl@ceph.mon.smithi067.smithi067.stdout:Apr 29 12:39:39 smithi067 ceph-46e0f780-c7b9-11ec-8c39-001a4aab830c-mon.smithi067[87132]: cluster
2022-04-29T12:39:38.327388+0000 mon.smithi067 (mon.0) 81 : cluster [DBG] mgrmap e11: smithi067.tiwjpq(active, since 2s)
2022-04-29T12:39:39.596 INFO:journalctl@ceph.mon.smithi067.smithi067.stdout:Apr 29 12:39:39 smithi067 ceph-46e0f780-c7b9-11ec-8c39-001a4aab830c-mon.smithi067[87132]: audit
2022-04-29T12:39:38.612940+0000 mgr.smithi067.tiwjpq (mgr.14142) 3 : audit [DBG] from='client.14150 -' entity='client.admin' cmd=[{"prefix": "orch apply", "service_type": "grafana", "target": ["mon-mgr", ""]}]: dispatch
2022-04-29T12:39:39.597 INFO:journalctl@ceph.mon.smithi067.smithi067.stdout:Apr 29 12:39:39 smithi067 ceph-46e0f780-c7b9-11ec-8c39-001a4aab830c-mon.smithi067[87132]: cephadm
2022-04-29T12:39:38.613479+0000 mgr.smithi067.tiwjpq (mgr.14142) 4 : cephadm [INF] Saving service grafana spec with placement count:1
2022-04-29T12:39:39.597 INFO:journalctl@ceph.mon.smithi067.smithi067.stdout:Apr 29 12:39:39 smithi067 ceph-46e0f780-c7b9-11ec-8c39-001a4aab830c-mon.smithi067[87132]: audit
2022-04-29T12:39:38.615652+0000 mon.smithi067 (mon.0) 82 : audit [INF] from='mgr.14142 172.21.15.67:0/2289294501' entity='mgr.smithi067.tiwjpq'
2022-04-29T12:39:39.854 INFO:teuthology.orchestra.run.smithi067.stderr:/usr/bin/ceph:
2022-04-29T12:39:39.848+0000 7f9f6f075700 1 Processor -- start
2022-04-29T12:39:39.854 INFO:teuthology.orchestra.run.smithi067.stderr:/usr/bin/ceph:
2022-04-29T12:39:39.848+0000 7f9f6f075700 1 -- start start
2022-04-29T12:39:39.854 INFO:teuthology.orchestra.run.smithi067.stderr:/usr/bin/ceph:
2022-04-29T12:39:39.848+0000 7f9f6f075700 1 --2- >> [v2:172.21.15.67:3300/0,v1:172.21.15.67:6789/0] conn(0x7f9f6806fc90 0x7f9f680fe7e0 unknown :-1 s=NONE pgs=0 cs=0 l=0 rev1=0 rx=0 tx=0).connect
2022-04-29T12:39:39.854 INFO:teuthology.orchestra.run.smithi067.stderr:/usr/bin/ceph:
2022-04-29T12:39:39.848+0000 7f9f6f075700 1 -- --> [v2:172.21.15.67:3300/0,v1:172.21.15.67:6789/0] -- mon_getmap magic: 0 v1 -- 0x7f9f680fed60 con 0x7f9f6806fc90
2022-04-29T12:39:39.854 INFO:teuthology.orchestra.run.smithi067.stderr:/usr/bin/ceph:
2022-04-29T12:39:39.849+0000 7f9f6ce11700 1 --2- >> [v2:172.21.15.67:3300/0,v1:172.21.15.67:6789/0] conn(0x7f9f6806fc90 0x7f9f680fe7e0 unknown :-1 s=BANNER_CONNECTING pgs=0 cs=0 l=0 rev1=0 rx=0 tx=0)._handle_peer_banner_payload supported=1 required=0
2022-04-29T12:39:39.854 INFO:teuthology.orchestra.run.smithi067.stderr:/usr/bin/ceph:
2022-04-29T12:39:39.849+0000 7f9f6ce11700 1 --2- >> [v2:172.21.15.67:3300/0,v1:172.21.15.67:6789/0] conn(0x7f9f6806fc90 0x7f9f680fe7e0 unknown :-1 s=HELLO_CONNECTING pgs=0 cs=0 l=0 rev1=1 rx=0 tx=0).handle_hello peer v2:172.21.15.67:3300/0 says I am v2:172.21.15.67:55178/0 (socket says 172.21.15.67:55178)
2022-04-29T12:39:39.855 INFO:teuthology.orchestra.run.smithi067.stderr:/usr/bin/ceph:
2022-04-29T12:39:39.849+0000 7f9f6ce11700 1 -- 172.21.15.67:0/3646876028 learned_addr learned my addr 172.21.15.67:0/3646876028 (peer_addr_for_me v2:172.21.15.67:0/0)
2022-04-29T12:39:39.855 INFO:teuthology.orchestra.run.smithi067.stderr:/usr/bin/ceph:
2022-04-29T12:39:39.849+0000 7f9f6ce11700 1 -- 172.21.15.67:0/3646876028 --> [v2:172.21.15.67:3300/0,v1:172.21.15.67:6789/0] -- mon_subscribe({config=0+,monmap=0+}) v3 -- 0x7f9f680feea0 con 0x7f9f6806fc90
2022-04-29T12:39:39.855 INFO:teuthology.orchestra.run.smithi067.stderr:/usr/bin/ceph:
2022-04-29T12:39:39.849+0000 7f9f6ce11700 1 --2- 172.21.15.67:0/3646876028 >> [v2:172.21.15.67:3300/0,v1:172.21.15.67:6789/0] conn(0x7f9f6806fc90 0x7f9f680fe7e0 secure :-1 s=READY pgs=58 cs=0 l=1 rev1=1 rx=0x7f9f5c00b5f0 tx=0x7f9f5c006ee0).ready entity=mon.0 client_cookie=ef9255f8224e8990 server_cookie=0 in_seq=0 out_seq=0
2022-04-29T12:39:39.855 INFO:teuthology.orchestra.run.smithi067.stderr:/usr/bin/ceph:
2022-04-29T12:39:39.849+0000 7f9f677fe700 1 -- 172.21.15.67:0/3646876028 <== mon.0 v2:172.21.15.67:3300/0 1 ==== mon_map magic: 0 v1 ==== 229+0+0 (secure 0 0 0) 0x7f9f5c00d600 con 0x7f9f6806fc90
2022-04-29T12:39:39.855 INFO:teuthology.orchestra.run.smithi067.stderr:/usr/bin/ceph:
2022-04-29T12:39:39.849+0000 7f9f677fe700 1 -- 172.21.15.67:0/3646876028 <== mon.0 v2:172.21.15.67:3300/0 2 ==== config(25 keys) v1 ==== 1074+0+0 (secure 0 0 0) 0x7f9f5c00dc10 con 0x7f9f6806fc90
2022-04-29T12:39:39.855 INFO:teuthology.orchestra.run.smithi067.stderr:/usr/bin/ceph:
2022-04-29T12:39:39.849+0000 7f9f677fe700 1 -- 172.21.15.67:0/3646876028 <== mon.0 v2:172.21.15.67:3300/0 3 ==== mon_map magic: 0 v1 ==== 229+0+0 (secure 0 0 0) 0x7f9f5c011cd0 con 0x7f9f6806fc90
2022-04-29T12:39:39.856 INFO:teuthology.orchestra.run.smithi067.stderr:/usr/bin/ceph:
2022-04-29T12:39:39.850+0000 7f9f6f075700 1 -- 172.21.15.67:0/3646876028 >> [v2:172.21.15.67:3300/0,v1:172.21.15.67:6789/0] conn(0x7f9f6806fc90 msgr2=0x7f9f680fe7e0 secure :-1 s=STATE_CONNECTION_ESTABLISHED l=1).mark_down
2022-04-29T12:39:39.856 INFO:teuthology.orchestra.run.smithi067.stderr:/usr/bin/ceph:
2022-04-29T12:39:39.850+0000 7f9f6f075700 1 --2- 172.21.15.67:0/3646876028 >> [v2:172.21.15.67:3300/0,v1:172.21.15.67:6789/0] conn(0x7f9f6806fc90 0x7f9f680fe7e0 secure :-1 s=READY pgs=58 cs=0 l=1 rev1=1 rx=0x7f9f5c00b5f0 tx=0x7f9f5c006ee0).stop
2022-04-29T12:39:39.856 INFO:teuthology.orchestra.run.smithi067.stderr:/usr/bin/ceph:
2022-04-29T12:39:39.850+0000 7f9f6f075700 1 -- 172.21.15.67:0/3646876028 shutdown_connections
2022-04-29T12:39:39.856 INFO:teuthology.orchestra.run.smithi067.stderr:/usr/bin/ceph:
2022-04-29T12:39:39.850+0000 7f9f6f075700 1 --2- 172.21.15.67:0/3646876028 >> [v2:172.21.15.67:3300/0,v1:172.21.15.67:6789/0] conn(0x7f9f6806fc90 0x7f9f680fe7e0 unknown :-1 s=CLOSED pgs=58 cs=0 l=1 rev1=1 rx=0 tx=0).stop
2022-04-29T12:39:39.856 INFO:teuthology.orchestra.run.smithi067.stderr:/usr/bin/ceph:
2022-04-29T12:39:39.850+0000 7f9f6f075700 1 -- 172.21.15.67:0/3646876028 >> 172.21.15.67:0/3646876028 conn(0x7f9f680f6280 msgr2=0x7f9f680f86a0 unknown :-1 s=STATE_NONE l=0).mark_down
2022-04-29T12:39:39.856 INFO:teuthology.orchestra.run.smithi067.stderr:/usr/bin/ceph:
2022-04-29T12:39:39.851+0000 7f9f6f075700 1 -- 172.21.15.67:0/3646876028 shutdown_connections
2022-04-29T12:39:39.856 INFO:teuthology.orchestra.run.smithi067.stderr:/usr/bin/ceph:
2022-04-29T12:39:39.851+0000 7f9f6f075700 1 -- 172.21.15.67:0/3646876028 wait complete.
2022-04-29T12:39:39.858 INFO:teuthology.orchestra.run.smithi067.stderr:/usr/bin/ceph:
2022-04-29T12:39:39.851+0000 7f9f6f075700 1 Processor -- start
2022-04-29T12:39:39.858 INFO:teuthology.orchestra.run.smithi067.stderr:/usr/bin/ceph:
2022-04-29T12:39:39.851+0000 7f9f6f075700 1 -- start start
2022-04-29T12:39:39.858 INFO:teuthology.orchestra.run.smithi067.stderr:/usr/bin/ceph:
2022-04-29T12:39:39.852+0000 7f9f6f075700 1 --2- >> [v2:172.21.15.67:3300/0,v1:172.21.15.67:6789/0] conn(0x7f9f6806fc90 0x7f9f6810a9e0 unknown :-1 s=NONE pgs=0 cs=0 l=1 rev1=0 rx=0 tx=0).connect
2022-04-29T12:39:39.858 INFO:teuthology.orchestra.run.smithi067.stderr:/usr/bin/ceph:
2022-04-29T12:39:39.852+0000 7f9f6f075700 1 -- --> [v2:172.21.15.67:3300/0,v1:172.21.15.67:6789/0] -- mon_getmap magic: 0 v1 -- 0x7f9f6810aed0 con 0x7f9f6806fc90
2022-04-29T12:39:39.858 INFO:teuthology.orchestra.run.smithi067.stderr:/usr/bin/ceph:
2022-04-29T12:39:39.852+0000 7f9f6ce11700 1 --2- >> [v2:172.21.15.67:3300/0,v1:172.21.15.67:6789/0] conn(0x7f9f6806fc90 0x7f9f6810a9e0 unknown :-1 s=BANNER_CONNECTING pgs=0 cs=0 l=1 rev1=0 rx=0 tx=0)._handle_peer_banner_payload supported=1 required=0
2022-04-29T12:39:39.859 INFO:teuthology.orchestra.run.smithi067.stderr:/usr/bin/ceph:
2022-04-29T12:39:39.852+0000 7f9f6ce11700 1 --2- >> [v2:172.21.15.67:3300/0,v1:172.21.15.67:6789/0] conn(0x7f9f6806fc90 0x7f9f6810a9e0 unknown :-1 s=HELLO_CONNECTING pgs=0 cs=0 l=1 rev1=1 rx=0 tx=0).handle_hello peer v2:172.21.15.67:3300/0 says I am v2:172.21.15.67:55180/0 (socket says 172.21.15.67:55180)
2022-04-29T12:39:39.859 INFO:teuthology.orchestra.run.smithi067.stderr:/usr/bin/ceph:
2022-04-29T12:39:39.852+0000 7f9f6ce11700 1 -- 172.21.15.67:0/1354452566 learned_addr learned my addr 172.21.15.67:0/1354452566 (peer_addr_for_me v2:172.21.15.67:0/0)
2022-04-29T12:39:39.859 INFO:teuthology.orchestra.run.smithi067.stderr:/usr/bin/ceph:
2022-04-29T12:39:39.852+0000 7f9f6ce11700 1 -- 172.21.15.67:0/1354452566 --> [v2:172.21.15.67:3300/0,v1:172.21.15.67:6789/0] -- mon_subscribe({config=0+,monmap=0+}) v3 -- 0x7f9f5c00b200 con 0x7f9f6806fc90
2022-04-29T12:39:39.859 INFO:teuthology.orchestra.run.smithi067.stderr:/usr/bin/ceph:
2022-04-29T12:39:39.852+0000 7f9f6ce11700 1 --2- 172.21.15.67:0/1354452566 >> [v2:172.21.15.67:3300/0,v1:172.21.15.67:6789/0] conn(0x7f9f6806fc90 0x7f9f6810a9e0 secure :-1 s=READY pgs=59 cs=0 l=1 rev1=1 rx=0x7f9f5c006cb0 tx=0x7f9f5c006ee0).ready entity=mon.0 client_cookie=0 server_cookie=0 in_seq=0 out_seq=0
2022-04-29T12:39:39.859 INFO:teuthology.orchestra.run.smithi067.stderr:/usr/bin/ceph:
2022-04-29T12:39:39.852+0000 7f9f657fa700 1 -- 172.21.15.67:0/1354452566 <== mon.0 v2:172.21.15.67:3300/0 1 ==== mon_map magic: 0 v1 ==== 229+0+0 (secure 0 0 0) 0x7f9f5c011df0 con 0x7f9f6806fc90
2022-04-29T12:39:39.859 INFO:teuthology.orchestra.run.smithi067.stderr:/usr/bin/ceph:
2022-04-29T12:39:39.852+0000 7f9f657fa700 1 -- 172.21.15.67:0/1354452566 <== mon.0 v2:172.21.15.67:3300/0 2 ==== config(25 keys) v1 ==== 1074+0+0 (secure 0 0 0) 0x7f9f5c01b8c0 con 0x7f9f6806fc90
2022-04-29T12:39:39.859 INFO:teuthology.orchestra.run.smithi067.stderr:/usr/bin/ceph:
2022-04-29T12:39:39.852+0000 7f9f657fa700 1 -- 172.21.15.67:0/1354452566 <== mon.0 v2:172.21.15.67:3300/0 3 ==== mon_map magic: 0 v1 ==== 229+0+0 (secure 0 0 0) 0x7f9f5c01a930 con 0x7f9f6806fc90
2022-04-29T12:39:39.859 INFO:teuthology.orchestra.run.smithi067.stderr:/usr/bin/ceph:
2022-04-29T12:39:39.852+0000 7f9f6f075700 1 -- 172.21.15.67:0/1354452566 --> [v2:172.21.15.67:3300/0,v1:172.21.15.67:6789/0] -- mon_subscribe({mgrmap=0+}) v3 -- 0x7f9f6810b0d0 con 0x7f9f6806fc90
2022-04-29T12:39:39.859 INFO:teuthology.orchestra.run.smithi067.stderr:/usr/bin/ceph:
2022-04-29T12:39:39.853+0000 7f9f6f075700 1 -- 172.21.15.67:0/1354452566 --> [v2:172.21.15.67:3300/0,v1:172.21.15.67:6789/0] -- mon_subscribe({osdmap=0}) v3 -- 0x7f9f6810b4e0 con 0x7f9f6806fc90
2022-04-29T12:39:39.859 INFO:teuthology.orchestra.run.smithi067.stderr:/usr/bin/ceph:
2022-04-29T12:39:39.853+0000 7f9f657fa700 1 -- 172.21.15.67:0/1354452566 <== mon.0 v2:172.21.15.67:3300/0 4 ==== mgrmap(e 11) v1 ==== 36195+0+0 (secure 0 0 0) 0x7f9f5c00f070 con 0x7f9f6806fc90
2022-04-29T12:39:39.860 INFO:teuthology.orchestra.run.smithi067.stderr:/usr/bin/ceph:
2022-04-29T12:39:39.853+0000 7f9f657fa700 1 --2- 172.21.15.67:0/1354452566 >> [v2:172.21.15.67:6800/3784986160,v1:172.21.15.67:6801/3784986160] conn(0x7f9f4c02fe60 0x7f9f4c032320 unknown :-1 s=NONE pgs=0 cs=0 l=1 rev1=0 rx=0 tx=0).connect
2022-04-29T12:39:39.860 INFO:teuthology.orchestra.run.smithi067.stderr:/usr/bin/ceph:
2022-04-29T12:39:39.853+0000 7f9f657fa700 1 -- 172.21.15.67:0/1354452566 <== mon.0 v2:172.21.15.67:3300/0 5 ==== osd_map(3..3 src has 1..3) v4 ==== 1098+0+0 (secure 0 0 0) 0x7f9f5c040f80 con 0x7f9f6806fc90
2022-04-29T12:39:39.860 INFO:teuthology.orchestra.run.smithi067.stderr:/usr/bin/ceph:
2022-04-29T12:39:39.854+0000 7f9f67fff700 1 --2- 172.21.15.67:0/1354452566 >> [v2:172.21.15.67:6800/3784986160,v1:172.21.15.67:6801/3784986160] conn(0x7f9f4c02fe60 0x7f9f4c032320 unknown :-1 s=BANNER_CONNECTING pgs=0 cs=0 l=1 rev1=0 rx=0 tx=0)._handle_peer_banner_payload supported=1 required=0
2022-04-29T12:39:39.860 INFO:teuthology.orchestra.run.smithi067.stderr:/usr/bin/ceph:
2022-04-29T12:39:39.854+0000 7f9f6f075700 1 -- 172.21.15.67:0/1354452566 --> [v2:172.21.15.67:3300/0,v1:172.21.15.67:6789/0] -- mon_command({"prefix": "get_command_descriptions"} v 0) v1 -- 0x7f9f68059100 con 0x7f9f6806fc90
2022-04-29T12:39:39.860 INFO:teuthology.orchestra.run.smithi067.stderr:/usr/bin/ceph:
2022-04-29T12:39:39.854+0000 7f9f67fff700 1 --2- 172.21.15.67:0/1354452566 >> [v2:172.21.15.67:6800/3784986160,v1:172.21.15.67:6801/3784986160] conn(0x7f9f4c02fe60 0x7f9f4c032320 secure :-1 s=READY pgs=7 cs=0 l=1 rev1=1 rx=0x7f9f540096a0 tx=0x7f9f54006b40).ready entity=mgr.14142 client_cookie=0 server_cookie=0 in_seq=0 out_seq=0
2022-04-29T12:39:39.861 INFO:teuthology.orchestra.run.smithi067.stderr:/usr/bin/ceph:
2022-04-29T12:39:39.858+0000 7f9f657fa700 1 -- 172.21.15.67:0/1354452566 <== mon.0 v2:172.21.15.67:3300/0 6 ==== mon_command_ack([{"prefix": "get_command_descriptions"}]=0 v0) v1 ==== 72+0+152212 (secure 0 0 0) 0x7f9f5c016070 con 0x7f9f6806fc90
2022-04-29T12:39:40.051 INFO:teuthology.orchestra.run.smithi067.stderr:/usr/bin/ceph:
2022-04-29T12:39:40.047+0000 7f9f6f075700 1 -- 172.21.15.67:0/1354452566 --> [v2:172.21.15.67:6800/3784986160,v1:172.21.15.67:6801/3784986160] -- mgr_command(tid 0: {"prefix": "orch apply", "service_type": "node-exporter", "target": ["mon-mgr", ""]}) v1 -- 0x7f9f68104960 con 0x7f9f4c02fe60
2022-04-29T12:39:40.055 INFO:teuthology.orchestra.run.smithi067.stderr:/usr/bin/ceph:
2022-04-29T12:39:40.051+0000 7f9f657fa700 1 -- 172.21.15.67:0/1354452566 <== mgr.14142 v2:172.21.15.67:6800/3784986160 1 ==== mgr_command_reply(tid 0: 0 ) v1 ==== 8+0+34 (secure 0 0 0) 0x7f9f68104960 con 0x7f9f4c02fe60
2022-04-29T12:39:40.055 INFO:teuthology.orchestra.run.smithi067.stderr:/usr/bin/ceph: Scheduled node-exporter update...
2022-04-29T12:39:40.058 INFO:teuthology.orchestra.run.smithi067.stderr:/usr/bin/ceph:
2022-04-29T12:39:40.053+0000 7f9f6f075700 1 -- 172.21.15.67:0/1354452566 >> [v2:172.21.15.67:6800/3784986160,v1:172.21.15.67:6801/3784986160] conn(0x7f9f4c02fe60 msgr2=0x7f9f4c032320 secure :-1 s=STATE_CONNECTION_ESTABLISHED l=1).mark_down
2022-04-29T12:39:40.058 INFO:teuthology.orchestra.run.smithi067.stderr:/usr/bin/ceph:
2022-04-29T12:39:40.053+0000 7f9f6f075700 1 --2- 172.21.15.67:0/1354452566 >> [v2:172.21.15.67:6800/3784986160,v1:172.21.15.67:6801/3784986160] conn(0x7f9f4c02fe60 0x7f9f4c032320 secure :-1 s=READY pgs=7 cs=0 l=1 rev1=1 rx=0x7f9f540096a0 tx=0x7f9f54006b40).stop
2022-04-29T12:39:40.059 INFO:teuthology.orchestra.run.smithi067.stderr:/usr/bin/ceph:
2022-04-29T12:39:40.053+0000 7f9f6f075700 1 -- 172.21.15.67:0/1354452566 >> [v2:172.21.15.67:3300/0,v1:172.21.15.67:6789/0] conn(0x7f9f6806fc90 msgr2=0x7f9f6810a9e0 secure :-1 s=STATE_CONNECTION_ESTABLISHED l=1).mark_down
2022-04-29T12:39:40.059 INFO:teuthology.orchestra.run.smithi067.stderr:/usr/bin/ceph:
2022-04-29T12:39:40.053+0000 7f9f6f075700 1 --2- 172.21.15.67:0/1354452566 >> [v2:172.21.15.67:3300/0,v1:172.21.15.67:6789/0] conn(0x7f9f6806fc90 0x7f9f6810a9e0 secure :-1 s=READY pgs=59 cs=0 l=1 rev1=1 rx=0x7f9f5c006cb0 tx=0x7f9f5c006ee0).stop
2022-04-29T12:39:40.059 INFO:teuthology.orchestra.run.smithi067.stderr:/usr/bin/ceph:
2022-04-29T12:39:40.053+0000 7f9f6f075700 1 -- 172.21.15.67:0/1354452566 shutdown_connections
2022-04-29T12:39:40.059 INFO:teuthology.orchestra.run.smithi067.stderr:/usr/bin/ceph:
2022-04-29T12:39:40.053+0000 7f9f6f075700 1 --2- 172.21.15.67:0/1354452566 >> [v2:172.21.15.67:6800/3784986160,v1:172.21.15.67:6801/3784986160] conn(0x7f9f4c02fe60 0x7f9f4c032320 unknown :-1 s=CLOSED pgs=7 cs=0 l=1 rev1=1 rx=0 tx=0).stop
2022-04-29T12:39:40.060 INFO:teuthology.orchestra.run.smithi067.stderr:/usr/bin/ceph:
2022-04-29T12:39:40.053+0000 7f9f6f075700 1 --2- 172.21.15.67:0/1354452566 >> [v2:172.21.15.67:3300/0,v1:172.21.15.67:6789/0] conn(0x7f9f6806fc90 0x7f9f6810a9e0 unknown :-1 s=CLOSED pgs=59 cs=0 l=1 rev1=1 rx=0 tx=0).stop
2022-04-29T12:39:40.060 INFO:teuthology.orchestra.run.smithi067.stderr:/usr/bin/ceph:
2022-04-29T12:39:40.053+0000 7f9f6f075700 1 -- 172.21.15.67:0/1354452566 >> 172.21.15.67:0/1354452566 conn(0x7f9f680f6280 msgr2=0x7f9f680f7e40 unknown :-1 s=STATE_NONE l=0).mark_down
2022-04-29T12:39:40.060 INFO:teuthology.orchestra.run.smithi067.stderr:/usr/bin/ceph:
2022-04-29T12:39:40.053+0000 7f9f6f075700 1 -- 172.21.15.67:0/1354452566 shutdown_connections
2022-04-29T12:39:40.060 INFO:teuthology.orchestra.run.smithi067.stderr:/usr/bin/ceph:
2022-04-29T12:39:40.053+0000 7f9f6f075700 1 -- 172.21.15.67:0/1354452566 wait complete.
2022-04-29T12:39:40.403 INFO:teuthology.orchestra.run.smithi067.stderr:Deploying alertmanager service with default placement...
2022-04-29T12:39:40.403 INFO:teuthology.orchestra.run.smithi067.stderr:Running command: /bin/podman run --rm --ipc=host --no-hosts --net=host --entrypoint /usr/bin/ceph --init -e CONTAINER_IMAGE=docker.io/ceph/ceph:v16.2.4 -e NODE_NAME=smithi067 -e CEPH_USE_RANDOM_NONCE=1 -v /var/log/ceph/46e0f780-c7b9-11ec-8c39-001a4aab830c:/var/log/ceph:z -v /tmp/ceph-tmpry_s6xvb:/etc/ceph/ceph.client.admin.keyring:z -v /tmp/ceph-tmpqwy0suim:/etc/ceph/ceph.conf:z docker.io/ceph/ceph:v16.2.4 orch apply alertmanager
2022-04-29T12:39:40.867 INFO:teuthology.orchestra.run.smithi067.stderr:/usr/bin/ceph:
2022-04-29T12:39:40.861+0000 7f42d6a53700 1 Processor -- start
2022-04-29T12:39:40.867 INFO:teuthology.orchestra.run.smithi067.stderr:/usr/bin/ceph:
2022-04-29T12:39:40.861+0000 7f42d6a53700 1 -- start start
2022-04-29T12:39:40.867 INFO:teuthology.orchestra.run.smithi067.stderr:/usr/bin/ceph:
2022-04-29T12:39:40.862+0000 7f42d6a53700 1 --2- >> [v2:172.21.15.67:3300/0,v1:172.21.15.67:6789/0] conn(0x7f42d00faae0 0x7f42d00faf00 unknown :-1 s=NONE pgs=0 cs=0 l=0 rev1=0 rx=0 tx=0).connect
2022-04-29T12:39:40.867 INFO:teuthology.orchestra.run.smithi067.stderr:/usr/bin/ceph:
2022-04-29T12:39:40.862+0000 7f42d6a53700 1 -- --> [v2:172.21.15.67:3300/0,v1:172.21.15.67:6789/0] -- mon_getmap magic: 0 v1 -- 0x7f42d00fb480 con 0x7f42d00faae0
2022-04-29T12:39:40.868 INFO:teuthology.orchestra.run.smithi067.stderr:/usr/bin/ceph:
2022-04-29T12:39:40.862+0000 7f42cffff700 1 --2- >> [v2:172.21.15.67:3300/0,v1:172.21.15.67:6789/0] conn(0x7f42d00faae0 0x7f42d00faf00 unknown :-1 s=BANNER_CONNECTING pgs=0 cs=0 l=0 rev1=0 rx=0 tx=0)._handle_peer_banner_payload supported=1 required=0
2022-04-29T12:39:40.868 INFO:teuthology.orchestra.run.smithi067.stderr:/usr/bin/ceph:
2022-04-29T12:39:40.862+0000 7f42cffff700 1 --2- >> [v2:172.21.15.67:3300/0,v1:172.21.15.67:6789/0] conn(0x7f42d00faae0 0x7f42d00faf00 unknown :-1 s=HELLO_CONNECTING pgs=0 cs=0 l=0 rev1=1 rx=0 tx=0).handle_hello peer v2:172.21.15.67:3300/0 says I am v2:172.21.15.67:55184/0 (socket says 172.21.15.67:55184)
