2022-04-29T12:39:08.220 INFO:teuthology.orchestra.run.smithi067.stderr:/usr/bin/ceph:
2022-04-29T12:39:08.212+0000 7fd167c72700 1 -- 172.21.15.67:0/1188017958 --> [v2:172.21.15.67:3300/0,v1:172.21.15.67:6789/0] -- mon_subscribe({mgrmap=0+}) v3 -- 0x7fd16010b090 con 0x7fd16006fcd0
2022-04-29T12:39:08.220 INFO:teuthology.orchestra.run.smithi067.stderr:/usr/bin/ceph:
2022-04-29T12:39:08.212+0000 7fd14e7fc700 1 -- 172.21.15.67:0/1188017958 <== mon.0 v2:172.21.15.67:3300/0 2 ==== config(25 keys) v1 ==== 1010+0+0 (secure 0 0 0) 0x7fd15c01b9e0 con 0x7fd16006fcd0
2022-04-29T12:39:08.220 INFO:teuthology.orchestra.run.smithi067.stderr:/usr/bin/ceph:
2022-04-29T12:39:08.212+0000 7fd14e7fc700 1 -- 172.21.15.67:0/1188017958 <== mon.0 v2:172.21.15.67:3300/0 3 ==== mon_map magic: 0 v1 ==== 229+0+0 (secure 0 0 0) 0x7fd15c01a770 con 0x7fd16006fcd0
2022-04-29T12:39:08.220 INFO:teuthology.orchestra.run.smithi067.stderr:/usr/bin/ceph:
2022-04-29T12:39:08.212+0000 7fd167c72700 1 -- 172.21.15.67:0/1188017958 --> [v2:172.21.15.67:3300/0,v1:172.21.15.67:6789/0] -- mon_subscribe({osdmap=0}) v3 -- 0x7fd16010b4a0 con 0x7fd16006fcd0
2022-04-29T12:39:08.220 INFO:teuthology.orchestra.run.smithi067.stderr:/usr/bin/ceph:
2022-04-29T12:39:08.212+0000 7fd14e7fc700 1 -- 172.21.15.67:0/1188017958 <== mon.0 v2:172.21.15.67:3300/0 4 ==== mgrmap(e 4) v1 ==== 36120+0+0 (secure 0 0 0) 0x7fd15c00f070 con 0x7fd16006fcd0
2022-04-29T12:39:08.220 INFO:teuthology.orchestra.run.smithi067.stderr:/usr/bin/ceph:
2022-04-29T12:39:08.213+0000 7fd14e7fc700 1 --2- 172.21.15.67:0/1188017958 >> [v2:172.21.15.67:6800/352456929,v1:172.21.15.67:6801/352456929] conn(0x7fd1480341c0 0x7fd148036680 unknown :-1 s=NONE pgs=0 cs=0 l=1 rev1=0 rx=0 tx=0).connect
2022-04-29T12:39:08.220 INFO:teuthology.orchestra.run.smithi067.stderr:/usr/bin/ceph:
2022-04-29T12:39:08.213+0000 7fd14e7fc700 1 -- 172.21.15.67:0/1188017958 <== mon.0 v2:172.21.15.67:3300/0 5 ==== osd_map(1..1 src has 1..1) v4 ==== 754+0+0 (secure 0 0 0) 0x7fd15c041ce0 con 0x7fd16006fcd0
2022-04-29T12:39:08.221 INFO:teuthology.orchestra.run.smithi067.stderr:/usr/bin/ceph:
2022-04-29T12:39:08.213+0000 7fd16520d700 1 -- 172.21.15.67:0/1188017958 >> [v2:172.21.15.67:6800/352456929,v1:172.21.15.67:6801/352456929] conn(0x7fd1480341c0 msgr2=0x7fd148036680 unknown :-1 s=STATE_CONNECTING_RE l=1).process reconnect failed to v2:172.21.15.67:6800/352456929
2022-04-29T12:39:08.221 INFO:teuthology.orchestra.run.smithi067.stderr:/usr/bin/ceph:
2022-04-29T12:39:08.213+0000 7fd16520d700 1 --2- 172.21.15.67:0/1188017958 >> [v2:172.21.15.67:6800/352456929,v1:172.21.15.67:6801/352456929] conn(0x7fd1480341c0 0x7fd148036680 unknown :-1 s=START_CONNECT pgs=0 cs=0 l=1 rev1=0 rx=0 tx=0)._fault waiting 0.200000
2022-04-29T12:39:08.221 INFO:teuthology.orchestra.run.smithi067.stderr:/usr/bin/ceph:
2022-04-29T12:39:08.213+0000 7fd167c72700 1 -- 172.21.15.67:0/1188017958 --> [v2:172.21.15.67:3300/0,v1:172.21.15.67:6789/0] -- mon_command({"prefix": "get_command_descriptions"} v 0) v1 -- 0x7fd160059100 con 0x7fd16006fcd0
2022-04-29T12:39:08.221 INFO:teuthology.orchestra.run.smithi067.stderr:/usr/bin/ceph:
2022-04-29T12:39:08.218+0000 7fd14e7fc700 1 -- 172.21.15.67:0/1188017958 <== mon.0 v2:172.21.15.67:3300/0 6 ==== mon_command_ack([{"prefix": "get_command_descriptions"}]=0 v0) v1 ==== 72+0+152212 (secure 0 0 0) 0x7fd15c016070 con 0x7fd16006fcd0
2022-04-29T12:39:08.365 INFO:journalctl@ceph.mon.smithi067.smithi067.stdout:Apr 29 12:39:08 smithi067 ceph-46e0f780-c7b9-11ec-8c39-001a4aab830c-mon.smithi067[87132]: audit
2022-04-29T12:39:07.112877+0000 mon.smithi067 (mon.0) 25 : audit [INF] from='client.? 172.21.15.67:0/2695363890' entity='client.admin' cmd='[{"prefix": "mgr module enable", "module": "cephadm"}]': finished
2022-04-29T12:39:08.365 INFO:journalctl@ceph.mon.smithi067.smithi067.stdout:Apr 29 12:39:08 smithi067 ceph-46e0f780-c7b9-11ec-8c39-001a4aab830c-mon.smithi067[87132]: cluster
2022-04-29T12:39:07.112944+0000 mon.smithi067 (mon.0) 26 : cluster [DBG] mgrmap e4: smithi067.tiwjpq(active, since 3s)
2022-04-29T12:39:08.418 INFO:teuthology.orchestra.run.smithi067.stderr:/usr/bin/ceph:
2022-04-29T12:39:08.414+0000 7fd16520d700 1 -- 172.21.15.67:0/1188017958 >> [v2:172.21.15.67:6800/352456929,v1:172.21.15.67:6801/352456929] conn(0x7fd1480341c0 msgr2=0x7fd148036680 unknown :-1 s=STATE_CONNECTING_RE l=1).process reconnect failed to v2:172.21.15.67:6800/352456929
2022-04-29T12:39:08.419 INFO:teuthology.orchestra.run.smithi067.stderr:/usr/bin/ceph:
2022-04-29T12:39:08.414+0000 7fd16520d700 1 --2- 172.21.15.67:0/1188017958 >> [v2:172.21.15.67:6800/352456929,v1:172.21.15.67:6801/352456929] conn(0x7fd1480341c0 0x7fd148036680 unknown :-1 s=START_CONNECT pgs=0 cs=0 l=1 rev1=0 rx=0 tx=0)._fault waiting 0.400000
2022-04-29T12:39:08.464 INFO:teuthology.orchestra.run.smithi067.stderr:/usr/bin/ceph:
2022-04-29T12:39:08.461+0000 7fd167c72700 1 -- 172.21.15.67:0/1188017958 --> [v2:172.21.15.67:3300/0,v1:172.21.15.67:6789/0] -- mon_command({"prefix": "mgr stat"} v 0) v1 -- 0x7fd1601047f0 con 0x7fd16006fcd0
2022-04-29T12:39:08.465 INFO:teuthology.orchestra.run.smithi067.stderr:/usr/bin/ceph:
2022-04-29T12:39:08.462+0000 7fd14e7fc700 1 -- 172.21.15.67:0/1188017958 <== mon.0 v2:172.21.15.67:3300/0 7 ==== mon_command_ack([{"prefix": "mgr stat"}]=0 v4) v1 ==== 56+0+103 (secure 0 0 0) 0x7fd15c010720 con 0x7fd16006fcd0
2022-04-29T12:39:08.465 INFO:teuthology.orchestra.run.smithi067.stderr:/usr/bin/ceph: {
2022-04-29T12:39:08.465 INFO:teuthology.orchestra.run.smithi067.stderr:/usr/bin/ceph: "epoch": 4,
2022-04-29T12:39:08.465 INFO:teuthology.orchestra.run.smithi067.stderr:/usr/bin/ceph: "available": true,
2022-04-29T12:39:08.465 INFO:teuthology.orchestra.run.smithi067.stderr:/usr/bin/ceph: "active_name": "smithi067.tiwjpq",
2022-04-29T12:39:08.465 INFO:teuthology.orchestra.run.smithi067.stderr:/usr/bin/ceph: "num_standby": 0
2022-04-29T12:39:08.465 INFO:teuthology.orchestra.run.smithi067.stderr:/usr/bin/ceph: }
2022-04-29T12:39:08.470 INFO:teuthology.orchestra.run.smithi067.stderr:/usr/bin/ceph:
2022-04-29T12:39:08.464+0000 7fd167c72700 1 -- 172.21.15.67:0/1188017958 >> [v2:172.21.15.67:6800/352456929,v1:172.21.15.67:6801/352456929] conn(0x7fd1480341c0 msgr2=0x7fd148036680 unknown :-1 s=STATE_CONNECTING l=1).mark_down
2022-04-29T12:39:08.470 INFO:teuthology.orchestra.run.smithi067.stderr:/usr/bin/ceph:
2022-04-29T12:39:08.464+0000 7fd167c72700 1 --2- 172.21.15.67:0/1188017958 >> [v2:172.21.15.67:6800/352456929,v1:172.21.15.67:6801/352456929] conn(0x7fd1480341c0 0x7fd148036680 unknown :-1 s=START_CONNECT pgs=0 cs=0 l=1 rev1=0 rx=0 tx=0).stop
2022-04-29T12:39:08.470 INFO:teuthology.orchestra.run.smithi067.stderr:/usr/bin/ceph:
2022-04-29T12:39:08.464+0000 7fd167c72700 1 -- 172.21.15.67:0/1188017958 >> [v2:172.21.15.67:3300/0,v1:172.21.15.67:6789/0] conn(0x7fd16006fcd0 msgr2=0x7fd16010a9a0 secure :-1 s=STATE_CONNECTION_ESTABLISHED l=1).mark_down
2022-04-29T12:39:08.470 INFO:teuthology.orchestra.run.smithi067.stderr:/usr/bin/ceph:
2022-04-29T12:39:08.464+0000 7fd167c72700 1 --2- 172.21.15.67:0/1188017958 >> [v2:172.21.15.67:3300/0,v1:172.21.15.67:6789/0] conn(0x7fd16006fcd0 0x7fd16010a9a0 secure :-1 s=READY pgs=21 cs=0 l=1 rev1=1 rx=0x7fd15c00e040 tx=0x7fd15c006ee0).stop
2022-04-29T12:39:08.470 INFO:teuthology.orchestra.run.smithi067.stderr:/usr/bin/ceph:
2022-04-29T12:39:08.465+0000 7fd167c72700 1 -- 172.21.15.67:0/1188017958 shutdown_connections
2022-04-29T12:39:08.470 INFO:teuthology.orchestra.run.smithi067.stderr:/usr/bin/ceph:
2022-04-29T12:39:08.465+0000 7fd167c72700 1 --2- 172.21.15.67:0/1188017958 >> [v2:172.21.15.67:6800/352456929,v1:172.21.15.67:6801/352456929] conn(0x7fd1480341c0 0x7fd148036680 unknown :-1 s=CLOSED pgs=0 cs=0 l=1 rev1=0 rx=0 tx=0).stop
2022-04-29T12:39:08.470 INFO:teuthology.orchestra.run.smithi067.stderr:/usr/bin/ceph:
2022-04-29T12:39:08.465+0000 7fd167c72700 1 --2- 172.21.15.67:0/1188017958 >> [v2:172.21.15.67:3300/0,v1:172.21.15.67:6789/0] conn(0x7fd16006fcd0 0x7fd16010a9a0 unknown :-1 s=CLOSED pgs=21 cs=0 l=1 rev1=1 rx=0 tx=0).stop
2022-04-29T12:39:08.471 INFO:teuthology.orchestra.run.smithi067.stderr:/usr/bin/ceph:
2022-04-29T12:39:08.465+0000 7fd167c72700 1 -- 172.21.15.67:0/1188017958 >> 172.21.15.67:0/1188017958 conn(0x7fd1600f6280 msgr2=0x7fd1600f7e20 unknown :-1 s=STATE_NONE l=0).mark_down
2022-04-29T12:39:08.471 INFO:teuthology.orchestra.run.smithi067.stderr:/usr/bin/ceph:
2022-04-29T12:39:08.465+0000 7fd167c72700 1 -- 172.21.15.67:0/1188017958 shutdown_connections
2022-04-29T12:39:08.471 INFO:teuthology.orchestra.run.smithi067.stderr:/usr/bin/ceph:
2022-04-29T12:39:08.465+0000 7fd167c72700 1 -- 172.21.15.67:0/1188017958 wait complete.
2022-04-29T12:39:08.917 INFO:teuthology.orchestra.run.smithi067.stderr:Waiting for the mgr to restart...
2022-04-29T12:39:08.917 INFO:teuthology.orchestra.run.smithi067.stderr:Waiting for mgr epoch 4...
2022-04-29T12:39:08.917 INFO:teuthology.orchestra.run.smithi067.stderr:Running command: /bin/podman run --rm --ipc=host --no-hosts --net=host --entrypoint /usr/bin/ceph --init -e CONTAINER_IMAGE=docker.io/ceph/ceph:v16.2.4 -e NODE_NAME=smithi067 -e CEPH_USE_RANDOM_NONCE=1 -v /var/log/ceph/46e0f780-c7b9-11ec-8c39-001a4aab830c:/var/log/ceph:z -v /tmp/ceph-tmpry_s6xvb:/etc/ceph/ceph.client.admin.keyring:z -v /tmp/ceph-tmpqwy0suim:/etc/ceph/ceph.conf:z docker.io/ceph/ceph:v16.2.4 tell mgr mgr_status
2022-04-29T12:39:09.171 INFO:journalctl@ceph.mon.smithi067.smithi067.stdout:Apr 29 12:39:09 smithi067 ceph-46e0f780-c7b9-11ec-8c39-001a4aab830c-mon.smithi067[87132]: audit
2022-04-29T12:39:08.462232+0000 mon.smithi067 (mon.0) 27 : audit [DBG] from='client.? 172.21.15.67:0/1188017958' entity='client.admin' cmd=[{"prefix": "mgr stat"}]: dispatch
2022-04-29T12:39:09.396 INFO:teuthology.orchestra.run.smithi067.stderr:/usr/bin/ceph:
2022-04-29T12:39:09.386+0000 7f3bbc337700 1 Processor -- start
2022-04-29T12:39:09.397 INFO:teuthology.orchestra.run.smithi067.stderr:/usr/bin/ceph:
2022-04-29T12:39:09.386+0000 7f3bbc337700 1 -- start start
2022-04-29T12:39:09.397 INFO:teuthology.orchestra.run.smithi067.stderr:/usr/bin/ceph:
2022-04-29T12:39:09.386+0000 7f3bbc337700 1 --2- >> [v2:172.21.15.67:3300/0,v1:172.21.15.67:6789/0] conn(0x7f3bb406fc70 0x7f3bb4100c00 unknown :-1 s=NONE pgs=0 cs=0 l=0 rev1=0 rx=0 tx=0).connect
2022-04-29T12:39:09.397 INFO:teuthology.orchestra.run.smithi067.stderr:/usr/bin/ceph:
2022-04-29T12:39:09.387+0000 7f3bbc337700 1 -- --> [v2:172.21.15.67:3300/0,v1:172.21.15.67:6789/0] -- mon_getmap magic: 0 v1 -- 0x7f3bb40fc680 con 0x7f3bb406fc70
2022-04-29T12:39:09.397 INFO:teuthology.orchestra.run.smithi067.stderr:/usr/bin/ceph:
2022-04-29T12:39:09.387+0000 7f3bba0d3700 1 --2- >> [v2:172.21.15.67:3300/0,v1:172.21.15.67:6789/0] conn(0x7f3bb406fc70 0x7f3bb4100c00 unknown :-1 s=BANNER_CONNECTING pgs=0 cs=0 l=0 rev1=0 rx=0 tx=0)._handle_peer_banner_payload supported=1 required=0
2022-04-29T12:39:09.397 INFO:teuthology.orchestra.run.smithi067.stderr:/usr/bin/ceph:
2022-04-29T12:39:09.387+0000 7f3bba0d3700 1 --2- >> [v2:172.21.15.67:3300/0,v1:172.21.15.67:6789/0] conn(0x7f3bb406fc70 0x7f3bb4100c00 unknown :-1 s=HELLO_CONNECTING pgs=0 cs=0 l=0 rev1=1 rx=0 tx=0).handle_hello peer v2:172.21.15.67:3300/0 says I am v2:172.21.15.67:55010/0 (socket says 172.21.15.67:55010)
2022-04-29T12:39:09.398 INFO:teuthology.orchestra.run.smithi067.stderr:/usr/bin/ceph:
2022-04-29T12:39:09.387+0000 7f3bba0d3700 1 -- 172.21.15.67:0/602088003 learned_addr learned my addr 172.21.15.67:0/602088003 (peer_addr_for_me v2:172.21.15.67:0/0)
2022-04-29T12:39:09.398 INFO:teuthology.orchestra.run.smithi067.stderr:/usr/bin/ceph:
2022-04-29T12:39:09.387+0000 7f3bba0d3700 1 -- 172.21.15.67:0/602088003 --> [v2:172.21.15.67:3300/0,v1:172.21.15.67:6789/0] -- mon_subscribe({config=0+,monmap=0+}) v3 -- 0x7f3bb41010f0 con 0x7f3bb406fc70
2022-04-29T12:39:09.398 INFO:teuthology.orchestra.run.smithi067.stderr:/usr/bin/ceph:
2022-04-29T12:39:09.387+0000 7f3bba0d3700 1 --2- 172.21.15.67:0/602088003 >> [v2:172.21.15.67:3300/0,v1:172.21.15.67:6789/0] conn(0x7f3bb406fc70 0x7f3bb4100c00 secure :-1 s=READY pgs=22 cs=0 l=1 rev1=1 rx=0x7f3bb000b5f0 tx=0x7f3bb0006ee0).ready entity=mon.0 client_cookie=b2e5c8824c0981eb server_cookie=0 in_seq=0 out_seq=0
2022-04-29T12:39:09.398 INFO:teuthology.orchestra.run.smithi067.stderr:/usr/bin/ceph:
2022-04-29T12:39:09.387+0000 7f3bb90d1700 1 -- 172.21.15.67:0/602088003 <== mon.0 v2:172.21.15.67:3300/0 1 ==== mon_map magic: 0 v1 ==== 229+0+0 (secure 0 0 0) 0x7f3bb000d600 con 0x7f3bb406fc70
2022-04-29T12:39:09.398 INFO:teuthology.orchestra.run.smithi067.stderr:/usr/bin/ceph:
2022-04-29T12:39:09.387+0000 7f3bb90d1700 1 -- 172.21.15.67:0/602088003 <== mon.0 v2:172.21.15.67:3300/0 2 ==== config(25 keys) v1 ==== 1010+0+0 (secure 0 0 0) 0x7f3bb000dbd0 con 0x7f3bb406fc70
2022-04-29T12:39:09.398 INFO:teuthology.orchestra.run.smithi067.stderr:/usr/bin/ceph:
2022-04-29T12:39:09.387+0000 7f3bb90d1700 1 -- 172.21.15.67:0/602088003 <== mon.0 v2:172.21.15.67:3300/0 3 ==== mon_map magic: 0 v1 ==== 229+0+0 (secure 0 0 0) 0x7f3bb0011c00 con 0x7f3bb406fc70
2022-04-29T12:39:09.398 INFO:teuthology.orchestra.run.smithi067.stderr:/usr/bin/ceph:
2022-04-29T12:39:09.388+0000 7f3bbc337700 1 -- 172.21.15.67:0/602088003 >> [v2:172.21.15.67:3300/0,v1:172.21.15.67:6789/0] conn(0x7f3bb406fc70 msgr2=0x7f3bb4100c00 secure :-1 s=STATE_CONNECTION_ESTABLISHED l=1).mark_down
2022-04-29T12:39:09.398 INFO:teuthology.orchestra.run.smithi067.stderr:/usr/bin/ceph:
2022-04-29T12:39:09.388+0000 7f3bbc337700 1 --2- 172.21.15.67:0/602088003 >> [v2:172.21.15.67:3300/0,v1:172.21.15.67:6789/0] conn(0x7f3bb406fc70 0x7f3bb4100c00 secure :-1 s=READY pgs=22 cs=0 l=1 rev1=1 rx=0x7f3bb000b5f0 tx=0x7f3bb0006ee0).stop
2022-04-29T12:39:09.399 INFO:teuthology.orchestra.run.smithi067.stderr:/usr/bin/ceph:
2022-04-29T12:39:09.388+0000 7f3bbc337700 1 -- 172.21.15.67:0/602088003 shutdown_connections
2022-04-29T12:39:09.399 INFO:teuthology.orchestra.run.smithi067.stderr:/usr/bin/ceph:
2022-04-29T12:39:09.388+0000 7f3bbc337700 1 --2- 172.21.15.67:0/602088003 >> [v2:172.21.15.67:3300/0,v1:172.21.15.67:6789/0] conn(0x7f3bb406fc70 0x7f3bb4100c00 unknown :-1 s=CLOSED pgs=22 cs=0 l=1 rev1=1 rx=0 tx=0).stop
2022-04-29T12:39:09.399 INFO:teuthology.orchestra.run.smithi067.stderr:/usr/bin/ceph:
2022-04-29T12:39:09.388+0000 7f3bbc337700 1 -- 172.21.15.67:0/602088003 >> 172.21.15.67:0/602088003 conn(0x7f3bb40f6280 msgr2=0x7f3bb40f86a0 unknown :-1 s=STATE_NONE l=0).mark_down
2022-04-29T12:39:09.399 INFO:teuthology.orchestra.run.smithi067.stderr:/usr/bin/ceph:
2022-04-29T12:39:09.388+0000 7f3bbc337700 1 -- 172.21.15.67:0/602088003 shutdown_connections
2022-04-29T12:39:09.399 INFO:teuthology.orchestra.run.smithi067.stderr:/usr/bin/ceph:
2022-04-29T12:39:09.388+0000 7f3bbc337700 1 -- 172.21.15.67:0/602088003 wait complete.
2022-04-29T12:39:09.399 INFO:teuthology.orchestra.run.smithi067.stderr:/usr/bin/ceph:
2022-04-29T12:39:09.389+0000 7f3bbc337700 1 Processor -- start
2022-04-29T12:39:09.399 INFO:teuthology.orchestra.run.smithi067.stderr:/usr/bin/ceph:
2022-04-29T12:39:09.389+0000 7f3bbc337700 1 -- start start
2022-04-29T12:39:09.399 INFO:teuthology.orchestra.run.smithi067.stderr:/usr/bin/ceph:
2022-04-29T12:39:09.389+0000 7f3bbc337700 1 --2- >> [v2:172.21.15.67:3300/0,v1:172.21.15.67:6789/0] conn(0x7f3bb406fc70 0x7f3bb410cbe0 unknown :-1 s=NONE pgs=0 cs=0 l=1 rev1=0 rx=0 tx=0).connect
2022-04-29T12:39:09.399 INFO:teuthology.orchestra.run.smithi067.stderr:/usr/bin/ceph:
2022-04-29T12:39:09.389+0000 7f3bbc337700 1 -- --> [v2:172.21.15.67:3300/0,v1:172.21.15.67:6789/0] -- mon_getmap magic: 0 v1 -- 0x7f3bb410d0d0 con 0x7f3bb406fc70
2022-04-29T12:39:09.399 INFO:teuthology.orchestra.run.smithi067.stderr:/usr/bin/ceph:
2022-04-29T12:39:09.389+0000 7f3bba0d3700 1 --2- >> [v2:172.21.15.67:3300/0,v1:172.21.15.67:6789/0] conn(0x7f3bb406fc70 0x7f3bb410cbe0 unknown :-1 s=BANNER_CONNECTING pgs=0 cs=0 l=1 rev1=0 rx=0 tx=0)._handle_peer_banner_payload supported=1 required=0
2022-04-29T12:39:09.400 INFO:teuthology.orchestra.run.smithi067.stderr:/usr/bin/ceph:
2022-04-29T12:39:09.389+0000 7f3bba0d3700 1 --2- >> [v2:172.21.15.67:3300/0,v1:172.21.15.67:6789/0] conn(0x7f3bb406fc70 0x7f3bb410cbe0 unknown :-1 s=HELLO_CONNECTING pgs=0 cs=0 l=1 rev1=1 rx=0 tx=0).handle_hello peer v2:172.21.15.67:3300/0 says I am v2:172.21.15.67:55012/0 (socket says 172.21.15.67:55012)
2022-04-29T12:39:09.400 INFO:teuthology.orchestra.run.smithi067.stderr:/usr/bin/ceph:
2022-04-29T12:39:09.389+0000 7f3bba0d3700 1 -- 172.21.15.67:0/4215397021 learned_addr learned my addr 172.21.15.67:0/4215397021 (peer_addr_for_me v2:172.21.15.67:0/0)
2022-04-29T12:39:09.400 INFO:teuthology.orchestra.run.smithi067.stderr:/usr/bin/ceph:
2022-04-29T12:39:09.390+0000 7f3bba0d3700 1 -- 172.21.15.67:0/4215397021 --> [v2:172.21.15.67:3300/0,v1:172.21.15.67:6789/0] -- mon_subscribe({config=0+,monmap=0+}) v3 -- 0x7f3bb000b200 con 0x7f3bb406fc70
2022-04-29T12:39:09.400 INFO:teuthology.orchestra.run.smithi067.stderr:/usr/bin/ceph:
2022-04-29T12:39:09.390+0000 7f3bba0d3700 1 --2- 172.21.15.67:0/4215397021 >> [v2:172.21.15.67:3300/0,v1:172.21.15.67:6789/0] conn(0x7f3bb406fc70 0x7f3bb410cbe0 secure :-1 s=READY pgs=23 cs=0 l=1 rev1=1 rx=0x7f3bb0000c00 tx=0x7f3bb0006ee0).ready entity=mon.0 client_cookie=0 server_cookie=0 in_seq=0 out_seq=0
2022-04-29T12:39:09.400 INFO:teuthology.orchestra.run.smithi067.stderr:/usr/bin/ceph:
2022-04-29T12:39:09.390+0000 7f3ba2ffd700 1 -- 172.21.15.67:0/4215397021 <== mon.0 v2:172.21.15.67:3300/0 1 ==== mon_map magic: 0 v1 ==== 229+0+0 (secure 0 0 0) 0x7f3bb0011690 con 0x7f3bb406fc70
2022-04-29T12:39:09.400 INFO:teuthology.orchestra.run.smithi067.stderr:/usr/bin/ceph:
2022-04-29T12:39:09.390+0000 7f3ba2ffd700 1 -- 172.21.15.67:0/4215397021 <== mon.0 v2:172.21.15.67:3300/0 2 ==== config(25 keys) v1 ==== 1010+0+0 (secure 0 0 0) 0x7f3bb000d9f0 con 0x7f3bb406fc70
2022-04-29T12:39:09.400 INFO:teuthology.orchestra.run.smithi067.stderr:/usr/bin/ceph:
2022-04-29T12:39:09.390+0000 7f3bbc337700 1 -- 172.21.15.67:0/4215397021 --> [v2:172.21.15.67:3300/0,v1:172.21.15.67:6789/0] -- mon_subscribe({mgrmap=0+}) v3 -- 0x7f3bb410d2d0 con 0x7f3bb406fc70
2022-04-29T12:39:09.400 INFO:teuthology.orchestra.run.smithi067.stderr:/usr/bin/ceph:
2022-04-29T12:39:09.390+0000 7f3ba2ffd700 1 -- 172.21.15.67:0/4215397021 <== mon.0 v2:172.21.15.67:3300/0 3 ==== mon_map magic: 0 v1 ==== 229+0+0 (secure 0 0 0) 0x7f3bb001b710 con 0x7f3bb406fc70
2022-04-29T12:39:09.400 INFO:teuthology.orchestra.run.smithi067.stderr:/usr/bin/ceph:
2022-04-29T12:39:09.390+0000 7f3bbc337700 1 -- 172.21.15.67:0/4215397021 --> [v2:172.21.15.67:3300/0,v1:172.21.15.67:6789/0] -- mon_subscribe({osdmap=0}) v3 -- 0x7f3bb410d6e0 con 0x7f3bb406fc70
2022-04-29T12:39:09.400 INFO:teuthology.orchestra.run.smithi067.stderr:/usr/bin/ceph:
2022-04-29T12:39:09.391+0000 7f3ba2ffd700 1 -- 172.21.15.67:0/4215397021 <== mon.0 v2:172.21.15.67:3300/0 4 ==== mgrmap(e 4) v1 ==== 36120+0+0 (secure 0 0 0) 0x7f3bb000f070 con 0x7f3bb406fc70
2022-04-29T12:39:09.401 INFO:teuthology.orchestra.run.smithi067.stderr:/usr/bin/ceph:
2022-04-29T12:39:09.391+0000 7f3ba2ffd700 1 --2- 172.21.15.67:0/4215397021 >> [v2:172.21.15.67:6800/352456929,v1:172.21.15.67:6801/352456929] conn(0x7f3b9c02fe00 0x7f3b9c0322c0 unknown :-1 s=NONE pgs=0 cs=0 l=1 rev1=0 rx=0 tx=0).connect
2022-04-29T12:39:09.401 INFO:teuthology.orchestra.run.smithi067.stderr:/usr/bin/ceph:
2022-04-29T12:39:09.391+0000 7f3ba2ffd700 1 -- 172.21.15.67:0/4215397021 <== mon.0 v2:172.21.15.67:3300/0 5 ==== osd_map(1..1 src has 1..1) v4 ==== 754+0+0 (secure 0 0 0) 0x7f3bb0041f60 con 0x7f3bb406fc70
2022-04-29T12:39:09.401 INFO:teuthology.orchestra.run.smithi067.stderr:/usr/bin/ceph:
2022-04-29T12:39:09.391+0000 7f3bb98d2700 1 -- 172.21.15.67:0/4215397021 >> [v2:172.21.15.67:6800/352456929,v1:172.21.15.67:6801/352456929] conn(0x7f3b9c02fe00 msgr2=0x7f3b9c0322c0 unknown :-1 s=STATE_CONNECTING_RE l=1).process reconnect failed to v2:172.21.15.67:6800/352456929
2022-04-29T12:39:09.401 INFO:teuthology.orchestra.run.smithi067.stderr:/usr/bin/ceph:
2022-04-29T12:39:09.391+0000 7f3bb98d2700 1 --2- 172.21.15.67:0/4215397021 >> [v2:172.21.15.67:6800/352456929,v1:172.21.15.67:6801/352456929] conn(0x7f3b9c02fe00 0x7f3b9c0322c0 unknown :-1 s=START_CONNECT pgs=0 cs=0 l=1 rev1=0 rx=0 tx=0)._fault waiting 0.200000
2022-04-29T12:39:09.401 INFO:teuthology.orchestra.run.smithi067.stderr:/usr/bin/ceph:
2022-04-29T12:39:09.391+0000 7f3bbc337700 1 -- 172.21.15.67:0/4215397021 --> [v2:172.21.15.67:6800/352456929,v1:172.21.15.67:6801/352456929] -- command(tid 0: {"prefix": "get_command_descriptions"}) v1 -- 0x7f3bb4059100 con 0x7f3b9c02fe00
2022-04-29T12:39:09.595 INFO:teuthology.orchestra.run.smithi067.stderr:/usr/bin/ceph:
2022-04-29T12:39:09.592+0000 7f3bb98d2700 1 -- 172.21.15.67:0/4215397021 >> [v2:172.21.15.67:6800/352456929,v1:172.21.15.67:6801/352456929] conn(0x7f3b9c02fe00 msgr2=0x7f3b9c0322c0 unknown :-1 s=STATE_CONNECTING_RE l=1).process reconnect failed to v2:172.21.15.67:6800/352456929
2022-04-29T12:39:09.595 INFO:teuthology.orchestra.run.smithi067.stderr:/usr/bin/ceph:
2022-04-29T12:39:09.592+0000 7f3bb98d2700 1 --2- 172.21.15.67:0/4215397021 >> [v2:172.21.15.67:6800/352456929,v1:172.21.15.67:6801/352456929] conn(0x7f3b9c02fe00 0x7f3b9c0322c0 unknown :-1 s=START_CONNECT pgs=0 cs=0 l=1 rev1=0 rx=0 tx=0)._fault waiting 0.400000
2022-04-29T12:39:09.995 INFO:teuthology.orchestra.run.smithi067.stderr:/usr/bin/ceph:
2022-04-29T12:39:09.993+0000 7f3bb98d2700 1 -- 172.21.15.67:0/4215397021 >> [v2:172.21.15.67:6800/352456929,v1:172.21.15.67:6801/352456929] conn(0x7f3b9c02fe00 msgr2=0x7f3b9c0322c0 unknown :-1 s=STATE_CONNECTING_RE l=1).process reconnect failed to v2:172.21.15.67:6800/352456929
2022-04-29T12:39:09.995 INFO:teuthology.orchestra.run.smithi067.stderr:/usr/bin/ceph:
2022-04-29T12:39:09.993+0000 7f3bb98d2700 1 --2- 172.21.15.67:0/4215397021 >> [v2:172.21.15.67:6800/352456929,v1:172.21.15.67:6801/352456929] conn(0x7f3b9c02fe00 0x7f3b9c0322c0 unknown :-1 s=START_CONNECT pgs=0 cs=0 l=1 rev1=0 rx=0 tx=0)._fault waiting 0.800000
2022-04-29T12:39:10.796 INFO:teuthology.orchestra.run.smithi067.stderr:/usr/bin/ceph:
2022-04-29T12:39:10.794+0000 7f3bb98d2700 1 -- 172.21.15.67:0/4215397021 >> [v2:172.21.15.67:6800/352456929,v1:172.21.15.67:6801/352456929] conn(0x7f3b9c02fe00 msgr2=0x7f3b9c0322c0 unknown :-1 s=STATE_CONNECTING_RE l=1).process reconnect failed to v2:172.21.15.67:6800/352456929
2022-04-29T12:39:10.797 INFO:teuthology.orchestra.run.smithi067.stderr:/usr/bin/ceph:
2022-04-29T12:39:10.794+0000 7f3bb98d2700 1 --2- 172.21.15.67:0/4215397021 >> [v2:172.21.15.67:6800/352456929,v1:172.21.15.67:6801/352456929] conn(0x7f3b9c02fe00 0x7f3b9c0322c0 unknown :-1 s=START_CONNECT pgs=0 cs=0 l=1 rev1=0 rx=0 tx=0)._fault waiting 1.600000
2022-04-29T12:39:12.398 INFO:teuthology.orchestra.run.smithi067.stderr:/usr/bin/ceph:
2022-04-29T12:39:12.395+0000 7f3bb98d2700 1 -- 172.21.15.67:0/4215397021 >> [v2:172.21.15.67:6800/352456929,v1:172.21.15.67:6801/352456929] conn(0x7f3b9c02fe00 msgr2=0x7f3b9c0322c0 unknown :-1 s=STATE_CONNECTING_RE l=1).process reconnect failed to v2:172.21.15.67:6800/352456929
2022-04-29T12:39:12.398 INFO:teuthology.orchestra.run.smithi067.stderr:/usr/bin/ceph:
2022-04-29T12:39:12.395+0000 7f3bb98d2700 1 --2- 172.21.15.67:0/4215397021 >> [v2:172.21.15.67:6800/352456929,v1:172.21.15.67:6801/352456929] conn(0x7f3b9c02fe00 0x7f3b9c0322c0 unknown :-1 s=START_CONNECT pgs=0 cs=0 l=1 rev1=0 rx=0 tx=0)._fault waiting 3.200000
2022-04-29T12:39:13.168 INFO:teuthology.orchestra.run.smithi067.stderr:/usr/bin/ceph:
2022-04-29T12:39:13.164+0000 7f3ba2ffd700 1 -- 172.21.15.67:0/4215397021 <== mon.0 v2:172.21.15.67:3300/0 6 ==== mgrmap(e 5) v1 ==== 35970+0+0 (secure 0 0 0) 0x7f3bb001aaf0 con 0x7f3bb406fc70
2022-04-29T12:39:13.168 INFO:teuthology.orchestra.run.smithi067.stderr:/usr/bin/ceph:
2022-04-29T12:39:13.164+0000 7f3ba2ffd700 1 -- 172.21.15.67:0/4215397021 >> [v2:172.21.15.67:6800/352456929,v1:172.21.15.67:6801/352456929] conn(0x7f3b9c02fe00 msgr2=0x7f3b9c0322c0 unknown :-1 s=STATE_CONNECTING l=1).mark_down
2022-04-29T12:39:13.168 INFO:teuthology.orchestra.run.smithi067.stderr:/usr/bin/ceph:
2022-04-29T12:39:13.164+0000 7f3ba2ffd700 1 --2- 172.21.15.67:0/4215397021 >> [v2:172.21.15.67:6800/352456929,v1:172.21.15.67:6801/352456929] conn(0x7f3b9c02fe00 0x7f3b9c0322c0 unknown :-1 s=START_CONNECT pgs=0 cs=0 l=1 rev1=0 rx=0 tx=0).stop
2022-04-29T12:39:13.615 INFO:journalctl@ceph.mon.smithi067.smithi067.stdout:Apr 29 12:39:13 smithi067 ceph-46e0f780-c7b9-11ec-8c39-001a4aab830c-mon.smithi067[87132]: cluster
2022-04-29T12:39:12.308365+0000 mon.smithi067 (mon.0) 28 : cluster [INF] Active manager daemon smithi067.tiwjpq restarted
2022-04-29T12:39:13.627 INFO:journalctl@ceph.mon.smithi067.smithi067.stdout:Apr 29 12:39:13 smithi067 ceph-46e0f780-c7b9-11ec-8c39-001a4aab830c-mon.smithi067[87132]: cluster
2022-04-29T12:39:12.308849+0000 mon.smithi067 (mon.0) 29 : cluster [INF] Activating manager daemon smithi067.tiwjpq
2022-04-29T12:39:13.627 INFO:journalctl@ceph.mon.smithi067.smithi067.stdout:Apr 29 12:39:13 smithi067 ceph-46e0f780-c7b9-11ec-8c39-001a4aab830c-mon.smithi067[87132]: cluster
2022-04-29T12:39:12.310511+0000 mon.smithi067 (mon.0) 30 : cluster [DBG] osdmap e2: 0 total, 0 up, 0 in
2022-04-29T12:39:13.628 INFO:journalctl@ceph.mon.smithi067.smithi067.stdout:Apr 29 12:39:13 smithi067 ceph-46e0f780-c7b9-11ec-8c39-001a4aab830c-mon.smithi067[87132]: cluster
2022-04-29T12:39:13.167003+0000 mon.smithi067 (mon.0) 31 : cluster [DBG] mgrmap e5: smithi067.tiwjpq(active, starting, since 0.858241s)
2022-04-29T12:39:13.628 INFO:journalctl@ceph.mon.smithi067.smithi067.stdout:Apr 29 12:39:13 smithi067 ceph-46e0f780-c7b9-11ec-8c39-001a4aab830c-mon.smithi067[87132]: audit
2022-04-29T12:39:13.168025+0000 mon.smithi067 (mon.0) 32 : audit [DBG] from='mgr.14114 172.21.15.67:0/216932591' entity='mgr.smithi067.tiwjpq' cmd=[{"prefix": "mon metadata", "id": "smithi067"}]: dispatch
2022-04-29T12:39:13.628 INFO:journalctl@ceph.mon.smithi067.smithi067.stdout:Apr 29 12:39:13 smithi067 ceph-46e0f780-c7b9-11ec-8c39-001a4aab830c-mon.smithi067[87132]: audit
2022-04-29T12:39:13.168755+0000 mon.smithi067 (mon.0) 33 : audit [DBG] from='mgr.14114 172.21.15.67:0/216932591' entity='mgr.smithi067.tiwjpq' cmd=[{"prefix": "mgr metadata", "who": "smithi067.tiwjpq", "id": "smithi067.tiwjpq"}]: dispatch
2022-04-29T12:39:13.628 INFO:journalctl@ceph.mon.smithi067.smithi067.stdout:Apr 29 12:39:13 smithi067 ceph-46e0f780-c7b9-11ec-8c39-001a4aab830c-mon.smithi067[87132]: audit
2022-04-29T12:39:13.169677+0000 mon.smithi067 (mon.0) 34 : audit [DBG] from='mgr.14114 172.21.15.67:0/216932591' entity='mgr.smithi067.tiwjpq' cmd=[{"prefix": "mds metadata"}]: dispatch
2022-04-29T12:39:13.628 INFO:journalctl@ceph.mon.smithi067.smithi067.stdout:Apr 29 12:39:13 smithi067 ceph-46e0f780-c7b9-11ec-8c39-001a4aab830c-mon.smithi067[87132]: audit
2022-04-29T12:39:13.169913+0000 mon.smithi067 (mon.0) 35 : audit [DBG] from='mgr.14114 172.21.15.67:0/216932591' entity='mgr.smithi067.tiwjpq' cmd=[{"prefix": "osd metadata"}]: dispatch
2022-04-29T12:39:13.628 INFO:journalctl@ceph.mon.smithi067.smithi067.stdout:Apr 29 12:39:13 smithi067 ceph-46e0f780-c7b9-11ec-8c39-001a4aab830c-mon.smithi067[87132]: audit
2022-04-29T12:39:13.170085+0000 mon.smithi067 (mon.0) 36 : audit [DBG] from='mgr.14114 172.21.15.67:0/216932591' entity='mgr.smithi067.tiwjpq' cmd=[{"prefix": "mon metadata"}]: dispatch
2022-04-29T12:39:13.628 INFO:journalctl@ceph.mon.smithi067.smithi067.stdout:Apr 29 12:39:13 smithi067 ceph-46e0f780-c7b9-11ec-8c39-001a4aab830c-mon.smithi067[87132]: cluster
2022-04-29T12:39:13.184217+0000 mon.smithi067 (mon.0) 37 : cluster [INF] Manager daemon smithi067.tiwjpq is now available
2022-04-29T12:39:13.628 INFO:journalctl@ceph.mon.smithi067.smithi067.stdout:Apr 29 12:39:13 smithi067 ceph-46e0f780-c7b9-11ec-8c39-001a4aab830c-mon.smithi067[87132]: audit
2022-04-29T12:39:13.203789+0000 mon.smithi067 (mon.0) 38 : audit [INF] from='mgr.14114 172.21.15.67:0/216932591' entity='mgr.smithi067.tiwjpq'
2022-04-29T12:39:13.628 INFO:journalctl@ceph.mon.smithi067.smithi067.stdout:Apr 29 12:39:13 smithi067 ceph-46e0f780-c7b9-11ec-8c39-001a4aab830c-mon.smithi067[87132]: audit
2022-04-29T12:39:13.209741+0000 mon.smithi067 (mon.0) 39 : audit [INF] from='mgr.14114 172.21.15.67:0/216932591' entity='mgr.smithi067.tiwjpq'
2022-04-29T12:39:13.629 INFO:journalctl@ceph.mon.smithi067.smithi067.stdout:Apr 29 12:39:13 smithi067 ceph-46e0f780-c7b9-11ec-8c39-001a4aab830c-mon.smithi067[87132]: audit
2022-04-29T12:39:13.215674+0000 mon.smithi067 (mon.0) 40 : audit [INF] from='mgr.14114 172.21.15.67:0/216932591' entity='mgr.smithi067.tiwjpq'
2022-04-29T12:39:14.171 INFO:teuthology.orchestra.run.smithi067.stderr:/usr/bin/ceph:
2022-04-29T12:39:14.166+0000 7f3ba2ffd700 1 -- 172.21.15.67:0/4215397021 <== mon.0 v2:172.21.15.67:3300/0 7 ==== mgrmap(e 6) v1 ==== 36040+0+0 (secure 0 0 0) 0x7f3bb001b870 con 0x7f3bb406fc70
2022-04-29T12:39:14.172 INFO:teuthology.orchestra.run.smithi067.stderr:/usr/bin/ceph:
2022-04-29T12:39:14.166+0000 7f3ba2ffd700 1 --2- 172.21.15.67:0/4215397021 >> [v2:172.21.15.67:6800/1501311531,v1:172.21.15.67:6801/1501311531] conn(0x7f3b9c033720 0x7f3b9c035b10 unknown :-1 s=NONE pgs=0 cs=0 l=1 rev1=0 rx=0 tx=0).connect
2022-04-29T12:39:14.172 INFO:teuthology.orchestra.run.smithi067.stderr:/usr/bin/ceph:
2022-04-29T12:39:14.166+0000 7f3ba2ffd700 1 -- 172.21.15.67:0/4215397021 --> [v2:172.21.15.67:6800/1501311531,v1:172.21.15.67:6801/1501311531] -- command(tid 0: {"prefix": "get_command_descriptions"}) v1 -- 0x7f3bb4059100 con 0x7f3b9c033720
2022-04-29T12:39:14.172 INFO:teuthology.orchestra.run.smithi067.stderr:/usr/bin/ceph:
2022-04-29T12:39:14.167+0000 7f3bb98d2700 1 --2- 172.21.15.67:0/4215397021 >> [v2:172.21.15.67:6800/1501311531,v1:172.21.15.67:6801/1501311531] conn(0x7f3b9c033720 0x7f3b9c035b10 unknown :-1 s=BANNER_CONNECTING pgs=0 cs=0 l=1 rev1=0 rx=0 tx=0)._handle_peer_banner_payload supported=1 required=0
2022-04-29T12:39:14.172 INFO:teuthology.orchestra.run.smithi067.stderr:/usr/bin/ceph:
2022-04-29T12:39:14.167+0000 7f3bb98d2700 1 --2- 172.21.15.67:0/4215397021 >> [v2:172.21.15.67:6800/1501311531,v1:172.21.15.67:6801/1501311531] conn(0x7f3b9c033720 0x7f3b9c035b10 secure :-1 s=READY pgs=1 cs=0 l=1 rev1=1 rx=0x7f3ba4006fd0 tx=0x7f3ba4006df0).ready entity=mgr.14114 client_cookie=0 server_cookie=0 in_seq=0 out_seq=0
2022-04-29T12:39:14.172 INFO:teuthology.orchestra.run.smithi067.stderr:/usr/bin/ceph:
2022-04-29T12:39:14.168+0000 7f3ba2ffd700 1 -- 172.21.15.67:0/4215397021 <== mgr.14114 v2:172.21.15.67:6800/1501311531 1 ==== command_reply(tid 0: 0 ) v1 ==== 8+0+6438 (secure 0 0 0) 0x7f3bb4059100 con 0x7f3b9c033720
2022-04-29T12:39:14.177 INFO:teuthology.orchestra.run.smithi067.stderr:/usr/bin/ceph:
2022-04-29T12:39:14.175+0000 7f3bbc337700 1 -- 172.21.15.67:0/4215397021 --> [v2:172.21.15.67:6800/1501311531,v1:172.21.15.67:6801/1501311531] -- command(tid 1: {"prefix": "mgr_status"}) v1 -- 0x7f3bb4045ad0 con 0x7f3b9c033720
2022-04-29T12:39:14.177 INFO:teuthology.orchestra.run.smithi067.stderr:/usr/bin/ceph:
2022-04-29T12:39:14.175+0000 7f3ba2ffd700 1 -- 172.21.15.67:0/4215397021 <== mgr.14114 v2:172.21.15.67:6800/1501311531 2 ==== command_reply(tid 1: 0 ) v1 ==== 8+0+51 (secure 0 0 0) 0x7f3bb4045ad0 con 0x7f3b9c033720
2022-04-29T12:39:14.178 INFO:teuthology.orchestra.run.smithi067.stderr:/usr/bin/ceph: {
2022-04-29T12:39:14.178 INFO:teuthology.orchestra.run.smithi067.stderr:/usr/bin/ceph: "mgrmap_epoch": 6,
2022-04-29T12:39:14.178 INFO:teuthology.orchestra.run.smithi067.stderr:/usr/bin/ceph: "initialized": true
2022-04-29T12:39:14.181 INFO:teuthology.orchestra.run.smithi067.stderr:/usr/bin/ceph: }
2022-04-29T12:39:14.181 INFO:teuthology.orchestra.run.smithi067.stderr:/usr/bin/ceph:
2022-04-29T12:39:14.175+0000 7f3bbc337700 1 -- 172.21.15.67:0/4215397021 >> [v2:172.21.15.67:6800/1501311531,v1:172.21.15.67:6801/1501311531] conn(0x7f3b9c033720 msgr2=0x7f3b9c035b10 secure :-1 s=STATE_CONNECTION_ESTABLISHED l=1).mark_down
2022-04-29T12:39:14.181 INFO:teuthology.orchestra.run.smithi067.stderr:/usr/bin/ceph:
2022-04-29T12:39:14.175+0000 7f3bbc337700 1 --2- 172.21.15.67:0/4215397021 >> [v2:172.21.15.67:6800/1501311531,v1:172.21.15.67:6801/1501311531] conn(0x7f3b9c033720 0x7f3b9c035b10 secure :-1 s=READY pgs=1 cs=0 l=1 rev1=1 rx=0x7f3ba4006fd0 tx=0x7f3ba4006df0).stop
2022-04-29T12:39:14.181 INFO:teuthology.orchestra.run.smithi067.stderr:/usr/bin/ceph:
2022-04-29T12:39:14.175+0000 7f3bbc337700 1 -- 172.21.15.67:0/4215397021 >> [v2:172.21.15.67:3300/0,v1:172.21.15.67:6789/0] conn(0x7f3bb406fc70 msgr2=0x7f3bb410cbe0 secure :-1 s=STATE_CONNECTION_ESTABLISHED l=1).mark_down
2022-04-29T12:39:14.181 INFO:teuthology.orchestra.run.smithi067.stderr:/usr/bin/ceph:
2022-04-29T12:39:14.175+0000 7f3bbc337700 1 --2- 172.21.15.67:0/4215397021 >> [v2:172.21.15.67:3300/0,v1:172.21.15.67:6789/0] conn(0x7f3bb406fc70 0x7f3bb410cbe0 secure :-1 s=READY pgs=23 cs=0 l=1 rev1=1 rx=0x7f3bb0000c00 tx=0x7f3bb0006ee0).stop
2022-04-29T12:39:14.181 INFO:teuthology.orchestra.run.smithi067.stderr:/usr/bin/ceph:
2022-04-29T12:39:14.176+0000 7f3bbc337700 1 -- 172.21.15.67:0/4215397021 shutdown_connections
2022-04-29T12:39:14.181 INFO:teuthology.orchestra.run.smithi067.stderr:/usr/bin/ceph:
2022-04-29T12:39:14.176+0000 7f3bbc337700 1 --2- 172.21.15.67:0/4215397021 >> [v2:172.21.15.67:6800/1501311531,v1:172.21.15.67:6801/1501311531] conn(0x7f3b9c033720 0x7f3b9c035b10 unknown :-1 s=CLOSED pgs=1 cs=0 l=1 rev1=1 rx=0 tx=0).stop
2022-04-29T12:39:14.181 INFO:teuthology.orchestra.run.smithi067.stderr:/usr/bin/ceph:
2022-04-29T12:39:14.176+0000 7f3bbc337700 1 --2- 172.21.15.67:0/4215397021 >> [v2:172.21.15.67:3300/0,v1:172.21.15.67:6789/0] conn(0x7f3bb406fc70 0x7f3bb410cbe0 unknown :-1 s=CLOSED pgs=23 cs=0 l=1 rev1=1 rx=0 tx=0).stop
2022-04-29T12:39:14.181 INFO:teuthology.orchestra.run.smithi067.stderr:/usr/bin/ceph:
2022-04-29T12:39:14.176+0000 7f3bbc337700 1 --2- 172.21.15.67:0/4215397021 >> [v2:172.21.15.67:6800/352456929,v1:172.21.15.67:6801/352456929] conn(0x7f3b9c02fe00 0x7f3b9c0322c0 unknown :-1 s=CLOSED pgs=0 cs=0 l=1 rev1=0 rx=0 tx=0).stop
2022-04-29T12:39:14.182 INFO:teuthology.orchestra.run.smithi067.stderr:/usr/bin/ceph:
2022-04-29T12:39:14.176+0000 7f3bbc337700 1 -- 172.21.15.67:0/4215397021 >> 172.21.15.67:0/4215397021 conn(0x7f3bb40f6280 msgr2=0x7f3bb40f7e80 unknown :-1 s=STATE_NONE l=0).mark_down
2022-04-29T12:39:14.182 INFO:teuthology.orchestra.run.smithi067.stderr:/usr/bin/ceph:
2022-04-29T12:39:14.176+0000 7f3bbc337700 1 -- 172.21.15.67:0/4215397021 shutdown_connections
2022-04-29T12:39:14.182 INFO:teuthology.orchestra.run.smithi067.stderr:/usr/bin/ceph:
2022-04-29T12:39:14.176+0000 7f3bbc337700 1 -- 172.21.15.67:0/4215397021 wait complete.
2022-04-29T12:39:14.616 INFO:journalctl@ceph.mon.smithi067.smithi067.stdout:Apr 29 12:39:14 smithi067 ceph-46e0f780-c7b9-11ec-8c39-001a4aab830c-mon.smithi067[87132]: audit
2022-04-29T12:39:13.319438+0000 mon.smithi067 (mon.0) 41 : audit [INF] from='mgr.14114 172.21.15.67:0/216932591' entity='mgr.smithi067.tiwjpq'
2022-04-29T12:39:14.616 INFO:journalctl@ceph.mon.smithi067.smithi067.stdout:Apr 29 12:39:14 smithi067 ceph-46e0f780-c7b9-11ec-8c39-001a4aab830c-mon.smithi067[87132]: audit
2022-04-29T12:39:13.320116+0000 mon.smithi067 (mon.0) 42 : audit [DBG] from='mgr.14114 172.21.15.67:0/216932591' entity='mgr.smithi067.tiwjpq' cmd=[{"prefix": "config dump", "format": "json"}]: dispatch
2022-04-29T12:39:14.616 INFO:journalctl@ceph.mon.smithi067.smithi067.stdout:Apr 29 12:39:14 smithi067 ceph-46e0f780-c7b9-11ec-8c39-001a4aab830c-mon.smithi067[87132]: audit
2022-04-29T12:39:13.321305+0000 mon.smithi067 (mon.0) 43 : audit [DBG] from='mgr.14114 172.21.15.67:0/216932591' entity='mgr.smithi067.tiwjpq' cmd=[{"prefix": "config dump", "format": "json"}]: dispatch
2022-04-29T12:39:14.616 INFO:journalctl@ceph.mon.smithi067.smithi067.stdout:Apr 29 12:39:14 smithi067 ceph-46e0f780-c7b9-11ec-8c39-001a4aab830c-mon.smithi067[87132]: audit
2022-04-29T12:39:13.322983+0000 mon.smithi067 (mon.0) 44 : audit [DBG] from='mgr.14114 172.21.15.67:0/216932591' entity='mgr.smithi067.tiwjpq' cmd=[{"prefix": "config dump", "format": "json"}]: dispatch
2022-04-29T12:39:14.617 INFO:journalctl@ceph.mon.smithi067.smithi067.stdout:Apr 29 12:39:14 smithi067 ceph-46e0f780-c7b9-11ec-8c39-001a4aab830c-mon.smithi067[87132]: audit
2022-04-29T12:39:13.334277+0000 mon.smithi067 (mon.0) 45 : audit [INF] from='mgr.14114 172.21.15.67:0/216932591' entity='mgr.smithi067.tiwjpq' cmd=[{"prefix":"config rm","who":"mgr","name":"mgr/rbd_support/smithi067.tiwjpq/mirror_snapshot_schedule"}]: dispatch
2022-04-29T12:39:14.617 INFO:journalctl@ceph.mon.smithi067.smithi067.stdout:Apr 29 12:39:14 smithi067 ceph-46e0f780-c7b9-11ec-8c39-001a4aab830c-mon.smithi067[87132]: audit
2022-04-29T12:39:13.335557+0000 mon.smithi067 (mon.0) 46 : audit [INF] from='mgr.14114 172.21.15.67:0/216932591' entity='mgr.smithi067.tiwjpq' cmd=[{"prefix":"config rm","who":"mgr","name":"mgr/rbd_support/smithi067.tiwjpq/trash_purge_schedule"}]: dispatch
2022-04-29T12:39:14.617 INFO:journalctl@ceph.mon.smithi067.smithi067.stdout:Apr 29 12:39:14 smithi067 ceph-46e0f780-c7b9-11ec-8c39-001a4aab830c-mon.smithi067[87132]: cluster
2022-04-29T12:39:14.169456+0000 mon.smithi067 (mon.0) 47 : cluster [DBG] mgrmap e6: smithi067.tiwjpq(active, since 1.8607s)
2022-04-29T12:39:15.580 INFO:journalctl@ceph.mon.smithi067.smithi067.stdout:Apr 29 12:39:15 smithi067 ceph-46e0f780-c7b9-11ec-8c39-001a4aab830c-mon.smithi067[87132]: audit
2022-04-29T12:39:14.168489+0000 mgr.smithi067.tiwjpq (mgr.14114) 1 : audit [DBG] from='client.14118 -' entity='client.admin' cmd=[{"prefix": "get_command_descriptions"}]: dispatch
2022-04-29T12:39:15.580 INFO:journalctl@ceph.mon.smithi067.smithi067.stdout:Apr 29 12:39:15 smithi067 ceph-46e0f780-c7b9-11ec-8c39-001a4aab830c-mon.smithi067[87132]: audit
2022-04-29T12:39:14.175700+0000 mgr.smithi067.tiwjpq (mgr.14114) 2 : audit [DBG] from='client.14118 -' entity='client.admin' cmd=[{"prefix": "mgr_status"}]: dispatch
2022-04-29T12:39:16.617 INFO:journalctl@ceph.mon.smithi067.smithi067.stdout:Apr 29 12:39:16 smithi067 ceph-46e0f780-c7b9-11ec-8c39-001a4aab830c-mon.smithi067[87132]: cluster
2022-04-29T12:39:15.325024+0000 mon.smithi067 (mon.0) 48 : cluster [DBG] mgrmap e7: smithi067.tiwjpq(active, since 3s)
2022-04-29T12:39:17.078 INFO:teuthology.orchestra.run.smithi067.stderr:mgr epoch 4 is available
2022-04-29T12:39:17.079 INFO:teuthology.orchestra.run.smithi067.stderr:Setting orchestrator backend to cephadm...
2022-04-29T12:39:17.079 INFO:teuthology.orchestra.run.smithi067.stderr:Running command: /bin/podman run --rm --ipc=host --no-hosts --net=host --entrypoint /usr/bin/ceph --init -e CONTAINER_IMAGE=docker.io/ceph/ceph:v16.2.4 -e NODE_NAME=smithi067 -e CEPH_USE_RANDOM_NONCE=1 -v /var/log/ceph/46e0f780-c7b9-11ec-8c39-001a4aab830c:/var/log/ceph:z -v /tmp/ceph-tmpry_s6xvb:/etc/ceph/ceph.client.admin.keyring:z -v /tmp/ceph-tmpqwy0suim:/etc/ceph/ceph.conf:z docker.io/ceph/ceph:v16.2.4 orch set backend cephadm
2022-04-29T12:39:18.232 INFO:teuthology.orchestra.run.smithi067.stderr:/usr/bin/ceph:
2022-04-29T12:39:18.227+0000 7f3a1218b700 1 Processor -- start
2022-04-29T12:39:18.233 INFO:teuthology.orchestra.run.smithi067.stderr:/usr/bin/ceph:
2022-04-29T12:39:18.227+0000 7f3a1218b700 1 -- start start
2022-04-29T12:39:18.233 INFO:teuthology.orchestra.run.smithi067.stderr:/usr/bin/ceph:
2022-04-29T12:39:18.228+0000 7f3a1218b700 1 --2- >> [v2:172.21.15.67:3300/0,v1:172.21.15.67:6789/0] conn(0x7f3a0c06fc70 0x7f3a0c0fe800 unknown :-1 s=NONE pgs=0 cs=0 l=0 rev1=0 rx=0 tx=0).connect
2022-04-29T12:39:18.233 INFO:teuthology.orchestra.run.smithi067.stderr:/usr/bin/ceph:
2022-04-29T12:39:18.228+0000 7f3a1218b700 1 -- --> [v2:172.21.15.67:3300/0,v1:172.21.15.67:6789/0] -- mon_getmap magic: 0 v1 -- 0x7f3a0c0fed80 con 0x7f3a0c06fc70
2022-04-29T12:39:18.233 INFO:teuthology.orchestra.run.smithi067.stderr:/usr/bin/ceph:
2022-04-29T12:39:18.228+0000 7f3a0b7fe700 1 --2- >> [v2:172.21.15.67:3300/0,v1:172.21.15.67:6789/0] conn(0x7f3a0c06fc70 0x7f3a0c0fe800 unknown :-1 s=BANNER_CONNECTING pgs=0 cs=0 l=0 rev1=0 rx=0 tx=0)._handle_peer_banner_payload supported=1 required=0
2022-04-29T12:39:18.233 INFO:teuthology.orchestra.run.smithi067.stderr:/usr/bin/ceph:
2022-04-29T12:39:18.228+0000 7f3a0b7fe700 1 --2- >> [v2:172.21.15.67:3300/0,v1:172.21.15.67:6789/0] conn(0x7f3a0c06fc70 0x7f3a0c0fe800 unknown :-1 s=HELLO_CONNECTING pgs=0 cs=0 l=0 rev1=1 rx=0 tx=0).handle_hello peer v2:172.21.15.67:3300/0 says I am v2:172.21.15.67:55052/0 (socket says 172.21.15.67:55052)
2022-04-29T12:39:18.233 INFO:teuthology.orchestra.run.smithi067.stderr:/usr/bin/ceph:
2022-04-29T12:39:18.228+0000 7f3a0b7fe700 1 -- 172.21.15.67:0/4021227405 learned_addr learned my addr 172.21.15.67:0/4021227405 (peer_addr_for_me v2:172.21.15.67:0/0)
2022-04-29T12:39:18.233 INFO:teuthology.orchestra.run.smithi067.stderr:/usr/bin/ceph:
2022-04-29T12:39:18.228+0000 7f3a0b7fe700 1 -- 172.21.15.67:0/4021227405 --> [v2:172.21.15.67:3300/0,v1:172.21.15.67:6789/0] -- mon_subscribe({config=0+,monmap=0+}) v3 -- 0x7f3a0c0feec0 con 0x7f3a0c06fc70
2022-04-29T12:39:18.234 INFO:teuthology.orchestra.run.smithi067.stderr:/usr/bin/ceph:
2022-04-29T12:39:18.228+0000 7f3a0b7fe700 1 --2- 172.21.15.67:0/4021227405 >> [v2:172.21.15.67:3300/0,v1:172.21.15.67:6789/0] conn(0x7f3a0c06fc70 0x7f3a0c0fe800 secure :-1 s=READY pgs=29 cs=0 l=1 rev1=1 rx=0x7f3a0000b5f0 tx=0x7f3a00006ee0).ready entity=mon.0 client_cookie=c76622cae7574cb4 server_cookie=0 in_seq=0 out_seq=0
2022-04-29T12:39:18.234 INFO:teuthology.orchestra.run.smithi067.stderr:/usr/bin/ceph:
2022-04-29T12:39:18.229+0000 7f3a0a7fc700 1 -- 172.21.15.67:0/4021227405 <== mon.0 v2:172.21.15.67:3300/0 1 ==== mon_map magic: 0 v1 ==== 229+0+0 (secure 0 0 0) 0x7f3a0000d600 con 0x7f3a0c06fc70
2022-04-29T12:39:18.234 INFO:teuthology.orchestra.run.smithi067.stderr:/usr/bin/ceph:
2022-04-29T12:39:18.229+0000 7f3a0a7fc700 1 -- 172.21.15.67:0/4021227405 <== mon.0 v2:172.21.15.67:3300/0 2 ==== config(25 keys) v1 ==== 1010+0+0 (secure 0 0 0) 0x7f3a0000dbd0 con 0x7f3a0c06fc70
2022-04-29T12:39:18.234 INFO:teuthology.orchestra.run.smithi067.stderr:/usr/bin/ceph:
2022-04-29T12:39:18.229+0000 7f3a0a7fc700 1 -- 172.21.15.67:0/4021227405 <== mon.0 v2:172.21.15.67:3300/0 3 ==== mon_map magic: 0 v1 ==== 229+0+0 (secure 0 0 0) 0x7f3a00011c00 con 0x7f3a0c06fc70
2022-04-29T12:39:18.234 INFO:teuthology.orchestra.run.smithi067.stderr:/usr/bin/ceph:
2022-04-29T12:39:18.229+0000 7f3a1218b700 1 -- 172.21.15.67:0/4021227405 >> [v2:172.21.15.67:3300/0,v1:172.21.15.67:6789/0] conn(0x7f3a0c06fc70 msgr2=0x7f3a0c0fe800 secure :-1 s=STATE_CONNECTION_ESTABLISHED l=1).mark_down
2022-04-29T12:39:18.234 INFO:teuthology.orchestra.run.smithi067.stderr:/usr/bin/ceph:
2022-04-29T12:39:18.229+0000 7f3a1218b700 1 --2- 172.21.15.67:0/4021227405 >> [v2:172.21.15.67:3300/0,v1:172.21.15.67:6789/0] conn(0x7f3a0c06fc70 0x7f3a0c0fe800 secure :-1 s=READY pgs=29 cs=0 l=1 rev1=1 rx=0x7f3a0000b5f0 tx=0x7f3a00006ee0).stop
2022-04-29T12:39:18.234 INFO:teuthology.orchestra.run.smithi067.stderr:/usr/bin/ceph:
2022-04-29T12:39:18.229+0000 7f3a1218b700 1 -- 172.21.15.67:0/4021227405 shutdown_connections
2022-04-29T12:39:18.234 INFO:teuthology.orchestra.run.smithi067.stderr:/usr/bin/ceph:
2022-04-29T12:39:18.229+0000 7f3a1218b700 1 --2- 172.21.15.67:0/4021227405 >> [v2:172.21.15.67:3300/0,v1:172.21.15.67:6789/0] conn(0x7f3a0c06fc70 0x7f3a0c0fe800 unknown :-1 s=CLOSED pgs=29 cs=0 l=1 rev1=1 rx=0 tx=0).stop
2022-04-29T12:39:18.234 INFO:teuthology.orchestra.run.smithi067.stderr:/usr/bin/ceph:
2022-04-29T12:39:18.229+0000 7f3a1218b700 1 -- 172.21.15.67:0/4021227405 >> 172.21.15.67:0/4021227405 conn(0x7f3a0c0f6280 msgr2=0x7f3a0c0f86a0 unknown :-1 s=STATE_NONE l=0).mark_down
2022-04-29T12:39:18.234 INFO:teuthology.orchestra.run.smithi067.stderr:/usr/bin/ceph:
2022-04-29T12:39:18.229+0000 7f3a1218b700 1 -- 172.21.15.67:0/4021227405 shutdown_connections
2022-04-29T12:39:18.235 INFO:teuthology.orchestra.run.smithi067.stderr:/usr/bin/ceph:
2022-04-29T12:39:18.229+0000 7f3a1218b700 1 -- 172.21.15.67:0/4021227405 wait complete.
2022-04-29T12:39:18.235 INFO:teuthology.orchestra.run.smithi067.stderr:/usr/bin/ceph:
2022-04-29T12:39:18.230+0000 7f3a1218b700 1 Processor -- start
2022-04-29T12:39:18.235 INFO:teuthology.orchestra.run.smithi067.stderr:/usr/bin/ceph:
2022-04-29T12:39:18.230+0000 7f3a1218b700 1 -- start start
2022-04-29T12:39:18.237 INFO:teuthology.orchestra.run.smithi067.stderr:/usr/bin/ceph:
2022-04-29T12:39:18.231+0000 7f3a1218b700 1 --2- >> [v2:172.21.15.67:3300/0,v1:172.21.15.67:6789/0] conn(0x7f3a0c06fc70 0x7f3a0c10a9a0 unknown :-1 s=NONE pgs=0 cs=0 l=1 rev1=0 rx=0 tx=0).connect
2022-04-29T12:39:18.237 INFO:teuthology.orchestra.run.smithi067.stderr:/usr/bin/ceph:
2022-04-29T12:39:18.231+0000 7f3a1218b700 1 -- --> [v2:172.21.15.67:3300/0,v1:172.21.15.67:6789/0] -- mon_getmap magic: 0 v1 -- 0x7f3a0c10ae90 con 0x7f3a0c06fc70
2022-04-29T12:39:18.237 INFO:teuthology.orchestra.run.smithi067.stderr:/usr/bin/ceph:
2022-04-29T12:39:18.231+0000 7f3a0b7fe700 1 --2- >> [v2:172.21.15.67:3300/0,v1:172.21.15.67:6789/0] conn(0x7f3a0c06fc70 0x7f3a0c10a9a0 unknown :-1 s=BANNER_CONNECTING pgs=0 cs=0 l=1 rev1=0 rx=0 tx=0)._handle_peer_banner_payload supported=1 required=0
2022-04-29T12:39:18.237 INFO:teuthology.orchestra.run.smithi067.stderr:/usr/bin/ceph:
2022-04-29T12:39:18.231+0000 7f3a0b7fe700 1 --2- >> [v2:172.21.15.67:3300/0,v1:172.21.15.67:6789/0] conn(0x7f3a0c06fc70 0x7f3a0c10a9a0 unknown :-1 s=HELLO_CONNECTING pgs=0 cs=0 l=1 rev1=1 rx=0 tx=0).handle_hello peer v2:172.21.15.67:3300/0 says I am v2:172.21.15.67:55054/0 (socket says 172.21.15.67:55054)
2022-04-29T12:39:18.238 INFO:teuthology.orchestra.run.smithi067.stderr:/usr/bin/ceph:
2022-04-29T12:39:18.231+0000 7f3a0b7fe700 1 -- 172.21.15.67:0/3619122232 learned_addr learned my addr 172.21.15.67:0/3619122232 (peer_addr_for_me v2:172.21.15.67:0/0)
2022-04-29T12:39:18.238 INFO:teuthology.orchestra.run.smithi067.stderr:/usr/bin/ceph:
2022-04-29T12:39:18.231+0000 7f3a0b7fe700 1 -- 172.21.15.67:0/3619122232 --> [v2:172.21.15.67:3300/0,v1:172.21.15.67:6789/0] -- mon_subscribe({config=0+,monmap=0+}) v3 -- 0x7f3a0000b200 con 0x7f3a0c06fc70
2022-04-29T12:39:18.238 INFO:teuthology.orchestra.run.smithi067.stderr:/usr/bin/ceph:
2022-04-29T12:39:18.231+0000 7f3a0b7fe700 1 --2- 172.21.15.67:0/3619122232 >> [v2:172.21.15.67:3300/0,v1:172.21.15.67:6789/0] conn(0x7f3a0c06fc70 0x7f3a0c10a9a0 secure :-1 s=READY pgs=30 cs=0 l=1 rev1=1 rx=0x7f3a0000e040 tx=0x7f3a00006ee0).ready entity=mon.0 client_cookie=0 server_cookie=0 in_seq=0 out_seq=0
2022-04-29T12:39:18.238 INFO:teuthology.orchestra.run.smithi067.stderr:/usr/bin/ceph:
2022-04-29T12:39:18.231+0000 7f39f3fff700 1 -- 172.21.15.67:0/3619122232 <== mon.0 v2:172.21.15.67:3300/0 1 ==== mon_map magic: 0 v1 ==== 229+0+0 (secure 0 0 0) 0x7f3a0001b410 con 0x7f3a0c06fc70
2022-04-29T12:39:18.238 INFO:teuthology.orchestra.run.smithi067.stderr:/usr/bin/ceph:
2022-04-29T12:39:18.231+0000 7f39f3fff700 1 -- 172.21.15.67:0/3619122232 <== mon.0 v2:172.21.15.67:3300/0 2 ==== config(25 keys) v1 ==== 1010+0+0 (secure 0 0 0) 0x7f3a0001b9e0 con 0x7f3a0c06fc70
2022-04-29T12:39:18.238 INFO:teuthology.orchestra.run.smithi067.stderr:/usr/bin/ceph:
2022-04-29T12:39:18.231+0000 7f39f3fff700 1 -- 172.21.15.67:0/3619122232 <== mon.0 v2:172.21.15.67:3300/0 3 ==== mon_map magic: 0 v1 ==== 229+0+0 (secure 0 0 0) 0x7f3a0001a770 con 0x7f3a0c06fc70
2022-04-29T12:39:18.239 INFO:teuthology.orchestra.run.smithi067.stderr:/usr/bin/ceph:
2022-04-29T12:39:18.231+0000 7f3a1218b700 1 -- 172.21.15.67:0/3619122232 --> [v2:172.21.15.67:3300/0,v1:172.21.15.67:6789/0] -- mon_subscribe({mgrmap=0+}) v3 -- 0x7f3a0c10b090 con 0x7f3a0c06fc70
2022-04-29T12:39:18.239 INFO:teuthology.orchestra.run.smithi067.stderr:/usr/bin/ceph:
2022-04-29T12:39:18.231+0000 7f3a1218b700 1 -- 172.21.15.67:0/3619122232 --> [v2:172.21.15.67:3300/0,v1:172.21.15.67:6789/0] -- mon_subscribe({osdmap=0}) v3 -- 0x7f3a0c10b4a0 con 0x7f3a0c06fc70
2022-04-29T12:39:18.239 INFO:teuthology.orchestra.run.smithi067.stderr:/usr/bin/ceph:
2022-04-29T12:39:18.232+0000 7f39f3fff700 1 -- 172.21.15.67:0/3619122232 <== mon.0 v2:172.21.15.67:3300/0 4 ==== mgrmap(e 7) v1 ==== 36120+0+0 (secure 0 0 0) 0x7f3a0000f070 con 0x7f3a0c06fc70
2022-04-29T12:39:18.239 INFO:teuthology.orchestra.run.smithi067.stderr:/usr/bin/ceph:
2022-04-29T12:39:18.232+0000 7f3a1218b700 1 -- 172.21.15.67:0/3619122232 --> [v2:172.21.15.67:3300/0,v1:172.21.15.67:6789/0] -- mon_command({"prefix": "get_command_descriptions"} v 0) v1 -- 0x7f3a0c045ad0 con 0x7f3a0c06fc70
2022-04-29T12:39:18.239 INFO:teuthology.orchestra.run.smithi067.stderr:/usr/bin/ceph:
2022-04-29T12:39:18.232+0000 7f39f3fff700 1 --2- 172.21.15.67:0/3619122232 >> [v2:172.21.15.67:6800/1501311531,v1:172.21.15.67:6801/1501311531] conn(0x7f39f802fdb0 0x7f39f8032270 unknown :-1 s=NONE pgs=0 cs=0 l=1 rev1=0 rx=0 tx=0).connect
2022-04-29T12:39:18.239 INFO:teuthology.orchestra.run.smithi067.stderr:/usr/bin/ceph:
2022-04-29T12:39:18.233+0000 7f39f3fff700 1 -- 172.21.15.67:0/3619122232 <== mon.0 v2:172.21.15.67:3300/0 5 ==== osd_map(2..2 src has 1..2) v4 ==== 926+0+0 (secure 0 0 0) 0x7f3a00040f50 con 0x7f3a0c06fc70
2022-04-29T12:39:18.239 INFO:teuthology.orchestra.run.smithi067.stderr:/usr/bin/ceph:
2022-04-29T12:39:18.233+0000 7f3a0affd700 1 --2- 172.21.15.67:0/3619122232 >> [v2:172.21.15.67:6800/1501311531,v1:172.21.15.67:6801/1501311531] conn(0x7f39f802fdb0 0x7f39f8032270 unknown :-1 s=BANNER_CONNECTING pgs=0 cs=0 l=1 rev1=0 rx=0 tx=0)._handle_peer_banner_payload supported=1 required=0
2022-04-29T12:39:18.239 INFO:teuthology.orchestra.run.smithi067.stderr:/usr/bin/ceph:
