2023-10-12T22:46:01.915+0000 7f9d97fff700 1 -- 172.21.15.139:0/1294166591 <== mon.0 v2:172.21.15.139:3300/0 2 ==== config(25 keys) v1 ==== 1010+0+0 (secure 0 0 0) 0x7f9da401b9e0 con 0x7f9db006fc90
2023-10-12T22:46:01.923 INFO:teuthology.orchestra.run.smithi139.stderr:/usr/bin/ceph:
2023-10-12T22:46:01.915+0000 7f9db5d61700 1 -- 172.21.15.139:0/1294166591 --> [v2:172.21.15.139:3300/0,v1:172.21.15.139:6789/0] -- mon_subscribe({mgrmap=0+}) v3 -- 0x7f9db00fa880 con 0x7f9db006fc90
2023-10-12T22:46:01.923 INFO:teuthology.orchestra.run.smithi139.stderr:/usr/bin/ceph:
2023-10-12T22:46:01.915+0000 7f9d97fff700 1 -- 172.21.15.139:0/1294166591 <== mon.0 v2:172.21.15.139:3300/0 3 ==== mon_map magic: 0 v1 ==== 229+0+0 (secure 0 0 0) 0x7f9da401a770 con 0x7f9db006fc90
2023-10-12T22:46:01.924 INFO:teuthology.orchestra.run.smithi139.stderr:/usr/bin/ceph:
2023-10-12T22:46:01.915+0000 7f9db5d61700 1 -- 172.21.15.139:0/1294166591 --> [v2:172.21.15.139:3300/0,v1:172.21.15.139:6789/0] -- mon_subscribe({osdmap=0}) v3 -- 0x7f9db00fac90 con 0x7f9db006fc90
2023-10-12T22:46:01.924 INFO:teuthology.orchestra.run.smithi139.stderr:/usr/bin/ceph:
2023-10-12T22:46:01.916+0000 7f9d97fff700 1 -- 172.21.15.139:0/1294166591 <== mon.0 v2:172.21.15.139:3300/0 4 ==== mgrmap(e 3) v1 ==== 36029+0+0 (secure 0 0 0) 0x7f9da400f070 con 0x7f9db006fc90
2023-10-12T22:46:01.924 INFO:teuthology.orchestra.run.smithi139.stderr:/usr/bin/ceph:
2023-10-12T22:46:01.916+0000 7f9d97fff700 1 --2- 172.21.15.139:0/1294166591 >> [v2:172.21.15.139:6800/3359842824,v1:172.21.15.139:6801/3359842824] conn(0x7f9d9c02fc50 0x7f9d9c032110 unknown :-1 s=NONE pgs=0 cs=0 l=1 rev1=0 rx=0 tx=0).connect
2023-10-12T22:46:01.924 INFO:teuthology.orchestra.run.smithi139.stderr:/usr/bin/ceph:
2023-10-12T22:46:01.916+0000 7f9db5d61700 1 -- 172.21.15.139:0/1294166591 --> [v2:172.21.15.139:3300/0,v1:172.21.15.139:6789/0] -- mon_command({"prefix": "get_command_descriptions"} v 0) v1 -- 0x7f9db0045ad0 con 0x7f9db006fc90
2023-10-12T22:46:01.924 INFO:teuthology.orchestra.run.smithi139.stderr:/usr/bin/ceph:
2023-10-12T22:46:01.916+0000 7f9d97fff700 1 -- 172.21.15.139:0/1294166591 <== mon.0 v2:172.21.15.139:3300/0 5 ==== osd_map(1..1 src has 1..1) v4 ==== 754+0+0 (secure 0 0 0) 0x7f9da4040ee0 con 0x7f9db006fc90
2023-10-12T22:46:01.925 INFO:teuthology.orchestra.run.smithi139.stderr:/usr/bin/ceph:
2023-10-12T22:46:01.917+0000 7f9daeffd700 1 --2- 172.21.15.139:0/1294166591 >> [v2:172.21.15.139:6800/3359842824,v1:172.21.15.139:6801/3359842824] conn(0x7f9d9c02fc50 0x7f9d9c032110 unknown :-1 s=BANNER_CONNECTING pgs=0 cs=0 l=1 rev1=0 rx=0 tx=0)._handle_peer_banner_payload supported=1 required=0
2023-10-12T22:46:01.925 INFO:teuthology.orchestra.run.smithi139.stderr:/usr/bin/ceph:
2023-10-12T22:46:01.917+0000 7f9daeffd700 1 --2- 172.21.15.139:0/1294166591 >> [v2:172.21.15.139:6800/3359842824,v1:172.21.15.139:6801/3359842824] conn(0x7f9d9c02fc50 0x7f9d9c032110 secure :-1 s=READY pgs=6 cs=0 l=1 rev1=1 rx=0x7f9da00096a0 tx=0x7f9da0006b40).ready entity=mgr.14100 client_cookie=0 server_cookie=0 in_seq=0 out_seq=0
2023-10-12T22:46:01.925 INFO:teuthology.orchestra.run.smithi139.stderr:/usr/bin/ceph:
2023-10-12T22:46:01.921+0000 7f9d97fff700 1 -- 172.21.15.139:0/1294166591 <== mon.0 v2:172.21.15.139:3300/0 6 ==== mon_command_ack([{"prefix": "get_command_descriptions"}]=0 v0) v1 ==== 72+0+152212 (secure 0 0 0) 0x7f9da4016080 con 0x7f9db006fc90
2023-10-12T22:46:02.106 INFO:teuthology.orchestra.run.smithi139.stderr:/usr/bin/ceph:
2023-10-12T22:46:02.105+0000 7f9db5d61700 1 -- 172.21.15.139:0/1294166591 --> [v2:172.21.15.139:3300/0,v1:172.21.15.139:6789/0] -- mon_command({"prefix": "mgr module enable", "module": "cephadm"} v 0) v1 -- 0x7f9db01109c0 con 0x7f9db006fc90
2023-10-12T22:46:02.607 INFO:teuthology.orchestra.run.smithi139.stderr:/usr/bin/ceph:
2023-10-12T22:46:02.606+0000 7f9d97fff700 1 -- 172.21.15.139:0/1294166591 <== mon.0 v2:172.21.15.139:3300/0 7 ==== mgrmap(e 4) v1 ==== 36120+0+0 (secure 0 0 0) 0x7f9da401bb50 con 0x7f9db006fc90
2023-10-12T22:46:02.608 INFO:teuthology.orchestra.run.smithi139.stderr:/usr/bin/ceph:
2023-10-12T22:46:02.607+0000 7f9d97fff700 1 -- 172.21.15.139:0/1294166591 <== mon.0 v2:172.21.15.139:3300/0 8 ==== mon_command_ack([{"prefix": "mgr module enable", "module": "cephadm"}]=0 v4) v1 ==== 86+0+0 (secure 0 0 0) 0x7f9da4023730 con 0x7f9db006fc90
2023-10-12T22:46:02.612 INFO:teuthology.orchestra.run.smithi139.stderr:/usr/bin/ceph:
2023-10-12T22:46:02.610+0000 7f9db5d61700 1 -- 172.21.15.139:0/1294166591 >> [v2:172.21.15.139:6800/3359842824,v1:172.21.15.139:6801/3359842824] conn(0x7f9d9c02fc50 msgr2=0x7f9d9c032110 secure :-1 s=STATE_CONNECTION_ESTABLISHED l=1).mark_down
2023-10-12T22:46:02.612 INFO:teuthology.orchestra.run.smithi139.stderr:/usr/bin/ceph:
2023-10-12T22:46:02.610+0000 7f9db5d61700 1 --2- 172.21.15.139:0/1294166591 >> [v2:172.21.15.139:6800/3359842824,v1:172.21.15.139:6801/3359842824] conn(0x7f9d9c02fc50 0x7f9d9c032110 secure :-1 s=READY pgs=6 cs=0 l=1 rev1=1 rx=0x7f9da00096a0 tx=0x7f9da0006b40).stop
2023-10-12T22:46:02.612 INFO:teuthology.orchestra.run.smithi139.stderr:/usr/bin/ceph:
2023-10-12T22:46:02.610+0000 7f9db5d61700 1 -- 172.21.15.139:0/1294166591 >> [v2:172.21.15.139:3300/0,v1:172.21.15.139:6789/0] conn(0x7f9db006fc90 msgr2=0x7f9db00fc260 secure :-1 s=STATE_CONNECTION_ESTABLISHED l=1).mark_down
2023-10-12T22:46:02.613 INFO:teuthology.orchestra.run.smithi139.stderr:/usr/bin/ceph:
2023-10-12T22:46:02.610+0000 7f9db5d61700 1 --2- 172.21.15.139:0/1294166591 >> [v2:172.21.15.139:3300/0,v1:172.21.15.139:6789/0] conn(0x7f9db006fc90 0x7f9db00fc260 secure :-1 s=READY pgs=17 cs=0 l=1 rev1=1 rx=0x7f9da400e040 tx=0x7f9da4006ee0).stop
2023-10-12T22:46:02.613 INFO:teuthology.orchestra.run.smithi139.stderr:/usr/bin/ceph:
2023-10-12T22:46:02.610+0000 7f9db5d61700 1 -- 172.21.15.139:0/1294166591 shutdown_connections
2023-10-12T22:46:02.613 INFO:teuthology.orchestra.run.smithi139.stderr:/usr/bin/ceph:
2023-10-12T22:46:02.610+0000 7f9db5d61700 1 --2- 172.21.15.139:0/1294166591 >> [v2:172.21.15.139:6800/3359842824,v1:172.21.15.139:6801/3359842824] conn(0x7f9d9c02fc50 0x7f9d9c032110 unknown :-1 s=CLOSED pgs=6 cs=0 l=1 rev1=1 rx=0 tx=0).stop
2023-10-12T22:46:02.613 INFO:teuthology.orchestra.run.smithi139.stderr:/usr/bin/ceph:
2023-10-12T22:46:02.610+0000 7f9db5d61700 1 --2- 172.21.15.139:0/1294166591 >> [v2:172.21.15.139:3300/0,v1:172.21.15.139:6789/0] conn(0x7f9db006fc90 0x7f9db00fc260 unknown :-1 s=CLOSED pgs=17 cs=0 l=1 rev1=1 rx=0 tx=0).stop
2023-10-12T22:46:02.614 INFO:teuthology.orchestra.run.smithi139.stderr:/usr/bin/ceph:
2023-10-12T22:46:02.610+0000 7f9db5d61700 1 -- 172.21.15.139:0/1294166591 >> 172.21.15.139:0/1294166591 conn(0x7f9db00f6280 msgr2=0x7f9db00f7e50 unknown :-1 s=STATE_NONE l=0).mark_down
2023-10-12T22:46:02.614 INFO:teuthology.orchestra.run.smithi139.stderr:/usr/bin/ceph:
2023-10-12T22:46:02.610+0000 7f9db5d61700 1 -- 172.21.15.139:0/1294166591 shutdown_connections
2023-10-12T22:46:02.614 INFO:teuthology.orchestra.run.smithi139.stderr:/usr/bin/ceph:
2023-10-12T22:46:02.610+0000 7f9db5d61700 1 -- 172.21.15.139:0/1294166591 wait complete.
2023-10-12T22:46:02.896 INFO:journalctl@ceph.mon.smithi139.smithi139.stdout:Oct 12 22:46:02 smithi139 ceph-079ada9c-6951-11ee-8db6-212e2dc638e7-mon.smithi139[112395]: audit
2023-10-12T22:46:02.106290+0000 mon.smithi139 (mon.0) 24 : audit [INF] from='client.? 172.21.15.139:0/1294166591' entity='client.admin' cmd=[{"prefix": "mgr module enable", "module": "cephadm"}]: dispatch
2023-10-12T22:46:02.956 INFO:teuthology.orchestra.run.smithi139.stderr:Running command: /bin/podman run --rm --ipc=host --no-hosts --net=host --entrypoint /usr/bin/ceph --init -e CONTAINER_IMAGE=docker.io/ceph/ceph:v16.2.4 -e NODE_NAME=smithi139 -e CEPH_USE_RANDOM_NONCE=1 -v /var/log/ceph/079ada9c-6951-11ee-8db6-212e2dc638e7:/var/log/ceph:z -v /tmp/ceph-tmp1y_2twhj:/etc/ceph/ceph.client.admin.keyring:z -v /tmp/ceph-tmp49lpdb0h:/etc/ceph/ceph.conf:z docker.io/ceph/ceph:v16.2.4 mgr stat
2023-10-12T22:46:03.326 INFO:teuthology.orchestra.run.smithi139.stderr:/usr/bin/ceph:
2023-10-12T22:46:03.325+0000 7f2636783700 1 Processor -- start
2023-10-12T22:46:03.327 INFO:teuthology.orchestra.run.smithi139.stderr:/usr/bin/ceph:
2023-10-12T22:46:03.325+0000 7f2636783700 1 -- start start
2023-10-12T22:46:03.327 INFO:teuthology.orchestra.run.smithi139.stderr:/usr/bin/ceph:
2023-10-12T22:46:03.325+0000 7f2636783700 1 --2- >> [v2:172.21.15.139:3300/0,v1:172.21.15.139:6789/0] conn(0x7f26300faae0 0x7f26300faf00 unknown :-1 s=NONE pgs=0 cs=0 l=0 rev1=0 rx=0 tx=0).connect
2023-10-12T22:46:03.327 INFO:teuthology.orchestra.run.smithi139.stderr:/usr/bin/ceph:
2023-10-12T22:46:03.325+0000 7f2636783700 1 -- --> [v2:172.21.15.139:3300/0,v1:172.21.15.139:6789/0] -- mon_getmap magic: 0 v1 -- 0x7f26300fb480 con 0x7f26300faae0
2023-10-12T22:46:03.327 INFO:teuthology.orchestra.run.smithi139.stderr:/usr/bin/ceph:
2023-10-12T22:46:03.326+0000 7f262ffff700 1 --2- >> [v2:172.21.15.139:3300/0,v1:172.21.15.139:6789/0] conn(0x7f26300faae0 0x7f26300faf00 unknown :-1 s=BANNER_CONNECTING pgs=0 cs=0 l=0 rev1=0 rx=0 tx=0)._handle_peer_banner_payload supported=1 required=0
2023-10-12T22:46:03.330 INFO:teuthology.orchestra.run.smithi139.stderr:/usr/bin/ceph:
2023-10-12T22:46:03.326+0000 7f262ffff700 1 --2- >> [v2:172.21.15.139:3300/0,v1:172.21.15.139:6789/0] conn(0x7f26300faae0 0x7f26300faf00 unknown :-1 s=HELLO_CONNECTING pgs=0 cs=0 l=0 rev1=1 rx=0 tx=0).handle_hello peer v2:172.21.15.139:3300/0 says I am v2:172.21.15.139:51078/0 (socket says 172.21.15.139:51078)
2023-10-12T22:46:03.330 INFO:teuthology.orchestra.run.smithi139.stderr:/usr/bin/ceph:
2023-10-12T22:46:03.326+0000 7f262ffff700 1 -- 172.21.15.139:0/2713696794 learned_addr learned my addr 172.21.15.139:0/2713696794 (peer_addr_for_me v2:172.21.15.139:0/0)
2023-10-12T22:46:03.330 INFO:teuthology.orchestra.run.smithi139.stderr:/usr/bin/ceph:
2023-10-12T22:46:03.326+0000 7f262ffff700 1 -- 172.21.15.139:0/2713696794 --> [v2:172.21.15.139:3300/0,v1:172.21.15.139:6789/0] -- mon_subscribe({config=0+,monmap=0+}) v3 -- 0x7f26300fb5c0 con 0x7f26300faae0
2023-10-12T22:46:03.331 INFO:teuthology.orchestra.run.smithi139.stderr:/usr/bin/ceph:
2023-10-12T22:46:03.326+0000 7f262ffff700 1 --2- 172.21.15.139:0/2713696794 >> [v2:172.21.15.139:3300/0,v1:172.21.15.139:6789/0] conn(0x7f26300faae0 0x7f26300faf00 secure :-1 s=READY pgs=20 cs=0 l=1 rev1=1 rx=0x7f262000b5f0 tx=0x7f2620006ee0).ready entity=mon.0 client_cookie=360b73c27b8cb875 server_cookie=0 in_seq=0 out_seq=0
2023-10-12T22:46:03.331 INFO:teuthology.orchestra.run.smithi139.stderr:/usr/bin/ceph:
2023-10-12T22:46:03.326+0000 7f262effd700 1 -- 172.21.15.139:0/2713696794 <== mon.0 v2:172.21.15.139:3300/0 1 ==== mon_map magic: 0 v1 ==== 229+0+0 (secure 0 0 0) 0x7f262000d600 con 0x7f26300faae0
2023-10-12T22:46:03.331 INFO:teuthology.orchestra.run.smithi139.stderr:/usr/bin/ceph:
2023-10-12T22:46:03.326+0000 7f262effd700 1 -- 172.21.15.139:0/2713696794 <== mon.0 v2:172.21.15.139:3300/0 2 ==== config(25 keys) v1 ==== 1010+0+0 (secure 0 0 0) 0x7f262000dbd0 con 0x7f26300faae0
2023-10-12T22:46:03.331 INFO:teuthology.orchestra.run.smithi139.stderr:/usr/bin/ceph:
2023-10-12T22:46:03.326+0000 7f262effd700 1 -- 172.21.15.139:0/2713696794 <== mon.0 v2:172.21.15.139:3300/0 3 ==== mon_map magic: 0 v1 ==== 229+0+0 (secure 0 0 0) 0x7f2620011c00 con 0x7f26300faae0
2023-10-12T22:46:03.331 INFO:teuthology.orchestra.run.smithi139.stderr:/usr/bin/ceph:
2023-10-12T22:46:03.327+0000 7f2636783700 1 -- 172.21.15.139:0/2713696794 >> [v2:172.21.15.139:3300/0,v1:172.21.15.139:6789/0] conn(0x7f26300faae0 msgr2=0x7f26300faf00 secure :-1 s=STATE_CONNECTION_ESTABLISHED l=1).mark_down
2023-10-12T22:46:03.332 INFO:teuthology.orchestra.run.smithi139.stderr:/usr/bin/ceph:
2023-10-12T22:46:03.327+0000 7f2636783700 1 --2- 172.21.15.139:0/2713696794 >> [v2:172.21.15.139:3300/0,v1:172.21.15.139:6789/0] conn(0x7f26300faae0 0x7f26300faf00 secure :-1 s=READY pgs=20 cs=0 l=1 rev1=1 rx=0x7f262000b5f0 tx=0x7f2620006ee0).stop
2023-10-12T22:46:03.332 INFO:teuthology.orchestra.run.smithi139.stderr:/usr/bin/ceph:
2023-10-12T22:46:03.327+0000 7f2636783700 1 -- 172.21.15.139:0/2713696794 shutdown_connections
2023-10-12T22:46:03.332 INFO:teuthology.orchestra.run.smithi139.stderr:/usr/bin/ceph:
2023-10-12T22:46:03.327+0000 7f2636783700 1 --2- 172.21.15.139:0/2713696794 >> [v2:172.21.15.139:3300/0,v1:172.21.15.139:6789/0] conn(0x7f26300faae0 0x7f26300faf00 unknown :-1 s=CLOSED pgs=20 cs=0 l=1 rev1=1 rx=0 tx=0).stop
2023-10-12T22:46:03.332 INFO:teuthology.orchestra.run.smithi139.stderr:/usr/bin/ceph:
2023-10-12T22:46:03.327+0000 7f2636783700 1 -- 172.21.15.139:0/2713696794 >> 172.21.15.139:0/2713696794 conn(0x7f26300f6280 msgr2=0x7f26300f86a0 unknown :-1 s=STATE_NONE l=0).mark_down
2023-10-12T22:46:03.332 INFO:teuthology.orchestra.run.smithi139.stderr:/usr/bin/ceph:
2023-10-12T22:46:03.327+0000 7f2636783700 1 -- 172.21.15.139:0/2713696794 shutdown_connections
2023-10-12T22:46:03.333 INFO:teuthology.orchestra.run.smithi139.stderr:/usr/bin/ceph:
2023-10-12T22:46:03.327+0000 7f2636783700 1 -- 172.21.15.139:0/2713696794 wait complete.
2023-10-12T22:46:03.333 INFO:teuthology.orchestra.run.smithi139.stderr:/usr/bin/ceph:
2023-10-12T22:46:03.328+0000 7f2636783700 1 Processor -- start
2023-10-12T22:46:03.333 INFO:teuthology.orchestra.run.smithi139.stderr:/usr/bin/ceph:
2023-10-12T22:46:03.328+0000 7f2636783700 1 -- start start
2023-10-12T22:46:03.333 INFO:teuthology.orchestra.run.smithi139.stderr:/usr/bin/ceph:
2023-10-12T22:46:03.328+0000 7f2636783700 1 --2- >> [v2:172.21.15.139:3300/0,v1:172.21.15.139:6789/0] conn(0x7f26300faae0 0x7f263010ccd0 unknown :-1 s=NONE pgs=0 cs=0 l=1 rev1=0 rx=0 tx=0).connect
2023-10-12T22:46:03.333 INFO:teuthology.orchestra.run.smithi139.stderr:/usr/bin/ceph:
2023-10-12T22:46:03.328+0000 7f2636783700 1 -- --> [v2:172.21.15.139:3300/0,v1:172.21.15.139:6789/0] -- mon_getmap magic: 0 v1 -- 0x7f263010d1c0 con 0x7f26300faae0
2023-10-12T22:46:03.333 INFO:teuthology.orchestra.run.smithi139.stderr:/usr/bin/ceph:
2023-10-12T22:46:03.328+0000 7f262ffff700 1 --2- >> [v2:172.21.15.139:3300/0,v1:172.21.15.139:6789/0] conn(0x7f26300faae0 0x7f263010ccd0 unknown :-1 s=BANNER_CONNECTING pgs=0 cs=0 l=1 rev1=0 rx=0 tx=0)._handle_peer_banner_payload supported=1 required=0
2023-10-12T22:46:03.334 INFO:teuthology.orchestra.run.smithi139.stderr:/usr/bin/ceph:
2023-10-12T22:46:03.328+0000 7f262ffff700 1 --2- >> [v2:172.21.15.139:3300/0,v1:172.21.15.139:6789/0] conn(0x7f26300faae0 0x7f263010ccd0 unknown :-1 s=HELLO_CONNECTING pgs=0 cs=0 l=1 rev1=1 rx=0 tx=0).handle_hello peer v2:172.21.15.139:3300/0 says I am v2:172.21.15.139:51084/0 (socket says 172.21.15.139:51084)
2023-10-12T22:46:03.334 INFO:teuthology.orchestra.run.smithi139.stderr:/usr/bin/ceph:
2023-10-12T22:46:03.328+0000 7f262ffff700 1 -- 172.21.15.139:0/2893900488 learned_addr learned my addr 172.21.15.139:0/2893900488 (peer_addr_for_me v2:172.21.15.139:0/0)
2023-10-12T22:46:03.334 INFO:teuthology.orchestra.run.smithi139.stderr:/usr/bin/ceph:
2023-10-12T22:46:03.329+0000 7f262ffff700 1 -- 172.21.15.139:0/2893900488 --> [v2:172.21.15.139:3300/0,v1:172.21.15.139:6789/0] -- mon_subscribe({config=0+,monmap=0+}) v3 -- 0x7f262000b200 con 0x7f26300faae0
2023-10-12T22:46:03.334 INFO:teuthology.orchestra.run.smithi139.stderr:/usr/bin/ceph:
2023-10-12T22:46:03.329+0000 7f262ffff700 1 --2- 172.21.15.139:0/2893900488 >> [v2:172.21.15.139:3300/0,v1:172.21.15.139:6789/0] conn(0x7f26300faae0 0x7f263010ccd0 secure :-1 s=READY pgs=21 cs=0 l=1 rev1=1 rx=0x7f2620002f40 tx=0x7f2620006ee0).ready entity=mon.0 client_cookie=0 server_cookie=0 in_seq=0 out_seq=0
2023-10-12T22:46:03.334 INFO:teuthology.orchestra.run.smithi139.stderr:/usr/bin/ceph:
2023-10-12T22:46:03.329+0000 7f262cff9700 1 -- 172.21.15.139:0/2893900488 <== mon.0 v2:172.21.15.139:3300/0 1 ==== mon_map magic: 0 v1 ==== 229+0+0 (secure 0 0 0) 0x7f2620011690 con 0x7f26300faae0
2023-10-12T22:46:03.335 INFO:teuthology.orchestra.run.smithi139.stderr:/usr/bin/ceph:
2023-10-12T22:46:03.329+0000 7f262cff9700 1 -- 172.21.15.139:0/2893900488 <== mon.0 v2:172.21.15.139:3300/0 2 ==== config(25 keys) v1 ==== 1010+0+0 (secure 0 0 0) 0x7f262001b880 con 0x7f26300faae0
2023-10-12T22:46:03.335 INFO:teuthology.orchestra.run.smithi139.stderr:/usr/bin/ceph:
2023-10-12T22:46:03.329+0000 7f2636783700 1 -- 172.21.15.139:0/2893900488 --> [v2:172.21.15.139:3300/0,v1:172.21.15.139:6789/0] -- mon_subscribe({mgrmap=0+}) v3 -- 0x7f263010d3c0 con 0x7f26300faae0
2023-10-12T22:46:03.335 INFO:teuthology.orchestra.run.smithi139.stderr:/usr/bin/ceph:
2023-10-12T22:46:03.329+0000 7f262cff9700 1 -- 172.21.15.139:0/2893900488 <== mon.0 v2:172.21.15.139:3300/0 3 ==== mon_map magic: 0 v1 ==== 229+0+0 (secure 0 0 0) 0x7f262001a6b0 con 0x7f26300faae0
2023-10-12T22:46:03.336 INFO:teuthology.orchestra.run.smithi139.stderr:/usr/bin/ceph:
2023-10-12T22:46:03.329+0000 7f2636783700 1 -- 172.21.15.139:0/2893900488 --> [v2:172.21.15.139:3300/0,v1:172.21.15.139:6789/0] -- mon_subscribe({osdmap=0}) v3 -- 0x7f263010d7d0 con 0x7f26300faae0
2023-10-12T22:46:03.336 INFO:teuthology.orchestra.run.smithi139.stderr:/usr/bin/ceph:
2023-10-12T22:46:03.330+0000 7f262cff9700 1 -- 172.21.15.139:0/2893900488 <== mon.0 v2:172.21.15.139:3300/0 4 ==== mgrmap(e 4) v1 ==== 36120+0+0 (secure 0 0 0) 0x7f262000f070 con 0x7f26300faae0
2023-10-12T22:46:03.337 INFO:teuthology.orchestra.run.smithi139.stderr:/usr/bin/ceph:
2023-10-12T22:46:03.330+0000 7f262cff9700 1 --2- 172.21.15.139:0/2893900488 >> [v2:172.21.15.139:6800/3359842824,v1:172.21.15.139:6801/3359842824] conn(0x7f261c02fd40 0x7f261c032200 unknown :-1 s=NONE pgs=0 cs=0 l=1 rev1=0 rx=0 tx=0).connect
2023-10-12T22:46:03.337 INFO:teuthology.orchestra.run.smithi139.stderr:/usr/bin/ceph:
2023-10-12T22:46:03.330+0000 7f262cff9700 1 -- 172.21.15.139:0/2893900488 <== mon.0 v2:172.21.15.139:3300/0 5 ==== osd_map(1..1 src has 1..1) v4 ==== 754+0+0 (secure 0 0 0) 0x7f2620042050 con 0x7f26300faae0
2023-10-12T22:46:03.337 INFO:teuthology.orchestra.run.smithi139.stderr:/usr/bin/ceph:
2023-10-12T22:46:03.330+0000 7f262f7fe700 1 -- 172.21.15.139:0/2893900488 >> [v2:172.21.15.139:6800/3359842824,v1:172.21.15.139:6801/3359842824] conn(0x7f261c02fd40 msgr2=0x7f261c032200 unknown :-1 s=STATE_CONNECTING_RE l=1).process reconnect failed to v2:172.21.15.139:6800/3359842824
2023-10-12T22:46:03.337 INFO:teuthology.orchestra.run.smithi139.stderr:/usr/bin/ceph:
2023-10-12T22:46:03.330+0000 7f262f7fe700 1 --2- 172.21.15.139:0/2893900488 >> [v2:172.21.15.139:6800/3359842824,v1:172.21.15.139:6801/3359842824] conn(0x7f261c02fd40 0x7f261c032200 unknown :-1 s=START_CONNECT pgs=0 cs=0 l=1 rev1=0 rx=0 tx=0)._fault waiting 0.200000
2023-10-12T22:46:03.337 INFO:teuthology.orchestra.run.smithi139.stderr:/usr/bin/ceph:
2023-10-12T22:46:03.330+0000 7f2636783700 1 -- 172.21.15.139:0/2893900488 --> [v2:172.21.15.139:3300/0,v1:172.21.15.139:6789/0] -- mon_command({"prefix": "get_command_descriptions"} v 0) v1 -- 0x7f2630045ad0 con 0x7f26300faae0
2023-10-12T22:46:03.338 INFO:teuthology.orchestra.run.smithi139.stderr:/usr/bin/ceph:
2023-10-12T22:46:03.334+0000 7f262cff9700 1 -- 172.21.15.139:0/2893900488 <== mon.0 v2:172.21.15.139:3300/0 6 ==== mon_command_ack([{"prefix": "get_command_descriptions"}]=0 v0) v1 ==== 72+0+152212 (secure 0 0 0) 0x7f2620016070 con 0x7f26300faae0
2023-10-12T22:46:03.527 INFO:teuthology.orchestra.run.smithi139.stderr:/usr/bin/ceph:
2023-10-12T22:46:03.525+0000 7f2636783700 1 -- 172.21.15.139:0/2893900488 --> [v2:172.21.15.139:3300/0,v1:172.21.15.139:6789/0] -- mon_command({"prefix": "mgr stat"} v 0) v1 -- 0x7f263010e670 con 0x7f26300faae0
2023-10-12T22:46:03.527 INFO:teuthology.orchestra.run.smithi139.stderr:/usr/bin/ceph:
2023-10-12T22:46:03.526+0000 7f262cff9700 1 -- 172.21.15.139:0/2893900488 <== mon.0 v2:172.21.15.139:3300/0 7 ==== mon_command_ack([{"prefix": "mgr stat"}]=0 v4) v1 ==== 56+0+103 (secure 0 0 0) 0x7f2620022900 con 0x7f26300faae0
2023-10-12T22:46:03.527 INFO:teuthology.orchestra.run.smithi139.stderr:/usr/bin/ceph: {
2023-10-12T22:46:03.528 INFO:teuthology.orchestra.run.smithi139.stderr:/usr/bin/ceph: "epoch": 4,
2023-10-12T22:46:03.528 INFO:teuthology.orchestra.run.smithi139.stderr:/usr/bin/ceph: "available": true,
2023-10-12T22:46:03.528 INFO:teuthology.orchestra.run.smithi139.stderr:/usr/bin/ceph: "active_name": "smithi139.fiqmuu",
2023-10-12T22:46:03.528 INFO:teuthology.orchestra.run.smithi139.stderr:/usr/bin/ceph: "num_standby": 0
2023-10-12T22:46:03.528 INFO:teuthology.orchestra.run.smithi139.stderr:/usr/bin/ceph: }
2023-10-12T22:46:03.530 INFO:teuthology.orchestra.run.smithi139.stderr:/usr/bin/ceph:
2023-10-12T22:46:03.527+0000 7f2636783700 1 -- 172.21.15.139:0/2893900488 >> [v2:172.21.15.139:6800/3359842824,v1:172.21.15.139:6801/3359842824] conn(0x7f261c02fd40 msgr2=0x7f261c032200 unknown :-1 s=STATE_CONNECTING l=1).mark_down
2023-10-12T22:46:03.530 INFO:teuthology.orchestra.run.smithi139.stderr:/usr/bin/ceph:
2023-10-12T22:46:03.527+0000 7f2636783700 1 --2- 172.21.15.139:0/2893900488 >> [v2:172.21.15.139:6800/3359842824,v1:172.21.15.139:6801/3359842824] conn(0x7f261c02fd40 0x7f261c032200 unknown :-1 s=START_CONNECT pgs=0 cs=0 l=1 rev1=0 rx=0 tx=0).stop
2023-10-12T22:46:03.531 INFO:teuthology.orchestra.run.smithi139.stderr:/usr/bin/ceph:
2023-10-12T22:46:03.527+0000 7f2636783700 1 -- 172.21.15.139:0/2893900488 >> [v2:172.21.15.139:3300/0,v1:172.21.15.139:6789/0] conn(0x7f26300faae0 msgr2=0x7f263010ccd0 secure :-1 s=STATE_CONNECTION_ESTABLISHED l=1).mark_down
2023-10-12T22:46:03.531 INFO:teuthology.orchestra.run.smithi139.stderr:/usr/bin/ceph:
2023-10-12T22:46:03.527+0000 7f2636783700 1 --2- 172.21.15.139:0/2893900488 >> [v2:172.21.15.139:3300/0,v1:172.21.15.139:6789/0] conn(0x7f26300faae0 0x7f263010ccd0 secure :-1 s=READY pgs=21 cs=0 l=1 rev1=1 rx=0x7f2620002f40 tx=0x7f2620006ee0).stop
2023-10-12T22:46:03.532 INFO:teuthology.orchestra.run.smithi139.stderr:/usr/bin/ceph:
2023-10-12T22:46:03.527+0000 7f2636783700 1 -- 172.21.15.139:0/2893900488 shutdown_connections
2023-10-12T22:46:03.532 INFO:teuthology.orchestra.run.smithi139.stderr:/usr/bin/ceph:
2023-10-12T22:46:03.527+0000 7f2636783700 1 --2- 172.21.15.139:0/2893900488 >> [v2:172.21.15.139:6800/3359842824,v1:172.21.15.139:6801/3359842824] conn(0x7f261c02fd40 0x7f261c032200 unknown :-1 s=CLOSED pgs=0 cs=0 l=1 rev1=0 rx=0 tx=0).stop
2023-10-12T22:46:03.532 INFO:teuthology.orchestra.run.smithi139.stderr:/usr/bin/ceph:
2023-10-12T22:46:03.527+0000 7f2636783700 1 --2- 172.21.15.139:0/2893900488 >> [v2:172.21.15.139:3300/0,v1:172.21.15.139:6789/0] conn(0x7f26300faae0 0x7f263010ccd0 unknown :-1 s=CLOSED pgs=21 cs=0 l=1 rev1=1 rx=0 tx=0).stop
2023-10-12T22:46:03.532 INFO:teuthology.orchestra.run.smithi139.stderr:/usr/bin/ceph:
2023-10-12T22:46:03.527+0000 7f2636783700 1 -- 172.21.15.139:0/2893900488 >> 172.21.15.139:0/2893900488 conn(0x7f26300f6280 msgr2=0x7f26300ff7d0 unknown :-1 s=STATE_NONE l=0).mark_down
2023-10-12T22:46:03.532 INFO:teuthology.orchestra.run.smithi139.stderr:/usr/bin/ceph:
2023-10-12T22:46:03.528+0000 7f2636783700 1 -- 172.21.15.139:0/2893900488 shutdown_connections
2023-10-12T22:46:03.533 INFO:teuthology.orchestra.run.smithi139.stderr:/usr/bin/ceph:
2023-10-12T22:46:03.528+0000 7f2636783700 1 -- 172.21.15.139:0/2893900488 wait complete.
2023-10-12T22:46:03.833 INFO:journalctl@ceph.mon.smithi139.smithi139.stdout:Oct 12 22:46:03 smithi139 ceph-079ada9c-6951-11ee-8db6-212e2dc638e7-mon.smithi139[112395]: audit
2023-10-12T22:46:02.608259+0000 mon.smithi139 (mon.0) 25 : audit [INF] from='client.? 172.21.15.139:0/1294166591' entity='client.admin' cmd='[{"prefix": "mgr module enable", "module": "cephadm"}]': finished
2023-10-12T22:46:03.834 INFO:journalctl@ceph.mon.smithi139.smithi139.stdout:Oct 12 22:46:03 smithi139 ceph-079ada9c-6951-11ee-8db6-212e2dc638e7-mon.smithi139[112395]: cluster
2023-10-12T22:46:02.608323+0000 mon.smithi139 (mon.0) 26 : cluster [DBG] mgrmap e4: smithi139.fiqmuu(active, since 3s)
2023-10-12T22:46:03.834 INFO:journalctl@ceph.mon.smithi139.smithi139.stdout:Oct 12 22:46:03 smithi139 ceph-079ada9c-6951-11ee-8db6-212e2dc638e7-mon.smithi139[112395]: audit
2023-10-12T22:46:03.526716+0000 mon.smithi139 (mon.0) 27 : audit [DBG] from='client.? 172.21.15.139:0/2893900488' entity='client.admin' cmd=[{"prefix": "mgr stat"}]: dispatch
2023-10-12T22:46:03.859 INFO:teuthology.orchestra.run.smithi139.stderr:Waiting for the mgr to restart...
2023-10-12T22:46:03.859 INFO:teuthology.orchestra.run.smithi139.stderr:Waiting for mgr epoch 4...
2023-10-12T22:46:03.859 INFO:teuthology.orchestra.run.smithi139.stderr:Running command: /bin/podman run --rm --ipc=host --no-hosts --net=host --entrypoint /usr/bin/ceph --init -e CONTAINER_IMAGE=docker.io/ceph/ceph:v16.2.4 -e NODE_NAME=smithi139 -e CEPH_USE_RANDOM_NONCE=1 -v /var/log/ceph/079ada9c-6951-11ee-8db6-212e2dc638e7:/var/log/ceph:z -v /tmp/ceph-tmp1y_2twhj:/etc/ceph/ceph.client.admin.keyring:z -v /tmp/ceph-tmp49lpdb0h:/etc/ceph/ceph.conf:z docker.io/ceph/ceph:v16.2.4 tell mgr mgr_status
2023-10-12T22:46:04.228 INFO:teuthology.orchestra.run.smithi139.stderr:/usr/bin/ceph:
2023-10-12T22:46:04.222+0000 7f1a8b00b700 1 Processor -- start
2023-10-12T22:46:04.228 INFO:teuthology.orchestra.run.smithi139.stderr:/usr/bin/ceph:
2023-10-12T22:46:04.222+0000 7f1a8b00b700 1 -- start start
2023-10-12T22:46:04.228 INFO:teuthology.orchestra.run.smithi139.stderr:/usr/bin/ceph:
2023-10-12T22:46:04.222+0000 7f1a8b00b700 1 --2- >> [v2:172.21.15.139:3300/0,v1:172.21.15.139:6789/0] conn(0x7f1a8406fbf0 0x7f1a840fe880 unknown :-1 s=NONE pgs=0 cs=0 l=0 rev1=0 rx=0 tx=0).connect
2023-10-12T22:46:04.229 INFO:teuthology.orchestra.run.smithi139.stderr:/usr/bin/ceph:
2023-10-12T22:46:04.222+0000 7f1a8b00b700 1 -- --> [v2:172.21.15.139:3300/0,v1:172.21.15.139:6789/0] -- mon_getmap magic: 0 v1 -- 0x7f1a840fed70 con 0x7f1a8406fbf0
2023-10-12T22:46:04.229 INFO:teuthology.orchestra.run.smithi139.stderr:/usr/bin/ceph:
2023-10-12T22:46:04.222+0000 7f1a88da7700 1 --2- >> [v2:172.21.15.139:3300/0,v1:172.21.15.139:6789/0] conn(0x7f1a8406fbf0 0x7f1a840fe880 unknown :-1 s=BANNER_CONNECTING pgs=0 cs=0 l=0 rev1=0 rx=0 tx=0)._handle_peer_banner_payload supported=1 required=0
2023-10-12T22:46:04.230 INFO:teuthology.orchestra.run.smithi139.stderr:/usr/bin/ceph:
2023-10-12T22:46:04.222+0000 7f1a88da7700 1 --2- >> [v2:172.21.15.139:3300/0,v1:172.21.15.139:6789/0] conn(0x7f1a8406fbf0 0x7f1a840fe880 unknown :-1 s=HELLO_CONNECTING pgs=0 cs=0 l=0 rev1=1 rx=0 tx=0).handle_hello peer v2:172.21.15.139:3300/0 says I am v2:172.21.15.139:51090/0 (socket says 172.21.15.139:51090)
2023-10-12T22:46:04.230 INFO:teuthology.orchestra.run.smithi139.stderr:/usr/bin/ceph:
2023-10-12T22:46:04.222+0000 7f1a88da7700 1 -- 172.21.15.139:0/682981954 learned_addr learned my addr 172.21.15.139:0/682981954 (peer_addr_for_me v2:172.21.15.139:0/0)
2023-10-12T22:46:04.230 INFO:teuthology.orchestra.run.smithi139.stderr:/usr/bin/ceph:
2023-10-12T22:46:04.222+0000 7f1a88da7700 1 -- 172.21.15.139:0/682981954 --> [v2:172.21.15.139:3300/0,v1:172.21.15.139:6789/0] -- mon_subscribe({config=0+,monmap=0+}) v3 -- 0x7f1a840feeb0 con 0x7f1a8406fbf0
2023-10-12T22:46:04.231 INFO:teuthology.orchestra.run.smithi139.stderr:/usr/bin/ceph:
2023-10-12T22:46:04.222+0000 7f1a88da7700 1 --2- 172.21.15.139:0/682981954 >> [v2:172.21.15.139:3300/0,v1:172.21.15.139:6789/0] conn(0x7f1a8406fbf0 0x7f1a840fe880 secure :-1 s=READY pgs=22 cs=0 l=1 rev1=1 rx=0x7f1a7800b5f0 tx=0x7f1a78006ee0).ready entity=mon.0 client_cookie=687dafd885525182 server_cookie=0 in_seq=0 out_seq=0
2023-10-12T22:46:04.231 INFO:teuthology.orchestra.run.smithi139.stderr:/usr/bin/ceph:
2023-10-12T22:46:04.223+0000 7f1a837fe700 1 -- 172.21.15.139:0/682981954 <== mon.0 v2:172.21.15.139:3300/0 1 ==== mon_map magic: 0 v1 ==== 229+0+0 (secure 0 0 0) 0x7f1a7800d600 con 0x7f1a8406fbf0
2023-10-12T22:46:04.231 INFO:teuthology.orchestra.run.smithi139.stderr:/usr/bin/ceph:
2023-10-12T22:46:04.223+0000 7f1a837fe700 1 -- 172.21.15.139:0/682981954 <== mon.0 v2:172.21.15.139:3300/0 2 ==== config(25 keys) v1 ==== 1010+0+0 (secure 0 0 0) 0x7f1a7800dbd0 con 0x7f1a8406fbf0
2023-10-12T22:46:04.232 INFO:teuthology.orchestra.run.smithi139.stderr:/usr/bin/ceph:
2023-10-12T22:46:04.223+0000 7f1a837fe700 1 -- 172.21.15.139:0/682981954 <== mon.0 v2:172.21.15.139:3300/0 3 ==== mon_map magic: 0 v1 ==== 229+0+0 (secure 0 0 0) 0x7f1a78011c00 con 0x7f1a8406fbf0
2023-10-12T22:46:04.233 INFO:teuthology.orchestra.run.smithi139.stderr:/usr/bin/ceph:
2023-10-12T22:46:04.223+0000 7f1a8b00b700 1 -- 172.21.15.139:0/682981954 >> [v2:172.21.15.139:3300/0,v1:172.21.15.139:6789/0] conn(0x7f1a8406fbf0 msgr2=0x7f1a840fe880 secure :-1 s=STATE_CONNECTION_ESTABLISHED l=1).mark_down
2023-10-12T22:46:04.234 INFO:teuthology.orchestra.run.smithi139.stderr:/usr/bin/ceph:
2023-10-12T22:46:04.223+0000 7f1a8b00b700 1 --2- 172.21.15.139:0/682981954 >> [v2:172.21.15.139:3300/0,v1:172.21.15.139:6789/0] conn(0x7f1a8406fbf0 0x7f1a840fe880 secure :-1 s=READY pgs=22 cs=0 l=1 rev1=1 rx=0x7f1a7800b5f0 tx=0x7f1a78006ee0).stop
2023-10-12T22:46:04.234 INFO:teuthology.orchestra.run.smithi139.stderr:/usr/bin/ceph:
2023-10-12T22:46:04.224+0000 7f1a8b00b700 1 -- 172.21.15.139:0/682981954 shutdown_connections
2023-10-12T22:46:04.234 INFO:teuthology.orchestra.run.smithi139.stderr:/usr/bin/ceph:
2023-10-12T22:46:04.224+0000 7f1a8b00b700 1 --2- 172.21.15.139:0/682981954 >> [v2:172.21.15.139:3300/0,v1:172.21.15.139:6789/0] conn(0x7f1a8406fbf0 0x7f1a840fe880 unknown :-1 s=CLOSED pgs=22 cs=0 l=1 rev1=1 rx=0 tx=0).stop
2023-10-12T22:46:04.234 INFO:teuthology.orchestra.run.smithi139.stderr:/usr/bin/ceph:
2023-10-12T22:46:04.224+0000 7f1a8b00b700 1 -- 172.21.15.139:0/682981954 >> 172.21.15.139:0/682981954 conn(0x7f1a840f6280 msgr2=0x7f1a840f86a0 unknown :-1 s=STATE_NONE l=0).mark_down
2023-10-12T22:46:04.234 INFO:teuthology.orchestra.run.smithi139.stderr:/usr/bin/ceph:
2023-10-12T22:46:04.224+0000 7f1a8b00b700 1 -- 172.21.15.139:0/682981954 shutdown_connections
2023-10-12T22:46:04.235 INFO:teuthology.orchestra.run.smithi139.stderr:/usr/bin/ceph:
2023-10-12T22:46:04.224+0000 7f1a8b00b700 1 -- 172.21.15.139:0/682981954 wait complete.
2023-10-12T22:46:04.235 INFO:teuthology.orchestra.run.smithi139.stderr:/usr/bin/ceph:
2023-10-12T22:46:04.224+0000 7f1a8b00b700 1 Processor -- start
2023-10-12T22:46:04.235 INFO:teuthology.orchestra.run.smithi139.stderr:/usr/bin/ceph:
2023-10-12T22:46:04.224+0000 7f1a8b00b700 1 -- start start
2023-10-12T22:46:04.235 INFO:teuthology.orchestra.run.smithi139.stderr:/usr/bin/ceph:
2023-10-12T22:46:04.225+0000 7f1a8b00b700 1 --2- >> [v2:172.21.15.139:3300/0,v1:172.21.15.139:6789/0] conn(0x7f1a8406fbf0 0x7f1a8410a9d0 unknown :-1 s=NONE pgs=0 cs=0 l=1 rev1=0 rx=0 tx=0).connect
2023-10-12T22:46:04.236 INFO:teuthology.orchestra.run.smithi139.stderr:/usr/bin/ceph:
2023-10-12T22:46:04.225+0000 7f1a8b00b700 1 -- --> [v2:172.21.15.139:3300/0,v1:172.21.15.139:6789/0] -- mon_getmap magic: 0 v1 -- 0x7f1a8410aec0 con 0x7f1a8406fbf0
2023-10-12T22:46:04.236 INFO:teuthology.orchestra.run.smithi139.stderr:/usr/bin/ceph:
2023-10-12T22:46:04.225+0000 7f1a88da7700 1 --2- >> [v2:172.21.15.139:3300/0,v1:172.21.15.139:6789/0] conn(0x7f1a8406fbf0 0x7f1a8410a9d0 unknown :-1 s=BANNER_CONNECTING pgs=0 cs=0 l=1 rev1=0 rx=0 tx=0)._handle_peer_banner_payload supported=1 required=0
2023-10-12T22:46:04.236 INFO:teuthology.orchestra.run.smithi139.stderr:/usr/bin/ceph:
2023-10-12T22:46:04.225+0000 7f1a88da7700 1 --2- >> [v2:172.21.15.139:3300/0,v1:172.21.15.139:6789/0] conn(0x7f1a8406fbf0 0x7f1a8410a9d0 unknown :-1 s=HELLO_CONNECTING pgs=0 cs=0 l=1 rev1=1 rx=0 tx=0).handle_hello peer v2:172.21.15.139:3300/0 says I am v2:172.21.15.139:51092/0 (socket says 172.21.15.139:51092)
2023-10-12T22:46:04.236 INFO:teuthology.orchestra.run.smithi139.stderr:/usr/bin/ceph:
2023-10-12T22:46:04.225+0000 7f1a88da7700 1 -- 172.21.15.139:0/3971792793 learned_addr learned my addr 172.21.15.139:0/3971792793 (peer_addr_for_me v2:172.21.15.139:0/0)
2023-10-12T22:46:04.236 INFO:teuthology.orchestra.run.smithi139.stderr:/usr/bin/ceph:
2023-10-12T22:46:04.225+0000 7f1a88da7700 1 -- 172.21.15.139:0/3971792793 --> [v2:172.21.15.139:3300/0,v1:172.21.15.139:6789/0] -- mon_subscribe({config=0+,monmap=0+}) v3 -- 0x7f1a7800b200 con 0x7f1a8406fbf0
2023-10-12T22:46:04.237 INFO:teuthology.orchestra.run.smithi139.stderr:/usr/bin/ceph:
2023-10-12T22:46:04.225+0000 7f1a88da7700 1 --2- 172.21.15.139:0/3971792793 >> [v2:172.21.15.139:3300/0,v1:172.21.15.139:6789/0] conn(0x7f1a8406fbf0 0x7f1a8410a9d0 secure :-1 s=READY pgs=23 cs=0 l=1 rev1=1 rx=0x7f1a7800b1d0 tx=0x7f1a78006ee0).ready entity=mon.0 client_cookie=0 server_cookie=0 in_seq=0 out_seq=0
2023-10-12T22:46:04.237 INFO:teuthology.orchestra.run.smithi139.stderr:/usr/bin/ceph:
2023-10-12T22:46:04.225+0000 7f1a817fa700 1 -- 172.21.15.139:0/3971792793 <== mon.0 v2:172.21.15.139:3300/0 1 ==== mon_map magic: 0 v1 ==== 229+0+0 (secure 0 0 0) 0x7f1a78011690 con 0x7f1a8406fbf0
2023-10-12T22:46:04.237 INFO:teuthology.orchestra.run.smithi139.stderr:/usr/bin/ceph:
2023-10-12T22:46:04.226+0000 7f1a817fa700 1 -- 172.21.15.139:0/3971792793 <== mon.0 v2:172.21.15.139:3300/0 2 ==== config(25 keys) v1 ==== 1010+0+0 (secure 0 0 0) 0x7f1a7801b880 con 0x7f1a8406fbf0
2023-10-12T22:46:04.237 INFO:teuthology.orchestra.run.smithi139.stderr:/usr/bin/ceph:
2023-10-12T22:46:04.226+0000 7f1a8b00b700 1 -- 172.21.15.139:0/3971792793 --> [v2:172.21.15.139:3300/0,v1:172.21.15.139:6789/0] -- mon_subscribe({mgrmap=0+}) v3 -- 0x7f1a8410b0c0 con 0x7f1a8406fbf0
2023-10-12T22:46:04.237 INFO:teuthology.orchestra.run.smithi139.stderr:/usr/bin/ceph:
2023-10-12T22:46:04.226+0000 7f1a817fa700 1 -- 172.21.15.139:0/3971792793 <== mon.0 v2:172.21.15.139:3300/0 3 ==== mon_map magic: 0 v1 ==== 229+0+0 (secure 0 0 0) 0x7f1a7801a650 con 0x7f1a8406fbf0
2023-10-12T22:46:04.237 INFO:teuthology.orchestra.run.smithi139.stderr:/usr/bin/ceph:
2023-10-12T22:46:04.226+0000 7f1a8b00b700 1 -- 172.21.15.139:0/3971792793 --> [v2:172.21.15.139:3300/0,v1:172.21.15.139:6789/0] -- mon_subscribe({osdmap=0}) v3 -- 0x7f1a8410b4d0 con 0x7f1a8406fbf0
2023-10-12T22:46:04.238 INFO:teuthology.orchestra.run.smithi139.stderr:/usr/bin/ceph:
2023-10-12T22:46:04.226+0000 7f1a817fa700 1 -- 172.21.15.139:0/3971792793 <== mon.0 v2:172.21.15.139:3300/0 4 ==== mgrmap(e 4) v1 ==== 36120+0+0 (secure 0 0 0) 0x7f1a7800f070 con 0x7f1a8406fbf0
2023-10-12T22:46:04.238 INFO:teuthology.orchestra.run.smithi139.stderr:/usr/bin/ceph:
2023-10-12T22:46:04.226+0000 7f1a817fa700 1 --2- 172.21.15.139:0/3971792793 >> [v2:172.21.15.139:6800/3359842824,v1:172.21.15.139:6801/3359842824] conn(0x7f1a6802fd50 0x7f1a68032210 unknown :-1 s=NONE pgs=0 cs=0 l=1 rev1=0 rx=0 tx=0).connect
2023-10-12T22:46:04.238 INFO:teuthology.orchestra.run.smithi139.stderr:/usr/bin/ceph:
2023-10-12T22:46:04.226+0000 7f1a817fa700 1 -- 172.21.15.139:0/3971792793 <== mon.0 v2:172.21.15.139:3300/0 5 ==== osd_map(1..1 src has 1..1) v4 ==== 754+0+0 (secure 0 0 0) 0x7f1a7801b5a0 con 0x7f1a8406fbf0
2023-10-12T22:46:04.238 INFO:teuthology.orchestra.run.smithi139.stderr:/usr/bin/ceph:
2023-10-12T22:46:04.227+0000 7f1a83fff700 1 -- 172.21.15.139:0/3971792793 >> [v2:172.21.15.139:6800/3359842824,v1:172.21.15.139:6801/3359842824] conn(0x7f1a6802fd50 msgr2=0x7f1a68032210 unknown :-1 s=STATE_CONNECTING_RE l=1).process reconnect failed to v2:172.21.15.139:6800/3359842824
2023-10-12T22:46:04.238 INFO:teuthology.orchestra.run.smithi139.stderr:/usr/bin/ceph:
2023-10-12T22:46:04.227+0000 7f1a83fff700 1 --2- 172.21.15.139:0/3971792793 >> [v2:172.21.15.139:6800/3359842824,v1:172.21.15.139:6801/3359842824] conn(0x7f1a6802fd50 0x7f1a68032210 unknown :-1 s=START_CONNECT pgs=0 cs=0 l=1 rev1=0 rx=0 tx=0)._fault waiting 0.200000
2023-10-12T22:46:04.239 INFO:teuthology.orchestra.run.smithi139.stderr:/usr/bin/ceph:
2023-10-12T22:46:04.227+0000 7f1a8b00b700 1 -- 172.21.15.139:0/3971792793 --> [v2:172.21.15.139:6800/3359842824,v1:172.21.15.139:6801/3359842824] -- command(tid 0: {"prefix": "get_command_descriptions"}) v1 -- 0x7f1a84059100 con 0x7f1a6802fd50
2023-10-12T22:46:04.429 INFO:teuthology.orchestra.run.smithi139.stderr:/usr/bin/ceph:
2023-10-12T22:46:04.428+0000 7f1a83fff700 1 -- 172.21.15.139:0/3971792793 >> [v2:172.21.15.139:6800/3359842824,v1:172.21.15.139:6801/3359842824] conn(0x7f1a6802fd50 msgr2=0x7f1a68032210 unknown :-1 s=STATE_CONNECTING_RE l=1).process reconnect failed to v2:172.21.15.139:6800/3359842824
2023-10-12T22:46:04.429 INFO:teuthology.orchestra.run.smithi139.stderr:/usr/bin/ceph:
2023-10-12T22:46:04.428+0000 7f1a83fff700 1 --2- 172.21.15.139:0/3971792793 >> [v2:172.21.15.139:6800/3359842824,v1:172.21.15.139:6801/3359842824] conn(0x7f1a6802fd50 0x7f1a68032210 unknown :-1 s=START_CONNECT pgs=0 cs=0 l=1 rev1=0 rx=0 tx=0)._fault waiting 0.400000
2023-10-12T22:46:04.830 INFO:teuthology.orchestra.run.smithi139.stderr:/usr/bin/ceph:
2023-10-12T22:46:04.828+0000 7f1a83fff700 1 -- 172.21.15.139:0/3971792793 >> [v2:172.21.15.139:6800/3359842824,v1:172.21.15.139:6801/3359842824] conn(0x7f1a6802fd50 msgr2=0x7f1a68032210 unknown :-1 s=STATE_CONNECTING_RE l=1).process reconnect failed to v2:172.21.15.139:6800/3359842824
2023-10-12T22:46:04.830 INFO:teuthology.orchestra.run.smithi139.stderr:/usr/bin/ceph:
2023-10-12T22:46:04.828+0000 7f1a83fff700 1 --2- 172.21.15.139:0/3971792793 >> [v2:172.21.15.139:6800/3359842824,v1:172.21.15.139:6801/3359842824] conn(0x7f1a6802fd50 0x7f1a68032210 unknown :-1 s=START_CONNECT pgs=0 cs=0 l=1 rev1=0 rx=0 tx=0)._fault waiting 0.800000
2023-10-12T22:46:05.631 INFO:teuthology.orchestra.run.smithi139.stderr:/usr/bin/ceph:
2023-10-12T22:46:05.629+0000 7f1a83fff700 1 -- 172.21.15.139:0/3971792793 >> [v2:172.21.15.139:6800/3359842824,v1:172.21.15.139:6801/3359842824] conn(0x7f1a6802fd50 msgr2=0x7f1a68032210 unknown :-1 s=STATE_CONNECTING_RE l=1).process reconnect failed to v2:172.21.15.139:6800/3359842824
2023-10-12T22:46:05.631 INFO:teuthology.orchestra.run.smithi139.stderr:/usr/bin/ceph:
2023-10-12T22:46:05.629+0000 7f1a83fff700 1 --2- 172.21.15.139:0/3971792793 >> [v2:172.21.15.139:6800/3359842824,v1:172.21.15.139:6801/3359842824] conn(0x7f1a6802fd50 0x7f1a68032210 unknown :-1 s=START_CONNECT pgs=0 cs=0 l=1 rev1=0 rx=0 tx=0)._fault waiting 1.600000
2023-10-12T22:46:07.232 INFO:teuthology.orchestra.run.smithi139.stderr:/usr/bin/ceph:
2023-10-12T22:46:07.230+0000 7f1a83fff700 1 -- 172.21.15.139:0/3971792793 >> [v2:172.21.15.139:6800/3359842824,v1:172.21.15.139:6801/3359842824] conn(0x7f1a6802fd50 msgr2=0x7f1a68032210 unknown :-1 s=STATE_CONNECTING_RE l=1).process reconnect failed to v2:172.21.15.139:6800/3359842824
2023-10-12T22:46:07.233 INFO:teuthology.orchestra.run.smithi139.stderr:/usr/bin/ceph:
2023-10-12T22:46:07.230+0000 7f1a83fff700 1 --2- 172.21.15.139:0/3971792793 >> [v2:172.21.15.139:6800/3359842824,v1:172.21.15.139:6801/3359842824] conn(0x7f1a6802fd50 0x7f1a68032210 unknown :-1 s=START_CONNECT pgs=0 cs=0 l=1 rev1=0 rx=0 tx=0)._fault waiting 3.200000
2023-10-12T22:46:07.648 INFO:teuthology.orchestra.run.smithi139.stderr:/usr/bin/ceph:
2023-10-12T22:46:07.646+0000 7f1a817fa700 1 -- 172.21.15.139:0/3971792793 <== mon.0 v2:172.21.15.139:3300/0 6 ==== mgrmap(e 5) v1 ==== 35970+0+0 (secure 0 0 0) 0x7f1a780254b0 con 0x7f1a8406fbf0
2023-10-12T22:46:07.648 INFO:teuthology.orchestra.run.smithi139.stderr:/usr/bin/ceph:
2023-10-12T22:46:07.646+0000 7f1a817fa700 1 -- 172.21.15.139:0/3971792793 >> [v2:172.21.15.139:6800/3359842824,v1:172.21.15.139:6801/3359842824] conn(0x7f1a6802fd50 msgr2=0x7f1a68032210 unknown :-1 s=STATE_CONNECTING l=1).mark_down
2023-10-12T22:46:07.648 INFO:teuthology.orchestra.run.smithi139.stderr:/usr/bin/ceph:
2023-10-12T22:46:07.646+0000 7f1a817fa700 1 --2- 172.21.15.139:0/3971792793 >> [v2:172.21.15.139:6800/3359842824,v1:172.21.15.139:6801/3359842824] conn(0x7f1a6802fd50 0x7f1a68032210 unknown :-1 s=START_CONNECT pgs=0 cs=0 l=1 rev1=0 rx=0 tx=0).stop
2023-10-12T22:46:08.650 INFO:teuthology.orchestra.run.smithi139.stderr:/usr/bin/ceph:
2023-10-12T22:46:08.648+0000 7f1a817fa700 1 -- 172.21.15.139:0/3971792793 <== mon.0 v2:172.21.15.139:3300/0 7 ==== mgrmap(e 6) v1 ==== 36040+0+0 (secure 0 0 0) 0x7f1a78023c40 con 0x7f1a8406fbf0
2023-10-12T22:46:08.650 INFO:teuthology.orchestra.run.smithi139.stderr:/usr/bin/ceph:
2023-10-12T22:46:08.648+0000 7f1a817fa700 1 --2- 172.21.15.139:0/3971792793 >> [v2:172.21.15.139:6800/3080328497,v1:172.21.15.139:6801/3080328497] conn(0x7f1a680336c0 0x7f1a68035ab0 unknown :-1 s=NONE pgs=0 cs=0 l=1 rev1=0 rx=0 tx=0).connect
2023-10-12T22:46:08.651 INFO:teuthology.orchestra.run.smithi139.stderr:/usr/bin/ceph:
2023-10-12T22:46:08.648+0000 7f1a817fa700 1 -- 172.21.15.139:0/3971792793 --> [v2:172.21.15.139:6800/3080328497,v1:172.21.15.139:6801/3080328497] -- command(tid 0: {"prefix": "get_command_descriptions"}) v1 -- 0x7f1a84059100 con 0x7f1a680336c0
2023-10-12T22:46:08.651 INFO:teuthology.orchestra.run.smithi139.stderr:/usr/bin/ceph:
2023-10-12T22:46:08.648+0000 7f1a83fff700 1 --2- 172.21.15.139:0/3971792793 >> [v2:172.21.15.139:6800/3080328497,v1:172.21.15.139:6801/3080328497] conn(0x7f1a680336c0 0x7f1a68035ab0 unknown :-1 s=BANNER_CONNECTING pgs=0 cs=0 l=1 rev1=0 rx=0 tx=0)._handle_peer_banner_payload supported=1 required=0
2023-10-12T22:46:08.651 INFO:teuthology.orchestra.run.smithi139.stderr:/usr/bin/ceph:
2023-10-12T22:46:08.649+0000 7f1a83fff700 1 --2- 172.21.15.139:0/3971792793 >> [v2:172.21.15.139:6800/3080328497,v1:172.21.15.139:6801/3080328497] conn(0x7f1a680336c0 0x7f1a68035ab0 secure :-1 s=READY pgs=1 cs=0 l=1 rev1=1 rx=0x7f1a70006fd0 tx=0x7f1a70006cf0).ready entity=mgr.14114 client_cookie=0 server_cookie=0 in_seq=0 out_seq=0
2023-10-12T22:46:08.652 INFO:teuthology.orchestra.run.smithi139.stderr:/usr/bin/ceph:
2023-10-12T22:46:08.650+0000 7f1a817fa700 1 -- 172.21.15.139:0/3971792793 <== mgr.14114 v2:172.21.15.139:6800/3080328497 1 ==== command_reply(tid 0: 0 ) v1 ==== 8+0+6438 (secure 0 0 0) 0x7f1a84059100 con 0x7f1a680336c0
2023-10-12T22:46:08.657 INFO:teuthology.orchestra.run.smithi139.stderr:/usr/bin/ceph:
2023-10-12T22:46:08.656+0000 7f1a8b00b700 1 -- 172.21.15.139:0/3971792793 --> [v2:172.21.15.139:6800/3080328497,v1:172.21.15.139:6801/3080328497] -- command(tid 1: {"prefix": "mgr_status"}) v1 -- 0x7f1a84045ad0 con 0x7f1a680336c0
2023-10-12T22:46:08.658 INFO:teuthology.orchestra.run.smithi139.stderr:/usr/bin/ceph:
2023-10-12T22:46:08.656+0000 7f1a817fa700 1 -- 172.21.15.139:0/3971792793 <== mgr.14114 v2:172.21.15.139:6800/3080328497 2 ==== command_reply(tid 1: 0 ) v1 ==== 8+0+51 (secure 0 0 0) 0x7f1a84045ad0 con 0x7f1a680336c0
2023-10-12T22:46:08.659 INFO:teuthology.orchestra.run.smithi139.stderr:/usr/bin/ceph: {
2023-10-12T22:46:08.659 INFO:teuthology.orchestra.run.smithi139.stderr:/usr/bin/ceph: "mgrmap_epoch": 6,
2023-10-12T22:46:08.659 INFO:teuthology.orchestra.run.smithi139.stderr:/usr/bin/ceph: "initialized": true
2023-10-12T22:46:08.659 INFO:teuthology.orchestra.run.smithi139.stderr:/usr/bin/ceph: }
2023-10-12T22:46:08.659 INFO:teuthology.orchestra.run.smithi139.stderr:/usr/bin/ceph:
2023-10-12T22:46:08.657+0000 7f1a8b00b700 1 -- 172.21.15.139:0/3971792793 >> [v2:172.21.15.139:6800/3080328497,v1:172.21.15.139:6801/3080328497] conn(0x7f1a680336c0 msgr2=0x7f1a68035ab0 secure :-1 s=STATE_CONNECTION_ESTABLISHED l=1).mark_down
2023-10-12T22:46:08.661 INFO:teuthology.orchestra.run.smithi139.stderr:/usr/bin/ceph:
2023-10-12T22:46:08.657+0000 7f1a8b00b700 1 --2- 172.21.15.139:0/3971792793 >> [v2:172.21.15.139:6800/3080328497,v1:172.21.15.139:6801/3080328497] conn(0x7f1a680336c0 0x7f1a68035ab0 secure :-1 s=READY pgs=1 cs=0 l=1 rev1=1 rx=0x7f1a70006fd0 tx=0x7f1a70006cf0).stop
2023-10-12T22:46:08.661 INFO:teuthology.orchestra.run.smithi139.stderr:/usr/bin/ceph:
2023-10-12T22:46:08.657+0000 7f1a8b00b700 1 -- 172.21.15.139:0/3971792793 >> [v2:172.21.15.139:3300/0,v1:172.21.15.139:6789/0] conn(0x7f1a8406fbf0 msgr2=0x7f1a8410a9d0 secure :-1 s=STATE_CONNECTION_ESTABLISHED l=1).mark_down
2023-10-12T22:46:08.661 INFO:teuthology.orchestra.run.smithi139.stderr:/usr/bin/ceph:
2023-10-12T22:46:08.657+0000 7f1a8b00b700 1 --2- 172.21.15.139:0/3971792793 >> [v2:172.21.15.139:3300/0,v1:172.21.15.139:6789/0] conn(0x7f1a8406fbf0 0x7f1a8410a9d0 secure :-1 s=READY pgs=23 cs=0 l=1 rev1=1 rx=0x7f1a7800b1d0 tx=0x7f1a78006ee0).stop
2023-10-12T22:46:08.661 INFO:teuthology.orchestra.run.smithi139.stderr:/usr/bin/ceph:
2023-10-12T22:46:08.657+0000 7f1a8b00b700 1 -- 172.21.15.139:0/3971792793 shutdown_connections
2023-10-12T22:46:08.662 INFO:teuthology.orchestra.run.smithi139.stderr:/usr/bin/ceph:
2023-10-12T22:46:08.657+0000 7f1a8b00b700 1 --2- 172.21.15.139:0/3971792793 >> [v2:172.21.15.139:6800/3080328497,v1:172.21.15.139:6801/3080328497] conn(0x7f1a680336c0 0x7f1a68035ab0 unknown :-1 s=CLOSED pgs=1 cs=0 l=1 rev1=1 rx=0 tx=0).stop
2023-10-12T22:46:08.662 INFO:teuthology.orchestra.run.smithi139.stderr:/usr/bin/ceph:
2023-10-12T22:46:08.657+0000 7f1a8b00b700 1 --2- 172.21.15.139:0/3971792793 >> [v2:172.21.15.139:3300/0,v1:172.21.15.139:6789/0] conn(0x7f1a8406fbf0 0x7f1a8410a9d0 unknown :-1 s=CLOSED pgs=23 cs=0 l=1 rev1=1 rx=0 tx=0).stop
2023-10-12T22:46:08.662 INFO:teuthology.orchestra.run.smithi139.stderr:/usr/bin/ceph:
2023-10-12T22:46:08.657+0000 7f1a8b00b700 1 --2- 172.21.15.139:0/3971792793 >> [v2:172.21.15.139:6800/3359842824,v1:172.21.15.139:6801/3359842824] conn(0x7f1a6802fd50 0x7f1a68032210 unknown :-1 s=CLOSED pgs=0 cs=0 l=1 rev1=0 rx=0 tx=0).stop
2023-10-12T22:46:08.662 INFO:teuthology.orchestra.run.smithi139.stderr:/usr/bin/ceph:
2023-10-12T22:46:08.657+0000 7f1a8b00b700 1 -- 172.21.15.139:0/3971792793 >> 172.21.15.139:0/3971792793 conn(0x7f1a840f6280 msgr2=0x7f1a840f7e20 unknown :-1 s=STATE_NONE l=0).mark_down
2023-10-12T22:46:08.662 INFO:teuthology.orchestra.run.smithi139.stderr:/usr/bin/ceph:
2023-10-12T22:46:08.657+0000 7f1a8b00b700 1 -- 172.21.15.139:0/3971792793 shutdown_connections
2023-10-12T22:46:08.663 INFO:teuthology.orchestra.run.smithi139.stderr:/usr/bin/ceph:
2023-10-12T22:46:08.657+0000 7f1a8b00b700 1 -- 172.21.15.139:0/3971792793 wait complete.
2023-10-12T22:46:08.896 INFO:journalctl@ceph.mon.smithi139.smithi139.stdout:Oct 12 22:46:08 smithi139 ceph-079ada9c-6951-11ee-8db6-212e2dc638e7-mon.smithi139[112395]: cluster
2023-10-12T22:46:07.595808+0000 mon.smithi139 (mon.0) 28 : cluster [INF] Active manager daemon smithi139.fiqmuu restarted
2023-10-12T22:46:08.897 INFO:journalctl@ceph.mon.smithi139.smithi139.stdout:Oct 12 22:46:08 smithi139 ceph-079ada9c-6951-11ee-8db6-212e2dc638e7-mon.smithi139[112395]: cluster
2023-10-12T22:46:07.596221+0000 mon.smithi139 (mon.0) 29 : cluster [INF] Activating manager daemon smithi139.fiqmuu
2023-10-12T22:46:08.897 INFO:journalctl@ceph.mon.smithi139.smithi139.stdout:Oct 12 22:46:08 smithi139 ceph-079ada9c-6951-11ee-8db6-212e2dc638e7-mon.smithi139[112395]: cluster
2023-10-12T22:46:07.597852+0000 mon.smithi139 (mon.0) 30 : cluster [DBG] osdmap e2: 0 total, 0 up, 0 in
2023-10-12T22:46:08.897 INFO:journalctl@ceph.mon.smithi139.smithi139.stdout:Oct 12 22:46:08 smithi139 ceph-079ada9c-6951-11ee-8db6-212e2dc638e7-mon.smithi139[112395]: cluster
2023-10-12T22:46:07.648647+0000 mon.smithi139 (mon.0) 31 : cluster [DBG] mgrmap e5: smithi139.fiqmuu(active, starting, since 0.0525213s)
2023-10-12T22:46:08.897 INFO:journalctl@ceph.mon.smithi139.smithi139.stdout:Oct 12 22:46:08 smithi139 ceph-079ada9c-6951-11ee-8db6-212e2dc638e7-mon.smithi139[112395]: audit
2023-10-12T22:46:07.649359+0000 mon.smithi139 (mon.0) 32 : audit [DBG] from='mgr.14114 172.21.15.139:0/1591565042' entity='mgr.smithi139.fiqmuu' cmd=[{"prefix": "mon metadata", "id": "smithi139"}]: dispatch
2023-10-12T22:46:08.897 INFO:journalctl@ceph.mon.smithi139.smithi139.stdout:Oct 12 22:46:08 smithi139 ceph-079ada9c-6951-11ee-8db6-212e2dc638e7-mon.smithi139[112395]: audit
2023-10-12T22:46:07.649958+0000 mon.smithi139 (mon.0) 33 : audit [DBG] from='mgr.14114 172.21.15.139:0/1591565042' entity='mgr.smithi139.fiqmuu' cmd=[{"prefix": "mgr metadata", "who": "smithi139.fiqmuu", "id": "smithi139.fiqmuu"}]: dispatch
2023-10-12T22:46:08.898 INFO:journalctl@ceph.mon.smithi139.smithi139.stdout:Oct 12 22:46:08 smithi139 ceph-079ada9c-6951-11ee-8db6-212e2dc638e7-mon.smithi139[112395]: audit
2023-10-12T22:46:07.650643+0000 mon.smithi139 (mon.0) 34 : audit [DBG] from='mgr.14114 172.21.15.139:0/1591565042' entity='mgr.smithi139.fiqmuu' cmd=[{"prefix": "mds metadata"}]: dispatch
2023-10-12T22:46:08.898 INFO:journalctl@ceph.mon.smithi139.smithi139.stdout:Oct 12 22:46:08 smithi139 ceph-079ada9c-6951-11ee-8db6-212e2dc638e7-mon.smithi139[112395]: audit
2023-10-12T22:46:07.650852+0000 mon.smithi139 (mon.0) 35 : audit [DBG] from='mgr.14114 172.21.15.139:0/1591565042' entity='mgr.smithi139.fiqmuu' cmd=[{"prefix": "osd metadata"}]: dispatch
2023-10-12T22:46:08.898 INFO:journalctl@ceph.mon.smithi139.smithi139.stdout:Oct 12 22:46:08 smithi139 ceph-079ada9c-6951-11ee-8db6-212e2dc638e7-mon.smithi139[112395]: audit
2023-10-12T22:46:07.651026+0000 mon.smithi139 (mon.0) 36 : audit [DBG] from='mgr.14114 172.21.15.139:0/1591565042' entity='mgr.smithi139.fiqmuu' cmd=[{"prefix": "mon metadata"}]: dispatch
2023-10-12T22:46:08.898 INFO:journalctl@ceph.mon.smithi139.smithi139.stdout:Oct 12 22:46:08 smithi139 ceph-079ada9c-6951-11ee-8db6-212e2dc638e7-mon.smithi139[112395]: cluster
2023-10-12T22:46:07.664063+0000 mon.smithi139 (mon.0) 37 : cluster [INF] Manager daemon smithi139.fiqmuu is now available
2023-10-12T22:46:08.898 INFO:journalctl@ceph.mon.smithi139.smithi139.stdout:Oct 12 22:46:08 smithi139 ceph-079ada9c-6951-11ee-8db6-212e2dc638e7-mon.smithi139[112395]: audit
2023-10-12T22:46:07.680312+0000 mon.smithi139 (mon.0) 38 : audit [INF] from='mgr.14114 172.21.15.139:0/1591565042' entity='mgr.smithi139.fiqmuu'
2023-10-12T22:46:08.899 INFO:journalctl@ceph.mon.smithi139.smithi139.stdout:Oct 12 22:46:08 smithi139 ceph-079ada9c-6951-11ee-8db6-212e2dc638e7-mon.smithi139[112395]: audit
2023-10-12T22:46:07.683442+0000 mon.smithi139 (mon.0) 39 : audit [INF] from='mgr.14114 172.21.15.139:0/1591565042' entity='mgr.smithi139.fiqmuu'
