2023-12-02T09:14:28.731 INFO:journalctl@ceph.mon.smithi148.smithi148.stdout:Dec 02 09:14:28 smithi148 ceph-mon[80848]: mgrmap e9: smithi148.ehhhsg(active, starting, since 0.00401515s)
2023-12-02T09:14:28.731 INFO:journalctl@ceph.mon.smithi148.smithi148.stdout:Dec 02 09:14:28 smithi148 ceph-mon[80848]: from='mgr.14160 172.21.15.148:0/252662107' entity='mgr.smithi148.ehhhsg' cmd=[{"prefix": "mon metadata", "id": "smithi148"}]: dispatch
2023-12-02T09:14:28.732 INFO:journalctl@ceph.mon.smithi148.smithi148.stdout:Dec 02 09:14:28 smithi148 ceph-mon[80848]: from='mgr.14160 172.21.15.148:0/252662107' entity='mgr.smithi148.ehhhsg' cmd=[{"prefix": "mgr metadata", "who": "smithi148.ehhhsg", "id": "smithi148.ehhhsg"}]: dispatch
2023-12-02T09:14:28.732 INFO:journalctl@ceph.mon.smithi148.smithi148.stdout:Dec 02 09:14:28 smithi148 ceph-mon[80848]: from='mgr.14160 172.21.15.148:0/252662107' entity='mgr.smithi148.ehhhsg' cmd=[{"prefix": "mds metadata"}]: dispatch
2023-12-02T09:14:28.732 INFO:journalctl@ceph.mon.smithi148.smithi148.stdout:Dec 02 09:14:28 smithi148 ceph-mon[80848]: from='mgr.14160 172.21.15.148:0/252662107' entity='mgr.smithi148.ehhhsg' cmd=[{"prefix": "osd metadata"}]: dispatch
2023-12-02T09:14:28.732 INFO:journalctl@ceph.mon.smithi148.smithi148.stdout:Dec 02 09:14:28 smithi148 ceph-mon[80848]: from='mgr.14160 172.21.15.148:0/252662107' entity='mgr.smithi148.ehhhsg' cmd=[{"prefix": "mon metadata"}]: dispatch
2023-12-02T09:14:28.732 INFO:journalctl@ceph.mon.smithi148.smithi148.stdout:Dec 02 09:14:28 smithi148 ceph-mon[80848]: Manager daemon smithi148.ehhhsg is now available
2023-12-02T09:14:28.732 INFO:journalctl@ceph.mon.smithi148.smithi148.stdout:Dec 02 09:14:28 smithi148 ceph-mon[80848]: from='mgr.14160 172.21.15.148:0/252662107' entity='mgr.smithi148.ehhhsg' cmd=[{"prefix": "config dump", "format": "json"}]: dispatch
2023-12-02T09:14:28.732 INFO:journalctl@ceph.mon.smithi148.smithi148.stdout:Dec 02 09:14:28 smithi148 ceph-mon[80848]: from='mgr.14160 172.21.15.148:0/252662107' entity='mgr.smithi148.ehhhsg' cmd=[{"prefix": "config dump", "format": "json"}]: dispatch
2023-12-02T09:14:29.703 INFO:journalctl@ceph.mon.smithi148.smithi148.stdout:Dec 02 09:14:29 smithi148 ceph-mon[80848]: from='mgr.14160 172.21.15.148:0/252662107' entity='mgr.smithi148.ehhhsg' cmd=[{"prefix":"config rm","who":"mgr","name":"mgr/rbd_support/smithi148.ehhhsg/mirror_snapshot_schedule"}]: dispatch
2023-12-02T09:14:29.703 INFO:journalctl@ceph.mon.smithi148.smithi148.stdout:Dec 02 09:14:29 smithi148 ceph-mon[80848]: from='mgr.14160 172.21.15.148:0/252662107' entity='mgr.smithi148.ehhhsg' cmd=[{"prefix":"config rm","who":"mgr","name":"mgr/rbd_support/smithi148.ehhhsg/trash_purge_schedule"}]: dispatch
2023-12-02T09:14:29.703 INFO:journalctl@ceph.mon.smithi148.smithi148.stdout:Dec 02 09:14:29 smithi148 ceph-mon[80848]: mgrmap e10: smithi148.ehhhsg(active, since 1.00582s)
2023-12-02T09:14:29.704 INFO:journalctl@ceph.mon.smithi148.smithi148.stdout:Dec 02 09:14:29 smithi148 ceph-mon[80848]: from='mgr.14160 172.21.15.148:0/252662107' entity='mgr.smithi148.ehhhsg'
2023-12-02T09:14:29.713 INFO:teuthology.orchestra.run.smithi148.stdout:/usr/bin/ceph: stdout {
2023-12-02T09:14:29.713 INFO:teuthology.orchestra.run.smithi148.stdout:/usr/bin/ceph: stdout "mgrmap_epoch": 10,
2023-12-02T09:14:29.713 INFO:teuthology.orchestra.run.smithi148.stdout:/usr/bin/ceph: stdout "initialized": true
2023-12-02T09:14:29.713 INFO:teuthology.orchestra.run.smithi148.stdout:/usr/bin/ceph: stdout }
2023-12-02T09:14:29.714 INFO:teuthology.orchestra.run.smithi148.stdout:/usr/bin/ceph: stderr
2023-12-02T09:14:23.206+0000 7f0e8465f700 1 Processor -- start
2023-12-02T09:14:29.714 INFO:teuthology.orchestra.run.smithi148.stdout:/usr/bin/ceph: stderr
2023-12-02T09:14:23.207+0000 7f0e8465f700 1 -- start start
2023-12-02T09:14:29.714 INFO:teuthology.orchestra.run.smithi148.stdout:/usr/bin/ceph: stderr
2023-12-02T09:14:23.207+0000 7f0e8465f700 1 --2- >> [v2:172.21.15.148:3300/0,v1:172.21.15.148:6789/0] conn(0x7f0e7c1022d0 0x7f0e7c1026e0 unknown :-1 s=NONE pgs=0 cs=0 l=0 rev1=0 crypto rx=0 tx=0 comp rx=0 tx=0).connect
2023-12-02T09:14:29.714 INFO:teuthology.orchestra.run.smithi148.stdout:/usr/bin/ceph: stderr
2023-12-02T09:14:23.207+0000 7f0e8465f700 1 -- --> [v2:172.21.15.148:3300/0,v1:172.21.15.148:6789/0] -- mon_getmap magic: 0 v1 -- 0x7f0e7c102c20 con 0x7f0e7c1022d0
2023-12-02T09:14:29.714 INFO:teuthology.orchestra.run.smithi148.stdout:/usr/bin/ceph: stderr
2023-12-02T09:14:23.207+0000 7f0e823fb700 1 --2- >> [v2:172.21.15.148:3300/0,v1:172.21.15.148:6789/0] conn(0x7f0e7c1022d0 0x7f0e7c1026e0 unknown :-1 s=BANNER_CONNECTING pgs=0 cs=0 l=0 rev1=0 crypto rx=0 tx=0 comp rx=0 tx=0)._handle_peer_banner_payload supported=3 required=0
2023-12-02T09:14:29.714 INFO:teuthology.orchestra.run.smithi148.stdout:/usr/bin/ceph: stderr
2023-12-02T09:14:23.207+0000 7f0e823fb700 1 --2- >> [v2:172.21.15.148:3300/0,v1:172.21.15.148:6789/0] conn(0x7f0e7c1022d0 0x7f0e7c1026e0 unknown :-1 s=HELLO_CONNECTING pgs=0 cs=0 l=0 rev1=1 crypto rx=0 tx=0 comp rx=0 tx=0).handle_hello peer v2:172.21.15.148:3300/0 says I am v2:172.21.15.148:33426/0 (socket says 172.21.15.148:33426)
2023-12-02T09:14:29.714 INFO:teuthology.orchestra.run.smithi148.stdout:/usr/bin/ceph: stderr
2023-12-02T09:14:23.207+0000 7f0e823fb700 1 -- 172.21.15.148:0/2469488549 learned_addr learned my addr 172.21.15.148:0/2469488549 (peer_addr_for_me v2:172.21.15.148:0/0)
2023-12-02T09:14:29.714 INFO:teuthology.orchestra.run.smithi148.stdout:/usr/bin/ceph: stderr
2023-12-02T09:14:23.207+0000 7f0e823fb700 1 -- 172.21.15.148:0/2469488549 --> [v2:172.21.15.148:3300/0,v1:172.21.15.148:6789/0] -- mon_subscribe({config=0+,monmap=0+}) v3 -- 0x7f0e7c102d60 con 0x7f0e7c1022d0
2023-12-02T09:14:29.714 INFO:teuthology.orchestra.run.smithi148.stdout:/usr/bin/ceph: stderr
2023-12-02T09:14:23.207+0000 7f0e823fb700 1 --2- 172.21.15.148:0/2469488549 >> [v2:172.21.15.148:3300/0,v1:172.21.15.148:6789/0] conn(0x7f0e7c1022d0 0x7f0e7c1026e0 secure :-1 s=READY pgs=69 cs=0 l=1 rev1=1 crypto rx=0x7f0e780098e0 tx=0x7f0e78009250 comp rx=0 tx=0).ready entity=mon.0 client_cookie=1203bfefa04d5ddc server_cookie=0 in_seq=0 out_seq=0
2023-12-02T09:14:29.714 INFO:teuthology.orchestra.run.smithi148.stdout:/usr/bin/ceph: stderr
2023-12-02T09:14:23.208+0000 7f0e813f9700 1 -- 172.21.15.148:0/2469488549 <== mon.0 v2:172.21.15.148:3300/0 1 ==== mon_map magic: 0 v1 ==== 229+0+0 (secure 0 0 0) 0x7f0e7800b860 con 0x7f0e7c1022d0
2023-12-02T09:14:29.714 INFO:teuthology.orchestra.run.smithi148.stdout:/usr/bin/ceph: stderr
2023-12-02T09:14:23.208+0000 7f0e813f9700 1 -- 172.21.15.148:0/2469488549 <== mon.0 v2:172.21.15.148:3300/0 2 ==== config(26 keys) v1 ==== 1074+0+0 (secure 0 0 0) 0x7f0e7800be70 con 0x7f0e7c1022d0
2023-12-02T09:14:29.714 INFO:teuthology.orchestra.run.smithi148.stdout:/usr/bin/ceph: stderr
2023-12-02T09:14:23.208+0000 7f0e813f9700 1 -- 172.21.15.148:0/2469488549 <== mon.0 v2:172.21.15.148:3300/0 3 ==== mon_map magic: 0 v1 ==== 229+0+0 (secure 0 0 0) 0x7f0e78010380 con 0x7f0e7c1022d0
2023-12-02T09:14:29.714 INFO:teuthology.orchestra.run.smithi148.stdout:/usr/bin/ceph: stderr
2023-12-02T09:14:23.208+0000 7f0e8465f700 1 -- 172.21.15.148:0/2469488549 >> [v2:172.21.15.148:3300/0,v1:172.21.15.148:6789/0] conn(0x7f0e7c1022d0 msgr2=0x7f0e7c1026e0 secure :-1 s=STATE_CONNECTION_ESTABLISHED l=1).mark_down
2023-12-02T09:14:29.715 INFO:teuthology.orchestra.run.smithi148.stdout:/usr/bin/ceph: stderr
2023-12-02T09:14:23.208+0000 7f0e8465f700 1 --2- 172.21.15.148:0/2469488549 >> [v2:172.21.15.148:3300/0,v1:172.21.15.148:6789/0] conn(0x7f0e7c1022d0 0x7f0e7c1026e0 secure :-1 s=READY pgs=69 cs=0 l=1 rev1=1 crypto rx=0x7f0e780098e0 tx=0x7f0e78009250 comp rx=0 tx=0).stop
2023-12-02T09:14:29.715 INFO:teuthology.orchestra.run.smithi148.stdout:/usr/bin/ceph: stderr
2023-12-02T09:14:23.208+0000 7f0e8465f700 1 -- 172.21.15.148:0/2469488549 shutdown_connections
2023-12-02T09:14:29.715 INFO:teuthology.orchestra.run.smithi148.stdout:/usr/bin/ceph: stderr
2023-12-02T09:14:23.208+0000 7f0e8465f700 1 --2- 172.21.15.148:0/2469488549 >> [v2:172.21.15.148:3300/0,v1:172.21.15.148:6789/0] conn(0x7f0e7c1022d0 0x7f0e7c1026e0 unknown :-1 s=CLOSED pgs=69 cs=0 l=1 rev1=1 crypto rx=0 tx=0 comp rx=0 tx=0).stop
2023-12-02T09:14:29.715 INFO:teuthology.orchestra.run.smithi148.stdout:/usr/bin/ceph: stderr
2023-12-02T09:14:23.208+0000 7f0e8465f700 1 -- 172.21.15.148:0/2469488549 >> 172.21.15.148:0/2469488549 conn(0x7f0e7c0fda50 msgr2=0x7f0e7c0ffe60 unknown :-1 s=STATE_NONE l=0).mark_down
2023-12-02T09:14:29.715 INFO:teuthology.orchestra.run.smithi148.stdout:/usr/bin/ceph: stderr
2023-12-02T09:14:23.209+0000 7f0e8465f700 1 -- 172.21.15.148:0/2469488549 shutdown_connections
2023-12-02T09:14:29.715 INFO:teuthology.orchestra.run.smithi148.stdout:/usr/bin/ceph: stderr
2023-12-02T09:14:23.209+0000 7f0e8465f700 1 -- 172.21.15.148:0/2469488549 wait complete.
2023-12-02T09:14:29.715 INFO:teuthology.orchestra.run.smithi148.stdout:/usr/bin/ceph: stderr
2023-12-02T09:14:23.209+0000 7f0e8465f700 1 Processor -- start
2023-12-02T09:14:29.715 INFO:teuthology.orchestra.run.smithi148.stdout:/usr/bin/ceph: stderr
2023-12-02T09:14:23.209+0000 7f0e8465f700 1 -- start start
2023-12-02T09:14:29.715 INFO:teuthology.orchestra.run.smithi148.stdout:/usr/bin/ceph: stderr
2023-12-02T09:14:23.209+0000 7f0e8465f700 1 --2- >> [v2:172.21.15.148:3300/0,v1:172.21.15.148:6789/0] conn(0x7f0e7c1022d0 0x7f0e7c111180 unknown :-1 s=NONE pgs=0 cs=0 l=1 rev1=0 crypto rx=0 tx=0 comp rx=0 tx=0).connect
2023-12-02T09:14:29.715 INFO:teuthology.orchestra.run.smithi148.stdout:/usr/bin/ceph: stderr
2023-12-02T09:14:23.209+0000 7f0e8465f700 1 -- --> [v2:172.21.15.148:3300/0,v1:172.21.15.148:6789/0] -- mon_getmap magic: 0 v1 -- 0x7f0e7c1116c0 con 0x7f0e7c1022d0
2023-12-02T09:14:29.715 INFO:teuthology.orchestra.run.smithi148.stdout:/usr/bin/ceph: stderr
2023-12-02T09:14:23.209+0000 7f0e823fb700 1 --2- >> [v2:172.21.15.148:3300/0,v1:172.21.15.148:6789/0] conn(0x7f0e7c1022d0 0x7f0e7c111180 unknown :-1 s=BANNER_CONNECTING pgs=0 cs=0 l=1 rev1=0 crypto rx=0 tx=0 comp rx=0 tx=0)._handle_peer_banner_payload supported=3 required=0
2023-12-02T09:14:29.715 INFO:teuthology.orchestra.run.smithi148.stdout:/usr/bin/ceph: stderr
2023-12-02T09:14:23.209+0000 7f0e823fb700 1 --2- >> [v2:172.21.15.148:3300/0,v1:172.21.15.148:6789/0] conn(0x7f0e7c1022d0 0x7f0e7c111180 unknown :-1 s=HELLO_CONNECTING pgs=0 cs=0 l=1 rev1=1 crypto rx=0 tx=0 comp rx=0 tx=0).handle_hello peer v2:172.21.15.148:3300/0 says I am v2:172.21.15.148:33428/0 (socket says 172.21.15.148:33428)
2023-12-02T09:14:29.715 INFO:teuthology.orchestra.run.smithi148.stdout:/usr/bin/ceph: stderr
2023-12-02T09:14:23.209+0000 7f0e823fb700 1 -- 172.21.15.148:0/1879290556 learned_addr learned my addr 172.21.15.148:0/1879290556 (peer_addr_for_me v2:172.21.15.148:0/0)
2023-12-02T09:14:29.716 INFO:teuthology.orchestra.run.smithi148.stdout:/usr/bin/ceph: stderr
2023-12-02T09:14:23.210+0000 7f0e823fb700 1 -- 172.21.15.148:0/1879290556 --> [v2:172.21.15.148:3300/0,v1:172.21.15.148:6789/0] -- mon_subscribe({config=0+,monmap=0+}) v3 -- 0x7f0e780094f0 con 0x7f0e7c1022d0
2023-12-02T09:14:29.716 INFO:teuthology.orchestra.run.smithi148.stdout:/usr/bin/ceph: stderr
2023-12-02T09:14:23.210+0000 7f0e823fb700 1 --2- 172.21.15.148:0/1879290556 >> [v2:172.21.15.148:3300/0,v1:172.21.15.148:6789/0] conn(0x7f0e7c1022d0 0x7f0e7c111180 secure :-1 s=READY pgs=70 cs=0 l=1 rev1=1 crypto rx=0x7f0e7800c010 tx=0x7f0e78009250 comp rx=0 tx=0).ready entity=mon.0 client_cookie=0 server_cookie=0 in_seq=0 out_seq=0
2023-12-02T09:14:29.716 INFO:teuthology.orchestra.run.smithi148.stdout:/usr/bin/ceph: stderr
2023-12-02T09:14:23.210+0000 7f0e72ffd700 1 -- 172.21.15.148:0/1879290556 <== mon.0 v2:172.21.15.148:3300/0 1 ==== mon_map magic: 0 v1 ==== 229+0+0 (secure 0 0 0) 0x7f0e78010960 con 0x7f0e7c1022d0
2023-12-02T09:14:29.716 INFO:teuthology.orchestra.run.smithi148.stdout:/usr/bin/ceph: stderr
2023-12-02T09:14:23.210+0000 7f0e8465f700 1 -- 172.21.15.148:0/1879290556 --> [v2:172.21.15.148:3300/0,v1:172.21.15.148:6789/0] -- mon_subscribe({mgrmap=0+}) v3 -- 0x7f0e7c1118c0 con 0x7f0e7c1022d0
2023-12-02T09:14:29.716 INFO:teuthology.orchestra.run.smithi148.stdout:/usr/bin/ceph: stderr
2023-12-02T09:14:23.210+0000 7f0e72ffd700 1 -- 172.21.15.148:0/1879290556 <== mon.0 v2:172.21.15.148:3300/0 2 ==== config(26 keys) v1 ==== 1074+0+0 (secure 0 0 0) 0x7f0e7801a430 con 0x7f0e7c1022d0
2023-12-02T09:14:29.716 INFO:teuthology.orchestra.run.smithi148.stdout:/usr/bin/ceph: stderr
2023-12-02T09:14:23.210+0000 7f0e72ffd700 1 -- 172.21.15.148:0/1879290556 <== mon.0 v2:172.21.15.148:3300/0 3 ==== mon_map magic: 0 v1 ==== 229+0+0 (secure 0 0 0) 0x7f0e78019580 con 0x7f0e7c1022d0
2023-12-02T09:14:29.716 INFO:teuthology.orchestra.run.smithi148.stdout:/usr/bin/ceph: stderr
2023-12-02T09:14:23.210+0000 7f0e8465f700 1 -- 172.21.15.148:0/1879290556 --> [v2:172.21.15.148:3300/0,v1:172.21.15.148:6789/0] -- mon_subscribe({osdmap=0}) v3 -- 0x7f0e7c111cd0 con 0x7f0e7c1022d0
2023-12-02T09:14:29.717 INFO:teuthology.orchestra.run.smithi148.stdout:/usr/bin/ceph: stderr
2023-12-02T09:14:23.211+0000 7f0e72ffd700 1 -- 172.21.15.148:0/1879290556 <== mon.0 v2:172.21.15.148:3300/0 4 ==== mgrmap(e 8) v1 ==== 43294+0+0 (secure 0 0 0) 0x7f0e78019800 con 0x7f0e7c1022d0
2023-12-02T09:14:29.717 INFO:teuthology.orchestra.run.smithi148.stdout:/usr/bin/ceph: stderr
2023-12-02T09:14:23.211+0000 7f0e72ffd700 1 --2- 172.21.15.148:0/1879290556 >> [v2:172.21.15.148:6800/3822227469,v1:172.21.15.148:6801/3822227469] conn(0x7f0e68036640 0x7f0e68038af0 unknown :-1 s=NONE pgs=0 cs=0 l=1 rev1=0 crypto rx=0 tx=0 comp rx=0 tx=0).connect
2023-12-02T09:14:29.717 INFO:teuthology.orchestra.run.smithi148.stdout:/usr/bin/ceph: stderr
2023-12-02T09:14:23.211+0000 7f0e72ffd700 1 -- 172.21.15.148:0/1879290556 --> [v2:172.21.15.148:6800/3822227469,v1:172.21.15.148:6801/3822227469] -- command(tid 0: {"prefix": "get_command_descriptions"}) v1 -- 0x7f0e68039200 con 0x7f0e68036640
2023-12-02T09:14:29.717 INFO:teuthology.orchestra.run.smithi148.stdout:/usr/bin/ceph: stderr
2023-12-02T09:14:23.211+0000 7f0e72ffd700 1 -- 172.21.15.148:0/1879290556 <== mon.0 v2:172.21.15.148:3300/0 5 ==== osd_map(2..2 src has 1..2) v4 ==== 936+0+0 (secure 0 0 0) 0x7f0e7804a410 con 0x7f0e7c1022d0
2023-12-02T09:14:29.717 INFO:teuthology.orchestra.run.smithi148.stdout:/usr/bin/ceph: stderr
2023-12-02T09:14:23.211+0000 7f0e81bfa700 1 -- 172.21.15.148:0/1879290556 >> [v2:172.21.15.148:6800/3822227469,v1:172.21.15.148:6801/3822227469] conn(0x7f0e68036640 msgr2=0x7f0e68038af0 unknown :-1 s=STATE_CONNECTING_RE l=1).process reconnect failed to v2:172.21.15.148:6800/3822227469
2023-12-02T09:14:29.717 INFO:teuthology.orchestra.run.smithi148.stdout:/usr/bin/ceph: stderr
2023-12-02T09:14:23.211+0000 7f0e81bfa700 1 --2- 172.21.15.148:0/1879290556 >> [v2:172.21.15.148:6800/3822227469,v1:172.21.15.148:6801/3822227469] conn(0x7f0e68036640 0x7f0e68038af0 unknown :-1 s=START_CONNECT pgs=0 cs=0 l=1 rev1=0 crypto rx=0 tx=0 comp rx=0 tx=0)._fault waiting 0.200000
2023-12-02T09:14:29.717 INFO:teuthology.orchestra.run.smithi148.stdout:/usr/bin/ceph: stderr
2023-12-02T09:14:23.412+0000 7f0e81bfa700 1 -- 172.21.15.148:0/1879290556 >> [v2:172.21.15.148:6800/3822227469,v1:172.21.15.148:6801/3822227469] conn(0x7f0e68036640 msgr2=0x7f0e68038af0 unknown :-1 s=STATE_CONNECTING_RE l=1).process reconnect failed to v2:172.21.15.148:6800/3822227469
2023-12-02T09:14:29.717 INFO:teuthology.orchestra.run.smithi148.stdout:/usr/bin/ceph: stderr
2023-12-02T09:14:23.412+0000 7f0e81bfa700 1 --2- 172.21.15.148:0/1879290556 >> [v2:172.21.15.148:6800/3822227469,v1:172.21.15.148:6801/3822227469] conn(0x7f0e68036640 0x7f0e68038af0 unknown :-1 s=START_CONNECT pgs=0 cs=0 l=1 rev1=0 crypto rx=0 tx=0 comp rx=0 tx=0)._fault waiting 0.400000
2023-12-02T09:14:29.717 INFO:teuthology.orchestra.run.smithi148.stdout:/usr/bin/ceph: stderr
2023-12-02T09:14:23.813+0000 7f0e81bfa700 1 -- 172.21.15.148:0/1879290556 >> [v2:172.21.15.148:6800/3822227469,v1:172.21.15.148:6801/3822227469] conn(0x7f0e68036640 msgr2=0x7f0e68038af0 unknown :-1 s=STATE_CONNECTING_RE l=1).process reconnect failed to v2:172.21.15.148:6800/3822227469
2023-12-02T09:14:29.717 INFO:teuthology.orchestra.run.smithi148.stdout:/usr/bin/ceph: stderr
2023-12-02T09:14:23.813+0000 7f0e81bfa700 1 --2- 172.21.15.148:0/1879290556 >> [v2:172.21.15.148:6800/3822227469,v1:172.21.15.148:6801/3822227469] conn(0x7f0e68036640 0x7f0e68038af0 unknown :-1 s=START_CONNECT pgs=0 cs=0 l=1 rev1=0 crypto rx=0 tx=0 comp rx=0 tx=0)._fault waiting 0.800000
2023-12-02T09:14:29.717 INFO:teuthology.orchestra.run.smithi148.stdout:/usr/bin/ceph: stderr
2023-12-02T09:14:24.614+0000 7f0e81bfa700 1 -- 172.21.15.148:0/1879290556 >> [v2:172.21.15.148:6800/3822227469,v1:172.21.15.148:6801/3822227469] conn(0x7f0e68036640 msgr2=0x7f0e68038af0 unknown :-1 s=STATE_CONNECTING_RE l=1).process reconnect failed to v2:172.21.15.148:6800/3822227469
2023-12-02T09:14:29.717 INFO:teuthology.orchestra.run.smithi148.stdout:/usr/bin/ceph: stderr
2023-12-02T09:14:24.614+0000 7f0e81bfa700 1 --2- 172.21.15.148:0/1879290556 >> [v2:172.21.15.148:6800/3822227469,v1:172.21.15.148:6801/3822227469] conn(0x7f0e68036640 0x7f0e68038af0 unknown :-1 s=START_CONNECT pgs=0 cs=0 l=1 rev1=0 crypto rx=0 tx=0 comp rx=0 tx=0)._fault waiting 1.600000
2023-12-02T09:14:29.718 INFO:teuthology.orchestra.run.smithi148.stdout:/usr/bin/ceph: stderr
2023-12-02T09:14:26.215+0000 7f0e81bfa700 1 -- 172.21.15.148:0/1879290556 >> [v2:172.21.15.148:6800/3822227469,v1:172.21.15.148:6801/3822227469] conn(0x7f0e68036640 msgr2=0x7f0e68038af0 unknown :-1 s=STATE_CONNECTING_RE l=1).process reconnect failed to v2:172.21.15.148:6800/3822227469
2023-12-02T09:14:29.718 INFO:teuthology.orchestra.run.smithi148.stdout:/usr/bin/ceph: stderr
2023-12-02T09:14:26.215+0000 7f0e81bfa700 1 --2- 172.21.15.148:0/1879290556 >> [v2:172.21.15.148:6800/3822227469,v1:172.21.15.148:6801/3822227469] conn(0x7f0e68036640 0x7f0e68038af0 unknown :-1 s=START_CONNECT pgs=0 cs=0 l=1 rev1=0 crypto rx=0 tx=0 comp rx=0 tx=0)._fault waiting 3.200000
2023-12-02T09:14:29.718 INFO:teuthology.orchestra.run.smithi148.stdout:/usr/bin/ceph: stderr
2023-12-02T09:14:28.392+0000 7f0e72ffd700 1 -- 172.21.15.148:0/1879290556 <== mon.0 v2:172.21.15.148:3300/0 6 ==== mgrmap(e 9) v1 ==== 43061+0+0 (secure 0 0 0) 0x7f0e7801a980 con 0x7f0e7c1022d0
2023-12-02T09:14:29.718 INFO:teuthology.orchestra.run.smithi148.stdout:/usr/bin/ceph: stderr
2023-12-02T09:14:28.392+0000 7f0e72ffd700 1 -- 172.21.15.148:0/1879290556 >> [v2:172.21.15.148:6800/3822227469,v1:172.21.15.148:6801/3822227469] conn(0x7f0e68036640 msgr2=0x7f0e68038af0 unknown :-1 s=STATE_CONNECTING l=1).mark_down
2023-12-02T09:14:29.718 INFO:teuthology.orchestra.run.smithi148.stdout:/usr/bin/ceph: stderr
2023-12-02T09:14:28.392+0000 7f0e72ffd700 1 --2- 172.21.15.148:0/1879290556 >> [v2:172.21.15.148:6800/3822227469,v1:172.21.15.148:6801/3822227469] conn(0x7f0e68036640 0x7f0e68038af0 unknown :-1 s=START_CONNECT pgs=0 cs=0 l=1 rev1=0 crypto rx=0 tx=0 comp rx=0 tx=0).stop
2023-12-02T09:14:29.718 INFO:teuthology.orchestra.run.smithi148.stdout:/usr/bin/ceph: stderr
2023-12-02T09:14:29.393+0000 7f0e72ffd700 1 -- 172.21.15.148:0/1879290556 <== mon.0 v2:172.21.15.148:3300/0 7 ==== mgrmap(e 10) v1 ==== 43188+0+0 (secure 0 0 0) 0x7f0e7802d3f0 con 0x7f0e7c1022d0
2023-12-02T09:14:29.718 INFO:teuthology.orchestra.run.smithi148.stdout:/usr/bin/ceph: stderr
2023-12-02T09:14:29.393+0000 7f0e72ffd700 1 --2- 172.21.15.148:0/1879290556 >> [v2:172.21.15.148:6800/1043859170,v1:172.21.15.148:6801/1043859170] conn(0x7f0e68039fb0 0x7f0e6803c390 unknown :-1 s=NONE pgs=0 cs=0 l=1 rev1=0 crypto rx=0 tx=0 comp rx=0 tx=0).connect
2023-12-02T09:14:29.718 INFO:teuthology.orchestra.run.smithi148.stdout:/usr/bin/ceph: stderr
2023-12-02T09:14:29.393+0000 7f0e72ffd700 1 -- 172.21.15.148:0/1879290556 --> [v2:172.21.15.148:6800/1043859170,v1:172.21.15.148:6801/1043859170] -- command(tid 0: {"prefix": "get_command_descriptions"}) v1 -- 0x7f0e68039200 con 0x7f0e68039fb0
2023-12-02T09:14:29.718 INFO:teuthology.orchestra.run.smithi148.stdout:/usr/bin/ceph: stderr
2023-12-02T09:14:29.395+0000 7f0e81bfa700 1 --2- 172.21.15.148:0/1879290556 >> [v2:172.21.15.148:6800/1043859170,v1:172.21.15.148:6801/1043859170] conn(0x7f0e68039fb0 0x7f0e6803c390 unknown :-1 s=BANNER_CONNECTING pgs=0 cs=0 l=1 rev1=0 crypto rx=0 tx=0 comp rx=0 tx=0)._handle_peer_banner_payload supported=3 required=0
2023-12-02T09:14:29.718 INFO:teuthology.orchestra.run.smithi148.stdout:/usr/bin/ceph: stderr
2023-12-02T09:14:29.395+0000 7f0e81bfa700 1 --2- 172.21.15.148:0/1879290556 >> [v2:172.21.15.148:6800/1043859170,v1:172.21.15.148:6801/1043859170] conn(0x7f0e68039fb0 0x7f0e6803c390 secure :-1 s=READY pgs=4 cs=0 l=1 rev1=1 crypto rx=0x7f0e6c0039d0 tx=0x7f0e6c0092f0 comp rx=0 tx=0).ready entity=mgr.14160 client_cookie=0 server_cookie=0 in_seq=0 out_seq=0
2023-12-02T09:14:29.718 INFO:teuthology.orchestra.run.smithi148.stdout:/usr/bin/ceph: stderr
2023-12-02T09:14:29.396+0000 7f0e72ffd700 1 -- 172.21.15.148:0/1879290556 <== mgr.14160 v2:172.21.15.148:6800/1043859170 1 ==== command_reply(tid 0: 0 ) v1 ==== 8+0+6549 (secure 0 0 0) 0x7f0e68039200 con 0x7f0e68039fb0
2023-12-02T09:14:29.718 INFO:teuthology.orchestra.run.smithi148.stdout:/usr/bin/ceph: stderr
2023-12-02T09:14:29.402+0000 7f0e8465f700 1 -- 172.21.15.148:0/1879290556 --> [v2:172.21.15.148:6800/1043859170,v1:172.21.15.148:6801/1043859170] -- command(tid 1: {"prefix": "mgr_status"}) v1 -- 0x7f0e7c04bb80 con 0x7f0e68039fb0
2023-12-02T09:14:29.718 INFO:teuthology.orchestra.run.smithi148.stdout:/usr/bin/ceph: stderr
2023-12-02T09:14:29.402+0000 7f0e72ffd700 1 -- 172.21.15.148:0/1879290556 <== mgr.14160 v2:172.21.15.148:6800/1043859170 2 ==== command_reply(tid 1: 0 ) v1 ==== 8+0+52 (secure 0 0 0) 0x7f0e7c04bb80 con 0x7f0e68039fb0
2023-12-02T09:14:29.719 INFO:teuthology.orchestra.run.smithi148.stdout:/usr/bin/ceph: stderr
2023-12-02T09:14:29.402+0000 7f0e8465f700 1 -- 172.21.15.148:0/1879290556 >> [v2:172.21.15.148:6800/1043859170,v1:172.21.15.148:6801/1043859170] conn(0x7f0e68039fb0 msgr2=0x7f0e6803c390 secure :-1 s=STATE_CONNECTION_ESTABLISHED l=1).mark_down
2023-12-02T09:14:29.719 INFO:teuthology.orchestra.run.smithi148.stdout:/usr/bin/ceph: stderr
2023-12-02T09:14:29.402+0000 7f0e8465f700 1 --2- 172.21.15.148:0/1879290556 >> [v2:172.21.15.148:6800/1043859170,v1:172.21.15.148:6801/1043859170] conn(0x7f0e68039fb0 0x7f0e6803c390 secure :-1 s=READY pgs=4 cs=0 l=1 rev1=1 crypto rx=0x7f0e6c0039d0 tx=0x7f0e6c0092f0 comp rx=0 tx=0).stop
2023-12-02T09:14:29.719 INFO:teuthology.orchestra.run.smithi148.stdout:/usr/bin/ceph: stderr
2023-12-02T09:14:29.402+0000 7f0e8465f700 1 -- 172.21.15.148:0/1879290556 >> [v2:172.21.15.148:3300/0,v1:172.21.15.148:6789/0] conn(0x7f0e7c1022d0 msgr2=0x7f0e7c111180 secure :-1 s=STATE_CONNECTION_ESTABLISHED l=1).mark_down
2023-12-02T09:14:29.719 INFO:teuthology.orchestra.run.smithi148.stdout:/usr/bin/ceph: stderr
2023-12-02T09:14:29.402+0000 7f0e8465f700 1 --2- 172.21.15.148:0/1879290556 >> [v2:172.21.15.148:3300/0,v1:172.21.15.148:6789/0] conn(0x7f0e7c1022d0 0x7f0e7c111180 secure :-1 s=READY pgs=70 cs=0 l=1 rev1=1 crypto rx=0x7f0e7800c010 tx=0x7f0e78009250 comp rx=0 tx=0).stop
2023-12-02T09:14:29.719 INFO:teuthology.orchestra.run.smithi148.stdout:/usr/bin/ceph: stderr
2023-12-02T09:14:29.402+0000 7f0e8465f700 1 -- 172.21.15.148:0/1879290556 shutdown_connections
2023-12-02T09:14:29.719 INFO:teuthology.orchestra.run.smithi148.stdout:/usr/bin/ceph: stderr
2023-12-02T09:14:29.402+0000 7f0e8465f700 1 --2- 172.21.15.148:0/1879290556 >> [v2:172.21.15.148:6800/1043859170,v1:172.21.15.148:6801/1043859170] conn(0x7f0e68039fb0 0x7f0e6803c390 unknown :-1 s=CLOSED pgs=4 cs=0 l=1 rev1=1 crypto rx=0 tx=0 comp rx=0 tx=0).stop
2023-12-02T09:14:29.719 INFO:teuthology.orchestra.run.smithi148.stdout:/usr/bin/ceph: stderr
2023-12-02T09:14:29.402+0000 7f0e8465f700 1 --2- 172.21.15.148:0/1879290556 >> [v2:172.21.15.148:3300/0,v1:172.21.15.148:6789/0] conn(0x7f0e7c1022d0 0x7f0e7c111180 unknown :-1 s=CLOSED pgs=70 cs=0 l=1 rev1=1 crypto rx=0 tx=0 comp rx=0 tx=0).stop
2023-12-02T09:14:29.719 INFO:teuthology.orchestra.run.smithi148.stdout:/usr/bin/ceph: stderr
2023-12-02T09:14:29.402+0000 7f0e8465f700 1 --2- 172.21.15.148:0/1879290556 >> [v2:172.21.15.148:6800/3822227469,v1:172.21.15.148:6801/3822227469] conn(0x7f0e68036640 0x7f0e68038af0 unknown :-1 s=CLOSED pgs=0 cs=0 l=1 rev1=0 crypto rx=0 tx=0 comp rx=0 tx=0).stop
2023-12-02T09:14:29.719 INFO:teuthology.orchestra.run.smithi148.stdout:/usr/bin/ceph: stderr
2023-12-02T09:14:29.403+0000 7f0e8465f700 1 -- 172.21.15.148:0/1879290556 >> 172.21.15.148:0/1879290556 conn(0x7f0e7c0fda50 msgr2=0x7f0e7c0ffe50 unknown :-1 s=STATE_NONE l=0).mark_down
2023-12-02T09:14:29.719 INFO:teuthology.orchestra.run.smithi148.stdout:/usr/bin/ceph: stderr
2023-12-02T09:14:29.403+0000 7f0e8465f700 1 -- 172.21.15.148:0/1879290556 shutdown_connections
2023-12-02T09:14:29.720 INFO:teuthology.orchestra.run.smithi148.stdout:/usr/bin/ceph: stderr
2023-12-02T09:14:29.403+0000 7f0e8465f700 1 -- 172.21.15.148:0/1879290556 wait complete.
2023-12-02T09:14:29.720 INFO:teuthology.orchestra.run.smithi148.stdout:mgr epoch 8 is available
2023-12-02T09:14:29.720 INFO:teuthology.orchestra.run.smithi148.stdout:Generating a dashboard self-signed certificate...
2023-12-02T09:14:30.555 INFO:teuthology.orchestra.run.smithi148.stdout:/usr/bin/ceph: stdout Self-signed certificate created
2023-12-02T09:14:30.555 INFO:teuthology.orchestra.run.smithi148.stdout:/usr/bin/ceph: stderr
2023-12-02T09:14:29.977+0000 7f594b3f5700 1 Processor -- start
2023-12-02T09:14:30.555 INFO:teuthology.orchestra.run.smithi148.stdout:/usr/bin/ceph: stderr
2023-12-02T09:14:29.977+0000 7f594b3f5700 1 -- start start
2023-12-02T09:14:30.555 INFO:teuthology.orchestra.run.smithi148.stdout:/usr/bin/ceph: stderr
2023-12-02T09:14:29.977+0000 7f594b3f5700 1 --2- >> [v2:172.21.15.148:3300/0,v1:172.21.15.148:6789/0] conn(0x7f5944070fa0 0x7f5944107300 unknown :-1 s=NONE pgs=0 cs=0 l=0 rev1=0 crypto rx=0 tx=0 comp rx=0 tx=0).connect
2023-12-02T09:14:30.555 INFO:teuthology.orchestra.run.smithi148.stdout:/usr/bin/ceph: stderr
2023-12-02T09:14:29.977+0000 7f594b3f5700 1 -- --> [v2:172.21.15.148:3300/0,v1:172.21.15.148:6789/0] -- mon_getmap magic: 0 v1 -- 0x7f5944102cf0 con 0x7f5944070fa0
2023-12-02T09:14:30.556 INFO:teuthology.orchestra.run.smithi148.stdout:/usr/bin/ceph: stderr
2023-12-02T09:14:29.977+0000 7f5949191700 1 --2- >> [v2:172.21.15.148:3300/0,v1:172.21.15.148:6789/0] conn(0x7f5944070fa0 0x7f5944107300 unknown :-1 s=BANNER_CONNECTING pgs=0 cs=0 l=0 rev1=0 crypto rx=0 tx=0 comp rx=0 tx=0)._handle_peer_banner_payload supported=3 required=0
2023-12-02T09:14:30.556 INFO:teuthology.orchestra.run.smithi148.stdout:/usr/bin/ceph: stderr
2023-12-02T09:14:29.977+0000 7f5949191700 1 --2- >> [v2:172.21.15.148:3300/0,v1:172.21.15.148:6789/0] conn(0x7f5944070fa0 0x7f5944107300 unknown :-1 s=HELLO_CONNECTING pgs=0 cs=0 l=0 rev1=1 crypto rx=0 tx=0 comp rx=0 tx=0).handle_hello peer v2:172.21.15.148:3300/0 says I am v2:172.21.15.148:56242/0 (socket says 172.21.15.148:56242)
2023-12-02T09:14:30.556 INFO:teuthology.orchestra.run.smithi148.stdout:/usr/bin/ceph: stderr
2023-12-02T09:14:29.977+0000 7f5949191700 1 -- 172.21.15.148:0/1942187452 learned_addr learned my addr 172.21.15.148:0/1942187452 (peer_addr_for_me v2:172.21.15.148:0/0)
2023-12-02T09:14:30.556 INFO:teuthology.orchestra.run.smithi148.stdout:/usr/bin/ceph: stderr
2023-12-02T09:14:29.978+0000 7f5949191700 1 -- 172.21.15.148:0/1942187452 --> [v2:172.21.15.148:3300/0,v1:172.21.15.148:6789/0] -- mon_subscribe({config=0+,monmap=0+}) v3 -- 0x7f5944107840 con 0x7f5944070fa0
2023-12-02T09:14:30.557 INFO:teuthology.orchestra.run.smithi148.stdout:/usr/bin/ceph: stderr
2023-12-02T09:14:29.978+0000 7f5949191700 1 --2- 172.21.15.148:0/1942187452 >> [v2:172.21.15.148:3300/0,v1:172.21.15.148:6789/0] conn(0x7f5944070fa0 0x7f5944107300 secure :-1 s=READY pgs=78 cs=0 l=1 rev1=1 crypto rx=0x7f59400098e0 tx=0x7f5940009250 comp rx=0 tx=0).ready entity=mon.0 client_cookie=737470def56c7c22 server_cookie=0 in_seq=0 out_seq=0
2023-12-02T09:14:30.557 INFO:teuthology.orchestra.run.smithi148.stdout:/usr/bin/ceph: stderr
2023-12-02T09:14:29.978+0000 7f593bfff700 1 -- 172.21.15.148:0/1942187452 <== mon.0 v2:172.21.15.148:3300/0 1 ==== mon_map magic: 0 v1 ==== 229+0+0 (secure 0 0 0) 0x7f594000b860 con 0x7f5944070fa0
2023-12-02T09:14:30.557 INFO:teuthology.orchestra.run.smithi148.stdout:/usr/bin/ceph: stderr
2023-12-02T09:14:29.978+0000 7f593bfff700 1 -- 172.21.15.148:0/1942187452 <== mon.0 v2:172.21.15.148:3300/0 2 ==== config(26 keys) v1 ==== 1074+0+0 (secure 0 0 0) 0x7f594000be70 con 0x7f5944070fa0
2023-12-02T09:14:30.557 INFO:teuthology.orchestra.run.smithi148.stdout:/usr/bin/ceph: stderr
2023-12-02T09:14:29.978+0000 7f593bfff700 1 -- 172.21.15.148:0/1942187452 <== mon.0 v2:172.21.15.148:3300/0 3 ==== mon_map magic: 0 v1 ==== 229+0+0 (secure 0 0 0) 0x7f5940010380 con 0x7f5944070fa0
2023-12-02T09:14:30.557 INFO:teuthology.orchestra.run.smithi148.stdout:/usr/bin/ceph: stderr
2023-12-02T09:14:29.979+0000 7f594b3f5700 1 -- 172.21.15.148:0/1942187452 >> [v2:172.21.15.148:3300/0,v1:172.21.15.148:6789/0] conn(0x7f5944070fa0 msgr2=0x7f5944107300 secure :-1 s=STATE_CONNECTION_ESTABLISHED l=1).mark_down
2023-12-02T09:14:30.557 INFO:teuthology.orchestra.run.smithi148.stdout:/usr/bin/ceph: stderr
2023-12-02T09:14:29.979+0000 7f594b3f5700 1 --2- 172.21.15.148:0/1942187452 >> [v2:172.21.15.148:3300/0,v1:172.21.15.148:6789/0] conn(0x7f5944070fa0 0x7f5944107300 secure :-1 s=READY pgs=78 cs=0 l=1 rev1=1 crypto rx=0x7f59400098e0 tx=0x7f5940009250 comp rx=0 tx=0).stop
2023-12-02T09:14:30.557 INFO:teuthology.orchestra.run.smithi148.stdout:/usr/bin/ceph: stderr
2023-12-02T09:14:29.979+0000 7f594b3f5700 1 -- 172.21.15.148:0/1942187452 shutdown_connections
2023-12-02T09:14:30.557 INFO:teuthology.orchestra.run.smithi148.stdout:/usr/bin/ceph: stderr
2023-12-02T09:14:29.979+0000 7f594b3f5700 1 --2- 172.21.15.148:0/1942187452 >> [v2:172.21.15.148:3300/0,v1:172.21.15.148:6789/0] conn(0x7f5944070fa0 0x7f5944107300 unknown :-1 s=CLOSED pgs=78 cs=0 l=1 rev1=1 crypto rx=0 tx=0 comp rx=0 tx=0).stop
2023-12-02T09:14:30.557 INFO:teuthology.orchestra.run.smithi148.stdout:/usr/bin/ceph: stderr
2023-12-02T09:14:29.979+0000 7f594b3f5700 1 -- 172.21.15.148:0/1942187452 >> 172.21.15.148:0/1942187452 conn(0x7f59440fc970 msgr2=0x7f59440fed80 unknown :-1 s=STATE_NONE l=0).mark_down
2023-12-02T09:14:30.557 INFO:teuthology.orchestra.run.smithi148.stdout:/usr/bin/ceph: stderr
2023-12-02T09:14:29.979+0000 7f594b3f5700 1 -- 172.21.15.148:0/1942187452 shutdown_connections
2023-12-02T09:14:30.557 INFO:teuthology.orchestra.run.smithi148.stdout:/usr/bin/ceph: stderr
2023-12-02T09:14:29.979+0000 7f594b3f5700 1 -- 172.21.15.148:0/1942187452 wait complete.
2023-12-02T09:14:30.557 INFO:teuthology.orchestra.run.smithi148.stdout:/usr/bin/ceph: stderr
2023-12-02T09:14:29.979+0000 7f594b3f5700 1 Processor -- start
2023-12-02T09:14:30.558 INFO:teuthology.orchestra.run.smithi148.stdout:/usr/bin/ceph: stderr
2023-12-02T09:14:29.980+0000 7f594b3f5700 1 -- start start
2023-12-02T09:14:30.558 INFO:teuthology.orchestra.run.smithi148.stdout:/usr/bin/ceph: stderr
2023-12-02T09:14:29.980+0000 7f594b3f5700 1 --2- >> [v2:172.21.15.148:3300/0,v1:172.21.15.148:6789/0] conn(0x7f5944070fa0 0x7f59441133c0 unknown :-1 s=NONE pgs=0 cs=0 l=1 rev1=0 crypto rx=0 tx=0 comp rx=0 tx=0).connect
2023-12-02T09:14:30.558 INFO:teuthology.orchestra.run.smithi148.stdout:/usr/bin/ceph: stderr
2023-12-02T09:14:29.980+0000 7f594b3f5700 1 -- --> [v2:172.21.15.148:3300/0,v1:172.21.15.148:6789/0] -- mon_getmap magic: 0 v1 -- 0x7f5944113900 con 0x7f5944070fa0
2023-12-02T09:14:30.558 INFO:teuthology.orchestra.run.smithi148.stdout:/usr/bin/ceph: stderr
2023-12-02T09:14:29.980+0000 7f5949191700 1 --2- >> [v2:172.21.15.148:3300/0,v1:172.21.15.148:6789/0] conn(0x7f5944070fa0 0x7f59441133c0 unknown :-1 s=BANNER_CONNECTING pgs=0 cs=0 l=1 rev1=0 crypto rx=0 tx=0 comp rx=0 tx=0)._handle_peer_banner_payload supported=3 required=0
2023-12-02T09:14:30.558 INFO:teuthology.orchestra.run.smithi148.stdout:/usr/bin/ceph: stderr
2023-12-02T09:14:29.980+0000 7f5949191700 1 --2- >> [v2:172.21.15.148:3300/0,v1:172.21.15.148:6789/0] conn(0x7f5944070fa0 0x7f59441133c0 unknown :-1 s=HELLO_CONNECTING pgs=0 cs=0 l=1 rev1=1 crypto rx=0 tx=0 comp rx=0 tx=0).handle_hello peer v2:172.21.15.148:3300/0 says I am v2:172.21.15.148:56246/0 (socket says 172.21.15.148:56246)
2023-12-02T09:14:30.558 INFO:teuthology.orchestra.run.smithi148.stdout:/usr/bin/ceph: stderr
2023-12-02T09:14:29.980+0000 7f5949191700 1 -- 172.21.15.148:0/353893855 learned_addr learned my addr 172.21.15.148:0/353893855 (peer_addr_for_me v2:172.21.15.148:0/0)
2023-12-02T09:14:30.558 INFO:teuthology.orchestra.run.smithi148.stdout:/usr/bin/ceph: stderr
2023-12-02T09:14:29.980+0000 7f5949191700 1 -- 172.21.15.148:0/353893855 --> [v2:172.21.15.148:3300/0,v1:172.21.15.148:6789/0] -- mon_subscribe({config=0+,monmap=0+}) v3 -- 0x7f59400094f0 con 0x7f5944070fa0
2023-12-02T09:14:30.558 INFO:teuthology.orchestra.run.smithi148.stdout:/usr/bin/ceph: stderr
2023-12-02T09:14:29.980+0000 7f5949191700 1 --2- 172.21.15.148:0/353893855 >> [v2:172.21.15.148:3300/0,v1:172.21.15.148:6789/0] conn(0x7f5944070fa0 0x7f59441133c0 secure :-1 s=READY pgs=79 cs=0 l=1 rev1=1 crypto rx=0x7f5940006d40 tx=0x7f5940009250 comp rx=0 tx=0).ready entity=mon.0 client_cookie=0 server_cookie=0 in_seq=0 out_seq=0
2023-12-02T09:14:30.558 INFO:teuthology.orchestra.run.smithi148.stdout:/usr/bin/ceph: stderr
2023-12-02T09:14:29.980+0000 7f5939ffb700 1 -- 172.21.15.148:0/353893855 <== mon.0 v2:172.21.15.148:3300/0 1 ==== mon_map magic: 0 v1 ==== 229+0+0 (secure 0 0 0) 0x7f5940010960 con 0x7f5944070fa0
2023-12-02T09:14:30.558 INFO:teuthology.orchestra.run.smithi148.stdout:/usr/bin/ceph: stderr
2023-12-02T09:14:29.980+0000 7f5939ffb700 1 -- 172.21.15.148:0/353893855 <== mon.0 v2:172.21.15.148:3300/0 2 ==== config(26 keys) v1 ==== 1074+0+0 (secure 0 0 0) 0x7f594001a430 con 0x7f5944070fa0
2023-12-02T09:14:30.558 INFO:teuthology.orchestra.run.smithi148.stdout:/usr/bin/ceph: stderr
2023-12-02T09:14:29.980+0000 7f594b3f5700 1 -- 172.21.15.148:0/353893855 --> [v2:172.21.15.148:3300/0,v1:172.21.15.148:6789/0] -- mon_subscribe({mgrmap=0+}) v3 -- 0x7f5944113b00 con 0x7f5944070fa0
2023-12-02T09:14:30.558 INFO:teuthology.orchestra.run.smithi148.stdout:/usr/bin/ceph: stderr
2023-12-02T09:14:29.980+0000 7f5939ffb700 1 -- 172.21.15.148:0/353893855 <== mon.0 v2:172.21.15.148:3300/0 3 ==== mon_map magic: 0 v1 ==== 229+0+0 (secure 0 0 0) 0x7f59400245b0 con 0x7f5944070fa0
2023-12-02T09:14:30.559 INFO:teuthology.orchestra.run.smithi148.stdout:/usr/bin/ceph: stderr
2023-12-02T09:14:29.981+0000 7f594b3f5700 1 -- 172.21.15.148:0/353893855 --> [v2:172.21.15.148:3300/0,v1:172.21.15.148:6789/0] -- mon_subscribe({osdmap=0}) v3 -- 0x7f5944113f10 con 0x7f5944070fa0
2023-12-02T09:14:30.559 INFO:teuthology.orchestra.run.smithi148.stdout:/usr/bin/ceph: stderr
2023-12-02T09:14:29.981+0000 7f5939ffb700 1 -- 172.21.15.148:0/353893855 <== mon.0 v2:172.21.15.148:3300/0 4 ==== mgrmap(e 10) v1 ==== 43188+0+0 (secure 0 0 0) 0x7f594002d3f0 con 0x7f5944070fa0
2023-12-02T09:14:30.559 INFO:teuthology.orchestra.run.smithi148.stdout:/usr/bin/ceph: stderr
2023-12-02T09:14:29.982+0000 7f594b3f5700 1 -- 172.21.15.148:0/353893855 --> [v2:172.21.15.148:3300/0,v1:172.21.15.148:6789/0] -- mon_command({"prefix": "get_command_descriptions"} v 0) v1 -- 0x7f594404bb80 con 0x7f5944070fa0
2023-12-02T09:14:30.559 INFO:teuthology.orchestra.run.smithi148.stdout:/usr/bin/ceph: stderr
2023-12-02T09:14:29.982+0000 7f5939ffb700 1 --2- 172.21.15.148:0/353893855 >> [v2:172.21.15.148:6800/1043859170,v1:172.21.15.148:6801/1043859170] conn(0x7f5930036570 0x7f5930038a20 unknown :-1 s=NONE pgs=0 cs=0 l=1 rev1=0 crypto rx=0 tx=0 comp rx=0 tx=0).connect
2023-12-02T09:14:30.559 INFO:teuthology.orchestra.run.smithi148.stdout:/usr/bin/ceph: stderr
2023-12-02T09:14:29.982+0000 7f5939ffb700 1 -- 172.21.15.148:0/353893855 <== mon.0 v2:172.21.15.148:3300/0 5 ==== osd_map(3..3 src has 1..3) v4 ==== 1151+0+0 (secure 0 0 0) 0x7f594001a9f0 con 0x7f5944070fa0
2023-12-02T09:14:30.559 INFO:teuthology.orchestra.run.smithi148.stdout:/usr/bin/ceph: stderr
2023-12-02T09:14:29.982+0000 7f5948990700 1 --2- 172.21.15.148:0/353893855 >> [v2:172.21.15.148:6800/1043859170,v1:172.21.15.148:6801/1043859170] conn(0x7f5930036570 0x7f5930038a20 unknown :-1 s=BANNER_CONNECTING pgs=0 cs=0 l=1 rev1=0 crypto rx=0 tx=0 comp rx=0 tx=0)._handle_peer_banner_payload supported=3 required=0
2023-12-02T09:14:30.559 INFO:teuthology.orchestra.run.smithi148.stdout:/usr/bin/ceph: stderr
2023-12-02T09:14:29.982+0000 7f5948990700 1 --2- 172.21.15.148:0/353893855 >> [v2:172.21.15.148:6800/1043859170,v1:172.21.15.148:6801/1043859170] conn(0x7f5930036570 0x7f5930038a20 secure :-1 s=READY pgs=7 cs=0 l=1 rev1=1 crypto rx=0x7f5934009990 tx=0x7f5934006e40 comp rx=0 tx=0).ready entity=mgr.14160 client_cookie=0 server_cookie=0 in_seq=0 out_seq=0
2023-12-02T09:14:30.559 INFO:teuthology.orchestra.run.smithi148.stdout:/usr/bin/ceph: stderr
2023-12-02T09:14:29.987+0000 7f5939ffb700 1 -- 172.21.15.148:0/353893855 <== mon.0 v2:172.21.15.148:3300/0 6 ==== mon_command_ack([{"prefix": "get_command_descriptions"}]=0 v0) v1 ==== 72+0+174570 (secure 0 0 0) 0x7f594002b8e0 con 0x7f5944070fa0
2023-12-02T09:14:30.559 INFO:teuthology.orchestra.run.smithi148.stdout:/usr/bin/ceph: stderr
2023-12-02T09:14:30.184+0000 7f594b3f5700 1 -- 172.21.15.148:0/353893855 --> [v2:172.21.15.148:6800/1043859170,v1:172.21.15.148:6801/1043859170] -- mgr_command(tid 0: {"prefix": "dashboard create-self-signed-cert", "target": ["mon-mgr", ""]}) v1 -- 0x7f59440008d0 con 0x7f5930036570
2023-12-02T09:14:30.559 INFO:teuthology.orchestra.run.smithi148.stdout:/usr/bin/ceph: stderr
2023-12-02T09:14:30.246+0000 7f5939ffb700 1 -- 172.21.15.148:0/353893855 <== mgr.14160 v2:172.21.15.148:6800/1043859170 1 ==== mgr_command_reply(tid 0: 0 ) v1 ==== 8+0+32 (secure 0 0 0) 0x7f59440008d0 con 0x7f5930036570
2023-12-02T09:14:30.559 INFO:teuthology.orchestra.run.smithi148.stdout:/usr/bin/ceph: stderr
2023-12-02T09:14:30.249+0000 7f594b3f5700 1 -- 172.21.15.148:0/353893855 >> [v2:172.21.15.148:6800/1043859170,v1:172.21.15.148:6801/1043859170] conn(0x7f5930036570 msgr2=0x7f5930038a20 secure :-1 s=STATE_CONNECTION_ESTABLISHED l=1).mark_down
2023-12-02T09:14:30.561 INFO:teuthology.orchestra.run.smithi148.stdout:/usr/bin/ceph: stderr
2023-12-02T09:14:30.249+0000 7f594b3f5700 1 --2- 172.21.15.148:0/353893855 >> [v2:172.21.15.148:6800/1043859170,v1:172.21.15.148:6801/1043859170] conn(0x7f5930036570 0x7f5930038a20 secure :-1 s=READY pgs=7 cs=0 l=1 rev1=1 crypto rx=0x7f5934009990 tx=0x7f5934006e40 comp rx=0 tx=0).stop
2023-12-02T09:14:30.562 INFO:teuthology.orchestra.run.smithi148.stdout:/usr/bin/ceph: stderr
2023-12-02T09:14:30.249+0000 7f594b3f5700 1 -- 172.21.15.148:0/353893855 >> [v2:172.21.15.148:3300/0,v1:172.21.15.148:6789/0] conn(0x7f5944070fa0 msgr2=0x7f59441133c0 secure :-1 s=STATE_CONNECTION_ESTABLISHED l=1).mark_down
2023-12-02T09:14:30.562 INFO:teuthology.orchestra.run.smithi148.stdout:/usr/bin/ceph: stderr
2023-12-02T09:14:30.249+0000 7f594b3f5700 1 --2- 172.21.15.148:0/353893855 >> [v2:172.21.15.148:3300/0,v1:172.21.15.148:6789/0] conn(0x7f5944070fa0 0x7f59441133c0 secure :-1 s=READY pgs=79 cs=0 l=1 rev1=1 crypto rx=0x7f5940006d40 tx=0x7f5940009250 comp rx=0 tx=0).stop
2023-12-02T09:14:30.562 INFO:teuthology.orchestra.run.smithi148.stdout:/usr/bin/ceph: stderr
2023-12-02T09:14:30.249+0000 7f594b3f5700 1 -- 172.21.15.148:0/353893855 shutdown_connections
2023-12-02T09:14:30.562 INFO:teuthology.orchestra.run.smithi148.stdout:/usr/bin/ceph: stderr
2023-12-02T09:14:30.249+0000 7f594b3f5700 1 --2- 172.21.15.148:0/353893855 >> [v2:172.21.15.148:6800/1043859170,v1:172.21.15.148:6801/1043859170] conn(0x7f5930036570 0x7f5930038a20 unknown :-1 s=CLOSED pgs=7 cs=0 l=1 rev1=1 crypto rx=0 tx=0 comp rx=0 tx=0).stop
2023-12-02T09:14:30.562 INFO:teuthology.orchestra.run.smithi148.stdout:/usr/bin/ceph: stderr
2023-12-02T09:14:30.249+0000 7f594b3f5700 1 --2- 172.21.15.148:0/353893855 >> [v2:172.21.15.148:3300/0,v1:172.21.15.148:6789/0] conn(0x7f5944070fa0 0x7f59441133c0 unknown :-1 s=CLOSED pgs=79 cs=0 l=1 rev1=1 crypto rx=0 tx=0 comp rx=0 tx=0).stop
2023-12-02T09:14:30.562 INFO:teuthology.orchestra.run.smithi148.stdout:/usr/bin/ceph: stderr
2023-12-02T09:14:30.249+0000 7f594b3f5700 1 -- 172.21.15.148:0/353893855 >> 172.21.15.148:0/353893855 conn(0x7f59440fc970 msgr2=0x7f59440fe1d0 unknown :-1 s=STATE_NONE l=0).mark_down
2023-12-02T09:14:30.562 INFO:teuthology.orchestra.run.smithi148.stdout:/usr/bin/ceph: stderr
2023-12-02T09:14:30.249+0000 7f594b3f5700 1 -- 172.21.15.148:0/353893855 shutdown_connections
2023-12-02T09:14:30.562 INFO:teuthology.orchestra.run.smithi148.stdout:/usr/bin/ceph: stderr
2023-12-02T09:14:30.249+0000 7f594b3f5700 1 -- 172.21.15.148:0/353893855 wait complete.
2023-12-02T09:14:30.562 INFO:teuthology.orchestra.run.smithi148.stdout:Creating initial admin user...
2023-12-02T09:14:31.053 INFO:journalctl@ceph.mon.smithi148.smithi148.stdout:Dec 02 09:14:30 smithi148 ceph-mon[80848]: [02/Dec/2023:09:14:29] ENGINE Bus STARTING
2023-12-02T09:14:31.053 INFO:journalctl@ceph.mon.smithi148.smithi148.stdout:Dec 02 09:14:30 smithi148 ceph-mon[80848]: [02/Dec/2023:09:14:29] ENGINE Serving on https://172.21.15.148:7150
2023-12-02T09:14:31.053 INFO:journalctl@ceph.mon.smithi148.smithi148.stdout:Dec 02 09:14:30 smithi148 ceph-mon[80848]: [02/Dec/2023:09:14:29] ENGINE Bus STARTED
2023-12-02T09:14:31.053 INFO:journalctl@ceph.mon.smithi148.smithi148.stdout:Dec 02 09:14:30 smithi148 ceph-mon[80848]: from='mgr.14160 172.21.15.148:0/252662107' entity='mgr.smithi148.ehhhsg'
2023-12-02T09:14:31.053 INFO:journalctl@ceph.mon.smithi148.smithi148.stdout:Dec 02 09:14:30 smithi148 ceph-mon[80848]: from='mgr.14160 172.21.15.148:0/252662107' entity='mgr.smithi148.ehhhsg'
2023-12-02T09:14:31.053 INFO:journalctl@ceph.mon.smithi148.smithi148.stdout:Dec 02 09:14:30 smithi148 ceph-mon[80848]: from='mgr.14160 172.21.15.148:0/252662107' entity='mgr.smithi148.ehhhsg'
2023-12-02T09:14:31.053 INFO:journalctl@ceph.mon.smithi148.smithi148.stdout:Dec 02 09:14:30 smithi148 ceph-mon[80848]: from='mgr.14160 172.21.15.148:0/252662107' entity='mgr.smithi148.ehhhsg'
2023-12-02T09:14:31.646 INFO:teuthology.orchestra.run.smithi148.stdout:/usr/bin/ceph: stdout {"username": "admin", "password": "$2b$12$VhyJipx6.oEGsxSBMuieSuQuDarc7Gz67KGSxUT5XDeCBw9rg5YMW", "roles": ["administrator"], "name": null, "email": null, "lastUpdate": 1701508471, "enabled": true, "pwdExpirationDate": null, "pwdUpdateRequired": true}
2023-12-02T09:14:31.646 INFO:teuthology.orchestra.run.smithi148.stdout:/usr/bin/ceph: stderr
2023-12-02T09:14:30.842+0000 7f0511eac700 1 Processor -- start
2023-12-02T09:14:31.646 INFO:teuthology.orchestra.run.smithi148.stdout:/usr/bin/ceph: stderr
2023-12-02T09:14:30.842+0000 7f0511eac700 1 -- start start
2023-12-02T09:14:31.646 INFO:teuthology.orchestra.run.smithi148.stdout:/usr/bin/ceph: stderr
2023-12-02T09:14:30.842+0000 7f0511eac700 1 --2- >> [v2:172.21.15.148:3300/0,v1:172.21.15.148:6789/0] conn(0x7f050c1027b0 0x7f050c102bc0 unknown :-1 s=NONE pgs=0 cs=0 l=0 rev1=0 crypto rx=0 tx=0 comp rx=0 tx=0).connect
2023-12-02T09:14:31.646 INFO:teuthology.orchestra.run.smithi148.stdout:/usr/bin/ceph: stderr
2023-12-02T09:14:30.842+0000 7f0511eac700 1 -- --> [v2:172.21.15.148:3300/0,v1:172.21.15.148:6789/0] -- mon_getmap magic: 0 v1 -- 0x7f050c103100 con 0x7f050c1027b0
2023-12-02T09:14:31.646 INFO:teuthology.orchestra.run.smithi148.stdout:/usr/bin/ceph: stderr
2023-12-02T09:14:30.842+0000 7f050b7fe700 1 --2- >> [v2:172.21.15.148:3300/0,v1:172.21.15.148:6789/0] conn(0x7f050c1027b0 0x7f050c102bc0 unknown :-1 s=BANNER_CONNECTING pgs=0 cs=0 l=0 rev1=0 crypto rx=0 tx=0 comp rx=0 tx=0)._handle_peer_banner_payload supported=3 required=0
2023-12-02T09:14:31.647 INFO:teuthology.orchestra.run.smithi148.stdout:/usr/bin/ceph: stderr
2023-12-02T09:14:30.842+0000 7f050b7fe700 1 --2- >> [v2:172.21.15.148:3300/0,v1:172.21.15.148:6789/0] conn(0x7f050c1027b0 0x7f050c102bc0 unknown :-1 s=HELLO_CONNECTING pgs=0 cs=0 l=0 rev1=1 crypto rx=0 tx=0 comp rx=0 tx=0).handle_hello peer v2:172.21.15.148:3300/0 says I am v2:172.21.15.148:56254/0 (socket says 172.21.15.148:56254)
2023-12-02T09:14:31.647 INFO:teuthology.orchestra.run.smithi148.stdout:/usr/bin/ceph: stderr
2023-12-02T09:14:30.842+0000 7f050b7fe700 1 -- 172.21.15.148:0/981367940 learned_addr learned my addr 172.21.15.148:0/981367940 (peer_addr_for_me v2:172.21.15.148:0/0)
2023-12-02T09:14:31.647 INFO:teuthology.orchestra.run.smithi148.stdout:/usr/bin/ceph: stderr
2023-12-02T09:14:30.842+0000 7f050b7fe700 1 -- 172.21.15.148:0/981367940 --> [v2:172.21.15.148:3300/0,v1:172.21.15.148:6789/0] -- mon_subscribe({config=0+,monmap=0+}) v3 -- 0x7f050c103240 con 0x7f050c1027b0
2023-12-02T09:14:31.647 INFO:teuthology.orchestra.run.smithi148.stdout:/usr/bin/ceph: stderr
2023-12-02T09:14:30.843+0000 7f050b7fe700 1 --2- 172.21.15.148:0/981367940 >> [v2:172.21.15.148:3300/0,v1:172.21.15.148:6789/0] conn(0x7f050c1027b0 0x7f050c102bc0 secure :-1 s=READY pgs=80 cs=0 l=1 rev1=1 crypto rx=0x7f04fc0098e0 tx=0x7f04fc009250 comp rx=0 tx=0).ready entity=mon.0 client_cookie=c9ca1161bb514a28 server_cookie=0 in_seq=0 out_seq=0
2023-12-02T09:14:31.647 INFO:teuthology.orchestra.run.smithi148.stdout:/usr/bin/ceph: stderr
2023-12-02T09:14:30.843+0000 7f050a7fc700 1 -- 172.21.15.148:0/981367940 <== mon.0 v2:172.21.15.148:3300/0 1 ==== mon_map magic: 0 v1 ==== 229+0+0 (secure 0 0 0) 0x7f04fc00b860 con 0x7f050c1027b0
2023-12-02T09:14:31.647 INFO:teuthology.orchestra.run.smithi148.stdout:/usr/bin/ceph: stderr
2023-12-02T09:14:30.843+0000 7f050a7fc700 1 -- 172.21.15.148:0/981367940 <== mon.0 v2:172.21.15.148:3300/0 2 ==== config(26 keys) v1 ==== 1074+0+0 (secure 0 0 0) 0x7f04fc00be70 con 0x7f050c1027b0
2023-12-02T09:14:31.647 INFO:teuthology.orchestra.run.smithi148.stdout:/usr/bin/ceph: stderr
2023-12-02T09:14:30.843+0000 7f050a7fc700 1 -- 172.21.15.148:0/981367940 <== mon.0 v2:172.21.15.148:3300/0 3 ==== mon_map magic: 0 v1 ==== 229+0+0 (secure 0 0 0) 0x7f04fc010380 con 0x7f050c1027b0
2023-12-02T09:14:31.647 INFO:teuthology.orchestra.run.smithi148.stdout:/usr/bin/ceph: stderr
2023-12-02T09:14:30.844+0000 7f0511eac700 1 -- 172.21.15.148:0/981367940 >> [v2:172.21.15.148:3300/0,v1:172.21.15.148:6789/0] conn(0x7f050c1027b0 msgr2=0x7f050c102bc0 secure :-1 s=STATE_CONNECTION_ESTABLISHED l=1).mark_down
2023-12-02T09:14:31.647 INFO:teuthology.orchestra.run.smithi148.stdout:/usr/bin/ceph: stderr
2023-12-02T09:14:30.844+0000 7f0511eac700 1 --2- 172.21.15.148:0/981367940 >> [v2:172.21.15.148:3300/0,v1:172.21.15.148:6789/0] conn(0x7f050c1027b0 0x7f050c102bc0 secure :-1 s=READY pgs=80 cs=0 l=1 rev1=1 crypto rx=0x7f04fc0098e0 tx=0x7f04fc009250 comp rx=0 tx=0).stop
2023-12-02T09:14:31.647 INFO:teuthology.orchestra.run.smithi148.stdout:/usr/bin/ceph: stderr
2023-12-02T09:14:30.844+0000 7f0511eac700 1 -- 172.21.15.148:0/981367940 shutdown_connections
2023-12-02T09:14:31.647 INFO:teuthology.orchestra.run.smithi148.stdout:/usr/bin/ceph: stderr
2023-12-02T09:14:30.844+0000 7f0511eac700 1 --2- 172.21.15.148:0/981367940 >> [v2:172.21.15.148:3300/0,v1:172.21.15.148:6789/0] conn(0x7f050c1027b0 0x7f050c102bc0 unknown :-1 s=CLOSED pgs=80 cs=0 l=1 rev1=1 crypto rx=0 tx=0 comp rx=0 tx=0).stop
2023-12-02T09:14:31.648 INFO:teuthology.orchestra.run.smithi148.stdout:/usr/bin/ceph: stderr
2023-12-02T09:14:30.844+0000 7f0511eac700 1 -- 172.21.15.148:0/981367940 >> 172.21.15.148:0/981367940 conn(0x7f050c0fc0b0 msgr2=0x7f050c0fe4e0 unknown :-1 s=STATE_NONE l=0).mark_down
2023-12-02T09:14:31.648 INFO:teuthology.orchestra.run.smithi148.stdout:/usr/bin/ceph: stderr
2023-12-02T09:14:30.844+0000 7f0511eac700 1 -- 172.21.15.148:0/981367940 shutdown_connections
2023-12-02T09:14:31.648 INFO:teuthology.orchestra.run.smithi148.stdout:/usr/bin/ceph: stderr
2023-12-02T09:14:30.844+0000 7f0511eac700 1 -- 172.21.15.148:0/981367940 wait complete.
2023-12-02T09:14:31.648 INFO:teuthology.orchestra.run.smithi148.stdout:/usr/bin/ceph: stderr
2023-12-02T09:14:30.844+0000 7f0511eac700 1 Processor -- start
2023-12-02T09:14:31.649 INFO:teuthology.orchestra.run.smithi148.stdout:/usr/bin/ceph: stderr
2023-12-02T09:14:30.844+0000 7f0511eac700 1 -- start start
2023-12-02T09:14:31.649 INFO:teuthology.orchestra.run.smithi148.stdout:/usr/bin/ceph: stderr
2023-12-02T09:14:30.845+0000 7f0511eac700 1 --2- >> [v2:172.21.15.148:3300/0,v1:172.21.15.148:6789/0] conn(0x7f050c1027b0 0x7f050c1111b0 unknown :-1 s=NONE pgs=0 cs=0 l=1 rev1=0 crypto rx=0 tx=0 comp rx=0 tx=0).connect
2023-12-02T09:14:31.649 INFO:teuthology.orchestra.run.smithi148.stdout:/usr/bin/ceph: stderr
2023-12-02T09:14:30.845+0000 7f0511eac700 1 -- --> [v2:172.21.15.148:3300/0,v1:172.21.15.148:6789/0] -- mon_getmap magic: 0 v1 -- 0x7f050c1116f0 con 0x7f050c1027b0
2023-12-02T09:14:31.649 INFO:teuthology.orchestra.run.smithi148.stdout:/usr/bin/ceph: stderr
2023-12-02T09:14:30.845+0000 7f050b7fe700 1 --2- >> [v2:172.21.15.148:3300/0,v1:172.21.15.148:6789/0] conn(0x7f050c1027b0 0x7f050c1111b0 unknown :-1 s=BANNER_CONNECTING pgs=0 cs=0 l=1 rev1=0 crypto rx=0 tx=0 comp rx=0 tx=0)._handle_peer_banner_payload supported=3 required=0
2023-12-02T09:14:31.649 INFO:teuthology.orchestra.run.smithi148.stdout:/usr/bin/ceph: stderr
2023-12-02T09:14:30.845+0000 7f050b7fe700 1 --2- >> [v2:172.21.15.148:3300/0,v1:172.21.15.148:6789/0] conn(0x7f050c1027b0 0x7f050c1111b0 unknown :-1 s=HELLO_CONNECTING pgs=0 cs=0 l=1 rev1=1 crypto rx=0 tx=0 comp rx=0 tx=0).handle_hello peer v2:172.21.15.148:3300/0 says I am v2:172.21.15.148:56256/0 (socket says 172.21.15.148:56256)
2023-12-02T09:14:31.649 INFO:teuthology.orchestra.run.smithi148.stdout:/usr/bin/ceph: stderr
