2023-12-02T09:14:09.037 INFO:journalctl@ceph.mon.smithi148.smithi148.stdout:Dec 02 09:14:08 smithi148 ceph-mon[80848]: from='mgr.14118 172.21.15.148:0/1791585004' entity='mgr.smithi148.ehhhsg'
2023-12-02T09:14:09.037 INFO:journalctl@ceph.mon.smithi148.smithi148.stdout:Dec 02 09:14:08 smithi148 ceph-mon[80848]: from='mgr.14118 172.21.15.148:0/1791585004' entity='mgr.smithi148.ehhhsg' cmd=[{"prefix": "config dump", "format": "json"}]: dispatch
2023-12-02T09:14:09.481 INFO:teuthology.orchestra.run.smithi148.stdout:/usr/bin/ceph: stdout value unchanged
2023-12-02T09:14:09.481 INFO:teuthology.orchestra.run.smithi148.stdout:/usr/bin/ceph: stderr
2023-12-02T09:14:09.032+0000 7f68f4af1700 1 Processor -- start
2023-12-02T09:14:09.482 INFO:teuthology.orchestra.run.smithi148.stdout:/usr/bin/ceph: stderr
2023-12-02T09:14:09.032+0000 7f68f4af1700 1 -- start start
2023-12-02T09:14:09.482 INFO:teuthology.orchestra.run.smithi148.stdout:/usr/bin/ceph: stderr
2023-12-02T09:14:09.033+0000 7f68f4af1700 1 --2- >> [v2:172.21.15.148:3300/0,v1:172.21.15.148:6789/0] conn(0x7f68f01022b0 0x7f68f01026c0 unknown :-1 s=NONE pgs=0 cs=0 l=0 rev1=0 crypto rx=0 tx=0 comp rx=0 tx=0).connect
2023-12-02T09:14:09.482 INFO:teuthology.orchestra.run.smithi148.stdout:/usr/bin/ceph: stderr
2023-12-02T09:14:09.033+0000 7f68f4af1700 1 -- --> [v2:172.21.15.148:3300/0,v1:172.21.15.148:6789/0] -- mon_getmap magic: 0 v1 -- 0x7f68f0102c00 con 0x7f68f01022b0
2023-12-02T09:14:09.482 INFO:teuthology.orchestra.run.smithi148.stdout:/usr/bin/ceph: stderr
2023-12-02T09:14:09.033+0000 7f68ee59c700 1 --2- >> [v2:172.21.15.148:3300/0,v1:172.21.15.148:6789/0] conn(0x7f68f01022b0 0x7f68f01026c0 unknown :-1 s=BANNER_CONNECTING pgs=0 cs=0 l=0 rev1=0 crypto rx=0 tx=0 comp rx=0 tx=0)._handle_peer_banner_payload supported=3 required=0
2023-12-02T09:14:09.482 INFO:teuthology.orchestra.run.smithi148.stdout:/usr/bin/ceph: stderr
2023-12-02T09:14:09.033+0000 7f68ee59c700 1 --2- >> [v2:172.21.15.148:3300/0,v1:172.21.15.148:6789/0] conn(0x7f68f01022b0 0x7f68f01026c0 unknown :-1 s=HELLO_CONNECTING pgs=0 cs=0 l=0 rev1=1 crypto rx=0 tx=0 comp rx=0 tx=0).handle_hello peer v2:172.21.15.148:3300/0 says I am v2:172.21.15.148:33840/0 (socket says 172.21.15.148:33840)
2023-12-02T09:14:09.482 INFO:teuthology.orchestra.run.smithi148.stdout:/usr/bin/ceph: stderr
2023-12-02T09:14:09.033+0000 7f68ee59c700 1 -- 172.21.15.148:0/1336656444 learned_addr learned my addr 172.21.15.148:0/1336656444 (peer_addr_for_me v2:172.21.15.148:0/0)
2023-12-02T09:14:09.482 INFO:teuthology.orchestra.run.smithi148.stdout:/usr/bin/ceph: stderr
2023-12-02T09:14:09.033+0000 7f68ee59c700 1 -- 172.21.15.148:0/1336656444 --> [v2:172.21.15.148:3300/0,v1:172.21.15.148:6789/0] -- mon_subscribe({config=0+,monmap=0+}) v3 -- 0x7f68f0102d40 con 0x7f68f01022b0
2023-12-02T09:14:09.482 INFO:teuthology.orchestra.run.smithi148.stdout:/usr/bin/ceph: stderr
2023-12-02T09:14:09.033+0000 7f68ee59c700 1 --2- 172.21.15.148:0/1336656444 >> [v2:172.21.15.148:3300/0,v1:172.21.15.148:6789/0] conn(0x7f68f01022b0 0x7f68f01026c0 secure :-1 s=READY pgs=37 cs=0 l=1 rev1=1 crypto rx=0x7f68e0009e50 tx=0x7f68e0009840 comp rx=0 tx=0).ready entity=mon.0 client_cookie=5de42a70e5ad7e92 server_cookie=0 in_seq=0 out_seq=0
2023-12-02T09:14:09.482 INFO:teuthology.orchestra.run.smithi148.stdout:/usr/bin/ceph: stderr
2023-12-02T09:14:09.034+0000 7f68ed59a700 1 -- 172.21.15.148:0/1336656444 <== mon.0 v2:172.21.15.148:3300/0 1 ==== mon_map magic: 0 v1 ==== 229+0+0 (secure 0 0 0) 0x7f68e00092e0 con 0x7f68f01022b0
2023-12-02T09:14:09.482 INFO:teuthology.orchestra.run.smithi148.stdout:/usr/bin/ceph: stderr
2023-12-02T09:14:09.034+0000 7f68ed59a700 1 -- 172.21.15.148:0/1336656444 <== mon.0 v2:172.21.15.148:3300/0 2 ==== config(26 keys) v1 ==== 1009+0+0 (secure 0 0 0) 0x7f68e000be90 con 0x7f68f01022b0
2023-12-02T09:14:09.482 INFO:teuthology.orchestra.run.smithi148.stdout:/usr/bin/ceph: stderr
2023-12-02T09:14:09.034+0000 7f68ed59a700 1 -- 172.21.15.148:0/1336656444 <== mon.0 v2:172.21.15.148:3300/0 3 ==== mon_map magic: 0 v1 ==== 229+0+0 (secure 0 0 0) 0x7f68e0007400 con 0x7f68f01022b0
2023-12-02T09:14:09.482 INFO:teuthology.orchestra.run.smithi148.stdout:/usr/bin/ceph: stderr
2023-12-02T09:14:09.034+0000 7f68f4af1700 1 -- 172.21.15.148:0/1336656444 >> [v2:172.21.15.148:3300/0,v1:172.21.15.148:6789/0] conn(0x7f68f01022b0 msgr2=0x7f68f01026c0 secure :-1 s=STATE_CONNECTION_ESTABLISHED l=1).mark_down
2023-12-02T09:14:09.482 INFO:teuthology.orchestra.run.smithi148.stdout:/usr/bin/ceph: stderr
2023-12-02T09:14:09.034+0000 7f68f4af1700 1 --2- 172.21.15.148:0/1336656444 >> [v2:172.21.15.148:3300/0,v1:172.21.15.148:6789/0] conn(0x7f68f01022b0 0x7f68f01026c0 secure :-1 s=READY pgs=37 cs=0 l=1 rev1=1 crypto rx=0x7f68e0009e50 tx=0x7f68e0009840 comp rx=0 tx=0).stop
2023-12-02T09:14:09.483 INFO:teuthology.orchestra.run.smithi148.stdout:/usr/bin/ceph: stderr
2023-12-02T09:14:09.034+0000 7f68f4af1700 1 -- 172.21.15.148:0/1336656444 shutdown_connections
2023-12-02T09:14:09.483 INFO:teuthology.orchestra.run.smithi148.stdout:/usr/bin/ceph: stderr
2023-12-02T09:14:09.034+0000 7f68f4af1700 1 --2- 172.21.15.148:0/1336656444 >> [v2:172.21.15.148:3300/0,v1:172.21.15.148:6789/0] conn(0x7f68f01022b0 0x7f68f01026c0 unknown :-1 s=CLOSED pgs=37 cs=0 l=1 rev1=1 crypto rx=0 tx=0 comp rx=0 tx=0).stop
2023-12-02T09:14:09.483 INFO:teuthology.orchestra.run.smithi148.stdout:/usr/bin/ceph: stderr
2023-12-02T09:14:09.034+0000 7f68f4af1700 1 -- 172.21.15.148:0/1336656444 >> 172.21.15.148:0/1336656444 conn(0x7f68f00fda10 msgr2=0x7f68f00ffe40 unknown :-1 s=STATE_NONE l=0).mark_down
2023-12-02T09:14:09.483 INFO:teuthology.orchestra.run.smithi148.stdout:/usr/bin/ceph: stderr
2023-12-02T09:14:09.034+0000 7f68f4af1700 1 -- 172.21.15.148:0/1336656444 shutdown_connections
2023-12-02T09:14:09.483 INFO:teuthology.orchestra.run.smithi148.stdout:/usr/bin/ceph: stderr
2023-12-02T09:14:09.034+0000 7f68f4af1700 1 -- 172.21.15.148:0/1336656444 wait complete.
2023-12-02T09:14:09.483 INFO:teuthology.orchestra.run.smithi148.stdout:/usr/bin/ceph: stderr
2023-12-02T09:14:09.035+0000 7f68f4af1700 1 Processor -- start
2023-12-02T09:14:09.483 INFO:teuthology.orchestra.run.smithi148.stdout:/usr/bin/ceph: stderr
2023-12-02T09:14:09.035+0000 7f68f4af1700 1 -- start start
2023-12-02T09:14:09.483 INFO:teuthology.orchestra.run.smithi148.stdout:/usr/bin/ceph: stderr
2023-12-02T09:14:09.035+0000 7f68f4af1700 1 --2- >> [v2:172.21.15.148:3300/0,v1:172.21.15.148:6789/0] conn(0x7f68f01022b0 0x7f68f0078d10 unknown :-1 s=NONE pgs=0 cs=0 l=1 rev1=0 crypto rx=0 tx=0 comp rx=0 tx=0).connect
2023-12-02T09:14:09.483 INFO:teuthology.orchestra.run.smithi148.stdout:/usr/bin/ceph: stderr
2023-12-02T09:14:09.035+0000 7f68f4af1700 1 -- --> [v2:172.21.15.148:3300/0,v1:172.21.15.148:6789/0] -- mon_getmap magic: 0 v1 -- 0x7f68f0077190 con 0x7f68f01022b0
2023-12-02T09:14:09.483 INFO:teuthology.orchestra.run.smithi148.stdout:/usr/bin/ceph: stderr
2023-12-02T09:14:09.035+0000 7f68ee59c700 1 --2- >> [v2:172.21.15.148:3300/0,v1:172.21.15.148:6789/0] conn(0x7f68f01022b0 0x7f68f0078d10 unknown :-1 s=BANNER_CONNECTING pgs=0 cs=0 l=1 rev1=0 crypto rx=0 tx=0 comp rx=0 tx=0)._handle_peer_banner_payload supported=3 required=0
2023-12-02T09:14:09.483 INFO:teuthology.orchestra.run.smithi148.stdout:/usr/bin/ceph: stderr
2023-12-02T09:14:09.035+0000 7f68ee59c700 1 --2- >> [v2:172.21.15.148:3300/0,v1:172.21.15.148:6789/0] conn(0x7f68f01022b0 0x7f68f0078d10 unknown :-1 s=HELLO_CONNECTING pgs=0 cs=0 l=1 rev1=1 crypto rx=0 tx=0 comp rx=0 tx=0).handle_hello peer v2:172.21.15.148:3300/0 says I am v2:172.21.15.148:33852/0 (socket says 172.21.15.148:33852)
2023-12-02T09:14:09.483 INFO:teuthology.orchestra.run.smithi148.stdout:/usr/bin/ceph: stderr
2023-12-02T09:14:09.035+0000 7f68ee59c700 1 -- 172.21.15.148:0/3171047735 learned_addr learned my addr 172.21.15.148:0/3171047735 (peer_addr_for_me v2:172.21.15.148:0/0)
2023-12-02T09:14:09.483 INFO:teuthology.orchestra.run.smithi148.stdout:/usr/bin/ceph: stderr
2023-12-02T09:14:09.035+0000 7f68ee59c700 1 -- 172.21.15.148:0/3171047735 --> [v2:172.21.15.148:3300/0,v1:172.21.15.148:6789/0] -- mon_subscribe({config=0+,monmap=0+}) v3 -- 0x7f68e0009ae0 con 0x7f68f01022b0
2023-12-02T09:14:09.483 INFO:teuthology.orchestra.run.smithi148.stdout:/usr/bin/ceph: stderr
2023-12-02T09:14:09.036+0000 7f68ee59c700 1 --2- 172.21.15.148:0/3171047735 >> [v2:172.21.15.148:3300/0,v1:172.21.15.148:6789/0] conn(0x7f68f01022b0 0x7f68f0078d10 secure :-1 s=READY pgs=38 cs=0 l=1 rev1=1 crypto rx=0x7f68e000bc50 tx=0x7f68e0009840 comp rx=0 tx=0).ready entity=mon.0 client_cookie=0 server_cookie=0 in_seq=0 out_seq=0
2023-12-02T09:14:09.483 INFO:teuthology.orchestra.run.smithi148.stdout:/usr/bin/ceph: stderr
2023-12-02T09:14:09.036+0000 7f68e6ffd700 1 -- 172.21.15.148:0/3171047735 <== mon.0 v2:172.21.15.148:3300/0 1 ==== mon_map magic: 0 v1 ==== 229+0+0 (secure 0 0 0) 0x7f68e0007670 con 0x7f68f01022b0
2023-12-02T09:14:09.484 INFO:teuthology.orchestra.run.smithi148.stdout:/usr/bin/ceph: stderr
2023-12-02T09:14:09.036+0000 7f68e6ffd700 1 -- 172.21.15.148:0/3171047735 <== mon.0 v2:172.21.15.148:3300/0 2 ==== config(26 keys) v1 ==== 1009+0+0 (secure 0 0 0) 0x7f68e0007c40 con 0x7f68f01022b0
2023-12-02T09:14:09.484 INFO:teuthology.orchestra.run.smithi148.stdout:/usr/bin/ceph: stderr
2023-12-02T09:14:09.036+0000 7f68f4af1700 1 -- 172.21.15.148:0/3171047735 --> [v2:172.21.15.148:3300/0,v1:172.21.15.148:6789/0] -- mon_subscribe({mgrmap=0+}) v3 -- 0x7f68f0077390 con 0x7f68f01022b0
2023-12-02T09:14:09.484 INFO:teuthology.orchestra.run.smithi148.stdout:/usr/bin/ceph: stderr
2023-12-02T09:14:09.036+0000 7f68e6ffd700 1 -- 172.21.15.148:0/3171047735 <== mon.0 v2:172.21.15.148:3300/0 3 ==== mon_map magic: 0 v1 ==== 229+0+0 (secure 0 0 0) 0x7f68e001cc00 con 0x7f68f01022b0
2023-12-02T09:14:09.484 INFO:teuthology.orchestra.run.smithi148.stdout:/usr/bin/ceph: stderr
2023-12-02T09:14:09.036+0000 7f68f4af1700 1 -- 172.21.15.148:0/3171047735 --> [v2:172.21.15.148:3300/0,v1:172.21.15.148:6789/0] -- mon_subscribe({osdmap=0}) v3 -- 0x7f68f0077800 con 0x7f68f01022b0
2023-12-02T09:14:09.484 INFO:teuthology.orchestra.run.smithi148.stdout:/usr/bin/ceph: stderr
2023-12-02T09:14:09.037+0000 7f68e6ffd700 1 -- 172.21.15.148:0/3171047735 <== mon.0 v2:172.21.15.148:3300/0 4 ==== mgrmap(e 6) v1 ==== 43175+0+0 (secure 0 0 0) 0x7f68e0019070 con 0x7f68f01022b0
2023-12-02T09:14:09.484 INFO:teuthology.orchestra.run.smithi148.stdout:/usr/bin/ceph: stderr
2023-12-02T09:14:09.037+0000 7f68e6ffd700 1 --2- 172.21.15.148:0/3171047735 >> [v2:172.21.15.148:6800/3822227469,v1:172.21.15.148:6801/3822227469] conn(0x7f68dc0364c0 0x7f68dc038970 unknown :-1 s=NONE pgs=0 cs=0 l=1 rev1=0 crypto rx=0 tx=0 comp rx=0 tx=0).connect
2023-12-02T09:14:09.484 INFO:teuthology.orchestra.run.smithi148.stdout:/usr/bin/ceph: stderr
2023-12-02T09:14:09.037+0000 7f68e6ffd700 1 -- 172.21.15.148:0/3171047735 <== mon.0 v2:172.21.15.148:3300/0 5 ==== osd_map(2..2 src has 1..2) v4 ==== 936+0+0 (secure 0 0 0) 0x7f68e0049dd0 con 0x7f68f01022b0
2023-12-02T09:14:09.484 INFO:teuthology.orchestra.run.smithi148.stdout:/usr/bin/ceph: stderr
2023-12-02T09:14:09.037+0000 7f68edd9b700 1 --2- 172.21.15.148:0/3171047735 >> [v2:172.21.15.148:6800/3822227469,v1:172.21.15.148:6801/3822227469] conn(0x7f68dc0364c0 0x7f68dc038970 unknown :-1 s=BANNER_CONNECTING pgs=0 cs=0 l=1 rev1=0 crypto rx=0 tx=0 comp rx=0 tx=0)._handle_peer_banner_payload supported=3 required=0
2023-12-02T09:14:09.484 INFO:teuthology.orchestra.run.smithi148.stdout:/usr/bin/ceph: stderr
2023-12-02T09:14:09.037+0000 7f68f4af1700 1 -- 172.21.15.148:0/3171047735 --> [v2:172.21.15.148:3300/0,v1:172.21.15.148:6789/0] -- mon_command({"prefix": "get_command_descriptions"} v 0) v1 -- 0x7f68f010b130 con 0x7f68f01022b0
2023-12-02T09:14:09.484 INFO:teuthology.orchestra.run.smithi148.stdout:/usr/bin/ceph: stderr
2023-12-02T09:14:09.038+0000 7f68edd9b700 1 --2- 172.21.15.148:0/3171047735 >> [v2:172.21.15.148:6800/3822227469,v1:172.21.15.148:6801/3822227469] conn(0x7f68dc0364c0 0x7f68dc038970 secure :-1 s=READY pgs=8 cs=0 l=1 rev1=1 crypto rx=0x7f68d8009990 tx=0x7f68d8006e40 comp rx=0 tx=0).ready entity=mgr.14118 client_cookie=0 server_cookie=0 in_seq=0 out_seq=0
2023-12-02T09:14:09.484 INFO:teuthology.orchestra.run.smithi148.stdout:/usr/bin/ceph: stderr
2023-12-02T09:14:09.042+0000 7f68e6ffd700 1 -- 172.21.15.148:0/3171047735 <== mon.0 v2:172.21.15.148:3300/0 6 ==== mon_command_ack([{"prefix": "get_command_descriptions"}]=0 v0) v1 ==== 72+0+174570 (secure 0 0 0) 0x7f68e0017080 con 0x7f68f01022b0
2023-12-02T09:14:09.484 INFO:teuthology.orchestra.run.smithi148.stdout:/usr/bin/ceph: stderr
2023-12-02T09:14:09.226+0000 7f68f4af1700 1 -- 172.21.15.148:0/3171047735 --> [v2:172.21.15.148:6800/3822227469,v1:172.21.15.148:6801/3822227469] -- mgr_command(tid 0: {"prefix": "cephadm set-user", "user": "root", "target": ["mon-mgr", ""]}) v1 -- 0x7f68f0077b00 con 0x7f68dc0364c0
2023-12-02T09:14:09.484 INFO:teuthology.orchestra.run.smithi148.stdout:/usr/bin/ceph: stderr
2023-12-02T09:14:09.226+0000 7f68e6ffd700 1 -- 172.21.15.148:0/3171047735 <== mgr.14118 v2:172.21.15.148:6800/3822227469 1 ==== mgr_command_reply(tid 0: 0 ) v1 ==== 8+0+16 (secure 0 0 0) 0x7f68f0077b00 con 0x7f68dc0364c0
2023-12-02T09:14:09.484 INFO:teuthology.orchestra.run.smithi148.stdout:/usr/bin/ceph: stderr
2023-12-02T09:14:09.228+0000 7f68f4af1700 1 -- 172.21.15.148:0/3171047735 >> [v2:172.21.15.148:6800/3822227469,v1:172.21.15.148:6801/3822227469] conn(0x7f68dc0364c0 msgr2=0x7f68dc038970 secure :-1 s=STATE_CONNECTION_ESTABLISHED l=1).mark_down
2023-12-02T09:14:09.485 INFO:teuthology.orchestra.run.smithi148.stdout:/usr/bin/ceph: stderr
2023-12-02T09:14:09.228+0000 7f68f4af1700 1 --2- 172.21.15.148:0/3171047735 >> [v2:172.21.15.148:6800/3822227469,v1:172.21.15.148:6801/3822227469] conn(0x7f68dc0364c0 0x7f68dc038970 secure :-1 s=READY pgs=8 cs=0 l=1 rev1=1 crypto rx=0x7f68d8009990 tx=0x7f68d8006e40 comp rx=0 tx=0).stop
2023-12-02T09:14:09.485 INFO:teuthology.orchestra.run.smithi148.stdout:/usr/bin/ceph: stderr
2023-12-02T09:14:09.228+0000 7f68f4af1700 1 -- 172.21.15.148:0/3171047735 >> [v2:172.21.15.148:3300/0,v1:172.21.15.148:6789/0] conn(0x7f68f01022b0 msgr2=0x7f68f0078d10 secure :-1 s=STATE_CONNECTION_ESTABLISHED l=1).mark_down
2023-12-02T09:14:09.485 INFO:teuthology.orchestra.run.smithi148.stdout:/usr/bin/ceph: stderr
2023-12-02T09:14:09.228+0000 7f68f4af1700 1 --2- 172.21.15.148:0/3171047735 >> [v2:172.21.15.148:3300/0,v1:172.21.15.148:6789/0] conn(0x7f68f01022b0 0x7f68f0078d10 secure :-1 s=READY pgs=38 cs=0 l=1 rev1=1 crypto rx=0x7f68e000bc50 tx=0x7f68e0009840 comp rx=0 tx=0).stop
2023-12-02T09:14:09.485 INFO:teuthology.orchestra.run.smithi148.stdout:/usr/bin/ceph: stderr
2023-12-02T09:14:09.228+0000 7f68f4af1700 1 -- 172.21.15.148:0/3171047735 shutdown_connections
2023-12-02T09:14:09.485 INFO:teuthology.orchestra.run.smithi148.stdout:/usr/bin/ceph: stderr
2023-12-02T09:14:09.228+0000 7f68f4af1700 1 --2- 172.21.15.148:0/3171047735 >> [v2:172.21.15.148:6800/3822227469,v1:172.21.15.148:6801/3822227469] conn(0x7f68dc0364c0 0x7f68dc038970 unknown :-1 s=CLOSED pgs=8 cs=0 l=1 rev1=1 crypto rx=0 tx=0 comp rx=0 tx=0).stop
2023-12-02T09:14:09.485 INFO:teuthology.orchestra.run.smithi148.stdout:/usr/bin/ceph: stderr
2023-12-02T09:14:09.228+0000 7f68f4af1700 1 --2- 172.21.15.148:0/3171047735 >> [v2:172.21.15.148:3300/0,v1:172.21.15.148:6789/0] conn(0x7f68f01022b0 0x7f68f0078d10 unknown :-1 s=CLOSED pgs=38 cs=0 l=1 rev1=1 crypto rx=0 tx=0 comp rx=0 tx=0).stop
2023-12-02T09:14:09.485 INFO:teuthology.orchestra.run.smithi148.stdout:/usr/bin/ceph: stderr
2023-12-02T09:14:09.228+0000 7f68f4af1700 1 -- 172.21.15.148:0/3171047735 >> 172.21.15.148:0/3171047735 conn(0x7f68f00fda10 msgr2=0x7f68f00ff1b0 unknown :-1 s=STATE_NONE l=0).mark_down
2023-12-02T09:14:09.485 INFO:teuthology.orchestra.run.smithi148.stdout:/usr/bin/ceph: stderr
2023-12-02T09:14:09.228+0000 7f68f4af1700 1 -- 172.21.15.148:0/3171047735 shutdown_connections
2023-12-02T09:14:09.485 INFO:teuthology.orchestra.run.smithi148.stdout:/usr/bin/ceph: stderr
2023-12-02T09:14:09.228+0000 7f68f4af1700 1 -- 172.21.15.148:0/3171047735 wait complete.
2023-12-02T09:14:09.485 INFO:teuthology.orchestra.run.smithi148.stdout:Generating ssh key...
2023-12-02T09:14:10.231 INFO:journalctl@ceph.mon.smithi148.smithi148.stdout:Dec 02 09:14:10 smithi148 ceph-mon[80848]: from='client.14130 -' entity='client.admin' cmd=[{"prefix": "orch set backend", "module_name": "cephadm", "target": ["mon-mgr", ""]}]: dispatch
2023-12-02T09:14:10.231 INFO:journalctl@ceph.mon.smithi148.smithi148.stdout:Dec 02 09:14:10 smithi148 ceph-mon[80848]: [02/Dec/2023:09:14:09] ENGINE Bus STARTING
2023-12-02T09:14:10.231 INFO:journalctl@ceph.mon.smithi148.smithi148.stdout:Dec 02 09:14:10 smithi148 ceph-mon[80848]: [02/Dec/2023:09:14:09] ENGINE Serving on https://172.21.15.148:7150
2023-12-02T09:14:10.231 INFO:journalctl@ceph.mon.smithi148.smithi148.stdout:Dec 02 09:14:10 smithi148 ceph-mon[80848]: [02/Dec/2023:09:14:09] ENGINE Bus STARTED
2023-12-02T09:14:10.231 INFO:journalctl@ceph.mon.smithi148.smithi148.stdout:Dec 02 09:14:10 smithi148 ceph-mon[80848]: from='mgr.14118 172.21.15.148:0/1791585004' entity='mgr.smithi148.ehhhsg'
2023-12-02T09:14:10.231 INFO:journalctl@ceph.mon.smithi148.smithi148.stdout:Dec 02 09:14:10 smithi148 ceph-mon[80848]: from='mgr.14118 172.21.15.148:0/1791585004' entity='mgr.smithi148.ehhhsg' cmd=[{"prefix": "config dump", "format": "json"}]: dispatch
2023-12-02T09:14:10.231 INFO:journalctl@ceph.mon.smithi148.smithi148.stdout:Dec 02 09:14:10 smithi148 ceph-mon[80848]: from='client.14132 -' entity='client.admin' cmd=[{"prefix": "cephadm set-user", "user": "root", "target": ["mon-mgr", ""]}]: dispatch
2023-12-02T09:14:10.232 INFO:journalctl@ceph.mon.smithi148.smithi148.stdout:Dec 02 09:14:10 smithi148 ceph-mon[80848]: mgrmap e7: smithi148.ehhhsg(active, since 2s)
2023-12-02T09:14:10.232 INFO:journalctl@ceph.mon.smithi148.smithi148.stdout:Dec 02 09:14:10 smithi148 ceph-mon[80848]: from='mgr.14118 172.21.15.148:0/1791585004' entity='mgr.smithi148.ehhhsg'
2023-12-02T09:14:10.232 INFO:journalctl@ceph.mon.smithi148.smithi148.stdout:Dec 02 09:14:10 smithi148 ceph-mon[80848]: from='mgr.14118 172.21.15.148:0/1791585004' entity='mgr.smithi148.ehhhsg'
2023-12-02T09:14:10.381 INFO:teuthology.orchestra.run.smithi148.stdout:/usr/bin/ceph: stderr
2023-12-02T09:14:09.754+0000 7ff7a3d6e700 1 Processor -- start
2023-12-02T09:14:10.381 INFO:teuthology.orchestra.run.smithi148.stdout:/usr/bin/ceph: stderr
2023-12-02T09:14:09.755+0000 7ff7a3d6e700 1 -- start start
2023-12-02T09:14:10.381 INFO:teuthology.orchestra.run.smithi148.stdout:/usr/bin/ceph: stderr
2023-12-02T09:14:09.755+0000 7ff7a3d6e700 1 --2- >> [v2:172.21.15.148:3300/0,v1:172.21.15.148:6789/0] conn(0x7ff79c076be0 0x7ff79c104f20 unknown :-1 s=NONE pgs=0 cs=0 l=0 rev1=0 crypto rx=0 tx=0 comp rx=0 tx=0).connect
2023-12-02T09:14:10.381 INFO:teuthology.orchestra.run.smithi148.stdout:/usr/bin/ceph: stderr
2023-12-02T09:14:09.755+0000 7ff7a3d6e700 1 -- --> [v2:172.21.15.148:3300/0,v1:172.21.15.148:6789/0] -- mon_getmap magic: 0 v1 -- 0x7ff79c105460 con 0x7ff79c076be0
2023-12-02T09:14:10.382 INFO:teuthology.orchestra.run.smithi148.stdout:/usr/bin/ceph: stderr
2023-12-02T09:14:09.755+0000 7ff7a1b0a700 1 --2- >> [v2:172.21.15.148:3300/0,v1:172.21.15.148:6789/0] conn(0x7ff79c076be0 0x7ff79c104f20 unknown :-1 s=BANNER_CONNECTING pgs=0 cs=0 l=0 rev1=0 crypto rx=0 tx=0 comp rx=0 tx=0)._handle_peer_banner_payload supported=3 required=0
2023-12-02T09:14:10.382 INFO:teuthology.orchestra.run.smithi148.stdout:/usr/bin/ceph: stderr
2023-12-02T09:14:09.755+0000 7ff7a1b0a700 1 --2- >> [v2:172.21.15.148:3300/0,v1:172.21.15.148:6789/0] conn(0x7ff79c076be0 0x7ff79c104f20 unknown :-1 s=HELLO_CONNECTING pgs=0 cs=0 l=0 rev1=1 crypto rx=0 tx=0 comp rx=0 tx=0).handle_hello peer v2:172.21.15.148:3300/0 says I am v2:172.21.15.148:53778/0 (socket says 172.21.15.148:53778)
2023-12-02T09:14:10.382 INFO:teuthology.orchestra.run.smithi148.stdout:/usr/bin/ceph: stderr
2023-12-02T09:14:09.755+0000 7ff7a1b0a700 1 -- 172.21.15.148:0/3055828568 learned_addr learned my addr 172.21.15.148:0/3055828568 (peer_addr_for_me v2:172.21.15.148:0/0)
2023-12-02T09:14:10.382 INFO:teuthology.orchestra.run.smithi148.stdout:/usr/bin/ceph: stderr
2023-12-02T09:14:09.755+0000 7ff7a1b0a700 1 -- 172.21.15.148:0/3055828568 --> [v2:172.21.15.148:3300/0,v1:172.21.15.148:6789/0] -- mon_subscribe({config=0+,monmap=0+}) v3 -- 0x7ff79c1055a0 con 0x7ff79c076be0
2023-12-02T09:14:10.382 INFO:teuthology.orchestra.run.smithi148.stdout:/usr/bin/ceph: stderr
2023-12-02T09:14:09.755+0000 7ff7a1b0a700 1 --2- 172.21.15.148:0/3055828568 >> [v2:172.21.15.148:3300/0,v1:172.21.15.148:6789/0] conn(0x7ff79c076be0 0x7ff79c104f20 secure :-1 s=READY pgs=39 cs=0 l=1 rev1=1 crypto rx=0x7ff794009e50 tx=0x7ff794009840 comp rx=0 tx=0).ready entity=mon.0 client_cookie=5e94b69d7070c9a4 server_cookie=0 in_seq=0 out_seq=0
2023-12-02T09:14:10.382 INFO:teuthology.orchestra.run.smithi148.stdout:/usr/bin/ceph: stderr
2023-12-02T09:14:09.756+0000 7ff7a0b08700 1 -- 172.21.15.148:0/3055828568 <== mon.0 v2:172.21.15.148:3300/0 1 ==== mon_map magic: 0 v1 ==== 229+0+0 (secure 0 0 0) 0x7ff7940092e0 con 0x7ff79c076be0
2023-12-02T09:14:10.382 INFO:teuthology.orchestra.run.smithi148.stdout:/usr/bin/ceph: stderr
2023-12-02T09:14:09.756+0000 7ff7a0b08700 1 -- 172.21.15.148:0/3055828568 <== mon.0 v2:172.21.15.148:3300/0 2 ==== config(26 keys) v1 ==== 1009+0+0 (secure 0 0 0) 0x7ff79400be90 con 0x7ff79c076be0
2023-12-02T09:14:10.382 INFO:teuthology.orchestra.run.smithi148.stdout:/usr/bin/ceph: stderr
2023-12-02T09:14:09.756+0000 7ff7a0b08700 1 -- 172.21.15.148:0/3055828568 <== mon.0 v2:172.21.15.148:3300/0 3 ==== mon_map magic: 0 v1 ==== 229+0+0 (secure 0 0 0) 0x7ff794007400 con 0x7ff79c076be0
2023-12-02T09:14:10.382 INFO:teuthology.orchestra.run.smithi148.stdout:/usr/bin/ceph: stderr
2023-12-02T09:14:09.756+0000 7ff7a3d6e700 1 -- 172.21.15.148:0/3055828568 >> [v2:172.21.15.148:3300/0,v1:172.21.15.148:6789/0] conn(0x7ff79c076be0 msgr2=0x7ff79c104f20 secure :-1 s=STATE_CONNECTION_ESTABLISHED l=1).mark_down
2023-12-02T09:14:10.382 INFO:teuthology.orchestra.run.smithi148.stdout:/usr/bin/ceph: stderr
2023-12-02T09:14:09.756+0000 7ff7a3d6e700 1 --2- 172.21.15.148:0/3055828568 >> [v2:172.21.15.148:3300/0,v1:172.21.15.148:6789/0] conn(0x7ff79c076be0 0x7ff79c104f20 secure :-1 s=READY pgs=39 cs=0 l=1 rev1=1 crypto rx=0x7ff794009e50 tx=0x7ff794009840 comp rx=0 tx=0).stop
2023-12-02T09:14:10.382 INFO:teuthology.orchestra.run.smithi148.stdout:/usr/bin/ceph: stderr
2023-12-02T09:14:09.756+0000 7ff7a3d6e700 1 -- 172.21.15.148:0/3055828568 shutdown_connections
2023-12-02T09:14:10.382 INFO:teuthology.orchestra.run.smithi148.stdout:/usr/bin/ceph: stderr
2023-12-02T09:14:09.756+0000 7ff7a3d6e700 1 --2- 172.21.15.148:0/3055828568 >> [v2:172.21.15.148:3300/0,v1:172.21.15.148:6789/0] conn(0x7ff79c076be0 0x7ff79c104f20 unknown :-1 s=CLOSED pgs=39 cs=0 l=1 rev1=1 crypto rx=0 tx=0 comp rx=0 tx=0).stop
2023-12-02T09:14:10.382 INFO:teuthology.orchestra.run.smithi148.stdout:/usr/bin/ceph: stderr
2023-12-02T09:14:09.756+0000 7ff7a3d6e700 1 -- 172.21.15.148:0/3055828568 >> 172.21.15.148:0/3055828568 conn(0x7ff79c0fc950 msgr2=0x7ff79c0fed60 unknown :-1 s=STATE_NONE l=0).mark_down
2023-12-02T09:14:10.383 INFO:teuthology.orchestra.run.smithi148.stdout:/usr/bin/ceph: stderr
2023-12-02T09:14:09.756+0000 7ff7a3d6e700 1 -- 172.21.15.148:0/3055828568 shutdown_connections
2023-12-02T09:14:10.383 INFO:teuthology.orchestra.run.smithi148.stdout:/usr/bin/ceph: stderr
2023-12-02T09:14:09.756+0000 7ff7a3d6e700 1 -- 172.21.15.148:0/3055828568 wait complete.
2023-12-02T09:14:10.383 INFO:teuthology.orchestra.run.smithi148.stdout:/usr/bin/ceph: stderr
2023-12-02T09:14:09.757+0000 7ff7a3d6e700 1 Processor -- start
2023-12-02T09:14:10.383 INFO:teuthology.orchestra.run.smithi148.stdout:/usr/bin/ceph: stderr
2023-12-02T09:14:09.757+0000 7ff7a3d6e700 1 -- start start
2023-12-02T09:14:10.383 INFO:teuthology.orchestra.run.smithi148.stdout:/usr/bin/ceph: stderr
2023-12-02T09:14:09.757+0000 7ff7a3d6e700 1 --2- >> [v2:172.21.15.148:3300/0,v1:172.21.15.148:6789/0] conn(0x7ff79c076be0 0x7ff79c111130 unknown :-1 s=NONE pgs=0 cs=0 l=1 rev1=0 crypto rx=0 tx=0 comp rx=0 tx=0).connect
2023-12-02T09:14:10.383 INFO:teuthology.orchestra.run.smithi148.stdout:/usr/bin/ceph: stderr
2023-12-02T09:14:09.757+0000 7ff7a3d6e700 1 -- --> [v2:172.21.15.148:3300/0,v1:172.21.15.148:6789/0] -- mon_getmap magic: 0 v1 -- 0x7ff79c111670 con 0x7ff79c076be0
2023-12-02T09:14:10.383 INFO:teuthology.orchestra.run.smithi148.stdout:/usr/bin/ceph: stderr
2023-12-02T09:14:09.757+0000 7ff7a1b0a700 1 --2- >> [v2:172.21.15.148:3300/0,v1:172.21.15.148:6789/0] conn(0x7ff79c076be0 0x7ff79c111130 unknown :-1 s=BANNER_CONNECTING pgs=0 cs=0 l=1 rev1=0 crypto rx=0 tx=0 comp rx=0 tx=0)._handle_peer_banner_payload supported=3 required=0
2023-12-02T09:14:10.383 INFO:teuthology.orchestra.run.smithi148.stdout:/usr/bin/ceph: stderr
2023-12-02T09:14:09.757+0000 7ff7a1b0a700 1 --2- >> [v2:172.21.15.148:3300/0,v1:172.21.15.148:6789/0] conn(0x7ff79c076be0 0x7ff79c111130 unknown :-1 s=HELLO_CONNECTING pgs=0 cs=0 l=1 rev1=1 crypto rx=0 tx=0 comp rx=0 tx=0).handle_hello peer v2:172.21.15.148:3300/0 says I am v2:172.21.15.148:53786/0 (socket says 172.21.15.148:53786)
2023-12-02T09:14:10.383 INFO:teuthology.orchestra.run.smithi148.stdout:/usr/bin/ceph: stderr
2023-12-02T09:14:09.757+0000 7ff7a1b0a700 1 -- 172.21.15.148:0/1246063191 learned_addr learned my addr 172.21.15.148:0/1246063191 (peer_addr_for_me v2:172.21.15.148:0/0)
2023-12-02T09:14:10.383 INFO:teuthology.orchestra.run.smithi148.stdout:/usr/bin/ceph: stderr
2023-12-02T09:14:09.757+0000 7ff7a1b0a700 1 -- 172.21.15.148:0/1246063191 --> [v2:172.21.15.148:3300/0,v1:172.21.15.148:6789/0] -- mon_subscribe({config=0+,monmap=0+}) v3 -- 0x7ff794009ae0 con 0x7ff79c076be0
2023-12-02T09:14:10.383 INFO:teuthology.orchestra.run.smithi148.stdout:/usr/bin/ceph: stderr
2023-12-02T09:14:09.757+0000 7ff7a1b0a700 1 --2- 172.21.15.148:0/1246063191 >> [v2:172.21.15.148:3300/0,v1:172.21.15.148:6789/0] conn(0x7ff79c076be0 0x7ff79c111130 secure :-1 s=READY pgs=40 cs=0 l=1 rev1=1 crypto rx=0x7ff794000f80 tx=0x7ff794009840 comp rx=0 tx=0).ready entity=mon.0 client_cookie=0 server_cookie=0 in_seq=0 out_seq=0
2023-12-02T09:14:10.383 INFO:teuthology.orchestra.run.smithi148.stdout:/usr/bin/ceph: stderr
2023-12-02T09:14:09.758+0000 7ff7927fc700 1 -- 172.21.15.148:0/1246063191 <== mon.0 v2:172.21.15.148:3300/0 1 ==== mon_map magic: 0 v1 ==== 229+0+0 (secure 0 0 0) 0x7ff79401c620 con 0x7ff79c076be0
2023-12-02T09:14:10.383 INFO:teuthology.orchestra.run.smithi148.stdout:/usr/bin/ceph: stderr
2023-12-02T09:14:09.758+0000 7ff7927fc700 1 -- 172.21.15.148:0/1246063191 <== mon.0 v2:172.21.15.148:3300/0 2 ==== config(26 keys) v1 ==== 1009+0+0 (secure 0 0 0) 0x7ff79401cbf0 con 0x7ff79c076be0
2023-12-02T09:14:10.383 INFO:teuthology.orchestra.run.smithi148.stdout:/usr/bin/ceph: stderr
2023-12-02T09:14:09.758+0000 7ff7a3d6e700 1 -- 172.21.15.148:0/1246063191 --> [v2:172.21.15.148:3300/0,v1:172.21.15.148:6789/0] -- mon_subscribe({mgrmap=0+}) v3 -- 0x7ff79c111870 con 0x7ff79c076be0
2023-12-02T09:14:10.384 INFO:teuthology.orchestra.run.smithi148.stdout:/usr/bin/ceph: stderr
2023-12-02T09:14:09.758+0000 7ff7927fc700 1 -- 172.21.15.148:0/1246063191 <== mon.0 v2:172.21.15.148:3300/0 3 ==== mon_map magic: 0 v1 ==== 229+0+0 (secure 0 0 0) 0x7ff794007b40 con 0x7ff79c076be0
2023-12-02T09:14:10.384 INFO:teuthology.orchestra.run.smithi148.stdout:/usr/bin/ceph: stderr
2023-12-02T09:14:09.758+0000 7ff7a3d6e700 1 -- 172.21.15.148:0/1246063191 --> [v2:172.21.15.148:3300/0,v1:172.21.15.148:6789/0] -- mon_subscribe({osdmap=0}) v3 -- 0x7ff79c112510 con 0x7ff79c076be0
2023-12-02T09:14:10.384 INFO:teuthology.orchestra.run.smithi148.stdout:/usr/bin/ceph: stderr
2023-12-02T09:14:09.758+0000 7ff7927fc700 1 -- 172.21.15.148:0/1246063191 <== mon.0 v2:172.21.15.148:3300/0 4 ==== mgrmap(e 7) v1 ==== 43281+0+0 (secure 0 0 0) 0x7ff794019070 con 0x7ff79c076be0
2023-12-02T09:14:10.384 INFO:teuthology.orchestra.run.smithi148.stdout:/usr/bin/ceph: stderr
2023-12-02T09:14:09.759+0000 7ff7927fc700 1 --2- 172.21.15.148:0/1246063191 >> [v2:172.21.15.148:6800/3822227469,v1:172.21.15.148:6801/3822227469] conn(0x7ff788036640 0x7ff788038af0 unknown :-1 s=NONE pgs=0 cs=0 l=1 rev1=0 crypto rx=0 tx=0 comp rx=0 tx=0).connect
2023-12-02T09:14:10.384 INFO:teuthology.orchestra.run.smithi148.stdout:/usr/bin/ceph: stderr
2023-12-02T09:14:09.759+0000 7ff7927fc700 1 -- 172.21.15.148:0/1246063191 <== mon.0 v2:172.21.15.148:3300/0 5 ==== osd_map(2..2 src has 1..2) v4 ==== 936+0+0 (secure 0 0 0) 0x7ff79404a050 con 0x7ff79c076be0
2023-12-02T09:14:10.384 INFO:teuthology.orchestra.run.smithi148.stdout:/usr/bin/ceph: stderr
2023-12-02T09:14:09.759+0000 7ff7a1309700 1 --2- 172.21.15.148:0/1246063191 >> [v2:172.21.15.148:6800/3822227469,v1:172.21.15.148:6801/3822227469] conn(0x7ff788036640 0x7ff788038af0 unknown :-1 s=BANNER_CONNECTING pgs=0 cs=0 l=1 rev1=0 crypto rx=0 tx=0 comp rx=0 tx=0)._handle_peer_banner_payload supported=3 required=0
2023-12-02T09:14:10.384 INFO:teuthology.orchestra.run.smithi148.stdout:/usr/bin/ceph: stderr
2023-12-02T09:14:09.759+0000 7ff7a3d6e700 1 -- 172.21.15.148:0/1246063191 --> [v2:172.21.15.148:3300/0,v1:172.21.15.148:6789/0] -- mon_command({"prefix": "get_command_descriptions"} v 0) v1 -- 0x7ff79c111ce0 con 0x7ff79c076be0
2023-12-02T09:14:10.384 INFO:teuthology.orchestra.run.smithi148.stdout:/usr/bin/ceph: stderr
2023-12-02T09:14:09.759+0000 7ff7a1309700 1 --2- 172.21.15.148:0/1246063191 >> [v2:172.21.15.148:6800/3822227469,v1:172.21.15.148:6801/3822227469] conn(0x7ff788036640 0x7ff788038af0 secure :-1 s=READY pgs=9 cs=0 l=1 rev1=1 crypto rx=0x7ff78c009990 tx=0x7ff78c006e40 comp rx=0 tx=0).ready entity=mgr.14118 client_cookie=0 server_cookie=0 in_seq=0 out_seq=0
2023-12-02T09:14:10.384 INFO:teuthology.orchestra.run.smithi148.stdout:/usr/bin/ceph: stderr
2023-12-02T09:14:09.763+0000 7ff7927fc700 1 -- 172.21.15.148:0/1246063191 <== mon.0 v2:172.21.15.148:3300/0 6 ==== mon_command_ack([{"prefix": "get_command_descriptions"}]=0 v0) v1 ==== 72+0+174570 (secure 0 0 0) 0x7ff794017020 con 0x7ff79c076be0
2023-12-02T09:14:10.384 INFO:teuthology.orchestra.run.smithi148.stdout:/usr/bin/ceph: stderr
2023-12-02T09:14:09.948+0000 7ff7a3d6e700 1 -- 172.21.15.148:0/1246063191 --> [v2:172.21.15.148:6800/3822227469,v1:172.21.15.148:6801/3822227469] -- mgr_command(tid 0: {"prefix": "cephadm generate-key", "target": ["mon-mgr", ""]}) v1 -- 0x7ff79c112750 con 0x7ff788036640
2023-12-02T09:14:10.384 INFO:teuthology.orchestra.run.smithi148.stdout:/usr/bin/ceph: stderr
2023-12-02T09:14:10.075+0000 7ff7927fc700 1 -- 172.21.15.148:0/1246063191 <== mgr.14118 v2:172.21.15.148:6800/3822227469 1 ==== mgr_command_reply(tid 0: 0 ) v1 ==== 8+0+0 (secure 0 0 0) 0x7ff79c112750 con 0x7ff788036640
2023-12-02T09:14:10.384 INFO:teuthology.orchestra.run.smithi148.stdout:/usr/bin/ceph: stderr
2023-12-02T09:14:10.077+0000 7ff7a3d6e700 1 -- 172.21.15.148:0/1246063191 >> [v2:172.21.15.148:6800/3822227469,v1:172.21.15.148:6801/3822227469] conn(0x7ff788036640 msgr2=0x7ff788038af0 secure :-1 s=STATE_CONNECTION_ESTABLISHED l=1).mark_down
2023-12-02T09:14:10.384 INFO:teuthology.orchestra.run.smithi148.stdout:/usr/bin/ceph: stderr
2023-12-02T09:14:10.077+0000 7ff7a3d6e700 1 --2- 172.21.15.148:0/1246063191 >> [v2:172.21.15.148:6800/3822227469,v1:172.21.15.148:6801/3822227469] conn(0x7ff788036640 0x7ff788038af0 secure :-1 s=READY pgs=9 cs=0 l=1 rev1=1 crypto rx=0x7ff78c009990 tx=0x7ff78c006e40 comp rx=0 tx=0).stop
2023-12-02T09:14:10.384 INFO:teuthology.orchestra.run.smithi148.stdout:/usr/bin/ceph: stderr
2023-12-02T09:14:10.077+0000 7ff7a3d6e700 1 -- 172.21.15.148:0/1246063191 >> [v2:172.21.15.148:3300/0,v1:172.21.15.148:6789/0] conn(0x7ff79c076be0 msgr2=0x7ff79c111130 secure :-1 s=STATE_CONNECTION_ESTABLISHED l=1).mark_down
2023-12-02T09:14:10.385 INFO:teuthology.orchestra.run.smithi148.stdout:/usr/bin/ceph: stderr
2023-12-02T09:14:10.077+0000 7ff7a3d6e700 1 --2- 172.21.15.148:0/1246063191 >> [v2:172.21.15.148:3300/0,v1:172.21.15.148:6789/0] conn(0x7ff79c076be0 0x7ff79c111130 secure :-1 s=READY pgs=40 cs=0 l=1 rev1=1 crypto rx=0x7ff794000f80 tx=0x7ff794009840 comp rx=0 tx=0).stop
2023-12-02T09:14:10.385 INFO:teuthology.orchestra.run.smithi148.stdout:/usr/bin/ceph: stderr
2023-12-02T09:14:10.077+0000 7ff7a3d6e700 1 -- 172.21.15.148:0/1246063191 shutdown_connections
2023-12-02T09:14:10.385 INFO:teuthology.orchestra.run.smithi148.stdout:/usr/bin/ceph: stderr
2023-12-02T09:14:10.077+0000 7ff7a3d6e700 1 --2- 172.21.15.148:0/1246063191 >> [v2:172.21.15.148:6800/3822227469,v1:172.21.15.148:6801/3822227469] conn(0x7ff788036640 0x7ff788038af0 unknown :-1 s=CLOSED pgs=9 cs=0 l=1 rev1=1 crypto rx=0 tx=0 comp rx=0 tx=0).stop
2023-12-02T09:14:10.385 INFO:teuthology.orchestra.run.smithi148.stdout:/usr/bin/ceph: stderr
2023-12-02T09:14:10.077+0000 7ff7a3d6e700 1 --2- 172.21.15.148:0/1246063191 >> [v2:172.21.15.148:3300/0,v1:172.21.15.148:6789/0] conn(0x7ff79c076be0 0x7ff79c111130 unknown :-1 s=CLOSED pgs=40 cs=0 l=1 rev1=1 crypto rx=0 tx=0 comp rx=0 tx=0).stop
2023-12-02T09:14:10.385 INFO:teuthology.orchestra.run.smithi148.stdout:/usr/bin/ceph: stderr
2023-12-02T09:14:10.077+0000 7ff7a3d6e700 1 -- 172.21.15.148:0/1246063191 >> 172.21.15.148:0/1246063191 conn(0x7ff79c0fc950 msgr2=0x7ff79c0fe150 unknown :-1 s=STATE_NONE l=0).mark_down
2023-12-02T09:14:10.385 INFO:teuthology.orchestra.run.smithi148.stdout:/usr/bin/ceph: stderr
2023-12-02T09:14:10.078+0000 7ff7a3d6e700 1 -- 172.21.15.148:0/1246063191 shutdown_connections
2023-12-02T09:14:10.385 INFO:teuthology.orchestra.run.smithi148.stdout:/usr/bin/ceph: stderr
2023-12-02T09:14:10.078+0000 7ff7a3d6e700 1 -- 172.21.15.148:0/1246063191 wait complete.
2023-12-02T09:14:11.058 INFO:teuthology.orchestra.run.smithi148.stdout:/usr/bin/ceph: stdout ssh-rsa AAAAB3NzaC1yc2EAAAADAQABAAABgQCmesgWKVjLUDQthAZDQ+JcwTwJMe7aBDzeV8Vxpu24ZlWyXgLbpv9hDz8byQtzP+Jl5xZZZXJ0kHa/e7FhrqvHEB29yBOMJtpnOsKmHNtulYDt8KghXXoWD0WaichERB0UChOGmyb8g2LG0JVKLN1MPZ5yAYAoL7vR8lCGxoYG1JuIi6cirHFQRplNA7ZBdXR723nLzxT7pvmnNw5lViRAgiAP8wOpTcTlRlP81BCWelacP+C55Z6l/2Zoed5AtvkxKiSpgSe0bwBYsGx3q2mkqdz4K+KjoD50ZDqrGCijynhcNXs5eqcnajmMfEp3Af6XUs5mx00yBFvHu2x3yXh0eesUA/8ArsNsGJGvcnbZ5bV+kFP5/Mx7h6t4h86Jf1P82msHgJyHz8jqJgiThljNpv/KW78L2yv5AHx8qMb6NITBvCDagYHo6PWyIILvD1Rz+8jtvbijtju2mAQ9pJ4ZJYHDDYFrcqhe66WoW1YxYR3EvNiLCfVTi+6qNytgawE= ceph-f7e6d898-90f2-11ee-95a2-87774f69a715
2023-12-02T09:14:11.058 INFO:teuthology.orchestra.run.smithi148.stdout:/usr/bin/ceph: stderr
2023-12-02T09:14:10.612+0000 7efd10d9a700 1 Processor -- start
2023-12-02T09:14:11.058 INFO:teuthology.orchestra.run.smithi148.stdout:/usr/bin/ceph: stderr
2023-12-02T09:14:10.612+0000 7efd10d9a700 1 -- start start
2023-12-02T09:14:11.058 INFO:teuthology.orchestra.run.smithi148.stdout:/usr/bin/ceph: stderr
2023-12-02T09:14:10.612+0000 7efd10d9a700 1 --2- >> [v2:172.21.15.148:3300/0,v1:172.21.15.148:6789/0] conn(0x7efd0c1027b0 0x7efd0c102bc0 unknown :-1 s=NONE pgs=0 cs=0 l=0 rev1=0 crypto rx=0 tx=0 comp rx=0 tx=0).connect
2023-12-02T09:14:11.058 INFO:teuthology.orchestra.run.smithi148.stdout:/usr/bin/ceph: stderr
2023-12-02T09:14:10.612+0000 7efd10d9a700 1 -- --> [v2:172.21.15.148:3300/0,v1:172.21.15.148:6789/0] -- mon_getmap magic: 0 v1 -- 0x7efd0c103100 con 0x7efd0c1027b0
2023-12-02T09:14:11.058 INFO:teuthology.orchestra.run.smithi148.stdout:/usr/bin/ceph: stderr
2023-12-02T09:14:10.612+0000 7efd0a59c700 1 --2- >> [v2:172.21.15.148:3300/0,v1:172.21.15.148:6789/0] conn(0x7efd0c1027b0 0x7efd0c102bc0 unknown :-1 s=BANNER_CONNECTING pgs=0 cs=0 l=0 rev1=0 crypto rx=0 tx=0 comp rx=0 tx=0)._handle_peer_banner_payload supported=3 required=0
2023-12-02T09:14:11.058 INFO:teuthology.orchestra.run.smithi148.stdout:/usr/bin/ceph: stderr
2023-12-02T09:14:10.612+0000 7efd0a59c700 1 --2- >> [v2:172.21.15.148:3300/0,v1:172.21.15.148:6789/0] conn(0x7efd0c1027b0 0x7efd0c102bc0 unknown :-1 s=HELLO_CONNECTING pgs=0 cs=0 l=0 rev1=1 crypto rx=0 tx=0 comp rx=0 tx=0).handle_hello peer v2:172.21.15.148:3300/0 says I am v2:172.21.15.148:53792/0 (socket says 172.21.15.148:53792)
2023-12-02T09:14:11.058 INFO:teuthology.orchestra.run.smithi148.stdout:/usr/bin/ceph: stderr
2023-12-02T09:14:10.612+0000 7efd0a59c700 1 -- 172.21.15.148:0/4240529953 learned_addr learned my addr 172.21.15.148:0/4240529953 (peer_addr_for_me v2:172.21.15.148:0/0)
2023-12-02T09:14:11.058 INFO:teuthology.orchestra.run.smithi148.stdout:/usr/bin/ceph: stderr
2023-12-02T09:14:10.613+0000 7efd0a59c700 1 -- 172.21.15.148:0/4240529953 --> [v2:172.21.15.148:3300/0,v1:172.21.15.148:6789/0] -- mon_subscribe({config=0+,monmap=0+}) v3 -- 0x7efd0c103240 con 0x7efd0c1027b0
2023-12-02T09:14:11.059 INFO:teuthology.orchestra.run.smithi148.stdout:/usr/bin/ceph: stderr
2023-12-02T09:14:10.613+0000 7efd0a59c700 1 --2- 172.21.15.148:0/4240529953 >> [v2:172.21.15.148:3300/0,v1:172.21.15.148:6789/0] conn(0x7efd0c1027b0 0x7efd0c102bc0 secure :-1 s=READY pgs=41 cs=0 l=1 rev1=1 crypto rx=0x7efcfc00bb80 tx=0x7efcfc00b4f0 comp rx=0 tx=0).ready entity=mon.0 client_cookie=85ca564136a28691 server_cookie=0 in_seq=0 out_seq=0
2023-12-02T09:14:11.059 INFO:teuthology.orchestra.run.smithi148.stdout:/usr/bin/ceph: stderr
2023-12-02T09:14:10.613+0000 7efd09d9b700 1 -- 172.21.15.148:0/4240529953 <== mon.0 v2:172.21.15.148:3300/0 1 ==== mon_map magic: 0 v1 ==== 229+0+0 (secure 0 0 0) 0x7efcfc00dd00 con 0x7efd0c1027b0
2023-12-02T09:14:11.059 INFO:teuthology.orchestra.run.smithi148.stdout:/usr/bin/ceph: stderr
2023-12-02T09:14:10.613+0000 7efd09d9b700 1 -- 172.21.15.148:0/4240529953 <== mon.0 v2:172.21.15.148:3300/0 2 ==== config(26 keys) v1 ==== 1009+0+0 (secure 0 0 0) 0x7efcfc00de60 con 0x7efd0c1027b0
2023-12-02T09:14:11.059 INFO:teuthology.orchestra.run.smithi148.stdout:/usr/bin/ceph: stderr
2023-12-02T09:14:10.613+0000 7efd09d9b700 1 -- 172.21.15.148:0/4240529953 <== mon.0 v2:172.21.15.148:3300/0 3 ==== mon_map magic: 0 v1 ==== 229+0+0 (secure 0 0 0) 0x7efcfc018840 con 0x7efd0c1027b0
2023-12-02T09:14:11.059 INFO:teuthology.orchestra.run.smithi148.stdout:/usr/bin/ceph: stderr
2023-12-02T09:14:10.613+0000 7efd10d9a700 1 -- 172.21.15.148:0/4240529953 >> [v2:172.21.15.148:3300/0,v1:172.21.15.148:6789/0] conn(0x7efd0c1027b0 msgr2=0x7efd0c102bc0 secure :-1 s=STATE_CONNECTION_ESTABLISHED l=1).mark_down
2023-12-02T09:14:11.059 INFO:teuthology.orchestra.run.smithi148.stdout:/usr/bin/ceph: stderr
2023-12-02T09:14:10.613+0000 7efd10d9a700 1 --2- 172.21.15.148:0/4240529953 >> [v2:172.21.15.148:3300/0,v1:172.21.15.148:6789/0] conn(0x7efd0c1027b0 0x7efd0c102bc0 secure :-1 s=READY pgs=41 cs=0 l=1 rev1=1 crypto rx=0x7efcfc00bb80 tx=0x7efcfc00b4f0 comp rx=0 tx=0).stop
2023-12-02T09:14:11.059 INFO:teuthology.orchestra.run.smithi148.stdout:/usr/bin/ceph: stderr
2023-12-02T09:14:10.614+0000 7efd10d9a700 1 -- 172.21.15.148:0/4240529953 shutdown_connections
2023-12-02T09:14:11.059 INFO:teuthology.orchestra.run.smithi148.stdout:/usr/bin/ceph: stderr
2023-12-02T09:14:10.614+0000 7efd10d9a700 1 --2- 172.21.15.148:0/4240529953 >> [v2:172.21.15.148:3300/0,v1:172.21.15.148:6789/0] conn(0x7efd0c1027b0 0x7efd0c102bc0 unknown :-1 s=CLOSED pgs=41 cs=0 l=1 rev1=1 crypto rx=0 tx=0 comp rx=0 tx=0).stop
2023-12-02T09:14:11.059 INFO:teuthology.orchestra.run.smithi148.stdout:/usr/bin/ceph: stderr
2023-12-02T09:14:10.614+0000 7efd10d9a700 1 -- 172.21.15.148:0/4240529953 >> 172.21.15.148:0/4240529953 conn(0x7efd0c0fc0b0 msgr2=0x7efd0c0fe4e0 unknown :-1 s=STATE_NONE l=0).mark_down
2023-12-02T09:14:11.059 INFO:teuthology.orchestra.run.smithi148.stdout:/usr/bin/ceph: stderr
2023-12-02T09:14:10.614+0000 7efd10d9a700 1 -- 172.21.15.148:0/4240529953 shutdown_connections
2023-12-02T09:14:11.059 INFO:teuthology.orchestra.run.smithi148.stdout:/usr/bin/ceph: stderr
2023-12-02T09:14:10.614+0000 7efd10d9a700 1 -- 172.21.15.148:0/4240529953 wait complete.
2023-12-02T09:14:11.059 INFO:teuthology.orchestra.run.smithi148.stdout:/usr/bin/ceph: stderr
2023-12-02T09:14:10.614+0000 7efd10d9a700 1 Processor -- start
2023-12-02T09:14:11.059 INFO:teuthology.orchestra.run.smithi148.stdout:/usr/bin/ceph: stderr
2023-12-02T09:14:10.614+0000 7efd10d9a700 1 -- start start
2023-12-02T09:14:11.060 INFO:teuthology.orchestra.run.smithi148.stdout:/usr/bin/ceph: stderr
2023-12-02T09:14:10.614+0000 7efd10d9a700 1 --2- >> [v2:172.21.15.148:3300/0,v1:172.21.15.148:6789/0] conn(0x7efd0c1027b0 0x7efd0c113300 unknown :-1 s=NONE pgs=0 cs=0 l=1 rev1=0 crypto rx=0 tx=0 comp rx=0 tx=0).connect
2023-12-02T09:14:11.060 INFO:teuthology.orchestra.run.smithi148.stdout:/usr/bin/ceph: stderr
2023-12-02T09:14:10.614+0000 7efd10d9a700 1 -- --> [v2:172.21.15.148:3300/0,v1:172.21.15.148:6789/0] -- mon_getmap magic: 0 v1 -- 0x7efd0c113840 con 0x7efd0c1027b0
2023-12-02T09:14:11.060 INFO:teuthology.orchestra.run.smithi148.stdout:/usr/bin/ceph: stderr
2023-12-02T09:14:10.615+0000 7efd0a59c700 1 --2- >> [v2:172.21.15.148:3300/0,v1:172.21.15.148:6789/0] conn(0x7efd0c1027b0 0x7efd0c113300 unknown :-1 s=BANNER_CONNECTING pgs=0 cs=0 l=1 rev1=0 crypto rx=0 tx=0 comp rx=0 tx=0)._handle_peer_banner_payload supported=3 required=0
2023-12-02T09:14:11.060 INFO:teuthology.orchestra.run.smithi148.stdout:/usr/bin/ceph: stderr
2023-12-02T09:14:10.615+0000 7efd0a59c700 1 --2- >> [v2:172.21.15.148:3300/0,v1:172.21.15.148:6789/0] conn(0x7efd0c1027b0 0x7efd0c113300 unknown :-1 s=HELLO_CONNECTING pgs=0 cs=0 l=1 rev1=1 crypto rx=0 tx=0 comp rx=0 tx=0).handle_hello peer v2:172.21.15.148:3300/0 says I am v2:172.21.15.148:53804/0 (socket says 172.21.15.148:53804)
2023-12-02T09:14:11.060 INFO:teuthology.orchestra.run.smithi148.stdout:/usr/bin/ceph: stderr
2023-12-02T09:14:10.615+0000 7efd0a59c700 1 -- 172.21.15.148:0/2892639518 learned_addr learned my addr 172.21.15.148:0/2892639518 (peer_addr_for_me v2:172.21.15.148:0/0)
2023-12-02T09:14:11.060 INFO:teuthology.orchestra.run.smithi148.stdout:/usr/bin/ceph: stderr
2023-12-02T09:14:10.615+0000 7efd0a59c700 1 -- 172.21.15.148:0/2892639518 --> [v2:172.21.15.148:3300/0,v1:172.21.15.148:6789/0] -- mon_subscribe({config=0+,monmap=0+}) v3 -- 0x7efcfc00b790 con 0x7efd0c1027b0
2023-12-02T09:14:11.060 INFO:teuthology.orchestra.run.smithi148.stdout:/usr/bin/ceph: stderr
2023-12-02T09:14:10.615+0000 7efd0a59c700 1 --2- 172.21.15.148:0/2892639518 >> [v2:172.21.15.148:3300/0,v1:172.21.15.148:6789/0] conn(0x7efd0c1027b0 0x7efd0c113300 secure :-1 s=READY pgs=42 cs=0 l=1 rev1=1 crypto rx=0x7efcfc006d20 tx=0x7efcfc00b4f0 comp rx=0 tx=0).ready entity=mon.0 client_cookie=0 server_cookie=0 in_seq=0 out_seq=0
2023-12-02T09:14:11.060 INFO:teuthology.orchestra.run.smithi148.stdout:/usr/bin/ceph: stderr
2023-12-02T09:14:10.615+0000 7efd037fe700 1 -- 172.21.15.148:0/2892639518 <== mon.0 v2:172.21.15.148:3300/0 1 ==== mon_map magic: 0 v1 ==== 229+0+0 (secure 0 0 0) 0x7efcfc010920 con 0x7efd0c1027b0
2023-12-02T09:14:11.060 INFO:teuthology.orchestra.run.smithi148.stdout:/usr/bin/ceph: stderr
2023-12-02T09:14:10.615+0000 7efd037fe700 1 -- 172.21.15.148:0/2892639518 <== mon.0 v2:172.21.15.148:3300/0 2 ==== config(26 keys) v1 ==== 1009+0+0 (secure 0 0 0) 0x7efcfc010a80 con 0x7efd0c1027b0
2023-12-02T09:14:11.060 INFO:teuthology.orchestra.run.smithi148.stdout:/usr/bin/ceph: stderr
2023-12-02T09:14:10.615+0000 7efd10d9a700 1 -- 172.21.15.148:0/2892639518 --> [v2:172.21.15.148:3300/0,v1:172.21.15.148:6789/0] -- mon_subscribe({mgrmap=0+}) v3 -- 0x7efd0c113a40 con 0x7efd0c1027b0
2023-12-02T09:14:11.061 INFO:teuthology.orchestra.run.smithi148.stdout:/usr/bin/ceph: stderr
2023-12-02T09:14:10.615+0000 7efd037fe700 1 -- 172.21.15.148:0/2892639518 <== mon.0 v2:172.21.15.148:3300/0 3 ==== mon_map magic: 0 v1 ==== 229+0+0 (secure 0 0 0) 0x7efcfc021550 con 0x7efd0c1027b0
2023-12-02T09:14:11.061 INFO:teuthology.orchestra.run.smithi148.stdout:/usr/bin/ceph: stderr
2023-12-02T09:14:10.615+0000 7efd10d9a700 1 -- 172.21.15.148:0/2892639518 --> [v2:172.21.15.148:3300/0,v1:172.21.15.148:6789/0] -- mon_subscribe({osdmap=0}) v3 -- 0x7efd0c113e50 con 0x7efd0c1027b0
2023-12-02T09:14:11.061 INFO:teuthology.orchestra.run.smithi148.stdout:/usr/bin/ceph: stderr
2023-12-02T09:14:10.616+0000 7efd037fe700 1 -- 172.21.15.148:0/2892639518 <== mon.0 v2:172.21.15.148:3300/0 4 ==== mgrmap(e 7) v1 ==== 43281+0+0 (secure 0 0 0) 0x7efcfc021810 con 0x7efd0c1027b0
2023-12-02T09:14:11.061 INFO:teuthology.orchestra.run.smithi148.stdout:/usr/bin/ceph: stderr
2023-12-02T09:14:10.616+0000 7efd10d9a700 1 -- 172.21.15.148:0/2892639518 --> [v2:172.21.15.148:3300/0,v1:172.21.15.148:6789/0] -- mon_command({"prefix": "get_command_descriptions"} v 0) v1 -- 0x7efd0c04bb80 con 0x7efd0c1027b0
2023-12-02T09:14:11.061 INFO:teuthology.orchestra.run.smithi148.stdout:/usr/bin/ceph: stderr
2023-12-02T09:14:10.616+0000 7efd037fe700 1 --2- 172.21.15.148:0/2892639518 >> [v2:172.21.15.148:6800/3822227469,v1:172.21.15.148:6801/3822227469] conn(0x7efcf80365f0 0x7efcf8038aa0 unknown :-1 s=NONE pgs=0 cs=0 l=1 rev1=0 crypto rx=0 tx=0 comp rx=0 tx=0).connect
2023-12-02T09:14:11.061 INFO:teuthology.orchestra.run.smithi148.stdout:/usr/bin/ceph: stderr
2023-12-02T09:14:10.616+0000 7efd037fe700 1 -- 172.21.15.148:0/2892639518 <== mon.0 v2:172.21.15.148:3300/0 5 ==== osd_map(2..2 src has 1..2) v4 ==== 936+0+0 (secure 0 0 0) 0x7efcfc014070 con 0x7efd0c1027b0
2023-12-02T09:14:11.061 INFO:teuthology.orchestra.run.smithi148.stdout:/usr/bin/ceph: stderr
2023-12-02T09:14:10.616+0000 7efd01d9b700 1 --2- 172.21.15.148:0/2892639518 >> [v2:172.21.15.148:6800/3822227469,v1:172.21.15.148:6801/3822227469] conn(0x7efcf80365f0 0x7efcf8038aa0 unknown :-1 s=BANNER_CONNECTING pgs=0 cs=0 l=1 rev1=0 crypto rx=0 tx=0 comp rx=0 tx=0)._handle_peer_banner_payload supported=3 required=0
2023-12-02T09:14:11.061 INFO:teuthology.orchestra.run.smithi148.stdout:/usr/bin/ceph: stderr
2023-12-02T09:14:10.617+0000 7efd01d9b700 1 --2- 172.21.15.148:0/2892639518 >> [v2:172.21.15.148:6800/3822227469,v1:172.21.15.148:6801/3822227469] conn(0x7efcf80365f0 0x7efcf8038aa0 secure :-1 s=READY pgs=10 cs=0 l=1 rev1=1 crypto rx=0x7efcf4009990 tx=0x7efcf4006e40 comp rx=0 tx=0).ready entity=mgr.14118 client_cookie=0 server_cookie=0 in_seq=0 out_seq=0
2023-12-02T09:14:11.061 INFO:teuthology.orchestra.run.smithi148.stdout:/usr/bin/ceph: stderr
2023-12-02T09:14:10.621+0000 7efd037fe700 1 -- 172.21.15.148:0/2892639518 <== mon.0 v2:172.21.15.148:3300/0 6 ==== mon_command_ack([{"prefix": "get_command_descriptions"}]=0 v0) v1 ==== 72+0+174570 (secure 0 0 0) 0x7efcfc00e930 con 0x7efd0c1027b0
2023-12-02T09:14:11.061 INFO:teuthology.orchestra.run.smithi148.stdout:/usr/bin/ceph: stderr
2023-12-02T09:14:10.802+0000 7efd10d9a700 1 -- 172.21.15.148:0/2892639518 --> [v2:172.21.15.148:6800/3822227469,v1:172.21.15.148:6801/3822227469] -- mgr_command(tid 0: {"prefix": "cephadm get-pub-key", "target": ["mon-mgr", ""]}) v1 -- 0x7efd0c1085c0 con 0x7efcf80365f0
2023-12-02T09:14:11.061 INFO:teuthology.orchestra.run.smithi148.stdout:/usr/bin/ceph: stderr
2023-12-02T09:14:10.802+0000 7efd037fe700 1 -- 172.21.15.148:0/2892639518 <== mgr.14118 v2:172.21.15.148:6800/3822227469 1 ==== mgr_command_reply(tid 0: 0 ) v1 ==== 8+0+595 (secure 0 0 0) 0x7efd0c1085c0 con 0x7efcf80365f0
2023-12-02T09:14:11.061 INFO:teuthology.orchestra.run.smithi148.stdout:/usr/bin/ceph: stderr
2023-12-02T09:14:10.805+0000 7efd10d9a700 1 -- 172.21.15.148:0/2892639518 >> [v2:172.21.15.148:6800/3822227469,v1:172.21.15.148:6801/3822227469] conn(0x7efcf80365f0 msgr2=0x7efcf8038aa0 secure :-1 s=STATE_CONNECTION_ESTABLISHED l=1).mark_down
2023-12-02T09:14:11.061 INFO:teuthology.orchestra.run.smithi148.stdout:/usr/bin/ceph: stderr
2023-12-02T09:14:10.805+0000 7efd10d9a700 1 --2- 172.21.15.148:0/2892639518 >> [v2:172.21.15.148:6800/3822227469,v1:172.21.15.148:6801/3822227469] conn(0x7efcf80365f0 0x7efcf8038aa0 secure :-1 s=READY pgs=10 cs=0 l=1 rev1=1 crypto rx=0x7efcf4009990 tx=0x7efcf4006e40 comp rx=0 tx=0).stop
2023-12-02T09:14:11.062 INFO:teuthology.orchestra.run.smithi148.stdout:/usr/bin/ceph: stderr
2023-12-02T09:14:10.805+0000 7efd10d9a700 1 -- 172.21.15.148:0/2892639518 >> [v2:172.21.15.148:3300/0,v1:172.21.15.148:6789/0] conn(0x7efd0c1027b0 msgr2=0x7efd0c113300 secure :-1 s=STATE_CONNECTION_ESTABLISHED l=1).mark_down
2023-12-02T09:14:11.062 INFO:teuthology.orchestra.run.smithi148.stdout:/usr/bin/ceph: stderr
2023-12-02T09:14:10.805+0000 7efd10d9a700 1 --2- 172.21.15.148:0/2892639518 >> [v2:172.21.15.148:3300/0,v1:172.21.15.148:6789/0] conn(0x7efd0c1027b0 0x7efd0c113300 secure :-1 s=READY pgs=42 cs=0 l=1 rev1=1 crypto rx=0x7efcfc006d20 tx=0x7efcfc00b4f0 comp rx=0 tx=0).stop
2023-12-02T09:14:11.062 INFO:teuthology.orchestra.run.smithi148.stdout:/usr/bin/ceph: stderr
2023-12-02T09:14:10.805+0000 7efd10d9a700 1 -- 172.21.15.148:0/2892639518 shutdown_connections
2023-12-02T09:14:11.062 INFO:teuthology.orchestra.run.smithi148.stdout:/usr/bin/ceph: stderr
2023-12-02T09:14:10.805+0000 7efd10d9a700 1 --2- 172.21.15.148:0/2892639518 >> [v2:172.21.15.148:6800/3822227469,v1:172.21.15.148:6801/3822227469] conn(0x7efcf80365f0 0x7efcf8038aa0 unknown :-1 s=CLOSED pgs=10 cs=0 l=1 rev1=1 crypto rx=0 tx=0 comp rx=0 tx=0).stop
2023-12-02T09:14:11.062 INFO:teuthology.orchestra.run.smithi148.stdout:/usr/bin/ceph: stderr
2023-12-02T09:14:10.805+0000 7efd10d9a700 1 --2- 172.21.15.148:0/2892639518 >> [v2:172.21.15.148:3300/0,v1:172.21.15.148:6789/0] conn(0x7efd0c1027b0 0x7efd0c113300 unknown :-1 s=CLOSED pgs=42 cs=0 l=1 rev1=1 crypto rx=0 tx=0 comp rx=0 tx=0).stop
2023-12-02T09:14:11.062 INFO:teuthology.orchestra.run.smithi148.stdout:/usr/bin/ceph: stderr
2023-12-02T09:14:10.805+0000 7efd10d9a700 1 -- 172.21.15.148:0/2892639518 >> 172.21.15.148:0/2892639518 conn(0x7efd0c0fc0b0 msgr2=0x7efd0c0fe4e0 unknown :-1 s=STATE_NONE l=0).mark_down
2023-12-02T09:14:11.069 INFO:teuthology.orchestra.run.smithi148.stdout:/usr/bin/ceph: stderr
2023-12-02T09:14:10.806+0000 7efd10d9a700 1 -- 172.21.15.148:0/2892639518 shutdown_connections
