2023-12-06T14:53:30.524+0000 7f35317fa700 1 -- 172.21.15.152:0/2652196710 <== mon.0 v2:172.21.15.152:3300/0 4 ==== mgrmap(e 8) v1 ==== 43281+0+0 (secure 0 0 0) 0x7f3528010b10 con 0x7f3534102900
2023-12-06T14:53:31.346 INFO:teuthology.orchestra.run.smithi152.stdout:/usr/bin/ceph: stderr
2023-12-06T14:53:30.525+0000 7f35317fa700 1 --2- 172.21.15.152:0/2652196710 >> [v2:172.21.15.152:6800/2466555973,v1:172.21.15.152:6801/2466555973] conn(0x7f3524036640 0x7f3524038af0 unknown :-1 s=NONE pgs=0 cs=0 l=1 rev1=0 crypto rx=0 tx=0 comp rx=0 tx=0).connect
2023-12-06T14:53:31.346 INFO:teuthology.orchestra.run.smithi152.stdout:/usr/bin/ceph: stderr
2023-12-06T14:53:30.525+0000 7f353ac7a700 1 -- 172.21.15.152:0/2652196710 --> [v2:172.21.15.152:3300/0,v1:172.21.15.152:6789/0] -- mon_command({"prefix": "get_command_descriptions"} v 0) v1 -- 0x7f353404bb80 con 0x7f3534102900
2023-12-06T14:53:31.347 INFO:teuthology.orchestra.run.smithi152.stdout:/usr/bin/ceph: stderr
2023-12-06T14:53:30.525+0000 7f35317fa700 1 -- 172.21.15.152:0/2652196710 <== mon.0 v2:172.21.15.152:3300/0 5 ==== osd_map(2..2 src has 1..2) v4 ==== 936+0+0 (secure 0 0 0) 0x7f352804a560 con 0x7f3534102900
2023-12-06T14:53:31.347 INFO:teuthology.orchestra.run.smithi152.stdout:/usr/bin/ceph: stderr
2023-12-06T14:53:30.525+0000 7f3533fff700 1 --2- 172.21.15.152:0/2652196710 >> [v2:172.21.15.152:6800/2466555973,v1:172.21.15.152:6801/2466555973] conn(0x7f3524036640 0x7f3524038af0 unknown :-1 s=BANNER_CONNECTING pgs=0 cs=0 l=1 rev1=0 crypto rx=0 tx=0 comp rx=0 tx=0)._handle_peer_banner_payload supported=3 required=0
2023-12-06T14:53:31.347 INFO:teuthology.orchestra.run.smithi152.stdout:/usr/bin/ceph: stderr
2023-12-06T14:53:30.525+0000 7f3533fff700 1 --2- 172.21.15.152:0/2652196710 >> [v2:172.21.15.152:6800/2466555973,v1:172.21.15.152:6801/2466555973] conn(0x7f3524036640 0x7f3524038af0 secure :-1 s=READY pgs=9 cs=0 l=1 rev1=1 crypto rx=0x7f3520009990 tx=0x7f3520006e40 comp rx=0 tx=0).ready entity=mgr.14120 client_cookie=0 server_cookie=0 in_seq=0 out_seq=0
2023-12-06T14:53:31.347 INFO:teuthology.orchestra.run.smithi152.stdout:/usr/bin/ceph: stderr
2023-12-06T14:53:30.529+0000 7f35317fa700 1 -- 172.21.15.152:0/2652196710 <== mon.0 v2:172.21.15.152:3300/0 6 ==== mon_command_ack([{"prefix": "get_command_descriptions"}]=0 v0) v1 ==== 72+0+174570 (secure 0 0 0) 0x7f352802d3f0 con 0x7f3534102900
2023-12-06T14:53:31.347 INFO:teuthology.orchestra.run.smithi152.stdout:/usr/bin/ceph: stderr
2023-12-06T14:53:30.712+0000 7f353ac7a700 1 -- 172.21.15.152:0/2652196710 --> [v2:172.21.15.152:6800/2466555973,v1:172.21.15.152:6801/2466555973] -- mgr_command(tid 0: {"prefix": "cephadm generate-key", "target": ["mon-mgr", ""]}) v1 -- 0x7f353410d1d0 con 0x7f3524036640
2023-12-06T14:53:31.347 INFO:teuthology.orchestra.run.smithi152.stdout:/usr/bin/ceph: stderr
2023-12-06T14:53:30.991+0000 7f35317fa700 1 -- 172.21.15.152:0/2652196710 <== mgr.14120 v2:172.21.15.152:6800/2466555973 1 ==== mgr_command_reply(tid 0: 0 ) v1 ==== 8+0+0 (secure 0 0 0) 0x7f353410d1d0 con 0x7f3524036640
2023-12-06T14:53:31.347 INFO:teuthology.orchestra.run.smithi152.stdout:/usr/bin/ceph: stderr
2023-12-06T14:53:30.994+0000 7f353ac7a700 1 -- 172.21.15.152:0/2652196710 >> [v2:172.21.15.152:6800/2466555973,v1:172.21.15.152:6801/2466555973] conn(0x7f3524036640 msgr2=0x7f3524038af0 secure :-1 s=STATE_CONNECTION_ESTABLISHED l=1).mark_down
2023-12-06T14:53:31.347 INFO:teuthology.orchestra.run.smithi152.stdout:/usr/bin/ceph: stderr
2023-12-06T14:53:30.994+0000 7f353ac7a700 1 --2- 172.21.15.152:0/2652196710 >> [v2:172.21.15.152:6800/2466555973,v1:172.21.15.152:6801/2466555973] conn(0x7f3524036640 0x7f3524038af0 secure :-1 s=READY pgs=9 cs=0 l=1 rev1=1 crypto rx=0x7f3520009990 tx=0x7f3520006e40 comp rx=0 tx=0).stop
2023-12-06T14:53:31.347 INFO:teuthology.orchestra.run.smithi152.stdout:/usr/bin/ceph: stderr
2023-12-06T14:53:30.994+0000 7f353ac7a700 1 -- 172.21.15.152:0/2652196710 >> [v2:172.21.15.152:3300/0,v1:172.21.15.152:6789/0] conn(0x7f3534102900 msgr2=0x7f3534113320 secure :-1 s=STATE_CONNECTION_ESTABLISHED l=1).mark_down
2023-12-06T14:53:31.347 INFO:teuthology.orchestra.run.smithi152.stdout:/usr/bin/ceph: stderr
2023-12-06T14:53:30.994+0000 7f353ac7a700 1 --2- 172.21.15.152:0/2652196710 >> [v2:172.21.15.152:3300/0,v1:172.21.15.152:6789/0] conn(0x7f3534102900 0x7f3534113320 secure :-1 s=READY pgs=42 cs=0 l=1 rev1=1 crypto rx=0x7f3528006b00 tx=0x7f3528009250 comp rx=0 tx=0).stop
2023-12-06T14:53:31.347 INFO:teuthology.orchestra.run.smithi152.stdout:/usr/bin/ceph: stderr
2023-12-06T14:53:30.994+0000 7f353ac7a700 1 -- 172.21.15.152:0/2652196710 shutdown_connections
2023-12-06T14:53:31.347 INFO:teuthology.orchestra.run.smithi152.stdout:/usr/bin/ceph: stderr
2023-12-06T14:53:30.994+0000 7f353ac7a700 1 --2- 172.21.15.152:0/2652196710 >> [v2:172.21.15.152:6800/2466555973,v1:172.21.15.152:6801/2466555973] conn(0x7f3524036640 0x7f3524038af0 unknown :-1 s=CLOSED pgs=9 cs=0 l=1 rev1=1 crypto rx=0 tx=0 comp rx=0 tx=0).stop
2023-12-06T14:53:31.347 INFO:teuthology.orchestra.run.smithi152.stdout:/usr/bin/ceph: stderr
2023-12-06T14:53:30.994+0000 7f353ac7a700 1 --2- 172.21.15.152:0/2652196710 >> [v2:172.21.15.152:3300/0,v1:172.21.15.152:6789/0] conn(0x7f3534102900 0x7f3534113320 unknown :-1 s=CLOSED pgs=42 cs=0 l=1 rev1=1 crypto rx=0 tx=0 comp rx=0 tx=0).stop
2023-12-06T14:53:31.347 INFO:teuthology.orchestra.run.smithi152.stdout:/usr/bin/ceph: stderr
2023-12-06T14:53:30.994+0000 7f353ac7a700 1 -- 172.21.15.152:0/2652196710 >> 172.21.15.152:0/2652196710 conn(0x7f35340fc0b0 msgr2=0x7f35340fd830 unknown :-1 s=STATE_NONE l=0).mark_down
2023-12-06T14:53:31.347 INFO:teuthology.orchestra.run.smithi152.stdout:/usr/bin/ceph: stderr
2023-12-06T14:53:30.994+0000 7f353ac7a700 1 -- 172.21.15.152:0/2652196710 shutdown_connections
2023-12-06T14:53:31.348 INFO:teuthology.orchestra.run.smithi152.stdout:/usr/bin/ceph: stderr
2023-12-06T14:53:30.994+0000 7f353ac7a700 1 -- 172.21.15.152:0/2652196710 wait complete.
2023-12-06T14:53:32.225 INFO:journalctl@ceph.mon.smithi152.smithi152.stdout:Dec 06 14:53:31 smithi152 ceph-mon[111954]: from='client.14136 -' entity='client.admin' cmd=[{"prefix": "cephadm generate-key", "target": ["mon-mgr", ""]}]: dispatch
2023-12-06T14:53:32.225 INFO:journalctl@ceph.mon.smithi152.smithi152.stdout:Dec 06 14:53:31 smithi152 ceph-mon[111954]: Generating ssh key...
2023-12-06T14:53:32.225 INFO:journalctl@ceph.mon.smithi152.smithi152.stdout:Dec 06 14:53:31 smithi152 ceph-mon[111954]: from='mgr.14120 172.21.15.152:0/303232505' entity='mgr.smithi152.meodco'
2023-12-06T14:53:32.225 INFO:journalctl@ceph.mon.smithi152.smithi152.stdout:Dec 06 14:53:31 smithi152 ceph-mon[111954]: from='mgr.14120 172.21.15.152:0/303232505' entity='mgr.smithi152.meodco'
2023-12-06T14:53:32.278 INFO:teuthology.orchestra.run.smithi152.stdout:/usr/bin/ceph: stdout ssh-rsa AAAAB3NzaC1yc2EAAAADAQABAAABgQDGyyG9PvXCCnTrFbdGkzdwKQmJpSu50ql4YSNPuBVqNzXAgwI83oy/8zEtANPL3z0iHPho1DhhBpxVohaDTXy42BS6j6tloHxWGUmJESFTwvRZR8beW3kRI3Q0ViDQftcMjRIJG5mCQ4cjhXdlIZ2j+pywOw3GfqWyo7VCvwoovHDkXC8BwHX9Byajs1j84rXU6k3cjNkp+5nj8BNFFmHZSHXZV8oAgJjbUlaNpzpNPpk/rlOUeBQu4OnDM5hl/B5mNP7Ea7JO4wTVGq/BqXtcB8cWKcLMvfdKRgUPSUE1EL1xCRfwr1UvJDNx3bzdA0ohir+HCU5gxRL3MABIYxUno67o4Sny8IxwHlNF+a7/ywkxZE/sHm4nLezF5D9pSa4LaRRpECzhHpTVOjD5pBAIJbADHOzR8OFEpm62xhsP+kQ1oBRyW6J6NWSppHOAjRE1flt5D3lLz9pYzvgwtna4kzqAO2os2eoCODMnwmqayxMSL0oOUC2iywFrxNclD+M= ceph-062f0e3c-9447-11ee-95a2-87774f69a715
2023-12-06T14:53:32.278 INFO:teuthology.orchestra.run.smithi152.stdout:/usr/bin/ceph: stderr
2023-12-06T14:53:31.729+0000 7fbb8afb7700 1 Processor -- start
2023-12-06T14:53:32.278 INFO:teuthology.orchestra.run.smithi152.stdout:/usr/bin/ceph: stderr
2023-12-06T14:53:31.729+0000 7fbb8afb7700 1 -- start start
2023-12-06T14:53:32.278 INFO:teuthology.orchestra.run.smithi152.stdout:/usr/bin/ceph: stderr
2023-12-06T14:53:31.729+0000 7fbb8afb7700 1 --2- >> [v2:172.21.15.152:3300/0,v1:172.21.15.152:6789/0] conn(0x7fbb84071000 0x7fbb84104ea0 unknown :-1 s=NONE pgs=0 cs=0 l=0 rev1=0 crypto rx=0 tx=0 comp rx=0 tx=0).connect
2023-12-06T14:53:32.278 INFO:teuthology.orchestra.run.smithi152.stdout:/usr/bin/ceph: stderr
2023-12-06T14:53:31.729+0000 7fbb8afb7700 1 -- --> [v2:172.21.15.152:3300/0,v1:172.21.15.152:6789/0] -- mon_getmap magic: 0 v1 -- 0x7fbb841053e0 con 0x7fbb84071000
2023-12-06T14:53:32.279 INFO:teuthology.orchestra.run.smithi152.stdout:/usr/bin/ceph: stderr
2023-12-06T14:53:31.729+0000 7fbb88d53700 1 --2- >> [v2:172.21.15.152:3300/0,v1:172.21.15.152:6789/0] conn(0x7fbb84071000 0x7fbb84104ea0 unknown :-1 s=BANNER_CONNECTING pgs=0 cs=0 l=0 rev1=0 crypto rx=0 tx=0 comp rx=0 tx=0)._handle_peer_banner_payload supported=3 required=0
2023-12-06T14:53:32.279 INFO:teuthology.orchestra.run.smithi152.stdout:/usr/bin/ceph: stderr
2023-12-06T14:53:31.729+0000 7fbb88d53700 1 --2- >> [v2:172.21.15.152:3300/0,v1:172.21.15.152:6789/0] conn(0x7fbb84071000 0x7fbb84104ea0 unknown :-1 s=HELLO_CONNECTING pgs=0 cs=0 l=0 rev1=1 crypto rx=0 tx=0 comp rx=0 tx=0).handle_hello peer v2:172.21.15.152:3300/0 says I am v2:172.21.15.152:57632/0 (socket says 172.21.15.152:57632)
2023-12-06T14:53:32.279 INFO:teuthology.orchestra.run.smithi152.stdout:/usr/bin/ceph: stderr
2023-12-06T14:53:31.729+0000 7fbb88d53700 1 -- 172.21.15.152:0/1556943312 learned_addr learned my addr 172.21.15.152:0/1556943312 (peer_addr_for_me v2:172.21.15.152:0/0)
2023-12-06T14:53:32.279 INFO:teuthology.orchestra.run.smithi152.stdout:/usr/bin/ceph: stderr
2023-12-06T14:53:31.729+0000 7fbb88d53700 1 -- 172.21.15.152:0/1556943312 --> [v2:172.21.15.152:3300/0,v1:172.21.15.152:6789/0] -- mon_subscribe({config=0+,monmap=0+}) v3 -- 0x7fbb84105520 con 0x7fbb84071000
2023-12-06T14:53:32.279 INFO:teuthology.orchestra.run.smithi152.stdout:/usr/bin/ceph: stderr
2023-12-06T14:53:31.729+0000 7fbb88d53700 1 --2- 172.21.15.152:0/1556943312 >> [v2:172.21.15.152:3300/0,v1:172.21.15.152:6789/0] conn(0x7fbb84071000 0x7fbb84104ea0 secure :-1 s=READY pgs=43 cs=0 l=1 rev1=1 crypto rx=0x7fbb780098e0 tx=0x7fbb78009250 comp rx=0 tx=0).ready entity=mon.0 client_cookie=14d1ca855f473219 server_cookie=0 in_seq=0 out_seq=0
2023-12-06T14:53:32.279 INFO:teuthology.orchestra.run.smithi152.stdout:/usr/bin/ceph: stderr
2023-12-06T14:53:31.730+0000 7fbb837fe700 1 -- 172.21.15.152:0/1556943312 <== mon.0 v2:172.21.15.152:3300/0 1 ==== mon_map magic: 0 v1 ==== 229+0+0 (secure 0 0 0) 0x7fbb7800b860 con 0x7fbb84071000
2023-12-06T14:53:32.279 INFO:teuthology.orchestra.run.smithi152.stdout:/usr/bin/ceph: stderr
2023-12-06T14:53:31.730+0000 7fbb837fe700 1 -- 172.21.15.152:0/1556943312 <== mon.0 v2:172.21.15.152:3300/0 2 ==== config(26 keys) v1 ==== 1009+0+0 (secure 0 0 0) 0x7fbb7800be30 con 0x7fbb84071000
2023-12-06T14:53:32.279 INFO:teuthology.orchestra.run.smithi152.stdout:/usr/bin/ceph: stderr
2023-12-06T14:53:31.730+0000 7fbb837fe700 1 -- 172.21.15.152:0/1556943312 <== mon.0 v2:172.21.15.152:3300/0 3 ==== mon_map magic: 0 v1 ==== 229+0+0 (secure 0 0 0) 0x7fbb78010380 con 0x7fbb84071000
2023-12-06T14:53:32.279 INFO:teuthology.orchestra.run.smithi152.stdout:/usr/bin/ceph: stderr
2023-12-06T14:53:31.730+0000 7fbb8afb7700 1 -- 172.21.15.152:0/1556943312 >> [v2:172.21.15.152:3300/0,v1:172.21.15.152:6789/0] conn(0x7fbb84071000 msgr2=0x7fbb84104ea0 secure :-1 s=STATE_CONNECTION_ESTABLISHED l=1).mark_down
2023-12-06T14:53:32.279 INFO:teuthology.orchestra.run.smithi152.stdout:/usr/bin/ceph: stderr
2023-12-06T14:53:31.730+0000 7fbb8afb7700 1 --2- 172.21.15.152:0/1556943312 >> [v2:172.21.15.152:3300/0,v1:172.21.15.152:6789/0] conn(0x7fbb84071000 0x7fbb84104ea0 secure :-1 s=READY pgs=43 cs=0 l=1 rev1=1 crypto rx=0x7fbb780098e0 tx=0x7fbb78009250 comp rx=0 tx=0).stop
2023-12-06T14:53:32.279 INFO:teuthology.orchestra.run.smithi152.stdout:/usr/bin/ceph: stderr
2023-12-06T14:53:31.730+0000 7fbb8afb7700 1 -- 172.21.15.152:0/1556943312 shutdown_connections
2023-12-06T14:53:32.279 INFO:teuthology.orchestra.run.smithi152.stdout:/usr/bin/ceph: stderr
2023-12-06T14:53:31.730+0000 7fbb8afb7700 1 --2- 172.21.15.152:0/1556943312 >> [v2:172.21.15.152:3300/0,v1:172.21.15.152:6789/0] conn(0x7fbb84071000 0x7fbb84104ea0 unknown :-1 s=CLOSED pgs=43 cs=0 l=1 rev1=1 crypto rx=0 tx=0 comp rx=0 tx=0).stop
2023-12-06T14:53:32.279 INFO:teuthology.orchestra.run.smithi152.stdout:/usr/bin/ceph: stderr
2023-12-06T14:53:31.730+0000 7fbb8afb7700 1 -- 172.21.15.152:0/1556943312 >> 172.21.15.152:0/1556943312 conn(0x7fbb840fc970 msgr2=0x7fbb840fed80 unknown :-1 s=STATE_NONE l=0).mark_down
2023-12-06T14:53:32.280 INFO:teuthology.orchestra.run.smithi152.stdout:/usr/bin/ceph: stderr
2023-12-06T14:53:31.730+0000 7fbb8afb7700 1 -- 172.21.15.152:0/1556943312 shutdown_connections
2023-12-06T14:53:32.280 INFO:teuthology.orchestra.run.smithi152.stdout:/usr/bin/ceph: stderr
2023-12-06T14:53:31.730+0000 7fbb8afb7700 1 -- 172.21.15.152:0/1556943312 wait complete.
2023-12-06T14:53:32.280 INFO:teuthology.orchestra.run.smithi152.stdout:/usr/bin/ceph: stderr
2023-12-06T14:53:31.731+0000 7fbb8afb7700 1 Processor -- start
2023-12-06T14:53:32.280 INFO:teuthology.orchestra.run.smithi152.stdout:/usr/bin/ceph: stderr
2023-12-06T14:53:31.731+0000 7fbb8afb7700 1 -- start start
2023-12-06T14:53:32.280 INFO:teuthology.orchestra.run.smithi152.stdout:/usr/bin/ceph: stderr
2023-12-06T14:53:31.731+0000 7fbb8afb7700 1 --2- >> [v2:172.21.15.152:3300/0,v1:172.21.15.152:6789/0] conn(0x7fbb84071000 0x7fbb84102920 unknown :-1 s=NONE pgs=0 cs=0 l=1 rev1=0 crypto rx=0 tx=0 comp rx=0 tx=0).connect
2023-12-06T14:53:32.280 INFO:teuthology.orchestra.run.smithi152.stdout:/usr/bin/ceph: stderr
2023-12-06T14:53:31.731+0000 7fbb8afb7700 1 -- --> [v2:172.21.15.152:3300/0,v1:172.21.15.152:6789/0] -- mon_getmap magic: 0 v1 -- 0x7fbb84100da0 con 0x7fbb84071000
2023-12-06T14:53:32.280 INFO:teuthology.orchestra.run.smithi152.stdout:/usr/bin/ceph: stderr
2023-12-06T14:53:31.731+0000 7fbb88d53700 1 --2- >> [v2:172.21.15.152:3300/0,v1:172.21.15.152:6789/0] conn(0x7fbb84071000 0x7fbb84102920 unknown :-1 s=BANNER_CONNECTING pgs=0 cs=0 l=1 rev1=0 crypto rx=0 tx=0 comp rx=0 tx=0)._handle_peer_banner_payload supported=3 required=0
2023-12-06T14:53:32.280 INFO:teuthology.orchestra.run.smithi152.stdout:/usr/bin/ceph: stderr
2023-12-06T14:53:31.731+0000 7fbb88d53700 1 --2- >> [v2:172.21.15.152:3300/0,v1:172.21.15.152:6789/0] conn(0x7fbb84071000 0x7fbb84102920 unknown :-1 s=HELLO_CONNECTING pgs=0 cs=0 l=1 rev1=1 crypto rx=0 tx=0 comp rx=0 tx=0).handle_hello peer v2:172.21.15.152:3300/0 says I am v2:172.21.15.152:57640/0 (socket says 172.21.15.152:57640)
2023-12-06T14:53:32.280 INFO:teuthology.orchestra.run.smithi152.stdout:/usr/bin/ceph: stderr
2023-12-06T14:53:31.731+0000 7fbb88d53700 1 -- 172.21.15.152:0/697261383 learned_addr learned my addr 172.21.15.152:0/697261383 (peer_addr_for_me v2:172.21.15.152:0/0)
2023-12-06T14:53:32.280 INFO:teuthology.orchestra.run.smithi152.stdout:/usr/bin/ceph: stderr
2023-12-06T14:53:31.731+0000 7fbb88d53700 1 -- 172.21.15.152:0/697261383 --> [v2:172.21.15.152:3300/0,v1:172.21.15.152:6789/0] -- mon_subscribe({config=0+,monmap=0+}) v3 -- 0x7fbb780094f0 con 0x7fbb84071000
2023-12-06T14:53:32.280 INFO:teuthology.orchestra.run.smithi152.stdout:/usr/bin/ceph: stderr
2023-12-06T14:53:31.732+0000 7fbb88d53700 1 --2- 172.21.15.152:0/697261383 >> [v2:172.21.15.152:3300/0,v1:172.21.15.152:6789/0] conn(0x7fbb84071000 0x7fbb84102920 secure :-1 s=READY pgs=44 cs=0 l=1 rev1=1 crypto rx=0x7fbb78006b00 tx=0x7fbb78009250 comp rx=0 tx=0).ready entity=mon.0 client_cookie=0 server_cookie=0 in_seq=0 out_seq=0
2023-12-06T14:53:32.280 INFO:teuthology.orchestra.run.smithi152.stdout:/usr/bin/ceph: stderr
2023-12-06T14:53:31.732+0000 7fbb817fa700 1 -- 172.21.15.152:0/697261383 <== mon.0 v2:172.21.15.152:3300/0 1 ==== mon_map magic: 0 v1 ==== 229+0+0 (secure 0 0 0) 0x7fbb78010a80 con 0x7fbb84071000
2023-12-06T14:53:32.280 INFO:teuthology.orchestra.run.smithi152.stdout:/usr/bin/ceph: stderr
2023-12-06T14:53:31.732+0000 7fbb817fa700 1 -- 172.21.15.152:0/697261383 <== mon.0 v2:172.21.15.152:3300/0 2 ==== config(26 keys) v1 ==== 1009+0+0 (secure 0 0 0) 0x7fbb7801a430 con 0x7fbb84071000
2023-12-06T14:53:32.280 INFO:teuthology.orchestra.run.smithi152.stdout:/usr/bin/ceph: stderr
2023-12-06T14:53:31.732+0000 7fbb8afb7700 1 -- 172.21.15.152:0/697261383 --> [v2:172.21.15.152:3300/0,v1:172.21.15.152:6789/0] -- mon_subscribe({mgrmap=0+}) v3 -- 0x7fbb84100fa0 con 0x7fbb84071000
2023-12-06T14:53:32.280 INFO:teuthology.orchestra.run.smithi152.stdout:/usr/bin/ceph: stderr
2023-12-06T14:53:31.732+0000 7fbb817fa700 1 -- 172.21.15.152:0/697261383 <== mon.0 v2:172.21.15.152:3300/0 3 ==== mon_map magic: 0 v1 ==== 229+0+0 (secure 0 0 0) 0x7fbb780245b0 con 0x7fbb84071000
2023-12-06T14:53:32.281 INFO:teuthology.orchestra.run.smithi152.stdout:/usr/bin/ceph: stderr
2023-12-06T14:53:31.732+0000 7fbb8afb7700 1 -- 172.21.15.152:0/697261383 --> [v2:172.21.15.152:3300/0,v1:172.21.15.152:6789/0] -- mon_subscribe({osdmap=0}) v3 -- 0x7fbb841013b0 con 0x7fbb84071000
2023-12-06T14:53:32.281 INFO:teuthology.orchestra.run.smithi152.stdout:/usr/bin/ceph: stderr
2023-12-06T14:53:31.733+0000 7fbb817fa700 1 -- 172.21.15.152:0/697261383 <== mon.0 v2:172.21.15.152:3300/0 4 ==== mgrmap(e 8) v1 ==== 43281+0+0 (secure 0 0 0) 0x7fbb78010be0 con 0x7fbb84071000
2023-12-06T14:53:32.281 INFO:teuthology.orchestra.run.smithi152.stdout:/usr/bin/ceph: stderr
2023-12-06T14:53:31.733+0000 7fbb8afb7700 1 -- 172.21.15.152:0/697261383 --> [v2:172.21.15.152:3300/0,v1:172.21.15.152:6789/0] -- mon_command({"prefix": "get_command_descriptions"} v 0) v1 -- 0x7fbb8404bb80 con 0x7fbb84071000
2023-12-06T14:53:32.281 INFO:teuthology.orchestra.run.smithi152.stdout:/usr/bin/ceph: stderr
2023-12-06T14:53:31.733+0000 7fbb817fa700 1 --2- 172.21.15.152:0/697261383 >> [v2:172.21.15.152:6800/2466555973,v1:172.21.15.152:6801/2466555973] conn(0x7fbb74036640 0x7fbb74038af0 unknown :-1 s=NONE pgs=0 cs=0 l=1 rev1=0 crypto rx=0 tx=0 comp rx=0 tx=0).connect
2023-12-06T14:53:32.281 INFO:teuthology.orchestra.run.smithi152.stdout:/usr/bin/ceph: stderr
2023-12-06T14:53:31.733+0000 7fbb817fa700 1 -- 172.21.15.152:0/697261383 <== mon.0 v2:172.21.15.152:3300/0 5 ==== osd_map(2..2 src has 1..2) v4 ==== 936+0+0 (secure 0 0 0) 0x7fbb7804aaf0 con 0x7fbb84071000
2023-12-06T14:53:32.281 INFO:teuthology.orchestra.run.smithi152.stdout:/usr/bin/ceph: stderr
2023-12-06T14:53:31.733+0000 7fbb83fff700 1 --2- 172.21.15.152:0/697261383 >> [v2:172.21.15.152:6800/2466555973,v1:172.21.15.152:6801/2466555973] conn(0x7fbb74036640 0x7fbb74038af0 unknown :-1 s=BANNER_CONNECTING pgs=0 cs=0 l=1 rev1=0 crypto rx=0 tx=0 comp rx=0 tx=0)._handle_peer_banner_payload supported=3 required=0
2023-12-06T14:53:32.281 INFO:teuthology.orchestra.run.smithi152.stdout:/usr/bin/ceph: stderr
2023-12-06T14:53:31.733+0000 7fbb83fff700 1 --2- 172.21.15.152:0/697261383 >> [v2:172.21.15.152:6800/2466555973,v1:172.21.15.152:6801/2466555973] conn(0x7fbb74036640 0x7fbb74038af0 secure :-1 s=READY pgs=10 cs=0 l=1 rev1=1 crypto rx=0x7fbb70009990 tx=0x7fbb70006e40 comp rx=0 tx=0).ready entity=mgr.14120 client_cookie=0 server_cookie=0 in_seq=0 out_seq=0
2023-12-06T14:53:32.281 INFO:teuthology.orchestra.run.smithi152.stdout:/usr/bin/ceph: stderr
2023-12-06T14:53:31.737+0000 7fbb817fa700 1 -- 172.21.15.152:0/697261383 <== mon.0 v2:172.21.15.152:3300/0 6 ==== mon_command_ack([{"prefix": "get_command_descriptions"}]=0 v0) v1 ==== 72+0+174570 (secure 0 0 0) 0x7fbb7801a5a0 con 0x7fbb84071000
2023-12-06T14:53:32.281 INFO:teuthology.orchestra.run.smithi152.stdout:/usr/bin/ceph: stderr
2023-12-06T14:53:31.921+0000 7fbb8afb7700 1 -- 172.21.15.152:0/697261383 --> [v2:172.21.15.152:6800/2466555973,v1:172.21.15.152:6801/2466555973] -- mgr_command(tid 0: {"prefix": "cephadm get-pub-key", "target": ["mon-mgr", ""]}) v1 -- 0x7fbb8410adb0 con 0x7fbb74036640
2023-12-06T14:53:32.281 INFO:teuthology.orchestra.run.smithi152.stdout:/usr/bin/ceph: stderr
2023-12-06T14:53:31.921+0000 7fbb817fa700 1 -- 172.21.15.152:0/697261383 <== mgr.14120 v2:172.21.15.152:6800/2466555973 1 ==== mgr_command_reply(tid 0: 0 ) v1 ==== 8+0+595 (secure 0 0 0) 0x7fbb8410adb0 con 0x7fbb74036640
2023-12-06T14:53:32.281 INFO:teuthology.orchestra.run.smithi152.stdout:/usr/bin/ceph: stderr
2023-12-06T14:53:31.923+0000 7fbb8afb7700 1 -- 172.21.15.152:0/697261383 >> [v2:172.21.15.152:6800/2466555973,v1:172.21.15.152:6801/2466555973] conn(0x7fbb74036640 msgr2=0x7fbb74038af0 secure :-1 s=STATE_CONNECTION_ESTABLISHED l=1).mark_down
2023-12-06T14:53:32.281 INFO:teuthology.orchestra.run.smithi152.stdout:/usr/bin/ceph: stderr
2023-12-06T14:53:31.923+0000 7fbb8afb7700 1 --2- 172.21.15.152:0/697261383 >> [v2:172.21.15.152:6800/2466555973,v1:172.21.15.152:6801/2466555973] conn(0x7fbb74036640 0x7fbb74038af0 secure :-1 s=READY pgs=10 cs=0 l=1 rev1=1 crypto rx=0x7fbb70009990 tx=0x7fbb70006e40 comp rx=0 tx=0).stop
2023-12-06T14:53:32.281 INFO:teuthology.orchestra.run.smithi152.stdout:/usr/bin/ceph: stderr
2023-12-06T14:53:31.923+0000 7fbb8afb7700 1 -- 172.21.15.152:0/697261383 >> [v2:172.21.15.152:3300/0,v1:172.21.15.152:6789/0] conn(0x7fbb84071000 msgr2=0x7fbb84102920 secure :-1 s=STATE_CONNECTION_ESTABLISHED l=1).mark_down
2023-12-06T14:53:32.281 INFO:teuthology.orchestra.run.smithi152.stdout:/usr/bin/ceph: stderr
2023-12-06T14:53:31.923+0000 7fbb8afb7700 1 --2- 172.21.15.152:0/697261383 >> [v2:172.21.15.152:3300/0,v1:172.21.15.152:6789/0] conn(0x7fbb84071000 0x7fbb84102920 secure :-1 s=READY pgs=44 cs=0 l=1 rev1=1 crypto rx=0x7fbb78006b00 tx=0x7fbb78009250 comp rx=0 tx=0).stop
2023-12-06T14:53:32.282 INFO:teuthology.orchestra.run.smithi152.stdout:/usr/bin/ceph: stderr
2023-12-06T14:53:31.924+0000 7fbb8afb7700 1 -- 172.21.15.152:0/697261383 shutdown_connections
2023-12-06T14:53:32.282 INFO:teuthology.orchestra.run.smithi152.stdout:/usr/bin/ceph: stderr
2023-12-06T14:53:31.924+0000 7fbb8afb7700 1 --2- 172.21.15.152:0/697261383 >> [v2:172.21.15.152:6800/2466555973,v1:172.21.15.152:6801/2466555973] conn(0x7fbb74036640 0x7fbb74038af0 unknown :-1 s=CLOSED pgs=10 cs=0 l=1 rev1=1 crypto rx=0 tx=0 comp rx=0 tx=0).stop
2023-12-06T14:53:32.282 INFO:teuthology.orchestra.run.smithi152.stdout:/usr/bin/ceph: stderr
2023-12-06T14:53:31.924+0000 7fbb8afb7700 1 --2- 172.21.15.152:0/697261383 >> [v2:172.21.15.152:3300/0,v1:172.21.15.152:6789/0] conn(0x7fbb84071000 0x7fbb84102920 unknown :-1 s=CLOSED pgs=44 cs=0 l=1 rev1=1 crypto rx=0 tx=0 comp rx=0 tx=0).stop
2023-12-06T14:53:32.282 INFO:teuthology.orchestra.run.smithi152.stdout:/usr/bin/ceph: stderr
2023-12-06T14:53:31.924+0000 7fbb8afb7700 1 -- 172.21.15.152:0/697261383 >> 172.21.15.152:0/697261383 conn(0x7fbb840fc970 msgr2=0x7fbb840fed70 unknown :-1 s=STATE_NONE l=0).mark_down
2023-12-06T14:53:32.282 INFO:teuthology.orchestra.run.smithi152.stdout:/usr/bin/ceph: stderr
2023-12-06T14:53:31.924+0000 7fbb8afb7700 1 -- 172.21.15.152:0/697261383 shutdown_connections
2023-12-06T14:53:32.282 INFO:teuthology.orchestra.run.smithi152.stdout:/usr/bin/ceph: stderr
2023-12-06T14:53:31.924+0000 7fbb8afb7700 1 -- 172.21.15.152:0/697261383 wait complete.
2023-12-06T14:53:32.282 INFO:teuthology.orchestra.run.smithi152.stdout:Wrote public SSH key to /home/ubuntu/cephtest/ceph.pub
2023-12-06T14:53:32.282 INFO:teuthology.orchestra.run.smithi152.stdout:Adding key to root@localhost authorized_keys...
2023-12-06T14:53:32.282 INFO:teuthology.orchestra.run.smithi152.stdout:Adding host smithi152...
2023-12-06T14:53:33.127 INFO:journalctl@ceph.mon.smithi152.smithi152.stdout:Dec 06 14:53:32 smithi152 ceph-mon[111954]: from='client.14138 -' entity='client.admin' cmd=[{"prefix": "cephadm get-pub-key", "target": ["mon-mgr", ""]}]: dispatch
2023-12-06T14:53:34.378 INFO:journalctl@ceph.mon.smithi152.smithi152.stdout:Dec 06 14:53:33 smithi152 ceph-mon[111954]: from='client.14140 -' entity='client.admin' cmd=[{"prefix": "orch host add", "hostname": "smithi152", "addr": "172.21.15.152", "target": ["mon-mgr", ""]}]: dispatch
2023-12-06T14:53:34.763 INFO:teuthology.orchestra.run.smithi152.stdout:/usr/bin/ceph: stdout Added host 'smithi152' with addr '172.21.15.152'
2023-12-06T14:53:34.763 INFO:teuthology.orchestra.run.smithi152.stdout:/usr/bin/ceph: stderr
2023-12-06T14:53:32.619+0000 7fc96d601700 1 Processor -- start
2023-12-06T14:53:34.763 INFO:teuthology.orchestra.run.smithi152.stdout:/usr/bin/ceph: stderr
2023-12-06T14:53:32.620+0000 7fc96d601700 1 -- start start
2023-12-06T14:53:34.764 INFO:teuthology.orchestra.run.smithi152.stdout:/usr/bin/ceph: stderr
2023-12-06T14:53:32.620+0000 7fc96d601700 1 --2- >> [v2:172.21.15.152:3300/0,v1:172.21.15.152:6789/0] conn(0x7fc968102900 0x7fc968102d10 unknown :-1 s=NONE pgs=0 cs=0 l=0 rev1=0 crypto rx=0 tx=0 comp rx=0 tx=0).connect
2023-12-06T14:53:34.764 INFO:teuthology.orchestra.run.smithi152.stdout:/usr/bin/ceph: stderr
2023-12-06T14:53:32.620+0000 7fc96d601700 1 -- --> [v2:172.21.15.152:3300/0,v1:172.21.15.152:6789/0] -- mon_getmap magic: 0 v1 -- 0x7fc968103250 con 0x7fc968102900
2023-12-06T14:53:34.764 INFO:teuthology.orchestra.run.smithi152.stdout:/usr/bin/ceph: stderr
2023-12-06T14:53:32.620+0000 7fc966ffd700 1 --2- >> [v2:172.21.15.152:3300/0,v1:172.21.15.152:6789/0] conn(0x7fc968102900 0x7fc968102d10 unknown :-1 s=BANNER_CONNECTING pgs=0 cs=0 l=0 rev1=0 crypto rx=0 tx=0 comp rx=0 tx=0)._handle_peer_banner_payload supported=3 required=0
2023-12-06T14:53:34.764 INFO:teuthology.orchestra.run.smithi152.stdout:/usr/bin/ceph: stderr
2023-12-06T14:53:32.620+0000 7fc966ffd700 1 --2- >> [v2:172.21.15.152:3300/0,v1:172.21.15.152:6789/0] conn(0x7fc968102900 0x7fc968102d10 unknown :-1 s=HELLO_CONNECTING pgs=0 cs=0 l=0 rev1=1 crypto rx=0 tx=0 comp rx=0 tx=0).handle_hello peer v2:172.21.15.152:3300/0 says I am v2:172.21.15.152:57650/0 (socket says 172.21.15.152:57650)
2023-12-06T14:53:34.764 INFO:teuthology.orchestra.run.smithi152.stdout:/usr/bin/ceph: stderr
2023-12-06T14:53:32.620+0000 7fc966ffd700 1 -- 172.21.15.152:0/3990193143 learned_addr learned my addr 172.21.15.152:0/3990193143 (peer_addr_for_me v2:172.21.15.152:0/0)
2023-12-06T14:53:34.764 INFO:teuthology.orchestra.run.smithi152.stdout:/usr/bin/ceph: stderr
2023-12-06T14:53:32.620+0000 7fc966ffd700 1 -- 172.21.15.152:0/3990193143 --> [v2:172.21.15.152:3300/0,v1:172.21.15.152:6789/0] -- mon_subscribe({config=0+,monmap=0+}) v3 -- 0x7fc968103390 con 0x7fc968102900
2023-12-06T14:53:34.764 INFO:teuthology.orchestra.run.smithi152.stdout:/usr/bin/ceph: stderr
2023-12-06T14:53:32.620+0000 7fc966ffd700 1 --2- 172.21.15.152:0/3990193143 >> [v2:172.21.15.152:3300/0,v1:172.21.15.152:6789/0] conn(0x7fc968102900 0x7fc968102d10 secure :-1 s=READY pgs=45 cs=0 l=1 rev1=1 crypto rx=0x7fc9580098e0 tx=0x7fc958009250 comp rx=0 tx=0).ready entity=mon.0 client_cookie=8a997a3319e7c574 server_cookie=0 in_seq=0 out_seq=0
2023-12-06T14:53:34.764 INFO:teuthology.orchestra.run.smithi152.stdout:/usr/bin/ceph: stderr
2023-12-06T14:53:32.620+0000 7fc965ffb700 1 -- 172.21.15.152:0/3990193143 <== mon.0 v2:172.21.15.152:3300/0 1 ==== mon_map magic: 0 v1 ==== 229+0+0 (secure 0 0 0) 0x7fc95800b860 con 0x7fc968102900
2023-12-06T14:53:34.764 INFO:teuthology.orchestra.run.smithi152.stdout:/usr/bin/ceph: stderr
2023-12-06T14:53:32.620+0000 7fc965ffb700 1 -- 172.21.15.152:0/3990193143 <== mon.0 v2:172.21.15.152:3300/0 2 ==== config(26 keys) v1 ==== 1009+0+0 (secure 0 0 0) 0x7fc95800be30 con 0x7fc968102900
2023-12-06T14:53:34.764 INFO:teuthology.orchestra.run.smithi152.stdout:/usr/bin/ceph: stderr
2023-12-06T14:53:32.620+0000 7fc965ffb700 1 -- 172.21.15.152:0/3990193143 <== mon.0 v2:172.21.15.152:3300/0 3 ==== mon_map magic: 0 v1 ==== 229+0+0 (secure 0 0 0) 0x7fc958010380 con 0x7fc968102900
2023-12-06T14:53:34.764 INFO:teuthology.orchestra.run.smithi152.stdout:/usr/bin/ceph: stderr
2023-12-06T14:53:32.621+0000 7fc96d601700 1 -- 172.21.15.152:0/3990193143 >> [v2:172.21.15.152:3300/0,v1:172.21.15.152:6789/0] conn(0x7fc968102900 msgr2=0x7fc968102d10 secure :-1 s=STATE_CONNECTION_ESTABLISHED l=1).mark_down
2023-12-06T14:53:34.764 INFO:teuthology.orchestra.run.smithi152.stdout:/usr/bin/ceph: stderr
2023-12-06T14:53:32.621+0000 7fc96d601700 1 --2- 172.21.15.152:0/3990193143 >> [v2:172.21.15.152:3300/0,v1:172.21.15.152:6789/0] conn(0x7fc968102900 0x7fc968102d10 secure :-1 s=READY pgs=45 cs=0 l=1 rev1=1 crypto rx=0x7fc9580098e0 tx=0x7fc958009250 comp rx=0 tx=0).stop
2023-12-06T14:53:34.764 INFO:teuthology.orchestra.run.smithi152.stdout:/usr/bin/ceph: stderr
2023-12-06T14:53:32.621+0000 7fc96d601700 1 -- 172.21.15.152:0/3990193143 shutdown_connections
2023-12-06T14:53:34.764 INFO:teuthology.orchestra.run.smithi152.stdout:/usr/bin/ceph: stderr
2023-12-06T14:53:32.621+0000 7fc96d601700 1 --2- 172.21.15.152:0/3990193143 >> [v2:172.21.15.152:3300/0,v1:172.21.15.152:6789/0] conn(0x7fc968102900 0x7fc968102d10 unknown :-1 s=CLOSED pgs=45 cs=0 l=1 rev1=1 crypto rx=0 tx=0 comp rx=0 tx=0).stop
2023-12-06T14:53:34.765 INFO:teuthology.orchestra.run.smithi152.stdout:/usr/bin/ceph: stderr
2023-12-06T14:53:32.621+0000 7fc96d601700 1 -- 172.21.15.152:0/3990193143 >> 172.21.15.152:0/3990193143 conn(0x7fc9680fc0b0 msgr2=0x7fc9680fe4e0 unknown :-1 s=STATE_NONE l=0).mark_down
2023-12-06T14:53:34.765 INFO:teuthology.orchestra.run.smithi152.stdout:/usr/bin/ceph: stderr
2023-12-06T14:53:32.621+0000 7fc96d601700 1 -- 172.21.15.152:0/3990193143 shutdown_connections
2023-12-06T14:53:34.765 INFO:teuthology.orchestra.run.smithi152.stdout:/usr/bin/ceph: stderr
2023-12-06T14:53:32.621+0000 7fc96d601700 1 -- 172.21.15.152:0/3990193143 wait complete.
2023-12-06T14:53:34.765 INFO:teuthology.orchestra.run.smithi152.stdout:/usr/bin/ceph: stderr
2023-12-06T14:53:32.622+0000 7fc96d601700 1 Processor -- start
2023-12-06T14:53:34.765 INFO:teuthology.orchestra.run.smithi152.stdout:/usr/bin/ceph: stderr
2023-12-06T14:53:32.622+0000 7fc96d601700 1 -- start start
2023-12-06T14:53:34.765 INFO:teuthology.orchestra.run.smithi152.stdout:/usr/bin/ceph: stderr
2023-12-06T14:53:32.622+0000 7fc96d601700 1 --2- >> [v2:172.21.15.152:3300/0,v1:172.21.15.152:6789/0] conn(0x7fc968102900 0x7fc968113350 unknown :-1 s=NONE pgs=0 cs=0 l=1 rev1=0 crypto rx=0 tx=0 comp rx=0 tx=0).connect
2023-12-06T14:53:34.765 INFO:teuthology.orchestra.run.smithi152.stdout:/usr/bin/ceph: stderr
2023-12-06T14:53:32.622+0000 7fc96d601700 1 -- --> [v2:172.21.15.152:3300/0,v1:172.21.15.152:6789/0] -- mon_getmap magic: 0 v1 -- 0x7fc968113890 con 0x7fc968102900
2023-12-06T14:53:34.765 INFO:teuthology.orchestra.run.smithi152.stdout:/usr/bin/ceph: stderr
2023-12-06T14:53:32.622+0000 7fc966ffd700 1 --2- >> [v2:172.21.15.152:3300/0,v1:172.21.15.152:6789/0] conn(0x7fc968102900 0x7fc968113350 unknown :-1 s=BANNER_CONNECTING pgs=0 cs=0 l=1 rev1=0 crypto rx=0 tx=0 comp rx=0 tx=0)._handle_peer_banner_payload supported=3 required=0
2023-12-06T14:53:34.765 INFO:teuthology.orchestra.run.smithi152.stdout:/usr/bin/ceph: stderr
2023-12-06T14:53:32.622+0000 7fc966ffd700 1 --2- >> [v2:172.21.15.152:3300/0,v1:172.21.15.152:6789/0] conn(0x7fc968102900 0x7fc968113350 unknown :-1 s=HELLO_CONNECTING pgs=0 cs=0 l=1 rev1=1 crypto rx=0 tx=0 comp rx=0 tx=0).handle_hello peer v2:172.21.15.152:3300/0 says I am v2:172.21.15.152:57666/0 (socket says 172.21.15.152:57666)
2023-12-06T14:53:34.765 INFO:teuthology.orchestra.run.smithi152.stdout:/usr/bin/ceph: stderr
2023-12-06T14:53:32.622+0000 7fc966ffd700 1 -- 172.21.15.152:0/3319112352 learned_addr learned my addr 172.21.15.152:0/3319112352 (peer_addr_for_me v2:172.21.15.152:0/0)
2023-12-06T14:53:34.765 INFO:teuthology.orchestra.run.smithi152.stdout:/usr/bin/ceph: stderr
2023-12-06T14:53:32.622+0000 7fc966ffd700 1 -- 172.21.15.152:0/3319112352 --> [v2:172.21.15.152:3300/0,v1:172.21.15.152:6789/0] -- mon_subscribe({config=0+,monmap=0+}) v3 -- 0x7fc9580094f0 con 0x7fc968102900
2023-12-06T14:53:34.765 INFO:teuthology.orchestra.run.smithi152.stdout:/usr/bin/ceph: stderr
2023-12-06T14:53:32.622+0000 7fc966ffd700 1 --2- 172.21.15.152:0/3319112352 >> [v2:172.21.15.152:3300/0,v1:172.21.15.152:6789/0] conn(0x7fc968102900 0x7fc968113350 secure :-1 s=READY pgs=46 cs=0 l=1 rev1=1 crypto rx=0x7fc958006b00 tx=0x7fc958009250 comp rx=0 tx=0).ready entity=mon.0 client_cookie=0 server_cookie=0 in_seq=0 out_seq=0
2023-12-06T14:53:34.765 INFO:teuthology.orchestra.run.smithi152.stdout:/usr/bin/ceph: stderr
2023-12-06T14:53:32.622+0000 7fc95f7fe700 1 -- 172.21.15.152:0/3319112352 <== mon.0 v2:172.21.15.152:3300/0 1 ==== mon_map magic: 0 v1 ==== 229+0+0 (secure 0 0 0) 0x7fc9580109b0 con 0x7fc968102900
2023-12-06T14:53:34.765 INFO:teuthology.orchestra.run.smithi152.stdout:/usr/bin/ceph: stderr
2023-12-06T14:53:32.622+0000 7fc95f7fe700 1 -- 172.21.15.152:0/3319112352 <== mon.0 v2:172.21.15.152:3300/0 2 ==== config(26 keys) v1 ==== 1009+0+0 (secure 0 0 0) 0x7fc958024440 con 0x7fc968102900
2023-12-06T14:53:34.765 INFO:teuthology.orchestra.run.smithi152.stdout:/usr/bin/ceph: stderr
2023-12-06T14:53:32.622+0000 7fc95f7fe700 1 -- 172.21.15.152:0/3319112352 <== mon.0 v2:172.21.15.152:3300/0 3 ==== mon_map magic: 0 v1 ==== 229+0+0 (secure 0 0 0) 0x7fc95801a5f0 con 0x7fc968102900
2023-12-06T14:53:34.766 INFO:teuthology.orchestra.run.smithi152.stdout:/usr/bin/ceph: stderr
2023-12-06T14:53:32.623+0000 7fc96d601700 1 -- 172.21.15.152:0/3319112352 --> [v2:172.21.15.152:3300/0,v1:172.21.15.152:6789/0] -- mon_subscribe({mgrmap=0+}) v3 -- 0x7fc968113a90 con 0x7fc968102900
2023-12-06T14:53:34.766 INFO:teuthology.orchestra.run.smithi152.stdout:/usr/bin/ceph: stderr
2023-12-06T14:53:32.623+0000 7fc96d601700 1 -- 172.21.15.152:0/3319112352 --> [v2:172.21.15.152:3300/0,v1:172.21.15.152:6789/0] -- mon_subscribe({osdmap=0}) v3 -- 0x7fc968113ea0 con 0x7fc968102900
2023-12-06T14:53:34.766 INFO:teuthology.orchestra.run.smithi152.stdout:/usr/bin/ceph: stderr
2023-12-06T14:53:32.623+0000 7fc95f7fe700 1 -- 172.21.15.152:0/3319112352 <== mon.0 v2:172.21.15.152:3300/0 4 ==== mgrmap(e 8) v1 ==== 43281+0+0 (secure 0 0 0) 0x7fc95801a860 con 0x7fc968102900
2023-12-06T14:53:34.766 INFO:teuthology.orchestra.run.smithi152.stdout:/usr/bin/ceph: stderr
2023-12-06T14:53:32.623+0000 7fc95f7fe700 1 --2- 172.21.15.152:0/3319112352 >> [v2:172.21.15.152:6800/2466555973,v1:172.21.15.152:6801/2466555973] conn(0x7fc954036640 0x7fc954038af0 unknown :-1 s=NONE pgs=0 cs=0 l=1 rev1=0 crypto rx=0 tx=0 comp rx=0 tx=0).connect
2023-12-06T14:53:34.766 INFO:teuthology.orchestra.run.smithi152.stdout:/usr/bin/ceph: stderr
2023-12-06T14:53:32.623+0000 7fc95f7fe700 1 -- 172.21.15.152:0/3319112352 <== mon.0 v2:172.21.15.152:3300/0 5 ==== osd_map(2..2 src has 1..2) v4 ==== 936+0+0 (secure 0 0 0) 0x7fc95804a590 con 0x7fc968102900
2023-12-06T14:53:34.766 INFO:teuthology.orchestra.run.smithi152.stdout:/usr/bin/ceph: stderr
2023-12-06T14:53:32.624+0000 7fc9667fc700 1 --2- 172.21.15.152:0/3319112352 >> [v2:172.21.15.152:6800/2466555973,v1:172.21.15.152:6801/2466555973] conn(0x7fc954036640 0x7fc954038af0 unknown :-1 s=BANNER_CONNECTING pgs=0 cs=0 l=1 rev1=0 crypto rx=0 tx=0 comp rx=0 tx=0)._handle_peer_banner_payload supported=3 required=0
2023-12-06T14:53:34.766 INFO:teuthology.orchestra.run.smithi152.stdout:/usr/bin/ceph: stderr
2023-12-06T14:53:32.624+0000 7fc96d601700 1 -- 172.21.15.152:0/3319112352 --> [v2:172.21.15.152:3300/0,v1:172.21.15.152:6789/0] -- mon_command({"prefix": "get_command_descriptions"} v 0) v1 -- 0x7fc96804bb80 con 0x7fc968102900
2023-12-06T14:53:34.766 INFO:teuthology.orchestra.run.smithi152.stdout:/usr/bin/ceph: stderr
2023-12-06T14:53:32.624+0000 7fc9667fc700 1 --2- 172.21.15.152:0/3319112352 >> [v2:172.21.15.152:6800/2466555973,v1:172.21.15.152:6801/2466555973] conn(0x7fc954036640 0x7fc954038af0 secure :-1 s=READY pgs=11 cs=0 l=1 rev1=1 crypto rx=0x7fc950009990 tx=0x7fc950006e40 comp rx=0 tx=0).ready entity=mgr.14120 client_cookie=0 server_cookie=0 in_seq=0 out_seq=0
2023-12-06T14:53:34.766 INFO:teuthology.orchestra.run.smithi152.stdout:/usr/bin/ceph: stderr
2023-12-06T14:53:32.628+0000 7fc95f7fe700 1 -- 172.21.15.152:0/3319112352 <== mon.0 v2:172.21.15.152:3300/0 6 ==== mon_command_ack([{"prefix": "get_command_descriptions"}]=0 v0) v1 ==== 72+0+174570 (secure 0 0 0) 0x7fc95801ab60 con 0x7fc968102900
2023-12-06T14:53:34.766 INFO:teuthology.orchestra.run.smithi152.stdout:/usr/bin/ceph: stderr
2023-12-06T14:53:32.815+0000 7fc96d601700 1 -- 172.21.15.152:0/3319112352 --> [v2:172.21.15.152:6800/2466555973,v1:172.21.15.152:6801/2466555973] -- mgr_command(tid 0: {"prefix": "orch host add", "hostname": "smithi152", "addr": "172.21.15.152", "target": ["mon-mgr", ""]}) v1 -- 0x7fc96810ce90 con 0x7fc954036640
2023-12-06T14:53:34.766 INFO:teuthology.orchestra.run.smithi152.stdout:/usr/bin/ceph: stderr
2023-12-06T14:53:34.447+0000 7fc95f7fe700 1 -- 172.21.15.152:0/3319112352 <== mgr.14120 v2:172.21.15.152:6800/2466555973 1 ==== mgr_command_reply(tid 0: 0 ) v1 ==== 8+0+49 (secure 0 0 0) 0x7fc96810ce90 con 0x7fc954036640
2023-12-06T14:53:34.766 INFO:teuthology.orchestra.run.smithi152.stdout:/usr/bin/ceph: stderr
2023-12-06T14:53:34.449+0000 7fc96d601700 1 -- 172.21.15.152:0/3319112352 >> [v2:172.21.15.152:6800/2466555973,v1:172.21.15.152:6801/2466555973] conn(0x7fc954036640 msgr2=0x7fc954038af0 secure :-1 s=STATE_CONNECTION_ESTABLISHED l=1).mark_down
2023-12-06T14:53:34.766 INFO:teuthology.orchestra.run.smithi152.stdout:/usr/bin/ceph: stderr
2023-12-06T14:53:34.449+0000 7fc96d601700 1 --2- 172.21.15.152:0/3319112352 >> [v2:172.21.15.152:6800/2466555973,v1:172.21.15.152:6801/2466555973] conn(0x7fc954036640 0x7fc954038af0 secure :-1 s=READY pgs=11 cs=0 l=1 rev1=1 crypto rx=0x7fc950009990 tx=0x7fc950006e40 comp rx=0 tx=0).stop
2023-12-06T14:53:34.766 INFO:teuthology.orchestra.run.smithi152.stdout:/usr/bin/ceph: stderr
2023-12-06T14:53:34.449+0000 7fc96d601700 1 -- 172.21.15.152:0/3319112352 >> [v2:172.21.15.152:3300/0,v1:172.21.15.152:6789/0] conn(0x7fc968102900 msgr2=0x7fc968113350 secure :-1 s=STATE_CONNECTION_ESTABLISHED l=1).mark_down
2023-12-06T14:53:34.767 INFO:teuthology.orchestra.run.smithi152.stdout:/usr/bin/ceph: stderr
2023-12-06T14:53:34.449+0000 7fc96d601700 1 --2- 172.21.15.152:0/3319112352 >> [v2:172.21.15.152:3300/0,v1:172.21.15.152:6789/0] conn(0x7fc968102900 0x7fc968113350 secure :-1 s=READY pgs=46 cs=0 l=1 rev1=1 crypto rx=0x7fc958006b00 tx=0x7fc958009250 comp rx=0 tx=0).stop
2023-12-06T14:53:34.767 INFO:teuthology.orchestra.run.smithi152.stdout:/usr/bin/ceph: stderr
2023-12-06T14:53:34.450+0000 7fc96d601700 1 -- 172.21.15.152:0/3319112352 shutdown_connections
2023-12-06T14:53:34.767 INFO:teuthology.orchestra.run.smithi152.stdout:/usr/bin/ceph: stderr
2023-12-06T14:53:34.450+0000 7fc96d601700 1 --2- 172.21.15.152:0/3319112352 >> [v2:172.21.15.152:6800/2466555973,v1:172.21.15.152:6801/2466555973] conn(0x7fc954036640 0x7fc954038af0 unknown :-1 s=CLOSED pgs=11 cs=0 l=1 rev1=1 crypto rx=0 tx=0 comp rx=0 tx=0).stop
2023-12-06T14:53:34.767 INFO:teuthology.orchestra.run.smithi152.stdout:/usr/bin/ceph: stderr
2023-12-06T14:53:34.450+0000 7fc96d601700 1 --2- 172.21.15.152:0/3319112352 >> [v2:172.21.15.152:3300/0,v1:172.21.15.152:6789/0] conn(0x7fc968102900 0x7fc968113350 unknown :-1 s=CLOSED pgs=46 cs=0 l=1 rev1=1 crypto rx=0 tx=0 comp rx=0 tx=0).stop
2023-12-06T14:53:34.767 INFO:teuthology.orchestra.run.smithi152.stdout:/usr/bin/ceph: stderr
2023-12-06T14:53:34.450+0000 7fc96d601700 1 -- 172.21.15.152:0/3319112352 >> 172.21.15.152:0/3319112352 conn(0x7fc9680fc0b0 msgr2=0x7fc9680fe4a0 unknown :-1 s=STATE_NONE l=0).mark_down
2023-12-06T14:53:34.767 INFO:teuthology.orchestra.run.smithi152.stdout:/usr/bin/ceph: stderr
2023-12-06T14:53:34.450+0000 7fc96d601700 1 -- 172.21.15.152:0/3319112352 shutdown_connections
2023-12-06T14:53:34.767 INFO:teuthology.orchestra.run.smithi152.stdout:/usr/bin/ceph: stderr
2023-12-06T14:53:34.450+0000 7fc96d601700 1 -- 172.21.15.152:0/3319112352 wait complete.
2023-12-06T14:53:34.767 INFO:teuthology.orchestra.run.smithi152.stdout:Deploying mon service with default placement...
2023-12-06T14:53:35.127 INFO:journalctl@ceph.mon.smithi152.smithi152.stdout:Dec 06 14:53:34 smithi152 ceph-mon[111954]: Deploying cephadm binary to smithi152
2023-12-06T14:53:35.127 INFO:journalctl@ceph.mon.smithi152.smithi152.stdout:Dec 06 14:53:34 smithi152 ceph-mon[111954]: from='mgr.14120 172.21.15.152:0/303232505' entity='mgr.smithi152.meodco'
2023-12-06T14:53:35.128 INFO:journalctl@ceph.mon.smithi152.smithi152.stdout:Dec 06 14:53:34 smithi152 ceph-mon[111954]: from='mgr.14120 172.21.15.152:0/303232505' entity='mgr.smithi152.meodco' cmd=[{"prefix": "config dump", "format": "json"}]: dispatch
2023-12-06T14:53:35.786 INFO:teuthology.orchestra.run.smithi152.stdout:/usr/bin/ceph: stdout Scheduled mon update...
2023-12-06T14:53:35.786 INFO:teuthology.orchestra.run.smithi152.stdout:/usr/bin/ceph: stderr
2023-12-06T14:53:35.170+0000 7f3e61a3a700 1 Processor -- start
2023-12-06T14:53:35.786 INFO:teuthology.orchestra.run.smithi152.stdout:/usr/bin/ceph: stderr
2023-12-06T14:53:35.170+0000 7f3e61a3a700 1 -- start start
2023-12-06T14:53:35.786 INFO:teuthology.orchestra.run.smithi152.stdout:/usr/bin/ceph: stderr
2023-12-06T14:53:35.170+0000 7f3e61a3a700 1 --2- >> [v2:172.21.15.152:3300/0,v1:172.21.15.152:6789/0] conn(0x7f3e5c1011c0 0x7f3e5c1015d0 unknown :-1 s=NONE pgs=0 cs=0 l=0 rev1=0 crypto rx=0 tx=0 comp rx=0 tx=0).connect
2023-12-06T14:53:35.786 INFO:teuthology.orchestra.run.smithi152.stdout:/usr/bin/ceph: stderr
2023-12-06T14:53:35.170+0000 7f3e61a3a700 1 -- --> [v2:172.21.15.152:3300/0,v1:172.21.15.152:6789/0] -- mon_getmap magic: 0 v1 -- 0x7f3e5c101b10 con 0x7f3e5c1011c0
2023-12-06T14:53:35.787 INFO:teuthology.orchestra.run.smithi152.stdout:/usr/bin/ceph: stderr
2023-12-06T14:53:35.171+0000 7f3e5affd700 1 --2- >> [v2:172.21.15.152:3300/0,v1:172.21.15.152:6789/0] conn(0x7f3e5c1011c0 0x7f3e5c1015d0 unknown :-1 s=BANNER_CONNECTING pgs=0 cs=0 l=0 rev1=0 crypto rx=0 tx=0 comp rx=0 tx=0)._handle_peer_banner_payload supported=3 required=0
2023-12-06T14:53:35.787 INFO:teuthology.orchestra.run.smithi152.stdout:/usr/bin/ceph: stderr
2023-12-06T14:53:35.171+0000 7f3e5affd700 1 --2- >> [v2:172.21.15.152:3300/0,v1:172.21.15.152:6789/0] conn(0x7f3e5c1011c0 0x7f3e5c1015d0 unknown :-1 s=HELLO_CONNECTING pgs=0 cs=0 l=0 rev1=1 crypto rx=0 tx=0 comp rx=0 tx=0).handle_hello peer v2:172.21.15.152:3300/0 says I am v2:172.21.15.152:57682/0 (socket says 172.21.15.152:57682)
2023-12-06T14:53:35.787 INFO:teuthology.orchestra.run.smithi152.stdout:/usr/bin/ceph: stderr
2023-12-06T14:53:35.171+0000 7f3e5affd700 1 -- 172.21.15.152:0/111932502 learned_addr learned my addr 172.21.15.152:0/111932502 (peer_addr_for_me v2:172.21.15.152:0/0)
2023-12-06T14:53:35.787 INFO:teuthology.orchestra.run.smithi152.stdout:/usr/bin/ceph: stderr
2023-12-06T14:53:35.171+0000 7f3e5affd700 1 -- 172.21.15.152:0/111932502 --> [v2:172.21.15.152:3300/0,v1:172.21.15.152:6789/0] -- mon_subscribe({config=0+,monmap=0+}) v3 -- 0x7f3e5c101c50 con 0x7f3e5c1011c0
2023-12-06T14:53:35.787 INFO:teuthology.orchestra.run.smithi152.stdout:/usr/bin/ceph: stderr
2023-12-06T14:53:35.171+0000 7f3e5affd700 1 --2- 172.21.15.152:0/111932502 >> [v2:172.21.15.152:3300/0,v1:172.21.15.152:6789/0] conn(0x7f3e5c1011c0 0x7f3e5c1015d0 secure :-1 s=READY pgs=47 cs=0 l=1 rev1=1 crypto rx=0x7f3e540098e0 tx=0x7f3e54009250 comp rx=0 tx=0).ready entity=mon.0 client_cookie=396abd6637c6f153 server_cookie=0 in_seq=0 out_seq=0
2023-12-06T14:53:35.787 INFO:teuthology.orchestra.run.smithi152.stdout:/usr/bin/ceph: stderr
2023-12-06T14:53:35.171+0000 7f3e59ffb700 1 -- 172.21.15.152:0/111932502 <== mon.0 v2:172.21.15.152:3300/0 1 ==== mon_map magic: 0 v1 ==== 229+0+0 (secure 0 0 0) 0x7f3e5400b860 con 0x7f3e5c1011c0
2023-12-06T14:53:35.787 INFO:teuthology.orchestra.run.smithi152.stdout:/usr/bin/ceph: stderr
2023-12-06T14:53:35.171+0000 7f3e59ffb700 1 -- 172.21.15.152:0/111932502 <== mon.0 v2:172.21.15.152:3300/0 2 ==== config(26 keys) v1 ==== 1009+0+0 (secure 0 0 0) 0x7f3e5400be30 con 0x7f3e5c1011c0
2023-12-06T14:53:35.787 INFO:teuthology.orchestra.run.smithi152.stdout:/usr/bin/ceph: stderr
2023-12-06T14:53:35.171+0000 7f3e59ffb700 1 -- 172.21.15.152:0/111932502 <== mon.0 v2:172.21.15.152:3300/0 3 ==== mon_map magic: 0 v1 ==== 229+0+0 (secure 0 0 0) 0x7f3e54010380 con 0x7f3e5c1011c0
2023-12-06T14:53:35.787 INFO:teuthology.orchestra.run.smithi152.stdout:/usr/bin/ceph: stderr
2023-12-06T14:53:35.172+0000 7f3e61a3a700 1 -- 172.21.15.152:0/111932502 >> [v2:172.21.15.152:3300/0,v1:172.21.15.152:6789/0] conn(0x7f3e5c1011c0 msgr2=0x7f3e5c1015d0 secure :-1 s=STATE_CONNECTION_ESTABLISHED l=1).mark_down
2023-12-06T14:53:35.787 INFO:teuthology.orchestra.run.smithi152.stdout:/usr/bin/ceph: stderr
2023-12-06T14:53:35.172+0000 7f3e61a3a700 1 --2- 172.21.15.152:0/111932502 >> [v2:172.21.15.152:3300/0,v1:172.21.15.152:6789/0] conn(0x7f3e5c1011c0 0x7f3e5c1015d0 secure :-1 s=READY pgs=47 cs=0 l=1 rev1=1 crypto rx=0x7f3e540098e0 tx=0x7f3e54009250 comp rx=0 tx=0).stop
2023-12-06T14:53:35.787 INFO:teuthology.orchestra.run.smithi152.stdout:/usr/bin/ceph: stderr
2023-12-06T14:53:35.172+0000 7f3e61a3a700 1 -- 172.21.15.152:0/111932502 shutdown_connections
2023-12-06T14:53:35.787 INFO:teuthology.orchestra.run.smithi152.stdout:/usr/bin/ceph: stderr
2023-12-06T14:53:35.172+0000 7f3e61a3a700 1 --2- 172.21.15.152:0/111932502 >> [v2:172.21.15.152:3300/0,v1:172.21.15.152:6789/0] conn(0x7f3e5c1011c0 0x7f3e5c1015d0 unknown :-1 s=CLOSED pgs=47 cs=0 l=1 rev1=1 crypto rx=0 tx=0 comp rx=0 tx=0).stop
2023-12-06T14:53:35.787 INFO:teuthology.orchestra.run.smithi152.stdout:/usr/bin/ceph: stderr
2023-12-06T14:53:35.172+0000 7f3e61a3a700 1 -- 172.21.15.152:0/111932502 >> 172.21.15.152:0/111932502 conn(0x7f3e5c0fc980 msgr2=0x7f3e5c0fed90 unknown :-1 s=STATE_NONE l=0).mark_down
2023-12-06T14:53:35.787 INFO:teuthology.orchestra.run.smithi152.stdout:/usr/bin/ceph: stderr
2023-12-06T14:53:35.172+0000 7f3e61a3a700 1 -- 172.21.15.152:0/111932502 shutdown_connections
2023-12-06T14:53:35.787 INFO:teuthology.orchestra.run.smithi152.stdout:/usr/bin/ceph: stderr
2023-12-06T14:53:35.172+0000 7f3e61a3a700 1 -- 172.21.15.152:0/111932502 wait complete.
2023-12-06T14:53:35.788 INFO:teuthology.orchestra.run.smithi152.stdout:/usr/bin/ceph: stderr
2023-12-06T14:53:35.173+0000 7f3e61a3a700 1 Processor -- start
2023-12-06T14:53:35.788 INFO:teuthology.orchestra.run.smithi152.stdout:/usr/bin/ceph: stderr
2023-12-06T14:53:35.173+0000 7f3e61a3a700 1 -- start start
2023-12-06T14:53:35.788 INFO:teuthology.orchestra.run.smithi152.stdout:/usr/bin/ceph: stderr
2023-12-06T14:53:35.173+0000 7f3e61a3a700 1 --2- >> [v2:172.21.15.152:3300/0,v1:172.21.15.152:6789/0] conn(0x7f3e5c1011c0 0x7f3e5c107560 unknown :-1 s=NONE pgs=0 cs=0 l=1 rev1=0 crypto rx=0 tx=0 comp rx=0 tx=0).connect
2023-12-06T14:53:35.788 INFO:teuthology.orchestra.run.smithi152.stdout:/usr/bin/ceph: stderr
2023-12-06T14:53:35.173+0000 7f3e61a3a700 1 -- --> [v2:172.21.15.152:3300/0,v1:172.21.15.152:6789/0] -- mon_getmap magic: 0 v1 -- 0x7f3e5c1059e0 con 0x7f3e5c1011c0
2023-12-06T14:53:35.788 INFO:teuthology.orchestra.run.smithi152.stdout:/usr/bin/ceph: stderr
2023-12-06T14:53:35.173+0000 7f3e5affd700 1 --2- >> [v2:172.21.15.152:3300/0,v1:172.21.15.152:6789/0] conn(0x7f3e5c1011c0 0x7f3e5c107560 unknown :-1 s=BANNER_CONNECTING pgs=0 cs=0 l=1 rev1=0 crypto rx=0 tx=0 comp rx=0 tx=0)._handle_peer_banner_payload supported=3 required=0
2023-12-06T14:53:35.788 INFO:teuthology.orchestra.run.smithi152.stdout:/usr/bin/ceph: stderr
2023-12-06T14:53:35.173+0000 7f3e5affd700 1 --2- >> [v2:172.21.15.152:3300/0,v1:172.21.15.152:6789/0] conn(0x7f3e5c1011c0 0x7f3e5c107560 unknown :-1 s=HELLO_CONNECTING pgs=0 cs=0 l=1 rev1=1 crypto rx=0 tx=0 comp rx=0 tx=0).handle_hello peer v2:172.21.15.152:3300/0 says I am v2:172.21.15.152:57696/0 (socket says 172.21.15.152:57696)
2023-12-06T14:53:35.788 INFO:teuthology.orchestra.run.smithi152.stdout:/usr/bin/ceph: stderr
2023-12-06T14:53:35.173+0000 7f3e5affd700 1 -- 172.21.15.152:0/3183002160 learned_addr learned my addr 172.21.15.152:0/3183002160 (peer_addr_for_me v2:172.21.15.152:0/0)
2023-12-06T14:53:35.788 INFO:teuthology.orchestra.run.smithi152.stdout:/usr/bin/ceph: stderr
2023-12-06T14:53:35.174+0000 7f3e5affd700 1 -- 172.21.15.152:0/3183002160 --> [v2:172.21.15.152:3300/0,v1:172.21.15.152:6789/0] -- mon_subscribe({config=0+,monmap=0+}) v3 -- 0x7f3e540094f0 con 0x7f3e5c1011c0
2023-12-06T14:53:35.788 INFO:teuthology.orchestra.run.smithi152.stdout:/usr/bin/ceph: stderr
2023-12-06T14:53:35.174+0000 7f3e5affd700 1 --2- 172.21.15.152:0/3183002160 >> [v2:172.21.15.152:3300/0,v1:172.21.15.152:6789/0] conn(0x7f3e5c1011c0 0x7f3e5c107560 secure :-1 s=READY pgs=48 cs=0 l=1 rev1=1 crypto rx=0x7f3e54006b00 tx=0x7f3e54009250 comp rx=0 tx=0).ready entity=mon.0 client_cookie=0 server_cookie=0 in_seq=0 out_seq=0
2023-12-06T14:53:35.788 INFO:teuthology.orchestra.run.smithi152.stdout:/usr/bin/ceph: stderr
2023-12-06T14:53:35.174+0000 7f3e437fe700 1 -- 172.21.15.152:0/3183002160 <== mon.0 v2:172.21.15.152:3300/0 1 ==== mon_map magic: 0 v1 ==== 229+0+0 (secure 0 0 0) 0x7f3e540109b0 con 0x7f3e5c1011c0
2023-12-06T14:53:35.788 INFO:teuthology.orchestra.run.smithi152.stdout:/usr/bin/ceph: stderr
2023-12-06T14:53:35.174+0000 7f3e437fe700 1 -- 172.21.15.152:0/3183002160 <== mon.0 v2:172.21.15.152:3300/0 2 ==== config(26 keys) v1 ==== 1009+0+0 (secure 0 0 0) 0x7f3e54024440 con 0x7f3e5c1011c0
2023-12-06T14:53:35.788 INFO:teuthology.orchestra.run.smithi152.stdout:/usr/bin/ceph: stderr
2023-12-06T14:53:35.174+0000 7f3e61a3a700 1 -- 172.21.15.152:0/3183002160 --> [v2:172.21.15.152:3300/0,v1:172.21.15.152:6789/0] -- mon_subscribe({mgrmap=0+}) v3 -- 0x7f3e5c105be0 con 0x7f3e5c1011c0
2023-12-06T14:53:35.788 INFO:teuthology.orchestra.run.smithi152.stdout:/usr/bin/ceph: stderr
2023-12-06T14:53:35.174+0000 7f3e437fe700 1 -- 172.21.15.152:0/3183002160 <== mon.0 v2:172.21.15.152:3300/0 3 ==== mon_map magic: 0 v1 ==== 229+0+0 (secure 0 0 0) 0x7f3e5401a5f0 con 0x7f3e5c1011c0
2023-12-06T14:53:35.788 INFO:teuthology.orchestra.run.smithi152.stdout:/usr/bin/ceph: stderr
2023-12-06T14:53:35.174+0000 7f3e61a3a700 1 -- 172.21.15.152:0/3183002160 --> [v2:172.21.15.152:3300/0,v1:172.21.15.152:6789/0] -- mon_subscribe({osdmap=0}) v3 -- 0x7f3e5c105ff0 con 0x7f3e5c1011c0
