2023-12-06T14:53:23.416+0000 7fb9cb7fe700 1 -- 172.21.15.152:0/2767614401 >> [v2:172.21.15.152:6800/1793082857,v1:172.21.15.152:6801/1793082857] conn(0x7fb9b40365f0 msgr2=0x7fb9b4038aa0 unknown :-1 s=STATE_CONNECTING_RE l=1).process reconnect failed to v2:172.21.15.152:6800/1793082857
2023-12-06T14:53:28.067 INFO:teuthology.orchestra.run.smithi152.stdout:/usr/bin/ceph: stderr
2023-12-06T14:53:23.416+0000 7fb9cb7fe700 1 --2- 172.21.15.152:0/2767614401 >> [v2:172.21.15.152:6800/1793082857,v1:172.21.15.152:6801/1793082857] conn(0x7fb9b40365f0 0x7fb9b4038aa0 unknown :-1 s=START_CONNECT pgs=0 cs=0 l=1 rev1=0 crypto rx=0 tx=0 comp rx=0 tx=0)._fault waiting 1.600000
2023-12-06T14:53:28.067 INFO:teuthology.orchestra.run.smithi152.stdout:/usr/bin/ceph: stderr
2023-12-06T14:53:24.416+0000 7fb9c8ff9700 1 -- 172.21.15.152:0/2767614401 <== mon.0 v2:172.21.15.152:3300/0 6 ==== mgrmap(e 6) v1 ==== 43048+0+0 (secure 0 0 0) 0x7fb9bc00fdc0 con 0x7fb9cc1011d0
2023-12-06T14:53:28.067 INFO:teuthology.orchestra.run.smithi152.stdout:/usr/bin/ceph: stderr
2023-12-06T14:53:24.416+0000 7fb9c8ff9700 1 -- 172.21.15.152:0/2767614401 >> [v2:172.21.15.152:6800/1793082857,v1:172.21.15.152:6801/1793082857] conn(0x7fb9b40365f0 msgr2=0x7fb9b4038aa0 unknown :-1 s=STATE_CONNECTING l=1).mark_down
2023-12-06T14:53:28.067 INFO:teuthology.orchestra.run.smithi152.stdout:/usr/bin/ceph: stderr
2023-12-06T14:53:24.416+0000 7fb9c8ff9700 1 --2- 172.21.15.152:0/2767614401 >> [v2:172.21.15.152:6800/1793082857,v1:172.21.15.152:6801/1793082857] conn(0x7fb9b40365f0 0x7fb9b4038aa0 unknown :-1 s=START_CONNECT pgs=0 cs=0 l=1 rev1=0 crypto rx=0 tx=0 comp rx=0 tx=0).stop
2023-12-06T14:53:28.067 INFO:teuthology.orchestra.run.smithi152.stdout:/usr/bin/ceph: stderr
2023-12-06T14:53:25.417+0000 7fb9c8ff9700 1 -- 172.21.15.152:0/2767614401 <== mon.0 v2:172.21.15.152:3300/0 7 ==== mgrmap(e 7) v1 ==== 43175+0+0 (secure 0 0 0) 0x7fb9bc024990 con 0x7fb9cc1011d0
2023-12-06T14:53:28.067 INFO:teuthology.orchestra.run.smithi152.stdout:/usr/bin/ceph: stderr
2023-12-06T14:53:25.417+0000 7fb9c8ff9700 1 --2- 172.21.15.152:0/2767614401 >> [v2:172.21.15.152:6800/2466555973,v1:172.21.15.152:6801/2466555973] conn(0x7fb9b4039db0 0x7fb9b403c190 unknown :-1 s=NONE pgs=0 cs=0 l=1 rev1=0 crypto rx=0 tx=0 comp rx=0 tx=0).connect
2023-12-06T14:53:28.067 INFO:teuthology.orchestra.run.smithi152.stdout:/usr/bin/ceph: stderr
2023-12-06T14:53:25.417+0000 7fb9c8ff9700 1 -- 172.21.15.152:0/2767614401 --> [v2:172.21.15.152:6800/2466555973,v1:172.21.15.152:6801/2466555973] -- command(tid 0: {"prefix": "get_command_descriptions"}) v1 -- 0x7fb9cc04bb80 con 0x7fb9b4039db0
2023-12-06T14:53:28.067 INFO:teuthology.orchestra.run.smithi152.stdout:/usr/bin/ceph: stderr
2023-12-06T14:53:25.417+0000 7fb9cb7fe700 1 --2- 172.21.15.152:0/2767614401 >> [v2:172.21.15.152:6800/2466555973,v1:172.21.15.152:6801/2466555973] conn(0x7fb9b4039db0 0x7fb9b403c190 unknown :-1 s=BANNER_CONNECTING pgs=0 cs=0 l=1 rev1=0 crypto rx=0 tx=0 comp rx=0 tx=0)._handle_peer_banner_payload supported=3 required=0
2023-12-06T14:53:28.067 INFO:teuthology.orchestra.run.smithi152.stdout:/usr/bin/ceph: stderr
2023-12-06T14:53:25.418+0000 7fb9cb7fe700 1 --2- 172.21.15.152:0/2767614401 >> [v2:172.21.15.152:6800/2466555973,v1:172.21.15.152:6801/2466555973] conn(0x7fb9b4039db0 0x7fb9b403c190 secure :-1 s=READY pgs=1 cs=0 l=1 rev1=1 crypto rx=0x7fb9c00039d0 tx=0x7fb9c0009350 comp rx=0 tx=0).ready entity=mgr.14120 client_cookie=0 server_cookie=0 in_seq=0 out_seq=0
2023-12-06T14:53:28.067 INFO:teuthology.orchestra.run.smithi152.stdout:/usr/bin/ceph: stderr
2023-12-06T14:53:25.418+0000 7fb9c8ff9700 1 -- 172.21.15.152:0/2767614401 <== mgr.14120 v2:172.21.15.152:6800/2466555973 1 ==== command_reply(tid 0: 0 ) v1 ==== 8+0+6549 (secure 0 0 0) 0x7fb9cc04bb80 con 0x7fb9b4039db0
2023-12-06T14:53:28.067 INFO:teuthology.orchestra.run.smithi152.stdout:/usr/bin/ceph: stderr
2023-12-06T14:53:25.424+0000 7fb9d27cd700 1 -- 172.21.15.152:0/2767614401 --> [v2:172.21.15.152:6800/2466555973,v1:172.21.15.152:6801/2466555973] -- command(tid 1: {"prefix": "mgr_status"}) v1 -- 0x7fb9cc102fe0 con 0x7fb9b4039db0
2023-12-06T14:53:28.067 INFO:teuthology.orchestra.run.smithi152.stdout:/usr/bin/ceph: stderr
2023-12-06T14:53:25.425+0000 7fb9c8ff9700 1 -- 172.21.15.152:0/2767614401 <== mgr.14120 v2:172.21.15.152:6800/2466555973 2 ==== command_reply(tid 1: 0 ) v1 ==== 8+0+51 (secure 0 0 0) 0x7fb9cc102fe0 con 0x7fb9b4039db0
2023-12-06T14:53:28.067 INFO:teuthology.orchestra.run.smithi152.stdout:/usr/bin/ceph: stderr
2023-12-06T14:53:25.425+0000 7fb9d27cd700 1 -- 172.21.15.152:0/2767614401 >> [v2:172.21.15.152:6800/2466555973,v1:172.21.15.152:6801/2466555973] conn(0x7fb9b4039db0 msgr2=0x7fb9b403c190 secure :-1 s=STATE_CONNECTION_ESTABLISHED l=1).mark_down
2023-12-06T14:53:28.067 INFO:teuthology.orchestra.run.smithi152.stdout:/usr/bin/ceph: stderr
2023-12-06T14:53:25.425+0000 7fb9d27cd700 1 --2- 172.21.15.152:0/2767614401 >> [v2:172.21.15.152:6800/2466555973,v1:172.21.15.152:6801/2466555973] conn(0x7fb9b4039db0 0x7fb9b403c190 secure :-1 s=READY pgs=1 cs=0 l=1 rev1=1 crypto rx=0x7fb9c00039d0 tx=0x7fb9c0009350 comp rx=0 tx=0).stop
2023-12-06T14:53:28.068 INFO:teuthology.orchestra.run.smithi152.stdout:/usr/bin/ceph: stderr
2023-12-06T14:53:25.425+0000 7fb9d27cd700 1 -- 172.21.15.152:0/2767614401 >> [v2:172.21.15.152:3300/0,v1:172.21.15.152:6789/0] conn(0x7fb9cc1011d0 msgr2=0x7fb9cc111140 secure :-1 s=STATE_CONNECTION_ESTABLISHED l=1).mark_down
2023-12-06T14:53:28.068 INFO:teuthology.orchestra.run.smithi152.stdout:/usr/bin/ceph: stderr
2023-12-06T14:53:25.425+0000 7fb9d27cd700 1 --2- 172.21.15.152:0/2767614401 >> [v2:172.21.15.152:3300/0,v1:172.21.15.152:6789/0] conn(0x7fb9cc1011d0 0x7fb9cc111140 secure :-1 s=READY pgs=29 cs=0 l=1 rev1=1 crypto rx=0x7fb9bc006b00 tx=0x7fb9bc009250 comp rx=0 tx=0).stop
2023-12-06T14:53:28.068 INFO:teuthology.orchestra.run.smithi152.stdout:/usr/bin/ceph: stderr
2023-12-06T14:53:25.425+0000 7fb9d27cd700 1 -- 172.21.15.152:0/2767614401 shutdown_connections
2023-12-06T14:53:28.068 INFO:teuthology.orchestra.run.smithi152.stdout:/usr/bin/ceph: stderr
2023-12-06T14:53:25.425+0000 7fb9d27cd700 1 --2- 172.21.15.152:0/2767614401 >> [v2:172.21.15.152:6800/2466555973,v1:172.21.15.152:6801/2466555973] conn(0x7fb9b4039db0 0x7fb9b403c190 unknown :-1 s=CLOSED pgs=1 cs=0 l=1 rev1=1 crypto rx=0 tx=0 comp rx=0 tx=0).stop
2023-12-06T14:53:28.068 INFO:teuthology.orchestra.run.smithi152.stdout:/usr/bin/ceph: stderr
2023-12-06T14:53:25.425+0000 7fb9d27cd700 1 --2- 172.21.15.152:0/2767614401 >> [v2:172.21.15.152:3300/0,v1:172.21.15.152:6789/0] conn(0x7fb9cc1011d0 0x7fb9cc111140 unknown :-1 s=CLOSED pgs=29 cs=0 l=1 rev1=1 crypto rx=0 tx=0 comp rx=0 tx=0).stop
2023-12-06T14:53:28.068 INFO:teuthology.orchestra.run.smithi152.stdout:/usr/bin/ceph: stderr
2023-12-06T14:53:25.425+0000 7fb9d27cd700 1 --2- 172.21.15.152:0/2767614401 >> [v2:172.21.15.152:6800/1793082857,v1:172.21.15.152:6801/1793082857] conn(0x7fb9b40365f0 0x7fb9b4038aa0 unknown :-1 s=CLOSED pgs=0 cs=0 l=1 rev1=0 crypto rx=0 tx=0 comp rx=0 tx=0).stop
2023-12-06T14:53:28.068 INFO:teuthology.orchestra.run.smithi152.stdout:/usr/bin/ceph: stderr
2023-12-06T14:53:25.425+0000 7fb9d27cd700 1 -- 172.21.15.152:0/2767614401 >> 172.21.15.152:0/2767614401 conn(0x7fb9cc0fc970 msgr2=0x7fb9cc0fe170 unknown :-1 s=STATE_NONE l=0).mark_down
2023-12-06T14:53:28.068 INFO:teuthology.orchestra.run.smithi152.stdout:/usr/bin/ceph: stderr
2023-12-06T14:53:25.425+0000 7fb9d27cd700 1 -- 172.21.15.152:0/2767614401 shutdown_connections
2023-12-06T14:53:28.068 INFO:teuthology.orchestra.run.smithi152.stdout:/usr/bin/ceph: stderr
2023-12-06T14:53:25.425+0000 7fb9d27cd700 1 -- 172.21.15.152:0/2767614401 wait complete.
2023-12-06T14:53:28.068 INFO:teuthology.orchestra.run.smithi152.stdout:mgr epoch 5 is available
2023-12-06T14:53:28.068 INFO:teuthology.orchestra.run.smithi152.stdout:Setting orchestrator backend to cephadm...
2023-12-06T14:53:29.260 INFO:teuthology.orchestra.run.smithi152.stdout:/usr/bin/ceph: stderr
2023-12-06T14:53:28.710+0000 7f91ab2a3700 1 Processor -- start
2023-12-06T14:53:29.261 INFO:teuthology.orchestra.run.smithi152.stdout:/usr/bin/ceph: stderr
2023-12-06T14:53:28.711+0000 7f91ab2a3700 1 -- start start
2023-12-06T14:53:29.261 INFO:teuthology.orchestra.run.smithi152.stdout:/usr/bin/ceph: stderr
2023-12-06T14:53:28.711+0000 7f91ab2a3700 1 --2- >> [v2:172.21.15.152:3300/0,v1:172.21.15.152:6789/0] conn(0x7f91a41038f0 0x7f91a4103d00 unknown :-1 s=NONE pgs=0 cs=0 l=0 rev1=0 crypto rx=0 tx=0 comp rx=0 tx=0).connect
2023-12-06T14:53:29.261 INFO:teuthology.orchestra.run.smithi152.stdout:/usr/bin/ceph: stderr
2023-12-06T14:53:28.711+0000 7f91ab2a3700 1 -- --> [v2:172.21.15.152:3300/0,v1:172.21.15.152:6789/0] -- mon_getmap magic: 0 v1 -- 0x7f91a4104240 con 0x7f91a41038f0
2023-12-06T14:53:29.261 INFO:teuthology.orchestra.run.smithi152.stdout:/usr/bin/ceph: stderr
2023-12-06T14:53:28.711+0000 7f91a903f700 1 --2- >> [v2:172.21.15.152:3300/0,v1:172.21.15.152:6789/0] conn(0x7f91a41038f0 0x7f91a4103d00 unknown :-1 s=BANNER_CONNECTING pgs=0 cs=0 l=0 rev1=0 crypto rx=0 tx=0 comp rx=0 tx=0)._handle_peer_banner_payload supported=3 required=0
2023-12-06T14:53:29.261 INFO:teuthology.orchestra.run.smithi152.stdout:/usr/bin/ceph: stderr
2023-12-06T14:53:28.711+0000 7f91a903f700 1 --2- >> [v2:172.21.15.152:3300/0,v1:172.21.15.152:6789/0] conn(0x7f91a41038f0 0x7f91a4103d00 unknown :-1 s=HELLO_CONNECTING pgs=0 cs=0 l=0 rev1=1 crypto rx=0 tx=0 comp rx=0 tx=0).handle_hello peer v2:172.21.15.152:3300/0 says I am v2:172.21.15.152:39424/0 (socket says 172.21.15.152:39424)
2023-12-06T14:53:29.261 INFO:teuthology.orchestra.run.smithi152.stdout:/usr/bin/ceph: stderr
2023-12-06T14:53:28.711+0000 7f91a903f700 1 -- 172.21.15.152:0/3857481321 learned_addr learned my addr 172.21.15.152:0/3857481321 (peer_addr_for_me v2:172.21.15.152:0/0)
2023-12-06T14:53:29.261 INFO:teuthology.orchestra.run.smithi152.stdout:/usr/bin/ceph: stderr
2023-12-06T14:53:28.711+0000 7f91a903f700 1 -- 172.21.15.152:0/3857481321 --> [v2:172.21.15.152:3300/0,v1:172.21.15.152:6789/0] -- mon_subscribe({config=0+,monmap=0+}) v3 -- 0x7f91a4104380 con 0x7f91a41038f0
2023-12-06T14:53:29.261 INFO:teuthology.orchestra.run.smithi152.stdout:/usr/bin/ceph: stderr
2023-12-06T14:53:28.711+0000 7f91a903f700 1 --2- 172.21.15.152:0/3857481321 >> [v2:172.21.15.152:3300/0,v1:172.21.15.152:6789/0] conn(0x7f91a41038f0 0x7f91a4103d00 secure :-1 s=READY pgs=37 cs=0 l=1 rev1=1 crypto rx=0x7f91a00098e0 tx=0x7f91a0009250 comp rx=0 tx=0).ready entity=mon.0 client_cookie=f2396a84661e6266 server_cookie=0 in_seq=0 out_seq=0
2023-12-06T14:53:29.261 INFO:teuthology.orchestra.run.smithi152.stdout:/usr/bin/ceph: stderr
2023-12-06T14:53:28.712+0000 7f9197fff700 1 -- 172.21.15.152:0/3857481321 <== mon.0 v2:172.21.15.152:3300/0 1 ==== mon_map magic: 0 v1 ==== 229+0+0 (secure 0 0 0) 0x7f91a000b860 con 0x7f91a41038f0
2023-12-06T14:53:29.261 INFO:teuthology.orchestra.run.smithi152.stdout:/usr/bin/ceph: stderr
2023-12-06T14:53:28.712+0000 7f9197fff700 1 -- 172.21.15.152:0/3857481321 <== mon.0 v2:172.21.15.152:3300/0 2 ==== config(26 keys) v1 ==== 1009+0+0 (secure 0 0 0) 0x7f91a000be30 con 0x7f91a41038f0
2023-12-06T14:53:29.261 INFO:teuthology.orchestra.run.smithi152.stdout:/usr/bin/ceph: stderr
2023-12-06T14:53:28.712+0000 7f9197fff700 1 -- 172.21.15.152:0/3857481321 <== mon.0 v2:172.21.15.152:3300/0 3 ==== mon_map magic: 0 v1 ==== 229+0+0 (secure 0 0 0) 0x7f91a0010380 con 0x7f91a41038f0
2023-12-06T14:53:29.261 INFO:teuthology.orchestra.run.smithi152.stdout:/usr/bin/ceph: stderr
2023-12-06T14:53:28.712+0000 7f91ab2a3700 1 -- 172.21.15.152:0/3857481321 >> [v2:172.21.15.152:3300/0,v1:172.21.15.152:6789/0] conn(0x7f91a41038f0 msgr2=0x7f91a4103d00 secure :-1 s=STATE_CONNECTION_ESTABLISHED l=1).mark_down
2023-12-06T14:53:29.261 INFO:teuthology.orchestra.run.smithi152.stdout:/usr/bin/ceph: stderr
2023-12-06T14:53:28.712+0000 7f91ab2a3700 1 --2- 172.21.15.152:0/3857481321 >> [v2:172.21.15.152:3300/0,v1:172.21.15.152:6789/0] conn(0x7f91a41038f0 0x7f91a4103d00 secure :-1 s=READY pgs=37 cs=0 l=1 rev1=1 crypto rx=0x7f91a00098e0 tx=0x7f91a0009250 comp rx=0 tx=0).stop
2023-12-06T14:53:29.262 INFO:teuthology.orchestra.run.smithi152.stdout:/usr/bin/ceph: stderr
2023-12-06T14:53:28.712+0000 7f91ab2a3700 1 -- 172.21.15.152:0/3857481321 shutdown_connections
2023-12-06T14:53:29.262 INFO:teuthology.orchestra.run.smithi152.stdout:/usr/bin/ceph: stderr
2023-12-06T14:53:28.712+0000 7f91ab2a3700 1 --2- 172.21.15.152:0/3857481321 >> [v2:172.21.15.152:3300/0,v1:172.21.15.152:6789/0] conn(0x7f91a41038f0 0x7f91a4103d00 unknown :-1 s=CLOSED pgs=37 cs=0 l=1 rev1=1 crypto rx=0 tx=0 comp rx=0 tx=0).stop
2023-12-06T14:53:29.262 INFO:teuthology.orchestra.run.smithi152.stdout:/usr/bin/ceph: stderr
2023-12-06T14:53:28.712+0000 7f91ab2a3700 1 -- 172.21.15.152:0/3857481321 >> 172.21.15.152:0/3857481321 conn(0x7f91a40fc0b0 msgr2=0x7f91a40fe4e0 unknown :-1 s=STATE_NONE l=0).mark_down
2023-12-06T14:53:29.262 INFO:teuthology.orchestra.run.smithi152.stdout:/usr/bin/ceph: stderr
2023-12-06T14:53:28.712+0000 7f91ab2a3700 1 -- 172.21.15.152:0/3857481321 shutdown_connections
2023-12-06T14:53:29.262 INFO:teuthology.orchestra.run.smithi152.stdout:/usr/bin/ceph: stderr
2023-12-06T14:53:28.712+0000 7f91ab2a3700 1 -- 172.21.15.152:0/3857481321 wait complete.
2023-12-06T14:53:29.262 INFO:teuthology.orchestra.run.smithi152.stdout:/usr/bin/ceph: stderr
2023-12-06T14:53:28.713+0000 7f91ab2a3700 1 Processor -- start
2023-12-06T14:53:29.262 INFO:teuthology.orchestra.run.smithi152.stdout:/usr/bin/ceph: stderr
2023-12-06T14:53:28.713+0000 7f91ab2a3700 1 -- start start
2023-12-06T14:53:29.262 INFO:teuthology.orchestra.run.smithi152.stdout:/usr/bin/ceph: stderr
2023-12-06T14:53:28.713+0000 7f91ab2a3700 1 --2- >> [v2:172.21.15.152:3300/0,v1:172.21.15.152:6789/0] conn(0x7f91a41038f0 0x7f91a4111130 unknown :-1 s=NONE pgs=0 cs=0 l=1 rev1=0 crypto rx=0 tx=0 comp rx=0 tx=0).connect
2023-12-06T14:53:29.262 INFO:teuthology.orchestra.run.smithi152.stdout:/usr/bin/ceph: stderr
2023-12-06T14:53:28.713+0000 7f91ab2a3700 1 -- --> [v2:172.21.15.152:3300/0,v1:172.21.15.152:6789/0] -- mon_getmap magic: 0 v1 -- 0x7f91a4111670 con 0x7f91a41038f0
2023-12-06T14:53:29.262 INFO:teuthology.orchestra.run.smithi152.stdout:/usr/bin/ceph: stderr
2023-12-06T14:53:28.713+0000 7f91a903f700 1 --2- >> [v2:172.21.15.152:3300/0,v1:172.21.15.152:6789/0] conn(0x7f91a41038f0 0x7f91a4111130 unknown :-1 s=BANNER_CONNECTING pgs=0 cs=0 l=1 rev1=0 crypto rx=0 tx=0 comp rx=0 tx=0)._handle_peer_banner_payload supported=3 required=0
2023-12-06T14:53:29.262 INFO:teuthology.orchestra.run.smithi152.stdout:/usr/bin/ceph: stderr
2023-12-06T14:53:28.713+0000 7f91a903f700 1 --2- >> [v2:172.21.15.152:3300/0,v1:172.21.15.152:6789/0] conn(0x7f91a41038f0 0x7f91a4111130 unknown :-1 s=HELLO_CONNECTING pgs=0 cs=0 l=1 rev1=1 crypto rx=0 tx=0 comp rx=0 tx=0).handle_hello peer v2:172.21.15.152:3300/0 says I am v2:172.21.15.152:39432/0 (socket says 172.21.15.152:39432)
2023-12-06T14:53:29.262 INFO:teuthology.orchestra.run.smithi152.stdout:/usr/bin/ceph: stderr
2023-12-06T14:53:28.713+0000 7f91a903f700 1 -- 172.21.15.152:0/271206018 learned_addr learned my addr 172.21.15.152:0/271206018 (peer_addr_for_me v2:172.21.15.152:0/0)
2023-12-06T14:53:29.262 INFO:teuthology.orchestra.run.smithi152.stdout:/usr/bin/ceph: stderr
2023-12-06T14:53:28.714+0000 7f91a903f700 1 -- 172.21.15.152:0/271206018 --> [v2:172.21.15.152:3300/0,v1:172.21.15.152:6789/0] -- mon_subscribe({config=0+,monmap=0+}) v3 -- 0x7f91a00094f0 con 0x7f91a41038f0
2023-12-06T14:53:29.262 INFO:teuthology.orchestra.run.smithi152.stdout:/usr/bin/ceph: stderr
2023-12-06T14:53:28.714+0000 7f91a903f700 1 --2- 172.21.15.152:0/271206018 >> [v2:172.21.15.152:3300/0,v1:172.21.15.152:6789/0] conn(0x7f91a41038f0 0x7f91a4111130 secure :-1 s=READY pgs=38 cs=0 l=1 rev1=1 crypto rx=0x7f91a0000c00 tx=0x7f91a0009250 comp rx=0 tx=0).ready entity=mon.0 client_cookie=0 server_cookie=0 in_seq=0 out_seq=0
2023-12-06T14:53:29.263 INFO:teuthology.orchestra.run.smithi152.stdout:/usr/bin/ceph: stderr
2023-12-06T14:53:28.714+0000 7f9195ffb700 1 -- 172.21.15.152:0/271206018 <== mon.0 v2:172.21.15.152:3300/0 1 ==== mon_map magic: 0 v1 ==== 229+0+0 (secure 0 0 0) 0x7f91a0010a80 con 0x7f91a41038f0
2023-12-06T14:53:29.263 INFO:teuthology.orchestra.run.smithi152.stdout:/usr/bin/ceph: stderr
2023-12-06T14:53:28.714+0000 7f9195ffb700 1 -- 172.21.15.152:0/271206018 <== mon.0 v2:172.21.15.152:3300/0 2 ==== config(26 keys) v1 ==== 1009+0+0 (secure 0 0 0) 0x7f91a001a430 con 0x7f91a41038f0
2023-12-06T14:53:29.263 INFO:teuthology.orchestra.run.smithi152.stdout:/usr/bin/ceph: stderr
2023-12-06T14:53:28.714+0000 7f91ab2a3700 1 -- 172.21.15.152:0/271206018 --> [v2:172.21.15.152:3300/0,v1:172.21.15.152:6789/0] -- mon_subscribe({mgrmap=0+}) v3 -- 0x7f91a4111870 con 0x7f91a41038f0
2023-12-06T14:53:29.263 INFO:teuthology.orchestra.run.smithi152.stdout:/usr/bin/ceph: stderr
2023-12-06T14:53:28.714+0000 7f9195ffb700 1 -- 172.21.15.152:0/271206018 <== mon.0 v2:172.21.15.152:3300/0 3 ==== mon_map magic: 0 v1 ==== 229+0+0 (secure 0 0 0) 0x7f91a00245b0 con 0x7f91a41038f0
2023-12-06T14:53:29.263 INFO:teuthology.orchestra.run.smithi152.stdout:/usr/bin/ceph: stderr
2023-12-06T14:53:28.714+0000 7f91ab2a3700 1 -- 172.21.15.152:0/271206018 --> [v2:172.21.15.152:3300/0,v1:172.21.15.152:6789/0] -- mon_subscribe({osdmap=0}) v3 -- 0x7f91a4111c80 con 0x7f91a41038f0
2023-12-06T14:53:29.263 INFO:teuthology.orchestra.run.smithi152.stdout:/usr/bin/ceph: stderr
2023-12-06T14:53:28.715+0000 7f9195ffb700 1 -- 172.21.15.152:0/271206018 <== mon.0 v2:172.21.15.152:3300/0 4 ==== mgrmap(e 8) v1 ==== 43281+0+0 (secure 0 0 0) 0x7f91a00247a0 con 0x7f91a41038f0
2023-12-06T14:53:29.263 INFO:teuthology.orchestra.run.smithi152.stdout:/usr/bin/ceph: stderr
2023-12-06T14:53:28.715+0000 7f91ab2a3700 1 -- 172.21.15.152:0/271206018 --> [v2:172.21.15.152:3300/0,v1:172.21.15.152:6789/0] -- mon_command({"prefix": "get_command_descriptions"} v 0) v1 -- 0x7f91a404bb80 con 0x7f91a41038f0
2023-12-06T14:53:29.263 INFO:teuthology.orchestra.run.smithi152.stdout:/usr/bin/ceph: stderr
2023-12-06T14:53:28.715+0000 7f9195ffb700 1 --2- 172.21.15.152:0/271206018 >> [v2:172.21.15.152:6800/2466555973,v1:172.21.15.152:6801/2466555973] conn(0x7f9190036640 0x7f9190038af0 unknown :-1 s=NONE pgs=0 cs=0 l=1 rev1=0 crypto rx=0 tx=0 comp rx=0 tx=0).connect
2023-12-06T14:53:29.263 INFO:teuthology.orchestra.run.smithi152.stdout:/usr/bin/ceph: stderr
2023-12-06T14:53:28.715+0000 7f9195ffb700 1 -- 172.21.15.152:0/271206018 <== mon.0 v2:172.21.15.152:3300/0 5 ==== osd_map(2..2 src has 1..2) v4 ==== 936+0+0 (secure 0 0 0) 0x7f91a004aca0 con 0x7f91a41038f0
2023-12-06T14:53:29.263 INFO:teuthology.orchestra.run.smithi152.stdout:/usr/bin/ceph: stderr
2023-12-06T14:53:28.715+0000 7f91a883e700 1 --2- 172.21.15.152:0/271206018 >> [v2:172.21.15.152:6800/2466555973,v1:172.21.15.152:6801/2466555973] conn(0x7f9190036640 0x7f9190038af0 unknown :-1 s=BANNER_CONNECTING pgs=0 cs=0 l=1 rev1=0 crypto rx=0 tx=0 comp rx=0 tx=0)._handle_peer_banner_payload supported=3 required=0
2023-12-06T14:53:29.263 INFO:teuthology.orchestra.run.smithi152.stdout:/usr/bin/ceph: stderr
2023-12-06T14:53:28.715+0000 7f91a883e700 1 --2- 172.21.15.152:0/271206018 >> [v2:172.21.15.152:6800/2466555973,v1:172.21.15.152:6801/2466555973] conn(0x7f9190036640 0x7f9190038af0 secure :-1 s=READY pgs=7 cs=0 l=1 rev1=1 crypto rx=0x7f9198009990 tx=0x7f9198006e40 comp rx=0 tx=0).ready entity=mgr.14120 client_cookie=0 server_cookie=0 in_seq=0 out_seq=0
2023-12-06T14:53:29.263 INFO:teuthology.orchestra.run.smithi152.stdout:/usr/bin/ceph: stderr
2023-12-06T14:53:28.720+0000 7f9195ffb700 1 -- 172.21.15.152:0/271206018 <== mon.0 v2:172.21.15.152:3300/0 6 ==== mon_command_ack([{"prefix": "get_command_descriptions"}]=0 v0) v1 ==== 72+0+174570 (secure 0 0 0) 0x7f91a0023570 con 0x7f91a41038f0
2023-12-06T14:53:29.263 INFO:teuthology.orchestra.run.smithi152.stdout:/usr/bin/ceph: stderr
2023-12-06T14:53:28.913+0000 7f91ab2a3700 1 -- 172.21.15.152:0/271206018 --> [v2:172.21.15.152:6800/2466555973,v1:172.21.15.152:6801/2466555973] -- mgr_command(tid 0: {"prefix": "orch set backend", "module_name": "cephadm", "target": ["mon-mgr", ""]}) v1 -- 0x7f91a410afd0 con 0x7f9190036640
2023-12-06T14:53:29.263 INFO:teuthology.orchestra.run.smithi152.stdout:/usr/bin/ceph: stderr
2023-12-06T14:53:28.918+0000 7f9195ffb700 1 -- 172.21.15.152:0/271206018 <== mgr.14120 v2:172.21.15.152:6800/2466555973 1 ==== mgr_command_reply(tid 0: 0 ) v1 ==== 8+0+0 (secure 0 0 0) 0x7f91a410afd0 con 0x7f9190036640
2023-12-06T14:53:29.264 INFO:teuthology.orchestra.run.smithi152.stdout:/usr/bin/ceph: stderr
2023-12-06T14:53:28.921+0000 7f91ab2a3700 1 -- 172.21.15.152:0/271206018 >> [v2:172.21.15.152:6800/2466555973,v1:172.21.15.152:6801/2466555973] conn(0x7f9190036640 msgr2=0x7f9190038af0 secure :-1 s=STATE_CONNECTION_ESTABLISHED l=1).mark_down
2023-12-06T14:53:29.264 INFO:teuthology.orchestra.run.smithi152.stdout:/usr/bin/ceph: stderr
2023-12-06T14:53:28.921+0000 7f91ab2a3700 1 --2- 172.21.15.152:0/271206018 >> [v2:172.21.15.152:6800/2466555973,v1:172.21.15.152:6801/2466555973] conn(0x7f9190036640 0x7f9190038af0 secure :-1 s=READY pgs=7 cs=0 l=1 rev1=1 crypto rx=0x7f9198009990 tx=0x7f9198006e40 comp rx=0 tx=0).stop
2023-12-06T14:53:29.264 INFO:teuthology.orchestra.run.smithi152.stdout:/usr/bin/ceph: stderr
2023-12-06T14:53:28.921+0000 7f91ab2a3700 1 -- 172.21.15.152:0/271206018 >> [v2:172.21.15.152:3300/0,v1:172.21.15.152:6789/0] conn(0x7f91a41038f0 msgr2=0x7f91a4111130 secure :-1 s=STATE_CONNECTION_ESTABLISHED l=1).mark_down
2023-12-06T14:53:29.264 INFO:teuthology.orchestra.run.smithi152.stdout:/usr/bin/ceph: stderr
2023-12-06T14:53:28.921+0000 7f91ab2a3700 1 --2- 172.21.15.152:0/271206018 >> [v2:172.21.15.152:3300/0,v1:172.21.15.152:6789/0] conn(0x7f91a41038f0 0x7f91a4111130 secure :-1 s=READY pgs=38 cs=0 l=1 rev1=1 crypto rx=0x7f91a0000c00 tx=0x7f91a0009250 comp rx=0 tx=0).stop
2023-12-06T14:53:29.264 INFO:teuthology.orchestra.run.smithi152.stdout:/usr/bin/ceph: stderr
2023-12-06T14:53:28.921+0000 7f91ab2a3700 1 -- 172.21.15.152:0/271206018 shutdown_connections
2023-12-06T14:53:29.264 INFO:teuthology.orchestra.run.smithi152.stdout:/usr/bin/ceph: stderr
2023-12-06T14:53:28.921+0000 7f91ab2a3700 1 --2- 172.21.15.152:0/271206018 >> [v2:172.21.15.152:6800/2466555973,v1:172.21.15.152:6801/2466555973] conn(0x7f9190036640 0x7f9190038af0 unknown :-1 s=CLOSED pgs=7 cs=0 l=1 rev1=1 crypto rx=0 tx=0 comp rx=0 tx=0).stop
2023-12-06T14:53:29.264 INFO:teuthology.orchestra.run.smithi152.stdout:/usr/bin/ceph: stderr
2023-12-06T14:53:28.921+0000 7f91ab2a3700 1 --2- 172.21.15.152:0/271206018 >> [v2:172.21.15.152:3300/0,v1:172.21.15.152:6789/0] conn(0x7f91a41038f0 0x7f91a4111130 unknown :-1 s=CLOSED pgs=38 cs=0 l=1 rev1=1 crypto rx=0 tx=0 comp rx=0 tx=0).stop
2023-12-06T14:53:29.264 INFO:teuthology.orchestra.run.smithi152.stdout:/usr/bin/ceph: stderr
2023-12-06T14:53:28.921+0000 7f91ab2a3700 1 -- 172.21.15.152:0/271206018 >> 172.21.15.152:0/271206018 conn(0x7f91a40fc0b0 msgr2=0x7f91a40fe4a0 unknown :-1 s=STATE_NONE l=0).mark_down
2023-12-06T14:53:29.264 INFO:teuthology.orchestra.run.smithi152.stdout:/usr/bin/ceph: stderr
2023-12-06T14:53:28.921+0000 7f91ab2a3700 1 -- 172.21.15.152:0/271206018 shutdown_connections
2023-12-06T14:53:29.264 INFO:teuthology.orchestra.run.smithi152.stdout:/usr/bin/ceph: stderr
2023-12-06T14:53:28.921+0000 7f91ab2a3700 1 -- 172.21.15.152:0/271206018 wait complete.
2023-12-06T14:53:30.117 INFO:journalctl@ceph.mon.smithi152.smithi152.stdout:Dec 06 14:53:29 smithi152 ceph-mon[111954]: from='client.14132 -' entity='client.admin' cmd=[{"prefix": "orch set backend", "module_name": "cephadm", "target": ["mon-mgr", ""]}]: dispatch
2023-12-06T14:53:30.117 INFO:journalctl@ceph.mon.smithi152.smithi152.stdout:Dec 06 14:53:29 smithi152 ceph-mon[111954]: from='mgr.14120 172.21.15.152:0/303232505' entity='mgr.smithi152.meodco'
2023-12-06T14:53:30.118 INFO:journalctl@ceph.mon.smithi152.smithi152.stdout:Dec 06 14:53:29 smithi152 ceph-mon[111954]: from='mgr.14120 172.21.15.152:0/303232505' entity='mgr.smithi152.meodco' cmd=[{"prefix": "config dump", "format": "json"}]: dispatch
2023-12-06T14:53:30.185 INFO:teuthology.orchestra.run.smithi152.stdout:/usr/bin/ceph: stdout value unchanged
2023-12-06T14:53:30.186 INFO:teuthology.orchestra.run.smithi152.stdout:/usr/bin/ceph: stderr
2023-12-06T14:53:29.621+0000 7f1462dfa700 1 Processor -- start
2023-12-06T14:53:30.186 INFO:teuthology.orchestra.run.smithi152.stdout:/usr/bin/ceph: stderr
2023-12-06T14:53:29.621+0000 7f1462dfa700 1 -- start start
2023-12-06T14:53:30.186 INFO:teuthology.orchestra.run.smithi152.stdout:/usr/bin/ceph: stderr
2023-12-06T14:53:29.621+0000 7f1462dfa700 1 --2- >> [v2:172.21.15.152:3300/0,v1:172.21.15.152:6789/0] conn(0x7f145c078d00 0x7f145c077210 unknown :-1 s=NONE pgs=0 cs=0 l=0 rev1=0 crypto rx=0 tx=0 comp rx=0 tx=0).connect
2023-12-06T14:53:30.186 INFO:teuthology.orchestra.run.smithi152.stdout:/usr/bin/ceph: stderr
2023-12-06T14:53:29.621+0000 7f1462dfa700 1 -- --> [v2:172.21.15.152:3300/0,v1:172.21.15.152:6789/0] -- mon_getmap magic: 0 v1 -- 0x7f145c079110 con 0x7f145c078d00
2023-12-06T14:53:30.186 INFO:teuthology.orchestra.run.smithi152.stdout:/usr/bin/ceph: stderr
2023-12-06T14:53:29.621+0000 7f1460b96700 1 --2- >> [v2:172.21.15.152:3300/0,v1:172.21.15.152:6789/0] conn(0x7f145c078d00 0x7f145c077210 unknown :-1 s=BANNER_CONNECTING pgs=0 cs=0 l=0 rev1=0 crypto rx=0 tx=0 comp rx=0 tx=0)._handle_peer_banner_payload supported=3 required=0
2023-12-06T14:53:30.186 INFO:teuthology.orchestra.run.smithi152.stdout:/usr/bin/ceph: stderr
2023-12-06T14:53:29.621+0000 7f1460b96700 1 --2- >> [v2:172.21.15.152:3300/0,v1:172.21.15.152:6789/0] conn(0x7f145c078d00 0x7f145c077210 unknown :-1 s=HELLO_CONNECTING pgs=0 cs=0 l=0 rev1=1 crypto rx=0 tx=0 comp rx=0 tx=0).handle_hello peer v2:172.21.15.152:3300/0 says I am v2:172.21.15.152:57600/0 (socket says 172.21.15.152:57600)
2023-12-06T14:53:30.186 INFO:teuthology.orchestra.run.smithi152.stdout:/usr/bin/ceph: stderr
2023-12-06T14:53:29.621+0000 7f1460b96700 1 -- 172.21.15.152:0/1302129234 learned_addr learned my addr 172.21.15.152:0/1302129234 (peer_addr_for_me v2:172.21.15.152:0/0)
2023-12-06T14:53:30.186 INFO:teuthology.orchestra.run.smithi152.stdout:/usr/bin/ceph: stderr
2023-12-06T14:53:29.621+0000 7f1460b96700 1 -- 172.21.15.152:0/1302129234 --> [v2:172.21.15.152:3300/0,v1:172.21.15.152:6789/0] -- mon_subscribe({config=0+,monmap=0+}) v3 -- 0x7f145c077750 con 0x7f145c078d00
2023-12-06T14:53:30.186 INFO:teuthology.orchestra.run.smithi152.stdout:/usr/bin/ceph: stderr
2023-12-06T14:53:29.622+0000 7f1460b96700 1 --2- 172.21.15.152:0/1302129234 >> [v2:172.21.15.152:3300/0,v1:172.21.15.152:6789/0] conn(0x7f145c078d00 0x7f145c077210 secure :-1 s=READY pgs=39 cs=0 l=1 rev1=1 crypto rx=0x7f14500098e0 tx=0x7f1450009250 comp rx=0 tx=0).ready entity=mon.0 client_cookie=6ef6e9326cb5fa2a server_cookie=0 in_seq=0 out_seq=0
2023-12-06T14:53:30.186 INFO:teuthology.orchestra.run.smithi152.stdout:/usr/bin/ceph: stderr
2023-12-06T14:53:29.622+0000 7f145b7fe700 1 -- 172.21.15.152:0/1302129234 <== mon.0 v2:172.21.15.152:3300/0 1 ==== mon_map magic: 0 v1 ==== 229+0+0 (secure 0 0 0) 0x7f145000b860 con 0x7f145c078d00
2023-12-06T14:53:30.186 INFO:teuthology.orchestra.run.smithi152.stdout:/usr/bin/ceph: stderr
2023-12-06T14:53:29.622+0000 7f145b7fe700 1 -- 172.21.15.152:0/1302129234 <== mon.0 v2:172.21.15.152:3300/0 2 ==== config(26 keys) v1 ==== 1009+0+0 (secure 0 0 0) 0x7f145000be30 con 0x7f145c078d00
2023-12-06T14:53:30.186 INFO:teuthology.orchestra.run.smithi152.stdout:/usr/bin/ceph: stderr
2023-12-06T14:53:29.622+0000 7f145b7fe700 1 -- 172.21.15.152:0/1302129234 <== mon.0 v2:172.21.15.152:3300/0 3 ==== mon_map magic: 0 v1 ==== 229+0+0 (secure 0 0 0) 0x7f1450010380 con 0x7f145c078d00
2023-12-06T14:53:30.186 INFO:teuthology.orchestra.run.smithi152.stdout:/usr/bin/ceph: stderr
2023-12-06T14:53:29.622+0000 7f1462dfa700 1 -- 172.21.15.152:0/1302129234 >> [v2:172.21.15.152:3300/0,v1:172.21.15.152:6789/0] conn(0x7f145c078d00 msgr2=0x7f145c077210 secure :-1 s=STATE_CONNECTION_ESTABLISHED l=1).mark_down
2023-12-06T14:53:30.186 INFO:teuthology.orchestra.run.smithi152.stdout:/usr/bin/ceph: stderr
2023-12-06T14:53:29.622+0000 7f1462dfa700 1 --2- 172.21.15.152:0/1302129234 >> [v2:172.21.15.152:3300/0,v1:172.21.15.152:6789/0] conn(0x7f145c078d00 0x7f145c077210 secure :-1 s=READY pgs=39 cs=0 l=1 rev1=1 crypto rx=0x7f14500098e0 tx=0x7f1450009250 comp rx=0 tx=0).stop
2023-12-06T14:53:30.187 INFO:teuthology.orchestra.run.smithi152.stdout:/usr/bin/ceph: stderr
2023-12-06T14:53:29.622+0000 7f1462dfa700 1 -- 172.21.15.152:0/1302129234 shutdown_connections
2023-12-06T14:53:30.187 INFO:teuthology.orchestra.run.smithi152.stdout:/usr/bin/ceph: stderr
2023-12-06T14:53:29.622+0000 7f1462dfa700 1 --2- 172.21.15.152:0/1302129234 >> [v2:172.21.15.152:3300/0,v1:172.21.15.152:6789/0] conn(0x7f145c078d00 0x7f145c077210 unknown :-1 s=CLOSED pgs=39 cs=0 l=1 rev1=1 crypto rx=0 tx=0 comp rx=0 tx=0).stop
2023-12-06T14:53:30.187 INFO:teuthology.orchestra.run.smithi152.stdout:/usr/bin/ceph: stderr
2023-12-06T14:53:29.622+0000 7f1462dfa700 1 -- 172.21.15.152:0/1302129234 >> 172.21.15.152:0/1302129234 conn(0x7f145c0fda10 msgr2=0x7f145c0ffe40 unknown :-1 s=STATE_NONE l=0).mark_down
2023-12-06T14:53:30.187 INFO:teuthology.orchestra.run.smithi152.stdout:/usr/bin/ceph: stderr
2023-12-06T14:53:29.622+0000 7f1462dfa700 1 -- 172.21.15.152:0/1302129234 shutdown_connections
2023-12-06T14:53:30.187 INFO:teuthology.orchestra.run.smithi152.stdout:/usr/bin/ceph: stderr
2023-12-06T14:53:29.622+0000 7f1462dfa700 1 -- 172.21.15.152:0/1302129234 wait complete.
2023-12-06T14:53:30.187 INFO:teuthology.orchestra.run.smithi152.stdout:/usr/bin/ceph: stderr
2023-12-06T14:53:29.623+0000 7f1462dfa700 1 Processor -- start
2023-12-06T14:53:30.187 INFO:teuthology.orchestra.run.smithi152.stdout:/usr/bin/ceph: stderr
2023-12-06T14:53:29.623+0000 7f1462dfa700 1 -- start start
2023-12-06T14:53:30.187 INFO:teuthology.orchestra.run.smithi152.stdout:/usr/bin/ceph: stderr
2023-12-06T14:53:29.623+0000 7f1462dfa700 1 --2- >> [v2:172.21.15.152:3300/0,v1:172.21.15.152:6789/0] conn(0x7f145c078d00 0x7f145c113310 unknown :-1 s=NONE pgs=0 cs=0 l=1 rev1=0 crypto rx=0 tx=0 comp rx=0 tx=0).connect
2023-12-06T14:53:30.187 INFO:teuthology.orchestra.run.smithi152.stdout:/usr/bin/ceph: stderr
2023-12-06T14:53:29.623+0000 7f1462dfa700 1 -- --> [v2:172.21.15.152:3300/0,v1:172.21.15.152:6789/0] -- mon_getmap magic: 0 v1 -- 0x7f145c113850 con 0x7f145c078d00
2023-12-06T14:53:30.187 INFO:teuthology.orchestra.run.smithi152.stdout:/usr/bin/ceph: stderr
2023-12-06T14:53:29.623+0000 7f1460b96700 1 --2- >> [v2:172.21.15.152:3300/0,v1:172.21.15.152:6789/0] conn(0x7f145c078d00 0x7f145c113310 unknown :-1 s=BANNER_CONNECTING pgs=0 cs=0 l=1 rev1=0 crypto rx=0 tx=0 comp rx=0 tx=0)._handle_peer_banner_payload supported=3 required=0
2023-12-06T14:53:30.187 INFO:teuthology.orchestra.run.smithi152.stdout:/usr/bin/ceph: stderr
2023-12-06T14:53:29.623+0000 7f1460b96700 1 --2- >> [v2:172.21.15.152:3300/0,v1:172.21.15.152:6789/0] conn(0x7f145c078d00 0x7f145c113310 unknown :-1 s=HELLO_CONNECTING pgs=0 cs=0 l=1 rev1=1 crypto rx=0 tx=0 comp rx=0 tx=0).handle_hello peer v2:172.21.15.152:3300/0 says I am v2:172.21.15.152:57608/0 (socket says 172.21.15.152:57608)
2023-12-06T14:53:30.187 INFO:teuthology.orchestra.run.smithi152.stdout:/usr/bin/ceph: stderr
2023-12-06T14:53:29.623+0000 7f1460b96700 1 -- 172.21.15.152:0/3903410814 learned_addr learned my addr 172.21.15.152:0/3903410814 (peer_addr_for_me v2:172.21.15.152:0/0)
2023-12-06T14:53:30.187 INFO:teuthology.orchestra.run.smithi152.stdout:/usr/bin/ceph: stderr
2023-12-06T14:53:29.624+0000 7f1460b96700 1 -- 172.21.15.152:0/3903410814 --> [v2:172.21.15.152:3300/0,v1:172.21.15.152:6789/0] -- mon_subscribe({config=0+,monmap=0+}) v3 -- 0x7f14500094f0 con 0x7f145c078d00
2023-12-06T14:53:30.187 INFO:teuthology.orchestra.run.smithi152.stdout:/usr/bin/ceph: stderr
2023-12-06T14:53:29.624+0000 7f1460b96700 1 --2- 172.21.15.152:0/3903410814 >> [v2:172.21.15.152:3300/0,v1:172.21.15.152:6789/0] conn(0x7f145c078d00 0x7f145c113310 secure :-1 s=READY pgs=40 cs=0 l=1 rev1=1 crypto rx=0x7f14500090b0 tx=0x7f1450009250 comp rx=0 tx=0).ready entity=mon.0 client_cookie=0 server_cookie=0 in_seq=0 out_seq=0
2023-12-06T14:53:30.187 INFO:teuthology.orchestra.run.smithi152.stdout:/usr/bin/ceph: stderr
2023-12-06T14:53:29.624+0000 7f14597fa700 1 -- 172.21.15.152:0/3903410814 <== mon.0 v2:172.21.15.152:3300/0 1 ==== mon_map magic: 0 v1 ==== 229+0+0 (secure 0 0 0) 0x7f14500109b0 con 0x7f145c078d00
2023-12-06T14:53:30.188 INFO:teuthology.orchestra.run.smithi152.stdout:/usr/bin/ceph: stderr
2023-12-06T14:53:29.624+0000 7f14597fa700 1 -- 172.21.15.152:0/3903410814 <== mon.0 v2:172.21.15.152:3300/0 2 ==== config(26 keys) v1 ==== 1009+0+0 (secure 0 0 0) 0x7f145001a430 con 0x7f145c078d00
2023-12-06T14:53:30.188 INFO:teuthology.orchestra.run.smithi152.stdout:/usr/bin/ceph: stderr
2023-12-06T14:53:29.624+0000 7f14597fa700 1 -- 172.21.15.152:0/3903410814 <== mon.0 v2:172.21.15.152:3300/0 3 ==== mon_map magic: 0 v1 ==== 229+0+0 (secure 0 0 0) 0x7f14500245b0 con 0x7f145c078d00
2023-12-06T14:53:30.188 INFO:teuthology.orchestra.run.smithi152.stdout:/usr/bin/ceph: stderr
2023-12-06T14:53:29.624+0000 7f1462dfa700 1 -- 172.21.15.152:0/3903410814 --> [v2:172.21.15.152:3300/0,v1:172.21.15.152:6789/0] -- mon_subscribe({mgrmap=0+}) v3 -- 0x7f145c113a50 con 0x7f145c078d00
2023-12-06T14:53:30.188 INFO:teuthology.orchestra.run.smithi152.stdout:/usr/bin/ceph: stderr
2023-12-06T14:53:29.624+0000 7f1462dfa700 1 -- 172.21.15.152:0/3903410814 --> [v2:172.21.15.152:3300/0,v1:172.21.15.152:6789/0] -- mon_subscribe({osdmap=0}) v3 -- 0x7f145c113e60 con 0x7f145c078d00
2023-12-06T14:53:30.188 INFO:teuthology.orchestra.run.smithi152.stdout:/usr/bin/ceph: stderr
2023-12-06T14:53:29.625+0000 7f14597fa700 1 -- 172.21.15.152:0/3903410814 <== mon.0 v2:172.21.15.152:3300/0 4 ==== mgrmap(e 8) v1 ==== 43281+0+0 (secure 0 0 0) 0x7f1450024870 con 0x7f145c078d00
2023-12-06T14:53:30.188 INFO:teuthology.orchestra.run.smithi152.stdout:/usr/bin/ceph: stderr
2023-12-06T14:53:29.625+0000 7f14597fa700 1 --2- 172.21.15.152:0/3903410814 >> [v2:172.21.15.152:6800/2466555973,v1:172.21.15.152:6801/2466555973] conn(0x7f144c0365a0 0x7f144c038a50 unknown :-1 s=NONE pgs=0 cs=0 l=1 rev1=0 crypto rx=0 tx=0 comp rx=0 tx=0).connect
2023-12-06T14:53:30.188 INFO:teuthology.orchestra.run.smithi152.stdout:/usr/bin/ceph: stderr
2023-12-06T14:53:29.625+0000 7f14597fa700 1 -- 172.21.15.152:0/3903410814 <== mon.0 v2:172.21.15.152:3300/0 5 ==== osd_map(2..2 src has 1..2) v4 ==== 936+0+0 (secure 0 0 0) 0x7f145004a6d0 con 0x7f145c078d00
2023-12-06T14:53:30.188 INFO:teuthology.orchestra.run.smithi152.stdout:/usr/bin/ceph: stderr
2023-12-06T14:53:29.625+0000 7f145bfff700 1 --2- 172.21.15.152:0/3903410814 >> [v2:172.21.15.152:6800/2466555973,v1:172.21.15.152:6801/2466555973] conn(0x7f144c0365a0 0x7f144c038a50 unknown :-1 s=BANNER_CONNECTING pgs=0 cs=0 l=1 rev1=0 crypto rx=0 tx=0 comp rx=0 tx=0)._handle_peer_banner_payload supported=3 required=0
2023-12-06T14:53:30.188 INFO:teuthology.orchestra.run.smithi152.stdout:/usr/bin/ceph: stderr
2023-12-06T14:53:29.625+0000 7f1462dfa700 1 -- 172.21.15.152:0/3903410814 --> [v2:172.21.15.152:3300/0,v1:172.21.15.152:6789/0] -- mon_command({"prefix": "get_command_descriptions"} v 0) v1 -- 0x7f145c04bb80 con 0x7f145c078d00
2023-12-06T14:53:30.188 INFO:teuthology.orchestra.run.smithi152.stdout:/usr/bin/ceph: stderr
2023-12-06T14:53:29.625+0000 7f145bfff700 1 --2- 172.21.15.152:0/3903410814 >> [v2:172.21.15.152:6800/2466555973,v1:172.21.15.152:6801/2466555973] conn(0x7f144c0365a0 0x7f144c038a50 secure :-1 s=READY pgs=8 cs=0 l=1 rev1=1 crypto rx=0x7f1448009990 tx=0x7f1448006e40 comp rx=0 tx=0).ready entity=mgr.14120 client_cookie=0 server_cookie=0 in_seq=0 out_seq=0
2023-12-06T14:53:30.188 INFO:teuthology.orchestra.run.smithi152.stdout:/usr/bin/ceph: stderr
2023-12-06T14:53:29.630+0000 7f14597fa700 1 -- 172.21.15.152:0/3903410814 <== mon.0 v2:172.21.15.152:3300/0 6 ==== mon_command_ack([{"prefix": "get_command_descriptions"}]=0 v0) v1 ==== 72+0+174570 (secure 0 0 0) 0x7f145002c340 con 0x7f145c078d00
2023-12-06T14:53:30.189 INFO:teuthology.orchestra.run.smithi152.stdout:/usr/bin/ceph: stderr
2023-12-06T14:53:29.811+0000 7f1462dfa700 1 -- 172.21.15.152:0/3903410814 --> [v2:172.21.15.152:6800/2466555973,v1:172.21.15.152:6801/2466555973] -- mgr_command(tid 0: {"prefix": "cephadm set-user", "user": "root", "target": ["mon-mgr", ""]}) v1 -- 0x7f145c10cef0 con 0x7f144c0365a0
2023-12-06T14:53:30.189 INFO:teuthology.orchestra.run.smithi152.stdout:/usr/bin/ceph: stderr
2023-12-06T14:53:29.812+0000 7f14597fa700 1 -- 172.21.15.152:0/3903410814 <== mgr.14120 v2:172.21.15.152:6800/2466555973 1 ==== mgr_command_reply(tid 0: 0 ) v1 ==== 8+0+16 (secure 0 0 0) 0x7f145c10cef0 con 0x7f144c0365a0
2023-12-06T14:53:30.189 INFO:teuthology.orchestra.run.smithi152.stdout:/usr/bin/ceph: stderr
2023-12-06T14:53:29.814+0000 7f1462dfa700 1 -- 172.21.15.152:0/3903410814 >> [v2:172.21.15.152:6800/2466555973,v1:172.21.15.152:6801/2466555973] conn(0x7f144c0365a0 msgr2=0x7f144c038a50 secure :-1 s=STATE_CONNECTION_ESTABLISHED l=1).mark_down
2023-12-06T14:53:30.189 INFO:teuthology.orchestra.run.smithi152.stdout:/usr/bin/ceph: stderr
2023-12-06T14:53:29.814+0000 7f1462dfa700 1 --2- 172.21.15.152:0/3903410814 >> [v2:172.21.15.152:6800/2466555973,v1:172.21.15.152:6801/2466555973] conn(0x7f144c0365a0 0x7f144c038a50 secure :-1 s=READY pgs=8 cs=0 l=1 rev1=1 crypto rx=0x7f1448009990 tx=0x7f1448006e40 comp rx=0 tx=0).stop
2023-12-06T14:53:30.189 INFO:teuthology.orchestra.run.smithi152.stdout:/usr/bin/ceph: stderr
2023-12-06T14:53:29.814+0000 7f1462dfa700 1 -- 172.21.15.152:0/3903410814 >> [v2:172.21.15.152:3300/0,v1:172.21.15.152:6789/0] conn(0x7f145c078d00 msgr2=0x7f145c113310 secure :-1 s=STATE_CONNECTION_ESTABLISHED l=1).mark_down
2023-12-06T14:53:30.189 INFO:teuthology.orchestra.run.smithi152.stdout:/usr/bin/ceph: stderr
2023-12-06T14:53:29.814+0000 7f1462dfa700 1 --2- 172.21.15.152:0/3903410814 >> [v2:172.21.15.152:3300/0,v1:172.21.15.152:6789/0] conn(0x7f145c078d00 0x7f145c113310 secure :-1 s=READY pgs=40 cs=0 l=1 rev1=1 crypto rx=0x7f14500090b0 tx=0x7f1450009250 comp rx=0 tx=0).stop
2023-12-06T14:53:30.189 INFO:teuthology.orchestra.run.smithi152.stdout:/usr/bin/ceph: stderr
2023-12-06T14:53:29.814+0000 7f1462dfa700 1 -- 172.21.15.152:0/3903410814 shutdown_connections
2023-12-06T14:53:30.190 INFO:teuthology.orchestra.run.smithi152.stdout:/usr/bin/ceph: stderr
2023-12-06T14:53:29.814+0000 7f1462dfa700 1 --2- 172.21.15.152:0/3903410814 >> [v2:172.21.15.152:6800/2466555973,v1:172.21.15.152:6801/2466555973] conn(0x7f144c0365a0 0x7f144c038a50 unknown :-1 s=CLOSED pgs=8 cs=0 l=1 rev1=1 crypto rx=0 tx=0 comp rx=0 tx=0).stop
2023-12-06T14:53:30.190 INFO:teuthology.orchestra.run.smithi152.stdout:/usr/bin/ceph: stderr
2023-12-06T14:53:29.814+0000 7f1462dfa700 1 --2- 172.21.15.152:0/3903410814 >> [v2:172.21.15.152:3300/0,v1:172.21.15.152:6789/0] conn(0x7f145c078d00 0x7f145c113310 unknown :-1 s=CLOSED pgs=40 cs=0 l=1 rev1=1 crypto rx=0 tx=0 comp rx=0 tx=0).stop
2023-12-06T14:53:30.190 INFO:teuthology.orchestra.run.smithi152.stdout:/usr/bin/ceph: stderr
2023-12-06T14:53:29.814+0000 7f1462dfa700 1 -- 172.21.15.152:0/3903410814 >> 172.21.15.152:0/3903410814 conn(0x7f145c0fda10 msgr2=0x7f145c0ffe20 unknown :-1 s=STATE_NONE l=0).mark_down
2023-12-06T14:53:30.190 INFO:teuthology.orchestra.run.smithi152.stdout:/usr/bin/ceph: stderr
2023-12-06T14:53:29.814+0000 7f1462dfa700 1 -- 172.21.15.152:0/3903410814 shutdown_connections
2023-12-06T14:53:30.190 INFO:teuthology.orchestra.run.smithi152.stdout:/usr/bin/ceph: stderr
2023-12-06T14:53:29.814+0000 7f1462dfa700 1 -- 172.21.15.152:0/3903410814 wait complete.
2023-12-06T14:53:30.190 INFO:teuthology.orchestra.run.smithi152.stdout:Generating ssh key...
2023-12-06T14:53:31.270 INFO:journalctl@ceph.mon.smithi152.smithi152.stdout:Dec 06 14:53:30 smithi152 ceph-mon[111954]: from='client.14134 -' entity='client.admin' cmd=[{"prefix": "cephadm set-user", "user": "root", "target": ["mon-mgr", ""]}]: dispatch
2023-12-06T14:53:31.344 INFO:teuthology.orchestra.run.smithi152.stdout:/usr/bin/ceph: stderr
2023-12-06T14:53:30.520+0000 7f353ac7a700 1 Processor -- start
2023-12-06T14:53:31.344 INFO:teuthology.orchestra.run.smithi152.stdout:/usr/bin/ceph: stderr
2023-12-06T14:53:30.520+0000 7f353ac7a700 1 -- start start
2023-12-06T14:53:31.344 INFO:teuthology.orchestra.run.smithi152.stdout:/usr/bin/ceph: stderr
2023-12-06T14:53:30.521+0000 7f353ac7a700 1 --2- >> [v2:172.21.15.152:3300/0,v1:172.21.15.152:6789/0] conn(0x7f3534102900 0x7f3534102d10 unknown :-1 s=NONE pgs=0 cs=0 l=0 rev1=0 crypto rx=0 tx=0 comp rx=0 tx=0).connect
2023-12-06T14:53:31.344 INFO:teuthology.orchestra.run.smithi152.stdout:/usr/bin/ceph: stderr
2023-12-06T14:53:30.521+0000 7f353ac7a700 1 -- --> [v2:172.21.15.152:3300/0,v1:172.21.15.152:6789/0] -- mon_getmap magic: 0 v1 -- 0x7f3534103250 con 0x7f3534102900
2023-12-06T14:53:31.344 INFO:teuthology.orchestra.run.smithi152.stdout:/usr/bin/ceph: stderr
2023-12-06T14:53:30.521+0000 7f3538a16700 1 --2- >> [v2:172.21.15.152:3300/0,v1:172.21.15.152:6789/0] conn(0x7f3534102900 0x7f3534102d10 unknown :-1 s=BANNER_CONNECTING pgs=0 cs=0 l=0 rev1=0 crypto rx=0 tx=0 comp rx=0 tx=0)._handle_peer_banner_payload supported=3 required=0
2023-12-06T14:53:31.344 INFO:teuthology.orchestra.run.smithi152.stdout:/usr/bin/ceph: stderr
2023-12-06T14:53:30.521+0000 7f3538a16700 1 --2- >> [v2:172.21.15.152:3300/0,v1:172.21.15.152:6789/0] conn(0x7f3534102900 0x7f3534102d10 unknown :-1 s=HELLO_CONNECTING pgs=0 cs=0 l=0 rev1=1 crypto rx=0 tx=0 comp rx=0 tx=0).handle_hello peer v2:172.21.15.152:3300/0 says I am v2:172.21.15.152:57620/0 (socket says 172.21.15.152:57620)
2023-12-06T14:53:31.344 INFO:teuthology.orchestra.run.smithi152.stdout:/usr/bin/ceph: stderr
2023-12-06T14:53:30.521+0000 7f3538a16700 1 -- 172.21.15.152:0/2479340765 learned_addr learned my addr 172.21.15.152:0/2479340765 (peer_addr_for_me v2:172.21.15.152:0/0)
2023-12-06T14:53:31.344 INFO:teuthology.orchestra.run.smithi152.stdout:/usr/bin/ceph: stderr
2023-12-06T14:53:30.521+0000 7f3538a16700 1 -- 172.21.15.152:0/2479340765 --> [v2:172.21.15.152:3300/0,v1:172.21.15.152:6789/0] -- mon_subscribe({config=0+,monmap=0+}) v3 -- 0x7f3534103390 con 0x7f3534102900
2023-12-06T14:53:31.345 INFO:teuthology.orchestra.run.smithi152.stdout:/usr/bin/ceph: stderr
2023-12-06T14:53:30.521+0000 7f3538a16700 1 --2- 172.21.15.152:0/2479340765 >> [v2:172.21.15.152:3300/0,v1:172.21.15.152:6789/0] conn(0x7f3534102900 0x7f3534102d10 secure :-1 s=READY pgs=41 cs=0 l=1 rev1=1 crypto rx=0x7f35280098e0 tx=0x7f3528009250 comp rx=0 tx=0).ready entity=mon.0 client_cookie=af30e306285072a0 server_cookie=0 in_seq=0 out_seq=0
2023-12-06T14:53:31.345 INFO:teuthology.orchestra.run.smithi152.stdout:/usr/bin/ceph: stderr
2023-12-06T14:53:30.521+0000 7f35337fe700 1 -- 172.21.15.152:0/2479340765 <== mon.0 v2:172.21.15.152:3300/0 1 ==== mon_map magic: 0 v1 ==== 229+0+0 (secure 0 0 0) 0x7f352800b860 con 0x7f3534102900
2023-12-06T14:53:31.345 INFO:teuthology.orchestra.run.smithi152.stdout:/usr/bin/ceph: stderr
2023-12-06T14:53:30.521+0000 7f35337fe700 1 -- 172.21.15.152:0/2479340765 <== mon.0 v2:172.21.15.152:3300/0 2 ==== config(26 keys) v1 ==== 1009+0+0 (secure 0 0 0) 0x7f352800be30 con 0x7f3534102900
2023-12-06T14:53:31.345 INFO:teuthology.orchestra.run.smithi152.stdout:/usr/bin/ceph: stderr
2023-12-06T14:53:30.521+0000 7f35337fe700 1 -- 172.21.15.152:0/2479340765 <== mon.0 v2:172.21.15.152:3300/0 3 ==== mon_map magic: 0 v1 ==== 229+0+0 (secure 0 0 0) 0x7f3528010380 con 0x7f3534102900
2023-12-06T14:53:31.345 INFO:teuthology.orchestra.run.smithi152.stdout:/usr/bin/ceph: stderr
2023-12-06T14:53:30.522+0000 7f353ac7a700 1 -- 172.21.15.152:0/2479340765 >> [v2:172.21.15.152:3300/0,v1:172.21.15.152:6789/0] conn(0x7f3534102900 msgr2=0x7f3534102d10 secure :-1 s=STATE_CONNECTION_ESTABLISHED l=1).mark_down
2023-12-06T14:53:31.345 INFO:teuthology.orchestra.run.smithi152.stdout:/usr/bin/ceph: stderr
2023-12-06T14:53:30.522+0000 7f353ac7a700 1 --2- 172.21.15.152:0/2479340765 >> [v2:172.21.15.152:3300/0,v1:172.21.15.152:6789/0] conn(0x7f3534102900 0x7f3534102d10 secure :-1 s=READY pgs=41 cs=0 l=1 rev1=1 crypto rx=0x7f35280098e0 tx=0x7f3528009250 comp rx=0 tx=0).stop
2023-12-06T14:53:31.345 INFO:teuthology.orchestra.run.smithi152.stdout:/usr/bin/ceph: stderr
2023-12-06T14:53:30.522+0000 7f353ac7a700 1 -- 172.21.15.152:0/2479340765 shutdown_connections
2023-12-06T14:53:31.345 INFO:teuthology.orchestra.run.smithi152.stdout:/usr/bin/ceph: stderr
2023-12-06T14:53:30.522+0000 7f353ac7a700 1 --2- 172.21.15.152:0/2479340765 >> [v2:172.21.15.152:3300/0,v1:172.21.15.152:6789/0] conn(0x7f3534102900 0x7f3534102d10 unknown :-1 s=CLOSED pgs=41 cs=0 l=1 rev1=1 crypto rx=0 tx=0 comp rx=0 tx=0).stop
2023-12-06T14:53:31.345 INFO:teuthology.orchestra.run.smithi152.stdout:/usr/bin/ceph: stderr
2023-12-06T14:53:30.522+0000 7f353ac7a700 1 -- 172.21.15.152:0/2479340765 >> 172.21.15.152:0/2479340765 conn(0x7f35340fc0b0 msgr2=0x7f35340fe4e0 unknown :-1 s=STATE_NONE l=0).mark_down
2023-12-06T14:53:31.345 INFO:teuthology.orchestra.run.smithi152.stdout:/usr/bin/ceph: stderr
2023-12-06T14:53:30.522+0000 7f353ac7a700 1 -- 172.21.15.152:0/2479340765 shutdown_connections
2023-12-06T14:53:31.345 INFO:teuthology.orchestra.run.smithi152.stdout:/usr/bin/ceph: stderr
2023-12-06T14:53:30.522+0000 7f353ac7a700 1 -- 172.21.15.152:0/2479340765 wait complete.
2023-12-06T14:53:31.345 INFO:teuthology.orchestra.run.smithi152.stdout:/usr/bin/ceph: stderr
2023-12-06T14:53:30.522+0000 7f353ac7a700 1 Processor -- start
2023-12-06T14:53:31.345 INFO:teuthology.orchestra.run.smithi152.stdout:/usr/bin/ceph: stderr
2023-12-06T14:53:30.523+0000 7f353ac7a700 1 -- start start
2023-12-06T14:53:31.345 INFO:teuthology.orchestra.run.smithi152.stdout:/usr/bin/ceph: stderr
2023-12-06T14:53:30.523+0000 7f353ac7a700 1 --2- >> [v2:172.21.15.152:3300/0,v1:172.21.15.152:6789/0] conn(0x7f3534102900 0x7f3534113320 unknown :-1 s=NONE pgs=0 cs=0 l=1 rev1=0 crypto rx=0 tx=0 comp rx=0 tx=0).connect
2023-12-06T14:53:31.346 INFO:teuthology.orchestra.run.smithi152.stdout:/usr/bin/ceph: stderr
2023-12-06T14:53:30.523+0000 7f353ac7a700 1 -- --> [v2:172.21.15.152:3300/0,v1:172.21.15.152:6789/0] -- mon_getmap magic: 0 v1 -- 0x7f3534113860 con 0x7f3534102900
2023-12-06T14:53:31.346 INFO:teuthology.orchestra.run.smithi152.stdout:/usr/bin/ceph: stderr
2023-12-06T14:53:30.523+0000 7f3538a16700 1 --2- >> [v2:172.21.15.152:3300/0,v1:172.21.15.152:6789/0] conn(0x7f3534102900 0x7f3534113320 unknown :-1 s=BANNER_CONNECTING pgs=0 cs=0 l=1 rev1=0 crypto rx=0 tx=0 comp rx=0 tx=0)._handle_peer_banner_payload supported=3 required=0
2023-12-06T14:53:31.346 INFO:teuthology.orchestra.run.smithi152.stdout:/usr/bin/ceph: stderr
2023-12-06T14:53:30.523+0000 7f3538a16700 1 --2- >> [v2:172.21.15.152:3300/0,v1:172.21.15.152:6789/0] conn(0x7f3534102900 0x7f3534113320 unknown :-1 s=HELLO_CONNECTING pgs=0 cs=0 l=1 rev1=1 crypto rx=0 tx=0 comp rx=0 tx=0).handle_hello peer v2:172.21.15.152:3300/0 says I am v2:172.21.15.152:57624/0 (socket says 172.21.15.152:57624)
2023-12-06T14:53:31.346 INFO:teuthology.orchestra.run.smithi152.stdout:/usr/bin/ceph: stderr
2023-12-06T14:53:30.523+0000 7f3538a16700 1 -- 172.21.15.152:0/2652196710 learned_addr learned my addr 172.21.15.152:0/2652196710 (peer_addr_for_me v2:172.21.15.152:0/0)
2023-12-06T14:53:31.346 INFO:teuthology.orchestra.run.smithi152.stdout:/usr/bin/ceph: stderr
2023-12-06T14:53:30.523+0000 7f3538a16700 1 -- 172.21.15.152:0/2652196710 --> [v2:172.21.15.152:3300/0,v1:172.21.15.152:6789/0] -- mon_subscribe({config=0+,monmap=0+}) v3 -- 0x7f35280094f0 con 0x7f3534102900
2023-12-06T14:53:31.346 INFO:teuthology.orchestra.run.smithi152.stdout:/usr/bin/ceph: stderr
2023-12-06T14:53:30.523+0000 7f3538a16700 1 --2- 172.21.15.152:0/2652196710 >> [v2:172.21.15.152:3300/0,v1:172.21.15.152:6789/0] conn(0x7f3534102900 0x7f3534113320 secure :-1 s=READY pgs=42 cs=0 l=1 rev1=1 crypto rx=0x7f3528006b00 tx=0x7f3528009250 comp rx=0 tx=0).ready entity=mon.0 client_cookie=0 server_cookie=0 in_seq=0 out_seq=0
2023-12-06T14:53:31.346 INFO:teuthology.orchestra.run.smithi152.stdout:/usr/bin/ceph: stderr
2023-12-06T14:53:30.523+0000 7f35317fa700 1 -- 172.21.15.152:0/2652196710 <== mon.0 v2:172.21.15.152:3300/0 1 ==== mon_map magic: 0 v1 ==== 229+0+0 (secure 0 0 0) 0x7f35280109b0 con 0x7f3534102900
2023-12-06T14:53:31.346 INFO:teuthology.orchestra.run.smithi152.stdout:/usr/bin/ceph: stderr
2023-12-06T14:53:30.524+0000 7f35317fa700 1 -- 172.21.15.152:0/2652196710 <== mon.0 v2:172.21.15.152:3300/0 2 ==== config(26 keys) v1 ==== 1009+0+0 (secure 0 0 0) 0x7f3528024440 con 0x7f3534102900
2023-12-06T14:53:31.346 INFO:teuthology.orchestra.run.smithi152.stdout:/usr/bin/ceph: stderr
2023-12-06T14:53:30.524+0000 7f353ac7a700 1 -- 172.21.15.152:0/2652196710 --> [v2:172.21.15.152:3300/0,v1:172.21.15.152:6789/0] -- mon_subscribe({mgrmap=0+}) v3 -- 0x7f3534113a60 con 0x7f3534102900
2023-12-06T14:53:31.346 INFO:teuthology.orchestra.run.smithi152.stdout:/usr/bin/ceph: stderr
2023-12-06T14:53:30.524+0000 7f35317fa700 1 -- 172.21.15.152:0/2652196710 <== mon.0 v2:172.21.15.152:3300/0 3 ==== mon_map magic: 0 v1 ==== 229+0+0 (secure 0 0 0) 0x7f352801a5f0 con 0x7f3534102900
2023-12-06T14:53:31.346 INFO:teuthology.orchestra.run.smithi152.stdout:/usr/bin/ceph: stderr
2023-12-06T14:53:30.524+0000 7f353ac7a700 1 -- 172.21.15.152:0/2652196710 --> [v2:172.21.15.152:3300/0,v1:172.21.15.152:6789/0] -- mon_subscribe({osdmap=0}) v3 -- 0x7f3534113e70 con 0x7f3534102900
2023-12-06T14:53:31.346 INFO:teuthology.orchestra.run.smithi152.stdout:/usr/bin/ceph: stderr
