2024-03-26T03:34:22.194 INFO:teuthology.orchestra.run.smithi175.stdout:/usr/bin/ceph: stderr
2024-03-26T03:34:21.633+0000 7fca420b9700 1 -- 172.21.15.175:0/3193628788 >> 172.21.15.175:0/3193628788 conn(0x7fca3c101960 msgr2=0x7fca3c1024c0 unknown :-1 s=STATE_NONE l=0).mark_down
2024-03-26T03:34:22.194 INFO:teuthology.orchestra.run.smithi175.stdout:/usr/bin/ceph: stderr
2024-03-26T03:34:21.633+0000 7fca420b9700 1 -- 172.21.15.175:0/3193628788 shutdown_connections
2024-03-26T03:34:22.194 INFO:teuthology.orchestra.run.smithi175.stdout:/usr/bin/ceph: stderr
2024-03-26T03:34:21.633+0000 7fca420b9700 1 -- 172.21.15.175:0/3193628788 wait complete.
2024-03-26T03:34:22.194 INFO:teuthology.orchestra.run.smithi175.stdout:Generating ssh key...
2024-03-26T03:34:22.209 INFO:journalctl@ceph.mon.a.smithi175.stdout:Mar 26 03:34:21 smithi175 bash[21527]: audit
2024-03-26T03:34:21.634093+0000 mgr.y (mgr.14120) 9 : audit [DBG] from='client.14134 -' entity='client.admin' cmd=[{"prefix": "cephadm set-user", "user": "root", "target": ["mon-mgr", ""]}]: dispatch
2024-03-26T03:34:23.995 INFO:journalctl@ceph.mgr.y.smithi175.stdout:Mar 26 03:34:23 smithi175 bash[21783]: Generating public/private rsa key pair.
2024-03-26T03:34:23.995 INFO:journalctl@ceph.mgr.y.smithi175.stdout:Mar 26 03:34:23 smithi175 bash[21783]: Your identification has been saved in /tmp/tmp2ohx8s51/key.
2024-03-26T03:34:23.996 INFO:journalctl@ceph.mgr.y.smithi175.stdout:Mar 26 03:34:23 smithi175 bash[21783]: Your public key has been saved in /tmp/tmp2ohx8s51/key.pub.
2024-03-26T03:34:23.996 INFO:journalctl@ceph.mgr.y.smithi175.stdout:Mar 26 03:34:23 smithi175 bash[21783]: The key fingerprint is:
2024-03-26T03:34:23.996 INFO:journalctl@ceph.mgr.y.smithi175.stdout:Mar 26 03:34:23 smithi175 bash[21783]: SHA256:RSb/LEjnXCMDdbyh0RmYvVtCJ+/Lj+0xHds3HG1Z5VU ceph-762e930c-eb21-11ee-95d0-87774f69a715
2024-03-26T03:34:23.996 INFO:journalctl@ceph.mgr.y.smithi175.stdout:Mar 26 03:34:23 smithi175 bash[21783]: The key's randomart image is:
2024-03-26T03:34:23.996 INFO:journalctl@ceph.mgr.y.smithi175.stdout:Mar 26 03:34:23 smithi175 bash[21783]: +---[RSA 3072]----+
2024-03-26T03:34:23.996 INFO:journalctl@ceph.mgr.y.smithi175.stdout:Mar 26 03:34:23 smithi175 bash[21783]: | o.+*oo E|
2024-03-26T03:34:23.996 INFO:journalctl@ceph.mgr.y.smithi175.stdout:Mar 26 03:34:23 smithi175 bash[21783]: | *+.O ..o|
2024-03-26T03:34:23.996 INFO:journalctl@ceph.mgr.y.smithi175.stdout:Mar 26 03:34:23 smithi175 bash[21783]: | . *+oB o|
2024-03-26T03:34:23.996 INFO:journalctl@ceph.mgr.y.smithi175.stdout:Mar 26 03:34:23 smithi175 bash[21783]: | . *.*+.o +|
2024-03-26T03:34:23.996 INFO:journalctl@ceph.mgr.y.smithi175.stdout:Mar 26 03:34:23 smithi175 bash[21783]: | S + o= +o|
2024-03-26T03:34:23.996 INFO:journalctl@ceph.mgr.y.smithi175.stdout:Mar 26 03:34:23 smithi175 bash[21783]: | .. o.*|
2024-03-26T03:34:23.996 INFO:journalctl@ceph.mgr.y.smithi175.stdout:Mar 26 03:34:23 smithi175 bash[21783]: | . B+|
2024-03-26T03:34:23.996 INFO:journalctl@ceph.mgr.y.smithi175.stdout:Mar 26 03:34:23 smithi175 bash[21783]: | oo=|
2024-03-26T03:34:23.996 INFO:journalctl@ceph.mgr.y.smithi175.stdout:Mar 26 03:34:23 smithi175 bash[21783]: | .o+|
2024-03-26T03:34:23.997 INFO:journalctl@ceph.mgr.y.smithi175.stdout:Mar 26 03:34:23 smithi175 bash[21783]: +----[SHA256]-----+
2024-03-26T03:34:24.240 INFO:teuthology.orchestra.run.smithi175.stdout:/usr/bin/ceph: stderr
2024-03-26T03:34:23.073+0000 7f09fa492700 1 Processor -- start
2024-03-26T03:34:24.240 INFO:teuthology.orchestra.run.smithi175.stdout:/usr/bin/ceph: stderr
2024-03-26T03:34:23.073+0000 7f09fa492700 1 -- start start
2024-03-26T03:34:24.240 INFO:teuthology.orchestra.run.smithi175.stdout:/usr/bin/ceph: stderr
2024-03-26T03:34:23.077+0000 7f09fa492700 1 --2- >> [v2:172.21.15.175:3300/0,v1:172.21.15.175:6789/0] conn(0x7f09f4106460 0x7f09f4106880 unknown :-1 s=NONE pgs=0 cs=0 l=0 rev1=0 crypto rx=0 tx=0 comp rx=0 tx=0).connect
2024-03-26T03:34:24.240 INFO:teuthology.orchestra.run.smithi175.stdout:/usr/bin/ceph: stderr
2024-03-26T03:34:23.077+0000 7f09fa492700 1 -- --> [v2:172.21.15.175:3300/0,v1:172.21.15.175:6789/0] -- mon_getmap magic: 0 -- 0x7f09f4106e50 con 0x7f09f4106460
2024-03-26T03:34:24.240 INFO:teuthology.orchestra.run.smithi175.stdout:/usr/bin/ceph: stderr
2024-03-26T03:34:23.077+0000 7f09f3fff700 1 --2- >> [v2:172.21.15.175:3300/0,v1:172.21.15.175:6789/0] conn(0x7f09f4106460 0x7f09f4106880 unknown :-1 s=BANNER_CONNECTING pgs=0 cs=0 l=0 rev1=0 crypto rx=0 tx=0 comp rx=0 tx=0)._handle_peer_banner_payload supported=3 required=0
2024-03-26T03:34:24.241 INFO:teuthology.orchestra.run.smithi175.stdout:/usr/bin/ceph: stderr
2024-03-26T03:34:23.077+0000 7f09f3fff700 1 --2- >> [v2:172.21.15.175:3300/0,v1:172.21.15.175:6789/0] conn(0x7f09f4106460 0x7f09f4106880 unknown :-1 s=HELLO_CONNECTING pgs=0 cs=0 l=0 rev1=1 crypto rx=0 tx=0 comp rx=0 tx=0).handle_hello peer v2:172.21.15.175:3300/0 says I am v2:172.21.15.175:44096/0 (socket says 172.21.15.175:44096)
2024-03-26T03:34:24.241 INFO:teuthology.orchestra.run.smithi175.stdout:/usr/bin/ceph: stderr
2024-03-26T03:34:23.077+0000 7f09f3fff700 1 -- 172.21.15.175:0/3949895580 learned_addr learned my addr 172.21.15.175:0/3949895580 (peer_addr_for_me v2:172.21.15.175:0/0)
2024-03-26T03:34:24.245 INFO:teuthology.orchestra.run.smithi175.stdout:/usr/bin/ceph: stderr
2024-03-26T03:34:23.077+0000 7f09f3fff700 1 -- 172.21.15.175:0/3949895580 --> [v2:172.21.15.175:3300/0,v1:172.21.15.175:6789/0] -- mon_subscribe({config=0+,monmap=0+}) -- 0x7f09f41075c0 con 0x7f09f4106460
2024-03-26T03:34:24.245 INFO:teuthology.orchestra.run.smithi175.stdout:/usr/bin/ceph: stderr
2024-03-26T03:34:23.077+0000 7f09f3fff700 1 --2- 172.21.15.175:0/3949895580 >> [v2:172.21.15.175:3300/0,v1:172.21.15.175:6789/0] conn(0x7f09f4106460 0x7f09f4106880 secure :-1 s=READY pgs=41 cs=0 l=1 rev1=1 crypto rx=0x7f09e80098a0 tx=0x7f09e8009bb0 comp rx=0 tx=0).ready entity=mon.0 client_cookie=bdf10827bedba396 server_cookie=0 in_seq=0 out_seq=0
2024-03-26T03:34:24.245 INFO:teuthology.orchestra.run.smithi175.stdout:/usr/bin/ceph: stderr
2024-03-26T03:34:23.077+0000 7f09f2ffd700 1 -- 172.21.15.175:0/3949895580 <== mon.0 v2:172.21.15.175:3300/0 1 ==== mon_map magic: 0 ==== 205+0+0 (secure 0 0 0) 0x7f09e8004160 con 0x7f09f4106460
2024-03-26T03:34:24.245 INFO:teuthology.orchestra.run.smithi175.stdout:/usr/bin/ceph: stderr
2024-03-26T03:34:23.077+0000 7f09f2ffd700 1 -- 172.21.15.175:0/3949895580 <== mon.0 v2:172.21.15.175:3300/0 2 ==== config(24 keys) ==== 1011+0+0 (secure 0 0 0) 0x7f09e8004300 con 0x7f09f4106460
2024-03-26T03:34:24.245 INFO:teuthology.orchestra.run.smithi175.stdout:/usr/bin/ceph: stderr
2024-03-26T03:34:23.077+0000 7f09f2ffd700 1 -- 172.21.15.175:0/3949895580 <== mon.0 v2:172.21.15.175:3300/0 3 ==== mon_map magic: 0 ==== 205+0+0 (secure 0 0 0) 0x7f09e8011940 con 0x7f09f4106460
2024-03-26T03:34:24.245 INFO:teuthology.orchestra.run.smithi175.stdout:/usr/bin/ceph: stderr
2024-03-26T03:34:23.077+0000 7f09fa492700 1 -- 172.21.15.175:0/3949895580 >> [v2:172.21.15.175:3300/0,v1:172.21.15.175:6789/0] conn(0x7f09f4106460 msgr2=0x7f09f4106880 secure :-1 s=STATE_CONNECTION_ESTABLISHED l=1).mark_down
2024-03-26T03:34:24.245 INFO:teuthology.orchestra.run.smithi175.stdout:/usr/bin/ceph: stderr
2024-03-26T03:34:23.077+0000 7f09fa492700 1 --2- 172.21.15.175:0/3949895580 >> [v2:172.21.15.175:3300/0,v1:172.21.15.175:6789/0] conn(0x7f09f4106460 0x7f09f4106880 secure :-1 s=READY pgs=41 cs=0 l=1 rev1=1 crypto rx=0x7f09e80098a0 tx=0x7f09e8009bb0 comp rx=0 tx=0).stop
2024-03-26T03:34:24.245 INFO:teuthology.orchestra.run.smithi175.stdout:/usr/bin/ceph: stderr
2024-03-26T03:34:23.077+0000 7f09fa492700 1 -- 172.21.15.175:0/3949895580 shutdown_connections
2024-03-26T03:34:24.245 INFO:teuthology.orchestra.run.smithi175.stdout:/usr/bin/ceph: stderr
2024-03-26T03:34:23.077+0000 7f09fa492700 1 --2- 172.21.15.175:0/3949895580 >> [v2:172.21.15.175:3300/0,v1:172.21.15.175:6789/0] conn(0x7f09f4106460 0x7f09f4106880 unknown :-1 s=CLOSED pgs=41 cs=0 l=1 rev1=1 crypto rx=0 tx=0 comp rx=0 tx=0).stop
2024-03-26T03:34:24.245 INFO:teuthology.orchestra.run.smithi175.stdout:/usr/bin/ceph: stderr
2024-03-26T03:34:23.077+0000 7f09fa492700 1 -- 172.21.15.175:0/3949895580 >> 172.21.15.175:0/3949895580 conn(0x7f09f4101a20 msgr2=0x7f09f4103e40 unknown :-1 s=STATE_NONE l=0).mark_down
2024-03-26T03:34:24.246 INFO:teuthology.orchestra.run.smithi175.stdout:/usr/bin/ceph: stderr
2024-03-26T03:34:23.077+0000 7f09fa492700 1 -- 172.21.15.175:0/3949895580 shutdown_connections
2024-03-26T03:34:24.246 INFO:teuthology.orchestra.run.smithi175.stdout:/usr/bin/ceph: stderr
2024-03-26T03:34:23.077+0000 7f09fa492700 1 -- 172.21.15.175:0/3949895580 wait complete.
2024-03-26T03:34:24.246 INFO:teuthology.orchestra.run.smithi175.stdout:/usr/bin/ceph: stderr
2024-03-26T03:34:23.077+0000 7f09fa492700 1 Processor -- start
2024-03-26T03:34:24.246 INFO:teuthology.orchestra.run.smithi175.stdout:/usr/bin/ceph: stderr
2024-03-26T03:34:23.077+0000 7f09fa492700 1 -- start start
2024-03-26T03:34:24.246 INFO:teuthology.orchestra.run.smithi175.stdout:/usr/bin/ceph: stderr
2024-03-26T03:34:23.077+0000 7f09fa492700 1 --2- >> [v2:172.21.15.175:3300/0,v1:172.21.15.175:6789/0] conn(0x7f09f4106460 0x7f09f419c710 unknown :-1 s=NONE pgs=0 cs=0 l=1 rev1=0 crypto rx=0 tx=0 comp rx=0 tx=0).connect
2024-03-26T03:34:24.246 INFO:teuthology.orchestra.run.smithi175.stdout:/usr/bin/ceph: stderr
2024-03-26T03:34:23.077+0000 7f09fa492700 1 -- --> [v2:172.21.15.175:3300/0,v1:172.21.15.175:6789/0] -- mon_getmap magic: 0 -- 0x7f09f410a7f0 con 0x7f09f4106460
2024-03-26T03:34:24.246 INFO:teuthology.orchestra.run.smithi175.stdout:/usr/bin/ceph: stderr
2024-03-26T03:34:23.077+0000 7f09f3fff700 1 --2- >> [v2:172.21.15.175:3300/0,v1:172.21.15.175:6789/0] conn(0x7f09f4106460 0x7f09f419c710 unknown :-1 s=BANNER_CONNECTING pgs=0 cs=0 l=1 rev1=0 crypto rx=0 tx=0 comp rx=0 tx=0)._handle_peer_banner_payload supported=3 required=0
2024-03-26T03:34:24.246 INFO:teuthology.orchestra.run.smithi175.stdout:/usr/bin/ceph: stderr
2024-03-26T03:34:23.077+0000 7f09f3fff700 1 --2- >> [v2:172.21.15.175:3300/0,v1:172.21.15.175:6789/0] conn(0x7f09f4106460 0x7f09f419c710 unknown :-1 s=HELLO_CONNECTING pgs=0 cs=0 l=1 rev1=1 crypto rx=0 tx=0 comp rx=0 tx=0).handle_hello peer v2:172.21.15.175:3300/0 says I am v2:172.21.15.175:44106/0 (socket says 172.21.15.175:44106)
2024-03-26T03:34:24.246 INFO:teuthology.orchestra.run.smithi175.stdout:/usr/bin/ceph: stderr
2024-03-26T03:34:23.077+0000 7f09f3fff700 1 -- 172.21.15.175:0/2305109779 learned_addr learned my addr 172.21.15.175:0/2305109779 (peer_addr_for_me v2:172.21.15.175:0/0)
2024-03-26T03:34:24.246 INFO:teuthology.orchestra.run.smithi175.stdout:/usr/bin/ceph: stderr
2024-03-26T03:34:23.077+0000 7f09f3fff700 1 -- 172.21.15.175:0/2305109779 --> [v2:172.21.15.175:3300/0,v1:172.21.15.175:6789/0] -- mon_subscribe({config=0+,monmap=0+}) -- 0x7f09f419cc50 con 0x7f09f4106460
2024-03-26T03:34:24.246 INFO:teuthology.orchestra.run.smithi175.stdout:/usr/bin/ceph: stderr
2024-03-26T03:34:23.077+0000 7f09f3fff700 1 --2- 172.21.15.175:0/2305109779 >> [v2:172.21.15.175:3300/0,v1:172.21.15.175:6789/0] conn(0x7f09f4106460 0x7f09f419c710 secure :-1 s=READY pgs=42 cs=0 l=1 rev1=1 crypto rx=0x7f09e8006ba0 tx=0x7f09e80119c0 comp rx=0 tx=0).ready entity=mon.0 client_cookie=0 server_cookie=0 in_seq=0 out_seq=0
2024-03-26T03:34:24.246 INFO:teuthology.orchestra.run.smithi175.stdout:/usr/bin/ceph: stderr
2024-03-26T03:34:23.077+0000 7f09f17fa700 1 -- 172.21.15.175:0/2305109779 <== mon.0 v2:172.21.15.175:3300/0 1 ==== mon_map magic: 0 ==== 205+0+0 (secure 0 0 0) 0x7f09e8003930 con 0x7f09f4106460
2024-03-26T03:34:24.246 INFO:teuthology.orchestra.run.smithi175.stdout:/usr/bin/ceph: stderr
2024-03-26T03:34:23.077+0000 7f09f17fa700 1 -- 172.21.15.175:0/2305109779 <== mon.0 v2:172.21.15.175:3300/0 2 ==== config(24 keys) ==== 1011+0+0 (secure 0 0 0) 0x7f09e8003ad0 con 0x7f09f4106460
2024-03-26T03:34:24.246 INFO:teuthology.orchestra.run.smithi175.stdout:/usr/bin/ceph: stderr
2024-03-26T03:34:23.077+0000 7f09f17fa700 1 -- 172.21.15.175:0/2305109779 <== mon.0 v2:172.21.15.175:3300/0 3 ==== mon_map magic: 0 ==== 205+0+0 (secure 0 0 0) 0x7f09e8019750 con 0x7f09f4106460
2024-03-26T03:34:24.247 INFO:teuthology.orchestra.run.smithi175.stdout:/usr/bin/ceph: stderr
2024-03-26T03:34:23.077+0000 7f09fa492700 1 -- 172.21.15.175:0/2305109779 --> [v2:172.21.15.175:3300/0,v1:172.21.15.175:6789/0] -- mon_subscribe({mgrmap=0+}) -- 0x7f09f419cee0 con 0x7f09f4106460
2024-03-26T03:34:24.247 INFO:teuthology.orchestra.run.smithi175.stdout:/usr/bin/ceph: stderr
2024-03-26T03:34:23.077+0000 7f09fa492700 1 -- 172.21.15.175:0/2305109779 --> [v2:172.21.15.175:3300/0,v1:172.21.15.175:6789/0] -- mon_subscribe({osdmap=0}) -- 0x7f09f419fbd0 con 0x7f09f4106460
2024-03-26T03:34:24.247 INFO:teuthology.orchestra.run.smithi175.stdout:/usr/bin/ceph: stderr
2024-03-26T03:34:23.081+0000 7f09f17fa700 1 -- 172.21.15.175:0/2305109779 <== mon.0 v2:172.21.15.175:3300/0 4 ==== mgrmap(e 8) ==== 46466+0+0 (secure 0 0 0) 0x7f09e80199c0 con 0x7f09f4106460
2024-03-26T03:34:24.247 INFO:teuthology.orchestra.run.smithi175.stdout:/usr/bin/ceph: stderr
2024-03-26T03:34:23.081+0000 7f09f17fa700 1 --2- 172.21.15.175:0/2305109779 >> [v2:172.21.15.175:6800/712246762,v1:172.21.15.175:6801/712246762] conn(0x7f09dc039490 0x7f09dc03b950 unknown :-1 s=NONE pgs=0 cs=0 l=1 rev1=0 crypto rx=0 tx=0 comp rx=0 tx=0).connect
2024-03-26T03:34:24.247 INFO:teuthology.orchestra.run.smithi175.stdout:/usr/bin/ceph: stderr
2024-03-26T03:34:23.081+0000 7f09fa492700 1 -- 172.21.15.175:0/2305109779 --> [v2:172.21.15.175:3300/0,v1:172.21.15.175:6789/0] -- mon_command({"prefix": "get_command_descriptions"} v 0) -- 0x7f09f410a970 con 0x7f09f4106460
2024-03-26T03:34:24.247 INFO:teuthology.orchestra.run.smithi175.stdout:/usr/bin/ceph: stderr
2024-03-26T03:34:23.081+0000 7f09f17fa700 1 -- 172.21.15.175:0/2305109779 <== mon.0 v2:172.21.15.175:3300/0 5 ==== osd_map(2..2 src has 1..2) ==== 940+0+0 (secure 0 0 0) 0x7f09e804dc10 con 0x7f09f4106460
2024-03-26T03:34:24.247 INFO:teuthology.orchestra.run.smithi175.stdout:/usr/bin/ceph: stderr
2024-03-26T03:34:23.081+0000 7f09f37fe700 1 --2- 172.21.15.175:0/2305109779 >> [v2:172.21.15.175:6800/712246762,v1:172.21.15.175:6801/712246762] conn(0x7f09dc039490 0x7f09dc03b950 unknown :-1 s=BANNER_CONNECTING pgs=0 cs=0 l=1 rev1=0 crypto rx=0 tx=0 comp rx=0 tx=0)._handle_peer_banner_payload supported=3 required=0
2024-03-26T03:34:24.249 INFO:teuthology.orchestra.run.smithi175.stdout:/usr/bin/ceph: stderr
2024-03-26T03:34:23.081+0000 7f09f37fe700 1 --2- 172.21.15.175:0/2305109779 >> [v2:172.21.15.175:6800/712246762,v1:172.21.15.175:6801/712246762] conn(0x7f09dc039490 0x7f09dc03b950 secure :-1 s=READY pgs=9 cs=0 l=1 rev1=1 crypto rx=0x7f09e4006fd0 tx=0x7f09e4006e40 comp rx=0 tx=0).ready entity=mgr.14120 client_cookie=0 server_cookie=0 in_seq=0 out_seq=0
2024-03-26T03:34:24.249 INFO:teuthology.orchestra.run.smithi175.stdout:/usr/bin/ceph: stderr
2024-03-26T03:34:23.085+0000 7f09f17fa700 1 -- 172.21.15.175:0/2305109779 <== mon.0 v2:172.21.15.175:3300/0 6 ==== mon_command_ack([{"prefix": "get_command_descriptions"}]=0 v0) ==== 72+0+187543 (secure 0 0 0) 0x7f09e8023e00 con 0x7f09f4106460
2024-03-26T03:34:24.249 INFO:teuthology.orchestra.run.smithi175.stdout:/usr/bin/ceph: stderr
2024-03-26T03:34:23.453+0000 7f09fa492700 1 -- 172.21.15.175:0/2305109779 --> [v2:172.21.15.175:6800/712246762,v1:172.21.15.175:6801/712246762] -- mgr_command(tid 0: {"prefix": "cephadm generate-key", "target": ["mon-mgr", ""]}) -- 0x7f09f406bdf0 con 0x7f09dc039490
2024-03-26T03:34:24.249 INFO:teuthology.orchestra.run.smithi175.stdout:/usr/bin/ceph: stderr
2024-03-26T03:34:23.625+0000 7f09f17fa700 1 -- 172.21.15.175:0/2305109779 <== mgr.14120 v2:172.21.15.175:6800/712246762 1 ==== mgr_command_reply(tid 0: 0 ) ==== 8+0+0 (secure 0 0 0) 0x7f09f406bdf0 con 0x7f09dc039490
2024-03-26T03:34:24.249 INFO:teuthology.orchestra.run.smithi175.stdout:/usr/bin/ceph: stderr
2024-03-26T03:34:23.629+0000 7f09fa492700 1 -- 172.21.15.175:0/2305109779 >> [v2:172.21.15.175:6800/712246762,v1:172.21.15.175:6801/712246762] conn(0x7f09dc039490 msgr2=0x7f09dc03b950 secure :-1 s=STATE_CONNECTION_ESTABLISHED l=1).mark_down
2024-03-26T03:34:24.249 INFO:teuthology.orchestra.run.smithi175.stdout:/usr/bin/ceph: stderr
2024-03-26T03:34:23.629+0000 7f09fa492700 1 --2- 172.21.15.175:0/2305109779 >> [v2:172.21.15.175:6800/712246762,v1:172.21.15.175:6801/712246762] conn(0x7f09dc039490 0x7f09dc03b950 secure :-1 s=READY pgs=9 cs=0 l=1 rev1=1 crypto rx=0x7f09e4006fd0 tx=0x7f09e4006e40 comp rx=0 tx=0).stop
2024-03-26T03:34:24.249 INFO:teuthology.orchestra.run.smithi175.stdout:/usr/bin/ceph: stderr
2024-03-26T03:34:23.629+0000 7f09fa492700 1 -- 172.21.15.175:0/2305109779 >> [v2:172.21.15.175:3300/0,v1:172.21.15.175:6789/0] conn(0x7f09f4106460 msgr2=0x7f09f419c710 secure :-1 s=STATE_CONNECTION_ESTABLISHED l=1).mark_down
2024-03-26T03:34:24.249 INFO:teuthology.orchestra.run.smithi175.stdout:/usr/bin/ceph: stderr
2024-03-26T03:34:23.629+0000 7f09fa492700 1 --2- 172.21.15.175:0/2305109779 >> [v2:172.21.15.175:3300/0,v1:172.21.15.175:6789/0] conn(0x7f09f4106460 0x7f09f419c710 secure :-1 s=READY pgs=42 cs=0 l=1 rev1=1 crypto rx=0x7f09e8006ba0 tx=0x7f09e80119c0 comp rx=0 tx=0).stop
2024-03-26T03:34:24.249 INFO:teuthology.orchestra.run.smithi175.stdout:/usr/bin/ceph: stderr
2024-03-26T03:34:23.629+0000 7f09fa492700 1 -- 172.21.15.175:0/2305109779 shutdown_connections
2024-03-26T03:34:24.249 INFO:teuthology.orchestra.run.smithi175.stdout:/usr/bin/ceph: stderr
2024-03-26T03:34:23.629+0000 7f09fa492700 1 --2- 172.21.15.175:0/2305109779 >> [v2:172.21.15.175:6800/712246762,v1:172.21.15.175:6801/712246762] conn(0x7f09dc039490 0x7f09dc03b950 unknown :-1 s=CLOSED pgs=9 cs=0 l=1 rev1=1 crypto rx=0 tx=0 comp rx=0 tx=0).stop
2024-03-26T03:34:24.249 INFO:teuthology.orchestra.run.smithi175.stdout:/usr/bin/ceph: stderr
2024-03-26T03:34:23.629+0000 7f09fa492700 1 --2- 172.21.15.175:0/2305109779 >> [v2:172.21.15.175:3300/0,v1:172.21.15.175:6789/0] conn(0x7f09f4106460 0x7f09f419c710 unknown :-1 s=CLOSED pgs=42 cs=0 l=1 rev1=1 crypto rx=0 tx=0 comp rx=0 tx=0).stop
2024-03-26T03:34:24.249 INFO:teuthology.orchestra.run.smithi175.stdout:/usr/bin/ceph: stderr
2024-03-26T03:34:23.629+0000 7f09fa492700 1 -- 172.21.15.175:0/2305109779 >> 172.21.15.175:0/2305109779 conn(0x7f09f4101a20 msgr2=0x7f09f4102600 unknown :-1 s=STATE_NONE l=0).mark_down
2024-03-26T03:34:24.250 INFO:teuthology.orchestra.run.smithi175.stdout:/usr/bin/ceph: stderr
2024-03-26T03:34:23.629+0000 7f09fa492700 1 -- 172.21.15.175:0/2305109779 shutdown_connections
2024-03-26T03:34:24.250 INFO:teuthology.orchestra.run.smithi175.stdout:/usr/bin/ceph: stderr
2024-03-26T03:34:23.629+0000 7f09fa492700 1 -- 172.21.15.175:0/2305109779 wait complete.
2024-03-26T03:34:24.940 INFO:journalctl@ceph.mon.a.smithi175.stdout:Mar 26 03:34:24 smithi175 bash[21527]: audit
2024-03-26T03:34:23.459939+0000 mgr.y (mgr.14120) 10 : audit [DBG] from='client.14136 -' entity='client.admin' cmd=[{"prefix": "cephadm generate-key", "target": ["mon-mgr", ""]}]: dispatch
2024-03-26T03:34:24.940 INFO:journalctl@ceph.mon.a.smithi175.stdout:Mar 26 03:34:24 smithi175 bash[21527]: cephadm
2024-03-26T03:34:23.460229+0000 mgr.y (mgr.14120) 11 : cephadm [INF] Generating ssh key...
2024-03-26T03:34:24.940 INFO:journalctl@ceph.mon.a.smithi175.stdout:Mar 26 03:34:24 smithi175 bash[21527]: audit
2024-03-26T03:34:23.623571+0000 mon.a (mon.0) 60 : audit [INF] from='mgr.14120 172.21.15.175:0/3794702729' entity='mgr.y'
2024-03-26T03:34:24.940 INFO:journalctl@ceph.mon.a.smithi175.stdout:Mar 26 03:34:24 smithi175 bash[21527]: audit
2024-03-26T03:34:23.628074+0000 mon.a (mon.0) 61 : audit [INF] from='mgr.14120 172.21.15.175:0/3794702729' entity='mgr.y'
2024-03-26T03:34:26.033 INFO:teuthology.orchestra.run.smithi175.stdout:/usr/bin/ceph: stdout ssh-rsa AAAAB3NzaC1yc2EAAAADAQABAAABgQDIxbSJkqZCSs/lOfW0OK6oNIT2bcL4u25oaSQElk3cx0GxdAPDGMr23NqmfnCSvPKt3/GWsQRLo2qhZjMU3yCAErTt4mWgxPrgZIoIQY9fFlro7xHNoztqNYMeMDjrLLdVpL+Dc8Gw3heu2Pyh0YPsVgKVqlEwkcFRKhedWno8s1cEGDof8iXaaVsQM2FRV+KtnU//ZDapHDferKYmyb54R/x9PVwfrbOlR9h3EYvASpkmB+anwS6gfqkoI0NC4Y7ZJpwCfIZTiiZl4TYD8XbYXddepHTNt/lbdHwkBOBEdOU8H3iKWB1T0XiMFSXyW5QaWorLnSvzEA5qxtFdG/RzBxLB7SjTwIUDleCvEFsSjtIBQWPWec8m/7TKy6JB9vxUZqGGH9iyD++1nGL25wFU5ybdGNu1XnxP/yYywvcdXaBQydMB3Wf8Bf/hCA3nsxg0KgkN03r1BeqtTnidvoSjBnHtaqQdr0esYo2gBPlAw2Fe974XEJBxuAz5dRHWnoc= ceph-762e930c-eb21-11ee-95d0-87774f69a715
2024-03-26T03:34:26.033 INFO:teuthology.orchestra.run.smithi175.stdout:/usr/bin/ceph: stderr
2024-03-26T03:34:25.120+0000 7efebd3c2700 1 Processor -- start
2024-03-26T03:34:26.034 INFO:teuthology.orchestra.run.smithi175.stdout:/usr/bin/ceph: stderr
2024-03-26T03:34:25.120+0000 7efebd3c2700 1 -- start start
2024-03-26T03:34:26.034 INFO:teuthology.orchestra.run.smithi175.stdout:/usr/bin/ceph: stderr
2024-03-26T03:34:25.120+0000 7efebd3c2700 1 --2- >> [v2:172.21.15.175:3300/0,v1:172.21.15.175:6789/0] conn(0x7efeb807c740 0x7efeb807abf0 unknown :-1 s=NONE pgs=0 cs=0 l=0 rev1=0 crypto rx=0 tx=0 comp rx=0 tx=0).connect
2024-03-26T03:34:26.034 INFO:teuthology.orchestra.run.smithi175.stdout:/usr/bin/ceph: stderr
2024-03-26T03:34:25.120+0000 7efebd3c2700 1 -- --> [v2:172.21.15.175:3300/0,v1:172.21.15.175:6789/0] -- mon_getmap magic: 0 -- 0x7efeb807b1c0 con 0x7efeb807c740
2024-03-26T03:34:26.034 INFO:teuthology.orchestra.run.smithi175.stdout:/usr/bin/ceph: stderr
2024-03-26T03:34:25.120+0000 7efeb6ffd700 1 --2- >> [v2:172.21.15.175:3300/0,v1:172.21.15.175:6789/0] conn(0x7efeb807c740 0x7efeb807abf0 unknown :-1 s=BANNER_CONNECTING pgs=0 cs=0 l=0 rev1=0 crypto rx=0 tx=0 comp rx=0 tx=0)._handle_peer_banner_payload supported=3 required=0
2024-03-26T03:34:26.034 INFO:teuthology.orchestra.run.smithi175.stdout:/usr/bin/ceph: stderr
2024-03-26T03:34:25.120+0000 7efeb6ffd700 1 --2- >> [v2:172.21.15.175:3300/0,v1:172.21.15.175:6789/0] conn(0x7efeb807c740 0x7efeb807abf0 unknown :-1 s=HELLO_CONNECTING pgs=0 cs=0 l=0 rev1=1 crypto rx=0 tx=0 comp rx=0 tx=0).handle_hello peer v2:172.21.15.175:3300/0 says I am v2:172.21.15.175:44108/0 (socket says 172.21.15.175:44108)
2024-03-26T03:34:26.034 INFO:teuthology.orchestra.run.smithi175.stdout:/usr/bin/ceph: stderr
2024-03-26T03:34:25.120+0000 7efeb6ffd700 1 -- 172.21.15.175:0/509460444 learned_addr learned my addr 172.21.15.175:0/509460444 (peer_addr_for_me v2:172.21.15.175:0/0)
2024-03-26T03:34:26.034 INFO:teuthology.orchestra.run.smithi175.stdout:/usr/bin/ceph: stderr
2024-03-26T03:34:25.120+0000 7efeb6ffd700 1 -- 172.21.15.175:0/509460444 --> [v2:172.21.15.175:3300/0,v1:172.21.15.175:6789/0] -- mon_subscribe({config=0+,monmap=0+}) -- 0x7efeb807b340 con 0x7efeb807c740
2024-03-26T03:34:26.034 INFO:teuthology.orchestra.run.smithi175.stdout:/usr/bin/ceph: stderr
2024-03-26T03:34:25.120+0000 7efeb6ffd700 1 --2- 172.21.15.175:0/509460444 >> [v2:172.21.15.175:3300/0,v1:172.21.15.175:6789/0] conn(0x7efeb807c740 0x7efeb807abf0 secure :-1 s=READY pgs=43 cs=0 l=1 rev1=1 crypto rx=0x7efea80098a0 tx=0x7efea8009bb0 comp rx=0 tx=0).ready entity=mon.0 client_cookie=8e7bd3300cdef992 server_cookie=0 in_seq=0 out_seq=0
2024-03-26T03:34:26.034 INFO:teuthology.orchestra.run.smithi175.stdout:/usr/bin/ceph: stderr
2024-03-26T03:34:25.120+0000 7efeb67fc700 1 -- 172.21.15.175:0/509460444 <== mon.0 v2:172.21.15.175:3300/0 1 ==== mon_map magic: 0 ==== 205+0+0 (secure 0 0 0) 0x7efea8004160 con 0x7efeb807c740
2024-03-26T03:34:26.034 INFO:teuthology.orchestra.run.smithi175.stdout:/usr/bin/ceph: stderr
2024-03-26T03:34:25.120+0000 7efeb67fc700 1 -- 172.21.15.175:0/509460444 <== mon.0 v2:172.21.15.175:3300/0 2 ==== config(24 keys) ==== 1011+0+0 (secure 0 0 0) 0x7efea8004300 con 0x7efeb807c740
2024-03-26T03:34:26.034 INFO:teuthology.orchestra.run.smithi175.stdout:/usr/bin/ceph: stderr
2024-03-26T03:34:25.120+0000 7efeb67fc700 1 -- 172.21.15.175:0/509460444 <== mon.0 v2:172.21.15.175:3300/0 3 ==== mon_map magic: 0 ==== 205+0+0 (secure 0 0 0) 0x7efea8011940 con 0x7efeb807c740
2024-03-26T03:34:26.035 INFO:teuthology.orchestra.run.smithi175.stdout:/usr/bin/ceph: stderr
2024-03-26T03:34:25.120+0000 7efebd3c2700 1 -- 172.21.15.175:0/509460444 >> [v2:172.21.15.175:3300/0,v1:172.21.15.175:6789/0] conn(0x7efeb807c740 msgr2=0x7efeb807abf0 secure :-1 s=STATE_CONNECTION_ESTABLISHED l=1).mark_down
2024-03-26T03:34:26.035 INFO:teuthology.orchestra.run.smithi175.stdout:/usr/bin/ceph: stderr
2024-03-26T03:34:25.120+0000 7efebd3c2700 1 --2- 172.21.15.175:0/509460444 >> [v2:172.21.15.175:3300/0,v1:172.21.15.175:6789/0] conn(0x7efeb807c740 0x7efeb807abf0 secure :-1 s=READY pgs=43 cs=0 l=1 rev1=1 crypto rx=0x7efea80098a0 tx=0x7efea8009bb0 comp rx=0 tx=0).stop
2024-03-26T03:34:26.035 INFO:teuthology.orchestra.run.smithi175.stdout:/usr/bin/ceph: stderr
2024-03-26T03:34:25.120+0000 7efebd3c2700 1 -- 172.21.15.175:0/509460444 shutdown_connections
2024-03-26T03:34:26.035 INFO:teuthology.orchestra.run.smithi175.stdout:/usr/bin/ceph: stderr
2024-03-26T03:34:25.120+0000 7efebd3c2700 1 --2- 172.21.15.175:0/509460444 >> [v2:172.21.15.175:3300/0,v1:172.21.15.175:6789/0] conn(0x7efeb807c740 0x7efeb807abf0 unknown :-1 s=CLOSED pgs=43 cs=0 l=1 rev1=1 crypto rx=0 tx=0 comp rx=0 tx=0).stop
2024-03-26T03:34:26.035 INFO:teuthology.orchestra.run.smithi175.stdout:/usr/bin/ceph: stderr
2024-03-26T03:34:25.120+0000 7efebd3c2700 1 -- 172.21.15.175:0/509460444 >> 172.21.15.175:0/509460444 conn(0x7efeb8101980 msgr2=0x7efeb8103e00 unknown :-1 s=STATE_NONE l=0).mark_down
2024-03-26T03:34:26.035 INFO:teuthology.orchestra.run.smithi175.stdout:/usr/bin/ceph: stderr
2024-03-26T03:34:25.120+0000 7efebd3c2700 1 -- 172.21.15.175:0/509460444 shutdown_connections
2024-03-26T03:34:26.035 INFO:teuthology.orchestra.run.smithi175.stdout:/usr/bin/ceph: stderr
2024-03-26T03:34:25.120+0000 7efebd3c2700 1 -- 172.21.15.175:0/509460444 wait complete.
2024-03-26T03:34:26.035 INFO:teuthology.orchestra.run.smithi175.stdout:/usr/bin/ceph: stderr
2024-03-26T03:34:25.120+0000 7efebd3c2700 1 Processor -- start
2024-03-26T03:34:26.035 INFO:teuthology.orchestra.run.smithi175.stdout:/usr/bin/ceph: stderr
2024-03-26T03:34:25.120+0000 7efebd3c2700 1 -- start start
2024-03-26T03:34:26.035 INFO:teuthology.orchestra.run.smithi175.stdout:/usr/bin/ceph: stderr
2024-03-26T03:34:25.120+0000 7efebd3c2700 1 --2- >> [v2:172.21.15.175:3300/0,v1:172.21.15.175:6789/0] conn(0x7efeb807c740 0x7efeb819c6a0 unknown :-1 s=NONE pgs=0 cs=0 l=1 rev1=0 crypto rx=0 tx=0 comp rx=0 tx=0).connect
2024-03-26T03:34:26.035 INFO:teuthology.orchestra.run.smithi175.stdout:/usr/bin/ceph: stderr
2024-03-26T03:34:25.120+0000 7efebd3c2700 1 -- --> [v2:172.21.15.175:3300/0,v1:172.21.15.175:6789/0] -- mon_getmap magic: 0 -- 0x7efeb810c8d0 con 0x7efeb807c740
2024-03-26T03:34:26.035 INFO:teuthology.orchestra.run.smithi175.stdout:/usr/bin/ceph: stderr
2024-03-26T03:34:25.120+0000 7efeb6ffd700 1 --2- >> [v2:172.21.15.175:3300/0,v1:172.21.15.175:6789/0] conn(0x7efeb807c740 0x7efeb819c6a0 unknown :-1 s=BANNER_CONNECTING pgs=0 cs=0 l=1 rev1=0 crypto rx=0 tx=0 comp rx=0 tx=0)._handle_peer_banner_payload supported=3 required=0
2024-03-26T03:34:26.035 INFO:teuthology.orchestra.run.smithi175.stdout:/usr/bin/ceph: stderr
2024-03-26T03:34:25.120+0000 7efeb6ffd700 1 --2- >> [v2:172.21.15.175:3300/0,v1:172.21.15.175:6789/0] conn(0x7efeb807c740 0x7efeb819c6a0 unknown :-1 s=HELLO_CONNECTING pgs=0 cs=0 l=1 rev1=1 crypto rx=0 tx=0 comp rx=0 tx=0).handle_hello peer v2:172.21.15.175:3300/0 says I am v2:172.21.15.175:44122/0 (socket says 172.21.15.175:44122)
2024-03-26T03:34:26.036 INFO:teuthology.orchestra.run.smithi175.stdout:/usr/bin/ceph: stderr
2024-03-26T03:34:25.120+0000 7efeb6ffd700 1 -- 172.21.15.175:0/2531108756 learned_addr learned my addr 172.21.15.175:0/2531108756 (peer_addr_for_me v2:172.21.15.175:0/0)
2024-03-26T03:34:26.036 INFO:teuthology.orchestra.run.smithi175.stdout:/usr/bin/ceph: stderr
2024-03-26T03:34:25.120+0000 7efeb6ffd700 1 -- 172.21.15.175:0/2531108756 --> [v2:172.21.15.175:3300/0,v1:172.21.15.175:6789/0] -- mon_subscribe({config=0+,monmap=0+}) -- 0x7efeb819cbe0 con 0x7efeb807c740
2024-03-26T03:34:26.036 INFO:teuthology.orchestra.run.smithi175.stdout:/usr/bin/ceph: stderr
2024-03-26T03:34:25.124+0000 7efeb6ffd700 1 --2- 172.21.15.175:0/2531108756 >> [v2:172.21.15.175:3300/0,v1:172.21.15.175:6789/0] conn(0x7efeb807c740 0x7efeb819c6a0 secure :-1 s=READY pgs=44 cs=0 l=1 rev1=1 crypto rx=0x7efea8011910 tx=0x7efea80119f0 comp rx=0 tx=0).ready entity=mon.0 client_cookie=0 server_cookie=0 in_seq=0 out_seq=0
2024-03-26T03:34:26.036 INFO:teuthology.orchestra.run.smithi175.stdout:/usr/bin/ceph: stderr
2024-03-26T03:34:25.124+0000 7efeb4ff9700 1 -- 172.21.15.175:0/2531108756 <== mon.0 v2:172.21.15.175:3300/0 1 ==== mon_map magic: 0 ==== 205+0+0 (secure 0 0 0) 0x7efea8003ac0 con 0x7efeb807c740
2024-03-26T03:34:26.036 INFO:teuthology.orchestra.run.smithi175.stdout:/usr/bin/ceph: stderr
2024-03-26T03:34:25.124+0000 7efeb4ff9700 1 -- 172.21.15.175:0/2531108756 <== mon.0 v2:172.21.15.175:3300/0 2 ==== config(24 keys) ==== 1011+0+0 (secure 0 0 0) 0x7efea801a890 con 0x7efeb807c740
2024-03-26T03:34:26.036 INFO:teuthology.orchestra.run.smithi175.stdout:/usr/bin/ceph: stderr
2024-03-26T03:34:25.124+0000 7efebd3c2700 1 -- 172.21.15.175:0/2531108756 --> [v2:172.21.15.175:3300/0,v1:172.21.15.175:6789/0] -- mon_subscribe({mgrmap=0+}) -- 0x7efeb819ce70 con 0x7efeb807c740
2024-03-26T03:34:26.036 INFO:teuthology.orchestra.run.smithi175.stdout:/usr/bin/ceph: stderr
2024-03-26T03:34:25.124+0000 7efeb4ff9700 1 -- 172.21.15.175:0/2531108756 <== mon.0 v2:172.21.15.175:3300/0 3 ==== mon_map magic: 0 ==== 205+0+0 (secure 0 0 0) 0x7efea80197a0 con 0x7efeb807c740
2024-03-26T03:34:26.036 INFO:teuthology.orchestra.run.smithi175.stdout:/usr/bin/ceph: stderr
2024-03-26T03:34:25.124+0000 7efebd3c2700 1 -- 172.21.15.175:0/2531108756 --> [v2:172.21.15.175:3300/0,v1:172.21.15.175:6789/0] -- mon_subscribe({osdmap=0}) -- 0x7efeb819fb60 con 0x7efeb807c740
2024-03-26T03:34:26.036 INFO:teuthology.orchestra.run.smithi175.stdout:/usr/bin/ceph: stderr
2024-03-26T03:34:25.124+0000 7efeb4ff9700 1 -- 172.21.15.175:0/2531108756 <== mon.0 v2:172.21.15.175:3300/0 4 ==== mgrmap(e 8) ==== 46466+0+0 (secure 0 0 0) 0x7efea801a430 con 0x7efeb807c740
2024-03-26T03:34:26.036 INFO:teuthology.orchestra.run.smithi175.stdout:/usr/bin/ceph: stderr
2024-03-26T03:34:25.124+0000 7efebd3c2700 1 -- 172.21.15.175:0/2531108756 --> [v2:172.21.15.175:3300/0,v1:172.21.15.175:6789/0] -- mon_command({"prefix": "get_command_descriptions"} v 0) -- 0x7efeb8063c70 con 0x7efeb807c740
2024-03-26T03:34:26.036 INFO:teuthology.orchestra.run.smithi175.stdout:/usr/bin/ceph: stderr
2024-03-26T03:34:25.124+0000 7efeb4ff9700 1 --2- 172.21.15.175:0/2531108756 >> [v2:172.21.15.175:6800/712246762,v1:172.21.15.175:6801/712246762] conn(0x7efea40394e0 0x7efea403b9a0 unknown :-1 s=NONE pgs=0 cs=0 l=1 rev1=0 crypto rx=0 tx=0 comp rx=0 tx=0).connect
2024-03-26T03:34:26.037 INFO:teuthology.orchestra.run.smithi175.stdout:/usr/bin/ceph: stderr
2024-03-26T03:34:25.124+0000 7efeb4ff9700 1 -- 172.21.15.175:0/2531108756 <== mon.0 v2:172.21.15.175:3300/0 5 ==== osd_map(2..2 src has 1..2) ==== 940+0+0 (secure 0 0 0) 0x7efea804d940 con 0x7efeb807c740
2024-03-26T03:34:26.037 INFO:teuthology.orchestra.run.smithi175.stdout:/usr/bin/ceph: stderr
2024-03-26T03:34:25.124+0000 7efeaffff700 1 --2- 172.21.15.175:0/2531108756 >> [v2:172.21.15.175:6800/712246762,v1:172.21.15.175:6801/712246762] conn(0x7efea40394e0 0x7efea403b9a0 unknown :-1 s=BANNER_CONNECTING pgs=0 cs=0 l=1 rev1=0 crypto rx=0 tx=0 comp rx=0 tx=0)._handle_peer_banner_payload supported=3 required=0
2024-03-26T03:34:26.037 INFO:teuthology.orchestra.run.smithi175.stdout:/usr/bin/ceph: stderr
2024-03-26T03:34:25.124+0000 7efeaffff700 1 --2- 172.21.15.175:0/2531108756 >> [v2:172.21.15.175:6800/712246762,v1:172.21.15.175:6801/712246762] conn(0x7efea40394e0 0x7efea403b9a0 secure :-1 s=READY pgs=10 cs=0 l=1 rev1=1 crypto rx=0x7efea0006fd0 tx=0x7efea0006e40 comp rx=0 tx=0).ready entity=mgr.14120 client_cookie=0 server_cookie=0 in_seq=0 out_seq=0
2024-03-26T03:34:26.037 INFO:teuthology.orchestra.run.smithi175.stdout:/usr/bin/ceph: stderr
2024-03-26T03:34:25.128+0000 7efeb4ff9700 1 -- 172.21.15.175:0/2531108756 <== mon.0 v2:172.21.15.175:3300/0 6 ==== mon_command_ack([{"prefix": "get_command_descriptions"}]=0 v0) ==== 72+0+187543 (secure 0 0 0) 0x7efea801ad90 con 0x7efeb807c740
2024-03-26T03:34:26.037 INFO:teuthology.orchestra.run.smithi175.stdout:/usr/bin/ceph: stderr
2024-03-26T03:34:25.492+0000 7efebd3c2700 1 -- 172.21.15.175:0/2531108756 --> [v2:172.21.15.175:6800/712246762,v1:172.21.15.175:6801/712246762] -- mgr_command(tid 0: {"prefix": "cephadm get-pub-key", "target": ["mon-mgr", ""]}) -- 0x7efeb806be50 con 0x7efea40394e0
2024-03-26T03:34:26.037 INFO:teuthology.orchestra.run.smithi175.stdout:/usr/bin/ceph: stderr
2024-03-26T03:34:25.492+0000 7efeb4ff9700 1 -- 172.21.15.175:0/2531108756 <== mgr.14120 v2:172.21.15.175:6800/712246762 1 ==== mgr_command_reply(tid 0: 0 ) ==== 8+0+595 (secure 0 0 0) 0x7efeb806be50 con 0x7efea40394e0
2024-03-26T03:34:26.037 INFO:teuthology.orchestra.run.smithi175.stdout:/usr/bin/ceph: stderr
2024-03-26T03:34:25.496+0000 7efebd3c2700 1 -- 172.21.15.175:0/2531108756 >> [v2:172.21.15.175:6800/712246762,v1:172.21.15.175:6801/712246762] conn(0x7efea40394e0 msgr2=0x7efea403b9a0 secure :-1 s=STATE_CONNECTION_ESTABLISHED l=1).mark_down
2024-03-26T03:34:26.037 INFO:teuthology.orchestra.run.smithi175.stdout:/usr/bin/ceph: stderr
2024-03-26T03:34:25.496+0000 7efebd3c2700 1 --2- 172.21.15.175:0/2531108756 >> [v2:172.21.15.175:6800/712246762,v1:172.21.15.175:6801/712246762] conn(0x7efea40394e0 0x7efea403b9a0 secure :-1 s=READY pgs=10 cs=0 l=1 rev1=1 crypto rx=0x7efea0006fd0 tx=0x7efea0006e40 comp rx=0 tx=0).stop
2024-03-26T03:34:26.037 INFO:teuthology.orchestra.run.smithi175.stdout:/usr/bin/ceph: stderr
2024-03-26T03:34:25.496+0000 7efebd3c2700 1 -- 172.21.15.175:0/2531108756 >> [v2:172.21.15.175:3300/0,v1:172.21.15.175:6789/0] conn(0x7efeb807c740 msgr2=0x7efeb819c6a0 secure :-1 s=STATE_CONNECTION_ESTABLISHED l=1).mark_down
2024-03-26T03:34:26.037 INFO:teuthology.orchestra.run.smithi175.stdout:/usr/bin/ceph: stderr
2024-03-26T03:34:25.496+0000 7efebd3c2700 1 --2- 172.21.15.175:0/2531108756 >> [v2:172.21.15.175:3300/0,v1:172.21.15.175:6789/0] conn(0x7efeb807c740 0x7efeb819c6a0 secure :-1 s=READY pgs=44 cs=0 l=1 rev1=1 crypto rx=0x7efea8011910 tx=0x7efea80119f0 comp rx=0 tx=0).stop
2024-03-26T03:34:26.037 INFO:teuthology.orchestra.run.smithi175.stdout:/usr/bin/ceph: stderr
2024-03-26T03:34:25.496+0000 7efebd3c2700 1 -- 172.21.15.175:0/2531108756 shutdown_connections
2024-03-26T03:34:26.037 INFO:teuthology.orchestra.run.smithi175.stdout:/usr/bin/ceph: stderr
2024-03-26T03:34:25.496+0000 7efebd3c2700 1 --2- 172.21.15.175:0/2531108756 >> [v2:172.21.15.175:6800/712246762,v1:172.21.15.175:6801/712246762] conn(0x7efea40394e0 0x7efea403b9a0 unknown :-1 s=CLOSED pgs=10 cs=0 l=1 rev1=1 crypto rx=0 tx=0 comp rx=0 tx=0).stop
2024-03-26T03:34:26.038 INFO:teuthology.orchestra.run.smithi175.stdout:/usr/bin/ceph: stderr
2024-03-26T03:34:25.496+0000 7efebd3c2700 1 --2- 172.21.15.175:0/2531108756 >> [v2:172.21.15.175:3300/0,v1:172.21.15.175:6789/0] conn(0x7efeb807c740 0x7efeb819c6a0 unknown :-1 s=CLOSED pgs=44 cs=0 l=1 rev1=1 crypto rx=0 tx=0 comp rx=0 tx=0).stop
2024-03-26T03:34:26.038 INFO:teuthology.orchestra.run.smithi175.stdout:/usr/bin/ceph: stderr
2024-03-26T03:34:25.496+0000 7efebd3c2700 1 -- 172.21.15.175:0/2531108756 >> 172.21.15.175:0/2531108756 conn(0x7efeb8101980 msgr2=0x7efeb8102580 unknown :-1 s=STATE_NONE l=0).mark_down
2024-03-26T03:34:26.038 INFO:teuthology.orchestra.run.smithi175.stdout:/usr/bin/ceph: stderr
2024-03-26T03:34:25.496+0000 7efebd3c2700 1 -- 172.21.15.175:0/2531108756 shutdown_connections
2024-03-26T03:34:26.038 INFO:teuthology.orchestra.run.smithi175.stdout:/usr/bin/ceph: stderr
2024-03-26T03:34:25.496+0000 7efebd3c2700 1 -- 172.21.15.175:0/2531108756 wait complete.
2024-03-26T03:34:26.038 INFO:teuthology.orchestra.run.smithi175.stdout:Wrote public SSH key to /home/ubuntu/cephtest/ceph.pub
2024-03-26T03:34:26.038 INFO:teuthology.orchestra.run.smithi175.stdout:Adding key to root@localhost authorized_keys...
2024-03-26T03:34:26.038 INFO:teuthology.orchestra.run.smithi175.stdout:Adding host smithi175...
2024-03-26T03:34:26.245 INFO:journalctl@ceph.mon.a.smithi175.stdout:Mar 26 03:34:25 smithi175 bash[21527]: audit
2024-03-26T03:34:25.496435+0000 mgr.y (mgr.14120) 12 : audit [DBG] from='client.14138 -' entity='client.admin' cmd=[{"prefix": "cephadm get-pub-key", "target": ["mon-mgr", ""]}]: dispatch
2024-03-26T03:34:28.229 INFO:journalctl@ceph.mon.a.smithi175.stdout:Mar 26 03:34:27 smithi175 bash[21527]: audit
2024-03-26T03:34:27.343609+0000 mgr.y (mgr.14120) 13 : audit [DBG] from='client.14140 -' entity='client.admin' cmd=[{"prefix": "orch host add", "hostname": "smithi175", "addr": "172.21.15.175", "target": ["mon-mgr", ""]}]: dispatch
2024-03-26T03:34:29.245 INFO:journalctl@ceph.mon.a.smithi175.stdout:Mar 26 03:34:28 smithi175 bash[21527]: cephadm
2024-03-26T03:34:27.920963+0000 mgr.y (mgr.14120) 14 : cephadm [INF] Deploying cephadm binary to smithi175
2024-03-26T03:34:33.579 INFO:teuthology.orchestra.run.smithi175.stdout:/usr/bin/ceph: stdout Added host 'smithi175' with addr '172.21.15.175'
2024-03-26T03:34:33.579 INFO:teuthology.orchestra.run.smithi175.stdout:/usr/bin/ceph: stderr
2024-03-26T03:34:26.952+0000 7f35dab86700 1 Processor -- start
2024-03-26T03:34:33.579 INFO:teuthology.orchestra.run.smithi175.stdout:/usr/bin/ceph: stderr
2024-03-26T03:34:26.952+0000 7f35dab86700 1 -- start start
2024-03-26T03:34:33.579 INFO:teuthology.orchestra.run.smithi175.stdout:/usr/bin/ceph: stderr
2024-03-26T03:34:26.952+0000 7f35dab86700 1 --2- >> [v2:172.21.15.175:3300/0,v1:172.21.15.175:6789/0] conn(0x7f35d4106460 0x7f35d4106880 unknown :-1 s=NONE pgs=0 cs=0 l=0 rev1=0 crypto rx=0 tx=0 comp rx=0 tx=0).connect
2024-03-26T03:34:33.579 INFO:teuthology.orchestra.run.smithi175.stdout:/usr/bin/ceph: stderr
2024-03-26T03:34:26.952+0000 7f35dab86700 1 -- --> [v2:172.21.15.175:3300/0,v1:172.21.15.175:6789/0] -- mon_getmap magic: 0 -- 0x7f35d4106e50 con 0x7f35d4106460
2024-03-26T03:34:33.579 INFO:teuthology.orchestra.run.smithi175.stdout:/usr/bin/ceph: stderr
2024-03-26T03:34:26.952+0000 7f35d8922700 1 --2- >> [v2:172.21.15.175:3300/0,v1:172.21.15.175:6789/0] conn(0x7f35d4106460 0x7f35d4106880 unknown :-1 s=BANNER_CONNECTING pgs=0 cs=0 l=0 rev1=0 crypto rx=0 tx=0 comp rx=0 tx=0)._handle_peer_banner_payload supported=3 required=0
2024-03-26T03:34:33.579 INFO:teuthology.orchestra.run.smithi175.stdout:/usr/bin/ceph: stderr
2024-03-26T03:34:26.952+0000 7f35d8922700 1 --2- >> [v2:172.21.15.175:3300/0,v1:172.21.15.175:6789/0] conn(0x7f35d4106460 0x7f35d4106880 unknown :-1 s=HELLO_CONNECTING pgs=0 cs=0 l=0 rev1=1 crypto rx=0 tx=0 comp rx=0 tx=0).handle_hello peer v2:172.21.15.175:3300/0 says I am v2:172.21.15.175:44124/0 (socket says 172.21.15.175:44124)
2024-03-26T03:34:33.579 INFO:teuthology.orchestra.run.smithi175.stdout:/usr/bin/ceph: stderr
2024-03-26T03:34:26.952+0000 7f35d8922700 1 -- 172.21.15.175:0/1055065718 learned_addr learned my addr 172.21.15.175:0/1055065718 (peer_addr_for_me v2:172.21.15.175:0/0)
2024-03-26T03:34:33.579 INFO:teuthology.orchestra.run.smithi175.stdout:/usr/bin/ceph: stderr
2024-03-26T03:34:26.952+0000 7f35d8922700 1 -- 172.21.15.175:0/1055065718 --> [v2:172.21.15.175:3300/0,v1:172.21.15.175:6789/0] -- mon_subscribe({config=0+,monmap=0+}) -- 0x7f35d41075c0 con 0x7f35d4106460
2024-03-26T03:34:33.579 INFO:teuthology.orchestra.run.smithi175.stdout:/usr/bin/ceph: stderr
2024-03-26T03:34:26.952+0000 7f35d8922700 1 --2- 172.21.15.175:0/1055065718 >> [v2:172.21.15.175:3300/0,v1:172.21.15.175:6789/0] conn(0x7f35d4106460 0x7f35d4106880 secure :-1 s=READY pgs=45 cs=0 l=1 rev1=1 crypto rx=0x7f35c40098a0 tx=0x7f35c4009bb0 comp rx=0 tx=0).ready entity=mon.0 client_cookie=1e2ffeab4931c0b1 server_cookie=0 in_seq=0 out_seq=0
2024-03-26T03:34:33.579 INFO:teuthology.orchestra.run.smithi175.stdout:/usr/bin/ceph: stderr
2024-03-26T03:34:26.952+0000 7f35d37fe700 1 -- 172.21.15.175:0/1055065718 <== mon.0 v2:172.21.15.175:3300/0 1 ==== mon_map magic: 0 ==== 205+0+0 (secure 0 0 0) 0x7f35c4004160 con 0x7f35d4106460
2024-03-26T03:34:33.579 INFO:teuthology.orchestra.run.smithi175.stdout:/usr/bin/ceph: stderr
2024-03-26T03:34:26.952+0000 7f35d37fe700 1 -- 172.21.15.175:0/1055065718 <== mon.0 v2:172.21.15.175:3300/0 2 ==== config(24 keys) ==== 1011+0+0 (secure 0 0 0) 0x7f35c4004300 con 0x7f35d4106460
2024-03-26T03:34:33.580 INFO:teuthology.orchestra.run.smithi175.stdout:/usr/bin/ceph: stderr
2024-03-26T03:34:26.952+0000 7f35d37fe700 1 -- 172.21.15.175:0/1055065718 <== mon.0 v2:172.21.15.175:3300/0 3 ==== mon_map magic: 0 ==== 205+0+0 (secure 0 0 0) 0x7f35c4011940 con 0x7f35d4106460
2024-03-26T03:34:33.580 INFO:teuthology.orchestra.run.smithi175.stdout:/usr/bin/ceph: stderr
2024-03-26T03:34:26.952+0000 7f35dab86700 1 -- 172.21.15.175:0/1055065718 >> [v2:172.21.15.175:3300/0,v1:172.21.15.175:6789/0] conn(0x7f35d4106460 msgr2=0x7f35d4106880 secure :-1 s=STATE_CONNECTION_ESTABLISHED l=1).mark_down
2024-03-26T03:34:33.580 INFO:teuthology.orchestra.run.smithi175.stdout:/usr/bin/ceph: stderr
2024-03-26T03:34:26.952+0000 7f35dab86700 1 --2- 172.21.15.175:0/1055065718 >> [v2:172.21.15.175:3300/0,v1:172.21.15.175:6789/0] conn(0x7f35d4106460 0x7f35d4106880 secure :-1 s=READY pgs=45 cs=0 l=1 rev1=1 crypto rx=0x7f35c40098a0 tx=0x7f35c4009bb0 comp rx=0 tx=0).stop
2024-03-26T03:34:33.580 INFO:teuthology.orchestra.run.smithi175.stdout:/usr/bin/ceph: stderr
2024-03-26T03:34:26.952+0000 7f35dab86700 1 -- 172.21.15.175:0/1055065718 shutdown_connections
2024-03-26T03:34:33.580 INFO:teuthology.orchestra.run.smithi175.stdout:/usr/bin/ceph: stderr
2024-03-26T03:34:26.952+0000 7f35dab86700 1 --2- 172.21.15.175:0/1055065718 >> [v2:172.21.15.175:3300/0,v1:172.21.15.175:6789/0] conn(0x7f35d4106460 0x7f35d4106880 unknown :-1 s=CLOSED pgs=45 cs=0 l=1 rev1=1 crypto rx=0 tx=0 comp rx=0 tx=0).stop
2024-03-26T03:34:33.580 INFO:teuthology.orchestra.run.smithi175.stdout:/usr/bin/ceph: stderr
2024-03-26T03:34:26.952+0000 7f35dab86700 1 -- 172.21.15.175:0/1055065718 >> 172.21.15.175:0/1055065718 conn(0x7f35d4101a20 msgr2=0x7f35d4103e40 unknown :-1 s=STATE_NONE l=0).mark_down
2024-03-26T03:34:33.580 INFO:teuthology.orchestra.run.smithi175.stdout:/usr/bin/ceph: stderr
2024-03-26T03:34:26.952+0000 7f35dab86700 1 -- 172.21.15.175:0/1055065718 shutdown_connections
2024-03-26T03:34:33.580 INFO:teuthology.orchestra.run.smithi175.stdout:/usr/bin/ceph: stderr
2024-03-26T03:34:26.952+0000 7f35dab86700 1 -- 172.21.15.175:0/1055065718 wait complete.
2024-03-26T03:34:33.580 INFO:teuthology.orchestra.run.smithi175.stdout:/usr/bin/ceph: stderr
2024-03-26T03:34:26.956+0000 7f35dab86700 1 Processor -- start
2024-03-26T03:34:33.580 INFO:teuthology.orchestra.run.smithi175.stdout:/usr/bin/ceph: stderr
2024-03-26T03:34:26.956+0000 7f35dab86700 1 -- start start
2024-03-26T03:34:33.580 INFO:teuthology.orchestra.run.smithi175.stdout:/usr/bin/ceph: stderr
2024-03-26T03:34:26.956+0000 7f35dab86700 1 --2- >> [v2:172.21.15.175:3300/0,v1:172.21.15.175:6789/0] conn(0x7f35d4106460 0x7f35d419a5a0 unknown :-1 s=NONE pgs=0 cs=0 l=1 rev1=0 crypto rx=0 tx=0 comp rx=0 tx=0).connect
2024-03-26T03:34:33.580 INFO:teuthology.orchestra.run.smithi175.stdout:/usr/bin/ceph: stderr
2024-03-26T03:34:26.956+0000 7f35dab86700 1 -- --> [v2:172.21.15.175:3300/0,v1:172.21.15.175:6789/0] -- mon_getmap magic: 0 -- 0x7f35d410a7f0 con 0x7f35d4106460
2024-03-26T03:34:33.580 INFO:teuthology.orchestra.run.smithi175.stdout:/usr/bin/ceph: stderr
2024-03-26T03:34:26.956+0000 7f35d8922700 1 --2- >> [v2:172.21.15.175:3300/0,v1:172.21.15.175:6789/0] conn(0x7f35d4106460 0x7f35d419a5a0 unknown :-1 s=BANNER_CONNECTING pgs=0 cs=0 l=1 rev1=0 crypto rx=0 tx=0 comp rx=0 tx=0)._handle_peer_banner_payload supported=3 required=0
2024-03-26T03:34:33.580 INFO:teuthology.orchestra.run.smithi175.stdout:/usr/bin/ceph: stderr
2024-03-26T03:34:26.956+0000 7f35d8922700 1 --2- >> [v2:172.21.15.175:3300/0,v1:172.21.15.175:6789/0] conn(0x7f35d4106460 0x7f35d419a5a0 unknown :-1 s=HELLO_CONNECTING pgs=0 cs=0 l=1 rev1=1 crypto rx=0 tx=0 comp rx=0 tx=0).handle_hello peer v2:172.21.15.175:3300/0 says I am v2:172.21.15.175:44132/0 (socket says 172.21.15.175:44132)
2024-03-26T03:34:33.580 INFO:teuthology.orchestra.run.smithi175.stdout:/usr/bin/ceph: stderr
2024-03-26T03:34:26.956+0000 7f35d8922700 1 -- 172.21.15.175:0/2593837186 learned_addr learned my addr 172.21.15.175:0/2593837186 (peer_addr_for_me v2:172.21.15.175:0/0)
2024-03-26T03:34:33.580 INFO:teuthology.orchestra.run.smithi175.stdout:/usr/bin/ceph: stderr
2024-03-26T03:34:26.956+0000 7f35d8922700 1 -- 172.21.15.175:0/2593837186 --> [v2:172.21.15.175:3300/0,v1:172.21.15.175:6789/0] -- mon_subscribe({config=0+,monmap=0+}) -- 0x7f35d419aae0 con 0x7f35d4106460
2024-03-26T03:34:33.581 INFO:teuthology.orchestra.run.smithi175.stdout:/usr/bin/ceph: stderr
2024-03-26T03:34:26.956+0000 7f35d8922700 1 --2- 172.21.15.175:0/2593837186 >> [v2:172.21.15.175:3300/0,v1:172.21.15.175:6789/0] conn(0x7f35d4106460 0x7f35d419a5a0 secure :-1 s=READY pgs=46 cs=0 l=1 rev1=1 crypto rx=0x7f35c4011910 tx=0x7f35c40119f0 comp rx=0 tx=0).ready entity=mon.0 client_cookie=0 server_cookie=0 in_seq=0 out_seq=0
2024-03-26T03:34:33.581 INFO:teuthology.orchestra.run.smithi175.stdout:/usr/bin/ceph: stderr
2024-03-26T03:34:26.956+0000 7f35d1ffb700 1 -- 172.21.15.175:0/2593837186 <== mon.0 v2:172.21.15.175:3300/0 1 ==== mon_map magic: 0 ==== 205+0+0 (secure 0 0 0) 0x7f35c4003b20 con 0x7f35d4106460
2024-03-26T03:34:33.581 INFO:teuthology.orchestra.run.smithi175.stdout:/usr/bin/ceph: stderr
2024-03-26T03:34:26.956+0000 7f35d1ffb700 1 -- 172.21.15.175:0/2593837186 <== mon.0 v2:172.21.15.175:3300/0 2 ==== config(24 keys) ==== 1011+0+0 (secure 0 0 0) 0x7f35c401a890 con 0x7f35d4106460
2024-03-26T03:34:33.581 INFO:teuthology.orchestra.run.smithi175.stdout:/usr/bin/ceph: stderr
2024-03-26T03:34:26.956+0000 7f35d1ffb700 1 -- 172.21.15.175:0/2593837186 <== mon.0 v2:172.21.15.175:3300/0 3 ==== mon_map magic: 0 ==== 205+0+0 (secure 0 0 0) 0x7f35c40197f0 con 0x7f35d4106460
2024-03-26T03:34:33.581 INFO:teuthology.orchestra.run.smithi175.stdout:/usr/bin/ceph: stderr
2024-03-26T03:34:26.956+0000 7f35dab86700 1 -- 172.21.15.175:0/2593837186 --> [v2:172.21.15.175:3300/0,v1:172.21.15.175:6789/0] -- mon_subscribe({mgrmap=0+}) -- 0x7f35d419ad70 con 0x7f35d4106460
2024-03-26T03:34:33.581 INFO:teuthology.orchestra.run.smithi175.stdout:/usr/bin/ceph: stderr
2024-03-26T03:34:26.956+0000 7f35dab86700 1 -- 172.21.15.175:0/2593837186 --> [v2:172.21.15.175:3300/0,v1:172.21.15.175:6789/0] -- mon_subscribe({osdmap=0}) -- 0x7f35d419d9c0 con 0x7f35d4106460
2024-03-26T03:34:33.581 INFO:teuthology.orchestra.run.smithi175.stdout:/usr/bin/ceph: stderr
2024-03-26T03:34:26.956+0000 7f35d1ffb700 1 -- 172.21.15.175:0/2593837186 <== mon.0 v2:172.21.15.175:3300/0 4 ==== mgrmap(e 8) ==== 46466+0+0 (secure 0 0 0) 0x7f35c4022020 con 0x7f35d4106460
2024-03-26T03:34:33.581 INFO:teuthology.orchestra.run.smithi175.stdout:/usr/bin/ceph: stderr
2024-03-26T03:34:26.956+0000 7f35dab86700 1 -- 172.21.15.175:0/2593837186 --> [v2:172.21.15.175:3300/0,v1:172.21.15.175:6789/0] -- mon_command({"prefix": "get_command_descriptions"} v 0) -- 0x7f35d410a970 con 0x7f35d4106460
2024-03-26T03:34:33.581 INFO:teuthology.orchestra.run.smithi175.stdout:/usr/bin/ceph: stderr
2024-03-26T03:34:26.956+0000 7f35d1ffb700 1 --2- 172.21.15.175:0/2593837186 >> [v2:172.21.15.175:6800/712246762,v1:172.21.15.175:6801/712246762] conn(0x7f35b4039490 0x7f35b403b950 unknown :-1 s=NONE pgs=0 cs=0 l=1 rev1=0 crypto rx=0 tx=0 comp rx=0 tx=0).connect
2024-03-26T03:34:33.581 INFO:teuthology.orchestra.run.smithi175.stdout:/usr/bin/ceph: stderr
2024-03-26T03:34:26.956+0000 7f35d1ffb700 1 -- 172.21.15.175:0/2593837186 <== mon.0 v2:172.21.15.175:3300/0 5 ==== osd_map(2..2 src has 1..2) ==== 940+0+0 (secure 0 0 0) 0x7f35c404d680 con 0x7f35d4106460
2024-03-26T03:34:33.581 INFO:teuthology.orchestra.run.smithi175.stdout:/usr/bin/ceph: stderr
2024-03-26T03:34:26.956+0000 7f35d3fff700 1 --2- 172.21.15.175:0/2593837186 >> [v2:172.21.15.175:6800/712246762,v1:172.21.15.175:6801/712246762] conn(0x7f35b4039490 0x7f35b403b950 unknown :-1 s=BANNER_CONNECTING pgs=0 cs=0 l=1 rev1=0 crypto rx=0 tx=0 comp rx=0 tx=0)._handle_peer_banner_payload supported=3 required=0
2024-03-26T03:34:33.581 INFO:teuthology.orchestra.run.smithi175.stdout:/usr/bin/ceph: stderr
2024-03-26T03:34:26.956+0000 7f35d3fff700 1 --2- 172.21.15.175:0/2593837186 >> [v2:172.21.15.175:6800/712246762,v1:172.21.15.175:6801/712246762] conn(0x7f35b4039490 0x7f35b403b950 secure :-1 s=READY pgs=11 cs=0 l=1 rev1=1 crypto rx=0x7f35bc006fd0 tx=0x7f35bc006e40 comp rx=0 tx=0).ready entity=mgr.14120 client_cookie=0 server_cookie=0 in_seq=0 out_seq=0
2024-03-26T03:34:33.581 INFO:teuthology.orchestra.run.smithi175.stdout:/usr/bin/ceph: stderr
2024-03-26T03:34:26.964+0000 7f35d1ffb700 1 -- 172.21.15.175:0/2593837186 <== mon.0 v2:172.21.15.175:3300/0 6 ==== mon_command_ack([{"prefix": "get_command_descriptions"}]=0 v0) ==== 72+0+187543 (secure 0 0 0) 0x7f35c40172b0 con 0x7f35d4106460
2024-03-26T03:34:33.581 INFO:teuthology.orchestra.run.smithi175.stdout:/usr/bin/ceph: stderr
2024-03-26T03:34:27.336+0000 7f35dab86700 1 -- 172.21.15.175:0/2593837186 --> [v2:172.21.15.175:6800/712246762,v1:172.21.15.175:6801/712246762] -- mgr_command(tid 0: {"prefix": "orch host add", "hostname": "smithi175", "addr": "172.21.15.175", "target": ["mon-mgr", ""]}) -- 0x7f35d406be20 con 0x7f35b4039490
2024-03-26T03:34:33.583 INFO:teuthology.orchestra.run.smithi175.stdout:/usr/bin/ceph: stderr
