2024-04-16T13:35:14.401+0000 7f2eca00c700 1 --2- 172.21.15.22:0/957118387 >> [v2:172.21.15.22:3300/0,v1:172.21.15.22:6789/0] conn(0x7f2ec4102980 0x7f2ec4102d90 secure :-1 s=READY pgs=22 cs=0 l=1 rev1=1 crypto rx=0x7f2eb4009e50 tx=0x7f2eb4009840 comp rx=0 tx=0).stop
2024-04-16T13:35:15.266 INFO:teuthology.orchestra.run.smithi022.stdout:/usr/bin/ceph: stderr
2024-04-16T13:35:14.401+0000 7f2eca00c700 1 -- 172.21.15.22:0/957118387 shutdown_connections
2024-04-16T13:35:15.266 INFO:teuthology.orchestra.run.smithi022.stdout:/usr/bin/ceph: stderr
2024-04-16T13:35:14.401+0000 7f2eca00c700 1 --2- 172.21.15.22:0/957118387 >> [v2:172.21.15.22:3300/0,v1:172.21.15.22:6789/0] conn(0x7f2ec4102980 0x7f2ec4102d90 unknown :-1 s=CLOSED pgs=22 cs=0 l=1 rev1=1 crypto rx=0 tx=0 comp rx=0 tx=0).stop
2024-04-16T13:35:15.266 INFO:teuthology.orchestra.run.smithi022.stdout:/usr/bin/ceph: stderr
2024-04-16T13:35:14.401+0000 7f2eca00c700 1 -- 172.21.15.22:0/957118387 >> 172.21.15.22:0/957118387 conn(0x7f2ec40fe0e0 msgr2=0x7f2ec4100510 unknown :-1 s=STATE_NONE l=0).mark_down
2024-04-16T13:35:15.266 INFO:teuthology.orchestra.run.smithi022.stdout:/usr/bin/ceph: stderr
2024-04-16T13:35:14.401+0000 7f2eca00c700 1 -- 172.21.15.22:0/957118387 shutdown_connections
2024-04-16T13:35:15.266 INFO:teuthology.orchestra.run.smithi022.stdout:/usr/bin/ceph: stderr
2024-04-16T13:35:14.401+0000 7f2eca00c700 1 -- 172.21.15.22:0/957118387 wait complete.
2024-04-16T13:35:15.266 INFO:teuthology.orchestra.run.smithi022.stdout:/usr/bin/ceph: stderr
2024-04-16T13:35:14.401+0000 7f2eca00c700 1 Processor -- start
2024-04-16T13:35:15.266 INFO:teuthology.orchestra.run.smithi022.stdout:/usr/bin/ceph: stderr
2024-04-16T13:35:14.402+0000 7f2eca00c700 1 -- start start
2024-04-16T13:35:15.266 INFO:teuthology.orchestra.run.smithi022.stdout:/usr/bin/ceph: stderr
2024-04-16T13:35:14.402+0000 7f2eca00c700 1 --2- >> [v2:172.21.15.22:3300/0,v1:172.21.15.22:6789/0] conn(0x7f2ec4102980 0x7f2ec4111770 unknown :-1 s=NONE pgs=0 cs=0 l=1 rev1=0 crypto rx=0 tx=0 comp rx=0 tx=0).connect
2024-04-16T13:35:15.266 INFO:teuthology.orchestra.run.smithi022.stdout:/usr/bin/ceph: stderr
2024-04-16T13:35:14.402+0000 7f2eca00c700 1 -- --> [v2:172.21.15.22:3300/0,v1:172.21.15.22:6789/0] -- mon_getmap magic: 0 v1 -- 0x7f2ec4111cb0 con 0x7f2ec4102980
2024-04-16T13:35:15.266 INFO:teuthology.orchestra.run.smithi022.stdout:/usr/bin/ceph: stderr
2024-04-16T13:35:14.402+0000 7f2ec37fe700 1 --2- >> [v2:172.21.15.22:3300/0,v1:172.21.15.22:6789/0] conn(0x7f2ec4102980 0x7f2ec4111770 unknown :-1 s=BANNER_CONNECTING pgs=0 cs=0 l=1 rev1=0 crypto rx=0 tx=0 comp rx=0 tx=0)._handle_peer_banner_payload supported=3 required=0
2024-04-16T13:35:15.266 INFO:teuthology.orchestra.run.smithi022.stdout:/usr/bin/ceph: stderr
2024-04-16T13:35:14.402+0000 7f2ec37fe700 1 --2- >> [v2:172.21.15.22:3300/0,v1:172.21.15.22:6789/0] conn(0x7f2ec4102980 0x7f2ec4111770 unknown :-1 s=HELLO_CONNECTING pgs=0 cs=0 l=1 rev1=1 crypto rx=0 tx=0 comp rx=0 tx=0).handle_hello peer v2:172.21.15.22:3300/0 says I am v2:172.21.15.22:45132/0 (socket says 172.21.15.22:45132)
2024-04-16T13:35:15.266 INFO:teuthology.orchestra.run.smithi022.stdout:/usr/bin/ceph: stderr
2024-04-16T13:35:14.402+0000 7f2ec37fe700 1 -- 172.21.15.22:0/928400523 learned_addr learned my addr 172.21.15.22:0/928400523 (peer_addr_for_me v2:172.21.15.22:0/0)
2024-04-16T13:35:15.267 INFO:teuthology.orchestra.run.smithi022.stdout:/usr/bin/ceph: stderr
2024-04-16T13:35:14.402+0000 7f2ec37fe700 1 -- 172.21.15.22:0/928400523 --> [v2:172.21.15.22:3300/0,v1:172.21.15.22:6789/0] -- mon_subscribe({config=0+,monmap=0+}) v3 -- 0x7f2eb4009ae0 con 0x7f2ec4102980
2024-04-16T13:35:15.267 INFO:teuthology.orchestra.run.smithi022.stdout:/usr/bin/ceph: stderr
2024-04-16T13:35:14.402+0000 7f2ec37fe700 1 --2- 172.21.15.22:0/928400523 >> [v2:172.21.15.22:3300/0,v1:172.21.15.22:6789/0] conn(0x7f2ec4102980 0x7f2ec4111770 secure :-1 s=READY pgs=23 cs=0 l=1 rev1=1 crypto rx=0x7f2eb4012da0 tx=0x7f2eb4009840 comp rx=0 tx=0).ready entity=mon.0 client_cookie=0 server_cookie=0 in_seq=0 out_seq=0
2024-04-16T13:35:15.267 INFO:teuthology.orchestra.run.smithi022.stdout:/usr/bin/ceph: stderr
2024-04-16T13:35:14.403+0000 7f2ebbfff700 1 -- 172.21.15.22:0/928400523 <== mon.0 v2:172.21.15.22:3300/0 1 ==== mon_map magic: 0 v1 ==== 229+0+0 (secure 0 0 0) 0x7f2eb40092e0 con 0x7f2ec4102980
2024-04-16T13:35:15.267 INFO:teuthology.orchestra.run.smithi022.stdout:/usr/bin/ceph: stderr
2024-04-16T13:35:14.403+0000 7f2eca00c700 1 -- 172.21.15.22:0/928400523 --> [v2:172.21.15.22:3300/0,v1:172.21.15.22:6789/0] -- mon_subscribe({mgrmap=0+}) v3 -- 0x7f2ec4111eb0 con 0x7f2ec4102980
2024-04-16T13:35:15.267 INFO:teuthology.orchestra.run.smithi022.stdout:/usr/bin/ceph: stderr
2024-04-16T13:35:14.403+0000 7f2ebbfff700 1 -- 172.21.15.22:0/928400523 <== mon.0 v2:172.21.15.22:3300/0 2 ==== config(27 keys) v1 ==== 1044+0+0 (secure 0 0 0) 0x7f2eb4007d10 con 0x7f2ec4102980
2024-04-16T13:35:15.267 INFO:teuthology.orchestra.run.smithi022.stdout:/usr/bin/ceph: stderr
2024-04-16T13:35:14.403+0000 7f2ebbfff700 1 -- 172.21.15.22:0/928400523 <== mon.0 v2:172.21.15.22:3300/0 3 ==== mon_map magic: 0 v1 ==== 229+0+0 (secure 0 0 0) 0x7f2eb401c9b0 con 0x7f2ec4102980
2024-04-16T13:35:15.267 INFO:teuthology.orchestra.run.smithi022.stdout:/usr/bin/ceph: stderr
2024-04-16T13:35:14.403+0000 7f2eca00c700 1 -- 172.21.15.22:0/928400523 --> [v2:172.21.15.22:3300/0,v1:172.21.15.22:6789/0] -- mon_subscribe({osdmap=0}) v3 -- 0x7f2ec4112a20 con 0x7f2ec4102980
2024-04-16T13:35:15.267 INFO:teuthology.orchestra.run.smithi022.stdout:/usr/bin/ceph: stderr
2024-04-16T13:35:14.404+0000 7f2ebbfff700 1 -- 172.21.15.22:0/928400523 <== mon.0 v2:172.21.15.22:3300/0 4 ==== mgrmap(e 4) v1 ==== 43365+0+0 (secure 0 0 0) 0x7f2eb4019070 con 0x7f2ec4102980
2024-04-16T13:35:15.267 INFO:teuthology.orchestra.run.smithi022.stdout:/usr/bin/ceph: stderr
2024-04-16T13:35:14.404+0000 7f2eca00c700 1 -- 172.21.15.22:0/928400523 --> [v2:172.21.15.22:3300/0,v1:172.21.15.22:6789/0] -- mon_command({"prefix": "get_command_descriptions"} v 0) v1 -- 0x7f2ec405f5f0 con 0x7f2ec4102980
2024-04-16T13:35:15.267 INFO:teuthology.orchestra.run.smithi022.stdout:/usr/bin/ceph: stderr
2024-04-16T13:35:14.404+0000 7f2ebbfff700 1 --2- 172.21.15.22:0/928400523 >> [v2:172.21.15.22:6800/3806329198,v1:172.21.15.22:6801/3806329198] conn(0x7f2eb0036740 0x7f2eb0038bf0 unknown :-1 s=NONE pgs=0 cs=0 l=1 rev1=0 crypto rx=0 tx=0 comp rx=0 tx=0).connect
2024-04-16T13:35:15.267 INFO:teuthology.orchestra.run.smithi022.stdout:/usr/bin/ceph: stderr
2024-04-16T13:35:14.404+0000 7f2ebbfff700 1 -- 172.21.15.22:0/928400523 <== mon.0 v2:172.21.15.22:3300/0 5 ==== osd_map(1..1 src has 1..1) v4 ==== 721+0+0 (secure 0 0 0) 0x7f2eb4049ee0 con 0x7f2ec4102980
2024-04-16T13:35:15.268 INFO:teuthology.orchestra.run.smithi022.stdout:/usr/bin/ceph: stderr
2024-04-16T13:35:14.404+0000 7f2ec2ffd700 1 --2- 172.21.15.22:0/928400523 >> [v2:172.21.15.22:6800/3806329198,v1:172.21.15.22:6801/3806329198] conn(0x7f2eb0036740 0x7f2eb0038bf0 unknown :-1 s=BANNER_CONNECTING pgs=0 cs=0 l=1 rev1=0 crypto rx=0 tx=0 comp rx=0 tx=0)._handle_peer_banner_payload supported=3 required=0
2024-04-16T13:35:15.268 INFO:teuthology.orchestra.run.smithi022.stdout:/usr/bin/ceph: stderr
2024-04-16T13:35:14.404+0000 7f2ec2ffd700 1 --2- 172.21.15.22:0/928400523 >> [v2:172.21.15.22:6800/3806329198,v1:172.21.15.22:6801/3806329198] conn(0x7f2eb0036740 0x7f2eb0038bf0 secure :-1 s=READY pgs=8 cs=0 l=1 rev1=1 crypto rx=0x7f2eac009990 tx=0x7f2eac006e40 comp rx=0 tx=0).ready entity=mgr.14100 client_cookie=0 server_cookie=0 in_seq=0 out_seq=0
2024-04-16T13:35:15.268 INFO:teuthology.orchestra.run.smithi022.stdout:/usr/bin/ceph: stderr
2024-04-16T13:35:14.409+0000 7f2ebbfff700 1 -- 172.21.15.22:0/928400523 <== mon.0 v2:172.21.15.22:3300/0 6 ==== mon_command_ack([{"prefix": "get_command_descriptions"}]=0 v0) v1 ==== 72+0+176702 (secure 0 0 0) 0x7f2eb4019910 con 0x7f2ec4102980
2024-04-16T13:35:15.268 INFO:teuthology.orchestra.run.smithi022.stdout:/usr/bin/ceph: stderr
2024-04-16T13:35:14.659+0000 7f2eca00c700 1 -- 172.21.15.22:0/928400523 --> [v2:172.21.15.22:3300/0,v1:172.21.15.22:6789/0] -- mon_command({"prefix": "mgr module enable", "module": "cephadm"} v 0) v1 -- 0x7f2ec4112dc0 con 0x7f2ec4102980
2024-04-16T13:35:15.268 INFO:teuthology.orchestra.run.smithi022.stdout:/usr/bin/ceph: stderr
2024-04-16T13:35:14.711+0000 7f2ebbfff700 1 -- 172.21.15.22:0/928400523 <== mon.0 v2:172.21.15.22:3300/0 7 ==== mgrmap(e 5) v1 ==== 43376+0+0 (secure 0 0 0) 0x7f2eb4024400 con 0x7f2ec4102980
2024-04-16T13:35:15.268 INFO:teuthology.orchestra.run.smithi022.stdout:/usr/bin/ceph: stderr
2024-04-16T13:35:14.713+0000 7f2ebbfff700 1 -- 172.21.15.22:0/928400523 <== mon.0 v2:172.21.15.22:3300/0 8 ==== mon_command_ack([{"prefix": "mgr module enable", "module": "cephadm"}]=0 v5) v1 ==== 86+0+0 (secure 0 0 0) 0x7f2eb4025aa0 con 0x7f2ec4102980
2024-04-16T13:35:15.268 INFO:teuthology.orchestra.run.smithi022.stdout:/usr/bin/ceph: stderr
2024-04-16T13:35:14.715+0000 7f2eca00c700 1 -- 172.21.15.22:0/928400523 >> [v2:172.21.15.22:6800/3806329198,v1:172.21.15.22:6801/3806329198] conn(0x7f2eb0036740 msgr2=0x7f2eb0038bf0 secure :-1 s=STATE_CONNECTION_ESTABLISHED l=1).mark_down
2024-04-16T13:35:15.268 INFO:teuthology.orchestra.run.smithi022.stdout:/usr/bin/ceph: stderr
2024-04-16T13:35:14.715+0000 7f2eca00c700 1 --2- 172.21.15.22:0/928400523 >> [v2:172.21.15.22:6800/3806329198,v1:172.21.15.22:6801/3806329198] conn(0x7f2eb0036740 0x7f2eb0038bf0 secure :-1 s=READY pgs=8 cs=0 l=1 rev1=1 crypto rx=0x7f2eac009990 tx=0x7f2eac006e40 comp rx=0 tx=0).stop
2024-04-16T13:35:15.268 INFO:teuthology.orchestra.run.smithi022.stdout:/usr/bin/ceph: stderr
2024-04-16T13:35:14.715+0000 7f2eca00c700 1 -- 172.21.15.22:0/928400523 >> [v2:172.21.15.22:3300/0,v1:172.21.15.22:6789/0] conn(0x7f2ec4102980 msgr2=0x7f2ec4111770 secure :-1 s=STATE_CONNECTION_ESTABLISHED l=1).mark_down
2024-04-16T13:35:15.268 INFO:teuthology.orchestra.run.smithi022.stdout:/usr/bin/ceph: stderr
2024-04-16T13:35:14.715+0000 7f2eca00c700 1 --2- 172.21.15.22:0/928400523 >> [v2:172.21.15.22:3300/0,v1:172.21.15.22:6789/0] conn(0x7f2ec4102980 0x7f2ec4111770 secure :-1 s=READY pgs=23 cs=0 l=1 rev1=1 crypto rx=0x7f2eb4012da0 tx=0x7f2eb4009840 comp rx=0 tx=0).stop
2024-04-16T13:35:15.268 INFO:teuthology.orchestra.run.smithi022.stdout:/usr/bin/ceph: stderr
2024-04-16T13:35:14.715+0000 7f2eca00c700 1 -- 172.21.15.22:0/928400523 shutdown_connections
2024-04-16T13:35:15.268 INFO:teuthology.orchestra.run.smithi022.stdout:/usr/bin/ceph: stderr
2024-04-16T13:35:14.715+0000 7f2eca00c700 1 --2- 172.21.15.22:0/928400523 >> [v2:172.21.15.22:6800/3806329198,v1:172.21.15.22:6801/3806329198] conn(0x7f2eb0036740 0x7f2eb0038bf0 unknown :-1 s=CLOSED pgs=8 cs=0 l=1 rev1=1 crypto rx=0 tx=0 comp rx=0 tx=0).stop
2024-04-16T13:35:15.268 INFO:teuthology.orchestra.run.smithi022.stdout:/usr/bin/ceph: stderr
2024-04-16T13:35:14.715+0000 7f2eca00c700 1 --2- 172.21.15.22:0/928400523 >> [v2:172.21.15.22:3300/0,v1:172.21.15.22:6789/0] conn(0x7f2ec4102980 0x7f2ec4111770 unknown :-1 s=CLOSED pgs=23 cs=0 l=1 rev1=1 crypto rx=0 tx=0 comp rx=0 tx=0).stop
2024-04-16T13:35:15.268 INFO:teuthology.orchestra.run.smithi022.stdout:/usr/bin/ceph: stderr
2024-04-16T13:35:14.715+0000 7f2eca00c700 1 -- 172.21.15.22:0/928400523 >> 172.21.15.22:0/928400523 conn(0x7f2ec40fe0e0 msgr2=0x7f2ec40fed20 unknown :-1 s=STATE_NONE l=0).mark_down
2024-04-16T13:35:15.269 INFO:teuthology.orchestra.run.smithi022.stdout:/usr/bin/ceph: stderr
2024-04-16T13:35:14.715+0000 7f2eca00c700 1 -- 172.21.15.22:0/928400523 shutdown_connections
2024-04-16T13:35:15.269 INFO:teuthology.orchestra.run.smithi022.stdout:/usr/bin/ceph: stderr
2024-04-16T13:35:14.715+0000 7f2eca00c700 1 -- 172.21.15.22:0/928400523 wait complete.
2024-04-16T13:35:15.932 INFO:journalctl@ceph.mon.smithi022.smithi022.stdout:Apr 16 13:35:15 smithi022 ceph-mon[29207]: from='client.? 172.21.15.22:0/928400523' entity='client.admin' cmd='[{"prefix": "mgr module enable", "module": "cephadm"}]': finished
2024-04-16T13:35:15.932 INFO:journalctl@ceph.mon.smithi022.smithi022.stdout:Apr 16 13:35:15 smithi022 ceph-mon[29207]: mgrmap e5: smithi022.dkpxjn(active, since 15s)
2024-04-16T13:35:16.537 INFO:teuthology.orchestra.run.smithi022.stdout:/usr/bin/ceph: stdout {
2024-04-16T13:35:16.537 INFO:teuthology.orchestra.run.smithi022.stdout:/usr/bin/ceph: stdout "epoch": 5,
2024-04-16T13:35:16.537 INFO:teuthology.orchestra.run.smithi022.stdout:/usr/bin/ceph: stdout "available": true,
2024-04-16T13:35:16.537 INFO:teuthology.orchestra.run.smithi022.stdout:/usr/bin/ceph: stdout "active_name": "smithi022.dkpxjn",
2024-04-16T13:35:16.537 INFO:teuthology.orchestra.run.smithi022.stdout:/usr/bin/ceph: stdout "num_standby": 0
2024-04-16T13:35:16.537 INFO:teuthology.orchestra.run.smithi022.stdout:/usr/bin/ceph: stdout }
2024-04-16T13:35:16.537 INFO:teuthology.orchestra.run.smithi022.stdout:/usr/bin/ceph: stderr
2024-04-16T13:35:15.663+0000 7f5480e62700 1 Processor -- start
2024-04-16T13:35:16.537 INFO:teuthology.orchestra.run.smithi022.stdout:/usr/bin/ceph: stderr
2024-04-16T13:35:15.664+0000 7f5480e62700 1 -- start start
2024-04-16T13:35:16.537 INFO:teuthology.orchestra.run.smithi022.stdout:/usr/bin/ceph: stderr
2024-04-16T13:35:15.664+0000 7f5480e62700 1 --2- >> [v2:172.21.15.22:3300/0,v1:172.21.15.22:6789/0] conn(0x7f547c076a60 0x7f547c105630 unknown :-1 s=NONE pgs=0 cs=0 l=0 rev1=0 crypto rx=0 tx=0 comp rx=0 tx=0).connect
2024-04-16T13:35:16.537 INFO:teuthology.orchestra.run.smithi022.stdout:/usr/bin/ceph: stderr
2024-04-16T13:35:15.664+0000 7f5480e62700 1 -- --> [v2:172.21.15.22:3300/0,v1:172.21.15.22:6789/0] -- mon_getmap magic: 0 v1 -- 0x7f547c076e70 con 0x7f547c076a60
2024-04-16T13:35:16.537 INFO:teuthology.orchestra.run.smithi022.stdout:/usr/bin/ceph: stderr
2024-04-16T13:35:15.664+0000 7f547a59c700 1 --2- >> [v2:172.21.15.22:3300/0,v1:172.21.15.22:6789/0] conn(0x7f547c076a60 0x7f547c105630 unknown :-1 s=BANNER_CONNECTING pgs=0 cs=0 l=0 rev1=0 crypto rx=0 tx=0 comp rx=0 tx=0)._handle_peer_banner_payload supported=3 required=0
2024-04-16T13:35:16.538 INFO:teuthology.orchestra.run.smithi022.stdout:/usr/bin/ceph: stderr
2024-04-16T13:35:15.664+0000 7f547a59c700 1 --2- >> [v2:172.21.15.22:3300/0,v1:172.21.15.22:6789/0] conn(0x7f547c076a60 0x7f547c105630 unknown :-1 s=HELLO_CONNECTING pgs=0 cs=0 l=0 rev1=1 crypto rx=0 tx=0 comp rx=0 tx=0).handle_hello peer v2:172.21.15.22:3300/0 says I am v2:172.21.15.22:45582/0 (socket says 172.21.15.22:45582)
2024-04-16T13:35:16.538 INFO:teuthology.orchestra.run.smithi022.stdout:/usr/bin/ceph: stderr
2024-04-16T13:35:15.664+0000 7f547a59c700 1 -- 172.21.15.22:0/3115422852 learned_addr learned my addr 172.21.15.22:0/3115422852 (peer_addr_for_me v2:172.21.15.22:0/0)
2024-04-16T13:35:16.538 INFO:teuthology.orchestra.run.smithi022.stdout:/usr/bin/ceph: stderr
2024-04-16T13:35:15.664+0000 7f547a59c700 1 -- 172.21.15.22:0/3115422852 --> [v2:172.21.15.22:3300/0,v1:172.21.15.22:6789/0] -- mon_subscribe({config=0+,monmap=0+}) v3 -- 0x7f547c105b70 con 0x7f547c076a60
2024-04-16T13:35:16.538 INFO:teuthology.orchestra.run.smithi022.stdout:/usr/bin/ceph: stderr
2024-04-16T13:35:15.665+0000 7f547a59c700 1 --2- 172.21.15.22:0/3115422852 >> [v2:172.21.15.22:3300/0,v1:172.21.15.22:6789/0] conn(0x7f547c076a60 0x7f547c105630 secure :-1 s=READY pgs=26 cs=0 l=1 rev1=1 crypto rx=0x7f546c0098e0 tx=0x7f546c009250 comp rx=0 tx=0).ready entity=mon.0 client_cookie=e1d1770876793a14 server_cookie=0 in_seq=0 out_seq=0
2024-04-16T13:35:16.538 INFO:teuthology.orchestra.run.smithi022.stdout:/usr/bin/ceph: stderr
2024-04-16T13:35:15.665+0000 7f547959a700 1 -- 172.21.15.22:0/3115422852 <== mon.0 v2:172.21.15.22:3300/0 1 ==== mon_map magic: 0 v1 ==== 229+0+0 (secure 0 0 0) 0x7f546c00b8f0 con 0x7f547c076a60
2024-04-16T13:35:16.538 INFO:teuthology.orchestra.run.smithi022.stdout:/usr/bin/ceph: stderr
2024-04-16T13:35:15.665+0000 7f547959a700 1 -- 172.21.15.22:0/3115422852 <== mon.0 v2:172.21.15.22:3300/0 2 ==== config(27 keys) v1 ==== 1044+0+0 (secure 0 0 0) 0x7f546c011420 con 0x7f547c076a60
2024-04-16T13:35:16.538 INFO:teuthology.orchestra.run.smithi022.stdout:/usr/bin/ceph: stderr
2024-04-16T13:35:15.665+0000 7f547959a700 1 -- 172.21.15.22:0/3115422852 <== mon.0 v2:172.21.15.22:3300/0 3 ==== mon_map magic: 0 v1 ==== 229+0+0 (secure 0 0 0) 0x7f546c010540 con 0x7f547c076a60
2024-04-16T13:35:16.538 INFO:teuthology.orchestra.run.smithi022.stdout:/usr/bin/ceph: stderr
2024-04-16T13:35:15.665+0000 7f5480e62700 1 -- 172.21.15.22:0/3115422852 >> [v2:172.21.15.22:3300/0,v1:172.21.15.22:6789/0] conn(0x7f547c076a60 msgr2=0x7f547c105630 secure :-1 s=STATE_CONNECTION_ESTABLISHED l=1).mark_down
2024-04-16T13:35:16.538 INFO:teuthology.orchestra.run.smithi022.stdout:/usr/bin/ceph: stderr
2024-04-16T13:35:15.665+0000 7f5480e62700 1 --2- 172.21.15.22:0/3115422852 >> [v2:172.21.15.22:3300/0,v1:172.21.15.22:6789/0] conn(0x7f547c076a60 0x7f547c105630 secure :-1 s=READY pgs=26 cs=0 l=1 rev1=1 crypto rx=0x7f546c0098e0 tx=0x7f546c009250 comp rx=0 tx=0).stop
2024-04-16T13:35:16.538 INFO:teuthology.orchestra.run.smithi022.stdout:/usr/bin/ceph: stderr
2024-04-16T13:35:15.666+0000 7f5480e62700 1 -- 172.21.15.22:0/3115422852 shutdown_connections
2024-04-16T13:35:16.538 INFO:teuthology.orchestra.run.smithi022.stdout:/usr/bin/ceph: stderr
2024-04-16T13:35:15.666+0000 7f5480e62700 1 --2- 172.21.15.22:0/3115422852 >> [v2:172.21.15.22:3300/0,v1:172.21.15.22:6789/0] conn(0x7f547c076a60 0x7f547c105630 unknown :-1 s=CLOSED pgs=26 cs=0 l=1 rev1=1 crypto rx=0 tx=0 comp rx=0 tx=0).stop
2024-04-16T13:35:16.538 INFO:teuthology.orchestra.run.smithi022.stdout:/usr/bin/ceph: stderr
2024-04-16T13:35:15.666+0000 7f5480e62700 1 -- 172.21.15.22:0/3115422852 >> 172.21.15.22:0/3115422852 conn(0x7f547c0fd040 msgr2=0x7f547c0ff450 unknown :-1 s=STATE_NONE l=0).mark_down
2024-04-16T13:35:16.538 INFO:teuthology.orchestra.run.smithi022.stdout:/usr/bin/ceph: stderr
2024-04-16T13:35:15.666+0000 7f5480e62700 1 -- 172.21.15.22:0/3115422852 shutdown_connections
2024-04-16T13:35:16.538 INFO:teuthology.orchestra.run.smithi022.stdout:/usr/bin/ceph: stderr
2024-04-16T13:35:15.666+0000 7f5480e62700 1 -- 172.21.15.22:0/3115422852 wait complete.
2024-04-16T13:35:16.539 INFO:teuthology.orchestra.run.smithi022.stdout:/usr/bin/ceph: stderr
2024-04-16T13:35:15.666+0000 7f5480e62700 1 Processor -- start
2024-04-16T13:35:16.539 INFO:teuthology.orchestra.run.smithi022.stdout:/usr/bin/ceph: stderr
2024-04-16T13:35:15.666+0000 7f5480e62700 1 -- start start
2024-04-16T13:35:16.539 INFO:teuthology.orchestra.run.smithi022.stdout:/usr/bin/ceph: stderr
2024-04-16T13:35:15.666+0000 7f5480e62700 1 --2- >> [v2:172.21.15.22:3300/0,v1:172.21.15.22:6789/0] conn(0x7f547c076a60 0x7f547c102f80 unknown :-1 s=NONE pgs=0 cs=0 l=1 rev1=0 crypto rx=0 tx=0 comp rx=0 tx=0).connect
2024-04-16T13:35:16.539 INFO:teuthology.orchestra.run.smithi022.stdout:/usr/bin/ceph: stderr
2024-04-16T13:35:15.666+0000 7f5480e62700 1 -- --> [v2:172.21.15.22:3300/0,v1:172.21.15.22:6789/0] -- mon_getmap magic: 0 v1 -- 0x7f547c1034c0 con 0x7f547c076a60
2024-04-16T13:35:16.539 INFO:teuthology.orchestra.run.smithi022.stdout:/usr/bin/ceph: stderr
2024-04-16T13:35:15.666+0000 7f547a59c700 1 --2- >> [v2:172.21.15.22:3300/0,v1:172.21.15.22:6789/0] conn(0x7f547c076a60 0x7f547c102f80 unknown :-1 s=BANNER_CONNECTING pgs=0 cs=0 l=1 rev1=0 crypto rx=0 tx=0 comp rx=0 tx=0)._handle_peer_banner_payload supported=3 required=0
2024-04-16T13:35:16.539 INFO:teuthology.orchestra.run.smithi022.stdout:/usr/bin/ceph: stderr
2024-04-16T13:35:15.666+0000 7f547a59c700 1 --2- >> [v2:172.21.15.22:3300/0,v1:172.21.15.22:6789/0] conn(0x7f547c076a60 0x7f547c102f80 unknown :-1 s=HELLO_CONNECTING pgs=0 cs=0 l=1 rev1=1 crypto rx=0 tx=0 comp rx=0 tx=0).handle_hello peer v2:172.21.15.22:3300/0 says I am v2:172.21.15.22:45590/0 (socket says 172.21.15.22:45590)
2024-04-16T13:35:16.539 INFO:teuthology.orchestra.run.smithi022.stdout:/usr/bin/ceph: stderr
2024-04-16T13:35:15.666+0000 7f547a59c700 1 -- 172.21.15.22:0/1797031567 learned_addr learned my addr 172.21.15.22:0/1797031567 (peer_addr_for_me v2:172.21.15.22:0/0)
2024-04-16T13:35:16.539 INFO:teuthology.orchestra.run.smithi022.stdout:/usr/bin/ceph: stderr
2024-04-16T13:35:15.667+0000 7f547a59c700 1 -- 172.21.15.22:0/1797031567 --> [v2:172.21.15.22:3300/0,v1:172.21.15.22:6789/0] -- mon_subscribe({config=0+,monmap=0+}) v3 -- 0x7f546c0094f0 con 0x7f547c076a60
2024-04-16T13:35:16.539 INFO:teuthology.orchestra.run.smithi022.stdout:/usr/bin/ceph: stderr
2024-04-16T13:35:15.667+0000 7f547a59c700 1 --2- 172.21.15.22:0/1797031567 >> [v2:172.21.15.22:3300/0,v1:172.21.15.22:6789/0] conn(0x7f547c076a60 0x7f547c102f80 secure :-1 s=READY pgs=27 cs=0 l=1 rev1=1 crypto rx=0x7f546c000c00 tx=0x7f546c009250 comp rx=0 tx=0).ready entity=mon.0 client_cookie=0 server_cookie=0 in_seq=0 out_seq=0
2024-04-16T13:35:16.539 INFO:teuthology.orchestra.run.smithi022.stdout:/usr/bin/ceph: stderr
2024-04-16T13:35:15.667+0000 7f546affd700 1 -- 172.21.15.22:0/1797031567 <== mon.0 v2:172.21.15.22:3300/0 1 ==== mon_map magic: 0 v1 ==== 229+0+0 (secure 0 0 0) 0x7f546c0107b0 con 0x7f547c076a60
2024-04-16T13:35:16.539 INFO:teuthology.orchestra.run.smithi022.stdout:/usr/bin/ceph: stderr
2024-04-16T13:35:15.667+0000 7f546affd700 1 -- 172.21.15.22:0/1797031567 <== mon.0 v2:172.21.15.22:3300/0 2 ==== config(27 keys) v1 ==== 1044+0+0 (secure 0 0 0) 0x7f546c010da0 con 0x7f547c076a60
2024-04-16T13:35:16.539 INFO:teuthology.orchestra.run.smithi022.stdout:/usr/bin/ceph: stderr
2024-04-16T13:35:15.667+0000 7f5480e62700 1 -- 172.21.15.22:0/1797031567 --> [v2:172.21.15.22:3300/0,v1:172.21.15.22:6789/0] -- mon_subscribe({mgrmap=0+}) v3 -- 0x7f547c101530 con 0x7f547c076a60
2024-04-16T13:35:16.539 INFO:teuthology.orchestra.run.smithi022.stdout:/usr/bin/ceph: stderr
2024-04-16T13:35:15.667+0000 7f546affd700 1 -- 172.21.15.22:0/1797031567 <== mon.0 v2:172.21.15.22:3300/0 3 ==== mon_map magic: 0 v1 ==== 229+0+0 (secure 0 0 0) 0x7f546c01add0 con 0x7f547c076a60
2024-04-16T13:35:16.539 INFO:teuthology.orchestra.run.smithi022.stdout:/usr/bin/ceph: stderr
2024-04-16T13:35:15.667+0000 7f5480e62700 1 -- 172.21.15.22:0/1797031567 --> [v2:172.21.15.22:3300/0,v1:172.21.15.22:6789/0] -- mon_subscribe({osdmap=0}) v3 -- 0x7f547c101a20 con 0x7f547c076a60
2024-04-16T13:35:16.539 INFO:teuthology.orchestra.run.smithi022.stdout:/usr/bin/ceph: stderr
2024-04-16T13:35:15.668+0000 7f5480e62700 1 -- 172.21.15.22:0/1797031567 --> [v2:172.21.15.22:3300/0,v1:172.21.15.22:6789/0] -- mon_command({"prefix": "get_command_descriptions"} v 0) v1 -- 0x7f547c04bed0 con 0x7f547c076a60
2024-04-16T13:35:16.540 INFO:teuthology.orchestra.run.smithi022.stdout:/usr/bin/ceph: stderr
2024-04-16T13:35:15.668+0000 7f546affd700 1 -- 172.21.15.22:0/1797031567 <== mon.0 v2:172.21.15.22:3300/0 4 ==== mgrmap(e 5) v1 ==== 43376+0+0 (secure 0 0 0) 0x7f546c010910 con 0x7f547c076a60
2024-04-16T13:35:16.540 INFO:teuthology.orchestra.run.smithi022.stdout:/usr/bin/ceph: stderr
2024-04-16T13:35:15.669+0000 7f546affd700 1 --2- 172.21.15.22:0/1797031567 >> [v2:172.21.15.22:6800/3806329198,v1:172.21.15.22:6801/3806329198] conn(0x7f5464036790 0x7f5464038c40 unknown :-1 s=NONE pgs=0 cs=0 l=1 rev1=0 crypto rx=0 tx=0 comp rx=0 tx=0).connect
2024-04-16T13:35:16.540 INFO:teuthology.orchestra.run.smithi022.stdout:/usr/bin/ceph: stderr
2024-04-16T13:35:15.669+0000 7f5479d9b700 1 -- 172.21.15.22:0/1797031567 >> [v2:172.21.15.22:6800/3806329198,v1:172.21.15.22:6801/3806329198] conn(0x7f5464036790 msgr2=0x7f5464038c40 unknown :-1 s=STATE_CONNECTING_RE l=1).process reconnect failed to v2:172.21.15.22:6800/3806329198
2024-04-16T13:35:16.540 INFO:teuthology.orchestra.run.smithi022.stdout:/usr/bin/ceph: stderr
2024-04-16T13:35:15.669+0000 7f546affd700 1 -- 172.21.15.22:0/1797031567 <== mon.0 v2:172.21.15.22:3300/0 5 ==== osd_map(1..1 src has 1..1) v4 ==== 721+0+0 (secure 0 0 0) 0x7f546c04ac50 con 0x7f547c076a60
2024-04-16T13:35:16.540 INFO:teuthology.orchestra.run.smithi022.stdout:/usr/bin/ceph: stderr
2024-04-16T13:35:15.669+0000 7f5479d9b700 1 --2- 172.21.15.22:0/1797031567 >> [v2:172.21.15.22:6800/3806329198,v1:172.21.15.22:6801/3806329198] conn(0x7f5464036790 0x7f5464038c40 unknown :-1 s=START_CONNECT pgs=0 cs=0 l=1 rev1=0 crypto rx=0 tx=0 comp rx=0 tx=0)._fault waiting 0.200000
2024-04-16T13:35:16.540 INFO:teuthology.orchestra.run.smithi022.stdout:/usr/bin/ceph: stderr
2024-04-16T13:35:15.677+0000 7f546affd700 1 -- 172.21.15.22:0/1797031567 <== mon.0 v2:172.21.15.22:3300/0 6 ==== mon_command_ack([{"prefix": "get_command_descriptions"}]=0 v0) v1 ==== 72+0+176702 (secure 0 0 0) 0x7f546c01a5c0 con 0x7f547c076a60
2024-04-16T13:35:16.540 INFO:teuthology.orchestra.run.smithi022.stdout:/usr/bin/ceph: stderr
2024-04-16T13:35:15.870+0000 7f5479d9b700 1 -- 172.21.15.22:0/1797031567 >> [v2:172.21.15.22:6800/3806329198,v1:172.21.15.22:6801/3806329198] conn(0x7f5464036790 msgr2=0x7f5464038c40 unknown :-1 s=STATE_CONNECTING_RE l=1).process reconnect failed to v2:172.21.15.22:6800/3806329198
2024-04-16T13:35:16.540 INFO:teuthology.orchestra.run.smithi022.stdout:/usr/bin/ceph: stderr
2024-04-16T13:35:15.870+0000 7f5479d9b700 1 --2- 172.21.15.22:0/1797031567 >> [v2:172.21.15.22:6800/3806329198,v1:172.21.15.22:6801/3806329198] conn(0x7f5464036790 0x7f5464038c40 unknown :-1 s=START_CONNECT pgs=0 cs=0 l=1 rev1=0 crypto rx=0 tx=0 comp rx=0 tx=0)._fault waiting 0.400000
2024-04-16T13:35:16.540 INFO:teuthology.orchestra.run.smithi022.stdout:/usr/bin/ceph: stderr
2024-04-16T13:35:15.932+0000 7f5480e62700 1 -- 172.21.15.22:0/1797031567 --> [v2:172.21.15.22:3300/0,v1:172.21.15.22:6789/0] -- mon_command({"prefix": "mgr stat"} v 0) v1 -- 0x7f547c1020c0 con 0x7f547c076a60
2024-04-16T13:35:16.540 INFO:teuthology.orchestra.run.smithi022.stdout:/usr/bin/ceph: stderr
2024-04-16T13:35:15.932+0000 7f546affd700 1 -- 172.21.15.22:0/1797031567 <== mon.0 v2:172.21.15.22:3300/0 7 ==== mon_command_ack([{"prefix": "mgr stat"}]=0 v5) v1 ==== 56+0+103 (secure 0 0 0) 0x7f546c023390 con 0x7f547c076a60
2024-04-16T13:35:16.540 INFO:teuthology.orchestra.run.smithi022.stdout:/usr/bin/ceph: stderr
2024-04-16T13:35:15.935+0000 7f5480e62700 1 -- 172.21.15.22:0/1797031567 >> [v2:172.21.15.22:6800/3806329198,v1:172.21.15.22:6801/3806329198] conn(0x7f5464036790 msgr2=0x7f5464038c40 unknown :-1 s=STATE_CONNECTING l=1).mark_down
2024-04-16T13:35:16.540 INFO:teuthology.orchestra.run.smithi022.stdout:/usr/bin/ceph: stderr
2024-04-16T13:35:15.935+0000 7f5480e62700 1 --2- 172.21.15.22:0/1797031567 >> [v2:172.21.15.22:6800/3806329198,v1:172.21.15.22:6801/3806329198] conn(0x7f5464036790 0x7f5464038c40 unknown :-1 s=START_CONNECT pgs=0 cs=0 l=1 rev1=0 crypto rx=0 tx=0 comp rx=0 tx=0).stop
2024-04-16T13:35:16.540 INFO:teuthology.orchestra.run.smithi022.stdout:/usr/bin/ceph: stderr
2024-04-16T13:35:15.935+0000 7f5480e62700 1 -- 172.21.15.22:0/1797031567 >> [v2:172.21.15.22:3300/0,v1:172.21.15.22:6789/0] conn(0x7f547c076a60 msgr2=0x7f547c102f80 secure :-1 s=STATE_CONNECTION_ESTABLISHED l=1).mark_down
2024-04-16T13:35:16.540 INFO:teuthology.orchestra.run.smithi022.stdout:/usr/bin/ceph: stderr
2024-04-16T13:35:15.935+0000 7f5480e62700 1 --2- 172.21.15.22:0/1797031567 >> [v2:172.21.15.22:3300/0,v1:172.21.15.22:6789/0] conn(0x7f547c076a60 0x7f547c102f80 secure :-1 s=READY pgs=27 cs=0 l=1 rev1=1 crypto rx=0x7f546c000c00 tx=0x7f546c009250 comp rx=0 tx=0).stop
2024-04-16T13:35:16.540 INFO:teuthology.orchestra.run.smithi022.stdout:/usr/bin/ceph: stderr
2024-04-16T13:35:15.935+0000 7f5480e62700 1 -- 172.21.15.22:0/1797031567 shutdown_connections
2024-04-16T13:35:16.541 INFO:teuthology.orchestra.run.smithi022.stdout:/usr/bin/ceph: stderr
2024-04-16T13:35:15.935+0000 7f5480e62700 1 --2- 172.21.15.22:0/1797031567 >> [v2:172.21.15.22:6800/3806329198,v1:172.21.15.22:6801/3806329198] conn(0x7f5464036790 0x7f5464038c40 unknown :-1 s=CLOSED pgs=0 cs=0 l=1 rev1=0 crypto rx=0 tx=0 comp rx=0 tx=0).stop
2024-04-16T13:35:16.541 INFO:teuthology.orchestra.run.smithi022.stdout:/usr/bin/ceph: stderr
2024-04-16T13:35:15.935+0000 7f5480e62700 1 --2- 172.21.15.22:0/1797031567 >> [v2:172.21.15.22:3300/0,v1:172.21.15.22:6789/0] conn(0x7f547c076a60 0x7f547c102f80 unknown :-1 s=CLOSED pgs=27 cs=0 l=1 rev1=1 crypto rx=0 tx=0 comp rx=0 tx=0).stop
2024-04-16T13:35:16.541 INFO:teuthology.orchestra.run.smithi022.stdout:/usr/bin/ceph: stderr
2024-04-16T13:35:15.935+0000 7f5480e62700 1 -- 172.21.15.22:0/1797031567 >> 172.21.15.22:0/1797031567 conn(0x7f547c0fd040 msgr2=0x7f547c0fdc10 unknown :-1 s=STATE_NONE l=0).mark_down
2024-04-16T13:35:16.541 INFO:teuthology.orchestra.run.smithi022.stdout:/usr/bin/ceph: stderr
2024-04-16T13:35:15.935+0000 7f5480e62700 1 -- 172.21.15.22:0/1797031567 shutdown_connections
2024-04-16T13:35:16.541 INFO:teuthology.orchestra.run.smithi022.stdout:/usr/bin/ceph: stderr
2024-04-16T13:35:15.935+0000 7f5480e62700 1 -- 172.21.15.22:0/1797031567 wait complete.
2024-04-16T13:35:16.541 INFO:teuthology.orchestra.run.smithi022.stdout:Waiting for the mgr to restart...
2024-04-16T13:35:16.541 INFO:teuthology.orchestra.run.smithi022.stdout:Waiting for mgr epoch 5...
2024-04-16T13:35:16.815 INFO:journalctl@ceph.mon.smithi022.smithi022.stdout:Apr 16 13:35:16 smithi022 ceph-mon[29207]: from='client.? 172.21.15.22:0/1797031567' entity='client.admin' cmd=[{"prefix": "mgr stat"}]: dispatch
2024-04-16T13:35:21.524 INFO:journalctl@ceph.mon.smithi022.smithi022.stdout:Apr 16 13:35:21 smithi022 ceph-mon[29207]: Active manager daemon smithi022.dkpxjn restarted
2024-04-16T13:35:21.524 INFO:journalctl@ceph.mon.smithi022.smithi022.stdout:Apr 16 13:35:21 smithi022 ceph-mon[29207]: Activating manager daemon smithi022.dkpxjn
2024-04-16T13:35:21.524 INFO:journalctl@ceph.mon.smithi022.smithi022.stdout:Apr 16 13:35:21 smithi022 ceph-mon[29207]: osdmap e2: 0 total, 0 up, 0 in
2024-04-16T13:35:21.524 INFO:journalctl@ceph.mon.smithi022.smithi022.stdout:Apr 16 13:35:21 smithi022 ceph-mon[29207]: mgrmap e6: smithi022.dkpxjn(active, starting, since 0.00330241s)
2024-04-16T13:35:21.525 INFO:journalctl@ceph.mon.smithi022.smithi022.stdout:Apr 16 13:35:21 smithi022 ceph-mon[29207]: from='mgr.14120 172.21.15.22:0/875141347' entity='mgr.smithi022.dkpxjn' cmd=[{"prefix": "mon metadata", "id": "smithi022"}]: dispatch
2024-04-16T13:35:21.525 INFO:journalctl@ceph.mon.smithi022.smithi022.stdout:Apr 16 13:35:21 smithi022 ceph-mon[29207]: from='mgr.14120 172.21.15.22:0/875141347' entity='mgr.smithi022.dkpxjn' cmd=[{"prefix": "mgr metadata", "who": "smithi022.dkpxjn", "id": "smithi022.dkpxjn"}]: dispatch
2024-04-16T13:35:21.525 INFO:journalctl@ceph.mon.smithi022.smithi022.stdout:Apr 16 13:35:21 smithi022 ceph-mon[29207]: from='mgr.14120 172.21.15.22:0/875141347' entity='mgr.smithi022.dkpxjn' cmd=[{"prefix": "mds metadata"}]: dispatch
2024-04-16T13:35:21.525 INFO:journalctl@ceph.mon.smithi022.smithi022.stdout:Apr 16 13:35:21 smithi022 ceph-mon[29207]: from='mgr.14120 172.21.15.22:0/875141347' entity='mgr.smithi022.dkpxjn' cmd=[{"prefix": "osd metadata"}]: dispatch
2024-04-16T13:35:21.525 INFO:journalctl@ceph.mon.smithi022.smithi022.stdout:Apr 16 13:35:21 smithi022 ceph-mon[29207]: from='mgr.14120 172.21.15.22:0/875141347' entity='mgr.smithi022.dkpxjn' cmd=[{"prefix": "mon metadata"}]: dispatch
2024-04-16T13:35:21.525 INFO:journalctl@ceph.mon.smithi022.smithi022.stdout:Apr 16 13:35:21 smithi022 ceph-mon[29207]: Manager daemon smithi022.dkpxjn is now available
2024-04-16T13:35:21.525 INFO:journalctl@ceph.mon.smithi022.smithi022.stdout:Apr 16 13:35:21 smithi022 ceph-mon[29207]: from='mgr.14120 172.21.15.22:0/875141347' entity='mgr.smithi022.dkpxjn'
2024-04-16T13:35:21.525 INFO:journalctl@ceph.mon.smithi022.smithi022.stdout:Apr 16 13:35:21 smithi022 ceph-mon[29207]: from='mgr.14120 172.21.15.22:0/875141347' entity='mgr.smithi022.dkpxjn'
2024-04-16T13:35:21.525 INFO:journalctl@ceph.mon.smithi022.smithi022.stdout:Apr 16 13:35:21 smithi022 ceph-mon[29207]: from='mgr.14120 172.21.15.22:0/875141347' entity='mgr.smithi022.dkpxjn' cmd=[{"prefix": "config dump", "format": "json"}]: dispatch
2024-04-16T13:35:21.525 INFO:journalctl@ceph.mon.smithi022.smithi022.stdout:Apr 16 13:35:21 smithi022 ceph-mon[29207]: from='mgr.14120 172.21.15.22:0/875141347' entity='mgr.smithi022.dkpxjn' cmd=[{"prefix": "config dump", "format": "json"}]: dispatch
2024-04-16T13:35:21.525 INFO:journalctl@ceph.mon.smithi022.smithi022.stdout:Apr 16 13:35:21 smithi022 ceph-mon[29207]: from='mgr.14120 172.21.15.22:0/875141347' entity='mgr.smithi022.dkpxjn' cmd=[{"prefix": "config dump", "format": "json"}]: dispatch
2024-04-16T13:35:21.525 INFO:journalctl@ceph.mon.smithi022.smithi022.stdout:Apr 16 13:35:21 smithi022 ceph-mon[29207]: from='mgr.14120 172.21.15.22:0/875141347' entity='mgr.smithi022.dkpxjn' cmd=[{"prefix":"config rm","who":"mgr","name":"mgr/rbd_support/smithi022.dkpxjn/mirror_snapshot_schedule"}]: dispatch
2024-04-16T13:35:21.525 INFO:journalctl@ceph.mon.smithi022.smithi022.stdout:Apr 16 13:35:21 smithi022 ceph-mon[29207]: from='mgr.14120 172.21.15.22:0/875141347' entity='mgr.smithi022.dkpxjn' cmd=[{"prefix":"config rm","who":"mgr","name":"mgr/rbd_support/smithi022.dkpxjn/trash_purge_schedule"}]: dispatch
2024-04-16T13:35:22.733 INFO:journalctl@ceph.mon.smithi022.smithi022.stdout:Apr 16 13:35:22 smithi022 ceph-mon[29207]: Found migration_current of "None". Setting to last migration.
2024-04-16T13:35:22.733 INFO:journalctl@ceph.mon.smithi022.smithi022.stdout:Apr 16 13:35:22 smithi022 ceph-mon[29207]: mgrmap e7: smithi022.dkpxjn(active, since 1.00495s)
2024-04-16T13:35:23.018 INFO:teuthology.orchestra.run.smithi022.stdout:/usr/bin/ceph: stdout {
2024-04-16T13:35:23.018 INFO:teuthology.orchestra.run.smithi022.stdout:/usr/bin/ceph: stdout "mgrmap_epoch": 7,
2024-04-16T13:35:23.018 INFO:teuthology.orchestra.run.smithi022.stdout:/usr/bin/ceph: stdout "initialized": true
2024-04-16T13:35:23.018 INFO:teuthology.orchestra.run.smithi022.stdout:/usr/bin/ceph: stdout }
2024-04-16T13:35:23.018 INFO:teuthology.orchestra.run.smithi022.stdout:/usr/bin/ceph: stderr
2024-04-16T13:35:16.971+0000 7ffbcc078700 1 Processor -- start
2024-04-16T13:35:23.018 INFO:teuthology.orchestra.run.smithi022.stdout:/usr/bin/ceph: stderr
2024-04-16T13:35:16.971+0000 7ffbcc078700 1 -- start start
2024-04-16T13:35:23.018 INFO:teuthology.orchestra.run.smithi022.stdout:/usr/bin/ceph: stderr
2024-04-16T13:35:16.971+0000 7ffbcc078700 1 --2- >> [v2:172.21.15.22:3300/0,v1:172.21.15.22:6789/0] conn(0x7ffbc4078be0 0x7ffbc4077280 unknown :-1 s=NONE pgs=0 cs=0 l=0 rev1=0 crypto rx=0 tx=0 comp rx=0 tx=0).connect
2024-04-16T13:35:23.019 INFO:teuthology.orchestra.run.smithi022.stdout:/usr/bin/ceph: stderr
2024-04-16T13:35:16.971+0000 7ffbcc078700 1 -- --> [v2:172.21.15.22:3300/0,v1:172.21.15.22:6789/0] -- mon_getmap magic: 0 v1 -- 0x7ffbc4078ff0 con 0x7ffbc4078be0
2024-04-16T13:35:23.019 INFO:teuthology.orchestra.run.smithi022.stdout:/usr/bin/ceph: stderr
2024-04-16T13:35:16.972+0000 7ffbc9e14700 1 --2- >> [v2:172.21.15.22:3300/0,v1:172.21.15.22:6789/0] conn(0x7ffbc4078be0 0x7ffbc4077280 unknown :-1 s=BANNER_CONNECTING pgs=0 cs=0 l=0 rev1=0 crypto rx=0 tx=0 comp rx=0 tx=0)._handle_peer_banner_payload supported=3 required=0
2024-04-16T13:35:23.019 INFO:teuthology.orchestra.run.smithi022.stdout:/usr/bin/ceph: stderr
2024-04-16T13:35:16.972+0000 7ffbc9e14700 1 --2- >> [v2:172.21.15.22:3300/0,v1:172.21.15.22:6789/0] conn(0x7ffbc4078be0 0x7ffbc4077280 unknown :-1 s=HELLO_CONNECTING pgs=0 cs=0 l=0 rev1=1 crypto rx=0 tx=0 comp rx=0 tx=0).handle_hello peer v2:172.21.15.22:3300/0 says I am v2:172.21.15.22:45598/0 (socket says 172.21.15.22:45598)
2024-04-16T13:35:23.019 INFO:teuthology.orchestra.run.smithi022.stdout:/usr/bin/ceph: stderr
2024-04-16T13:35:16.972+0000 7ffbc9e14700 1 -- 172.21.15.22:0/4144829684 learned_addr learned my addr 172.21.15.22:0/4144829684 (peer_addr_for_me v2:172.21.15.22:0/0)
2024-04-16T13:35:23.019 INFO:teuthology.orchestra.run.smithi022.stdout:/usr/bin/ceph: stderr
2024-04-16T13:35:16.972+0000 7ffbc9e14700 1 -- 172.21.15.22:0/4144829684 --> [v2:172.21.15.22:3300/0,v1:172.21.15.22:6789/0] -- mon_subscribe({config=0+,monmap=0+}) v3 -- 0x7ffbc4079130 con 0x7ffbc4078be0
2024-04-16T13:35:23.019 INFO:teuthology.orchestra.run.smithi022.stdout:/usr/bin/ceph: stderr
2024-04-16T13:35:16.972+0000 7ffbc9e14700 1 --2- 172.21.15.22:0/4144829684 >> [v2:172.21.15.22:3300/0,v1:172.21.15.22:6789/0] conn(0x7ffbc4078be0 0x7ffbc4077280 secure :-1 s=READY pgs=28 cs=0 l=1 rev1=1 crypto rx=0x7ffbc00098e0 tx=0x7ffbc0009250 comp rx=0 tx=0).ready entity=mon.0 client_cookie=e49248bc6d84f6ef server_cookie=0 in_seq=0 out_seq=0
2024-04-16T13:35:23.019 INFO:teuthology.orchestra.run.smithi022.stdout:/usr/bin/ceph: stderr
2024-04-16T13:35:16.972+0000 7ffbc8e12700 1 -- 172.21.15.22:0/4144829684 <== mon.0 v2:172.21.15.22:3300/0 1 ==== mon_map magic: 0 v1 ==== 229+0+0 (secure 0 0 0) 0x7ffbc000b8f0 con 0x7ffbc4078be0
2024-04-16T13:35:23.019 INFO:teuthology.orchestra.run.smithi022.stdout:/usr/bin/ceph: stderr
2024-04-16T13:35:16.972+0000 7ffbc8e12700 1 -- 172.21.15.22:0/4144829684 <== mon.0 v2:172.21.15.22:3300/0 2 ==== config(27 keys) v1 ==== 1044+0+0 (secure 0 0 0) 0x7ffbc0011420 con 0x7ffbc4078be0
2024-04-16T13:35:23.019 INFO:teuthology.orchestra.run.smithi022.stdout:/usr/bin/ceph: stderr
2024-04-16T13:35:16.972+0000 7ffbc8e12700 1 -- 172.21.15.22:0/4144829684 <== mon.0 v2:172.21.15.22:3300/0 3 ==== mon_map magic: 0 v1 ==== 229+0+0 (secure 0 0 0) 0x7ffbc0010540 con 0x7ffbc4078be0
2024-04-16T13:35:23.019 INFO:teuthology.orchestra.run.smithi022.stdout:/usr/bin/ceph: stderr
2024-04-16T13:35:16.973+0000 7ffbcc078700 1 -- 172.21.15.22:0/4144829684 >> [v2:172.21.15.22:3300/0,v1:172.21.15.22:6789/0] conn(0x7ffbc4078be0 msgr2=0x7ffbc4077280 secure :-1 s=STATE_CONNECTION_ESTABLISHED l=1).mark_down
2024-04-16T13:35:23.020 INFO:teuthology.orchestra.run.smithi022.stdout:/usr/bin/ceph: stderr
2024-04-16T13:35:16.973+0000 7ffbcc078700 1 --2- 172.21.15.22:0/4144829684 >> [v2:172.21.15.22:3300/0,v1:172.21.15.22:6789/0] conn(0x7ffbc4078be0 0x7ffbc4077280 secure :-1 s=READY pgs=28 cs=0 l=1 rev1=1 crypto rx=0x7ffbc00098e0 tx=0x7ffbc0009250 comp rx=0 tx=0).stop
2024-04-16T13:35:23.020 INFO:teuthology.orchestra.run.smithi022.stdout:/usr/bin/ceph: stderr
2024-04-16T13:35:16.973+0000 7ffbcc078700 1 -- 172.21.15.22:0/4144829684 shutdown_connections
2024-04-16T13:35:23.020 INFO:teuthology.orchestra.run.smithi022.stdout:/usr/bin/ceph: stderr
2024-04-16T13:35:16.973+0000 7ffbcc078700 1 --2- 172.21.15.22:0/4144829684 >> [v2:172.21.15.22:3300/0,v1:172.21.15.22:6789/0] conn(0x7ffbc4078be0 0x7ffbc4077280 unknown :-1 s=CLOSED pgs=28 cs=0 l=1 rev1=1 crypto rx=0 tx=0 comp rx=0 tx=0).stop
2024-04-16T13:35:23.020 INFO:teuthology.orchestra.run.smithi022.stdout:/usr/bin/ceph: stderr
2024-04-16T13:35:16.973+0000 7ffbcc078700 1 -- 172.21.15.22:0/4144829684 >> 172.21.15.22:0/4144829684 conn(0x7ffbc40fe0e0 msgr2=0x7ffbc4100530 unknown :-1 s=STATE_NONE l=0).mark_down
2024-04-16T13:35:23.020 INFO:teuthology.orchestra.run.smithi022.stdout:/usr/bin/ceph: stderr
2024-04-16T13:35:16.973+0000 7ffbcc078700 1 -- 172.21.15.22:0/4144829684 shutdown_connections
2024-04-16T13:35:23.020 INFO:teuthology.orchestra.run.smithi022.stdout:/usr/bin/ceph: stderr
2024-04-16T13:35:16.973+0000 7ffbcc078700 1 -- 172.21.15.22:0/4144829684 wait complete.
2024-04-16T13:35:23.020 INFO:teuthology.orchestra.run.smithi022.stdout:/usr/bin/ceph: stderr
2024-04-16T13:35:16.973+0000 7ffbcc078700 1 Processor -- start
2024-04-16T13:35:23.020 INFO:teuthology.orchestra.run.smithi022.stdout:/usr/bin/ceph: stderr
2024-04-16T13:35:16.974+0000 7ffbcc078700 1 -- start start
2024-04-16T13:35:23.020 INFO:teuthology.orchestra.run.smithi022.stdout:/usr/bin/ceph: stderr
2024-04-16T13:35:16.974+0000 7ffbcc078700 1 --2- >> [v2:172.21.15.22:3300/0,v1:172.21.15.22:6789/0] conn(0x7ffbc4078be0 0x7ffbc4113990 unknown :-1 s=NONE pgs=0 cs=0 l=1 rev1=0 crypto rx=0 tx=0 comp rx=0 tx=0).connect
2024-04-16T13:35:23.020 INFO:teuthology.orchestra.run.smithi022.stdout:/usr/bin/ceph: stderr
2024-04-16T13:35:16.974+0000 7ffbcc078700 1 -- --> [v2:172.21.15.22:3300/0,v1:172.21.15.22:6789/0] -- mon_getmap magic: 0 v1 -- 0x7ffbc4113ed0 con 0x7ffbc4078be0
2024-04-16T13:35:23.020 INFO:teuthology.orchestra.run.smithi022.stdout:/usr/bin/ceph: stderr
2024-04-16T13:35:16.974+0000 7ffbc9e14700 1 --2- >> [v2:172.21.15.22:3300/0,v1:172.21.15.22:6789/0] conn(0x7ffbc4078be0 0x7ffbc4113990 unknown :-1 s=BANNER_CONNECTING pgs=0 cs=0 l=1 rev1=0 crypto rx=0 tx=0 comp rx=0 tx=0)._handle_peer_banner_payload supported=3 required=0
2024-04-16T13:35:23.020 INFO:teuthology.orchestra.run.smithi022.stdout:/usr/bin/ceph: stderr
2024-04-16T13:35:16.974+0000 7ffbc9e14700 1 --2- >> [v2:172.21.15.22:3300/0,v1:172.21.15.22:6789/0] conn(0x7ffbc4078be0 0x7ffbc4113990 unknown :-1 s=HELLO_CONNECTING pgs=0 cs=0 l=1 rev1=1 crypto rx=0 tx=0 comp rx=0 tx=0).handle_hello peer v2:172.21.15.22:3300/0 says I am v2:172.21.15.22:45600/0 (socket says 172.21.15.22:45600)
2024-04-16T13:35:23.020 INFO:teuthology.orchestra.run.smithi022.stdout:/usr/bin/ceph: stderr
2024-04-16T13:35:16.974+0000 7ffbc9e14700 1 -- 172.21.15.22:0/638072741 learned_addr learned my addr 172.21.15.22:0/638072741 (peer_addr_for_me v2:172.21.15.22:0/0)
2024-04-16T13:35:23.020 INFO:teuthology.orchestra.run.smithi022.stdout:/usr/bin/ceph: stderr
2024-04-16T13:35:16.974+0000 7ffbc9e14700 1 -- 172.21.15.22:0/638072741 --> [v2:172.21.15.22:3300/0,v1:172.21.15.22:6789/0] -- mon_subscribe({config=0+,monmap=0+}) v3 -- 0x7ffbc00094f0 con 0x7ffbc4078be0
2024-04-16T13:35:23.021 INFO:teuthology.orchestra.run.smithi022.stdout:/usr/bin/ceph: stderr
2024-04-16T13:35:16.974+0000 7ffbc9e14700 1 --2- 172.21.15.22:0/638072741 >> [v2:172.21.15.22:3300/0,v1:172.21.15.22:6789/0] conn(0x7ffbc4078be0 0x7ffbc4113990 secure :-1 s=READY pgs=29 cs=0 l=1 rev1=1 crypto rx=0x7ffbc00094c0 tx=0x7ffbc0009250 comp rx=0 tx=0).ready entity=mon.0 client_cookie=0 server_cookie=0 in_seq=0 out_seq=0
2024-04-16T13:35:23.021 INFO:teuthology.orchestra.run.smithi022.stdout:/usr/bin/ceph: stderr
2024-04-16T13:35:16.974+0000 7ffbba7fc700 1 -- 172.21.15.22:0/638072741 <== mon.0 v2:172.21.15.22:3300/0 1 ==== mon_map magic: 0 v1 ==== 229+0+0 (secure 0 0 0) 0x7ffbc0010800 con 0x7ffbc4078be0
2024-04-16T13:35:23.021 INFO:teuthology.orchestra.run.smithi022.stdout:/usr/bin/ceph: stderr
2024-04-16T13:35:16.974+0000 7ffbba7fc700 1 -- 172.21.15.22:0/638072741 <== mon.0 v2:172.21.15.22:3300/0 2 ==== config(27 keys) v1 ==== 1044+0+0 (secure 0 0 0) 0x7ffbc0010df0 con 0x7ffbc4078be0
2024-04-16T13:35:23.021 INFO:teuthology.orchestra.run.smithi022.stdout:/usr/bin/ceph: stderr
2024-04-16T13:35:16.974+0000 7ffbcc078700 1 -- 172.21.15.22:0/638072741 --> [v2:172.21.15.22:3300/0,v1:172.21.15.22:6789/0] -- mon_subscribe({mgrmap=0+}) v3 -- 0x7ffbc41140d0 con 0x7ffbc4078be0
2024-04-16T13:35:23.021 INFO:teuthology.orchestra.run.smithi022.stdout:/usr/bin/ceph: stderr
2024-04-16T13:35:16.974+0000 7ffbba7fc700 1 -- 172.21.15.22:0/638072741 <== mon.0 v2:172.21.15.22:3300/0 3 ==== mon_map magic: 0 v1 ==== 229+0+0 (secure 0 0 0) 0x7ffbc0024e50 con 0x7ffbc4078be0
2024-04-16T13:35:23.021 INFO:teuthology.orchestra.run.smithi022.stdout:/usr/bin/ceph: stderr
2024-04-16T13:35:16.975+0000 7ffbcc078700 1 -- 172.21.15.22:0/638072741 --> [v2:172.21.15.22:3300/0,v1:172.21.15.22:6789/0] -- mon_subscribe({osdmap=0}) v3 -- 0x7ffbc4114c40 con 0x7ffbc4078be0
2024-04-16T13:35:23.021 INFO:teuthology.orchestra.run.smithi022.stdout:/usr/bin/ceph: stderr
2024-04-16T13:35:16.975+0000 7ffbba7fc700 1 -- 172.21.15.22:0/638072741 <== mon.0 v2:172.21.15.22:3300/0 4 ==== mgrmap(e 5) v1 ==== 43376+0+0 (secure 0 0 0) 0x7ffbc001a470 con 0x7ffbc4078be0
2024-04-16T13:35:23.021 INFO:teuthology.orchestra.run.smithi022.stdout:/usr/bin/ceph: stderr
2024-04-16T13:35:16.976+0000 7ffbba7fc700 1 --2- 172.21.15.22:0/638072741 >> [v2:172.21.15.22:6800/3806329198,v1:172.21.15.22:6801/3806329198] conn(0x7ffbb0036790 0x7ffbb0038c40 unknown :-1 s=NONE pgs=0 cs=0 l=1 rev1=0 crypto rx=0 tx=0 comp rx=0 tx=0).connect
2024-04-16T13:35:23.021 INFO:teuthology.orchestra.run.smithi022.stdout:/usr/bin/ceph: stderr
2024-04-16T13:35:16.976+0000 7ffbba7fc700 1 -- 172.21.15.22:0/638072741 --> [v2:172.21.15.22:6800/3806329198,v1:172.21.15.22:6801/3806329198] -- command(tid 0: {"prefix": "get_command_descriptions"}) v1 -- 0x7ffbb0039350 con 0x7ffbb0036790
2024-04-16T13:35:23.021 INFO:teuthology.orchestra.run.smithi022.stdout:/usr/bin/ceph: stderr
2024-04-16T13:35:16.976+0000 7ffbba7fc700 1 -- 172.21.15.22:0/638072741 <== mon.0 v2:172.21.15.22:3300/0 5 ==== osd_map(1..1 src has 1..1) v4 ==== 721+0+0 (secure 0 0 0) 0x7ffbc004a660 con 0x7ffbc4078be0
2024-04-16T13:35:23.021 INFO:teuthology.orchestra.run.smithi022.stdout:/usr/bin/ceph: stderr
2024-04-16T13:35:16.976+0000 7ffbc9613700 1 -- 172.21.15.22:0/638072741 >> [v2:172.21.15.22:6800/3806329198,v1:172.21.15.22:6801/3806329198] conn(0x7ffbb0036790 msgr2=0x7ffbb0038c40 unknown :-1 s=STATE_CONNECTING_RE l=1).process reconnect failed to v2:172.21.15.22:6800/3806329198
2024-04-16T13:35:23.021 INFO:teuthology.orchestra.run.smithi022.stdout:/usr/bin/ceph: stderr
2024-04-16T13:35:16.976+0000 7ffbc9613700 1 --2- 172.21.15.22:0/638072741 >> [v2:172.21.15.22:6800/3806329198,v1:172.21.15.22:6801/3806329198] conn(0x7ffbb0036790 0x7ffbb0038c40 unknown :-1 s=START_CONNECT pgs=0 cs=0 l=1 rev1=0 crypto rx=0 tx=0 comp rx=0 tx=0)._fault waiting 0.200000
2024-04-16T13:35:23.021 INFO:teuthology.orchestra.run.smithi022.stdout:/usr/bin/ceph: stderr
2024-04-16T13:35:17.177+0000 7ffbc9613700 1 -- 172.21.15.22:0/638072741 >> [v2:172.21.15.22:6800/3806329198,v1:172.21.15.22:6801/3806329198] conn(0x7ffbb0036790 msgr2=0x7ffbb0038c40 unknown :-1 s=STATE_CONNECTING_RE l=1).process reconnect failed to v2:172.21.15.22:6800/3806329198
2024-04-16T13:35:23.021 INFO:teuthology.orchestra.run.smithi022.stdout:/usr/bin/ceph: stderr
2024-04-16T13:35:17.177+0000 7ffbc9613700 1 --2- 172.21.15.22:0/638072741 >> [v2:172.21.15.22:6800/3806329198,v1:172.21.15.22:6801/3806329198] conn(0x7ffbb0036790 0x7ffbb0038c40 unknown :-1 s=START_CONNECT pgs=0 cs=0 l=1 rev1=0 crypto rx=0 tx=0 comp rx=0 tx=0)._fault waiting 0.400000
2024-04-16T13:35:23.021 INFO:teuthology.orchestra.run.smithi022.stdout:/usr/bin/ceph: stderr
2024-04-16T13:35:17.578+0000 7ffbc9613700 1 -- 172.21.15.22:0/638072741 >> [v2:172.21.15.22:6800/3806329198,v1:172.21.15.22:6801/3806329198] conn(0x7ffbb0036790 msgr2=0x7ffbb0038c40 unknown :-1 s=STATE_CONNECTING_RE l=1).process reconnect failed to v2:172.21.15.22:6800/3806329198
2024-04-16T13:35:23.022 INFO:teuthology.orchestra.run.smithi022.stdout:/usr/bin/ceph: stderr
2024-04-16T13:35:17.578+0000 7ffbc9613700 1 --2- 172.21.15.22:0/638072741 >> [v2:172.21.15.22:6800/3806329198,v1:172.21.15.22:6801/3806329198] conn(0x7ffbb0036790 0x7ffbb0038c40 unknown :-1 s=START_CONNECT pgs=0 cs=0 l=1 rev1=0 crypto rx=0 tx=0 comp rx=0 tx=0)._fault waiting 0.800000
2024-04-16T13:35:23.022 INFO:teuthology.orchestra.run.smithi022.stdout:/usr/bin/ceph: stderr
2024-04-16T13:35:18.379+0000 7ffbc9613700 1 -- 172.21.15.22:0/638072741 >> [v2:172.21.15.22:6800/3806329198,v1:172.21.15.22:6801/3806329198] conn(0x7ffbb0036790 msgr2=0x7ffbb0038c40 unknown :-1 s=STATE_CONNECTING_RE l=1).process reconnect failed to v2:172.21.15.22:6800/3806329198
2024-04-16T13:35:23.022 INFO:teuthology.orchestra.run.smithi022.stdout:/usr/bin/ceph: stderr
2024-04-16T13:35:18.379+0000 7ffbc9613700 1 --2- 172.21.15.22:0/638072741 >> [v2:172.21.15.22:6800/3806329198,v1:172.21.15.22:6801/3806329198] conn(0x7ffbb0036790 0x7ffbb0038c40 unknown :-1 s=START_CONNECT pgs=0 cs=0 l=1 rev1=0 crypto rx=0 tx=0 comp rx=0 tx=0)._fault waiting 1.600000
2024-04-16T13:35:23.022 INFO:teuthology.orchestra.run.smithi022.stdout:/usr/bin/ceph: stderr
2024-04-16T13:35:19.980+0000 7ffbc9613700 1 -- 172.21.15.22:0/638072741 >> [v2:172.21.15.22:6800/3806329198,v1:172.21.15.22:6801/3806329198] conn(0x7ffbb0036790 msgr2=0x7ffbb0038c40 unknown :-1 s=STATE_CONNECTING_RE l=1).process reconnect failed to v2:172.21.15.22:6800/3806329198
2024-04-16T13:35:23.022 INFO:teuthology.orchestra.run.smithi022.stdout:/usr/bin/ceph: stderr
2024-04-16T13:35:19.980+0000 7ffbc9613700 1 --2- 172.21.15.22:0/638072741 >> [v2:172.21.15.22:6800/3806329198,v1:172.21.15.22:6801/3806329198] conn(0x7ffbb0036790 0x7ffbb0038c40 unknown :-1 s=START_CONNECT pgs=0 cs=0 l=1 rev1=0 crypto rx=0 tx=0 comp rx=0 tx=0)._fault waiting 3.200000
2024-04-16T13:35:23.022 INFO:teuthology.orchestra.run.smithi022.stdout:/usr/bin/ceph: stderr
2024-04-16T13:35:21.418+0000 7ffbba7fc700 1 -- 172.21.15.22:0/638072741 <== mon.0 v2:172.21.15.22:3300/0 6 ==== mgrmap(e 6) v1 ==== 43143+0+0 (secure 0 0 0) 0x7ffbc001a900 con 0x7ffbc4078be0
2024-04-16T13:35:23.022 INFO:teuthology.orchestra.run.smithi022.stdout:/usr/bin/ceph: stderr
2024-04-16T13:35:21.418+0000 7ffbba7fc700 1 -- 172.21.15.22:0/638072741 >> [v2:172.21.15.22:6800/3806329198,v1:172.21.15.22:6801/3806329198] conn(0x7ffbb0036790 msgr2=0x7ffbb0038c40 unknown :-1 s=STATE_CONNECTING l=1).mark_down
2024-04-16T13:35:23.022 INFO:teuthology.orchestra.run.smithi022.stdout:/usr/bin/ceph: stderr
2024-04-16T13:35:21.418+0000 7ffbba7fc700 1 --2- 172.21.15.22:0/638072741 >> [v2:172.21.15.22:6800/3806329198,v1:172.21.15.22:6801/3806329198] conn(0x7ffbb0036790 0x7ffbb0038c40 unknown :-1 s=START_CONNECT pgs=0 cs=0 l=1 rev1=0 crypto rx=0 tx=0 comp rx=0 tx=0).stop
2024-04-16T13:35:23.022 INFO:teuthology.orchestra.run.smithi022.stdout:/usr/bin/ceph: stderr
2024-04-16T13:35:22.419+0000 7ffbba7fc700 1 -- 172.21.15.22:0/638072741 <== mon.0 v2:172.21.15.22:3300/0 7 ==== mgrmap(e 7) v1 ==== 43270+0+0 (secure 0 0 0) 0x7ffbc004c180 con 0x7ffbc4078be0
2024-04-16T13:35:23.022 INFO:teuthology.orchestra.run.smithi022.stdout:/usr/bin/ceph: stderr
2024-04-16T13:35:22.419+0000 7ffbba7fc700 1 --2- 172.21.15.22:0/638072741 >> [v2:172.21.15.22:6800/1096714459,v1:172.21.15.22:6801/1096714459] conn(0x7ffbb0039fc0 0x7ffbb003c3a0 unknown :-1 s=NONE pgs=0 cs=0 l=1 rev1=0 crypto rx=0 tx=0 comp rx=0 tx=0).connect
