2024-04-16T13:35:37.900 INFO:teuthology.orchestra.run.smithi022.stdout:/usr/bin/ceph: stderr
2024-04-16T13:35:36.612+0000 7f18d37fe700 1 --2- 172.21.15.22:0/3525390831 >> [v2:172.21.15.22:6800/1096714459,v1:172.21.15.22:6801/1096714459] conn(0x7f18bc0367e0 0x7f18bc038c90 secure :-1 s=READY pgs=15 cs=0 l=1 rev1=1 crypto rx=0x7f18c8009990 tx=0x7f18c8006e40 comp rx=0 tx=0).ready entity=mgr.14120 client_cookie=0 server_cookie=0 in_seq=0 out_seq=0
2024-04-16T13:35:37.900 INFO:teuthology.orchestra.run.smithi022.stdout:/usr/bin/ceph: stderr
2024-04-16T13:35:36.619+0000 7f18d0ff9700 1 -- 172.21.15.22:0/3525390831 <== mon.0 v2:172.21.15.22:3300/0 6 ==== mon_command_ack([{"prefix": "get_command_descriptions"}]=0 v0) v1 ==== 72+0+176702 (secure 0 0 0) 0x7f18c4010e20 con 0x7f18d4101880
2024-04-16T13:35:37.900 INFO:teuthology.orchestra.run.smithi022.stdout:/usr/bin/ceph: stderr
2024-04-16T13:35:36.839+0000 7f18da3ae700 1 -- 172.21.15.22:0/3525390831 --> [v2:172.21.15.22:6800/1096714459,v1:172.21.15.22:6801/1096714459] -- mgr_command(tid 0: {"prefix": "orch apply", "service_type": "prometheus", "target": ["mon-mgr", ""]}) v1 -- 0x7f18d4110ae0 con 0x7f18bc0367e0
2024-04-16T13:35:37.900 INFO:teuthology.orchestra.run.smithi022.stdout:/usr/bin/ceph: stderr
2024-04-16T13:35:36.843+0000 7f18d0ff9700 1 -- 172.21.15.22:0/3525390831 <== mgr.14120 v2:172.21.15.22:6800/1096714459 1 ==== mgr_command_reply(tid 0: 0 ) v1 ==== 8+0+31 (secure 0 0 0) 0x7f18d4110ae0 con 0x7f18bc0367e0
2024-04-16T13:35:37.900 INFO:teuthology.orchestra.run.smithi022.stdout:/usr/bin/ceph: stderr
2024-04-16T13:35:36.845+0000 7f18da3ae700 1 -- 172.21.15.22:0/3525390831 >> [v2:172.21.15.22:6800/1096714459,v1:172.21.15.22:6801/1096714459] conn(0x7f18bc0367e0 msgr2=0x7f18bc038c90 secure :-1 s=STATE_CONNECTION_ESTABLISHED l=1).mark_down
2024-04-16T13:35:37.900 INFO:teuthology.orchestra.run.smithi022.stdout:/usr/bin/ceph: stderr
2024-04-16T13:35:36.845+0000 7f18da3ae700 1 --2- 172.21.15.22:0/3525390831 >> [v2:172.21.15.22:6800/1096714459,v1:172.21.15.22:6801/1096714459] conn(0x7f18bc0367e0 0x7f18bc038c90 secure :-1 s=READY pgs=15 cs=0 l=1 rev1=1 crypto rx=0x7f18c8009990 tx=0x7f18c8006e40 comp rx=0 tx=0).stop
2024-04-16T13:35:37.900 INFO:teuthology.orchestra.run.smithi022.stdout:/usr/bin/ceph: stderr
2024-04-16T13:35:36.845+0000 7f18da3ae700 1 -- 172.21.15.22:0/3525390831 >> [v2:172.21.15.22:3300/0,v1:172.21.15.22:6789/0] conn(0x7f18d4101880 msgr2=0x7f18d410f480 secure :-1 s=STATE_CONNECTION_ESTABLISHED l=1).mark_down
2024-04-16T13:35:37.900 INFO:teuthology.orchestra.run.smithi022.stdout:/usr/bin/ceph: stderr
2024-04-16T13:35:36.845+0000 7f18da3ae700 1 --2- 172.21.15.22:0/3525390831 >> [v2:172.21.15.22:3300/0,v1:172.21.15.22:6789/0] conn(0x7f18d4101880 0x7f18d410f480 secure :-1 s=READY pgs=54 cs=0 l=1 rev1=1 crypto rx=0x7f18c400df30 tx=0x7f18c400b4f0 comp rx=0 tx=0).stop
2024-04-16T13:35:37.901 INFO:teuthology.orchestra.run.smithi022.stdout:/usr/bin/ceph: stderr
2024-04-16T13:35:36.845+0000 7f18da3ae700 1 -- 172.21.15.22:0/3525390831 shutdown_connections
2024-04-16T13:35:37.901 INFO:teuthology.orchestra.run.smithi022.stdout:/usr/bin/ceph: stderr
2024-04-16T13:35:36.845+0000 7f18da3ae700 1 --2- 172.21.15.22:0/3525390831 >> [v2:172.21.15.22:6800/1096714459,v1:172.21.15.22:6801/1096714459] conn(0x7f18bc0367e0 0x7f18bc038c90 unknown :-1 s=CLOSED pgs=15 cs=0 l=1 rev1=1 crypto rx=0 tx=0 comp rx=0 tx=0).stop
2024-04-16T13:35:37.901 INFO:teuthology.orchestra.run.smithi022.stdout:/usr/bin/ceph: stderr
2024-04-16T13:35:36.845+0000 7f18da3ae700 1 --2- 172.21.15.22:0/3525390831 >> [v2:172.21.15.22:3300/0,v1:172.21.15.22:6789/0] conn(0x7f18d4101880 0x7f18d410f480 unknown :-1 s=CLOSED pgs=54 cs=0 l=1 rev1=1 crypto rx=0 tx=0 comp rx=0 tx=0).stop
2024-04-16T13:35:37.901 INFO:teuthology.orchestra.run.smithi022.stdout:/usr/bin/ceph: stderr
2024-04-16T13:35:36.845+0000 7f18da3ae700 1 -- 172.21.15.22:0/3525390831 >> 172.21.15.22:0/3525390831 conn(0x7f18d40fcfc0 msgr2=0x7f18d4105c70 unknown :-1 s=STATE_NONE l=0).mark_down
2024-04-16T13:35:37.901 INFO:teuthology.orchestra.run.smithi022.stdout:/usr/bin/ceph: stderr
2024-04-16T13:35:36.845+0000 7f18da3ae700 1 -- 172.21.15.22:0/3525390831 shutdown_connections
2024-04-16T13:35:37.901 INFO:teuthology.orchestra.run.smithi022.stdout:/usr/bin/ceph: stderr
2024-04-16T13:35:36.845+0000 7f18da3ae700 1 -- 172.21.15.22:0/3525390831 wait complete.
2024-04-16T13:35:37.901 INFO:teuthology.orchestra.run.smithi022.stdout:Deploying grafana service with default placement...
2024-04-16T13:35:38.822 INFO:journalctl@ceph.mon.smithi022.smithi022.stdout:Apr 16 13:35:38 smithi022 ceph-mon[29207]: from='client.14148 -' entity='client.admin' cmd=[{"prefix": "orch apply", "service_type": "prometheus", "target": ["mon-mgr", ""]}]: dispatch
2024-04-16T13:35:38.822 INFO:journalctl@ceph.mon.smithi022.smithi022.stdout:Apr 16 13:35:38 smithi022 ceph-mon[29207]: Saving service prometheus spec with placement count:1
2024-04-16T13:35:38.822 INFO:journalctl@ceph.mon.smithi022.smithi022.stdout:Apr 16 13:35:38 smithi022 ceph-mon[29207]: from='mgr.14120 172.21.15.22:0/875141347' entity='mgr.smithi022.dkpxjn'
2024-04-16T13:35:38.822 INFO:journalctl@ceph.mon.smithi022.smithi022.stdout:Apr 16 13:35:38 smithi022 ceph-mon[29207]: from='mgr.14120 172.21.15.22:0/875141347' entity='mgr.smithi022.dkpxjn'
2024-04-16T13:35:39.112 INFO:teuthology.orchestra.run.smithi022.stdout:/usr/bin/ceph: stdout Scheduled grafana update...
2024-04-16T13:35:39.112 INFO:teuthology.orchestra.run.smithi022.stdout:/usr/bin/ceph: stderr
2024-04-16T13:35:38.332+0000 7f4838f26700 1 Processor -- start
2024-04-16T13:35:39.112 INFO:teuthology.orchestra.run.smithi022.stdout:/usr/bin/ceph: stderr
2024-04-16T13:35:38.332+0000 7f4838f26700 1 -- start start
2024-04-16T13:35:39.112 INFO:teuthology.orchestra.run.smithi022.stdout:/usr/bin/ceph: stderr
2024-04-16T13:35:38.332+0000 7f4838f26700 1 --2- >> [v2:172.21.15.22:3300/0,v1:172.21.15.22:6789/0] conn(0x7f4834076b80 0x7f4834105520 unknown :-1 s=NONE pgs=0 cs=0 l=0 rev1=0 crypto rx=0 tx=0 comp rx=0 tx=0).connect
2024-04-16T13:35:39.112 INFO:teuthology.orchestra.run.smithi022.stdout:/usr/bin/ceph: stderr
2024-04-16T13:35:38.332+0000 7f4838f26700 1 -- --> [v2:172.21.15.22:3300/0,v1:172.21.15.22:6789/0] -- mon_getmap magic: 0 v1 -- 0x7f4834076f90 con 0x7f4834076b80
2024-04-16T13:35:39.112 INFO:teuthology.orchestra.run.smithi022.stdout:/usr/bin/ceph: stderr
2024-04-16T13:35:38.332+0000 7f483259c700 1 --2- >> [v2:172.21.15.22:3300/0,v1:172.21.15.22:6789/0] conn(0x7f4834076b80 0x7f4834105520 unknown :-1 s=BANNER_CONNECTING pgs=0 cs=0 l=0 rev1=0 crypto rx=0 tx=0 comp rx=0 tx=0)._handle_peer_banner_payload supported=3 required=0
2024-04-16T13:35:39.112 INFO:teuthology.orchestra.run.smithi022.stdout:/usr/bin/ceph: stderr
2024-04-16T13:35:38.333+0000 7f483259c700 1 --2- >> [v2:172.21.15.22:3300/0,v1:172.21.15.22:6789/0] conn(0x7f4834076b80 0x7f4834105520 unknown :-1 s=HELLO_CONNECTING pgs=0 cs=0 l=0 rev1=1 crypto rx=0 tx=0 comp rx=0 tx=0).handle_hello peer v2:172.21.15.22:3300/0 says I am v2:172.21.15.22:45238/0 (socket says 172.21.15.22:45238)
2024-04-16T13:35:39.113 INFO:teuthology.orchestra.run.smithi022.stdout:/usr/bin/ceph: stderr
2024-04-16T13:35:38.333+0000 7f483259c700 1 -- 172.21.15.22:0/3214463683 learned_addr learned my addr 172.21.15.22:0/3214463683 (peer_addr_for_me v2:172.21.15.22:0/0)
2024-04-16T13:35:39.113 INFO:teuthology.orchestra.run.smithi022.stdout:/usr/bin/ceph: stderr
2024-04-16T13:35:38.333+0000 7f483259c700 1 -- 172.21.15.22:0/3214463683 --> [v2:172.21.15.22:3300/0,v1:172.21.15.22:6789/0] -- mon_subscribe({config=0+,monmap=0+}) v3 -- 0x7f4834105a60 con 0x7f4834076b80
2024-04-16T13:35:39.113 INFO:teuthology.orchestra.run.smithi022.stdout:/usr/bin/ceph: stderr
2024-04-16T13:35:38.333+0000 7f483259c700 1 --2- 172.21.15.22:0/3214463683 >> [v2:172.21.15.22:3300/0,v1:172.21.15.22:6789/0] conn(0x7f4834076b80 0x7f4834105520 secure :-1 s=READY pgs=55 cs=0 l=1 rev1=1 crypto rx=0x7f48240098e0 tx=0x7f4824009250 comp rx=0 tx=0).ready entity=mon.0 client_cookie=fe35ad6cf346bf66 server_cookie=0 in_seq=0 out_seq=0
2024-04-16T13:35:39.113 INFO:teuthology.orchestra.run.smithi022.stdout:/usr/bin/ceph: stderr
2024-04-16T13:35:38.333+0000 7f483159a700 1 -- 172.21.15.22:0/3214463683 <== mon.0 v2:172.21.15.22:3300/0 1 ==== mon_map magic: 0 v1 ==== 229+0+0 (secure 0 0 0) 0x7f482400b860 con 0x7f4834076b80
2024-04-16T13:35:39.113 INFO:teuthology.orchestra.run.smithi022.stdout:/usr/bin/ceph: stderr
2024-04-16T13:35:38.333+0000 7f483159a700 1 -- 172.21.15.22:0/3214463683 <== mon.0 v2:172.21.15.22:3300/0 2 ==== config(27 keys) v1 ==== 1109+0+0 (secure 0 0 0) 0x7f482400be90 con 0x7f4834076b80
2024-04-16T13:35:39.113 INFO:teuthology.orchestra.run.smithi022.stdout:/usr/bin/ceph: stderr
2024-04-16T13:35:38.334+0000 7f483159a700 1 -- 172.21.15.22:0/3214463683 <== mon.0 v2:172.21.15.22:3300/0 3 ==== mon_map magic: 0 v1 ==== 229+0+0 (secure 0 0 0) 0x7f48240103c0 con 0x7f4834076b80
2024-04-16T13:35:39.113 INFO:teuthology.orchestra.run.smithi022.stdout:/usr/bin/ceph: stderr
2024-04-16T13:35:38.334+0000 7f4838f26700 1 -- 172.21.15.22:0/3214463683 >> [v2:172.21.15.22:3300/0,v1:172.21.15.22:6789/0] conn(0x7f4834076b80 msgr2=0x7f4834105520 secure :-1 s=STATE_CONNECTION_ESTABLISHED l=1).mark_down
2024-04-16T13:35:39.113 INFO:teuthology.orchestra.run.smithi022.stdout:/usr/bin/ceph: stderr
2024-04-16T13:35:38.334+0000 7f4838f26700 1 --2- 172.21.15.22:0/3214463683 >> [v2:172.21.15.22:3300/0,v1:172.21.15.22:6789/0] conn(0x7f4834076b80 0x7f4834105520 secure :-1 s=READY pgs=55 cs=0 l=1 rev1=1 crypto rx=0x7f48240098e0 tx=0x7f4824009250 comp rx=0 tx=0).stop
2024-04-16T13:35:39.113 INFO:teuthology.orchestra.run.smithi022.stdout:/usr/bin/ceph: stderr
2024-04-16T13:35:38.335+0000 7f4838f26700 1 -- 172.21.15.22:0/3214463683 shutdown_connections
2024-04-16T13:35:39.113 INFO:teuthology.orchestra.run.smithi022.stdout:/usr/bin/ceph: stderr
2024-04-16T13:35:38.335+0000 7f4838f26700 1 --2- 172.21.15.22:0/3214463683 >> [v2:172.21.15.22:3300/0,v1:172.21.15.22:6789/0] conn(0x7f4834076b80 0x7f4834105520 unknown :-1 s=CLOSED pgs=55 cs=0 l=1 rev1=1 crypto rx=0 tx=0 comp rx=0 tx=0).stop
2024-04-16T13:35:39.113 INFO:teuthology.orchestra.run.smithi022.stdout:/usr/bin/ceph: stderr
2024-04-16T13:35:38.335+0000 7f4838f26700 1 -- 172.21.15.22:0/3214463683 >> 172.21.15.22:0/3214463683 conn(0x7f48340fcfd0 msgr2=0x7f48340ff3e0 unknown :-1 s=STATE_NONE l=0).mark_down
2024-04-16T13:35:39.113 INFO:teuthology.orchestra.run.smithi022.stdout:/usr/bin/ceph: stderr
2024-04-16T13:35:38.335+0000 7f4838f26700 1 -- 172.21.15.22:0/3214463683 shutdown_connections
2024-04-16T13:35:39.114 INFO:teuthology.orchestra.run.smithi022.stdout:/usr/bin/ceph: stderr
2024-04-16T13:35:38.335+0000 7f4838f26700 1 -- 172.21.15.22:0/3214463683 wait complete.
2024-04-16T13:35:39.114 INFO:teuthology.orchestra.run.smithi022.stdout:/usr/bin/ceph: stderr
2024-04-16T13:35:38.335+0000 7f4838f26700 1 Processor -- start
2024-04-16T13:35:39.114 INFO:teuthology.orchestra.run.smithi022.stdout:/usr/bin/ceph: stderr
2024-04-16T13:35:38.335+0000 7f4838f26700 1 -- start start
2024-04-16T13:35:39.114 INFO:teuthology.orchestra.run.smithi022.stdout:/usr/bin/ceph: stderr
2024-04-16T13:35:38.336+0000 7f4838f26700 1 --2- >> [v2:172.21.15.22:3300/0,v1:172.21.15.22:6789/0] conn(0x7f4834076b80 0x7f48341116d0 unknown :-1 s=NONE pgs=0 cs=0 l=1 rev1=0 crypto rx=0 tx=0 comp rx=0 tx=0).connect
2024-04-16T13:35:39.114 INFO:teuthology.orchestra.run.smithi022.stdout:/usr/bin/ceph: stderr
2024-04-16T13:35:38.336+0000 7f4838f26700 1 -- --> [v2:172.21.15.22:3300/0,v1:172.21.15.22:6789/0] -- mon_getmap magic: 0 v1 -- 0x7f4834111c10 con 0x7f4834076b80
2024-04-16T13:35:39.114 INFO:teuthology.orchestra.run.smithi022.stdout:/usr/bin/ceph: stderr
2024-04-16T13:35:38.336+0000 7f483259c700 1 --2- >> [v2:172.21.15.22:3300/0,v1:172.21.15.22:6789/0] conn(0x7f4834076b80 0x7f48341116d0 unknown :-1 s=BANNER_CONNECTING pgs=0 cs=0 l=1 rev1=0 crypto rx=0 tx=0 comp rx=0 tx=0)._handle_peer_banner_payload supported=3 required=0
2024-04-16T13:35:39.114 INFO:teuthology.orchestra.run.smithi022.stdout:/usr/bin/ceph: stderr
2024-04-16T13:35:38.336+0000 7f483259c700 1 --2- >> [v2:172.21.15.22:3300/0,v1:172.21.15.22:6789/0] conn(0x7f4834076b80 0x7f48341116d0 unknown :-1 s=HELLO_CONNECTING pgs=0 cs=0 l=1 rev1=1 crypto rx=0 tx=0 comp rx=0 tx=0).handle_hello peer v2:172.21.15.22:3300/0 says I am v2:172.21.15.22:45248/0 (socket says 172.21.15.22:45248)
2024-04-16T13:35:39.114 INFO:teuthology.orchestra.run.smithi022.stdout:/usr/bin/ceph: stderr
2024-04-16T13:35:38.336+0000 7f483259c700 1 -- 172.21.15.22:0/1215023940 learned_addr learned my addr 172.21.15.22:0/1215023940 (peer_addr_for_me v2:172.21.15.22:0/0)
2024-04-16T13:35:39.114 INFO:teuthology.orchestra.run.smithi022.stdout:/usr/bin/ceph: stderr
2024-04-16T13:35:38.336+0000 7f483259c700 1 -- 172.21.15.22:0/1215023940 --> [v2:172.21.15.22:3300/0,v1:172.21.15.22:6789/0] -- mon_subscribe({config=0+,monmap=0+}) v3 -- 0x7f48240094f0 con 0x7f4834076b80
2024-04-16T13:35:39.114 INFO:teuthology.orchestra.run.smithi022.stdout:/usr/bin/ceph: stderr
2024-04-16T13:35:38.336+0000 7f483259c700 1 --2- 172.21.15.22:0/1215023940 >> [v2:172.21.15.22:3300/0,v1:172.21.15.22:6789/0] conn(0x7f4834076b80 0x7f48341116d0 secure :-1 s=READY pgs=56 cs=0 l=1 rev1=1 crypto rx=0x7f48240094c0 tx=0x7f4824009250 comp rx=0 tx=0).ready entity=mon.0 client_cookie=0 server_cookie=0 in_seq=0 out_seq=0
2024-04-16T13:35:39.114 INFO:teuthology.orchestra.run.smithi022.stdout:/usr/bin/ceph: stderr
2024-04-16T13:35:38.336+0000 7f4822ffd700 1 -- 172.21.15.22:0/1215023940 <== mon.0 v2:172.21.15.22:3300/0 1 ==== mon_map magic: 0 v1 ==== 229+0+0 (secure 0 0 0) 0x7f4824010890 con 0x7f4834076b80
2024-04-16T13:35:39.114 INFO:teuthology.orchestra.run.smithi022.stdout:/usr/bin/ceph: stderr
2024-04-16T13:35:38.336+0000 7f4822ffd700 1 -- 172.21.15.22:0/1215023940 <== mon.0 v2:172.21.15.22:3300/0 2 ==== config(27 keys) v1 ==== 1109+0+0 (secure 0 0 0) 0x7f4824010ec0 con 0x7f4834076b80
2024-04-16T13:35:39.114 INFO:teuthology.orchestra.run.smithi022.stdout:/usr/bin/ceph: stderr
2024-04-16T13:35:38.336+0000 7f4838f26700 1 -- 172.21.15.22:0/1215023940 --> [v2:172.21.15.22:3300/0,v1:172.21.15.22:6789/0] -- mon_subscribe({mgrmap=0+}) v3 -- 0x7f4834111e10 con 0x7f4834076b80
2024-04-16T13:35:39.114 INFO:teuthology.orchestra.run.smithi022.stdout:/usr/bin/ceph: stderr
2024-04-16T13:35:38.337+0000 7f4822ffd700 1 -- 172.21.15.22:0/1215023940 <== mon.0 v2:172.21.15.22:3300/0 3 ==== mon_map magic: 0 v1 ==== 229+0+0 (secure 0 0 0) 0x7f48240243f0 con 0x7f4834076b80
2024-04-16T13:35:39.115 INFO:teuthology.orchestra.run.smithi022.stdout:/usr/bin/ceph: stderr
2024-04-16T13:35:38.337+0000 7f4838f26700 1 -- 172.21.15.22:0/1215023940 --> [v2:172.21.15.22:3300/0,v1:172.21.15.22:6789/0] -- mon_subscribe({osdmap=0}) v3 -- 0x7f4834112980 con 0x7f4834076b80
2024-04-16T13:35:39.115 INFO:teuthology.orchestra.run.smithi022.stdout:/usr/bin/ceph: stderr
2024-04-16T13:35:38.338+0000 7f4822ffd700 1 -- 172.21.15.22:0/1215023940 <== mon.0 v2:172.21.15.22:3300/0 4 ==== mgrmap(e 8) v1 ==== 43376+0+0 (secure 0 0 0) 0x7f48240193c0 con 0x7f4834076b80
2024-04-16T13:35:39.115 INFO:teuthology.orchestra.run.smithi022.stdout:/usr/bin/ceph: stderr
2024-04-16T13:35:38.338+0000 7f4822ffd700 1 --2- 172.21.15.22:0/1215023940 >> [v2:172.21.15.22:6800/1096714459,v1:172.21.15.22:6801/1096714459] conn(0x7f481c036790 0x7f481c038c40 unknown :-1 s=NONE pgs=0 cs=0 l=1 rev1=0 crypto rx=0 tx=0 comp rx=0 tx=0).connect
2024-04-16T13:35:39.115 INFO:teuthology.orchestra.run.smithi022.stdout:/usr/bin/ceph: stderr
2024-04-16T13:35:38.338+0000 7f4822ffd700 1 -- 172.21.15.22:0/1215023940 <== mon.0 v2:172.21.15.22:3300/0 5 ==== osd_map(2..2 src has 1..2) v4 ==== 936+0+0 (secure 0 0 0) 0x7f482404f590 con 0x7f4834076b80
2024-04-16T13:35:39.115 INFO:teuthology.orchestra.run.smithi022.stdout:/usr/bin/ceph: stderr
2024-04-16T13:35:38.338+0000 7f4831d9b700 1 --2- 172.21.15.22:0/1215023940 >> [v2:172.21.15.22:6800/1096714459,v1:172.21.15.22:6801/1096714459] conn(0x7f481c036790 0x7f481c038c40 unknown :-1 s=BANNER_CONNECTING pgs=0 cs=0 l=1 rev1=0 crypto rx=0 tx=0 comp rx=0 tx=0)._handle_peer_banner_payload supported=3 required=0
2024-04-16T13:35:39.115 INFO:teuthology.orchestra.run.smithi022.stdout:/usr/bin/ceph: stderr
2024-04-16T13:35:38.338+0000 7f4831d9b700 1 --2- 172.21.15.22:0/1215023940 >> [v2:172.21.15.22:6800/1096714459,v1:172.21.15.22:6801/1096714459] conn(0x7f481c036790 0x7f481c038c40 secure :-1 s=READY pgs=16 cs=0 l=1 rev1=1 crypto rx=0x7f4828009990 tx=0x7f4828006e40 comp rx=0 tx=0).ready entity=mgr.14120 client_cookie=0 server_cookie=0 in_seq=0 out_seq=0
2024-04-16T13:35:39.115 INFO:teuthology.orchestra.run.smithi022.stdout:/usr/bin/ceph: stderr
2024-04-16T13:35:38.338+0000 7f4838f26700 1 -- 172.21.15.22:0/1215023940 --> [v2:172.21.15.22:3300/0,v1:172.21.15.22:6789/0] -- mon_command({"prefix": "get_command_descriptions"} v 0) v1 -- 0x7f483405f5f0 con 0x7f4834076b80
2024-04-16T13:35:39.115 INFO:teuthology.orchestra.run.smithi022.stdout:/usr/bin/ceph: stderr
2024-04-16T13:35:38.343+0000 7f4822ffd700 1 -- 172.21.15.22:0/1215023940 <== mon.0 v2:172.21.15.22:3300/0 6 ==== mon_command_ack([{"prefix": "get_command_descriptions"}]=0 v0) v1 ==== 72+0+176702 (secure 0 0 0) 0x7f4824050060 con 0x7f4834076b80
2024-04-16T13:35:39.115 INFO:teuthology.orchestra.run.smithi022.stdout:/usr/bin/ceph: stderr
2024-04-16T13:35:38.556+0000 7f4838f26700 1 -- 172.21.15.22:0/1215023940 --> [v2:172.21.15.22:6800/1096714459,v1:172.21.15.22:6801/1096714459] -- mgr_command(tid 0: {"prefix": "orch apply", "service_type": "grafana", "target": ["mon-mgr", ""]}) v1 -- 0x7f48340fe270 con 0x7f481c036790
2024-04-16T13:35:39.115 INFO:teuthology.orchestra.run.smithi022.stdout:/usr/bin/ceph: stderr
2024-04-16T13:35:38.564+0000 7f4822ffd700 1 -- 172.21.15.22:0/1215023940 <== mgr.14120 v2:172.21.15.22:6800/1096714459 1 ==== mgr_command_reply(tid 0: 0 ) v1 ==== 8+0+28 (secure 0 0 0) 0x7f48340fe270 con 0x7f481c036790
2024-04-16T13:35:39.115 INFO:teuthology.orchestra.run.smithi022.stdout:/usr/bin/ceph: stderr
2024-04-16T13:35:38.566+0000 7f4838f26700 1 -- 172.21.15.22:0/1215023940 >> [v2:172.21.15.22:6800/1096714459,v1:172.21.15.22:6801/1096714459] conn(0x7f481c036790 msgr2=0x7f481c038c40 secure :-1 s=STATE_CONNECTION_ESTABLISHED l=1).mark_down
2024-04-16T13:35:39.115 INFO:teuthology.orchestra.run.smithi022.stdout:/usr/bin/ceph: stderr
2024-04-16T13:35:38.566+0000 7f4838f26700 1 --2- 172.21.15.22:0/1215023940 >> [v2:172.21.15.22:6800/1096714459,v1:172.21.15.22:6801/1096714459] conn(0x7f481c036790 0x7f481c038c40 secure :-1 s=READY pgs=16 cs=0 l=1 rev1=1 crypto rx=0x7f4828009990 tx=0x7f4828006e40 comp rx=0 tx=0).stop
2024-04-16T13:35:39.115 INFO:teuthology.orchestra.run.smithi022.stdout:/usr/bin/ceph: stderr
2024-04-16T13:35:38.566+0000 7f4838f26700 1 -- 172.21.15.22:0/1215023940 >> [v2:172.21.15.22:3300/0,v1:172.21.15.22:6789/0] conn(0x7f4834076b80 msgr2=0x7f48341116d0 secure :-1 s=STATE_CONNECTION_ESTABLISHED l=1).mark_down
2024-04-16T13:35:39.115 INFO:teuthology.orchestra.run.smithi022.stdout:/usr/bin/ceph: stderr
2024-04-16T13:35:38.566+0000 7f4838f26700 1 --2- 172.21.15.22:0/1215023940 >> [v2:172.21.15.22:3300/0,v1:172.21.15.22:6789/0] conn(0x7f4834076b80 0x7f48341116d0 secure :-1 s=READY pgs=56 cs=0 l=1 rev1=1 crypto rx=0x7f48240094c0 tx=0x7f4824009250 comp rx=0 tx=0).stop
2024-04-16T13:35:39.116 INFO:teuthology.orchestra.run.smithi022.stdout:/usr/bin/ceph: stderr
2024-04-16T13:35:38.566+0000 7f4838f26700 1 -- 172.21.15.22:0/1215023940 shutdown_connections
2024-04-16T13:35:39.116 INFO:teuthology.orchestra.run.smithi022.stdout:/usr/bin/ceph: stderr
2024-04-16T13:35:38.566+0000 7f4838f26700 1 --2- 172.21.15.22:0/1215023940 >> [v2:172.21.15.22:6800/1096714459,v1:172.21.15.22:6801/1096714459] conn(0x7f481c036790 0x7f481c038c40 unknown :-1 s=CLOSED pgs=16 cs=0 l=1 rev1=1 crypto rx=0 tx=0 comp rx=0 tx=0).stop
2024-04-16T13:35:39.116 INFO:teuthology.orchestra.run.smithi022.stdout:/usr/bin/ceph: stderr
2024-04-16T13:35:38.566+0000 7f4838f26700 1 --2- 172.21.15.22:0/1215023940 >> [v2:172.21.15.22:3300/0,v1:172.21.15.22:6789/0] conn(0x7f4834076b80 0x7f48341116d0 unknown :-1 s=CLOSED pgs=56 cs=0 l=1 rev1=1 crypto rx=0 tx=0 comp rx=0 tx=0).stop
2024-04-16T13:35:39.116 INFO:teuthology.orchestra.run.smithi022.stdout:/usr/bin/ceph: stderr
2024-04-16T13:35:38.566+0000 7f4838f26700 1 -- 172.21.15.22:0/1215023940 >> 172.21.15.22:0/1215023940 conn(0x7f48340fcfd0 msgr2=0x7f48340fdb40 unknown :-1 s=STATE_NONE l=0).mark_down
2024-04-16T13:35:39.116 INFO:teuthology.orchestra.run.smithi022.stdout:/usr/bin/ceph: stderr
2024-04-16T13:35:38.566+0000 7f4838f26700 1 -- 172.21.15.22:0/1215023940 shutdown_connections
2024-04-16T13:35:39.116 INFO:teuthology.orchestra.run.smithi022.stdout:/usr/bin/ceph: stderr
2024-04-16T13:35:38.566+0000 7f4838f26700 1 -- 172.21.15.22:0/1215023940 wait complete.
2024-04-16T13:35:39.117 INFO:teuthology.orchestra.run.smithi022.stdout:Deploying node-exporter service with default placement...
2024-04-16T13:35:39.645 INFO:journalctl@ceph.mon.smithi022.smithi022.stdout:Apr 16 13:35:39 smithi022 ceph-mon[29207]: from='client.14150 -' entity='client.admin' cmd=[{"prefix": "orch apply", "service_type": "grafana", "target": ["mon-mgr", ""]}]: dispatch
2024-04-16T13:35:39.645 INFO:journalctl@ceph.mon.smithi022.smithi022.stdout:Apr 16 13:35:39 smithi022 ceph-mon[29207]: Saving service grafana spec with placement count:1
2024-04-16T13:35:39.645 INFO:journalctl@ceph.mon.smithi022.smithi022.stdout:Apr 16 13:35:39 smithi022 ceph-mon[29207]: from='mgr.14120 172.21.15.22:0/875141347' entity='mgr.smithi022.dkpxjn'
2024-04-16T13:35:40.404 INFO:teuthology.orchestra.run.smithi022.stdout:/usr/bin/ceph: stdout Scheduled node-exporter update...
2024-04-16T13:35:40.404 INFO:teuthology.orchestra.run.smithi022.stdout:/usr/bin/ceph: stderr
2024-04-16T13:35:39.466+0000 7f9ccc540700 1 Processor -- start
2024-04-16T13:35:40.404 INFO:teuthology.orchestra.run.smithi022.stdout:/usr/bin/ceph: stderr
2024-04-16T13:35:39.466+0000 7f9ccc540700 1 -- start start
2024-04-16T13:35:40.404 INFO:teuthology.orchestra.run.smithi022.stdout:/usr/bin/ceph: stderr
2024-04-16T13:35:39.466+0000 7f9ccc540700 1 --2- >> [v2:172.21.15.22:3300/0,v1:172.21.15.22:6789/0] conn(0x7f9cc4101820 0x7f9cc4101c30 unknown :-1 s=NONE pgs=0 cs=0 l=0 rev1=0 crypto rx=0 tx=0 comp rx=0 tx=0).connect
2024-04-16T13:35:40.404 INFO:teuthology.orchestra.run.smithi022.stdout:/usr/bin/ceph: stderr
2024-04-16T13:35:39.466+0000 7f9ccc540700 1 -- --> [v2:172.21.15.22:3300/0,v1:172.21.15.22:6789/0] -- mon_getmap magic: 0 v1 -- 0x7f9cc4102170 con 0x7f9cc4101820
2024-04-16T13:35:40.404 INFO:teuthology.orchestra.run.smithi022.stdout:/usr/bin/ceph: stderr
2024-04-16T13:35:39.466+0000 7f9cca2dc700 1 --2- >> [v2:172.21.15.22:3300/0,v1:172.21.15.22:6789/0] conn(0x7f9cc4101820 0x7f9cc4101c30 unknown :-1 s=BANNER_CONNECTING pgs=0 cs=0 l=0 rev1=0 crypto rx=0 tx=0 comp rx=0 tx=0)._handle_peer_banner_payload supported=3 required=0
2024-04-16T13:35:40.404 INFO:teuthology.orchestra.run.smithi022.stdout:/usr/bin/ceph: stderr
2024-04-16T13:35:39.466+0000 7f9cca2dc700 1 --2- >> [v2:172.21.15.22:3300/0,v1:172.21.15.22:6789/0] conn(0x7f9cc4101820 0x7f9cc4101c30 unknown :-1 s=HELLO_CONNECTING pgs=0 cs=0 l=0 rev1=1 crypto rx=0 tx=0 comp rx=0 tx=0).handle_hello peer v2:172.21.15.22:3300/0 says I am v2:172.21.15.22:45250/0 (socket says 172.21.15.22:45250)
2024-04-16T13:35:40.404 INFO:teuthology.orchestra.run.smithi022.stdout:/usr/bin/ceph: stderr
2024-04-16T13:35:39.466+0000 7f9cca2dc700 1 -- 172.21.15.22:0/1992804138 learned_addr learned my addr 172.21.15.22:0/1992804138 (peer_addr_for_me v2:172.21.15.22:0/0)
2024-04-16T13:35:40.404 INFO:teuthology.orchestra.run.smithi022.stdout:/usr/bin/ceph: stderr
2024-04-16T13:35:39.466+0000 7f9cca2dc700 1 -- 172.21.15.22:0/1992804138 --> [v2:172.21.15.22:3300/0,v1:172.21.15.22:6789/0] -- mon_subscribe({config=0+,monmap=0+}) v3 -- 0x7f9cc41022b0 con 0x7f9cc4101820
2024-04-16T13:35:40.404 INFO:teuthology.orchestra.run.smithi022.stdout:/usr/bin/ceph: stderr
2024-04-16T13:35:39.467+0000 7f9cca2dc700 1 --2- 172.21.15.22:0/1992804138 >> [v2:172.21.15.22:3300/0,v1:172.21.15.22:6789/0] conn(0x7f9cc4101820 0x7f9cc4101c30 secure :-1 s=READY pgs=57 cs=0 l=1 rev1=1 crypto rx=0x7f9cc00098e0 tx=0x7f9cc0009250 comp rx=0 tx=0).ready entity=mon.0 client_cookie=1ce3c991e9fe597d server_cookie=0 in_seq=0 out_seq=0
2024-04-16T13:35:40.404 INFO:teuthology.orchestra.run.smithi022.stdout:/usr/bin/ceph: stderr
2024-04-16T13:35:39.467+0000 7f9cc92da700 1 -- 172.21.15.22:0/1992804138 <== mon.0 v2:172.21.15.22:3300/0 1 ==== mon_map magic: 0 v1 ==== 229+0+0 (secure 0 0 0) 0x7f9cc000b860 con 0x7f9cc4101820
2024-04-16T13:35:40.404 INFO:teuthology.orchestra.run.smithi022.stdout:/usr/bin/ceph: stderr
2024-04-16T13:35:39.467+0000 7f9cc92da700 1 -- 172.21.15.22:0/1992804138 <== mon.0 v2:172.21.15.22:3300/0 2 ==== config(27 keys) v1 ==== 1109+0+0 (secure 0 0 0) 0x7f9cc000be90 con 0x7f9cc4101820
2024-04-16T13:35:40.405 INFO:teuthology.orchestra.run.smithi022.stdout:/usr/bin/ceph: stderr
2024-04-16T13:35:39.467+0000 7f9cc92da700 1 -- 172.21.15.22:0/1992804138 <== mon.0 v2:172.21.15.22:3300/0 3 ==== mon_map magic: 0 v1 ==== 229+0+0 (secure 0 0 0) 0x7f9cc00103c0 con 0x7f9cc4101820
2024-04-16T13:35:40.405 INFO:teuthology.orchestra.run.smithi022.stdout:/usr/bin/ceph: stderr
2024-04-16T13:35:39.468+0000 7f9ccc540700 1 -- 172.21.15.22:0/1992804138 >> [v2:172.21.15.22:3300/0,v1:172.21.15.22:6789/0] conn(0x7f9cc4101820 msgr2=0x7f9cc4101c30 secure :-1 s=STATE_CONNECTION_ESTABLISHED l=1).mark_down
2024-04-16T13:35:40.405 INFO:teuthology.orchestra.run.smithi022.stdout:/usr/bin/ceph: stderr
2024-04-16T13:35:39.468+0000 7f9ccc540700 1 --2- 172.21.15.22:0/1992804138 >> [v2:172.21.15.22:3300/0,v1:172.21.15.22:6789/0] conn(0x7f9cc4101820 0x7f9cc4101c30 secure :-1 s=READY pgs=57 cs=0 l=1 rev1=1 crypto rx=0x7f9cc00098e0 tx=0x7f9cc0009250 comp rx=0 tx=0).stop
2024-04-16T13:35:40.405 INFO:teuthology.orchestra.run.smithi022.stdout:/usr/bin/ceph: stderr
2024-04-16T13:35:39.468+0000 7f9ccc540700 1 -- 172.21.15.22:0/1992804138 shutdown_connections
2024-04-16T13:35:40.405 INFO:teuthology.orchestra.run.smithi022.stdout:/usr/bin/ceph: stderr
2024-04-16T13:35:39.468+0000 7f9ccc540700 1 --2- 172.21.15.22:0/1992804138 >> [v2:172.21.15.22:3300/0,v1:172.21.15.22:6789/0] conn(0x7f9cc4101820 0x7f9cc4101c30 unknown :-1 s=CLOSED pgs=57 cs=0 l=1 rev1=1 crypto rx=0 tx=0 comp rx=0 tx=0).stop
2024-04-16T13:35:40.405 INFO:teuthology.orchestra.run.smithi022.stdout:/usr/bin/ceph: stderr
2024-04-16T13:35:39.468+0000 7f9ccc540700 1 -- 172.21.15.22:0/1992804138 >> 172.21.15.22:0/1992804138 conn(0x7f9cc40fcf80 msgr2=0x7f9cc40ff3b0 unknown :-1 s=STATE_NONE l=0).mark_down
2024-04-16T13:35:40.405 INFO:teuthology.orchestra.run.smithi022.stdout:/usr/bin/ceph: stderr
2024-04-16T13:35:39.468+0000 7f9ccc540700 1 -- 172.21.15.22:0/1992804138 shutdown_connections
2024-04-16T13:35:40.405 INFO:teuthology.orchestra.run.smithi022.stdout:/usr/bin/ceph: stderr
2024-04-16T13:35:39.468+0000 7f9ccc540700 1 -- 172.21.15.22:0/1992804138 wait complete.
2024-04-16T13:35:40.405 INFO:teuthology.orchestra.run.smithi022.stdout:/usr/bin/ceph: stderr
2024-04-16T13:35:39.468+0000 7f9ccc540700 1 Processor -- start
2024-04-16T13:35:40.405 INFO:teuthology.orchestra.run.smithi022.stdout:/usr/bin/ceph: stderr
2024-04-16T13:35:39.468+0000 7f9ccc540700 1 -- start start
2024-04-16T13:35:40.406 INFO:teuthology.orchestra.run.smithi022.stdout:/usr/bin/ceph: stderr
2024-04-16T13:35:39.469+0000 7f9ccc540700 1 --2- >> [v2:172.21.15.22:3300/0,v1:172.21.15.22:6789/0] conn(0x7f9cc4101820 0x7f9cc4111770 unknown :-1 s=NONE pgs=0 cs=0 l=1 rev1=0 crypto rx=0 tx=0 comp rx=0 tx=0).connect
2024-04-16T13:35:40.406 INFO:teuthology.orchestra.run.smithi022.stdout:/usr/bin/ceph: stderr
2024-04-16T13:35:39.469+0000 7f9ccc540700 1 -- --> [v2:172.21.15.22:3300/0,v1:172.21.15.22:6789/0] -- mon_getmap magic: 0 v1 -- 0x7f9cc4111cb0 con 0x7f9cc4101820
2024-04-16T13:35:40.406 INFO:teuthology.orchestra.run.smithi022.stdout:/usr/bin/ceph: stderr
2024-04-16T13:35:39.469+0000 7f9cca2dc700 1 --2- >> [v2:172.21.15.22:3300/0,v1:172.21.15.22:6789/0] conn(0x7f9cc4101820 0x7f9cc4111770 unknown :-1 s=BANNER_CONNECTING pgs=0 cs=0 l=1 rev1=0 crypto rx=0 tx=0 comp rx=0 tx=0)._handle_peer_banner_payload supported=3 required=0
2024-04-16T13:35:40.406 INFO:teuthology.orchestra.run.smithi022.stdout:/usr/bin/ceph: stderr
2024-04-16T13:35:39.469+0000 7f9cca2dc700 1 --2- >> [v2:172.21.15.22:3300/0,v1:172.21.15.22:6789/0] conn(0x7f9cc4101820 0x7f9cc4111770 unknown :-1 s=HELLO_CONNECTING pgs=0 cs=0 l=1 rev1=1 crypto rx=0 tx=0 comp rx=0 tx=0).handle_hello peer v2:172.21.15.22:3300/0 says I am v2:172.21.15.22:45266/0 (socket says 172.21.15.22:45266)
2024-04-16T13:35:40.406 INFO:teuthology.orchestra.run.smithi022.stdout:/usr/bin/ceph: stderr
2024-04-16T13:35:39.469+0000 7f9cca2dc700 1 -- 172.21.15.22:0/3103886166 learned_addr learned my addr 172.21.15.22:0/3103886166 (peer_addr_for_me v2:172.21.15.22:0/0)
2024-04-16T13:35:40.406 INFO:teuthology.orchestra.run.smithi022.stdout:/usr/bin/ceph: stderr
2024-04-16T13:35:39.469+0000 7f9cca2dc700 1 -- 172.21.15.22:0/3103886166 --> [v2:172.21.15.22:3300/0,v1:172.21.15.22:6789/0] -- mon_subscribe({config=0+,monmap=0+}) v3 -- 0x7f9cc00094f0 con 0x7f9cc4101820
2024-04-16T13:35:40.406 INFO:teuthology.orchestra.run.smithi022.stdout:/usr/bin/ceph: stderr
2024-04-16T13:35:39.469+0000 7f9cca2dc700 1 --2- 172.21.15.22:0/3103886166 >> [v2:172.21.15.22:3300/0,v1:172.21.15.22:6789/0] conn(0x7f9cc4101820 0x7f9cc4111770 secure :-1 s=READY pgs=58 cs=0 l=1 rev1=1 crypto rx=0x7f9cc0011c10 tx=0x7f9cc0009250 comp rx=0 tx=0).ready entity=mon.0 client_cookie=0 server_cookie=0 in_seq=0 out_seq=0
2024-04-16T13:35:40.407 INFO:teuthology.orchestra.run.smithi022.stdout:/usr/bin/ceph: stderr
2024-04-16T13:35:39.469+0000 7f9cb6ffd700 1 -- 172.21.15.22:0/3103886166 <== mon.0 v2:172.21.15.22:3300/0 1 ==== mon_map magic: 0 v1 ==== 229+0+0 (secure 0 0 0) 0x7f9cc0010890 con 0x7f9cc4101820
2024-04-16T13:35:40.407 INFO:teuthology.orchestra.run.smithi022.stdout:/usr/bin/ceph: stderr
2024-04-16T13:35:39.469+0000 7f9cb6ffd700 1 -- 172.21.15.22:0/3103886166 <== mon.0 v2:172.21.15.22:3300/0 2 ==== config(27 keys) v1 ==== 1109+0+0 (secure 0 0 0) 0x7f9cc0010ec0 con 0x7f9cc4101820
2024-04-16T13:35:40.407 INFO:teuthology.orchestra.run.smithi022.stdout:/usr/bin/ceph: stderr
2024-04-16T13:35:39.469+0000 7f9ccc540700 1 -- 172.21.15.22:0/3103886166 --> [v2:172.21.15.22:3300/0,v1:172.21.15.22:6789/0] -- mon_subscribe({mgrmap=0+}) v3 -- 0x7f9cc4111eb0 con 0x7f9cc4101820
2024-04-16T13:35:40.407 INFO:teuthology.orchestra.run.smithi022.stdout:/usr/bin/ceph: stderr
2024-04-16T13:35:39.469+0000 7f9cb6ffd700 1 -- 172.21.15.22:0/3103886166 <== mon.0 v2:172.21.15.22:3300/0 3 ==== mon_map magic: 0 v1 ==== 229+0+0 (secure 0 0 0) 0x7f9cc00243f0 con 0x7f9cc4101820
2024-04-16T13:35:40.407 INFO:teuthology.orchestra.run.smithi022.stdout:/usr/bin/ceph: stderr
2024-04-16T13:35:39.469+0000 7f9ccc540700 1 -- 172.21.15.22:0/3103886166 --> [v2:172.21.15.22:3300/0,v1:172.21.15.22:6789/0] -- mon_subscribe({osdmap=0}) v3 -- 0x7f9cc4112a20 con 0x7f9cc4101820
2024-04-16T13:35:40.407 INFO:teuthology.orchestra.run.smithi022.stdout:/usr/bin/ceph: stderr
2024-04-16T13:35:39.470+0000 7f9ccc540700 1 -- 172.21.15.22:0/3103886166 --> [v2:172.21.15.22:3300/0,v1:172.21.15.22:6789/0] -- mon_command({"prefix": "get_command_descriptions"} v 0) v1 -- 0x7f9cc405f5f0 con 0x7f9cc4101820
2024-04-16T13:35:40.407 INFO:teuthology.orchestra.run.smithi022.stdout:/usr/bin/ceph: stderr
2024-04-16T13:35:39.470+0000 7f9cb6ffd700 1 -- 172.21.15.22:0/3103886166 <== mon.0 v2:172.21.15.22:3300/0 4 ==== mgrmap(e 8) v1 ==== 43376+0+0 (secure 0 0 0) 0x7f9cc00109f0 con 0x7f9cc4101820
2024-04-16T13:35:40.407 INFO:teuthology.orchestra.run.smithi022.stdout:/usr/bin/ceph: stderr
2024-04-16T13:35:39.471+0000 7f9cb6ffd700 1 --2- 172.21.15.22:0/3103886166 >> [v2:172.21.15.22:6800/1096714459,v1:172.21.15.22:6801/1096714459] conn(0x7f9cb0036790 0x7f9cb0038c40 unknown :-1 s=NONE pgs=0 cs=0 l=1 rev1=0 crypto rx=0 tx=0 comp rx=0 tx=0).connect
2024-04-16T13:35:40.407 INFO:teuthology.orchestra.run.smithi022.stdout:/usr/bin/ceph: stderr
2024-04-16T13:35:39.471+0000 7f9cb6ffd700 1 -- 172.21.15.22:0/3103886166 <== mon.0 v2:172.21.15.22:3300/0 5 ==== osd_map(2..2 src has 1..2) v4 ==== 936+0+0 (secure 0 0 0) 0x7f9cc004a210 con 0x7f9cc4101820
2024-04-16T13:35:40.407 INFO:teuthology.orchestra.run.smithi022.stdout:/usr/bin/ceph: stderr
2024-04-16T13:35:39.471+0000 7f9cc9adb700 1 --2- 172.21.15.22:0/3103886166 >> [v2:172.21.15.22:6800/1096714459,v1:172.21.15.22:6801/1096714459] conn(0x7f9cb0036790 0x7f9cb0038c40 unknown :-1 s=BANNER_CONNECTING pgs=0 cs=0 l=1 rev1=0 crypto rx=0 tx=0 comp rx=0 tx=0)._handle_peer_banner_payload supported=3 required=0
2024-04-16T13:35:40.407 INFO:teuthology.orchestra.run.smithi022.stdout:/usr/bin/ceph: stderr
2024-04-16T13:35:39.471+0000 7f9cc9adb700 1 --2- 172.21.15.22:0/3103886166 >> [v2:172.21.15.22:6800/1096714459,v1:172.21.15.22:6801/1096714459] conn(0x7f9cb0036790 0x7f9cb0038c40 secure :-1 s=READY pgs=17 cs=0 l=1 rev1=1 crypto rx=0x7f9cb8009990 tx=0x7f9cb8006e40 comp rx=0 tx=0).ready entity=mgr.14120 client_cookie=0 server_cookie=0 in_seq=0 out_seq=0
2024-04-16T13:35:40.407 INFO:teuthology.orchestra.run.smithi022.stdout:/usr/bin/ceph: stderr
2024-04-16T13:35:39.476+0000 7f9cb6ffd700 1 -- 172.21.15.22:0/3103886166 <== mon.0 v2:172.21.15.22:3300/0 6 ==== mon_command_ack([{"prefix": "get_command_descriptions"}]=0 v0) v1 ==== 72+0+176702 (secure 0 0 0) 0x7f9cc001a7a0 con 0x7f9cc4101820
2024-04-16T13:35:40.408 INFO:teuthology.orchestra.run.smithi022.stdout:/usr/bin/ceph: stderr
2024-04-16T13:35:39.691+0000 7f9ccc540700 1 -- 172.21.15.22:0/3103886166 --> [v2:172.21.15.22:6800/1096714459,v1:172.21.15.22:6801/1096714459] -- mgr_command(tid 0: {"prefix": "orch apply", "service_type": "node-exporter", "target": ["mon-mgr", ""]}) v1 -- 0x7f9cc4113600 con 0x7f9cb0036790
2024-04-16T13:35:40.409 INFO:teuthology.orchestra.run.smithi022.stdout:/usr/bin/ceph: stderr
2024-04-16T13:35:39.695+0000 7f9cb6ffd700 1 -- 172.21.15.22:0/3103886166 <== mgr.14120 v2:172.21.15.22:6800/1096714459 1 ==== mgr_command_reply(tid 0: 0 ) v1 ==== 8+0+34 (secure 0 0 0) 0x7f9cc4113600 con 0x7f9cb0036790
2024-04-16T13:35:40.409 INFO:teuthology.orchestra.run.smithi022.stdout:/usr/bin/ceph: stderr
2024-04-16T13:35:39.697+0000 7f9ccc540700 1 -- 172.21.15.22:0/3103886166 >> [v2:172.21.15.22:6800/1096714459,v1:172.21.15.22:6801/1096714459] conn(0x7f9cb0036790 msgr2=0x7f9cb0038c40 secure :-1 s=STATE_CONNECTION_ESTABLISHED l=1).mark_down
2024-04-16T13:35:40.409 INFO:teuthology.orchestra.run.smithi022.stdout:/usr/bin/ceph: stderr
2024-04-16T13:35:39.697+0000 7f9ccc540700 1 --2- 172.21.15.22:0/3103886166 >> [v2:172.21.15.22:6800/1096714459,v1:172.21.15.22:6801/1096714459] conn(0x7f9cb0036790 0x7f9cb0038c40 secure :-1 s=READY pgs=17 cs=0 l=1 rev1=1 crypto rx=0x7f9cb8009990 tx=0x7f9cb8006e40 comp rx=0 tx=0).stop
2024-04-16T13:35:40.409 INFO:teuthology.orchestra.run.smithi022.stdout:/usr/bin/ceph: stderr
2024-04-16T13:35:39.697+0000 7f9ccc540700 1 -- 172.21.15.22:0/3103886166 >> [v2:172.21.15.22:3300/0,v1:172.21.15.22:6789/0] conn(0x7f9cc4101820 msgr2=0x7f9cc4111770 secure :-1 s=STATE_CONNECTION_ESTABLISHED l=1).mark_down
2024-04-16T13:35:40.409 INFO:teuthology.orchestra.run.smithi022.stdout:/usr/bin/ceph: stderr
2024-04-16T13:35:39.697+0000 7f9ccc540700 1 --2- 172.21.15.22:0/3103886166 >> [v2:172.21.15.22:3300/0,v1:172.21.15.22:6789/0] conn(0x7f9cc4101820 0x7f9cc4111770 secure :-1 s=READY pgs=58 cs=0 l=1 rev1=1 crypto rx=0x7f9cc0011c10 tx=0x7f9cc0009250 comp rx=0 tx=0).stop
2024-04-16T13:35:40.409 INFO:teuthology.orchestra.run.smithi022.stdout:/usr/bin/ceph: stderr
2024-04-16T13:35:39.697+0000 7f9ccc540700 1 -- 172.21.15.22:0/3103886166 shutdown_connections
2024-04-16T13:35:40.410 INFO:teuthology.orchestra.run.smithi022.stdout:/usr/bin/ceph: stderr
2024-04-16T13:35:39.697+0000 7f9ccc540700 1 --2- 172.21.15.22:0/3103886166 >> [v2:172.21.15.22:6800/1096714459,v1:172.21.15.22:6801/1096714459] conn(0x7f9cb0036790 0x7f9cb0038c40 unknown :-1 s=CLOSED pgs=17 cs=0 l=1 rev1=1 crypto rx=0 tx=0 comp rx=0 tx=0).stop
2024-04-16T13:35:40.410 INFO:teuthology.orchestra.run.smithi022.stdout:/usr/bin/ceph: stderr
2024-04-16T13:35:39.697+0000 7f9ccc540700 1 --2- 172.21.15.22:0/3103886166 >> [v2:172.21.15.22:3300/0,v1:172.21.15.22:6789/0] conn(0x7f9cc4101820 0x7f9cc4111770 unknown :-1 s=CLOSED pgs=58 cs=0 l=1 rev1=1 crypto rx=0 tx=0 comp rx=0 tx=0).stop
2024-04-16T13:35:40.410 INFO:teuthology.orchestra.run.smithi022.stdout:/usr/bin/ceph: stderr
2024-04-16T13:35:39.697+0000 7f9ccc540700 1 -- 172.21.15.22:0/3103886166 >> 172.21.15.22:0/3103886166 conn(0x7f9cc40fcf80 msgr2=0x7f9cc40fdf30 unknown :-1 s=STATE_NONE l=0).mark_down
2024-04-16T13:35:40.410 INFO:teuthology.orchestra.run.smithi022.stdout:/usr/bin/ceph: stderr
2024-04-16T13:35:39.697+0000 7f9ccc540700 1 -- 172.21.15.22:0/3103886166 shutdown_connections
2024-04-16T13:35:40.410 INFO:teuthology.orchestra.run.smithi022.stdout:/usr/bin/ceph: stderr
2024-04-16T13:35:39.697+0000 7f9ccc540700 1 -- 172.21.15.22:0/3103886166 wait complete.
2024-04-16T13:35:40.410 INFO:teuthology.orchestra.run.smithi022.stdout:Deploying alertmanager service with default placement...
2024-04-16T13:35:40.957 INFO:journalctl@ceph.mon.smithi022.smithi022.stdout:Apr 16 13:35:40 smithi022 ceph-mon[29207]: from='client.14152 -' entity='client.admin' cmd=[{"prefix": "orch apply", "service_type": "node-exporter", "target": ["mon-mgr", ""]}]: dispatch
2024-04-16T13:35:40.958 INFO:journalctl@ceph.mon.smithi022.smithi022.stdout:Apr 16 13:35:40 smithi022 ceph-mon[29207]: Saving service node-exporter spec with placement *
2024-04-16T13:35:40.958 INFO:journalctl@ceph.mon.smithi022.smithi022.stdout:Apr 16 13:35:40 smithi022 ceph-mon[29207]: from='mgr.14120 172.21.15.22:0/875141347' entity='mgr.smithi022.dkpxjn'
2024-04-16T13:35:42.247 INFO:teuthology.orchestra.run.smithi022.stdout:/usr/bin/ceph: stdout Scheduled alertmanager update...
2024-04-16T13:35:42.247 INFO:teuthology.orchestra.run.smithi022.stdout:/usr/bin/ceph: stderr
2024-04-16T13:35:40.775+0000 7f881221e700 1 Processor -- start
2024-04-16T13:35:42.247 INFO:teuthology.orchestra.run.smithi022.stdout:/usr/bin/ceph: stderr
2024-04-16T13:35:40.775+0000 7f881221e700 1 -- start start
2024-04-16T13:35:42.247 INFO:teuthology.orchestra.run.smithi022.stdout:/usr/bin/ceph: stderr
2024-04-16T13:35:40.775+0000 7f881221e700 1 --2- >> [v2:172.21.15.22:3300/0,v1:172.21.15.22:6789/0] conn(0x7f880c102930 0x7f880c102d40 unknown :-1 s=NONE pgs=0 cs=0 l=0 rev1=0 crypto rx=0 tx=0 comp rx=0 tx=0).connect
2024-04-16T13:35:42.247 INFO:teuthology.orchestra.run.smithi022.stdout:/usr/bin/ceph: stderr
2024-04-16T13:35:40.775+0000 7f881221e700 1 -- --> [v2:172.21.15.22:3300/0,v1:172.21.15.22:6789/0] -- mon_getmap magic: 0 v1 -- 0x7f880c103280 con 0x7f880c102930
2024-04-16T13:35:42.248 INFO:teuthology.orchestra.run.smithi022.stdout:/usr/bin/ceph: stderr
2024-04-16T13:35:40.775+0000 7f880b7fe700 1 --2- >> [v2:172.21.15.22:3300/0,v1:172.21.15.22:6789/0] conn(0x7f880c102930 0x7f880c102d40 unknown :-1 s=BANNER_CONNECTING pgs=0 cs=0 l=0 rev1=0 crypto rx=0 tx=0 comp rx=0 tx=0)._handle_peer_banner_payload supported=3 required=0
2024-04-16T13:35:42.248 INFO:teuthology.orchestra.run.smithi022.stdout:/usr/bin/ceph: stderr
2024-04-16T13:35:40.775+0000 7f880b7fe700 1 --2- >> [v2:172.21.15.22:3300/0,v1:172.21.15.22:6789/0] conn(0x7f880c102930 0x7f880c102d40 unknown :-1 s=HELLO_CONNECTING pgs=0 cs=0 l=0 rev1=1 crypto rx=0 tx=0 comp rx=0 tx=0).handle_hello peer v2:172.21.15.22:3300/0 says I am v2:172.21.15.22:45272/0 (socket says 172.21.15.22:45272)
2024-04-16T13:35:42.248 INFO:teuthology.orchestra.run.smithi022.stdout:/usr/bin/ceph: stderr
2024-04-16T13:35:40.775+0000 7f880b7fe700 1 -- 172.21.15.22:0/493925037 learned_addr learned my addr 172.21.15.22:0/493925037 (peer_addr_for_me v2:172.21.15.22:0/0)
2024-04-16T13:35:42.248 INFO:teuthology.orchestra.run.smithi022.stdout:/usr/bin/ceph: stderr
2024-04-16T13:35:40.775+0000 7f880b7fe700 1 -- 172.21.15.22:0/493925037 --> [v2:172.21.15.22:3300/0,v1:172.21.15.22:6789/0] -- mon_subscribe({config=0+,monmap=0+}) v3 -- 0x7f880c1033c0 con 0x7f880c102930
2024-04-16T13:35:42.248 INFO:teuthology.orchestra.run.smithi022.stdout:/usr/bin/ceph: stderr
2024-04-16T13:35:40.776+0000 7f880b7fe700 1 --2- 172.21.15.22:0/493925037 >> [v2:172.21.15.22:3300/0,v1:172.21.15.22:6789/0] conn(0x7f880c102930 0x7f880c102d40 secure :-1 s=READY pgs=59 cs=0 l=1 rev1=1 crypto rx=0x7f87fc0098e0 tx=0x7f87fc009250 comp rx=0 tx=0).ready entity=mon.0 client_cookie=504828dc21c6c33 server_cookie=0 in_seq=0 out_seq=0
2024-04-16T13:35:42.248 INFO:teuthology.orchestra.run.smithi022.stdout:/usr/bin/ceph: stderr
2024-04-16T13:35:40.776+0000 7f880a7fc700 1 -- 172.21.15.22:0/493925037 <== mon.0 v2:172.21.15.22:3300/0 1 ==== mon_map magic: 0 v1 ==== 229+0+0 (secure 0 0 0) 0x7f87fc00b8f0 con 0x7f880c102930
2024-04-16T13:35:42.248 INFO:teuthology.orchestra.run.smithi022.stdout:/usr/bin/ceph: stderr
2024-04-16T13:35:40.776+0000 7f880a7fc700 1 -- 172.21.15.22:0/493925037 <== mon.0 v2:172.21.15.22:3300/0 2 ==== config(27 keys) v1 ==== 1109+0+0 (secure 0 0 0) 0x7f87fc011420 con 0x7f880c102930
2024-04-16T13:35:42.248 INFO:teuthology.orchestra.run.smithi022.stdout:/usr/bin/ceph: stderr
2024-04-16T13:35:40.776+0000 7f880a7fc700 1 -- 172.21.15.22:0/493925037 <== mon.0 v2:172.21.15.22:3300/0 3 ==== mon_map magic: 0 v1 ==== 229+0+0 (secure 0 0 0) 0x7f87fc010540 con 0x7f880c102930
2024-04-16T13:35:42.248 INFO:teuthology.orchestra.run.smithi022.stdout:/usr/bin/ceph: stderr
2024-04-16T13:35:40.776+0000 7f881221e700 1 -- 172.21.15.22:0/493925037 >> [v2:172.21.15.22:3300/0,v1:172.21.15.22:6789/0] conn(0x7f880c102930 msgr2=0x7f880c102d40 secure :-1 s=STATE_CONNECTION_ESTABLISHED l=1).mark_down
2024-04-16T13:35:42.248 INFO:teuthology.orchestra.run.smithi022.stdout:/usr/bin/ceph: stderr
2024-04-16T13:35:40.776+0000 7f881221e700 1 --2- 172.21.15.22:0/493925037 >> [v2:172.21.15.22:3300/0,v1:172.21.15.22:6789/0] conn(0x7f880c102930 0x7f880c102d40 secure :-1 s=READY pgs=59 cs=0 l=1 rev1=1 crypto rx=0x7f87fc0098e0 tx=0x7f87fc009250 comp rx=0 tx=0).stop
2024-04-16T13:35:42.248 INFO:teuthology.orchestra.run.smithi022.stdout:/usr/bin/ceph: stderr
2024-04-16T13:35:40.776+0000 7f881221e700 1 -- 172.21.15.22:0/493925037 shutdown_connections
2024-04-16T13:35:42.248 INFO:teuthology.orchestra.run.smithi022.stdout:/usr/bin/ceph: stderr
2024-04-16T13:35:40.776+0000 7f881221e700 1 --2- 172.21.15.22:0/493925037 >> [v2:172.21.15.22:3300/0,v1:172.21.15.22:6789/0] conn(0x7f880c102930 0x7f880c102d40 unknown :-1 s=CLOSED pgs=59 cs=0 l=1 rev1=1 crypto rx=0 tx=0 comp rx=0 tx=0).stop
2024-04-16T13:35:42.248 INFO:teuthology.orchestra.run.smithi022.stdout:/usr/bin/ceph: stderr
2024-04-16T13:35:40.776+0000 7f881221e700 1 -- 172.21.15.22:0/493925037 >> 172.21.15.22:0/493925037 conn(0x7f880c0fe140 msgr2=0x7f880c100550 unknown :-1 s=STATE_NONE l=0).mark_down
2024-04-16T13:35:42.249 INFO:teuthology.orchestra.run.smithi022.stdout:/usr/bin/ceph: stderr
2024-04-16T13:35:40.776+0000 7f881221e700 1 -- 172.21.15.22:0/493925037 shutdown_connections
2024-04-16T13:35:42.249 INFO:teuthology.orchestra.run.smithi022.stdout:/usr/bin/ceph: stderr
2024-04-16T13:35:40.776+0000 7f881221e700 1 -- 172.21.15.22:0/493925037 wait complete.
2024-04-16T13:35:42.249 INFO:teuthology.orchestra.run.smithi022.stdout:/usr/bin/ceph: stderr
2024-04-16T13:35:40.777+0000 7f881221e700 1 Processor -- start
2024-04-16T13:35:42.249 INFO:teuthology.orchestra.run.smithi022.stdout:/usr/bin/ceph: stderr
2024-04-16T13:35:40.777+0000 7f881221e700 1 -- start start
2024-04-16T13:35:42.249 INFO:teuthology.orchestra.run.smithi022.stdout:/usr/bin/ceph: stderr
2024-04-16T13:35:40.777+0000 7f881221e700 1 --2- >> [v2:172.21.15.22:3300/0,v1:172.21.15.22:6789/0] conn(0x7f880c102930 0x7f880c1116f0 unknown :-1 s=NONE pgs=0 cs=0 l=1 rev1=0 crypto rx=0 tx=0 comp rx=0 tx=0).connect
2024-04-16T13:35:42.249 INFO:teuthology.orchestra.run.smithi022.stdout:/usr/bin/ceph: stderr
2024-04-16T13:35:40.777+0000 7f881221e700 1 -- --> [v2:172.21.15.22:3300/0,v1:172.21.15.22:6789/0] -- mon_getmap magic: 0 v1 -- 0x7f880c111c30 con 0x7f880c102930
2024-04-16T13:35:42.249 INFO:teuthology.orchestra.run.smithi022.stdout:/usr/bin/ceph: stderr
2024-04-16T13:35:40.777+0000 7f880b7fe700 1 --2- >> [v2:172.21.15.22:3300/0,v1:172.21.15.22:6789/0] conn(0x7f880c102930 0x7f880c1116f0 unknown :-1 s=BANNER_CONNECTING pgs=0 cs=0 l=1 rev1=0 crypto rx=0 tx=0 comp rx=0 tx=0)._handle_peer_banner_payload supported=3 required=0
2024-04-16T13:35:42.249 INFO:teuthology.orchestra.run.smithi022.stdout:/usr/bin/ceph: stderr
2024-04-16T13:35:40.777+0000 7f880b7fe700 1 --2- >> [v2:172.21.15.22:3300/0,v1:172.21.15.22:6789/0] conn(0x7f880c102930 0x7f880c1116f0 unknown :-1 s=HELLO_CONNECTING pgs=0 cs=0 l=1 rev1=1 crypto rx=0 tx=0 comp rx=0 tx=0).handle_hello peer v2:172.21.15.22:3300/0 says I am v2:172.21.15.22:45288/0 (socket says 172.21.15.22:45288)
2024-04-16T13:35:42.249 INFO:teuthology.orchestra.run.smithi022.stdout:/usr/bin/ceph: stderr
2024-04-16T13:35:40.777+0000 7f880b7fe700 1 -- 172.21.15.22:0/4175893837 learned_addr learned my addr 172.21.15.22:0/4175893837 (peer_addr_for_me v2:172.21.15.22:0/0)
2024-04-16T13:35:42.249 INFO:teuthology.orchestra.run.smithi022.stdout:/usr/bin/ceph: stderr
2024-04-16T13:35:40.778+0000 7f880b7fe700 1 -- 172.21.15.22:0/4175893837 --> [v2:172.21.15.22:3300/0,v1:172.21.15.22:6789/0] -- mon_subscribe({config=0+,monmap=0+}) v3 -- 0x7f87fc0094f0 con 0x7f880c102930
2024-04-16T13:35:42.249 INFO:teuthology.orchestra.run.smithi022.stdout:/usr/bin/ceph: stderr
2024-04-16T13:35:40.778+0000 7f880b7fe700 1 --2- 172.21.15.22:0/4175893837 >> [v2:172.21.15.22:3300/0,v1:172.21.15.22:6789/0] conn(0x7f880c102930 0x7f880c1116f0 secure :-1 s=READY pgs=60 cs=0 l=1 rev1=1 crypto rx=0x7f87fc0090b0 tx=0x7f87fc009250 comp rx=0 tx=0).ready entity=mon.0 client_cookie=0 server_cookie=0 in_seq=0 out_seq=0
2024-04-16T13:35:42.249 INFO:teuthology.orchestra.run.smithi022.stdout:/usr/bin/ceph: stderr
2024-04-16T13:35:40.778+0000 7f87f3fff700 1 -- 172.21.15.22:0/4175893837 <== mon.0 v2:172.21.15.22:3300/0 1 ==== mon_map magic: 0 v1 ==== 229+0+0 (secure 0 0 0) 0x7f87fc0107b0 con 0x7f880c102930
2024-04-16T13:35:42.249 INFO:teuthology.orchestra.run.smithi022.stdout:/usr/bin/ceph: stderr
2024-04-16T13:35:40.778+0000 7f87f3fff700 1 -- 172.21.15.22:0/4175893837 <== mon.0 v2:172.21.15.22:3300/0 2 ==== config(27 keys) v1 ==== 1109+0+0 (secure 0 0 0) 0x7f87fc010de0 con 0x7f880c102930
2024-04-16T13:35:42.249 INFO:teuthology.orchestra.run.smithi022.stdout:/usr/bin/ceph: stderr
2024-04-16T13:35:40.778+0000 7f881221e700 1 -- 172.21.15.22:0/4175893837 --> [v2:172.21.15.22:3300/0,v1:172.21.15.22:6789/0] -- mon_subscribe({mgrmap=0+}) v3 -- 0x7f880c111e30 con 0x7f880c102930
2024-04-16T13:35:42.249 INFO:teuthology.orchestra.run.smithi022.stdout:/usr/bin/ceph: stderr
2024-04-16T13:35:40.778+0000 7f87f3fff700 1 -- 172.21.15.22:0/4175893837 <== mon.0 v2:172.21.15.22:3300/0 3 ==== mon_map magic: 0 v1 ==== 229+0+0 (secure 0 0 0) 0x7f87fc01ae50 con 0x7f880c102930
2024-04-16T13:35:42.250 INFO:teuthology.orchestra.run.smithi022.stdout:/usr/bin/ceph: stderr
2024-04-16T13:35:40.778+0000 7f881221e700 1 -- 172.21.15.22:0/4175893837 --> [v2:172.21.15.22:3300/0,v1:172.21.15.22:6789/0] -- mon_subscribe({osdmap=0}) v3 -- 0x7f880c1129a0 con 0x7f880c102930
2024-04-16T13:35:42.250 INFO:teuthology.orchestra.run.smithi022.stdout:/usr/bin/ceph: stderr
2024-04-16T13:35:40.779+0000 7f87f3fff700 1 -- 172.21.15.22:0/4175893837 <== mon.0 v2:172.21.15.22:3300/0 4 ==== mgrmap(e 8) v1 ==== 43376+0+0 (secure 0 0 0) 0x7f87fc02d3f0 con 0x7f880c102930
2024-04-16T13:35:42.250 INFO:teuthology.orchestra.run.smithi022.stdout:/usr/bin/ceph: stderr
2024-04-16T13:35:40.779+0000 7f87f3fff700 1 --2- 172.21.15.22:0/4175893837 >> [v2:172.21.15.22:6800/1096714459,v1:172.21.15.22:6801/1096714459] conn(0x7f87f4036810 0x7f87f4038cc0 unknown :-1 s=NONE pgs=0 cs=0 l=1 rev1=0 crypto rx=0 tx=0 comp rx=0 tx=0).connect
2024-04-16T13:35:42.250 INFO:teuthology.orchestra.run.smithi022.stdout:/usr/bin/ceph: stderr
2024-04-16T13:35:40.779+0000 7f881221e700 1 -- 172.21.15.22:0/4175893837 --> [v2:172.21.15.22:3300/0,v1:172.21.15.22:6789/0] -- mon_command({"prefix": "get_command_descriptions"} v 0) v1 -- 0x7f880c05f5f0 con 0x7f880c102930
2024-04-16T13:35:42.250 INFO:teuthology.orchestra.run.smithi022.stdout:/usr/bin/ceph: stderr
2024-04-16T13:35:40.779+0000 7f87f3fff700 1 -- 172.21.15.22:0/4175893837 <== mon.0 v2:172.21.15.22:3300/0 5 ==== osd_map(2..2 src has 1..2) v4 ==== 936+0+0 (secure 0 0 0) 0x7f87fc04a110 con 0x7f880c102930
2024-04-16T13:35:42.250 INFO:teuthology.orchestra.run.smithi022.stdout:/usr/bin/ceph: stderr
2024-04-16T13:35:40.779+0000 7f880affd700 1 --2- 172.21.15.22:0/4175893837 >> [v2:172.21.15.22:6800/1096714459,v1:172.21.15.22:6801/1096714459] conn(0x7f87f4036810 0x7f87f4038cc0 unknown :-1 s=BANNER_CONNECTING pgs=0 cs=0 l=1 rev1=0 crypto rx=0 tx=0 comp rx=0 tx=0)._handle_peer_banner_payload supported=3 required=0
2024-04-16T13:35:42.250 INFO:teuthology.orchestra.run.smithi022.stdout:/usr/bin/ceph: stderr
2024-04-16T13:35:40.780+0000 7f880affd700 1 --2- 172.21.15.22:0/4175893837 >> [v2:172.21.15.22:6800/1096714459,v1:172.21.15.22:6801/1096714459] conn(0x7f87f4036810 0x7f87f4038cc0 secure :-1 s=READY pgs=18 cs=0 l=1 rev1=1 crypto rx=0x7f8800009990 tx=0x7f8800006e40 comp rx=0 tx=0).ready entity=mgr.14120 client_cookie=0 server_cookie=0 in_seq=0 out_seq=0
2024-04-16T13:35:42.250 INFO:teuthology.orchestra.run.smithi022.stdout:/usr/bin/ceph: stderr
