2024-04-16T13:35:55.018+0000 7f53e559a700 1 -- 172.21.15.22:0/1108032119 <== mon.0 v2:172.21.15.22:3300/0 3 ==== mon_map magic: 0 v1 ==== 229+0+0 (secure 0 0 0) 0x7f53d80103c0 con 0x7f53e8100cf0
2024-04-16T13:35:55.914 INFO:teuthology.orchestra.run.smithi022.stdout:/usr/bin/ceph: stderr
2024-04-16T13:35:55.019+0000 7f53ec967700 1 -- 172.21.15.22:0/1108032119 >> [v2:172.21.15.22:3300/0,v1:172.21.15.22:6789/0] conn(0x7f53e8100cf0 msgr2=0x7f53e8101100 secure :-1 s=STATE_CONNECTION_ESTABLISHED l=1).mark_down
2024-04-16T13:35:55.914 INFO:teuthology.orchestra.run.smithi022.stdout:/usr/bin/ceph: stderr
2024-04-16T13:35:55.019+0000 7f53ec967700 1 --2- 172.21.15.22:0/1108032119 >> [v2:172.21.15.22:3300/0,v1:172.21.15.22:6789/0] conn(0x7f53e8100cf0 0x7f53e8101100 secure :-1 s=READY pgs=80 cs=0 l=1 rev1=1 crypto rx=0x7f53d80098e0 tx=0x7f53d8009250 comp rx=0 tx=0).stop
2024-04-16T13:35:55.914 INFO:teuthology.orchestra.run.smithi022.stdout:/usr/bin/ceph: stderr
2024-04-16T13:35:55.019+0000 7f53ec967700 1 -- 172.21.15.22:0/1108032119 shutdown_connections
2024-04-16T13:35:55.914 INFO:teuthology.orchestra.run.smithi022.stdout:/usr/bin/ceph: stderr
2024-04-16T13:35:55.019+0000 7f53ec967700 1 --2- 172.21.15.22:0/1108032119 >> [v2:172.21.15.22:3300/0,v1:172.21.15.22:6789/0] conn(0x7f53e8100cf0 0x7f53e8101100 unknown :-1 s=CLOSED pgs=80 cs=0 l=1 rev1=1 crypto rx=0 tx=0 comp rx=0 tx=0).stop
2024-04-16T13:35:55.914 INFO:teuthology.orchestra.run.smithi022.stdout:/usr/bin/ceph: stderr
2024-04-16T13:35:55.019+0000 7f53ec967700 1 -- 172.21.15.22:0/1108032119 >> 172.21.15.22:0/1108032119 conn(0x7f53e80fc730 msgr2=0x7f53e80feb40 unknown :-1 s=STATE_NONE l=0).mark_down
2024-04-16T13:35:55.914 INFO:teuthology.orchestra.run.smithi022.stdout:/usr/bin/ceph: stderr
2024-04-16T13:35:55.019+0000 7f53ec967700 1 -- 172.21.15.22:0/1108032119 shutdown_connections
2024-04-16T13:35:55.914 INFO:teuthology.orchestra.run.smithi022.stdout:/usr/bin/ceph: stderr
2024-04-16T13:35:55.019+0000 7f53ec967700 1 -- 172.21.15.22:0/1108032119 wait complete.
2024-04-16T13:35:55.915 INFO:teuthology.orchestra.run.smithi022.stdout:/usr/bin/ceph: stderr
2024-04-16T13:35:55.020+0000 7f53ec967700 1 Processor -- start
2024-04-16T13:35:55.915 INFO:teuthology.orchestra.run.smithi022.stdout:/usr/bin/ceph: stderr
2024-04-16T13:35:55.020+0000 7f53ec967700 1 -- start start
2024-04-16T13:35:55.915 INFO:teuthology.orchestra.run.smithi022.stdout:/usr/bin/ceph: stderr
2024-04-16T13:35:55.020+0000 7f53ec967700 1 --2- >> [v2:172.21.15.22:3300/0,v1:172.21.15.22:6789/0] conn(0x7f53e8100cf0 0x7f53e81138f0 unknown :-1 s=NONE pgs=0 cs=0 l=1 rev1=0 crypto rx=0 tx=0 comp rx=0 tx=0).connect
2024-04-16T13:35:55.915 INFO:teuthology.orchestra.run.smithi022.stdout:/usr/bin/ceph: stderr
2024-04-16T13:35:55.020+0000 7f53ec967700 1 -- --> [v2:172.21.15.22:3300/0,v1:172.21.15.22:6789/0] -- mon_getmap magic: 0 v1 -- 0x7f53e8113e30 con 0x7f53e8100cf0
2024-04-16T13:35:55.915 INFO:teuthology.orchestra.run.smithi022.stdout:/usr/bin/ceph: stderr
2024-04-16T13:35:55.020+0000 7f53e659c700 1 --2- >> [v2:172.21.15.22:3300/0,v1:172.21.15.22:6789/0] conn(0x7f53e8100cf0 0x7f53e81138f0 unknown :-1 s=BANNER_CONNECTING pgs=0 cs=0 l=1 rev1=0 crypto rx=0 tx=0 comp rx=0 tx=0)._handle_peer_banner_payload supported=3 required=0
2024-04-16T13:35:55.915 INFO:teuthology.orchestra.run.smithi022.stdout:/usr/bin/ceph: stderr
2024-04-16T13:35:55.020+0000 7f53e659c700 1 --2- >> [v2:172.21.15.22:3300/0,v1:172.21.15.22:6789/0] conn(0x7f53e8100cf0 0x7f53e81138f0 unknown :-1 s=HELLO_CONNECTING pgs=0 cs=0 l=1 rev1=1 crypto rx=0 tx=0 comp rx=0 tx=0).handle_hello peer v2:172.21.15.22:3300/0 says I am v2:172.21.15.22:43578/0 (socket says 172.21.15.22:43578)
2024-04-16T13:35:55.915 INFO:teuthology.orchestra.run.smithi022.stdout:/usr/bin/ceph: stderr
2024-04-16T13:35:55.020+0000 7f53e659c700 1 -- 172.21.15.22:0/448130032 learned_addr learned my addr 172.21.15.22:0/448130032 (peer_addr_for_me v2:172.21.15.22:0/0)
2024-04-16T13:35:55.915 INFO:teuthology.orchestra.run.smithi022.stdout:/usr/bin/ceph: stderr
2024-04-16T13:35:55.021+0000 7f53e659c700 1 -- 172.21.15.22:0/448130032 --> [v2:172.21.15.22:3300/0,v1:172.21.15.22:6789/0] -- mon_subscribe({config=0+,monmap=0+}) v3 -- 0x7f53d80094f0 con 0x7f53e8100cf0
2024-04-16T13:35:55.915 INFO:teuthology.orchestra.run.smithi022.stdout:/usr/bin/ceph: stderr
2024-04-16T13:35:55.021+0000 7f53e659c700 1 --2- 172.21.15.22:0/448130032 >> [v2:172.21.15.22:3300/0,v1:172.21.15.22:6789/0] conn(0x7f53e8100cf0 0x7f53e81138f0 secure :-1 s=READY pgs=81 cs=0 l=1 rev1=1 crypto rx=0x7f53d8011680 tx=0x7f53d8009250 comp rx=0 tx=0).ready entity=mon.0 client_cookie=0 server_cookie=0 in_seq=0 out_seq=0
2024-04-16T13:35:55.915 INFO:teuthology.orchestra.run.smithi022.stdout:/usr/bin/ceph: stderr
2024-04-16T13:35:55.021+0000 7f53d6ffd700 1 -- 172.21.15.22:0/448130032 <== mon.0 v2:172.21.15.22:3300/0 1 ==== mon_map magic: 0 v1 ==== 229+0+0 (secure 0 0 0) 0x7f53d8010890 con 0x7f53e8100cf0
2024-04-16T13:35:55.915 INFO:teuthology.orchestra.run.smithi022.stdout:/usr/bin/ceph: stderr
2024-04-16T13:35:55.021+0000 7f53d6ffd700 1 -- 172.21.15.22:0/448130032 <== mon.0 v2:172.21.15.22:3300/0 2 ==== config(27 keys) v1 ==== 1109+0+0 (secure 0 0 0) 0x7f53d8010ec0 con 0x7f53e8100cf0
2024-04-16T13:35:55.915 INFO:teuthology.orchestra.run.smithi022.stdout:/usr/bin/ceph: stderr
2024-04-16T13:35:55.021+0000 7f53d6ffd700 1 -- 172.21.15.22:0/448130032 <== mon.0 v2:172.21.15.22:3300/0 3 ==== mon_map magic: 0 v1 ==== 229+0+0 (secure 0 0 0) 0x7f53d80243f0 con 0x7f53e8100cf0
2024-04-16T13:35:55.915 INFO:teuthology.orchestra.run.smithi022.stdout:/usr/bin/ceph: stderr
2024-04-16T13:35:55.021+0000 7f53ec967700 1 -- 172.21.15.22:0/448130032 --> [v2:172.21.15.22:3300/0,v1:172.21.15.22:6789/0] -- mon_subscribe({mgrmap=0+}) v3 -- 0x7f53e8114030 con 0x7f53e8100cf0
2024-04-16T13:35:55.915 INFO:teuthology.orchestra.run.smithi022.stdout:/usr/bin/ceph: stderr
2024-04-16T13:35:55.021+0000 7f53ec967700 1 -- 172.21.15.22:0/448130032 --> [v2:172.21.15.22:3300/0,v1:172.21.15.22:6789/0] -- mon_subscribe({osdmap=0}) v3 -- 0x7f53e8114ba0 con 0x7f53e8100cf0
2024-04-16T13:35:55.915 INFO:teuthology.orchestra.run.smithi022.stdout:/usr/bin/ceph: stderr
2024-04-16T13:35:55.022+0000 7f53d6ffd700 1 -- 172.21.15.22:0/448130032 <== mon.0 v2:172.21.15.22:3300/0 4 ==== mgrmap(e 11) v1 ==== 43283+0+0 (secure 0 0 0) 0x7f53d802d3f0 con 0x7f53e8100cf0
2024-04-16T13:35:55.915 INFO:teuthology.orchestra.run.smithi022.stdout:/usr/bin/ceph: stderr
2024-04-16T13:35:55.022+0000 7f53d6ffd700 1 --2- 172.21.15.22:0/448130032 >> [v2:172.21.15.22:6800/3762710576,v1:172.21.15.22:6801/3762710576] conn(0x7f53d0036710 0x7f53d0038bc0 unknown :-1 s=NONE pgs=0 cs=0 l=1 rev1=0 crypto rx=0 tx=0 comp rx=0 tx=0).connect
2024-04-16T13:35:55.916 INFO:teuthology.orchestra.run.smithi022.stdout:/usr/bin/ceph: stderr
2024-04-16T13:35:55.022+0000 7f53d6ffd700 1 -- 172.21.15.22:0/448130032 <== mon.0 v2:172.21.15.22:3300/0 5 ==== osd_map(3..3 src has 1..3) v4 ==== 1151+0+0 (secure 0 0 0) 0x7f53d804b300 con 0x7f53e8100cf0
2024-04-16T13:35:55.916 INFO:teuthology.orchestra.run.smithi022.stdout:/usr/bin/ceph: stderr
2024-04-16T13:35:55.022+0000 7f53e5d9b700 1 --2- 172.21.15.22:0/448130032 >> [v2:172.21.15.22:6800/3762710576,v1:172.21.15.22:6801/3762710576] conn(0x7f53d0036710 0x7f53d0038bc0 unknown :-1 s=BANNER_CONNECTING pgs=0 cs=0 l=1 rev1=0 crypto rx=0 tx=0 comp rx=0 tx=0)._handle_peer_banner_payload supported=3 required=0
2024-04-16T13:35:55.916 INFO:teuthology.orchestra.run.smithi022.stdout:/usr/bin/ceph: stderr
2024-04-16T13:35:55.022+0000 7f53ec967700 1 -- 172.21.15.22:0/448130032 --> [v2:172.21.15.22:3300/0,v1:172.21.15.22:6789/0] -- mon_command({"prefix": "get_command_descriptions"} v 0) v1 -- 0x7f53e805f5f0 con 0x7f53e8100cf0
2024-04-16T13:35:55.916 INFO:teuthology.orchestra.run.smithi022.stdout:/usr/bin/ceph: stderr
2024-04-16T13:35:55.023+0000 7f53e5d9b700 1 --2- 172.21.15.22:0/448130032 >> [v2:172.21.15.22:6800/3762710576,v1:172.21.15.22:6801/3762710576] conn(0x7f53d0036710 0x7f53d0038bc0 secure :-1 s=READY pgs=7 cs=0 l=1 rev1=1 crypto rx=0x7f53dc009990 tx=0x7f53dc006e40 comp rx=0 tx=0).ready entity=mgr.14162 client_cookie=0 server_cookie=0 in_seq=0 out_seq=0
2024-04-16T13:35:55.916 INFO:teuthology.orchestra.run.smithi022.stdout:/usr/bin/ceph: stderr
2024-04-16T13:35:55.031+0000 7f53d6ffd700 1 -- 172.21.15.22:0/448130032 <== mon.0 v2:172.21.15.22:3300/0 6 ==== mon_command_ack([{"prefix": "get_command_descriptions"}]=0 v0) v1 ==== 72+0+176702 (secure 0 0 0) 0x7f53d802b8e0 con 0x7f53e8100cf0
2024-04-16T13:35:55.916 INFO:teuthology.orchestra.run.smithi022.stdout:/usr/bin/ceph: stderr
2024-04-16T13:35:55.234+0000 7f53ec967700 1 -- 172.21.15.22:0/448130032 --> [v2:172.21.15.22:6800/3762710576,v1:172.21.15.22:6801/3762710576] -- mgr_command(tid 0: {"prefix": "dashboard create-self-signed-cert", "target": ["mon-mgr", ""]}) v1 -- 0x7f53e8115620 con 0x7f53d0036710
2024-04-16T13:35:55.916 INFO:teuthology.orchestra.run.smithi022.stdout:/usr/bin/ceph: stderr
2024-04-16T13:35:55.343+0000 7f53d6ffd700 1 -- 172.21.15.22:0/448130032 <== mgr.14162 v2:172.21.15.22:6800/3762710576 1 ==== mgr_command_reply(tid 0: 0 ) v1 ==== 8+0+32 (secure 0 0 0) 0x7f53e8115620 con 0x7f53d0036710
2024-04-16T13:35:55.916 INFO:teuthology.orchestra.run.smithi022.stdout:/usr/bin/ceph: stderr
2024-04-16T13:35:55.345+0000 7f53ec967700 1 -- 172.21.15.22:0/448130032 >> [v2:172.21.15.22:6800/3762710576,v1:172.21.15.22:6801/3762710576] conn(0x7f53d0036710 msgr2=0x7f53d0038bc0 secure :-1 s=STATE_CONNECTION_ESTABLISHED l=1).mark_down
2024-04-16T13:35:55.916 INFO:teuthology.orchestra.run.smithi022.stdout:/usr/bin/ceph: stderr
2024-04-16T13:35:55.345+0000 7f53ec967700 1 --2- 172.21.15.22:0/448130032 >> [v2:172.21.15.22:6800/3762710576,v1:172.21.15.22:6801/3762710576] conn(0x7f53d0036710 0x7f53d0038bc0 secure :-1 s=READY pgs=7 cs=0 l=1 rev1=1 crypto rx=0x7f53dc009990 tx=0x7f53dc006e40 comp rx=0 tx=0).stop
2024-04-16T13:35:55.916 INFO:teuthology.orchestra.run.smithi022.stdout:/usr/bin/ceph: stderr
2024-04-16T13:35:55.345+0000 7f53ec967700 1 -- 172.21.15.22:0/448130032 >> [v2:172.21.15.22:3300/0,v1:172.21.15.22:6789/0] conn(0x7f53e8100cf0 msgr2=0x7f53e81138f0 secure :-1 s=STATE_CONNECTION_ESTABLISHED l=1).mark_down
2024-04-16T13:35:55.916 INFO:teuthology.orchestra.run.smithi022.stdout:/usr/bin/ceph: stderr
2024-04-16T13:35:55.345+0000 7f53ec967700 1 --2- 172.21.15.22:0/448130032 >> [v2:172.21.15.22:3300/0,v1:172.21.15.22:6789/0] conn(0x7f53e8100cf0 0x7f53e81138f0 secure :-1 s=READY pgs=81 cs=0 l=1 rev1=1 crypto rx=0x7f53d8011680 tx=0x7f53d8009250 comp rx=0 tx=0).stop
2024-04-16T13:35:55.916 INFO:teuthology.orchestra.run.smithi022.stdout:/usr/bin/ceph: stderr
2024-04-16T13:35:55.345+0000 7f53ec967700 1 -- 172.21.15.22:0/448130032 shutdown_connections
2024-04-16T13:35:55.916 INFO:teuthology.orchestra.run.smithi022.stdout:/usr/bin/ceph: stderr
2024-04-16T13:35:55.345+0000 7f53ec967700 1 --2- 172.21.15.22:0/448130032 >> [v2:172.21.15.22:6800/3762710576,v1:172.21.15.22:6801/3762710576] conn(0x7f53d0036710 0x7f53d0038bc0 unknown :-1 s=CLOSED pgs=7 cs=0 l=1 rev1=1 crypto rx=0 tx=0 comp rx=0 tx=0).stop
2024-04-16T13:35:55.916 INFO:teuthology.orchestra.run.smithi022.stdout:/usr/bin/ceph: stderr
2024-04-16T13:35:55.345+0000 7f53ec967700 1 --2- 172.21.15.22:0/448130032 >> [v2:172.21.15.22:3300/0,v1:172.21.15.22:6789/0] conn(0x7f53e8100cf0 0x7f53e81138f0 unknown :-1 s=CLOSED pgs=81 cs=0 l=1 rev1=1 crypto rx=0 tx=0 comp rx=0 tx=0).stop
2024-04-16T13:35:55.917 INFO:teuthology.orchestra.run.smithi022.stdout:/usr/bin/ceph: stderr
2024-04-16T13:35:55.345+0000 7f53ec967700 1 -- 172.21.15.22:0/448130032 >> 172.21.15.22:0/448130032 conn(0x7f53e80fc730 msgr2=0x7f53e8103060 unknown :-1 s=STATE_NONE l=0).mark_down
2024-04-16T13:35:55.917 INFO:teuthology.orchestra.run.smithi022.stdout:/usr/bin/ceph: stderr
2024-04-16T13:35:55.345+0000 7f53ec967700 1 -- 172.21.15.22:0/448130032 shutdown_connections
2024-04-16T13:35:55.917 INFO:teuthology.orchestra.run.smithi022.stdout:/usr/bin/ceph: stderr
2024-04-16T13:35:55.345+0000 7f53ec967700 1 -- 172.21.15.22:0/448130032 wait complete.
2024-04-16T13:35:55.917 INFO:teuthology.orchestra.run.smithi022.stdout:Creating initial admin user...
2024-04-16T13:35:56.650 INFO:journalctl@ceph.mon.smithi022.smithi022.stdout:Apr 16 13:35:56 smithi022 ceph-mon[29207]: from='client.14174 -' entity='client.admin' cmd=[{"prefix": "dashboard create-self-signed-cert", "target": ["mon-mgr", ""]}]: dispatch
2024-04-16T13:35:56.650 INFO:journalctl@ceph.mon.smithi022.smithi022.stdout:Apr 16 13:35:56 smithi022 ceph-mon[29207]: from='mgr.14162 172.21.15.22:0/2142163469' entity='mgr.smithi022.dkpxjn'
2024-04-16T13:35:56.650 INFO:journalctl@ceph.mon.smithi022.smithi022.stdout:Apr 16 13:35:56 smithi022 ceph-mon[29207]: from='mgr.14162 172.21.15.22:0/2142163469' entity='mgr.smithi022.dkpxjn'
2024-04-16T13:35:56.650 INFO:journalctl@ceph.mon.smithi022.smithi022.stdout:Apr 16 13:35:56 smithi022 ceph-mon[29207]: from='mgr.14162 172.21.15.22:0/2142163469' entity='mgr.smithi022.dkpxjn'
2024-04-16T13:35:56.651 INFO:journalctl@ceph.mon.smithi022.smithi022.stdout:Apr 16 13:35:56 smithi022 ceph-mon[29207]: mgrmap e12: smithi022.dkpxjn(active, since 2s)
2024-04-16T13:35:57.804 INFO:teuthology.orchestra.run.smithi022.stdout:/usr/bin/ceph: stdout {"username": "admin", "password": "$2b$12$C1nI23J/ZJOIDOfyoIgdzei7Tq.LYbOCA3fkFX2IlkUEn4qAUy8ZO", "roles": ["administrator"], "name": null, "email": null, "lastUpdate": 1713274556, "enabled": true, "pwdExpirationDate": null, "pwdUpdateRequired": true}
2024-04-16T13:35:57.804 INFO:teuthology.orchestra.run.smithi022.stdout:/usr/bin/ceph: stderr
2024-04-16T13:35:56.342+0000 7f9d827a1700 1 Processor -- start
2024-04-16T13:35:57.804 INFO:teuthology.orchestra.run.smithi022.stdout:/usr/bin/ceph: stderr
2024-04-16T13:35:56.342+0000 7f9d827a1700 1 -- start start
2024-04-16T13:35:57.804 INFO:teuthology.orchestra.run.smithi022.stdout:/usr/bin/ceph: stderr
2024-04-16T13:35:56.343+0000 7f9d827a1700 1 --2- >> [v2:172.21.15.22:3300/0,v1:172.21.15.22:6789/0] conn(0x7f9d7c076ae0 0x7f9d7c105400 unknown :-1 s=NONE pgs=0 cs=0 l=0 rev1=0 crypto rx=0 tx=0 comp rx=0 tx=0).connect
2024-04-16T13:35:57.804 INFO:teuthology.orchestra.run.smithi022.stdout:/usr/bin/ceph: stderr
2024-04-16T13:35:56.343+0000 7f9d827a1700 1 -- --> [v2:172.21.15.22:3300/0,v1:172.21.15.22:6789/0] -- mon_getmap magic: 0 v1 -- 0x7f9d7c076ef0 con 0x7f9d7c076ae0
2024-04-16T13:35:57.804 INFO:teuthology.orchestra.run.smithi022.stdout:/usr/bin/ceph: stderr
2024-04-16T13:35:56.343+0000 7f9d8179f700 1 --2- >> [v2:172.21.15.22:3300/0,v1:172.21.15.22:6789/0] conn(0x7f9d7c076ae0 0x7f9d7c105400 unknown :-1 s=BANNER_CONNECTING pgs=0 cs=0 l=0 rev1=0 crypto rx=0 tx=0 comp rx=0 tx=0)._handle_peer_banner_payload supported=3 required=0
2024-04-16T13:35:57.804 INFO:teuthology.orchestra.run.smithi022.stdout:/usr/bin/ceph: stderr
2024-04-16T13:35:56.343+0000 7f9d8179f700 1 --2- >> [v2:172.21.15.22:3300/0,v1:172.21.15.22:6789/0] conn(0x7f9d7c076ae0 0x7f9d7c105400 unknown :-1 s=HELLO_CONNECTING pgs=0 cs=0 l=0 rev1=1 crypto rx=0 tx=0 comp rx=0 tx=0).handle_hello peer v2:172.21.15.22:3300/0 says I am v2:172.21.15.22:43588/0 (socket says 172.21.15.22:43588)
2024-04-16T13:35:57.804 INFO:teuthology.orchestra.run.smithi022.stdout:/usr/bin/ceph: stderr
2024-04-16T13:35:56.343+0000 7f9d8179f700 1 -- 172.21.15.22:0/371097230 learned_addr learned my addr 172.21.15.22:0/371097230 (peer_addr_for_me v2:172.21.15.22:0/0)
2024-04-16T13:35:57.804 INFO:teuthology.orchestra.run.smithi022.stdout:/usr/bin/ceph: stderr
2024-04-16T13:35:56.343+0000 7f9d8179f700 1 -- 172.21.15.22:0/371097230 --> [v2:172.21.15.22:3300/0,v1:172.21.15.22:6789/0] -- mon_subscribe({config=0+,monmap=0+}) v3 -- 0x7f9d7c105940 con 0x7f9d7c076ae0
2024-04-16T13:35:57.804 INFO:teuthology.orchestra.run.smithi022.stdout:/usr/bin/ceph: stderr
2024-04-16T13:35:56.343+0000 7f9d8179f700 1 --2- 172.21.15.22:0/371097230 >> [v2:172.21.15.22:3300/0,v1:172.21.15.22:6789/0] conn(0x7f9d7c076ae0 0x7f9d7c105400 secure :-1 s=READY pgs=82 cs=0 l=1 rev1=1 crypto rx=0x7f9d740098e0 tx=0x7f9d74009250 comp rx=0 tx=0).ready entity=mon.0 client_cookie=42187cdda2fabaec server_cookie=0 in_seq=0 out_seq=0
2024-04-16T13:35:57.805 INFO:teuthology.orchestra.run.smithi022.stdout:/usr/bin/ceph: stderr
2024-04-16T13:35:56.343+0000 7f9d7bfff700 1 -- 172.21.15.22:0/371097230 <== mon.0 v2:172.21.15.22:3300/0 1 ==== mon_map magic: 0 v1 ==== 229+0+0 (secure 0 0 0) 0x7f9d7400b8f0 con 0x7f9d7c076ae0
2024-04-16T13:35:57.805 INFO:teuthology.orchestra.run.smithi022.stdout:/usr/bin/ceph: stderr
2024-04-16T13:35:56.343+0000 7f9d7bfff700 1 -- 172.21.15.22:0/371097230 <== mon.0 v2:172.21.15.22:3300/0 2 ==== config(27 keys) v1 ==== 1109+0+0 (secure 0 0 0) 0x7f9d74011420 con 0x7f9d7c076ae0
2024-04-16T13:35:57.805 INFO:teuthology.orchestra.run.smithi022.stdout:/usr/bin/ceph: stderr
2024-04-16T13:35:56.343+0000 7f9d7bfff700 1 -- 172.21.15.22:0/371097230 <== mon.0 v2:172.21.15.22:3300/0 3 ==== mon_map magic: 0 v1 ==== 229+0+0 (secure 0 0 0) 0x7f9d74010540 con 0x7f9d7c076ae0
2024-04-16T13:35:57.805 INFO:teuthology.orchestra.run.smithi022.stdout:/usr/bin/ceph: stderr
2024-04-16T13:35:56.344+0000 7f9d827a1700 1 -- 172.21.15.22:0/371097230 >> [v2:172.21.15.22:3300/0,v1:172.21.15.22:6789/0] conn(0x7f9d7c076ae0 msgr2=0x7f9d7c105400 secure :-1 s=STATE_CONNECTION_ESTABLISHED l=1).mark_down
2024-04-16T13:35:57.805 INFO:teuthology.orchestra.run.smithi022.stdout:/usr/bin/ceph: stderr
2024-04-16T13:35:56.344+0000 7f9d827a1700 1 --2- 172.21.15.22:0/371097230 >> [v2:172.21.15.22:3300/0,v1:172.21.15.22:6789/0] conn(0x7f9d7c076ae0 0x7f9d7c105400 secure :-1 s=READY pgs=82 cs=0 l=1 rev1=1 crypto rx=0x7f9d740098e0 tx=0x7f9d74009250 comp rx=0 tx=0).stop
2024-04-16T13:35:57.805 INFO:teuthology.orchestra.run.smithi022.stdout:/usr/bin/ceph: stderr
2024-04-16T13:35:56.344+0000 7f9d827a1700 1 -- 172.21.15.22:0/371097230 shutdown_connections
2024-04-16T13:35:57.805 INFO:teuthology.orchestra.run.smithi022.stdout:/usr/bin/ceph: stderr
2024-04-16T13:35:56.344+0000 7f9d827a1700 1 --2- 172.21.15.22:0/371097230 >> [v2:172.21.15.22:3300/0,v1:172.21.15.22:6789/0] conn(0x7f9d7c076ae0 0x7f9d7c105400 unknown :-1 s=CLOSED pgs=82 cs=0 l=1 rev1=1 crypto rx=0 tx=0 comp rx=0 tx=0).stop
2024-04-16T13:35:57.805 INFO:teuthology.orchestra.run.smithi022.stdout:/usr/bin/ceph: stderr
2024-04-16T13:35:56.344+0000 7f9d827a1700 1 -- 172.21.15.22:0/371097230 >> 172.21.15.22:0/371097230 conn(0x7f9d7c0fce10 msgr2=0x7f9d7c0ff260 unknown :-1 s=STATE_NONE l=0).mark_down
2024-04-16T13:35:57.805 INFO:teuthology.orchestra.run.smithi022.stdout:/usr/bin/ceph: stderr
2024-04-16T13:35:56.344+0000 7f9d827a1700 1 -- 172.21.15.22:0/371097230 shutdown_connections
2024-04-16T13:35:57.805 INFO:teuthology.orchestra.run.smithi022.stdout:/usr/bin/ceph: stderr
2024-04-16T13:35:56.344+0000 7f9d827a1700 1 -- 172.21.15.22:0/371097230 wait complete.
2024-04-16T13:35:57.805 INFO:teuthology.orchestra.run.smithi022.stdout:/usr/bin/ceph: stderr
2024-04-16T13:35:56.344+0000 7f9d827a1700 1 Processor -- start
2024-04-16T13:35:57.805 INFO:teuthology.orchestra.run.smithi022.stdout:/usr/bin/ceph: stderr
2024-04-16T13:35:56.345+0000 7f9d827a1700 1 -- start start
2024-04-16T13:35:57.806 INFO:teuthology.orchestra.run.smithi022.stdout:/usr/bin/ceph: stderr
2024-04-16T13:35:56.345+0000 7f9d827a1700 1 --2- >> [v2:172.21.15.22:3300/0,v1:172.21.15.22:6789/0] conn(0x7f9d7c076ae0 0x7f9d7c111590 unknown :-1 s=NONE pgs=0 cs=0 l=1 rev1=0 crypto rx=0 tx=0 comp rx=0 tx=0).connect
2024-04-16T13:35:57.806 INFO:teuthology.orchestra.run.smithi022.stdout:/usr/bin/ceph: stderr
2024-04-16T13:35:56.345+0000 7f9d827a1700 1 -- --> [v2:172.21.15.22:3300/0,v1:172.21.15.22:6789/0] -- mon_getmap magic: 0 v1 -- 0x7f9d7c111ad0 con 0x7f9d7c076ae0
2024-04-16T13:35:57.806 INFO:teuthology.orchestra.run.smithi022.stdout:/usr/bin/ceph: stderr
2024-04-16T13:35:56.345+0000 7f9d8179f700 1 --2- >> [v2:172.21.15.22:3300/0,v1:172.21.15.22:6789/0] conn(0x7f9d7c076ae0 0x7f9d7c111590 unknown :-1 s=BANNER_CONNECTING pgs=0 cs=0 l=1 rev1=0 crypto rx=0 tx=0 comp rx=0 tx=0)._handle_peer_banner_payload supported=3 required=0
2024-04-16T13:35:57.806 INFO:teuthology.orchestra.run.smithi022.stdout:/usr/bin/ceph: stderr
2024-04-16T13:35:56.345+0000 7f9d8179f700 1 --2- >> [v2:172.21.15.22:3300/0,v1:172.21.15.22:6789/0] conn(0x7f9d7c076ae0 0x7f9d7c111590 unknown :-1 s=HELLO_CONNECTING pgs=0 cs=0 l=1 rev1=1 crypto rx=0 tx=0 comp rx=0 tx=0).handle_hello peer v2:172.21.15.22:3300/0 says I am v2:172.21.15.22:43602/0 (socket says 172.21.15.22:43602)
2024-04-16T13:35:57.806 INFO:teuthology.orchestra.run.smithi022.stdout:/usr/bin/ceph: stderr
2024-04-16T13:35:56.345+0000 7f9d8179f700 1 -- 172.21.15.22:0/1038912076 learned_addr learned my addr 172.21.15.22:0/1038912076 (peer_addr_for_me v2:172.21.15.22:0/0)
2024-04-16T13:35:57.806 INFO:teuthology.orchestra.run.smithi022.stdout:/usr/bin/ceph: stderr
2024-04-16T13:35:56.345+0000 7f9d8179f700 1 -- 172.21.15.22:0/1038912076 --> [v2:172.21.15.22:3300/0,v1:172.21.15.22:6789/0] -- mon_subscribe({config=0+,monmap=0+}) v3 -- 0x7f9d740094f0 con 0x7f9d7c076ae0
2024-04-16T13:35:57.806 INFO:teuthology.orchestra.run.smithi022.stdout:/usr/bin/ceph: stderr
2024-04-16T13:35:56.345+0000 7f9d8179f700 1 --2- 172.21.15.22:0/1038912076 >> [v2:172.21.15.22:3300/0,v1:172.21.15.22:6789/0] conn(0x7f9d7c076ae0 0x7f9d7c111590 secure :-1 s=READY pgs=83 cs=0 l=1 rev1=1 crypto rx=0x7f9d74011cf0 tx=0x7f9d74009250 comp rx=0 tx=0).ready entity=mon.0 client_cookie=0 server_cookie=0 in_seq=0 out_seq=0
2024-04-16T13:35:57.806 INFO:teuthology.orchestra.run.smithi022.stdout:/usr/bin/ceph: stderr
2024-04-16T13:35:56.345+0000 7f9d79ffb700 1 -- 172.21.15.22:0/1038912076 <== mon.0 v2:172.21.15.22:3300/0 1 ==== mon_map magic: 0 v1 ==== 229+0+0 (secure 0 0 0) 0x7f9d74010800 con 0x7f9d7c076ae0
2024-04-16T13:35:57.806 INFO:teuthology.orchestra.run.smithi022.stdout:/usr/bin/ceph: stderr
2024-04-16T13:35:56.345+0000 7f9d827a1700 1 -- 172.21.15.22:0/1038912076 --> [v2:172.21.15.22:3300/0,v1:172.21.15.22:6789/0] -- mon_subscribe({mgrmap=0+}) v3 -- 0x7f9d7c111cd0 con 0x7f9d7c076ae0
2024-04-16T13:35:57.806 INFO:teuthology.orchestra.run.smithi022.stdout:/usr/bin/ceph: stderr
2024-04-16T13:35:56.345+0000 7f9d79ffb700 1 -- 172.21.15.22:0/1038912076 <== mon.0 v2:172.21.15.22:3300/0 2 ==== config(27 keys) v1 ==== 1109+0+0 (secure 0 0 0) 0x7f9d74010e30 con 0x7f9d7c076ae0
2024-04-16T13:35:57.806 INFO:teuthology.orchestra.run.smithi022.stdout:/usr/bin/ceph: stderr
2024-04-16T13:35:56.345+0000 7f9d79ffb700 1 -- 172.21.15.22:0/1038912076 <== mon.0 v2:172.21.15.22:3300/0 3 ==== mon_map magic: 0 v1 ==== 229+0+0 (secure 0 0 0) 0x7f9d7401ae80 con 0x7f9d7c076ae0
2024-04-16T13:35:57.806 INFO:teuthology.orchestra.run.smithi022.stdout:/usr/bin/ceph: stderr
2024-04-16T13:35:56.346+0000 7f9d827a1700 1 -- 172.21.15.22:0/1038912076 --> [v2:172.21.15.22:3300/0,v1:172.21.15.22:6789/0] -- mon_subscribe({osdmap=0}) v3 -- 0x7f9d7c112840 con 0x7f9d7c076ae0
2024-04-16T13:35:57.806 INFO:teuthology.orchestra.run.smithi022.stdout:/usr/bin/ceph: stderr
2024-04-16T13:35:56.346+0000 7f9d79ffb700 1 -- 172.21.15.22:0/1038912076 <== mon.0 v2:172.21.15.22:3300/0 4 ==== mgrmap(e 12) v1 ==== 43389+0+0 (secure 0 0 0) 0x7f9d74010960 con 0x7f9d7c076ae0
2024-04-16T13:35:57.807 INFO:teuthology.orchestra.run.smithi022.stdout:/usr/bin/ceph: stderr
2024-04-16T13:35:56.346+0000 7f9d827a1700 1 -- 172.21.15.22:0/1038912076 --> [v2:172.21.15.22:3300/0,v1:172.21.15.22:6789/0] -- mon_command({"prefix": "get_command_descriptions"} v 0) v1 -- 0x7f9d7c05f5f0 con 0x7f9d7c076ae0
2024-04-16T13:35:57.807 INFO:teuthology.orchestra.run.smithi022.stdout:/usr/bin/ceph: stderr
2024-04-16T13:35:56.347+0000 7f9d79ffb700 1 --2- 172.21.15.22:0/1038912076 >> [v2:172.21.15.22:6800/3762710576,v1:172.21.15.22:6801/3762710576] conn(0x7f9d6403ac40 0x7f9d6403d0f0 unknown :-1 s=NONE pgs=0 cs=0 l=1 rev1=0 crypto rx=0 tx=0 comp rx=0 tx=0).connect
2024-04-16T13:35:57.807 INFO:teuthology.orchestra.run.smithi022.stdout:/usr/bin/ceph: stderr
2024-04-16T13:35:56.347+0000 7f9d79ffb700 1 -- 172.21.15.22:0/1038912076 <== mon.0 v2:172.21.15.22:3300/0 5 ==== osd_map(3..3 src has 1..3) v4 ==== 1151+0+0 (secure 0 0 0) 0x7f9d7404a2d0 con 0x7f9d7c076ae0
2024-04-16T13:35:57.807 INFO:teuthology.orchestra.run.smithi022.stdout:/usr/bin/ceph: stderr
2024-04-16T13:35:56.347+0000 7f9d80f9e700 1 --2- 172.21.15.22:0/1038912076 >> [v2:172.21.15.22:6800/3762710576,v1:172.21.15.22:6801/3762710576] conn(0x7f9d6403ac40 0x7f9d6403d0f0 unknown :-1 s=BANNER_CONNECTING pgs=0 cs=0 l=1 rev1=0 crypto rx=0 tx=0 comp rx=0 tx=0)._handle_peer_banner_payload supported=3 required=0
2024-04-16T13:35:57.807 INFO:teuthology.orchestra.run.smithi022.stdout:/usr/bin/ceph: stderr
2024-04-16T13:35:56.347+0000 7f9d80f9e700 1 --2- 172.21.15.22:0/1038912076 >> [v2:172.21.15.22:6800/3762710576,v1:172.21.15.22:6801/3762710576] conn(0x7f9d6403ac40 0x7f9d6403d0f0 secure :-1 s=READY pgs=8 cs=0 l=1 rev1=1 crypto rx=0x7f9d70009990 tx=0x7f9d70006e40 comp rx=0 tx=0).ready entity=mgr.14162 client_cookie=0 server_cookie=0 in_seq=0 out_seq=0
2024-04-16T13:35:57.807 INFO:teuthology.orchestra.run.smithi022.stdout:/usr/bin/ceph: stderr
2024-04-16T13:35:56.352+0000 7f9d79ffb700 1 -- 172.21.15.22:0/1038912076 <== mon.0 v2:172.21.15.22:3300/0 6 ==== mon_command_ack([{"prefix": "get_command_descriptions"}]=0 v0) v1 ==== 72+0+176702 (secure 0 0 0) 0x7f9d7402b760 con 0x7f9d7c076ae0
2024-04-16T13:35:57.807 INFO:teuthology.orchestra.run.smithi022.stdout:/usr/bin/ceph: stderr
2024-04-16T13:35:56.565+0000 7f9d827a1700 1 -- 172.21.15.22:0/1038912076 --> [v2:172.21.15.22:6800/3762710576,v1:172.21.15.22:6801/3762710576] -- mgr_command(tid 0: {"prefix": "dashboard ac-user-create", "username": "admin", "rolename": "administrator", "force_password": true, "pwd_update_required": true, "target": ["mon-mgr", ""]}) v1 -- 0x7f9d7c05f410 con 0x7f9d6403ac40
2024-04-16T13:35:57.807 INFO:teuthology.orchestra.run.smithi022.stdout:/usr/bin/ceph: stderr
2024-04-16T13:35:56.811+0000 7f9d79ffb700 1 -- 172.21.15.22:0/1038912076 <== mgr.14162 v2:172.21.15.22:6800/3762710576 1 ==== mgr_command_reply(tid 0: 0 ) v1 ==== 8+0+252 (secure 0 0 0) 0x7f9d7c05f410 con 0x7f9d6403ac40
2024-04-16T13:35:57.807 INFO:teuthology.orchestra.run.smithi022.stdout:/usr/bin/ceph: stderr
2024-04-16T13:35:56.814+0000 7f9d827a1700 1 -- 172.21.15.22:0/1038912076 >> [v2:172.21.15.22:6800/3762710576,v1:172.21.15.22:6801/3762710576] conn(0x7f9d6403ac40 msgr2=0x7f9d6403d0f0 secure :-1 s=STATE_CONNECTION_ESTABLISHED l=1).mark_down
2024-04-16T13:35:57.807 INFO:teuthology.orchestra.run.smithi022.stdout:/usr/bin/ceph: stderr
2024-04-16T13:35:56.814+0000 7f9d827a1700 1 --2- 172.21.15.22:0/1038912076 >> [v2:172.21.15.22:6800/3762710576,v1:172.21.15.22:6801/3762710576] conn(0x7f9d6403ac40 0x7f9d6403d0f0 secure :-1 s=READY pgs=8 cs=0 l=1 rev1=1 crypto rx=0x7f9d70009990 tx=0x7f9d70006e40 comp rx=0 tx=0).stop
2024-04-16T13:35:57.807 INFO:teuthology.orchestra.run.smithi022.stdout:/usr/bin/ceph: stderr
2024-04-16T13:35:56.814+0000 7f9d827a1700 1 -- 172.21.15.22:0/1038912076 >> [v2:172.21.15.22:3300/0,v1:172.21.15.22:6789/0] conn(0x7f9d7c076ae0 msgr2=0x7f9d7c111590 secure :-1 s=STATE_CONNECTION_ESTABLISHED l=1).mark_down
2024-04-16T13:35:57.807 INFO:teuthology.orchestra.run.smithi022.stdout:/usr/bin/ceph: stderr
2024-04-16T13:35:56.814+0000 7f9d827a1700 1 --2- 172.21.15.22:0/1038912076 >> [v2:172.21.15.22:3300/0,v1:172.21.15.22:6789/0] conn(0x7f9d7c076ae0 0x7f9d7c111590 secure :-1 s=READY pgs=83 cs=0 l=1 rev1=1 crypto rx=0x7f9d74011cf0 tx=0x7f9d74009250 comp rx=0 tx=0).stop
2024-04-16T13:35:57.808 INFO:teuthology.orchestra.run.smithi022.stdout:/usr/bin/ceph: stderr
2024-04-16T13:35:56.814+0000 7f9d827a1700 1 -- 172.21.15.22:0/1038912076 shutdown_connections
2024-04-16T13:35:57.808 INFO:teuthology.orchestra.run.smithi022.stdout:/usr/bin/ceph: stderr
2024-04-16T13:35:56.814+0000 7f9d827a1700 1 --2- 172.21.15.22:0/1038912076 >> [v2:172.21.15.22:6800/3762710576,v1:172.21.15.22:6801/3762710576] conn(0x7f9d6403ac40 0x7f9d6403d0f0 unknown :-1 s=CLOSED pgs=8 cs=0 l=1 rev1=1 crypto rx=0 tx=0 comp rx=0 tx=0).stop
2024-04-16T13:35:57.808 INFO:teuthology.orchestra.run.smithi022.stdout:/usr/bin/ceph: stderr
2024-04-16T13:35:56.814+0000 7f9d827a1700 1 --2- 172.21.15.22:0/1038912076 >> [v2:172.21.15.22:3300/0,v1:172.21.15.22:6789/0] conn(0x7f9d7c076ae0 0x7f9d7c111590 unknown :-1 s=CLOSED pgs=83 cs=0 l=1 rev1=1 crypto rx=0 tx=0 comp rx=0 tx=0).stop
2024-04-16T13:35:57.808 INFO:teuthology.orchestra.run.smithi022.stdout:/usr/bin/ceph: stderr
2024-04-16T13:35:56.814+0000 7f9d827a1700 1 -- 172.21.15.22:0/1038912076 >> 172.21.15.22:0/1038912076 conn(0x7f9d7c0fce10 msgr2=0x7f9d7c0fd9f0 unknown :-1 s=STATE_NONE l=0).mark_down
2024-04-16T13:35:57.808 INFO:teuthology.orchestra.run.smithi022.stdout:/usr/bin/ceph: stderr
2024-04-16T13:35:56.814+0000 7f9d827a1700 1 -- 172.21.15.22:0/1038912076 shutdown_connections
2024-04-16T13:35:57.808 INFO:teuthology.orchestra.run.smithi022.stdout:/usr/bin/ceph: stderr
2024-04-16T13:35:56.814+0000 7f9d827a1700 1 -- 172.21.15.22:0/1038912076 wait complete.
2024-04-16T13:35:57.808 INFO:teuthology.orchestra.run.smithi022.stdout:Fetching dashboard port number...
2024-04-16T13:35:57.963 INFO:journalctl@ceph.mon.smithi022.smithi022.stdout:Apr 16 13:35:57 smithi022 ceph-mon[29207]: from='client.14176 -' entity='client.admin' cmd=[{"prefix": "dashboard ac-user-create", "username": "admin", "rolename": "administrator", "force_password": true, "pwd_update_required": true, "target": ["mon-mgr", ""]}]: dispatch
2024-04-16T13:35:57.963 INFO:journalctl@ceph.mon.smithi022.smithi022.stdout:Apr 16 13:35:57 smithi022 ceph-mon[29207]: from='mgr.14162 172.21.15.22:0/2142163469' entity='mgr.smithi022.dkpxjn'
2024-04-16T13:35:59.061 INFO:journalctl@ceph.mon.smithi022.smithi022.stdout:Apr 16 13:35:58 smithi022 ceph-mon[29207]: from='client.? 172.21.15.22:0/2726042008' entity='client.admin' cmd=[{"prefix": "config get", "who": "mgr", "key": "mgr/dashboard/ssl_server_port"}]: dispatch
2024-04-16T13:35:59.068 INFO:teuthology.orchestra.run.smithi022.stdout:/usr/bin/ceph: stdout 8443
2024-04-16T13:35:59.068 INFO:teuthology.orchestra.run.smithi022.stdout:/usr/bin/ceph: stderr
2024-04-16T13:35:58.296+0000 7ff6f0524700 1 Processor -- start
2024-04-16T13:35:59.068 INFO:teuthology.orchestra.run.smithi022.stdout:/usr/bin/ceph: stderr
2024-04-16T13:35:58.296+0000 7ff6f0524700 1 -- start start
2024-04-16T13:35:59.069 INFO:teuthology.orchestra.run.smithi022.stdout:/usr/bin/ceph: stderr
2024-04-16T13:35:58.296+0000 7ff6f0524700 1 --2- >> [v2:172.21.15.22:3300/0,v1:172.21.15.22:6789/0] conn(0x7ff6e8076ac0 0x7ff6e81055d0 unknown :-1 s=NONE pgs=0 cs=0 l=0 rev1=0 crypto rx=0 tx=0 comp rx=0 tx=0).connect
2024-04-16T13:35:59.069 INFO:teuthology.orchestra.run.smithi022.stdout:/usr/bin/ceph: stderr
2024-04-16T13:35:58.296+0000 7ff6f0524700 1 -- --> [v2:172.21.15.22:3300/0,v1:172.21.15.22:6789/0] -- mon_getmap magic: 0 v1 -- 0x7ff6e8076ed0 con 0x7ff6e8076ac0
2024-04-16T13:35:59.069 INFO:teuthology.orchestra.run.smithi022.stdout:/usr/bin/ceph: stderr
2024-04-16T13:35:58.297+0000 7ff6ee2c0700 1 --2- >> [v2:172.21.15.22:3300/0,v1:172.21.15.22:6789/0] conn(0x7ff6e8076ac0 0x7ff6e81055d0 unknown :-1 s=BANNER_CONNECTING pgs=0 cs=0 l=0 rev1=0 crypto rx=0 tx=0 comp rx=0 tx=0)._handle_peer_banner_payload supported=3 required=0
2024-04-16T13:35:59.069 INFO:teuthology.orchestra.run.smithi022.stdout:/usr/bin/ceph: stderr
2024-04-16T13:35:58.297+0000 7ff6ee2c0700 1 --2- >> [v2:172.21.15.22:3300/0,v1:172.21.15.22:6789/0] conn(0x7ff6e8076ac0 0x7ff6e81055d0 unknown :-1 s=HELLO_CONNECTING pgs=0 cs=0 l=0 rev1=1 crypto rx=0 tx=0 comp rx=0 tx=0).handle_hello peer v2:172.21.15.22:3300/0 says I am v2:172.21.15.22:43614/0 (socket says 172.21.15.22:43614)
2024-04-16T13:35:59.069 INFO:teuthology.orchestra.run.smithi022.stdout:/usr/bin/ceph: stderr
2024-04-16T13:35:58.297+0000 7ff6ee2c0700 1 -- 172.21.15.22:0/1300590194 learned_addr learned my addr 172.21.15.22:0/1300590194 (peer_addr_for_me v2:172.21.15.22:0/0)
2024-04-16T13:35:59.069 INFO:teuthology.orchestra.run.smithi022.stdout:/usr/bin/ceph: stderr
2024-04-16T13:35:58.297+0000 7ff6ee2c0700 1 -- 172.21.15.22:0/1300590194 --> [v2:172.21.15.22:3300/0,v1:172.21.15.22:6789/0] -- mon_subscribe({config=0+,monmap=0+}) v3 -- 0x7ff6e8105b10 con 0x7ff6e8076ac0
2024-04-16T13:35:59.069 INFO:teuthology.orchestra.run.smithi022.stdout:/usr/bin/ceph: stderr
2024-04-16T13:35:58.297+0000 7ff6ee2c0700 1 --2- 172.21.15.22:0/1300590194 >> [v2:172.21.15.22:3300/0,v1:172.21.15.22:6789/0] conn(0x7ff6e8076ac0 0x7ff6e81055d0 secure :-1 s=READY pgs=84 cs=0 l=1 rev1=1 crypto rx=0x7ff6e0009e50 tx=0x7ff6e0009840 comp rx=0 tx=0).ready entity=mon.0 client_cookie=a4ce539fb87180d8 server_cookie=0 in_seq=0 out_seq=0
2024-04-16T13:35:59.069 INFO:teuthology.orchestra.run.smithi022.stdout:/usr/bin/ceph: stderr
2024-04-16T13:35:58.297+0000 7ff6ed2be700 1 -- 172.21.15.22:0/1300590194 <== mon.0 v2:172.21.15.22:3300/0 1 ==== mon_map magic: 0 v1 ==== 229+0+0 (secure 0 0 0) 0x7ff6e00092e0 con 0x7ff6e8076ac0
2024-04-16T13:35:59.069 INFO:teuthology.orchestra.run.smithi022.stdout:/usr/bin/ceph: stderr
2024-04-16T13:35:58.297+0000 7ff6ed2be700 1 -- 172.21.15.22:0/1300590194 <== mon.0 v2:172.21.15.22:3300/0 2 ==== config(27 keys) v1 ==== 1109+0+0 (secure 0 0 0) 0x7ff6e0012430 con 0x7ff6e8076ac0
2024-04-16T13:35:59.069 INFO:teuthology.orchestra.run.smithi022.stdout:/usr/bin/ceph: stderr
2024-04-16T13:35:58.297+0000 7ff6ed2be700 1 -- 172.21.15.22:0/1300590194 <== mon.0 v2:172.21.15.22:3300/0 3 ==== mon_map magic: 0 v1 ==== 229+0+0 (secure 0 0 0) 0x7ff6e00075c0 con 0x7ff6e8076ac0
2024-04-16T13:35:59.069 INFO:teuthology.orchestra.run.smithi022.stdout:/usr/bin/ceph: stderr
2024-04-16T13:35:58.298+0000 7ff6f0524700 1 -- 172.21.15.22:0/1300590194 >> [v2:172.21.15.22:3300/0,v1:172.21.15.22:6789/0] conn(0x7ff6e8076ac0 msgr2=0x7ff6e81055d0 secure :-1 s=STATE_CONNECTION_ESTABLISHED l=1).mark_down
2024-04-16T13:35:59.069 INFO:teuthology.orchestra.run.smithi022.stdout:/usr/bin/ceph: stderr
2024-04-16T13:35:58.298+0000 7ff6f0524700 1 --2- 172.21.15.22:0/1300590194 >> [v2:172.21.15.22:3300/0,v1:172.21.15.22:6789/0] conn(0x7ff6e8076ac0 0x7ff6e81055d0 secure :-1 s=READY pgs=84 cs=0 l=1 rev1=1 crypto rx=0x7ff6e0009e50 tx=0x7ff6e0009840 comp rx=0 tx=0).stop
2024-04-16T13:35:59.069 INFO:teuthology.orchestra.run.smithi022.stdout:/usr/bin/ceph: stderr
2024-04-16T13:35:58.298+0000 7ff6f0524700 1 -- 172.21.15.22:0/1300590194 shutdown_connections
2024-04-16T13:35:59.069 INFO:teuthology.orchestra.run.smithi022.stdout:/usr/bin/ceph: stderr
2024-04-16T13:35:58.298+0000 7ff6f0524700 1 --2- 172.21.15.22:0/1300590194 >> [v2:172.21.15.22:3300/0,v1:172.21.15.22:6789/0] conn(0x7ff6e8076ac0 0x7ff6e81055d0 unknown :-1 s=CLOSED pgs=84 cs=0 l=1 rev1=1 crypto rx=0 tx=0 comp rx=0 tx=0).stop
2024-04-16T13:35:59.069 INFO:teuthology.orchestra.run.smithi022.stdout:/usr/bin/ceph: stderr
2024-04-16T13:35:58.298+0000 7ff6f0524700 1 -- 172.21.15.22:0/1300590194 >> 172.21.15.22:0/1300590194 conn(0x7ff6e80fd040 msgr2=0x7ff6e80ff450 unknown :-1 s=STATE_NONE l=0).mark_down
2024-04-16T13:35:59.070 INFO:teuthology.orchestra.run.smithi022.stdout:/usr/bin/ceph: stderr
2024-04-16T13:35:58.298+0000 7ff6f0524700 1 -- 172.21.15.22:0/1300590194 shutdown_connections
2024-04-16T13:35:59.070 INFO:teuthology.orchestra.run.smithi022.stdout:/usr/bin/ceph: stderr
2024-04-16T13:35:58.298+0000 7ff6f0524700 1 -- 172.21.15.22:0/1300590194 wait complete.
2024-04-16T13:35:59.070 INFO:teuthology.orchestra.run.smithi022.stdout:/usr/bin/ceph: stderr
2024-04-16T13:35:58.298+0000 7ff6f0524700 1 Processor -- start
2024-04-16T13:35:59.070 INFO:teuthology.orchestra.run.smithi022.stdout:/usr/bin/ceph: stderr
2024-04-16T13:35:58.299+0000 7ff6f0524700 1 -- start start
2024-04-16T13:35:59.070 INFO:teuthology.orchestra.run.smithi022.stdout:/usr/bin/ceph: stderr
2024-04-16T13:35:58.299+0000 7ff6f0524700 1 --2- >> [v2:172.21.15.22:3300/0,v1:172.21.15.22:6789/0] conn(0x7ff6e8076ac0 0x7ff6e8111660 unknown :-1 s=NONE pgs=0 cs=0 l=1 rev1=0 crypto rx=0 tx=0 comp rx=0 tx=0).connect
2024-04-16T13:35:59.070 INFO:teuthology.orchestra.run.smithi022.stdout:/usr/bin/ceph: stderr
2024-04-16T13:35:58.299+0000 7ff6f0524700 1 -- --> [v2:172.21.15.22:3300/0,v1:172.21.15.22:6789/0] -- mon_getmap magic: 0 v1 -- 0x7ff6e8111ba0 con 0x7ff6e8076ac0
2024-04-16T13:35:59.070 INFO:teuthology.orchestra.run.smithi022.stdout:/usr/bin/ceph: stderr
2024-04-16T13:35:58.299+0000 7ff6ee2c0700 1 --2- >> [v2:172.21.15.22:3300/0,v1:172.21.15.22:6789/0] conn(0x7ff6e8076ac0 0x7ff6e8111660 unknown :-1 s=BANNER_CONNECTING pgs=0 cs=0 l=1 rev1=0 crypto rx=0 tx=0 comp rx=0 tx=0)._handle_peer_banner_payload supported=3 required=0
2024-04-16T13:35:59.070 INFO:teuthology.orchestra.run.smithi022.stdout:/usr/bin/ceph: stderr
2024-04-16T13:35:58.299+0000 7ff6ee2c0700 1 --2- >> [v2:172.21.15.22:3300/0,v1:172.21.15.22:6789/0] conn(0x7ff6e8076ac0 0x7ff6e8111660 unknown :-1 s=HELLO_CONNECTING pgs=0 cs=0 l=1 rev1=1 crypto rx=0 tx=0 comp rx=0 tx=0).handle_hello peer v2:172.21.15.22:3300/0 says I am v2:172.21.15.22:43620/0 (socket says 172.21.15.22:43620)
2024-04-16T13:35:59.070 INFO:teuthology.orchestra.run.smithi022.stdout:/usr/bin/ceph: stderr
2024-04-16T13:35:58.299+0000 7ff6ee2c0700 1 -- 172.21.15.22:0/2726042008 learned_addr learned my addr 172.21.15.22:0/2726042008 (peer_addr_for_me v2:172.21.15.22:0/0)
2024-04-16T13:35:59.071 INFO:teuthology.orchestra.run.smithi022.stdout:/usr/bin/ceph: stderr
2024-04-16T13:35:58.299+0000 7ff6ee2c0700 1 -- 172.21.15.22:0/2726042008 --> [v2:172.21.15.22:3300/0,v1:172.21.15.22:6789/0] -- mon_subscribe({config=0+,monmap=0+}) v3 -- 0x7ff6e0009ae0 con 0x7ff6e8076ac0
2024-04-16T13:35:59.071 INFO:teuthology.orchestra.run.smithi022.stdout:/usr/bin/ceph: stderr
2024-04-16T13:35:58.299+0000 7ff6ee2c0700 1 --2- 172.21.15.22:0/2726042008 >> [v2:172.21.15.22:3300/0,v1:172.21.15.22:6789/0] conn(0x7ff6e8076ac0 0x7ff6e8111660 secure :-1 s=READY pgs=85 cs=0 l=1 rev1=1 crypto rx=0x7ff6e0009fd0 tx=0x7ff6e0012f90 comp rx=0 tx=0).ready entity=mon.0 client_cookie=0 server_cookie=0 in_seq=0 out_seq=0
2024-04-16T13:35:59.071 INFO:teuthology.orchestra.run.smithi022.stdout:/usr/bin/ceph: stderr
2024-04-16T13:35:58.299+0000 7ff6e6ffd700 1 -- 172.21.15.22:0/2726042008 <== mon.0 v2:172.21.15.22:3300/0 1 ==== mon_map magic: 0 v1 ==== 229+0+0 (secure 0 0 0) 0x7ff6e00092e0 con 0x7ff6e8076ac0
2024-04-16T13:35:59.071 INFO:teuthology.orchestra.run.smithi022.stdout:/usr/bin/ceph: stderr
2024-04-16T13:35:58.299+0000 7ff6e6ffd700 1 -- 172.21.15.22:0/2726042008 <== mon.0 v2:172.21.15.22:3300/0 2 ==== config(27 keys) v1 ==== 1109+0+0 (secure 0 0 0) 0x7ff6e0007d50 con 0x7ff6e8076ac0
2024-04-16T13:35:59.071 INFO:teuthology.orchestra.run.smithi022.stdout:/usr/bin/ceph: stderr
2024-04-16T13:35:58.299+0000 7ff6e6ffd700 1 -- 172.21.15.22:0/2726042008 <== mon.0 v2:172.21.15.22:3300/0 3 ==== mon_map magic: 0 v1 ==== 229+0+0 (secure 0 0 0) 0x7ff6e001cb40 con 0x7ff6e8076ac0
2024-04-16T13:35:59.071 INFO:teuthology.orchestra.run.smithi022.stdout:/usr/bin/ceph: stderr
2024-04-16T13:35:58.299+0000 7ff6f0524700 1 -- 172.21.15.22:0/2726042008 --> [v2:172.21.15.22:3300/0,v1:172.21.15.22:6789/0] -- mon_subscribe({mgrmap=0+}) v3 -- 0x7ff6e8111da0 con 0x7ff6e8076ac0
2024-04-16T13:35:59.071 INFO:teuthology.orchestra.run.smithi022.stdout:/usr/bin/ceph: stderr
2024-04-16T13:35:58.300+0000 7ff6f0524700 1 -- 172.21.15.22:0/2726042008 --> [v2:172.21.15.22:3300/0,v1:172.21.15.22:6789/0] -- mon_subscribe({osdmap=0}) v3 -- 0x7ff6e8112910 con 0x7ff6e8076ac0
2024-04-16T13:35:59.071 INFO:teuthology.orchestra.run.smithi022.stdout:/usr/bin/ceph: stderr
2024-04-16T13:35:58.300+0000 7ff6e6ffd700 1 -- 172.21.15.22:0/2726042008 <== mon.0 v2:172.21.15.22:3300/0 4 ==== mgrmap(e 12) v1 ==== 43389+0+0 (secure 0 0 0) 0x7ff6e0019070 con 0x7ff6e8076ac0
2024-04-16T13:35:59.072 INFO:teuthology.orchestra.run.smithi022.stdout:/usr/bin/ceph: stderr
2024-04-16T13:35:58.300+0000 7ff6f0524700 1 -- 172.21.15.22:0/2726042008 --> [v2:172.21.15.22:3300/0,v1:172.21.15.22:6789/0] -- mon_command({"prefix": "get_command_descriptions"} v 0) v1 -- 0x7ff6e805f5f0 con 0x7ff6e8076ac0
2024-04-16T13:35:59.072 INFO:teuthology.orchestra.run.smithi022.stdout:/usr/bin/ceph: stderr
2024-04-16T13:35:58.300+0000 7ff6e6ffd700 1 --2- 172.21.15.22:0/2726042008 >> [v2:172.21.15.22:6800/3762710576,v1:172.21.15.22:6801/3762710576] conn(0x7ff6d0036830 0x7ff6d0038ce0 unknown :-1 s=NONE pgs=0 cs=0 l=1 rev1=0 crypto rx=0 tx=0 comp rx=0 tx=0).connect
2024-04-16T13:35:59.072 INFO:teuthology.orchestra.run.smithi022.stdout:/usr/bin/ceph: stderr
2024-04-16T13:35:58.301+0000 7ff6e6ffd700 1 -- 172.21.15.22:0/2726042008 <== mon.0 v2:172.21.15.22:3300/0 5 ==== osd_map(3..3 src has 1..3) v4 ==== 1151+0+0 (secure 0 0 0) 0x7ff6e004a020 con 0x7ff6e8076ac0
2024-04-16T13:35:59.072 INFO:teuthology.orchestra.run.smithi022.stdout:/usr/bin/ceph: stderr
2024-04-16T13:35:58.301+0000 7ff6edabf700 1 --2- 172.21.15.22:0/2726042008 >> [v2:172.21.15.22:6800/3762710576,v1:172.21.15.22:6801/3762710576] conn(0x7ff6d0036830 0x7ff6d0038ce0 unknown :-1 s=BANNER_CONNECTING pgs=0 cs=0 l=1 rev1=0 crypto rx=0 tx=0 comp rx=0 tx=0)._handle_peer_banner_payload supported=3 required=0
2024-04-16T13:35:59.072 INFO:teuthology.orchestra.run.smithi022.stdout:/usr/bin/ceph: stderr
2024-04-16T13:35:58.301+0000 7ff6edabf700 1 --2- 172.21.15.22:0/2726042008 >> [v2:172.21.15.22:6800/3762710576,v1:172.21.15.22:6801/3762710576] conn(0x7ff6d0036830 0x7ff6d0038ce0 secure :-1 s=READY pgs=9 cs=0 l=1 rev1=1 crypto rx=0x7ff6dc009990 tx=0x7ff6dc006e40 comp rx=0 tx=0).ready entity=mgr.14162 client_cookie=0 server_cookie=0 in_seq=0 out_seq=0
2024-04-16T13:35:59.072 INFO:teuthology.orchestra.run.smithi022.stdout:/usr/bin/ceph: stderr
2024-04-16T13:35:58.305+0000 7ff6e6ffd700 1 -- 172.21.15.22:0/2726042008 <== mon.0 v2:172.21.15.22:3300/0 6 ==== mon_command_ack([{"prefix": "get_command_descriptions"}]=0 v0) v1 ==== 72+0+176702 (secure 0 0 0) 0x7ff6e001c410 con 0x7ff6e8076ac0
2024-04-16T13:35:59.072 INFO:teuthology.orchestra.run.smithi022.stdout:/usr/bin/ceph: stderr
2024-04-16T13:35:58.500+0000 7ff6f0524700 1 -- 172.21.15.22:0/2726042008 --> [v2:172.21.15.22:3300/0,v1:172.21.15.22:6789/0] -- mon_command({"prefix": "config get", "who": "mgr", "key": "mgr/dashboard/ssl_server_port"} v 0) v1 -- 0x7ff6e804bed0 con 0x7ff6e8076ac0
2024-04-16T13:35:59.072 INFO:teuthology.orchestra.run.smithi022.stdout:/usr/bin/ceph: stderr
2024-04-16T13:35:58.501+0000 7ff6e6ffd700 1 -- 172.21.15.22:0/2726042008 <== mon.0 v2:172.21.15.22:3300/0 7 ==== mon_command_ack([{"prefix": "config get", "who": "mgr", "key": "mgr/dashboard/ssl_server_port"}]=0 v8) v1 ==== 112+0+5 (secure 0 0 0) 0x7ff6e002a0b0 con 0x7ff6e8076ac0
2024-04-16T13:35:59.073 INFO:teuthology.orchestra.run.smithi022.stdout:/usr/bin/ceph: stderr
2024-04-16T13:35:58.503+0000 7ff6f0524700 1 -- 172.21.15.22:0/2726042008 >> [v2:172.21.15.22:6800/3762710576,v1:172.21.15.22:6801/3762710576] conn(0x7ff6d0036830 msgr2=0x7ff6d0038ce0 secure :-1 s=STATE_CONNECTION_ESTABLISHED l=1).mark_down
2024-04-16T13:35:59.073 INFO:teuthology.orchestra.run.smithi022.stdout:/usr/bin/ceph: stderr
2024-04-16T13:35:58.503+0000 7ff6f0524700 1 --2- 172.21.15.22:0/2726042008 >> [v2:172.21.15.22:6800/3762710576,v1:172.21.15.22:6801/3762710576] conn(0x7ff6d0036830 0x7ff6d0038ce0 secure :-1 s=READY pgs=9 cs=0 l=1 rev1=1 crypto rx=0x7ff6dc009990 tx=0x7ff6dc006e40 comp rx=0 tx=0).stop
2024-04-16T13:35:59.073 INFO:teuthology.orchestra.run.smithi022.stdout:/usr/bin/ceph: stderr
2024-04-16T13:35:58.503+0000 7ff6f0524700 1 -- 172.21.15.22:0/2726042008 >> [v2:172.21.15.22:3300/0,v1:172.21.15.22:6789/0] conn(0x7ff6e8076ac0 msgr2=0x7ff6e8111660 secure :-1 s=STATE_CONNECTION_ESTABLISHED l=1).mark_down
2024-04-16T13:35:59.073 INFO:teuthology.orchestra.run.smithi022.stdout:/usr/bin/ceph: stderr
2024-04-16T13:35:58.503+0000 7ff6f0524700 1 --2- 172.21.15.22:0/2726042008 >> [v2:172.21.15.22:3300/0,v1:172.21.15.22:6789/0] conn(0x7ff6e8076ac0 0x7ff6e8111660 secure :-1 s=READY pgs=85 cs=0 l=1 rev1=1 crypto rx=0x7ff6e0009fd0 tx=0x7ff6e0012f90 comp rx=0 tx=0).stop
2024-04-16T13:35:59.073 INFO:teuthology.orchestra.run.smithi022.stdout:/usr/bin/ceph: stderr
2024-04-16T13:35:58.503+0000 7ff6f0524700 1 -- 172.21.15.22:0/2726042008 shutdown_connections
2024-04-16T13:35:59.073 INFO:teuthology.orchestra.run.smithi022.stdout:/usr/bin/ceph: stderr
2024-04-16T13:35:58.503+0000 7ff6f0524700 1 --2- 172.21.15.22:0/2726042008 >> [v2:172.21.15.22:6800/3762710576,v1:172.21.15.22:6801/3762710576] conn(0x7ff6d0036830 0x7ff6d0038ce0 unknown :-1 s=CLOSED pgs=9 cs=0 l=1 rev1=1 crypto rx=0 tx=0 comp rx=0 tx=0).stop
2024-04-16T13:35:59.073 INFO:teuthology.orchestra.run.smithi022.stdout:/usr/bin/ceph: stderr
2024-04-16T13:35:58.503+0000 7ff6f0524700 1 --2- 172.21.15.22:0/2726042008 >> [v2:172.21.15.22:3300/0,v1:172.21.15.22:6789/0] conn(0x7ff6e8076ac0 0x7ff6e8111660 unknown :-1 s=CLOSED pgs=85 cs=0 l=1 rev1=1 crypto rx=0 tx=0 comp rx=0 tx=0).stop
2024-04-16T13:35:59.073 INFO:teuthology.orchestra.run.smithi022.stdout:/usr/bin/ceph: stderr
2024-04-16T13:35:58.503+0000 7ff6f0524700 1 -- 172.21.15.22:0/2726042008 >> 172.21.15.22:0/2726042008 conn(0x7ff6e80fd040 msgr2=0x7ff6e80fdb60 unknown :-1 s=STATE_NONE l=0).mark_down
2024-04-16T13:35:59.073 INFO:teuthology.orchestra.run.smithi022.stdout:/usr/bin/ceph: stderr
2024-04-16T13:35:58.503+0000 7ff6f0524700 1 -- 172.21.15.22:0/2726042008 shutdown_connections
2024-04-16T13:35:59.074 INFO:teuthology.orchestra.run.smithi022.stdout:/usr/bin/ceph: stderr
2024-04-16T13:35:58.503+0000 7ff6f0524700 1 -- 172.21.15.22:0/2726042008 wait complete.
2024-04-16T13:35:59.076 INFO:teuthology.orchestra.run.smithi022.stdout:Non-zero exit code 1 from systemctl is-enabled firewalld.service
2024-04-16T13:35:59.076 INFO:teuthology.orchestra.run.smithi022.stdout:systemctl: stdout disabled
2024-04-16T13:35:59.084 INFO:teuthology.orchestra.run.smithi022.stdout:Non-zero exit code 3 from systemctl is-active firewalld.service
2024-04-16T13:35:59.084 INFO:teuthology.orchestra.run.smithi022.stdout:systemctl: stdout inactive
2024-04-16T13:35:59.084 INFO:teuthology.orchestra.run.smithi022.stdout:firewalld.service is not enabled
2024-04-16T13:35:59.084 INFO:teuthology.orchestra.run.smithi022.stdout:Not possible to open ports <[8443]>. firewalld.service is not available
2024-04-16T13:35:59.086 INFO:teuthology.orchestra.run.smithi022.stdout:Ceph Dashboard is now available at:
2024-04-16T13:35:59.086 INFO:teuthology.orchestra.run.smithi022.stdout:
2024-04-16T13:35:59.086 INFO:teuthology.orchestra.run.smithi022.stdout: URL: https://smithi022.front.sepia.ceph.com:8443/
2024-04-16T13:35:59.086 INFO:teuthology.orchestra.run.smithi022.stdout: User: admin
2024-04-16T13:35:59.086 INFO:teuthology.orchestra.run.smithi022.stdout: Password: ldnuiw1enb
2024-04-16T13:35:59.086 INFO:teuthology.orchestra.run.smithi022.stdout:
2024-04-16T13:35:59.086 INFO:teuthology.orchestra.run.smithi022.stdout:Saving cluster configuration to /var/lib/ceph/fd0a98f0-fbf5-11ee-bc90-c7b262605968/config directory
2024-04-16T13:35:59.087 INFO:teuthology.orchestra.run.smithi022.stdout:Enabling autotune for osd_memory_target
2024-04-16T13:36:00.284 INFO:teuthology.orchestra.run.smithi022.stdout:/usr/bin/ceph: stderr
2024-04-16T13:35:59.498+0000 7f904982a700 1 Processor -- start
2024-04-16T13:36:00.284 INFO:teuthology.orchestra.run.smithi022.stdout:/usr/bin/ceph: stderr
2024-04-16T13:35:59.499+0000 7f904982a700 1 -- start start
2024-04-16T13:36:00.284 INFO:teuthology.orchestra.run.smithi022.stdout:/usr/bin/ceph: stderr
2024-04-16T13:35:59.499+0000 7f904982a700 1 --2- >> [v2:172.21.15.22:3300/0,v1:172.21.15.22:6789/0] conn(0x7f9044102930 0x7f9044102d40 unknown :-1 s=NONE pgs=0 cs=0 l=0 rev1=0 crypto rx=0 tx=0 comp rx=0 tx=0).connect
2024-04-16T13:36:00.284 INFO:teuthology.orchestra.run.smithi022.stdout:/usr/bin/ceph: stderr
2024-04-16T13:35:59.499+0000 7f904982a700 1 -- --> [v2:172.21.15.22:3300/0,v1:172.21.15.22:6789/0] -- mon_getmap magic: 0 v1 -- 0x7f9044103280 con 0x7f9044102930
2024-04-16T13:36:00.284 INFO:teuthology.orchestra.run.smithi022.stdout:/usr/bin/ceph: stderr
2024-04-16T13:35:59.499+0000 7f9042ffd700 1 --2- >> [v2:172.21.15.22:3300/0,v1:172.21.15.22:6789/0] conn(0x7f9044102930 0x7f9044102d40 unknown :-1 s=BANNER_CONNECTING pgs=0 cs=0 l=0 rev1=0 crypto rx=0 tx=0 comp rx=0 tx=0)._handle_peer_banner_payload supported=3 required=0
2024-04-16T13:36:00.284 INFO:teuthology.orchestra.run.smithi022.stdout:/usr/bin/ceph: stderr
2024-04-16T13:35:59.499+0000 7f9042ffd700 1 --2- >> [v2:172.21.15.22:3300/0,v1:172.21.15.22:6789/0] conn(0x7f9044102930 0x7f9044102d40 unknown :-1 s=HELLO_CONNECTING pgs=0 cs=0 l=0 rev1=1 crypto rx=0 tx=0 comp rx=0 tx=0).handle_hello peer v2:172.21.15.22:3300/0 says I am v2:172.21.15.22:43632/0 (socket says 172.21.15.22:43632)
2024-04-16T13:36:00.284 INFO:teuthology.orchestra.run.smithi022.stdout:/usr/bin/ceph: stderr
2024-04-16T13:35:59.499+0000 7f9042ffd700 1 -- 172.21.15.22:0/2294923489 learned_addr learned my addr 172.21.15.22:0/2294923489 (peer_addr_for_me v2:172.21.15.22:0/0)
2024-04-16T13:36:00.284 INFO:teuthology.orchestra.run.smithi022.stdout:/usr/bin/ceph: stderr
2024-04-16T13:35:59.499+0000 7f9042ffd700 1 -- 172.21.15.22:0/2294923489 --> [v2:172.21.15.22:3300/0,v1:172.21.15.22:6789/0] -- mon_subscribe({config=0+,monmap=0+}) v3 -- 0x7f90441033c0 con 0x7f9044102930
2024-04-16T13:36:00.284 INFO:teuthology.orchestra.run.smithi022.stdout:/usr/bin/ceph: stderr
2024-04-16T13:35:59.499+0000 7f9042ffd700 1 --2- 172.21.15.22:0/2294923489 >> [v2:172.21.15.22:3300/0,v1:172.21.15.22:6789/0] conn(0x7f9044102930 0x7f9044102d40 secure :-1 s=READY pgs=86 cs=0 l=1 rev1=1 crypto rx=0x7f90340098e0 tx=0x7f9034009250 comp rx=0 tx=0).ready entity=mon.0 client_cookie=2ac3b47a01ed486e server_cookie=0 in_seq=0 out_seq=0
2024-04-16T13:36:00.284 INFO:teuthology.orchestra.run.smithi022.stdout:/usr/bin/ceph: stderr
