2024-04-16T14:26:39.991+0000 7f4a62f1c700 1 --2- 172.21.15.5:0/3933027549 >> [v2:172.21.15.5:3300/0,v1:172.21.15.5:6789/0] conn(0x7f4a5c076c20 0x7f4a5c105480 unknown :-1 s=CLOSED pgs=61 cs=0 l=1 rev1=1 crypto rx=0 tx=0 comp rx=0 tx=0).stop
2024-04-16T14:26:40.755 INFO:teuthology.orchestra.run.smithi005.stdout:/usr/bin/ceph: stderr
2024-04-16T14:26:39.991+0000 7f4a62f1c700 1 -- 172.21.15.5:0/3933027549 >> 172.21.15.5:0/3933027549 conn(0x7f4a5c0fcfb0 msgr2=0x7f4a5c0ff3c0 unknown :-1 s=STATE_NONE l=0).mark_down
2024-04-16T14:26:40.755 INFO:teuthology.orchestra.run.smithi005.stdout:/usr/bin/ceph: stderr
2024-04-16T14:26:39.991+0000 7f4a62f1c700 1 -- 172.21.15.5:0/3933027549 shutdown_connections
2024-04-16T14:26:40.755 INFO:teuthology.orchestra.run.smithi005.stdout:/usr/bin/ceph: stderr
2024-04-16T14:26:39.991+0000 7f4a62f1c700 1 -- 172.21.15.5:0/3933027549 wait complete.
2024-04-16T14:26:40.756 INFO:teuthology.orchestra.run.smithi005.stdout:/usr/bin/ceph: stderr
2024-04-16T14:26:39.991+0000 7f4a62f1c700 1 Processor -- start
2024-04-16T14:26:40.756 INFO:teuthology.orchestra.run.smithi005.stdout:/usr/bin/ceph: stderr
2024-04-16T14:26:39.991+0000 7f4a62f1c700 1 -- start start
2024-04-16T14:26:40.756 INFO:teuthology.orchestra.run.smithi005.stdout:/usr/bin/ceph: stderr
2024-04-16T14:26:39.991+0000 7f4a62f1c700 1 --2- >> [v2:172.21.15.5:3300/0,v1:172.21.15.5:6789/0] conn(0x7f4a5c076c20 0x7f4a5c111750 unknown :-1 s=NONE pgs=0 cs=0 l=1 rev1=0 crypto rx=0 tx=0 comp rx=0 tx=0).connect
2024-04-16T14:26:40.756 INFO:teuthology.orchestra.run.smithi005.stdout:/usr/bin/ceph: stderr
2024-04-16T14:26:39.991+0000 7f4a62f1c700 1 -- --> [v2:172.21.15.5:3300/0,v1:172.21.15.5:6789/0] -- mon_getmap magic: 0 v1 -- 0x7f4a5c111c90 con 0x7f4a5c076c20
2024-04-16T14:26:40.756 INFO:teuthology.orchestra.run.smithi005.stdout:/usr/bin/ceph: stderr
2024-04-16T14:26:39.992+0000 7f4a60cb8700 1 --2- >> [v2:172.21.15.5:3300/0,v1:172.21.15.5:6789/0] conn(0x7f4a5c076c20 0x7f4a5c111750 unknown :-1 s=BANNER_CONNECTING pgs=0 cs=0 l=1 rev1=0 crypto rx=0 tx=0 comp rx=0 tx=0)._handle_peer_banner_payload supported=3 required=0
2024-04-16T14:26:40.756 INFO:teuthology.orchestra.run.smithi005.stdout:/usr/bin/ceph: stderr
2024-04-16T14:26:39.992+0000 7f4a60cb8700 1 --2- >> [v2:172.21.15.5:3300/0,v1:172.21.15.5:6789/0] conn(0x7f4a5c076c20 0x7f4a5c111750 unknown :-1 s=HELLO_CONNECTING pgs=0 cs=0 l=1 rev1=1 crypto rx=0 tx=0 comp rx=0 tx=0).handle_hello peer v2:172.21.15.5:3300/0 says I am v2:172.21.15.5:36672/0 (socket says 172.21.15.5:36672)
2024-04-16T14:26:40.756 INFO:teuthology.orchestra.run.smithi005.stdout:/usr/bin/ceph: stderr
2024-04-16T14:26:39.992+0000 7f4a60cb8700 1 -- 172.21.15.5:0/2260072551 learned_addr learned my addr 172.21.15.5:0/2260072551 (peer_addr_for_me v2:172.21.15.5:0/0)
2024-04-16T14:26:40.756 INFO:teuthology.orchestra.run.smithi005.stdout:/usr/bin/ceph: stderr
2024-04-16T14:26:39.992+0000 7f4a60cb8700 1 -- 172.21.15.5:0/2260072551 --> [v2:172.21.15.5:3300/0,v1:172.21.15.5:6789/0] -- mon_subscribe({config=0+,monmap=0+}) v3 -- 0x7f4a500094f0 con 0x7f4a5c076c20
2024-04-16T14:26:40.756 INFO:teuthology.orchestra.run.smithi005.stdout:/usr/bin/ceph: stderr
2024-04-16T14:26:39.992+0000 7f4a60cb8700 1 --2- 172.21.15.5:0/2260072551 >> [v2:172.21.15.5:3300/0,v1:172.21.15.5:6789/0] conn(0x7f4a5c076c20 0x7f4a5c111750 secure :-1 s=READY pgs=62 cs=0 l=1 rev1=1 crypto rx=0x7f4a500094c0 tx=0x7f4a50009250 comp rx=0 tx=0).ready entity=mon.0 client_cookie=0 server_cookie=0 in_seq=0 out_seq=0
2024-04-16T14:26:40.756 INFO:teuthology.orchestra.run.smithi005.stdout:/usr/bin/ceph: stderr
2024-04-16T14:26:39.993+0000 7f4a597fa700 1 -- 172.21.15.5:0/2260072551 <== mon.0 v2:172.21.15.5:3300/0 1 ==== mon_map magic: 0 v1 ==== 229+0+0 (secure 0 0 0) 0x7f4a500118f0 con 0x7f4a5c076c20
2024-04-16T14:26:40.756 INFO:teuthology.orchestra.run.smithi005.stdout:/usr/bin/ceph: stderr
2024-04-16T14:26:39.993+0000 7f4a597fa700 1 -- 172.21.15.5:0/2260072551 <== mon.0 v2:172.21.15.5:3300/0 2 ==== config(27 keys) v1 ==== 1109+0+0 (secure 0 0 0) 0x7f4a50010d60 con 0x7f4a5c076c20
2024-04-16T14:26:40.756 INFO:teuthology.orchestra.run.smithi005.stdout:/usr/bin/ceph: stderr
2024-04-16T14:26:39.993+0000 7f4a597fa700 1 -- 172.21.15.5:0/2260072551 <== mon.0 v2:172.21.15.5:3300/0 3 ==== mon_map magic: 0 v1 ==== 229+0+0 (secure 0 0 0) 0x7f4a5001a430 con 0x7f4a5c076c20
2024-04-16T14:26:40.756 INFO:teuthology.orchestra.run.smithi005.stdout:/usr/bin/ceph: stderr
2024-04-16T14:26:39.993+0000 7f4a62f1c700 1 -- 172.21.15.5:0/2260072551 --> [v2:172.21.15.5:3300/0,v1:172.21.15.5:6789/0] -- mon_subscribe({mgrmap=0+}) v3 -- 0x7f4a5c111e90 con 0x7f4a5c076c20
2024-04-16T14:26:40.756 INFO:teuthology.orchestra.run.smithi005.stdout:/usr/bin/ceph: stderr
2024-04-16T14:26:39.993+0000 7f4a62f1c700 1 -- 172.21.15.5:0/2260072551 --> [v2:172.21.15.5:3300/0,v1:172.21.15.5:6789/0] -- mon_subscribe({osdmap=0}) v3 -- 0x7f4a5c112a00 con 0x7f4a5c076c20
2024-04-16T14:26:40.756 INFO:teuthology.orchestra.run.smithi005.stdout:/usr/bin/ceph: stderr
2024-04-16T14:26:39.994+0000 7f4a62f1c700 1 -- 172.21.15.5:0/2260072551 --> [v2:172.21.15.5:3300/0,v1:172.21.15.5:6789/0] -- mon_command({"prefix": "get_command_descriptions"} v 0) v1 -- 0x7f4a5c05f5f0 con 0x7f4a5c076c20
2024-04-16T14:26:40.757 INFO:teuthology.orchestra.run.smithi005.stdout:/usr/bin/ceph: stderr
2024-04-16T14:26:39.995+0000 7f4a597fa700 1 -- 172.21.15.5:0/2260072551 <== mon.0 v2:172.21.15.5:3300/0 4 ==== mgrmap(e 8) v1 ==== 43376+0+0 (secure 0 0 0) 0x7f4a50024440 con 0x7f4a5c076c20
2024-04-16T14:26:40.757 INFO:teuthology.orchestra.run.smithi005.stdout:/usr/bin/ceph: stderr
2024-04-16T14:26:39.995+0000 7f4a597fa700 1 --2- 172.21.15.5:0/2260072551 >> [v2:172.21.15.5:6800/4088193218,v1:172.21.15.5:6801/4088193218] conn(0x7f4a4c0367e0 0x7f4a4c038c90 unknown :-1 s=NONE pgs=0 cs=0 l=1 rev1=0 crypto rx=0 tx=0 comp rx=0 tx=0).connect
2024-04-16T14:26:40.757 INFO:teuthology.orchestra.run.smithi005.stdout:/usr/bin/ceph: stderr
2024-04-16T14:26:39.996+0000 7f4a597fa700 1 -- 172.21.15.5:0/2260072551 <== mon.0 v2:172.21.15.5:3300/0 5 ==== osd_map(2..2 src has 1..2) v4 ==== 936+0+0 (secure 0 0 0) 0x7f4a5004a6c0 con 0x7f4a5c076c20
2024-04-16T14:26:40.757 INFO:teuthology.orchestra.run.smithi005.stdout:/usr/bin/ceph: stderr
2024-04-16T14:26:39.996+0000 7f4a5bfff700 1 --2- 172.21.15.5:0/2260072551 >> [v2:172.21.15.5:6800/4088193218,v1:172.21.15.5:6801/4088193218] conn(0x7f4a4c0367e0 0x7f4a4c038c90 unknown :-1 s=BANNER_CONNECTING pgs=0 cs=0 l=1 rev1=0 crypto rx=0 tx=0 comp rx=0 tx=0)._handle_peer_banner_payload supported=3 required=0
2024-04-16T14:26:40.757 INFO:teuthology.orchestra.run.smithi005.stdout:/usr/bin/ceph: stderr
2024-04-16T14:26:39.996+0000 7f4a5bfff700 1 --2- 172.21.15.5:0/2260072551 >> [v2:172.21.15.5:6800/4088193218,v1:172.21.15.5:6801/4088193218] conn(0x7f4a4c0367e0 0x7f4a4c038c90 secure :-1 s=READY pgs=20 cs=0 l=1 rev1=1 crypto rx=0x7f4a48009990 tx=0x7f4a48006e40 comp rx=0 tx=0).ready entity=mgr.14118 client_cookie=0 server_cookie=0 in_seq=0 out_seq=0
2024-04-16T14:26:40.757 INFO:teuthology.orchestra.run.smithi005.stdout:/usr/bin/ceph: stderr
2024-04-16T14:26:40.000+0000 7f4a597fa700 1 -- 172.21.15.5:0/2260072551 <== mon.0 v2:172.21.15.5:3300/0 6 ==== mon_command_ack([{"prefix": "get_command_descriptions"}]=0 v0) v1 ==== 72+0+176702 (secure 0 0 0) 0x7f4a50022b90 con 0x7f4a5c076c20
2024-04-16T14:26:40.757 INFO:teuthology.orchestra.run.smithi005.stdout:/usr/bin/ceph: stderr
2024-04-16T14:26:40.195+0000 7f4a62f1c700 1 -- 172.21.15.5:0/2260072551 --> [v2:172.21.15.5:3300/0,v1:172.21.15.5:6789/0] -- mon_command([{prefix=config set, name=mgr/dashboard/ssl_server_port}] v 0) v1 -- 0x7f4a5c04bed0 con 0x7f4a5c076c20
2024-04-16T14:26:40.757 INFO:teuthology.orchestra.run.smithi005.stdout:/usr/bin/ceph: stderr
2024-04-16T14:26:40.198+0000 7f4a597fa700 1 -- 172.21.15.5:0/2260072551 <== mon.0 v2:172.21.15.5:3300/0 7 ==== mon_command_ack([{prefix=config set, name=mgr/dashboard/ssl_server_port}]=0 v8)=0 v8) v1 ==== 130+0+0 (secure 0 0 0) 0x7f4a500227b0 con 0x7f4a5c076c20
2024-04-16T14:26:40.757 INFO:teuthology.orchestra.run.smithi005.stdout:/usr/bin/ceph: stderr
2024-04-16T14:26:40.201+0000 7f4a62f1c700 1 -- 172.21.15.5:0/2260072551 >> [v2:172.21.15.5:6800/4088193218,v1:172.21.15.5:6801/4088193218] conn(0x7f4a4c0367e0 msgr2=0x7f4a4c038c90 secure :-1 s=STATE_CONNECTION_ESTABLISHED l=1).mark_down
2024-04-16T14:26:40.757 INFO:teuthology.orchestra.run.smithi005.stdout:/usr/bin/ceph: stderr
2024-04-16T14:26:40.201+0000 7f4a62f1c700 1 --2- 172.21.15.5:0/2260072551 >> [v2:172.21.15.5:6800/4088193218,v1:172.21.15.5:6801/4088193218] conn(0x7f4a4c0367e0 0x7f4a4c038c90 secure :-1 s=READY pgs=20 cs=0 l=1 rev1=1 crypto rx=0x7f4a48009990 tx=0x7f4a48006e40 comp rx=0 tx=0).stop
2024-04-16T14:26:40.757 INFO:teuthology.orchestra.run.smithi005.stdout:/usr/bin/ceph: stderr
2024-04-16T14:26:40.201+0000 7f4a62f1c700 1 -- 172.21.15.5:0/2260072551 >> [v2:172.21.15.5:3300/0,v1:172.21.15.5:6789/0] conn(0x7f4a5c076c20 msgr2=0x7f4a5c111750 secure :-1 s=STATE_CONNECTION_ESTABLISHED l=1).mark_down
2024-04-16T14:26:40.757 INFO:teuthology.orchestra.run.smithi005.stdout:/usr/bin/ceph: stderr
2024-04-16T14:26:40.201+0000 7f4a62f1c700 1 --2- 172.21.15.5:0/2260072551 >> [v2:172.21.15.5:3300/0,v1:172.21.15.5:6789/0] conn(0x7f4a5c076c20 0x7f4a5c111750 secure :-1 s=READY pgs=62 cs=0 l=1 rev1=1 crypto rx=0x7f4a500094c0 tx=0x7f4a50009250 comp rx=0 tx=0).stop
2024-04-16T14:26:40.757 INFO:teuthology.orchestra.run.smithi005.stdout:/usr/bin/ceph: stderr
2024-04-16T14:26:40.201+0000 7f4a62f1c700 1 -- 172.21.15.5:0/2260072551 shutdown_connections
2024-04-16T14:26:40.757 INFO:teuthology.orchestra.run.smithi005.stdout:/usr/bin/ceph: stderr
2024-04-16T14:26:40.201+0000 7f4a62f1c700 1 --2- 172.21.15.5:0/2260072551 >> [v2:172.21.15.5:6800/4088193218,v1:172.21.15.5:6801/4088193218] conn(0x7f4a4c0367e0 0x7f4a4c038c90 unknown :-1 s=CLOSED pgs=20 cs=0 l=1 rev1=1 crypto rx=0 tx=0 comp rx=0 tx=0).stop
2024-04-16T14:26:40.758 INFO:teuthology.orchestra.run.smithi005.stdout:/usr/bin/ceph: stderr
2024-04-16T14:26:40.201+0000 7f4a62f1c700 1 --2- 172.21.15.5:0/2260072551 >> [v2:172.21.15.5:3300/0,v1:172.21.15.5:6789/0] conn(0x7f4a5c076c20 0x7f4a5c111750 unknown :-1 s=CLOSED pgs=62 cs=0 l=1 rev1=1 crypto rx=0 tx=0 comp rx=0 tx=0).stop
2024-04-16T14:26:40.758 INFO:teuthology.orchestra.run.smithi005.stdout:/usr/bin/ceph: stderr
2024-04-16T14:26:40.201+0000 7f4a62f1c700 1 -- 172.21.15.5:0/2260072551 >> 172.21.15.5:0/2260072551 conn(0x7f4a5c0fcfb0 msgr2=0x7f4a5c0fdba0 unknown :-1 s=STATE_NONE l=0).mark_down
2024-04-16T14:26:40.758 INFO:teuthology.orchestra.run.smithi005.stdout:/usr/bin/ceph: stderr
2024-04-16T14:26:40.201+0000 7f4a62f1c700 1 -- 172.21.15.5:0/2260072551 shutdown_connections
2024-04-16T14:26:40.758 INFO:teuthology.orchestra.run.smithi005.stdout:/usr/bin/ceph: stderr
2024-04-16T14:26:40.201+0000 7f4a62f1c700 1 -- 172.21.15.5:0/2260072551 wait complete.
2024-04-16T14:26:40.758 INFO:teuthology.orchestra.run.smithi005.stdout:Enabling the dashboard module...
2024-04-16T14:26:41.465 INFO:journalctl@ceph.mon.smithi005.smithi005.stdout:Apr 16 14:26:41 smithi005 ceph-mon[28964]: from='client.? 172.21.15.5:0/2260072551' entity='client.admin'
2024-04-16T14:26:42.473 INFO:journalctl@ceph.mon.smithi005.smithi005.stdout:Apr 16 14:26:42 smithi005 ceph-mon[28964]: pgmap v5: 0 pgs: ; 0 B data, 0 B used, 0 B / 0 B avail
2024-04-16T14:26:42.474 INFO:journalctl@ceph.mon.smithi005.smithi005.stdout:Apr 16 14:26:42 smithi005 ceph-mon[28964]: from='client.? 172.21.15.5:0/2270320193' entity='client.admin' cmd=[{"prefix": "mgr module enable", "module": "dashboard"}]: dispatch
2024-04-16T14:26:42.868 INFO:teuthology.orchestra.run.smithi005.stdout:/usr/bin/ceph: stderr
2024-04-16T14:26:41.208+0000 7fde40a80700 1 Processor -- start
2024-04-16T14:26:42.868 INFO:teuthology.orchestra.run.smithi005.stdout:/usr/bin/ceph: stderr
2024-04-16T14:26:41.209+0000 7fde40a80700 1 -- start start
2024-04-16T14:26:42.868 INFO:teuthology.orchestra.run.smithi005.stdout:/usr/bin/ceph: stderr
2024-04-16T14:26:41.209+0000 7fde40a80700 1 --2- >> [v2:172.21.15.5:3300/0,v1:172.21.15.5:6789/0] conn(0x7fde3c076c20 0x7fde3c105480 unknown :-1 s=NONE pgs=0 cs=0 l=0 rev1=0 crypto rx=0 tx=0 comp rx=0 tx=0).connect
2024-04-16T14:26:42.869 INFO:teuthology.orchestra.run.smithi005.stdout:/usr/bin/ceph: stderr
2024-04-16T14:26:41.209+0000 7fde40a80700 1 -- --> [v2:172.21.15.5:3300/0,v1:172.21.15.5:6789/0] -- mon_getmap magic: 0 v1 -- 0x7fde3c1059c0 con 0x7fde3c076c20
2024-04-16T14:26:42.869 INFO:teuthology.orchestra.run.smithi005.stdout:/usr/bin/ceph: stderr
2024-04-16T14:26:41.209+0000 7fde3a59c700 1 --2- >> [v2:172.21.15.5:3300/0,v1:172.21.15.5:6789/0] conn(0x7fde3c076c20 0x7fde3c105480 unknown :-1 s=BANNER_CONNECTING pgs=0 cs=0 l=0 rev1=0 crypto rx=0 tx=0 comp rx=0 tx=0)._handle_peer_banner_payload supported=3 required=0
2024-04-16T14:26:42.869 INFO:teuthology.orchestra.run.smithi005.stdout:/usr/bin/ceph: stderr
2024-04-16T14:26:41.209+0000 7fde3a59c700 1 --2- >> [v2:172.21.15.5:3300/0,v1:172.21.15.5:6789/0] conn(0x7fde3c076c20 0x7fde3c105480 unknown :-1 s=HELLO_CONNECTING pgs=0 cs=0 l=0 rev1=1 crypto rx=0 tx=0 comp rx=0 tx=0).handle_hello peer v2:172.21.15.5:3300/0 says I am v2:172.21.15.5:36676/0 (socket says 172.21.15.5:36676)
2024-04-16T14:26:42.869 INFO:teuthology.orchestra.run.smithi005.stdout:/usr/bin/ceph: stderr
2024-04-16T14:26:41.209+0000 7fde3a59c700 1 -- 172.21.15.5:0/221606987 learned_addr learned my addr 172.21.15.5:0/221606987 (peer_addr_for_me v2:172.21.15.5:0/0)
2024-04-16T14:26:42.869 INFO:teuthology.orchestra.run.smithi005.stdout:/usr/bin/ceph: stderr
2024-04-16T14:26:41.209+0000 7fde3a59c700 1 -- 172.21.15.5:0/221606987 --> [v2:172.21.15.5:3300/0,v1:172.21.15.5:6789/0] -- mon_subscribe({config=0+,monmap=0+}) v3 -- 0x7fde3c105b00 con 0x7fde3c076c20
2024-04-16T14:26:42.869 INFO:teuthology.orchestra.run.smithi005.stdout:/usr/bin/ceph: stderr
2024-04-16T14:26:41.209+0000 7fde3a59c700 1 --2- 172.21.15.5:0/221606987 >> [v2:172.21.15.5:3300/0,v1:172.21.15.5:6789/0] conn(0x7fde3c076c20 0x7fde3c105480 secure :-1 s=READY pgs=63 cs=0 l=1 rev1=1 crypto rx=0x7fde2c0098e0 tx=0x7fde2c009250 comp rx=0 tx=0).ready entity=mon.0 client_cookie=23e1722ebc99b6c server_cookie=0 in_seq=0 out_seq=0
2024-04-16T14:26:42.869 INFO:teuthology.orchestra.run.smithi005.stdout:/usr/bin/ceph: stderr
2024-04-16T14:26:41.209+0000 7fde39d9b700 1 -- 172.21.15.5:0/221606987 <== mon.0 v2:172.21.15.5:3300/0 1 ==== mon_map magic: 0 v1 ==== 229+0+0 (secure 0 0 0) 0x7fde2c00b860 con 0x7fde3c076c20
2024-04-16T14:26:42.869 INFO:teuthology.orchestra.run.smithi005.stdout:/usr/bin/ceph: stderr
2024-04-16T14:26:41.209+0000 7fde39d9b700 1 -- 172.21.15.5:0/221606987 <== mon.0 v2:172.21.15.5:3300/0 2 ==== config(27 keys) v1 ==== 1109+0+0 (secure 0 0 0) 0x7fde2c00be90 con 0x7fde3c076c20
2024-04-16T14:26:42.869 INFO:teuthology.orchestra.run.smithi005.stdout:/usr/bin/ceph: stderr
2024-04-16T14:26:41.210+0000 7fde39d9b700 1 -- 172.21.15.5:0/221606987 <== mon.0 v2:172.21.15.5:3300/0 3 ==== mon_map magic: 0 v1 ==== 229+0+0 (secure 0 0 0) 0x7fde2c0103c0 con 0x7fde3c076c20
2024-04-16T14:26:42.869 INFO:teuthology.orchestra.run.smithi005.stdout:/usr/bin/ceph: stderr
2024-04-16T14:26:41.210+0000 7fde40a80700 1 -- 172.21.15.5:0/221606987 >> [v2:172.21.15.5:3300/0,v1:172.21.15.5:6789/0] conn(0x7fde3c076c20 msgr2=0x7fde3c105480 secure :-1 s=STATE_CONNECTION_ESTABLISHED l=1).mark_down
2024-04-16T14:26:42.869 INFO:teuthology.orchestra.run.smithi005.stdout:/usr/bin/ceph: stderr
2024-04-16T14:26:41.210+0000 7fde40a80700 1 --2- 172.21.15.5:0/221606987 >> [v2:172.21.15.5:3300/0,v1:172.21.15.5:6789/0] conn(0x7fde3c076c20 0x7fde3c105480 secure :-1 s=READY pgs=63 cs=0 l=1 rev1=1 crypto rx=0x7fde2c0098e0 tx=0x7fde2c009250 comp rx=0 tx=0).stop
2024-04-16T14:26:42.869 INFO:teuthology.orchestra.run.smithi005.stdout:/usr/bin/ceph: stderr
2024-04-16T14:26:41.210+0000 7fde40a80700 1 -- 172.21.15.5:0/221606987 shutdown_connections
2024-04-16T14:26:42.869 INFO:teuthology.orchestra.run.smithi005.stdout:/usr/bin/ceph: stderr
2024-04-16T14:26:41.210+0000 7fde40a80700 1 --2- 172.21.15.5:0/221606987 >> [v2:172.21.15.5:3300/0,v1:172.21.15.5:6789/0] conn(0x7fde3c076c20 0x7fde3c105480 unknown :-1 s=CLOSED pgs=63 cs=0 l=1 rev1=1 crypto rx=0 tx=0 comp rx=0 tx=0).stop
2024-04-16T14:26:42.869 INFO:teuthology.orchestra.run.smithi005.stdout:/usr/bin/ceph: stderr
2024-04-16T14:26:41.210+0000 7fde40a80700 1 -- 172.21.15.5:0/221606987 >> 172.21.15.5:0/221606987 conn(0x7fde3c0fcfb0 msgr2=0x7fde3c0ff3c0 unknown :-1 s=STATE_NONE l=0).mark_down
2024-04-16T14:26:42.870 INFO:teuthology.orchestra.run.smithi005.stdout:/usr/bin/ceph: stderr
2024-04-16T14:26:41.210+0000 7fde40a80700 1 -- 172.21.15.5:0/221606987 shutdown_connections
2024-04-16T14:26:42.870 INFO:teuthology.orchestra.run.smithi005.stdout:/usr/bin/ceph: stderr
2024-04-16T14:26:41.210+0000 7fde40a80700 1 -- 172.21.15.5:0/221606987 wait complete.
2024-04-16T14:26:42.870 INFO:teuthology.orchestra.run.smithi005.stdout:/usr/bin/ceph: stderr
2024-04-16T14:26:41.211+0000 7fde40a80700 1 Processor -- start
2024-04-16T14:26:42.870 INFO:teuthology.orchestra.run.smithi005.stdout:/usr/bin/ceph: stderr
2024-04-16T14:26:41.211+0000 7fde40a80700 1 -- start start
2024-04-16T14:26:42.870 INFO:teuthology.orchestra.run.smithi005.stdout:/usr/bin/ceph: stderr
2024-04-16T14:26:41.211+0000 7fde40a80700 1 --2- >> [v2:172.21.15.5:3300/0,v1:172.21.15.5:6789/0] conn(0x7fde3c076c20 0x7fde3c111750 unknown :-1 s=NONE pgs=0 cs=0 l=1 rev1=0 crypto rx=0 tx=0 comp rx=0 tx=0).connect
2024-04-16T14:26:42.870 INFO:teuthology.orchestra.run.smithi005.stdout:/usr/bin/ceph: stderr
2024-04-16T14:26:41.211+0000 7fde40a80700 1 -- --> [v2:172.21.15.5:3300/0,v1:172.21.15.5:6789/0] -- mon_getmap magic: 0 v1 -- 0x7fde3c111c90 con 0x7fde3c076c20
2024-04-16T14:26:42.870 INFO:teuthology.orchestra.run.smithi005.stdout:/usr/bin/ceph: stderr
2024-04-16T14:26:41.211+0000 7fde3a59c700 1 --2- >> [v2:172.21.15.5:3300/0,v1:172.21.15.5:6789/0] conn(0x7fde3c076c20 0x7fde3c111750 unknown :-1 s=BANNER_CONNECTING pgs=0 cs=0 l=1 rev1=0 crypto rx=0 tx=0 comp rx=0 tx=0)._handle_peer_banner_payload supported=3 required=0
2024-04-16T14:26:42.870 INFO:teuthology.orchestra.run.smithi005.stdout:/usr/bin/ceph: stderr
2024-04-16T14:26:41.211+0000 7fde3a59c700 1 --2- >> [v2:172.21.15.5:3300/0,v1:172.21.15.5:6789/0] conn(0x7fde3c076c20 0x7fde3c111750 unknown :-1 s=HELLO_CONNECTING pgs=0 cs=0 l=1 rev1=1 crypto rx=0 tx=0 comp rx=0 tx=0).handle_hello peer v2:172.21.15.5:3300/0 says I am v2:172.21.15.5:36680/0 (socket says 172.21.15.5:36680)
2024-04-16T14:26:42.870 INFO:teuthology.orchestra.run.smithi005.stdout:/usr/bin/ceph: stderr
2024-04-16T14:26:41.211+0000 7fde3a59c700 1 -- 172.21.15.5:0/2270320193 learned_addr learned my addr 172.21.15.5:0/2270320193 (peer_addr_for_me v2:172.21.15.5:0/0)
2024-04-16T14:26:42.870 INFO:teuthology.orchestra.run.smithi005.stdout:/usr/bin/ceph: stderr
2024-04-16T14:26:41.211+0000 7fde3a59c700 1 -- 172.21.15.5:0/2270320193 --> [v2:172.21.15.5:3300/0,v1:172.21.15.5:6789/0] -- mon_subscribe({config=0+,monmap=0+}) v3 -- 0x7fde2c0094f0 con 0x7fde3c076c20
2024-04-16T14:26:42.870 INFO:teuthology.orchestra.run.smithi005.stdout:/usr/bin/ceph: stderr
2024-04-16T14:26:41.212+0000 7fde3a59c700 1 --2- 172.21.15.5:0/2270320193 >> [v2:172.21.15.5:3300/0,v1:172.21.15.5:6789/0] conn(0x7fde3c076c20 0x7fde3c111750 secure :-1 s=READY pgs=64 cs=0 l=1 rev1=1 crypto rx=0x7fde2c0094c0 tx=0x7fde2c009250 comp rx=0 tx=0).ready entity=mon.0 client_cookie=0 server_cookie=0 in_seq=0 out_seq=0
2024-04-16T14:26:42.870 INFO:teuthology.orchestra.run.smithi005.stdout:/usr/bin/ceph: stderr
2024-04-16T14:26:41.212+0000 7fde337fe700 1 -- 172.21.15.5:0/2270320193 <== mon.0 v2:172.21.15.5:3300/0 1 ==== mon_map magic: 0 v1 ==== 229+0+0 (secure 0 0 0) 0x7fde2c0118f0 con 0x7fde3c076c20
2024-04-16T14:26:42.870 INFO:teuthology.orchestra.run.smithi005.stdout:/usr/bin/ceph: stderr
2024-04-16T14:26:41.212+0000 7fde337fe700 1 -- 172.21.15.5:0/2270320193 <== mon.0 v2:172.21.15.5:3300/0 2 ==== config(27 keys) v1 ==== 1109+0+0 (secure 0 0 0) 0x7fde2c010d60 con 0x7fde3c076c20
2024-04-16T14:26:42.871 INFO:teuthology.orchestra.run.smithi005.stdout:/usr/bin/ceph: stderr
2024-04-16T14:26:41.212+0000 7fde40a80700 1 -- 172.21.15.5:0/2270320193 --> [v2:172.21.15.5:3300/0,v1:172.21.15.5:6789/0] -- mon_subscribe({mgrmap=0+}) v3 -- 0x7fde3c111e90 con 0x7fde3c076c20
2024-04-16T14:26:42.871 INFO:teuthology.orchestra.run.smithi005.stdout:/usr/bin/ceph: stderr
2024-04-16T14:26:41.212+0000 7fde337fe700 1 -- 172.21.15.5:0/2270320193 <== mon.0 v2:172.21.15.5:3300/0 3 ==== mon_map magic: 0 v1 ==== 229+0+0 (secure 0 0 0) 0x7fde2c01a430 con 0x7fde3c076c20
2024-04-16T14:26:42.871 INFO:teuthology.orchestra.run.smithi005.stdout:/usr/bin/ceph: stderr
2024-04-16T14:26:41.212+0000 7fde40a80700 1 -- 172.21.15.5:0/2270320193 --> [v2:172.21.15.5:3300/0,v1:172.21.15.5:6789/0] -- mon_subscribe({osdmap=0}) v3 -- 0x7fde3c112a00 con 0x7fde3c076c20
2024-04-16T14:26:42.871 INFO:teuthology.orchestra.run.smithi005.stdout:/usr/bin/ceph: stderr
2024-04-16T14:26:41.213+0000 7fde337fe700 1 -- 172.21.15.5:0/2270320193 <== mon.0 v2:172.21.15.5:3300/0 4 ==== mgrmap(e 8) v1 ==== 43376+0+0 (secure 0 0 0) 0x7fde2c01a590 con 0x7fde3c076c20
2024-04-16T14:26:42.871 INFO:teuthology.orchestra.run.smithi005.stdout:/usr/bin/ceph: stderr
2024-04-16T14:26:41.213+0000 7fde40a80700 1 -- 172.21.15.5:0/2270320193 --> [v2:172.21.15.5:3300/0,v1:172.21.15.5:6789/0] -- mon_command({"prefix": "get_command_descriptions"} v 0) v1 -- 0x7fde3c05f5f0 con 0x7fde3c076c20
2024-04-16T14:26:42.871 INFO:teuthology.orchestra.run.smithi005.stdout:/usr/bin/ceph: stderr
2024-04-16T14:26:41.213+0000 7fde337fe700 1 --2- 172.21.15.5:0/2270320193 >> [v2:172.21.15.5:6800/4088193218,v1:172.21.15.5:6801/4088193218] conn(0x7fde28036790 0x7fde28038c40 unknown :-1 s=NONE pgs=0 cs=0 l=1 rev1=0 crypto rx=0 tx=0 comp rx=0 tx=0).connect
2024-04-16T14:26:42.871 INFO:teuthology.orchestra.run.smithi005.stdout:/usr/bin/ceph: stderr
2024-04-16T14:26:41.213+0000 7fde337fe700 1 -- 172.21.15.5:0/2270320193 <== mon.0 v2:172.21.15.5:3300/0 5 ==== osd_map(2..2 src has 1..2) v4 ==== 936+0+0 (secure 0 0 0) 0x7fde2c04a6a0 con 0x7fde3c076c20
2024-04-16T14:26:42.871 INFO:teuthology.orchestra.run.smithi005.stdout:/usr/bin/ceph: stderr
2024-04-16T14:26:41.213+0000 7fde31d9b700 1 --2- 172.21.15.5:0/2270320193 >> [v2:172.21.15.5:6800/4088193218,v1:172.21.15.5:6801/4088193218] conn(0x7fde28036790 0x7fde28038c40 unknown :-1 s=BANNER_CONNECTING pgs=0 cs=0 l=1 rev1=0 crypto rx=0 tx=0 comp rx=0 tx=0)._handle_peer_banner_payload supported=3 required=0
2024-04-16T14:26:42.871 INFO:teuthology.orchestra.run.smithi005.stdout:/usr/bin/ceph: stderr
2024-04-16T14:26:41.213+0000 7fde31d9b700 1 --2- 172.21.15.5:0/2270320193 >> [v2:172.21.15.5:6800/4088193218,v1:172.21.15.5:6801/4088193218] conn(0x7fde28036790 0x7fde28038c40 secure :-1 s=READY pgs=21 cs=0 l=1 rev1=1 crypto rx=0x7fde24009990 tx=0x7fde24006e40 comp rx=0 tx=0).ready entity=mgr.14118 client_cookie=0 server_cookie=0 in_seq=0 out_seq=0
2024-04-16T14:26:42.871 INFO:teuthology.orchestra.run.smithi005.stdout:/usr/bin/ceph: stderr
2024-04-16T14:26:41.218+0000 7fde337fe700 1 -- 172.21.15.5:0/2270320193 <== mon.0 v2:172.21.15.5:3300/0 6 ==== mon_command_ack([{"prefix": "get_command_descriptions"}]=0 v0) v1 ==== 72+0+176702 (secure 0 0 0) 0x7fde2c018db0 con 0x7fde3c076c20
2024-04-16T14:26:42.871 INFO:teuthology.orchestra.run.smithi005.stdout:/usr/bin/ceph: stderr
2024-04-16T14:26:41.467+0000 7fde40a80700 1 -- 172.21.15.5:0/2270320193 --> [v2:172.21.15.5:3300/0,v1:172.21.15.5:6789/0] -- mon_command({"prefix": "mgr module enable", "module": "dashboard"} v 0) v1 -- 0x7fde3c04bed0 con 0x7fde3c076c20
2024-04-16T14:26:42.871 INFO:teuthology.orchestra.run.smithi005.stdout:/usr/bin/ceph: stderr
2024-04-16T14:26:42.202+0000 7fde337fe700 1 -- 172.21.15.5:0/2270320193 <== mon.0 v2:172.21.15.5:3300/0 7 ==== mgrmap(e 9) v1 ==== 43389+0+0 (secure 0 0 0) 0x7fde2c02ad60 con 0x7fde3c076c20
2024-04-16T14:26:42.871 INFO:teuthology.orchestra.run.smithi005.stdout:/usr/bin/ceph: stderr
2024-04-16T14:26:42.204+0000 7fde337fe700 1 -- 172.21.15.5:0/2270320193 <== mon.0 v2:172.21.15.5:3300/0 8 ==== mon_command_ack([{"prefix": "mgr module enable", "module": "dashboard"}]=0 v9) v1 ==== 88+0+0 (secure 0 0 0) 0x7fde2c00f2e0 con 0x7fde3c076c20
2024-04-16T14:26:42.871 INFO:teuthology.orchestra.run.smithi005.stdout:/usr/bin/ceph: stderr
2024-04-16T14:26:42.206+0000 7fde40a80700 1 -- 172.21.15.5:0/2270320193 >> [v2:172.21.15.5:6800/4088193218,v1:172.21.15.5:6801/4088193218] conn(0x7fde28036790 msgr2=0x7fde28038c40 secure :-1 s=STATE_CONNECTION_ESTABLISHED l=1).mark_down
2024-04-16T14:26:42.871 INFO:teuthology.orchestra.run.smithi005.stdout:/usr/bin/ceph: stderr
2024-04-16T14:26:42.206+0000 7fde40a80700 1 --2- 172.21.15.5:0/2270320193 >> [v2:172.21.15.5:6800/4088193218,v1:172.21.15.5:6801/4088193218] conn(0x7fde28036790 0x7fde28038c40 secure :-1 s=READY pgs=21 cs=0 l=1 rev1=1 crypto rx=0x7fde24009990 tx=0x7fde24006e40 comp rx=0 tx=0).stop
2024-04-16T14:26:42.872 INFO:teuthology.orchestra.run.smithi005.stdout:/usr/bin/ceph: stderr
2024-04-16T14:26:42.206+0000 7fde40a80700 1 -- 172.21.15.5:0/2270320193 >> [v2:172.21.15.5:3300/0,v1:172.21.15.5:6789/0] conn(0x7fde3c076c20 msgr2=0x7fde3c111750 secure :-1 s=STATE_CONNECTION_ESTABLISHED l=1).mark_down
2024-04-16T14:26:42.872 INFO:teuthology.orchestra.run.smithi005.stdout:/usr/bin/ceph: stderr
2024-04-16T14:26:42.206+0000 7fde40a80700 1 --2- 172.21.15.5:0/2270320193 >> [v2:172.21.15.5:3300/0,v1:172.21.15.5:6789/0] conn(0x7fde3c076c20 0x7fde3c111750 secure :-1 s=READY pgs=64 cs=0 l=1 rev1=1 crypto rx=0x7fde2c0094c0 tx=0x7fde2c009250 comp rx=0 tx=0).stop
2024-04-16T14:26:42.872 INFO:teuthology.orchestra.run.smithi005.stdout:/usr/bin/ceph: stderr
2024-04-16T14:26:42.206+0000 7fde40a80700 1 -- 172.21.15.5:0/2270320193 shutdown_connections
2024-04-16T14:26:42.872 INFO:teuthology.orchestra.run.smithi005.stdout:/usr/bin/ceph: stderr
2024-04-16T14:26:42.206+0000 7fde40a80700 1 --2- 172.21.15.5:0/2270320193 >> [v2:172.21.15.5:6800/4088193218,v1:172.21.15.5:6801/4088193218] conn(0x7fde28036790 0x7fde28038c40 unknown :-1 s=CLOSED pgs=21 cs=0 l=1 rev1=1 crypto rx=0 tx=0 comp rx=0 tx=0).stop
2024-04-16T14:26:42.872 INFO:teuthology.orchestra.run.smithi005.stdout:/usr/bin/ceph: stderr
2024-04-16T14:26:42.206+0000 7fde40a80700 1 --2- 172.21.15.5:0/2270320193 >> [v2:172.21.15.5:3300/0,v1:172.21.15.5:6789/0] conn(0x7fde3c076c20 0x7fde3c111750 unknown :-1 s=CLOSED pgs=64 cs=0 l=1 rev1=1 crypto rx=0 tx=0 comp rx=0 tx=0).stop
2024-04-16T14:26:42.872 INFO:teuthology.orchestra.run.smithi005.stdout:/usr/bin/ceph: stderr
2024-04-16T14:26:42.206+0000 7fde40a80700 1 -- 172.21.15.5:0/2270320193 >> 172.21.15.5:0/2270320193 conn(0x7fde3c0fcfb0 msgr2=0x7fde3c0fdba0 unknown :-1 s=STATE_NONE l=0).mark_down
2024-04-16T14:26:42.872 INFO:teuthology.orchestra.run.smithi005.stdout:/usr/bin/ceph: stderr
2024-04-16T14:26:42.207+0000 7fde40a80700 1 -- 172.21.15.5:0/2270320193 shutdown_connections
2024-04-16T14:26:42.872 INFO:teuthology.orchestra.run.smithi005.stdout:/usr/bin/ceph: stderr
2024-04-16T14:26:42.207+0000 7fde40a80700 1 -- 172.21.15.5:0/2270320193 wait complete.
2024-04-16T14:26:43.467 INFO:journalctl@ceph.mon.smithi005.smithi005.stdout:Apr 16 14:26:43 smithi005 ceph-mon[28964]: from='client.? 172.21.15.5:0/2270320193' entity='client.admin' cmd='[{"prefix": "mgr module enable", "module": "dashboard"}]': finished
2024-04-16T14:26:43.467 INFO:journalctl@ceph.mon.smithi005.smithi005.stdout:Apr 16 14:26:43 smithi005 ceph-mon[28964]: mgrmap e9: smithi005.ipwdkc(active, since 24s)
2024-04-16T14:26:44.144 INFO:teuthology.orchestra.run.smithi005.stdout:/usr/bin/ceph: stdout {
2024-04-16T14:26:44.151 INFO:teuthology.orchestra.run.smithi005.stdout:/usr/bin/ceph: stdout "epoch": 9,
2024-04-16T14:26:44.151 INFO:teuthology.orchestra.run.smithi005.stdout:/usr/bin/ceph: stdout "available": true,
2024-04-16T14:26:44.151 INFO:teuthology.orchestra.run.smithi005.stdout:/usr/bin/ceph: stdout "active_name": "smithi005.ipwdkc",
2024-04-16T14:26:44.151 INFO:teuthology.orchestra.run.smithi005.stdout:/usr/bin/ceph: stdout "num_standby": 0
2024-04-16T14:26:44.151 INFO:teuthology.orchestra.run.smithi005.stdout:/usr/bin/ceph: stdout }
2024-04-16T14:26:44.151 INFO:teuthology.orchestra.run.smithi005.stdout:/usr/bin/ceph: stderr
2024-04-16T14:26:43.263+0000 7f83616ba700 1 Processor -- start
2024-04-16T14:26:44.151 INFO:teuthology.orchestra.run.smithi005.stdout:/usr/bin/ceph: stderr
2024-04-16T14:26:43.263+0000 7f83616ba700 1 -- start start
2024-04-16T14:26:44.151 INFO:teuthology.orchestra.run.smithi005.stdout:/usr/bin/ceph: stderr
2024-04-16T14:26:43.263+0000 7f83616ba700 1 --2- >> [v2:172.21.15.5:3300/0,v1:172.21.15.5:6789/0] conn(0x7f835c101d40 0x7f835c102150 unknown :-1 s=NONE pgs=0 cs=0 l=0 rev1=0 crypto rx=0 tx=0 comp rx=0 tx=0).connect
2024-04-16T14:26:44.151 INFO:teuthology.orchestra.run.smithi005.stdout:/usr/bin/ceph: stderr
2024-04-16T14:26:43.263+0000 7f83616ba700 1 -- --> [v2:172.21.15.5:3300/0,v1:172.21.15.5:6789/0] -- mon_getmap magic: 0 v1 -- 0x7f835c102690 con 0x7f835c101d40
2024-04-16T14:26:44.151 INFO:teuthology.orchestra.run.smithi005.stdout:/usr/bin/ceph: stderr
2024-04-16T14:26:43.264+0000 7f835affd700 1 --2- >> [v2:172.21.15.5:3300/0,v1:172.21.15.5:6789/0] conn(0x7f835c101d40 0x7f835c102150 unknown :-1 s=BANNER_CONNECTING pgs=0 cs=0 l=0 rev1=0 crypto rx=0 tx=0 comp rx=0 tx=0)._handle_peer_banner_payload supported=3 required=0
2024-04-16T14:26:44.151 INFO:teuthology.orchestra.run.smithi005.stdout:/usr/bin/ceph: stderr
2024-04-16T14:26:43.264+0000 7f835affd700 1 --2- >> [v2:172.21.15.5:3300/0,v1:172.21.15.5:6789/0] conn(0x7f835c101d40 0x7f835c102150 unknown :-1 s=HELLO_CONNECTING pgs=0 cs=0 l=0 rev1=1 crypto rx=0 tx=0 comp rx=0 tx=0).handle_hello peer v2:172.21.15.5:3300/0 says I am v2:172.21.15.5:36702/0 (socket says 172.21.15.5:36702)
2024-04-16T14:26:44.151 INFO:teuthology.orchestra.run.smithi005.stdout:/usr/bin/ceph: stderr
2024-04-16T14:26:43.264+0000 7f835affd700 1 -- 172.21.15.5:0/2191699732 learned_addr learned my addr 172.21.15.5:0/2191699732 (peer_addr_for_me v2:172.21.15.5:0/0)
2024-04-16T14:26:44.151 INFO:teuthology.orchestra.run.smithi005.stdout:/usr/bin/ceph: stderr
2024-04-16T14:26:43.264+0000 7f835affd700 1 -- 172.21.15.5:0/2191699732 --> [v2:172.21.15.5:3300/0,v1:172.21.15.5:6789/0] -- mon_subscribe({config=0+,monmap=0+}) v3 -- 0x7f835c1027d0 con 0x7f835c101d40
2024-04-16T14:26:44.152 INFO:teuthology.orchestra.run.smithi005.stdout:/usr/bin/ceph: stderr
2024-04-16T14:26:43.264+0000 7f835affd700 1 --2- 172.21.15.5:0/2191699732 >> [v2:172.21.15.5:3300/0,v1:172.21.15.5:6789/0] conn(0x7f835c101d40 0x7f835c102150 secure :-1 s=READY pgs=67 cs=0 l=1 rev1=1 crypto rx=0x7f834c00bb80 tx=0x7f834c00b4f0 comp rx=0 tx=0).ready entity=mon.0 client_cookie=8e4a4a58a5872494 server_cookie=0 in_seq=0 out_seq=0
2024-04-16T14:26:44.152 INFO:teuthology.orchestra.run.smithi005.stdout:/usr/bin/ceph: stderr
2024-04-16T14:26:43.264+0000 7f8359ffb700 1 -- 172.21.15.5:0/2191699732 <== mon.0 v2:172.21.15.5:3300/0 1 ==== mon_map magic: 0 v1 ==== 229+0+0 (secure 0 0 0) 0x7f834c00dd00 con 0x7f835c101d40
2024-04-16T14:26:44.152 INFO:teuthology.orchestra.run.smithi005.stdout:/usr/bin/ceph: stderr
2024-04-16T14:26:43.264+0000 7f8359ffb700 1 -- 172.21.15.5:0/2191699732 <== mon.0 v2:172.21.15.5:3300/0 2 ==== config(27 keys) v1 ==== 1109+0+0 (secure 0 0 0) 0x7f834c00de60 con 0x7f835c101d40
2024-04-16T14:26:44.152 INFO:teuthology.orchestra.run.smithi005.stdout:/usr/bin/ceph: stderr
2024-04-16T14:26:43.264+0000 7f8359ffb700 1 -- 172.21.15.5:0/2191699732 <== mon.0 v2:172.21.15.5:3300/0 3 ==== mon_map magic: 0 v1 ==== 229+0+0 (secure 0 0 0) 0x7f834c018920 con 0x7f835c101d40
2024-04-16T14:26:44.152 INFO:teuthology.orchestra.run.smithi005.stdout:/usr/bin/ceph: stderr
2024-04-16T14:26:43.265+0000 7f83616ba700 1 -- 172.21.15.5:0/2191699732 >> [v2:172.21.15.5:3300/0,v1:172.21.15.5:6789/0] conn(0x7f835c101d40 msgr2=0x7f835c102150 secure :-1 s=STATE_CONNECTION_ESTABLISHED l=1).mark_down
2024-04-16T14:26:44.152 INFO:teuthology.orchestra.run.smithi005.stdout:/usr/bin/ceph: stderr
2024-04-16T14:26:43.265+0000 7f83616ba700 1 --2- 172.21.15.5:0/2191699732 >> [v2:172.21.15.5:3300/0,v1:172.21.15.5:6789/0] conn(0x7f835c101d40 0x7f835c102150 secure :-1 s=READY pgs=67 cs=0 l=1 rev1=1 crypto rx=0x7f834c00bb80 tx=0x7f834c00b4f0 comp rx=0 tx=0).stop
2024-04-16T14:26:44.152 INFO:teuthology.orchestra.run.smithi005.stdout:/usr/bin/ceph: stderr
2024-04-16T14:26:43.265+0000 7f83616ba700 1 -- 172.21.15.5:0/2191699732 shutdown_connections
2024-04-16T14:26:44.152 INFO:teuthology.orchestra.run.smithi005.stdout:/usr/bin/ceph: stderr
2024-04-16T14:26:43.265+0000 7f83616ba700 1 --2- 172.21.15.5:0/2191699732 >> [v2:172.21.15.5:3300/0,v1:172.21.15.5:6789/0] conn(0x7f835c101d40 0x7f835c102150 unknown :-1 s=CLOSED pgs=67 cs=0 l=1 rev1=1 crypto rx=0 tx=0 comp rx=0 tx=0).stop
2024-04-16T14:26:44.152 INFO:teuthology.orchestra.run.smithi005.stdout:/usr/bin/ceph: stderr
2024-04-16T14:26:43.265+0000 7f83616ba700 1 -- 172.21.15.5:0/2191699732 >> 172.21.15.5:0/2191699732 conn(0x7f835c0fc770 msgr2=0x7f835c0feb80 unknown :-1 s=STATE_NONE l=0).mark_down
2024-04-16T14:26:44.152 INFO:teuthology.orchestra.run.smithi005.stdout:/usr/bin/ceph: stderr
2024-04-16T14:26:43.265+0000 7f83616ba700 1 -- 172.21.15.5:0/2191699732 shutdown_connections
2024-04-16T14:26:44.152 INFO:teuthology.orchestra.run.smithi005.stdout:/usr/bin/ceph: stderr
2024-04-16T14:26:43.265+0000 7f83616ba700 1 -- 172.21.15.5:0/2191699732 wait complete.
2024-04-16T14:26:44.152 INFO:teuthology.orchestra.run.smithi005.stdout:/usr/bin/ceph: stderr
2024-04-16T14:26:43.266+0000 7f83616ba700 1 Processor -- start
2024-04-16T14:26:44.152 INFO:teuthology.orchestra.run.smithi005.stdout:/usr/bin/ceph: stderr
2024-04-16T14:26:43.266+0000 7f83616ba700 1 -- start start
2024-04-16T14:26:44.152 INFO:teuthology.orchestra.run.smithi005.stdout:/usr/bin/ceph: stderr
2024-04-16T14:26:43.266+0000 7f83616ba700 1 --2- >> [v2:172.21.15.5:3300/0,v1:172.21.15.5:6789/0] conn(0x7f835c101d40 0x7f835c113990 unknown :-1 s=NONE pgs=0 cs=0 l=1 rev1=0 crypto rx=0 tx=0 comp rx=0 tx=0).connect
2024-04-16T14:26:44.153 INFO:teuthology.orchestra.run.smithi005.stdout:/usr/bin/ceph: stderr
2024-04-16T14:26:43.266+0000 7f83616ba700 1 -- --> [v2:172.21.15.5:3300/0,v1:172.21.15.5:6789/0] -- mon_getmap magic: 0 v1 -- 0x7f835c113ed0 con 0x7f835c101d40
2024-04-16T14:26:44.153 INFO:teuthology.orchestra.run.smithi005.stdout:/usr/bin/ceph: stderr
2024-04-16T14:26:43.266+0000 7f835affd700 1 --2- >> [v2:172.21.15.5:3300/0,v1:172.21.15.5:6789/0] conn(0x7f835c101d40 0x7f835c113990 unknown :-1 s=BANNER_CONNECTING pgs=0 cs=0 l=1 rev1=0 crypto rx=0 tx=0 comp rx=0 tx=0)._handle_peer_banner_payload supported=3 required=0
2024-04-16T14:26:44.153 INFO:teuthology.orchestra.run.smithi005.stdout:/usr/bin/ceph: stderr
2024-04-16T14:26:43.266+0000 7f835affd700 1 --2- >> [v2:172.21.15.5:3300/0,v1:172.21.15.5:6789/0] conn(0x7f835c101d40 0x7f835c113990 unknown :-1 s=HELLO_CONNECTING pgs=0 cs=0 l=1 rev1=1 crypto rx=0 tx=0 comp rx=0 tx=0).handle_hello peer v2:172.21.15.5:3300/0 says I am v2:172.21.15.5:36716/0 (socket says 172.21.15.5:36716)
2024-04-16T14:26:44.153 INFO:teuthology.orchestra.run.smithi005.stdout:/usr/bin/ceph: stderr
2024-04-16T14:26:43.266+0000 7f835affd700 1 -- 172.21.15.5:0/3423501350 learned_addr learned my addr 172.21.15.5:0/3423501350 (peer_addr_for_me v2:172.21.15.5:0/0)
2024-04-16T14:26:44.153 INFO:teuthology.orchestra.run.smithi005.stdout:/usr/bin/ceph: stderr
2024-04-16T14:26:43.266+0000 7f835affd700 1 -- 172.21.15.5:0/3423501350 --> [v2:172.21.15.5:3300/0,v1:172.21.15.5:6789/0] -- mon_subscribe({config=0+,monmap=0+}) v3 -- 0x7f834c00b790 con 0x7f835c101d40
2024-04-16T14:26:44.153 INFO:teuthology.orchestra.run.smithi005.stdout:/usr/bin/ceph: stderr
2024-04-16T14:26:43.266+0000 7f835affd700 1 --2- 172.21.15.5:0/3423501350 >> [v2:172.21.15.5:3300/0,v1:172.21.15.5:6789/0] conn(0x7f835c101d40 0x7f835c113990 secure :-1 s=READY pgs=68 cs=0 l=1 rev1=1 crypto rx=0x7f834c0106a0 tx=0x7f834c00b4f0 comp rx=0 tx=0).ready entity=mon.0 client_cookie=0 server_cookie=0 in_seq=0 out_seq=0
2024-04-16T14:26:44.153 INFO:teuthology.orchestra.run.smithi005.stdout:/usr/bin/ceph: stderr
2024-04-16T14:26:43.267+0000 7f83437fe700 1 -- 172.21.15.5:0/3423501350 <== mon.0 v2:172.21.15.5:3300/0 1 ==== mon_map magic: 0 v1 ==== 229+0+0 (secure 0 0 0) 0x7f834c018e90 con 0x7f835c101d40
2024-04-16T14:26:44.153 INFO:teuthology.orchestra.run.smithi005.stdout:/usr/bin/ceph: stderr
2024-04-16T14:26:43.267+0000 7f83437fe700 1 -- 172.21.15.5:0/3423501350 <== mon.0 v2:172.21.15.5:3300/0 2 ==== config(27 keys) v1 ==== 1109+0+0 (secure 0 0 0) 0x7f834c00dc70 con 0x7f835c101d40
2024-04-16T14:26:44.153 INFO:teuthology.orchestra.run.smithi005.stdout:/usr/bin/ceph: stderr
2024-04-16T14:26:43.267+0000 7f83616ba700 1 -- 172.21.15.5:0/3423501350 --> [v2:172.21.15.5:3300/0,v1:172.21.15.5:6789/0] -- mon_subscribe({mgrmap=0+}) v3 -- 0x7f835c1140d0 con 0x7f835c101d40
2024-04-16T14:26:44.153 INFO:teuthology.orchestra.run.smithi005.stdout:/usr/bin/ceph: stderr
2024-04-16T14:26:43.267+0000 7f83437fe700 1 -- 172.21.15.5:0/3423501350 <== mon.0 v2:172.21.15.5:3300/0 3 ==== mon_map magic: 0 v1 ==== 229+0+0 (secure 0 0 0) 0x7f834c021550 con 0x7f835c101d40
2024-04-16T14:26:44.153 INFO:teuthology.orchestra.run.smithi005.stdout:/usr/bin/ceph: stderr
2024-04-16T14:26:43.267+0000 7f83616ba700 1 -- 172.21.15.5:0/3423501350 --> [v2:172.21.15.5:3300/0,v1:172.21.15.5:6789/0] -- mon_subscribe({osdmap=0}) v3 -- 0x7f835c114c40 con 0x7f835c101d40
2024-04-16T14:26:44.153 INFO:teuthology.orchestra.run.smithi005.stdout:/usr/bin/ceph: stderr
2024-04-16T14:26:43.268+0000 7f83616ba700 1 -- 172.21.15.5:0/3423501350 --> [v2:172.21.15.5:3300/0,v1:172.21.15.5:6789/0] -- mon_command({"prefix": "get_command_descriptions"} v 0) v1 -- 0x7f835c05f5f0 con 0x7f835c101d40
2024-04-16T14:26:44.153 INFO:teuthology.orchestra.run.smithi005.stdout:/usr/bin/ceph: stderr
2024-04-16T14:26:43.268+0000 7f83437fe700 1 -- 172.21.15.5:0/3423501350 <== mon.0 v2:172.21.15.5:3300/0 4 ==== mgrmap(e 9) v1 ==== 43389+0+0 (secure 0 0 0) 0x7f834c021790 con 0x7f835c101d40
2024-04-16T14:26:44.153 INFO:teuthology.orchestra.run.smithi005.stdout:/usr/bin/ceph: stderr
2024-04-16T14:26:43.268+0000 7f83437fe700 1 --2- 172.21.15.5:0/3423501350 >> [v2:172.21.15.5:6800/4088193218,v1:172.21.15.5:6801/4088193218] conn(0x7f83440367e0 0x7f8344038c90 unknown :-1 s=NONE pgs=0 cs=0 l=1 rev1=0 crypto rx=0 tx=0 comp rx=0 tx=0).connect
2024-04-16T14:26:44.154 INFO:teuthology.orchestra.run.smithi005.stdout:/usr/bin/ceph: stderr
2024-04-16T14:26:43.268+0000 7f83437fe700 1 -- 172.21.15.5:0/3423501350 <== mon.0 v2:172.21.15.5:3300/0 5 ==== osd_map(2..2 src has 1..2) v4 ==== 936+0+0 (secure 0 0 0) 0x7f834c014070 con 0x7f835c101d40
2024-04-16T14:26:44.154 INFO:teuthology.orchestra.run.smithi005.stdout:/usr/bin/ceph: stderr
2024-04-16T14:26:43.268+0000 7f835a7fc700 1 -- 172.21.15.5:0/3423501350 >> [v2:172.21.15.5:6800/4088193218,v1:172.21.15.5:6801/4088193218] conn(0x7f83440367e0 msgr2=0x7f8344038c90 unknown :-1 s=STATE_CONNECTING_RE l=1).process reconnect failed to v2:172.21.15.5:6800/4088193218
2024-04-16T14:26:44.154 INFO:teuthology.orchestra.run.smithi005.stdout:/usr/bin/ceph: stderr
2024-04-16T14:26:43.268+0000 7f835a7fc700 1 --2- 172.21.15.5:0/3423501350 >> [v2:172.21.15.5:6800/4088193218,v1:172.21.15.5:6801/4088193218] conn(0x7f83440367e0 0x7f8344038c90 unknown :-1 s=START_CONNECT pgs=0 cs=0 l=1 rev1=0 crypto rx=0 tx=0 comp rx=0 tx=0)._fault waiting 0.200000
2024-04-16T14:26:44.154 INFO:teuthology.orchestra.run.smithi005.stdout:/usr/bin/ceph: stderr
2024-04-16T14:26:43.273+0000 7f83437fe700 1 -- 172.21.15.5:0/3423501350 <== mon.0 v2:172.21.15.5:3300/0 6 ==== mon_command_ack([{"prefix": "get_command_descriptions"}]=0 v0) v1 ==== 72+0+176702 (secure 0 0 0) 0x7f834c050020 con 0x7f835c101d40
2024-04-16T14:26:44.154 INFO:teuthology.orchestra.run.smithi005.stdout:/usr/bin/ceph: stderr
2024-04-16T14:26:43.469+0000 7f835a7fc700 1 -- 172.21.15.5:0/3423501350 >> [v2:172.21.15.5:6800/4088193218,v1:172.21.15.5:6801/4088193218] conn(0x7f83440367e0 msgr2=0x7f8344038c90 unknown :-1 s=STATE_CONNECTING_RE l=1).process reconnect failed to v2:172.21.15.5:6800/4088193218
2024-04-16T14:26:44.154 INFO:teuthology.orchestra.run.smithi005.stdout:/usr/bin/ceph: stderr
2024-04-16T14:26:43.469+0000 7f835a7fc700 1 --2- 172.21.15.5:0/3423501350 >> [v2:172.21.15.5:6800/4088193218,v1:172.21.15.5:6801/4088193218] conn(0x7f83440367e0 0x7f8344038c90 unknown :-1 s=START_CONNECT pgs=0 cs=0 l=1 rev1=0 crypto rx=0 tx=0 comp rx=0 tx=0)._fault waiting 0.400000
2024-04-16T14:26:44.154 INFO:teuthology.orchestra.run.smithi005.stdout:/usr/bin/ceph: stderr
2024-04-16T14:26:43.530+0000 7f83616ba700 1 -- 172.21.15.5:0/3423501350 --> [v2:172.21.15.5:3300/0,v1:172.21.15.5:6789/0] -- mon_command({"prefix": "mgr stat"} v 0) v1 -- 0x7f835c1157b0 con 0x7f835c101d40
2024-04-16T14:26:44.154 INFO:teuthology.orchestra.run.smithi005.stdout:/usr/bin/ceph: stderr
2024-04-16T14:26:43.531+0000 7f83437fe700 1 -- 172.21.15.5:0/3423501350 <== mon.0 v2:172.21.15.5:3300/0 7 ==== mon_command_ack([{"prefix": "mgr stat"}]=0 v9) v1 ==== 56+0+103 (secure 0 0 0) 0x7f834c00ed90 con 0x7f835c101d40
2024-04-16T14:26:44.154 INFO:teuthology.orchestra.run.smithi005.stdout:/usr/bin/ceph: stderr
2024-04-16T14:26:43.533+0000 7f83616ba700 1 -- 172.21.15.5:0/3423501350 >> [v2:172.21.15.5:6800/4088193218,v1:172.21.15.5:6801/4088193218] conn(0x7f83440367e0 msgr2=0x7f8344038c90 unknown :-1 s=STATE_CONNECTING l=1).mark_down
2024-04-16T14:26:44.154 INFO:teuthology.orchestra.run.smithi005.stdout:/usr/bin/ceph: stderr
2024-04-16T14:26:43.533+0000 7f83616ba700 1 --2- 172.21.15.5:0/3423501350 >> [v2:172.21.15.5:6800/4088193218,v1:172.21.15.5:6801/4088193218] conn(0x7f83440367e0 0x7f8344038c90 unknown :-1 s=START_CONNECT pgs=0 cs=0 l=1 rev1=0 crypto rx=0 tx=0 comp rx=0 tx=0).stop
2024-04-16T14:26:44.154 INFO:teuthology.orchestra.run.smithi005.stdout:/usr/bin/ceph: stderr
2024-04-16T14:26:43.533+0000 7f83616ba700 1 -- 172.21.15.5:0/3423501350 >> [v2:172.21.15.5:3300/0,v1:172.21.15.5:6789/0] conn(0x7f835c101d40 msgr2=0x7f835c113990 secure :-1 s=STATE_CONNECTION_ESTABLISHED l=1).mark_down
2024-04-16T14:26:44.154 INFO:teuthology.orchestra.run.smithi005.stdout:/usr/bin/ceph: stderr
2024-04-16T14:26:43.533+0000 7f83616ba700 1 --2- 172.21.15.5:0/3423501350 >> [v2:172.21.15.5:3300/0,v1:172.21.15.5:6789/0] conn(0x7f835c101d40 0x7f835c113990 secure :-1 s=READY pgs=68 cs=0 l=1 rev1=1 crypto rx=0x7f834c0106a0 tx=0x7f834c00b4f0 comp rx=0 tx=0).stop
2024-04-16T14:26:44.154 INFO:teuthology.orchestra.run.smithi005.stdout:/usr/bin/ceph: stderr
2024-04-16T14:26:43.533+0000 7f83616ba700 1 -- 172.21.15.5:0/3423501350 shutdown_connections
2024-04-16T14:26:44.154 INFO:teuthology.orchestra.run.smithi005.stdout:/usr/bin/ceph: stderr
2024-04-16T14:26:43.533+0000 7f83616ba700 1 --2- 172.21.15.5:0/3423501350 >> [v2:172.21.15.5:6800/4088193218,v1:172.21.15.5:6801/4088193218] conn(0x7f83440367e0 0x7f8344038c90 unknown :-1 s=CLOSED pgs=0 cs=0 l=1 rev1=0 crypto rx=0 tx=0 comp rx=0 tx=0).stop
2024-04-16T14:26:44.155 INFO:teuthology.orchestra.run.smithi005.stdout:/usr/bin/ceph: stderr
2024-04-16T14:26:43.533+0000 7f83616ba700 1 --2- 172.21.15.5:0/3423501350 >> [v2:172.21.15.5:3300/0,v1:172.21.15.5:6789/0] conn(0x7f835c101d40 0x7f835c113990 unknown :-1 s=CLOSED pgs=68 cs=0 l=1 rev1=1 crypto rx=0 tx=0 comp rx=0 tx=0).stop
2024-04-16T14:26:44.155 INFO:teuthology.orchestra.run.smithi005.stdout:/usr/bin/ceph: stderr
2024-04-16T14:26:43.533+0000 7f83616ba700 1 -- 172.21.15.5:0/3423501350 >> 172.21.15.5:0/3423501350 conn(0x7f835c0fc770 msgr2=0x7f835c105d90 unknown :-1 s=STATE_NONE l=0).mark_down
2024-04-16T14:26:44.155 INFO:teuthology.orchestra.run.smithi005.stdout:/usr/bin/ceph: stderr
2024-04-16T14:26:43.533+0000 7f83616ba700 1 -- 172.21.15.5:0/3423501350 shutdown_connections
2024-04-16T14:26:44.155 INFO:teuthology.orchestra.run.smithi005.stdout:/usr/bin/ceph: stderr
2024-04-16T14:26:43.533+0000 7f83616ba700 1 -- 172.21.15.5:0/3423501350 wait complete.
2024-04-16T14:26:44.155 INFO:teuthology.orchestra.run.smithi005.stdout:Waiting for the mgr to restart...
2024-04-16T14:26:44.155 INFO:teuthology.orchestra.run.smithi005.stdout:Waiting for mgr epoch 9...
2024-04-16T14:26:44.377 INFO:journalctl@ceph.mon.smithi005.smithi005.stdout:Apr 16 14:26:44 smithi005 ceph-mon[28964]: from='client.? 172.21.15.5:0/3423501350' entity='client.admin' cmd=[{"prefix": "mgr stat"}]: dispatch
2024-04-16T14:26:49.474 INFO:journalctl@ceph.mon.smithi005.smithi005.stdout:Apr 16 14:26:48 smithi005 ceph-mon[28964]: Active manager daemon smithi005.ipwdkc restarted
2024-04-16T14:26:49.474 INFO:journalctl@ceph.mon.smithi005.smithi005.stdout:Apr 16 14:26:48 smithi005 ceph-mon[28964]: Activating manager daemon smithi005.ipwdkc
2024-04-16T14:26:49.474 INFO:journalctl@ceph.mon.smithi005.smithi005.stdout:Apr 16 14:26:48 smithi005 ceph-mon[28964]: osdmap e3: 0 total, 0 up, 0 in
2024-04-16T14:26:49.474 INFO:journalctl@ceph.mon.smithi005.smithi005.stdout:Apr 16 14:26:48 smithi005 ceph-mon[28964]: mgrmap e10: smithi005.ipwdkc(active, starting, since 0.00315868s)
2024-04-16T14:26:49.474 INFO:journalctl@ceph.mon.smithi005.smithi005.stdout:Apr 16 14:26:48 smithi005 ceph-mon[28964]: from='mgr.14160 172.21.15.5:0/1429091017' entity='mgr.smithi005.ipwdkc' cmd=[{"prefix": "mon metadata", "id": "smithi005"}]: dispatch
2024-04-16T14:26:49.474 INFO:journalctl@ceph.mon.smithi005.smithi005.stdout:Apr 16 14:26:48 smithi005 ceph-mon[28964]: from='mgr.14160 172.21.15.5:0/1429091017' entity='mgr.smithi005.ipwdkc' cmd=[{"prefix": "mgr metadata", "who": "smithi005.ipwdkc", "id": "smithi005.ipwdkc"}]: dispatch
2024-04-16T14:26:49.475 INFO:journalctl@ceph.mon.smithi005.smithi005.stdout:Apr 16 14:26:48 smithi005 ceph-mon[28964]: from='mgr.14160 172.21.15.5:0/1429091017' entity='mgr.smithi005.ipwdkc' cmd=[{"prefix": "mds metadata"}]: dispatch
2024-04-16T14:26:49.475 INFO:journalctl@ceph.mon.smithi005.smithi005.stdout:Apr 16 14:26:48 smithi005 ceph-mon[28964]: from='mgr.14160 172.21.15.5:0/1429091017' entity='mgr.smithi005.ipwdkc' cmd=[{"prefix": "osd metadata"}]: dispatch
2024-04-16T14:26:49.475 INFO:journalctl@ceph.mon.smithi005.smithi005.stdout:Apr 16 14:26:48 smithi005 ceph-mon[28964]: from='mgr.14160 172.21.15.5:0/1429091017' entity='mgr.smithi005.ipwdkc' cmd=[{"prefix": "mon metadata"}]: dispatch
2024-04-16T14:26:49.475 INFO:journalctl@ceph.mon.smithi005.smithi005.stdout:Apr 16 14:26:48 smithi005 ceph-mon[28964]: Manager daemon smithi005.ipwdkc is now available
2024-04-16T14:26:49.475 INFO:journalctl@ceph.mon.smithi005.smithi005.stdout:Apr 16 14:26:48 smithi005 ceph-mon[28964]: from='mgr.14160 172.21.15.5:0/1429091017' entity='mgr.smithi005.ipwdkc' cmd=[{"prefix": "config dump", "format": "json"}]: dispatch
2024-04-16T14:26:49.475 INFO:journalctl@ceph.mon.smithi005.smithi005.stdout:Apr 16 14:26:48 smithi005 ceph-mon[28964]: from='mgr.14160 172.21.15.5:0/1429091017' entity='mgr.smithi005.ipwdkc' cmd=[{"prefix": "config dump", "format": "json"}]: dispatch
2024-04-16T14:26:49.475 INFO:journalctl@ceph.mon.smithi005.smithi005.stdout:Apr 16 14:26:48 smithi005 ceph-mon[28964]: from='mgr.14160 172.21.15.5:0/1429091017' entity='mgr.smithi005.ipwdkc' cmd=[{"prefix":"config rm","who":"mgr","name":"mgr/rbd_support/smithi005.ipwdkc/mirror_snapshot_schedule"}]: dispatch
2024-04-16T14:26:49.475 INFO:journalctl@ceph.mon.smithi005.smithi005.stdout:Apr 16 14:26:48 smithi005 ceph-mon[28964]: from='mgr.14160 172.21.15.5:0/1429091017' entity='mgr.smithi005.ipwdkc' cmd=[{"prefix":"config rm","who":"mgr","name":"mgr/rbd_support/smithi005.ipwdkc/trash_purge_schedule"}]: dispatch
2024-04-16T14:26:50.776 INFO:journalctl@ceph.mon.smithi005.smithi005.stdout:Apr 16 14:26:50 smithi005 ceph-mon[28964]: [16/Apr/2024:14:26:49] ENGINE Bus STARTING
2024-04-16T14:26:50.777 INFO:journalctl@ceph.mon.smithi005.smithi005.stdout:Apr 16 14:26:50 smithi005 ceph-mon[28964]: [16/Apr/2024:14:26:49] ENGINE Serving on https://172.21.15.5:7150
2024-04-16T14:26:50.777 INFO:journalctl@ceph.mon.smithi005.smithi005.stdout:Apr 16 14:26:50 smithi005 ceph-mon[28964]: [16/Apr/2024:14:26:49] ENGINE Bus STARTED
2024-04-16T14:26:50.777 INFO:journalctl@ceph.mon.smithi005.smithi005.stdout:Apr 16 14:26:50 smithi005 ceph-mon[28964]: from='mgr.14160 172.21.15.5:0/1429091017' entity='mgr.smithi005.ipwdkc'
2024-04-16T14:26:50.777 INFO:journalctl@ceph.mon.smithi005.smithi005.stdout:Apr 16 14:26:50 smithi005 ceph-mon[28964]: from='client.14164 -' entity='client.admin' cmd=[{"prefix": "get_command_descriptions"}]: dispatch
2024-04-16T14:26:50.777 INFO:journalctl@ceph.mon.smithi005.smithi005.stdout:Apr 16 14:26:50 smithi005 ceph-mon[28964]: mgrmap e11: smithi005.ipwdkc(active, since 1.00538s)
2024-04-16T14:26:50.777 INFO:journalctl@ceph.mon.smithi005.smithi005.stdout:Apr 16 14:26:50 smithi005 ceph-mon[28964]: from='client.14164 -' entity='client.admin' cmd=[{"prefix": "mgr_status"}]: dispatch
2024-04-16T14:26:50.777 INFO:journalctl@ceph.mon.smithi005.smithi005.stdout:Apr 16 14:26:50 smithi005 ceph-mon[28964]: from='mgr.14160 172.21.15.5:0/1429091017' entity='mgr.smithi005.ipwdkc'
2024-04-16T14:26:50.787 INFO:teuthology.orchestra.run.smithi005.stdout:/usr/bin/ceph: stdout {
2024-04-16T14:26:50.787 INFO:teuthology.orchestra.run.smithi005.stdout:/usr/bin/ceph: stdout "mgrmap_epoch": 11,
2024-04-16T14:26:50.787 INFO:teuthology.orchestra.run.smithi005.stdout:/usr/bin/ceph: stdout "initialized": true
2024-04-16T14:26:50.787 INFO:teuthology.orchestra.run.smithi005.stdout:/usr/bin/ceph: stdout }
2024-04-16T14:26:50.787 INFO:teuthology.orchestra.run.smithi005.stdout:/usr/bin/ceph: stderr
2024-04-16T14:26:44.613+0000 7fcf3b26b700 1 Processor -- start
