2024-04-16T14:26:24.724+0000 7efc02ffd700 1 --2- >> [v2:172.21.15.5:3300/0,v1:172.21.15.5:6789/0] conn(0x7efc04078c30 0x7efc04077230 unknown :-1 s=BANNER_CONNECTING pgs=0 cs=0 l=0 rev1=0 crypto rx=0 tx=0 comp rx=0 tx=0)._handle_peer_banner_payload supported=3 required=0
2024-04-16T14:26:27.594 INFO:teuthology.orchestra.run.smithi005.stdout:/usr/bin/ceph: stderr
2024-04-16T14:26:24.724+0000 7efc02ffd700 1 --2- >> [v2:172.21.15.5:3300/0,v1:172.21.15.5:6789/0] conn(0x7efc04078c30 0x7efc04077230 unknown :-1 s=HELLO_CONNECTING pgs=0 cs=0 l=0 rev1=1 crypto rx=0 tx=0 comp rx=0 tx=0).handle_hello peer v2:172.21.15.5:3300/0 says I am v2:172.21.15.5:38938/0 (socket says 172.21.15.5:38938)
2024-04-16T14:26:27.594 INFO:teuthology.orchestra.run.smithi005.stdout:/usr/bin/ceph: stderr
2024-04-16T14:26:24.724+0000 7efc02ffd700 1 -- 172.21.15.5:0/1003933570 learned_addr learned my addr 172.21.15.5:0/1003933570 (peer_addr_for_me v2:172.21.15.5:0/0)
2024-04-16T14:26:27.594 INFO:teuthology.orchestra.run.smithi005.stdout:/usr/bin/ceph: stderr
2024-04-16T14:26:24.724+0000 7efc02ffd700 1 -- 172.21.15.5:0/1003933570 --> [v2:172.21.15.5:3300/0,v1:172.21.15.5:6789/0] -- mon_subscribe({config=0+,monmap=0+}) v3 -- 0x7efc04077770 con 0x7efc04078c30
2024-04-16T14:26:27.594 INFO:teuthology.orchestra.run.smithi005.stdout:/usr/bin/ceph: stderr
2024-04-16T14:26:24.724+0000 7efc02ffd700 1 --2- 172.21.15.5:0/1003933570 >> [v2:172.21.15.5:3300/0,v1:172.21.15.5:6789/0] conn(0x7efc04078c30 0x7efc04077230 secure :-1 s=READY pgs=43 cs=0 l=1 rev1=1 crypto rx=0x7efbf40098e0 tx=0x7efbf4009250 comp rx=0 tx=0).ready entity=mon.0 client_cookie=a2fca688e642b154 server_cookie=0 in_seq=0 out_seq=0
2024-04-16T14:26:27.594 INFO:teuthology.orchestra.run.smithi005.stdout:/usr/bin/ceph: stderr
2024-04-16T14:26:24.725+0000 7efc01ffb700 1 -- 172.21.15.5:0/1003933570 <== mon.0 v2:172.21.15.5:3300/0 1 ==== mon_map magic: 0 v1 ==== 229+0+0 (secure 0 0 0) 0x7efbf400b860 con 0x7efc04078c30
2024-04-16T14:26:27.594 INFO:teuthology.orchestra.run.smithi005.stdout:/usr/bin/ceph: stderr
2024-04-16T14:26:24.725+0000 7efc01ffb700 1 -- 172.21.15.5:0/1003933570 <== mon.0 v2:172.21.15.5:3300/0 2 ==== config(27 keys) v1 ==== 1044+0+0 (secure 0 0 0) 0x7efbf400be50 con 0x7efc04078c30
2024-04-16T14:26:27.594 INFO:teuthology.orchestra.run.smithi005.stdout:/usr/bin/ceph: stderr
2024-04-16T14:26:24.725+0000 7efc01ffb700 1 -- 172.21.15.5:0/1003933570 <== mon.0 v2:172.21.15.5:3300/0 3 ==== mon_map magic: 0 v1 ==== 229+0+0 (secure 0 0 0) 0x7efbf4010380 con 0x7efc04078c30
2024-04-16T14:26:27.594 INFO:teuthology.orchestra.run.smithi005.stdout:/usr/bin/ceph: stderr
2024-04-16T14:26:24.725+0000 7efc09299700 1 -- 172.21.15.5:0/1003933570 >> [v2:172.21.15.5:3300/0,v1:172.21.15.5:6789/0] conn(0x7efc04078c30 msgr2=0x7efc04077230 secure :-1 s=STATE_CONNECTION_ESTABLISHED l=1).mark_down
2024-04-16T14:26:27.595 INFO:teuthology.orchestra.run.smithi005.stdout:/usr/bin/ceph: stderr
2024-04-16T14:26:24.725+0000 7efc09299700 1 --2- 172.21.15.5:0/1003933570 >> [v2:172.21.15.5:3300/0,v1:172.21.15.5:6789/0] conn(0x7efc04078c30 0x7efc04077230 secure :-1 s=READY pgs=43 cs=0 l=1 rev1=1 crypto rx=0x7efbf40098e0 tx=0x7efbf4009250 comp rx=0 tx=0).stop
2024-04-16T14:26:27.595 INFO:teuthology.orchestra.run.smithi005.stdout:/usr/bin/ceph: stderr
2024-04-16T14:26:24.725+0000 7efc09299700 1 -- 172.21.15.5:0/1003933570 shutdown_connections
2024-04-16T14:26:27.595 INFO:teuthology.orchestra.run.smithi005.stdout:/usr/bin/ceph: stderr
2024-04-16T14:26:24.725+0000 7efc09299700 1 --2- 172.21.15.5:0/1003933570 >> [v2:172.21.15.5:3300/0,v1:172.21.15.5:6789/0] conn(0x7efc04078c30 0x7efc04077230 unknown :-1 s=CLOSED pgs=43 cs=0 l=1 rev1=1 crypto rx=0 tx=0 comp rx=0 tx=0).stop
2024-04-16T14:26:27.595 INFO:teuthology.orchestra.run.smithi005.stdout:/usr/bin/ceph: stderr
2024-04-16T14:26:24.725+0000 7efc09299700 1 -- 172.21.15.5:0/1003933570 >> 172.21.15.5:0/1003933570 conn(0x7efc040fe0d0 msgr2=0x7efc041004e0 unknown :-1 s=STATE_NONE l=0).mark_down
2024-04-16T14:26:27.595 INFO:teuthology.orchestra.run.smithi005.stdout:/usr/bin/ceph: stderr
2024-04-16T14:26:24.725+0000 7efc09299700 1 -- 172.21.15.5:0/1003933570 shutdown_connections
2024-04-16T14:26:27.595 INFO:teuthology.orchestra.run.smithi005.stdout:/usr/bin/ceph: stderr
2024-04-16T14:26:24.725+0000 7efc09299700 1 -- 172.21.15.5:0/1003933570 wait complete.
2024-04-16T14:26:27.595 INFO:teuthology.orchestra.run.smithi005.stdout:/usr/bin/ceph: stderr
2024-04-16T14:26:24.726+0000 7efc09299700 1 Processor -- start
2024-04-16T14:26:27.595 INFO:teuthology.orchestra.run.smithi005.stdout:/usr/bin/ceph: stderr
2024-04-16T14:26:24.726+0000 7efc09299700 1 -- start start
2024-04-16T14:26:27.595 INFO:teuthology.orchestra.run.smithi005.stdout:/usr/bin/ceph: stderr
2024-04-16T14:26:24.726+0000 7efc09299700 1 --2- >> [v2:172.21.15.5:3300/0,v1:172.21.15.5:6789/0] conn(0x7efc04078c30 0x7efc04113a00 unknown :-1 s=NONE pgs=0 cs=0 l=1 rev1=0 crypto rx=0 tx=0 comp rx=0 tx=0).connect
2024-04-16T14:26:27.595 INFO:teuthology.orchestra.run.smithi005.stdout:/usr/bin/ceph: stderr
2024-04-16T14:26:24.726+0000 7efc09299700 1 -- --> [v2:172.21.15.5:3300/0,v1:172.21.15.5:6789/0] -- mon_getmap magic: 0 v1 -- 0x7efc04113f40 con 0x7efc04078c30
2024-04-16T14:26:27.595 INFO:teuthology.orchestra.run.smithi005.stdout:/usr/bin/ceph: stderr
2024-04-16T14:26:24.726+0000 7efc02ffd700 1 --2- >> [v2:172.21.15.5:3300/0,v1:172.21.15.5:6789/0] conn(0x7efc04078c30 0x7efc04113a00 unknown :-1 s=BANNER_CONNECTING pgs=0 cs=0 l=1 rev1=0 crypto rx=0 tx=0 comp rx=0 tx=0)._handle_peer_banner_payload supported=3 required=0
2024-04-16T14:26:27.595 INFO:teuthology.orchestra.run.smithi005.stdout:/usr/bin/ceph: stderr
2024-04-16T14:26:24.726+0000 7efc02ffd700 1 --2- >> [v2:172.21.15.5:3300/0,v1:172.21.15.5:6789/0] conn(0x7efc04078c30 0x7efc04113a00 unknown :-1 s=HELLO_CONNECTING pgs=0 cs=0 l=1 rev1=1 crypto rx=0 tx=0 comp rx=0 tx=0).handle_hello peer v2:172.21.15.5:3300/0 says I am v2:172.21.15.5:38940/0 (socket says 172.21.15.5:38940)
2024-04-16T14:26:27.595 INFO:teuthology.orchestra.run.smithi005.stdout:/usr/bin/ceph: stderr
2024-04-16T14:26:24.726+0000 7efc02ffd700 1 -- 172.21.15.5:0/667011432 learned_addr learned my addr 172.21.15.5:0/667011432 (peer_addr_for_me v2:172.21.15.5:0/0)
2024-04-16T14:26:27.595 INFO:teuthology.orchestra.run.smithi005.stdout:/usr/bin/ceph: stderr
2024-04-16T14:26:24.727+0000 7efc02ffd700 1 -- 172.21.15.5:0/667011432 --> [v2:172.21.15.5:3300/0,v1:172.21.15.5:6789/0] -- mon_subscribe({config=0+,monmap=0+}) v3 -- 0x7efbf40094f0 con 0x7efc04078c30
2024-04-16T14:26:27.596 INFO:teuthology.orchestra.run.smithi005.stdout:/usr/bin/ceph: stderr
2024-04-16T14:26:24.727+0000 7efc02ffd700 1 --2- 172.21.15.5:0/667011432 >> [v2:172.21.15.5:3300/0,v1:172.21.15.5:6789/0] conn(0x7efc04078c30 0x7efc04113a00 secure :-1 s=READY pgs=44 cs=0 l=1 rev1=1 crypto rx=0x7efbf4006d40 tx=0x7efbf4009250 comp rx=0 tx=0).ready entity=mon.0 client_cookie=0 server_cookie=0 in_seq=0 out_seq=0
2024-04-16T14:26:27.596 INFO:teuthology.orchestra.run.smithi005.stdout:/usr/bin/ceph: stderr
2024-04-16T14:26:24.727+0000 7efbeb7fe700 1 -- 172.21.15.5:0/667011432 <== mon.0 v2:172.21.15.5:3300/0 1 ==== mon_map magic: 0 v1 ==== 229+0+0 (secure 0 0 0) 0x7efbf40107c0 con 0x7efc04078c30
2024-04-16T14:26:27.596 INFO:teuthology.orchestra.run.smithi005.stdout:/usr/bin/ceph: stderr
2024-04-16T14:26:24.727+0000 7efbeb7fe700 1 -- 172.21.15.5:0/667011432 <== mon.0 v2:172.21.15.5:3300/0 2 ==== config(27 keys) v1 ==== 1044+0+0 (secure 0 0 0) 0x7efbf4010db0 con 0x7efc04078c30
2024-04-16T14:26:27.596 INFO:teuthology.orchestra.run.smithi005.stdout:/usr/bin/ceph: stderr
2024-04-16T14:26:24.727+0000 7efc09299700 1 -- 172.21.15.5:0/667011432 --> [v2:172.21.15.5:3300/0,v1:172.21.15.5:6789/0] -- mon_subscribe({mgrmap=0+}) v3 -- 0x7efc04114140 con 0x7efc04078c30
2024-04-16T14:26:27.596 INFO:teuthology.orchestra.run.smithi005.stdout:/usr/bin/ceph: stderr
2024-04-16T14:26:24.727+0000 7efbeb7fe700 1 -- 172.21.15.5:0/667011432 <== mon.0 v2:172.21.15.5:3300/0 3 ==== mon_map magic: 0 v1 ==== 229+0+0 (secure 0 0 0) 0x7efbf401ad40 con 0x7efc04078c30
2024-04-16T14:26:27.596 INFO:teuthology.orchestra.run.smithi005.stdout:/usr/bin/ceph: stderr
2024-04-16T14:26:24.727+0000 7efc09299700 1 -- 172.21.15.5:0/667011432 --> [v2:172.21.15.5:3300/0,v1:172.21.15.5:6789/0] -- mon_subscribe({osdmap=0}) v3 -- 0x7efc04114cb0 con 0x7efc04078c30
2024-04-16T14:26:27.596 INFO:teuthology.orchestra.run.smithi005.stdout:/usr/bin/ceph: stderr
2024-04-16T14:26:24.728+0000 7efbeb7fe700 1 -- 172.21.15.5:0/667011432 <== mon.0 v2:172.21.15.5:3300/0 4 ==== mgrmap(e 8) v1 ==== 43376+0+0 (secure 0 0 0) 0x7efbf4010920 con 0x7efc04078c30
2024-04-16T14:26:27.596 INFO:teuthology.orchestra.run.smithi005.stdout:/usr/bin/ceph: stderr
2024-04-16T14:26:24.728+0000 7efc09299700 1 -- 172.21.15.5:0/667011432 --> [v2:172.21.15.5:3300/0,v1:172.21.15.5:6789/0] -- mon_command({"prefix": "get_command_descriptions"} v 0) v1 -- 0x7efc0405f5f0 con 0x7efc04078c30
2024-04-16T14:26:27.596 INFO:teuthology.orchestra.run.smithi005.stdout:/usr/bin/ceph: stderr
2024-04-16T14:26:24.728+0000 7efbeb7fe700 1 --2- 172.21.15.5:0/667011432 >> [v2:172.21.15.5:6800/4088193218,v1:172.21.15.5:6801/4088193218] conn(0x7efbec036790 0x7efbec038c40 unknown :-1 s=NONE pgs=0 cs=0 l=1 rev1=0 crypto rx=0 tx=0 comp rx=0 tx=0).connect
2024-04-16T14:26:27.596 INFO:teuthology.orchestra.run.smithi005.stdout:/usr/bin/ceph: stderr
2024-04-16T14:26:24.728+0000 7efbeb7fe700 1 -- 172.21.15.5:0/667011432 <== mon.0 v2:172.21.15.5:3300/0 5 ==== osd_map(2..2 src has 1..2) v4 ==== 936+0+0 (secure 0 0 0) 0x7efbf4049fa0 con 0x7efc04078c30
2024-04-16T14:26:27.596 INFO:teuthology.orchestra.run.smithi005.stdout:/usr/bin/ceph: stderr
2024-04-16T14:26:24.728+0000 7efc027fc700 1 --2- 172.21.15.5:0/667011432 >> [v2:172.21.15.5:6800/4088193218,v1:172.21.15.5:6801/4088193218] conn(0x7efbec036790 0x7efbec038c40 unknown :-1 s=BANNER_CONNECTING pgs=0 cs=0 l=1 rev1=0 crypto rx=0 tx=0 comp rx=0 tx=0)._handle_peer_banner_payload supported=3 required=0
2024-04-16T14:26:27.596 INFO:teuthology.orchestra.run.smithi005.stdout:/usr/bin/ceph: stderr
2024-04-16T14:26:24.729+0000 7efc027fc700 1 --2- 172.21.15.5:0/667011432 >> [v2:172.21.15.5:6800/4088193218,v1:172.21.15.5:6801/4088193218] conn(0x7efbec036790 0x7efbec038c40 secure :-1 s=READY pgs=11 cs=0 l=1 rev1=1 crypto rx=0x7efbf8009990 tx=0x7efbf8006e40 comp rx=0 tx=0).ready entity=mgr.14118 client_cookie=0 server_cookie=0 in_seq=0 out_seq=0
2024-04-16T14:26:27.596 INFO:teuthology.orchestra.run.smithi005.stdout:/usr/bin/ceph: stderr
2024-04-16T14:26:24.733+0000 7efbeb7fe700 1 -- 172.21.15.5:0/667011432 <== mon.0 v2:172.21.15.5:3300/0 6 ==== mon_command_ack([{"prefix": "get_command_descriptions"}]=0 v0) v1 ==== 72+0+176702 (secure 0 0 0) 0x7efbf401a5f0 con 0x7efc04078c30
2024-04-16T14:26:27.596 INFO:teuthology.orchestra.run.smithi005.stdout:/usr/bin/ceph: stderr
2024-04-16T14:26:24.933+0000 7efc09299700 1 -- 172.21.15.5:0/667011432 --> [v2:172.21.15.5:6800/4088193218,v1:172.21.15.5:6801/4088193218] -- mgr_command(tid 0: {"prefix": "orch host add", "hostname": "smithi005", "addr": "172.21.15.5", "target": ["mon-mgr", ""]}) v1 -- 0x7efc040ff4d0 con 0x7efbec036790
2024-04-16T14:26:27.596 INFO:teuthology.orchestra.run.smithi005.stdout:/usr/bin/ceph: stderr
2024-04-16T14:26:27.020+0000 7efbeb7fe700 1 -- 172.21.15.5:0/667011432 <== mgr.14118 v2:172.21.15.5:6800/4088193218 1 ==== mgr_command_reply(tid 0: 0 ) v1 ==== 8+0+47 (secure 0 0 0) 0x7efc040ff4d0 con 0x7efbec036790
2024-04-16T14:26:27.597 INFO:teuthology.orchestra.run.smithi005.stdout:/usr/bin/ceph: stderr
2024-04-16T14:26:27.023+0000 7efc09299700 1 -- 172.21.15.5:0/667011432 >> [v2:172.21.15.5:6800/4088193218,v1:172.21.15.5:6801/4088193218] conn(0x7efbec036790 msgr2=0x7efbec038c40 secure :-1 s=STATE_CONNECTION_ESTABLISHED l=1).mark_down
2024-04-16T14:26:27.597 INFO:teuthology.orchestra.run.smithi005.stdout:/usr/bin/ceph: stderr
2024-04-16T14:26:27.023+0000 7efc09299700 1 --2- 172.21.15.5:0/667011432 >> [v2:172.21.15.5:6800/4088193218,v1:172.21.15.5:6801/4088193218] conn(0x7efbec036790 0x7efbec038c40 secure :-1 s=READY pgs=11 cs=0 l=1 rev1=1 crypto rx=0x7efbf8009990 tx=0x7efbf8006e40 comp rx=0 tx=0).stop
2024-04-16T14:26:27.597 INFO:teuthology.orchestra.run.smithi005.stdout:/usr/bin/ceph: stderr
2024-04-16T14:26:27.023+0000 7efc09299700 1 -- 172.21.15.5:0/667011432 >> [v2:172.21.15.5:3300/0,v1:172.21.15.5:6789/0] conn(0x7efc04078c30 msgr2=0x7efc04113a00 secure :-1 s=STATE_CONNECTION_ESTABLISHED l=1).mark_down
2024-04-16T14:26:27.597 INFO:teuthology.orchestra.run.smithi005.stdout:/usr/bin/ceph: stderr
2024-04-16T14:26:27.023+0000 7efc09299700 1 --2- 172.21.15.5:0/667011432 >> [v2:172.21.15.5:3300/0,v1:172.21.15.5:6789/0] conn(0x7efc04078c30 0x7efc04113a00 secure :-1 s=READY pgs=44 cs=0 l=1 rev1=1 crypto rx=0x7efbf4006d40 tx=0x7efbf4009250 comp rx=0 tx=0).stop
2024-04-16T14:26:27.597 INFO:teuthology.orchestra.run.smithi005.stdout:/usr/bin/ceph: stderr
2024-04-16T14:26:27.023+0000 7efc09299700 1 -- 172.21.15.5:0/667011432 shutdown_connections
2024-04-16T14:26:27.597 INFO:teuthology.orchestra.run.smithi005.stdout:/usr/bin/ceph: stderr
2024-04-16T14:26:27.023+0000 7efc09299700 1 --2- 172.21.15.5:0/667011432 >> [v2:172.21.15.5:6800/4088193218,v1:172.21.15.5:6801/4088193218] conn(0x7efbec036790 0x7efbec038c40 unknown :-1 s=CLOSED pgs=11 cs=0 l=1 rev1=1 crypto rx=0 tx=0 comp rx=0 tx=0).stop
2024-04-16T14:26:27.597 INFO:teuthology.orchestra.run.smithi005.stdout:/usr/bin/ceph: stderr
2024-04-16T14:26:27.023+0000 7efc09299700 1 --2- 172.21.15.5:0/667011432 >> [v2:172.21.15.5:3300/0,v1:172.21.15.5:6789/0] conn(0x7efc04078c30 0x7efc04113a00 unknown :-1 s=CLOSED pgs=44 cs=0 l=1 rev1=1 crypto rx=0 tx=0 comp rx=0 tx=0).stop
2024-04-16T14:26:27.597 INFO:teuthology.orchestra.run.smithi005.stdout:/usr/bin/ceph: stderr
2024-04-16T14:26:27.023+0000 7efc09299700 1 -- 172.21.15.5:0/667011432 >> 172.21.15.5:0/667011432 conn(0x7efc040fe0d0 msgr2=0x7efc040fece0 unknown :-1 s=STATE_NONE l=0).mark_down
2024-04-16T14:26:27.597 INFO:teuthology.orchestra.run.smithi005.stdout:/usr/bin/ceph: stderr
2024-04-16T14:26:27.023+0000 7efc09299700 1 -- 172.21.15.5:0/667011432 shutdown_connections
2024-04-16T14:26:27.597 INFO:teuthology.orchestra.run.smithi005.stdout:/usr/bin/ceph: stderr
2024-04-16T14:26:27.023+0000 7efc09299700 1 -- 172.21.15.5:0/667011432 wait complete.
2024-04-16T14:26:27.597 INFO:teuthology.orchestra.run.smithi005.stdout:Deploying mon service with default placement...
2024-04-16T14:26:28.223 INFO:journalctl@ceph.mon.smithi005.smithi005.stdout:Apr 16 14:26:28 smithi005 ceph-mon[28964]: from='mgr.14118 172.21.15.5:0/2800231664' entity='mgr.smithi005.ipwdkc'
2024-04-16T14:26:28.223 INFO:journalctl@ceph.mon.smithi005.smithi005.stdout:Apr 16 14:26:28 smithi005 ceph-mon[28964]: Added host smithi005
2024-04-16T14:26:28.224 INFO:journalctl@ceph.mon.smithi005.smithi005.stdout:Apr 16 14:26:28 smithi005 ceph-mon[28964]: from='mgr.14118 172.21.15.5:0/2800231664' entity='mgr.smithi005.ipwdkc' cmd=[{"prefix": "config dump", "format": "json"}]: dispatch
2024-04-16T14:26:29.558 INFO:journalctl@ceph.mon.smithi005.smithi005.stdout:Apr 16 14:26:29 smithi005 ceph-mon[28964]: from='client.14140 -' entity='client.admin' cmd=[{"prefix": "orch apply", "service_type": "mon", "target": ["mon-mgr", ""]}]: dispatch
2024-04-16T14:26:29.559 INFO:journalctl@ceph.mon.smithi005.smithi005.stdout:Apr 16 14:26:29 smithi005 ceph-mon[28964]: Saving service mon spec with placement count:5
2024-04-16T14:26:29.559 INFO:journalctl@ceph.mon.smithi005.smithi005.stdout:Apr 16 14:26:29 smithi005 ceph-mon[28964]: from='mgr.14118 172.21.15.5:0/2800231664' entity='mgr.smithi005.ipwdkc'
2024-04-16T14:26:29.559 INFO:journalctl@ceph.mon.smithi005.smithi005.stdout:Apr 16 14:26:29 smithi005 ceph-mon[28964]: from='mgr.14118 172.21.15.5:0/2800231664' entity='mgr.smithi005.ipwdkc'
2024-04-16T14:26:29.767 INFO:teuthology.orchestra.run.smithi005.stdout:/usr/bin/ceph: stdout Scheduled mon update...
2024-04-16T14:26:29.767 INFO:teuthology.orchestra.run.smithi005.stdout:/usr/bin/ceph: stderr
2024-04-16T14:26:28.067+0000 7f49b6834700 1 Processor -- start
2024-04-16T14:26:29.767 INFO:teuthology.orchestra.run.smithi005.stdout:/usr/bin/ceph: stderr
2024-04-16T14:26:28.067+0000 7f49b6834700 1 -- start start
2024-04-16T14:26:29.767 INFO:teuthology.orchestra.run.smithi005.stdout:/usr/bin/ceph: stderr
2024-04-16T14:26:28.068+0000 7f49b6834700 1 --2- >> [v2:172.21.15.5:3300/0,v1:172.21.15.5:6789/0] conn(0x7f49b0078b90 0x7f49b0077230 unknown :-1 s=NONE pgs=0 cs=0 l=0 rev1=0 crypto rx=0 tx=0 comp rx=0 tx=0).connect
2024-04-16T14:26:29.767 INFO:teuthology.orchestra.run.smithi005.stdout:/usr/bin/ceph: stderr
2024-04-16T14:26:28.068+0000 7f49b6834700 1 -- --> [v2:172.21.15.5:3300/0,v1:172.21.15.5:6789/0] -- mon_getmap magic: 0 v1 -- 0x7f49b0078fa0 con 0x7f49b0078b90
2024-04-16T14:26:29.767 INFO:teuthology.orchestra.run.smithi005.stdout:/usr/bin/ceph: stderr
2024-04-16T14:26:28.068+0000 7f49affff700 1 --2- >> [v2:172.21.15.5:3300/0,v1:172.21.15.5:6789/0] conn(0x7f49b0078b90 0x7f49b0077230 unknown :-1 s=BANNER_CONNECTING pgs=0 cs=0 l=0 rev1=0 crypto rx=0 tx=0 comp rx=0 tx=0)._handle_peer_banner_payload supported=3 required=0
2024-04-16T14:26:29.767 INFO:teuthology.orchestra.run.smithi005.stdout:/usr/bin/ceph: stderr
2024-04-16T14:26:28.068+0000 7f49affff700 1 --2- >> [v2:172.21.15.5:3300/0,v1:172.21.15.5:6789/0] conn(0x7f49b0078b90 0x7f49b0077230 unknown :-1 s=HELLO_CONNECTING pgs=0 cs=0 l=0 rev1=1 crypto rx=0 tx=0 comp rx=0 tx=0).handle_hello peer v2:172.21.15.5:3300/0 says I am v2:172.21.15.5:38956/0 (socket says 172.21.15.5:38956)
2024-04-16T14:26:29.767 INFO:teuthology.orchestra.run.smithi005.stdout:/usr/bin/ceph: stderr
2024-04-16T14:26:28.068+0000 7f49affff700 1 -- 172.21.15.5:0/1324914061 learned_addr learned my addr 172.21.15.5:0/1324914061 (peer_addr_for_me v2:172.21.15.5:0/0)
2024-04-16T14:26:29.767 INFO:teuthology.orchestra.run.smithi005.stdout:/usr/bin/ceph: stderr
2024-04-16T14:26:28.068+0000 7f49affff700 1 -- 172.21.15.5:0/1324914061 --> [v2:172.21.15.5:3300/0,v1:172.21.15.5:6789/0] -- mon_subscribe({config=0+,monmap=0+}) v3 -- 0x7f49b00790e0 con 0x7f49b0078b90
2024-04-16T14:26:29.768 INFO:teuthology.orchestra.run.smithi005.stdout:/usr/bin/ceph: stderr
2024-04-16T14:26:28.068+0000 7f49affff700 1 --2- 172.21.15.5:0/1324914061 >> [v2:172.21.15.5:3300/0,v1:172.21.15.5:6789/0] conn(0x7f49b0078b90 0x7f49b0077230 secure :-1 s=READY pgs=45 cs=0 l=1 rev1=1 crypto rx=0x7f49a00098e0 tx=0x7f49a0009250 comp rx=0 tx=0).ready entity=mon.0 client_cookie=b624ce637c435b49 server_cookie=0 in_seq=0 out_seq=0
2024-04-16T14:26:29.768 INFO:teuthology.orchestra.run.smithi005.stdout:/usr/bin/ceph: stderr
2024-04-16T14:26:28.069+0000 7f49af7fe700 1 -- 172.21.15.5:0/1324914061 <== mon.0 v2:172.21.15.5:3300/0 1 ==== mon_map magic: 0 v1 ==== 229+0+0 (secure 0 0 0) 0x7f49a000b8f0 con 0x7f49b0078b90
2024-04-16T14:26:29.768 INFO:teuthology.orchestra.run.smithi005.stdout:/usr/bin/ceph: stderr
2024-04-16T14:26:28.069+0000 7f49af7fe700 1 -- 172.21.15.5:0/1324914061 <== mon.0 v2:172.21.15.5:3300/0 2 ==== config(27 keys) v1 ==== 1044+0+0 (secure 0 0 0) 0x7f49a0011420 con 0x7f49b0078b90
2024-04-16T14:26:29.768 INFO:teuthology.orchestra.run.smithi005.stdout:/usr/bin/ceph: stderr
2024-04-16T14:26:28.069+0000 7f49af7fe700 1 -- 172.21.15.5:0/1324914061 <== mon.0 v2:172.21.15.5:3300/0 3 ==== mon_map magic: 0 v1 ==== 229+0+0 (secure 0 0 0) 0x7f49a0010540 con 0x7f49b0078b90
2024-04-16T14:26:29.768 INFO:teuthology.orchestra.run.smithi005.stdout:/usr/bin/ceph: stderr
2024-04-16T14:26:28.069+0000 7f49b6834700 1 -- 172.21.15.5:0/1324914061 >> [v2:172.21.15.5:3300/0,v1:172.21.15.5:6789/0] conn(0x7f49b0078b90 msgr2=0x7f49b0077230 secure :-1 s=STATE_CONNECTION_ESTABLISHED l=1).mark_down
2024-04-16T14:26:29.768 INFO:teuthology.orchestra.run.smithi005.stdout:/usr/bin/ceph: stderr
2024-04-16T14:26:28.069+0000 7f49b6834700 1 --2- 172.21.15.5:0/1324914061 >> [v2:172.21.15.5:3300/0,v1:172.21.15.5:6789/0] conn(0x7f49b0078b90 0x7f49b0077230 secure :-1 s=READY pgs=45 cs=0 l=1 rev1=1 crypto rx=0x7f49a00098e0 tx=0x7f49a0009250 comp rx=0 tx=0).stop
2024-04-16T14:26:29.768 INFO:teuthology.orchestra.run.smithi005.stdout:/usr/bin/ceph: stderr
2024-04-16T14:26:28.069+0000 7f49b6834700 1 -- 172.21.15.5:0/1324914061 shutdown_connections
2024-04-16T14:26:29.768 INFO:teuthology.orchestra.run.smithi005.stdout:/usr/bin/ceph: stderr
2024-04-16T14:26:28.069+0000 7f49b6834700 1 --2- 172.21.15.5:0/1324914061 >> [v2:172.21.15.5:3300/0,v1:172.21.15.5:6789/0] conn(0x7f49b0078b90 0x7f49b0077230 unknown :-1 s=CLOSED pgs=45 cs=0 l=1 rev1=1 crypto rx=0 tx=0 comp rx=0 tx=0).stop
2024-04-16T14:26:29.768 INFO:teuthology.orchestra.run.smithi005.stdout:/usr/bin/ceph: stderr
2024-04-16T14:26:28.069+0000 7f49b6834700 1 -- 172.21.15.5:0/1324914061 >> 172.21.15.5:0/1324914061 conn(0x7f49b00fe120 msgr2=0x7f49b0100550 unknown :-1 s=STATE_NONE l=0).mark_down
2024-04-16T14:26:29.768 INFO:teuthology.orchestra.run.smithi005.stdout:/usr/bin/ceph: stderr
2024-04-16T14:26:28.069+0000 7f49b6834700 1 -- 172.21.15.5:0/1324914061 shutdown_connections
2024-04-16T14:26:29.768 INFO:teuthology.orchestra.run.smithi005.stdout:/usr/bin/ceph: stderr
2024-04-16T14:26:28.069+0000 7f49b6834700 1 -- 172.21.15.5:0/1324914061 wait complete.
2024-04-16T14:26:29.768 INFO:teuthology.orchestra.run.smithi005.stdout:/usr/bin/ceph: stderr
2024-04-16T14:26:28.070+0000 7f49b6834700 1 Processor -- start
2024-04-16T14:26:29.768 INFO:teuthology.orchestra.run.smithi005.stdout:/usr/bin/ceph: stderr
2024-04-16T14:26:28.070+0000 7f49b6834700 1 -- start start
2024-04-16T14:26:29.768 INFO:teuthology.orchestra.run.smithi005.stdout:/usr/bin/ceph: stderr
2024-04-16T14:26:28.070+0000 7f49b6834700 1 --2- >> [v2:172.21.15.5:3300/0,v1:172.21.15.5:6789/0] conn(0x7f49b0078b90 0x7f49b0113940 unknown :-1 s=NONE pgs=0 cs=0 l=1 rev1=0 crypto rx=0 tx=0 comp rx=0 tx=0).connect
2024-04-16T14:26:29.769 INFO:teuthology.orchestra.run.smithi005.stdout:/usr/bin/ceph: stderr
2024-04-16T14:26:28.070+0000 7f49b6834700 1 -- --> [v2:172.21.15.5:3300/0,v1:172.21.15.5:6789/0] -- mon_getmap magic: 0 v1 -- 0x7f49b0113e80 con 0x7f49b0078b90
2024-04-16T14:26:29.769 INFO:teuthology.orchestra.run.smithi005.stdout:/usr/bin/ceph: stderr
2024-04-16T14:26:28.070+0000 7f49affff700 1 --2- >> [v2:172.21.15.5:3300/0,v1:172.21.15.5:6789/0] conn(0x7f49b0078b90 0x7f49b0113940 unknown :-1 s=BANNER_CONNECTING pgs=0 cs=0 l=1 rev1=0 crypto rx=0 tx=0 comp rx=0 tx=0)._handle_peer_banner_payload supported=3 required=0
2024-04-16T14:26:29.769 INFO:teuthology.orchestra.run.smithi005.stdout:/usr/bin/ceph: stderr
2024-04-16T14:26:28.070+0000 7f49affff700 1 --2- >> [v2:172.21.15.5:3300/0,v1:172.21.15.5:6789/0] conn(0x7f49b0078b90 0x7f49b0113940 unknown :-1 s=HELLO_CONNECTING pgs=0 cs=0 l=1 rev1=1 crypto rx=0 tx=0 comp rx=0 tx=0).handle_hello peer v2:172.21.15.5:3300/0 says I am v2:172.21.15.5:38970/0 (socket says 172.21.15.5:38970)
2024-04-16T14:26:29.769 INFO:teuthology.orchestra.run.smithi005.stdout:/usr/bin/ceph: stderr
2024-04-16T14:26:28.070+0000 7f49affff700 1 -- 172.21.15.5:0/3055508523 learned_addr learned my addr 172.21.15.5:0/3055508523 (peer_addr_for_me v2:172.21.15.5:0/0)
2024-04-16T14:26:29.769 INFO:teuthology.orchestra.run.smithi005.stdout:/usr/bin/ceph: stderr
2024-04-16T14:26:28.071+0000 7f49affff700 1 -- 172.21.15.5:0/3055508523 --> [v2:172.21.15.5:3300/0,v1:172.21.15.5:6789/0] -- mon_subscribe({config=0+,monmap=0+}) v3 -- 0x7f49a00094f0 con 0x7f49b0078b90
2024-04-16T14:26:29.769 INFO:teuthology.orchestra.run.smithi005.stdout:/usr/bin/ceph: stderr
2024-04-16T14:26:28.071+0000 7f49affff700 1 --2- 172.21.15.5:0/3055508523 >> [v2:172.21.15.5:3300/0,v1:172.21.15.5:6789/0] conn(0x7f49b0078b90 0x7f49b0113940 secure :-1 s=READY pgs=46 cs=0 l=1 rev1=1 crypto rx=0x7f49a0000c00 tx=0x7f49a0009250 comp rx=0 tx=0).ready entity=mon.0 client_cookie=0 server_cookie=0 in_seq=0 out_seq=0
2024-04-16T14:26:29.769 INFO:teuthology.orchestra.run.smithi005.stdout:/usr/bin/ceph: stderr
2024-04-16T14:26:28.071+0000 7f49ad7fa700 1 -- 172.21.15.5:0/3055508523 <== mon.0 v2:172.21.15.5:3300/0 1 ==== mon_map magic: 0 v1 ==== 229+0+0 (secure 0 0 0) 0x7f49a00107b0 con 0x7f49b0078b90
2024-04-16T14:26:29.769 INFO:teuthology.orchestra.run.smithi005.stdout:/usr/bin/ceph: stderr
2024-04-16T14:26:28.071+0000 7f49ad7fa700 1 -- 172.21.15.5:0/3055508523 <== mon.0 v2:172.21.15.5:3300/0 2 ==== config(27 keys) v1 ==== 1044+0+0 (secure 0 0 0) 0x7f49a0010da0 con 0x7f49b0078b90
2024-04-16T14:26:29.769 INFO:teuthology.orchestra.run.smithi005.stdout:/usr/bin/ceph: stderr
2024-04-16T14:26:28.071+0000 7f49b6834700 1 -- 172.21.15.5:0/3055508523 --> [v2:172.21.15.5:3300/0,v1:172.21.15.5:6789/0] -- mon_subscribe({mgrmap=0+}) v3 -- 0x7f49b01140e0 con 0x7f49b0078b90
2024-04-16T14:26:29.769 INFO:teuthology.orchestra.run.smithi005.stdout:/usr/bin/ceph: stderr
2024-04-16T14:26:28.071+0000 7f49ad7fa700 1 -- 172.21.15.5:0/3055508523 <== mon.0 v2:172.21.15.5:3300/0 3 ==== mon_map magic: 0 v1 ==== 229+0+0 (secure 0 0 0) 0x7f49a001add0 con 0x7f49b0078b90
2024-04-16T14:26:29.769 INFO:teuthology.orchestra.run.smithi005.stdout:/usr/bin/ceph: stderr
2024-04-16T14:26:28.071+0000 7f49b6834700 1 -- 172.21.15.5:0/3055508523 --> [v2:172.21.15.5:3300/0,v1:172.21.15.5:6789/0] -- mon_subscribe({osdmap=0}) v3 -- 0x7f49b0114bf0 con 0x7f49b0078b90
2024-04-16T14:26:29.769 INFO:teuthology.orchestra.run.smithi005.stdout:/usr/bin/ceph: stderr
2024-04-16T14:26:28.072+0000 7f49ad7fa700 1 -- 172.21.15.5:0/3055508523 <== mon.0 v2:172.21.15.5:3300/0 4 ==== mgrmap(e 8) v1 ==== 43376+0+0 (secure 0 0 0) 0x7f49a002e440 con 0x7f49b0078b90
2024-04-16T14:26:29.769 INFO:teuthology.orchestra.run.smithi005.stdout:/usr/bin/ceph: stderr
2024-04-16T14:26:28.072+0000 7f49b6834700 1 -- 172.21.15.5:0/3055508523 --> [v2:172.21.15.5:3300/0,v1:172.21.15.5:6789/0] -- mon_command({"prefix": "get_command_descriptions"} v 0) v1 -- 0x7f49b005f5f0 con 0x7f49b0078b90
2024-04-16T14:26:29.769 INFO:teuthology.orchestra.run.smithi005.stdout:/usr/bin/ceph: stderr
2024-04-16T14:26:28.072+0000 7f49ad7fa700 1 --2- 172.21.15.5:0/3055508523 >> [v2:172.21.15.5:6800/4088193218,v1:172.21.15.5:6801/4088193218] conn(0x7f499c036790 0x7f499c038c40 unknown :-1 s=NONE pgs=0 cs=0 l=1 rev1=0 crypto rx=0 tx=0 comp rx=0 tx=0).connect
2024-04-16T14:26:29.770 INFO:teuthology.orchestra.run.smithi005.stdout:/usr/bin/ceph: stderr
2024-04-16T14:26:28.072+0000 7f49ad7fa700 1 -- 172.21.15.5:0/3055508523 <== mon.0 v2:172.21.15.5:3300/0 5 ==== osd_map(2..2 src has 1..2) v4 ==== 936+0+0 (secure 0 0 0) 0x7f49a004ac20 con 0x7f49b0078b90
2024-04-16T14:26:29.770 INFO:teuthology.orchestra.run.smithi005.stdout:/usr/bin/ceph: stderr
2024-04-16T14:26:28.072+0000 7f49a7fff700 1 --2- 172.21.15.5:0/3055508523 >> [v2:172.21.15.5:6800/4088193218,v1:172.21.15.5:6801/4088193218] conn(0x7f499c036790 0x7f499c038c40 unknown :-1 s=BANNER_CONNECTING pgs=0 cs=0 l=1 rev1=0 crypto rx=0 tx=0 comp rx=0 tx=0)._handle_peer_banner_payload supported=3 required=0
2024-04-16T14:26:29.770 INFO:teuthology.orchestra.run.smithi005.stdout:/usr/bin/ceph: stderr
2024-04-16T14:26:28.073+0000 7f49a7fff700 1 --2- 172.21.15.5:0/3055508523 >> [v2:172.21.15.5:6800/4088193218,v1:172.21.15.5:6801/4088193218] conn(0x7f499c036790 0x7f499c038c40 secure :-1 s=READY pgs=12 cs=0 l=1 rev1=1 crypto rx=0x7f4998009990 tx=0x7f4998006e40 comp rx=0 tx=0).ready entity=mgr.14118 client_cookie=0 server_cookie=0 in_seq=0 out_seq=0
2024-04-16T14:26:29.770 INFO:teuthology.orchestra.run.smithi005.stdout:/usr/bin/ceph: stderr
2024-04-16T14:26:28.077+0000 7f49ad7fa700 1 -- 172.21.15.5:0/3055508523 <== mon.0 v2:172.21.15.5:3300/0 6 ==== mon_command_ack([{"prefix": "get_command_descriptions"}]=0 v0) v1 ==== 72+0+176702 (secure 0 0 0) 0x7f49a001a5c0 con 0x7f49b0078b90
2024-04-16T14:26:29.770 INFO:teuthology.orchestra.run.smithi005.stdout:/usr/bin/ceph: stderr
2024-04-16T14:26:28.313+0000 7f49b6834700 1 -- 172.21.15.5:0/3055508523 --> [v2:172.21.15.5:6800/4088193218,v1:172.21.15.5:6801/4088193218] -- mgr_command(tid 0: {"prefix": "orch apply", "service_type": "mon", "target": ["mon-mgr", ""]}) v1 -- 0x7f49b00ff5f0 con 0x7f499c036790
2024-04-16T14:26:29.770 INFO:teuthology.orchestra.run.smithi005.stdout:/usr/bin/ceph: stderr
2024-04-16T14:26:28.317+0000 7f49ad7fa700 1 -- 172.21.15.5:0/3055508523 <== mgr.14118 v2:172.21.15.5:6800/4088193218 1 ==== mgr_command_reply(tid 0: 0 ) v1 ==== 8+0+24 (secure 0 0 0) 0x7f49b00ff5f0 con 0x7f499c036790
2024-04-16T14:26:29.770 INFO:teuthology.orchestra.run.smithi005.stdout:/usr/bin/ceph: stderr
2024-04-16T14:26:28.319+0000 7f49b6834700 1 -- 172.21.15.5:0/3055508523 >> [v2:172.21.15.5:6800/4088193218,v1:172.21.15.5:6801/4088193218] conn(0x7f499c036790 msgr2=0x7f499c038c40 secure :-1 s=STATE_CONNECTION_ESTABLISHED l=1).mark_down
2024-04-16T14:26:29.770 INFO:teuthology.orchestra.run.smithi005.stdout:/usr/bin/ceph: stderr
2024-04-16T14:26:28.319+0000 7f49b6834700 1 --2- 172.21.15.5:0/3055508523 >> [v2:172.21.15.5:6800/4088193218,v1:172.21.15.5:6801/4088193218] conn(0x7f499c036790 0x7f499c038c40 secure :-1 s=READY pgs=12 cs=0 l=1 rev1=1 crypto rx=0x7f4998009990 tx=0x7f4998006e40 comp rx=0 tx=0).stop
2024-04-16T14:26:29.770 INFO:teuthology.orchestra.run.smithi005.stdout:/usr/bin/ceph: stderr
2024-04-16T14:26:28.319+0000 7f49b6834700 1 -- 172.21.15.5:0/3055508523 >> [v2:172.21.15.5:3300/0,v1:172.21.15.5:6789/0] conn(0x7f49b0078b90 msgr2=0x7f49b0113940 secure :-1 s=STATE_CONNECTION_ESTABLISHED l=1).mark_down
2024-04-16T14:26:29.770 INFO:teuthology.orchestra.run.smithi005.stdout:/usr/bin/ceph: stderr
2024-04-16T14:26:28.319+0000 7f49b6834700 1 --2- 172.21.15.5:0/3055508523 >> [v2:172.21.15.5:3300/0,v1:172.21.15.5:6789/0] conn(0x7f49b0078b90 0x7f49b0113940 secure :-1 s=READY pgs=46 cs=0 l=1 rev1=1 crypto rx=0x7f49a0000c00 tx=0x7f49a0009250 comp rx=0 tx=0).stop
2024-04-16T14:26:29.770 INFO:teuthology.orchestra.run.smithi005.stdout:/usr/bin/ceph: stderr
2024-04-16T14:26:28.319+0000 7f49b6834700 1 -- 172.21.15.5:0/3055508523 shutdown_connections
2024-04-16T14:26:29.771 INFO:teuthology.orchestra.run.smithi005.stdout:/usr/bin/ceph: stderr
2024-04-16T14:26:28.319+0000 7f49b6834700 1 --2- 172.21.15.5:0/3055508523 >> [v2:172.21.15.5:6800/4088193218,v1:172.21.15.5:6801/4088193218] conn(0x7f499c036790 0x7f499c038c40 unknown :-1 s=CLOSED pgs=12 cs=0 l=1 rev1=1 crypto rx=0 tx=0 comp rx=0 tx=0).stop
2024-04-16T14:26:29.771 INFO:teuthology.orchestra.run.smithi005.stdout:/usr/bin/ceph: stderr
2024-04-16T14:26:28.319+0000 7f49b6834700 1 --2- 172.21.15.5:0/3055508523 >> [v2:172.21.15.5:3300/0,v1:172.21.15.5:6789/0] conn(0x7f49b0078b90 0x7f49b0113940 unknown :-1 s=CLOSED pgs=46 cs=0 l=1 rev1=1 crypto rx=0 tx=0 comp rx=0 tx=0).stop
2024-04-16T14:26:29.771 INFO:teuthology.orchestra.run.smithi005.stdout:/usr/bin/ceph: stderr
2024-04-16T14:26:28.319+0000 7f49b6834700 1 -- 172.21.15.5:0/3055508523 >> 172.21.15.5:0/3055508523 conn(0x7f49b00fe120 msgr2=0x7f49b00fede0 unknown :-1 s=STATE_NONE l=0).mark_down
2024-04-16T14:26:29.771 INFO:teuthology.orchestra.run.smithi005.stdout:/usr/bin/ceph: stderr
2024-04-16T14:26:28.319+0000 7f49b6834700 1 -- 172.21.15.5:0/3055508523 shutdown_connections
2024-04-16T14:26:29.771 INFO:teuthology.orchestra.run.smithi005.stdout:/usr/bin/ceph: stderr
2024-04-16T14:26:28.319+0000 7f49b6834700 1 -- 172.21.15.5:0/3055508523 wait complete.
2024-04-16T14:26:29.771 INFO:teuthology.orchestra.run.smithi005.stdout:Deploying mgr service with default placement...
2024-04-16T14:26:31.192 INFO:journalctl@ceph.mon.smithi005.smithi005.stdout:Apr 16 14:26:30 smithi005 ceph-mon[28964]: from='mgr.14118 172.21.15.5:0/2800231664' entity='mgr.smithi005.ipwdkc'
2024-04-16T14:26:31.192 INFO:journalctl@ceph.mon.smithi005.smithi005.stdout:Apr 16 14:26:30 smithi005 ceph-mon[28964]: from='client.14142 -' entity='client.admin' cmd=[{"prefix": "orch apply", "service_type": "mgr", "target": ["mon-mgr", ""]}]: dispatch
2024-04-16T14:26:31.192 INFO:journalctl@ceph.mon.smithi005.smithi005.stdout:Apr 16 14:26:30 smithi005 ceph-mon[28964]: Saving service mgr spec with placement count:2
2024-04-16T14:26:31.192 INFO:journalctl@ceph.mon.smithi005.smithi005.stdout:Apr 16 14:26:30 smithi005 ceph-mon[28964]: from='mgr.14118 172.21.15.5:0/2800231664' entity='mgr.smithi005.ipwdkc'
2024-04-16T14:26:31.203 INFO:teuthology.orchestra.run.smithi005.stdout:/usr/bin/ceph: stdout Scheduled mgr update...
2024-04-16T14:26:31.204 INFO:teuthology.orchestra.run.smithi005.stdout:/usr/bin/ceph: stderr
2024-04-16T14:26:30.223+0000 7fc6da579700 1 Processor -- start
2024-04-16T14:26:31.204 INFO:teuthology.orchestra.run.smithi005.stdout:/usr/bin/ceph: stderr
2024-04-16T14:26:30.223+0000 7fc6da579700 1 -- start start
2024-04-16T14:26:31.204 INFO:teuthology.orchestra.run.smithi005.stdout:/usr/bin/ceph: stderr
2024-04-16T14:26:30.223+0000 7fc6da579700 1 --2- >> [v2:172.21.15.5:3300/0,v1:172.21.15.5:6789/0] conn(0x7fc6d4100d10 0x7fc6d4101120 unknown :-1 s=NONE pgs=0 cs=0 l=0 rev1=0 crypto rx=0 tx=0 comp rx=0 tx=0).connect
2024-04-16T14:26:31.204 INFO:teuthology.orchestra.run.smithi005.stdout:/usr/bin/ceph: stderr
2024-04-16T14:26:30.223+0000 7fc6da579700 1 -- --> [v2:172.21.15.5:3300/0,v1:172.21.15.5:6789/0] -- mon_getmap magic: 0 v1 -- 0x7fc6d4103b70 con 0x7fc6d4100d10
2024-04-16T14:26:31.204 INFO:teuthology.orchestra.run.smithi005.stdout:/usr/bin/ceph: stderr
2024-04-16T14:26:30.223+0000 7fc6d3fff700 1 --2- >> [v2:172.21.15.5:3300/0,v1:172.21.15.5:6789/0] conn(0x7fc6d4100d10 0x7fc6d4101120 unknown :-1 s=BANNER_CONNECTING pgs=0 cs=0 l=0 rev1=0 crypto rx=0 tx=0 comp rx=0 tx=0)._handle_peer_banner_payload supported=3 required=0
2024-04-16T14:26:31.204 INFO:teuthology.orchestra.run.smithi005.stdout:/usr/bin/ceph: stderr
2024-04-16T14:26:30.223+0000 7fc6d3fff700 1 --2- >> [v2:172.21.15.5:3300/0,v1:172.21.15.5:6789/0] conn(0x7fc6d4100d10 0x7fc6d4101120 unknown :-1 s=HELLO_CONNECTING pgs=0 cs=0 l=0 rev1=1 crypto rx=0 tx=0 comp rx=0 tx=0).handle_hello peer v2:172.21.15.5:3300/0 says I am v2:172.21.15.5:59804/0 (socket says 172.21.15.5:59804)
2024-04-16T14:26:31.204 INFO:teuthology.orchestra.run.smithi005.stdout:/usr/bin/ceph: stderr
2024-04-16T14:26:30.223+0000 7fc6d3fff700 1 -- 172.21.15.5:0/4262612871 learned_addr learned my addr 172.21.15.5:0/4262612871 (peer_addr_for_me v2:172.21.15.5:0/0)
2024-04-16T14:26:31.204 INFO:teuthology.orchestra.run.smithi005.stdout:/usr/bin/ceph: stderr
2024-04-16T14:26:30.224+0000 7fc6d3fff700 1 -- 172.21.15.5:0/4262612871 --> [v2:172.21.15.5:3300/0,v1:172.21.15.5:6789/0] -- mon_subscribe({config=0+,monmap=0+}) v3 -- 0x7fc6d4101660 con 0x7fc6d4100d10
2024-04-16T14:26:31.204 INFO:teuthology.orchestra.run.smithi005.stdout:/usr/bin/ceph: stderr
2024-04-16T14:26:30.224+0000 7fc6d3fff700 1 --2- 172.21.15.5:0/4262612871 >> [v2:172.21.15.5:3300/0,v1:172.21.15.5:6789/0] conn(0x7fc6d4100d10 0x7fc6d4101120 secure :-1 s=READY pgs=47 cs=0 l=1 rev1=1 crypto rx=0x7fc6c40098e0 tx=0x7fc6c4009250 comp rx=0 tx=0).ready entity=mon.0 client_cookie=26f88cbd73de528d server_cookie=0 in_seq=0 out_seq=0
2024-04-16T14:26:31.204 INFO:teuthology.orchestra.run.smithi005.stdout:/usr/bin/ceph: stderr
2024-04-16T14:26:30.224+0000 7fc6d2ffd700 1 -- 172.21.15.5:0/4262612871 <== mon.0 v2:172.21.15.5:3300/0 1 ==== mon_map magic: 0 v1 ==== 229+0+0 (secure 0 0 0) 0x7fc6c400b860 con 0x7fc6d4100d10
2024-04-16T14:26:31.205 INFO:teuthology.orchestra.run.smithi005.stdout:/usr/bin/ceph: stderr
2024-04-16T14:26:30.224+0000 7fc6d2ffd700 1 -- 172.21.15.5:0/4262612871 <== mon.0 v2:172.21.15.5:3300/0 2 ==== config(27 keys) v1 ==== 1109+0+0 (secure 0 0 0) 0x7fc6c400be90 con 0x7fc6d4100d10
2024-04-16T14:26:31.205 INFO:teuthology.orchestra.run.smithi005.stdout:/usr/bin/ceph: stderr
2024-04-16T14:26:30.224+0000 7fc6d2ffd700 1 -- 172.21.15.5:0/4262612871 <== mon.0 v2:172.21.15.5:3300/0 3 ==== mon_map magic: 0 v1 ==== 229+0+0 (secure 0 0 0) 0x7fc6c40103c0 con 0x7fc6d4100d10
2024-04-16T14:26:31.205 INFO:teuthology.orchestra.run.smithi005.stdout:/usr/bin/ceph: stderr
2024-04-16T14:26:30.225+0000 7fc6da579700 1 -- 172.21.15.5:0/4262612871 >> [v2:172.21.15.5:3300/0,v1:172.21.15.5:6789/0] conn(0x7fc6d4100d10 msgr2=0x7fc6d4101120 secure :-1 s=STATE_CONNECTION_ESTABLISHED l=1).mark_down
2024-04-16T14:26:31.205 INFO:teuthology.orchestra.run.smithi005.stdout:/usr/bin/ceph: stderr
2024-04-16T14:26:30.225+0000 7fc6da579700 1 --2- 172.21.15.5:0/4262612871 >> [v2:172.21.15.5:3300/0,v1:172.21.15.5:6789/0] conn(0x7fc6d4100d10 0x7fc6d4101120 secure :-1 s=READY pgs=47 cs=0 l=1 rev1=1 crypto rx=0x7fc6c40098e0 tx=0x7fc6c4009250 comp rx=0 tx=0).stop
2024-04-16T14:26:31.205 INFO:teuthology.orchestra.run.smithi005.stdout:/usr/bin/ceph: stderr
2024-04-16T14:26:30.225+0000 7fc6da579700 1 -- 172.21.15.5:0/4262612871 shutdown_connections
2024-04-16T14:26:31.205 INFO:teuthology.orchestra.run.smithi005.stdout:/usr/bin/ceph: stderr
2024-04-16T14:26:30.225+0000 7fc6da579700 1 --2- 172.21.15.5:0/4262612871 >> [v2:172.21.15.5:3300/0,v1:172.21.15.5:6789/0] conn(0x7fc6d4100d10 0x7fc6d4101120 unknown :-1 s=CLOSED pgs=47 cs=0 l=1 rev1=1 crypto rx=0 tx=0 comp rx=0 tx=0).stop
2024-04-16T14:26:31.205 INFO:teuthology.orchestra.run.smithi005.stdout:/usr/bin/ceph: stderr
2024-04-16T14:26:30.225+0000 7fc6da579700 1 -- 172.21.15.5:0/4262612871 >> 172.21.15.5:0/4262612871 conn(0x7fc6d40fc6f0 msgr2=0x7fc6d40feb20 unknown :-1 s=STATE_NONE l=0).mark_down
2024-04-16T14:26:31.205 INFO:teuthology.orchestra.run.smithi005.stdout:/usr/bin/ceph: stderr
2024-04-16T14:26:30.225+0000 7fc6da579700 1 -- 172.21.15.5:0/4262612871 shutdown_connections
2024-04-16T14:26:31.205 INFO:teuthology.orchestra.run.smithi005.stdout:/usr/bin/ceph: stderr
2024-04-16T14:26:30.225+0000 7fc6da579700 1 -- 172.21.15.5:0/4262612871 wait complete.
2024-04-16T14:26:31.205 INFO:teuthology.orchestra.run.smithi005.stdout:/usr/bin/ceph: stderr
2024-04-16T14:26:30.225+0000 7fc6da579700 1 Processor -- start
2024-04-16T14:26:31.205 INFO:teuthology.orchestra.run.smithi005.stdout:/usr/bin/ceph: stderr
2024-04-16T14:26:30.226+0000 7fc6da579700 1 -- start start
2024-04-16T14:26:31.205 INFO:teuthology.orchestra.run.smithi005.stdout:/usr/bin/ceph: stderr
2024-04-16T14:26:30.226+0000 7fc6da579700 1 --2- >> [v2:172.21.15.5:3300/0,v1:172.21.15.5:6789/0] conn(0x7fc6d4100d10 0x7fc6d41138c0 unknown :-1 s=NONE pgs=0 cs=0 l=1 rev1=0 crypto rx=0 tx=0 comp rx=0 tx=0).connect
2024-04-16T14:26:31.205 INFO:teuthology.orchestra.run.smithi005.stdout:/usr/bin/ceph: stderr
2024-04-16T14:26:30.226+0000 7fc6da579700 1 -- --> [v2:172.21.15.5:3300/0,v1:172.21.15.5:6789/0] -- mon_getmap magic: 0 v1 -- 0x7fc6d4113e00 con 0x7fc6d4100d10
2024-04-16T14:26:31.206 INFO:teuthology.orchestra.run.smithi005.stdout:/usr/bin/ceph: stderr
2024-04-16T14:26:30.226+0000 7fc6d3fff700 1 --2- >> [v2:172.21.15.5:3300/0,v1:172.21.15.5:6789/0] conn(0x7fc6d4100d10 0x7fc6d41138c0 unknown :-1 s=BANNER_CONNECTING pgs=0 cs=0 l=1 rev1=0 crypto rx=0 tx=0 comp rx=0 tx=0)._handle_peer_banner_payload supported=3 required=0
2024-04-16T14:26:31.206 INFO:teuthology.orchestra.run.smithi005.stdout:/usr/bin/ceph: stderr
2024-04-16T14:26:30.226+0000 7fc6d3fff700 1 --2- >> [v2:172.21.15.5:3300/0,v1:172.21.15.5:6789/0] conn(0x7fc6d4100d10 0x7fc6d41138c0 unknown :-1 s=HELLO_CONNECTING pgs=0 cs=0 l=1 rev1=1 crypto rx=0 tx=0 comp rx=0 tx=0).handle_hello peer v2:172.21.15.5:3300/0 says I am v2:172.21.15.5:59818/0 (socket says 172.21.15.5:59818)
2024-04-16T14:26:31.206 INFO:teuthology.orchestra.run.smithi005.stdout:/usr/bin/ceph: stderr
2024-04-16T14:26:30.226+0000 7fc6d3fff700 1 -- 172.21.15.5:0/3115077019 learned_addr learned my addr 172.21.15.5:0/3115077019 (peer_addr_for_me v2:172.21.15.5:0/0)
2024-04-16T14:26:31.206 INFO:teuthology.orchestra.run.smithi005.stdout:/usr/bin/ceph: stderr
2024-04-16T14:26:30.226+0000 7fc6d3fff700 1 -- 172.21.15.5:0/3115077019 --> [v2:172.21.15.5:3300/0,v1:172.21.15.5:6789/0] -- mon_subscribe({config=0+,monmap=0+}) v3 -- 0x7fc6c40094f0 con 0x7fc6d4100d10
2024-04-16T14:26:31.206 INFO:teuthology.orchestra.run.smithi005.stdout:/usr/bin/ceph: stderr
2024-04-16T14:26:30.226+0000 7fc6d3fff700 1 --2- 172.21.15.5:0/3115077019 >> [v2:172.21.15.5:3300/0,v1:172.21.15.5:6789/0] conn(0x7fc6d4100d10 0x7fc6d41138c0 secure :-1 s=READY pgs=48 cs=0 l=1 rev1=1 crypto rx=0x7fc6c4011680 tx=0x7fc6c4009250 comp rx=0 tx=0).ready entity=mon.0 client_cookie=0 server_cookie=0 in_seq=0 out_seq=0
2024-04-16T14:26:31.206 INFO:teuthology.orchestra.run.smithi005.stdout:/usr/bin/ceph: stderr
2024-04-16T14:26:30.227+0000 7fc6d0ff9700 1 -- 172.21.15.5:0/3115077019 <== mon.0 v2:172.21.15.5:3300/0 1 ==== mon_map magic: 0 v1 ==== 229+0+0 (secure 0 0 0) 0x7fc6c4010890 con 0x7fc6d4100d10
2024-04-16T14:26:31.206 INFO:teuthology.orchestra.run.smithi005.stdout:/usr/bin/ceph: stderr
2024-04-16T14:26:30.227+0000 7fc6d0ff9700 1 -- 172.21.15.5:0/3115077019 <== mon.0 v2:172.21.15.5:3300/0 2 ==== config(27 keys) v1 ==== 1109+0+0 (secure 0 0 0) 0x7fc6c4010ec0 con 0x7fc6d4100d10
2024-04-16T14:26:31.206 INFO:teuthology.orchestra.run.smithi005.stdout:/usr/bin/ceph: stderr
2024-04-16T14:26:30.227+0000 7fc6d0ff9700 1 -- 172.21.15.5:0/3115077019 <== mon.0 v2:172.21.15.5:3300/0 3 ==== mon_map magic: 0 v1 ==== 229+0+0 (secure 0 0 0) 0x7fc6c40243f0 con 0x7fc6d4100d10
2024-04-16T14:26:31.206 INFO:teuthology.orchestra.run.smithi005.stdout:/usr/bin/ceph: stderr
2024-04-16T14:26:30.227+0000 7fc6da579700 1 -- 172.21.15.5:0/3115077019 --> [v2:172.21.15.5:3300/0,v1:172.21.15.5:6789/0] -- mon_subscribe({mgrmap=0+}) v3 -- 0x7fc6d4114000 con 0x7fc6d4100d10
2024-04-16T14:26:31.206 INFO:teuthology.orchestra.run.smithi005.stdout:/usr/bin/ceph: stderr
2024-04-16T14:26:30.227+0000 7fc6da579700 1 -- 172.21.15.5:0/3115077019 --> [v2:172.21.15.5:3300/0,v1:172.21.15.5:6789/0] -- mon_subscribe({osdmap=0}) v3 -- 0x7fc6d4114b70 con 0x7fc6d4100d10
2024-04-16T14:26:31.206 INFO:teuthology.orchestra.run.smithi005.stdout:/usr/bin/ceph: stderr
2024-04-16T14:26:30.228+0000 7fc6d0ff9700 1 -- 172.21.15.5:0/3115077019 <== mon.0 v2:172.21.15.5:3300/0 4 ==== mgrmap(e 8) v1 ==== 43376+0+0 (secure 0 0 0) 0x7fc6c402d3f0 con 0x7fc6d4100d10
2024-04-16T14:26:31.206 INFO:teuthology.orchestra.run.smithi005.stdout:/usr/bin/ceph: stderr
2024-04-16T14:26:30.228+0000 7fc6d0ff9700 1 --2- 172.21.15.5:0/3115077019 >> [v2:172.21.15.5:6800/4088193218,v1:172.21.15.5:6801/4088193218] conn(0x7fc6bc036790 0x7fc6bc038c40 unknown :-1 s=NONE pgs=0 cs=0 l=1 rev1=0 crypto rx=0 tx=0 comp rx=0 tx=0).connect
2024-04-16T14:26:31.207 INFO:teuthology.orchestra.run.smithi005.stdout:/usr/bin/ceph: stderr
2024-04-16T14:26:30.228+0000 7fc6da579700 1 -- 172.21.15.5:0/3115077019 --> [v2:172.21.15.5:3300/0,v1:172.21.15.5:6789/0] -- mon_command({"prefix": "get_command_descriptions"} v 0) v1 -- 0x7fc6d405f5f0 con 0x7fc6d4100d10
2024-04-16T14:26:31.207 INFO:teuthology.orchestra.run.smithi005.stdout:/usr/bin/ceph: stderr
2024-04-16T14:26:30.228+0000 7fc6d0ff9700 1 -- 172.21.15.5:0/3115077019 <== mon.0 v2:172.21.15.5:3300/0 5 ==== osd_map(2..2 src has 1..2) v4 ==== 936+0+0 (secure 0 0 0) 0x7fc6c404a280 con 0x7fc6d4100d10
2024-04-16T14:26:31.207 INFO:teuthology.orchestra.run.smithi005.stdout:/usr/bin/ceph: stderr
2024-04-16T14:26:30.228+0000 7fc6d37fe700 1 --2- 172.21.15.5:0/3115077019 >> [v2:172.21.15.5:6800/4088193218,v1:172.21.15.5:6801/4088193218] conn(0x7fc6bc036790 0x7fc6bc038c40 unknown :-1 s=BANNER_CONNECTING pgs=0 cs=0 l=1 rev1=0 crypto rx=0 tx=0 comp rx=0 tx=0)._handle_peer_banner_payload supported=3 required=0
2024-04-16T14:26:31.207 INFO:teuthology.orchestra.run.smithi005.stdout:/usr/bin/ceph: stderr
2024-04-16T14:26:30.229+0000 7fc6d37fe700 1 --2- 172.21.15.5:0/3115077019 >> [v2:172.21.15.5:6800/4088193218,v1:172.21.15.5:6801/4088193218] conn(0x7fc6bc036790 0x7fc6bc038c40 secure :-1 s=READY pgs=13 cs=0 l=1 rev1=1 crypto rx=0x7fc6c8009990 tx=0x7fc6c8006e40 comp rx=0 tx=0).ready entity=mgr.14118 client_cookie=0 server_cookie=0 in_seq=0 out_seq=0
2024-04-16T14:26:31.207 INFO:teuthology.orchestra.run.smithi005.stdout:/usr/bin/ceph: stderr
2024-04-16T14:26:30.233+0000 7fc6d0ff9700 1 -- 172.21.15.5:0/3115077019 <== mon.0 v2:172.21.15.5:3300/0 6 ==== mon_command_ack([{"prefix": "get_command_descriptions"}]=0 v0) v1 ==== 72+0+176702 (secure 0 0 0) 0x7fc6c402b8e0 con 0x7fc6d4100d10
2024-04-16T14:26:31.207 INFO:teuthology.orchestra.run.smithi005.stdout:/usr/bin/ceph: stderr
2024-04-16T14:26:30.451+0000 7fc6da579700 1 -- 172.21.15.5:0/3115077019 --> [v2:172.21.15.5:6800/4088193218,v1:172.21.15.5:6801/4088193218] -- mgr_command(tid 0: {"prefix": "orch apply", "service_type": "mgr", "target": ["mon-mgr", ""]}) v1 -- 0x7fc6d40fd9f0 con 0x7fc6bc036790
2024-04-16T14:26:31.207 INFO:teuthology.orchestra.run.smithi005.stdout:/usr/bin/ceph: stderr
2024-04-16T14:26:30.455+0000 7fc6d0ff9700 1 -- 172.21.15.5:0/3115077019 <== mgr.14118 v2:172.21.15.5:6800/4088193218 1 ==== mgr_command_reply(tid 0: 0 ) v1 ==== 8+0+24 (secure 0 0 0) 0x7fc6d40fd9f0 con 0x7fc6bc036790
2024-04-16T14:26:31.207 INFO:teuthology.orchestra.run.smithi005.stdout:/usr/bin/ceph: stderr
2024-04-16T14:26:30.457+0000 7fc6da579700 1 -- 172.21.15.5:0/3115077019 >> [v2:172.21.15.5:6800/4088193218,v1:172.21.15.5:6801/4088193218] conn(0x7fc6bc036790 msgr2=0x7fc6bc038c40 secure :-1 s=STATE_CONNECTION_ESTABLISHED l=1).mark_down
2024-04-16T14:26:31.207 INFO:teuthology.orchestra.run.smithi005.stdout:/usr/bin/ceph: stderr
2024-04-16T14:26:30.457+0000 7fc6da579700 1 --2- 172.21.15.5:0/3115077019 >> [v2:172.21.15.5:6800/4088193218,v1:172.21.15.5:6801/4088193218] conn(0x7fc6bc036790 0x7fc6bc038c40 secure :-1 s=READY pgs=13 cs=0 l=1 rev1=1 crypto rx=0x7fc6c8009990 tx=0x7fc6c8006e40 comp rx=0 tx=0).stop
2024-04-16T14:26:31.207 INFO:teuthology.orchestra.run.smithi005.stdout:/usr/bin/ceph: stderr
2024-04-16T14:26:30.457+0000 7fc6da579700 1 -- 172.21.15.5:0/3115077019 >> [v2:172.21.15.5:3300/0,v1:172.21.15.5:6789/0] conn(0x7fc6d4100d10 msgr2=0x7fc6d41138c0 secure :-1 s=STATE_CONNECTION_ESTABLISHED l=1).mark_down
2024-04-16T14:26:31.207 INFO:teuthology.orchestra.run.smithi005.stdout:/usr/bin/ceph: stderr
2024-04-16T14:26:30.457+0000 7fc6da579700 1 --2- 172.21.15.5:0/3115077019 >> [v2:172.21.15.5:3300/0,v1:172.21.15.5:6789/0] conn(0x7fc6d4100d10 0x7fc6d41138c0 secure :-1 s=READY pgs=48 cs=0 l=1 rev1=1 crypto rx=0x7fc6c4011680 tx=0x7fc6c4009250 comp rx=0 tx=0).stop
2024-04-16T14:26:31.207 INFO:teuthology.orchestra.run.smithi005.stdout:/usr/bin/ceph: stderr
2024-04-16T14:26:30.457+0000 7fc6da579700 1 -- 172.21.15.5:0/3115077019 shutdown_connections
2024-04-16T14:26:31.208 INFO:teuthology.orchestra.run.smithi005.stdout:/usr/bin/ceph: stderr
2024-04-16T14:26:30.457+0000 7fc6da579700 1 --2- 172.21.15.5:0/3115077019 >> [v2:172.21.15.5:6800/4088193218,v1:172.21.15.5:6801/4088193218] conn(0x7fc6bc036790 0x7fc6bc038c40 unknown :-1 s=CLOSED pgs=13 cs=0 l=1 rev1=1 crypto rx=0 tx=0 comp rx=0 tx=0).stop
2024-04-16T14:26:31.208 INFO:teuthology.orchestra.run.smithi005.stdout:/usr/bin/ceph: stderr
2024-04-16T14:26:30.457+0000 7fc6da579700 1 --2- 172.21.15.5:0/3115077019 >> [v2:172.21.15.5:3300/0,v1:172.21.15.5:6789/0] conn(0x7fc6d4100d10 0x7fc6d41138c0 unknown :-1 s=CLOSED pgs=48 cs=0 l=1 rev1=1 crypto rx=0 tx=0 comp rx=0 tx=0).stop
2024-04-16T14:26:31.208 INFO:teuthology.orchestra.run.smithi005.stdout:/usr/bin/ceph: stderr
2024-04-16T14:26:30.457+0000 7fc6da579700 1 -- 172.21.15.5:0/3115077019 >> 172.21.15.5:0/3115077019 conn(0x7fc6d40fc6f0 msgr2=0x7fc6d40fd2a0 unknown :-1 s=STATE_NONE l=0).mark_down
2024-04-16T14:26:31.208 INFO:teuthology.orchestra.run.smithi005.stdout:/usr/bin/ceph: stderr
2024-04-16T14:26:30.457+0000 7fc6da579700 1 -- 172.21.15.5:0/3115077019 shutdown_connections
2024-04-16T14:26:31.208 INFO:teuthology.orchestra.run.smithi005.stdout:/usr/bin/ceph: stderr
2024-04-16T14:26:30.457+0000 7fc6da579700 1 -- 172.21.15.5:0/3115077019 wait complete.
2024-04-16T14:26:31.208 INFO:teuthology.orchestra.run.smithi005.stdout:Deploying crash service with default placement...
2024-04-16T14:26:32.516 INFO:teuthology.orchestra.run.smithi005.stdout:/usr/bin/ceph: stdout Scheduled crash update...
2024-04-16T14:26:32.517 INFO:teuthology.orchestra.run.smithi005.stdout:/usr/bin/ceph: stderr
2024-04-16T14:26:31.624+0000 7fbccd5d4700 1 Processor -- start
2024-04-16T14:26:32.517 INFO:teuthology.orchestra.run.smithi005.stdout:/usr/bin/ceph: stderr
2024-04-16T14:26:31.624+0000 7fbccd5d4700 1 -- start start
2024-04-16T14:26:32.517 INFO:teuthology.orchestra.run.smithi005.stdout:/usr/bin/ceph: stderr
2024-04-16T14:26:31.624+0000 7fbccd5d4700 1 --2- >> [v2:172.21.15.5:3300/0,v1:172.21.15.5:6789/0] conn(0x7fbcc8101de0 0x7fbcc81021f0 unknown :-1 s=NONE pgs=0 cs=0 l=0 rev1=0 crypto rx=0 tx=0 comp rx=0 tx=0).connect
2024-04-16T14:26:32.517 INFO:teuthology.orchestra.run.smithi005.stdout:/usr/bin/ceph: stderr
2024-04-16T14:26:31.624+0000 7fbccd5d4700 1 -- --> [v2:172.21.15.5:3300/0,v1:172.21.15.5:6789/0] -- mon_getmap magic: 0 v1 -- 0x7fbcc8102730 con 0x7fbcc8101de0
2024-04-16T14:26:32.517 INFO:teuthology.orchestra.run.smithi005.stdout:/usr/bin/ceph: stderr
2024-04-16T14:26:31.624+0000 7fbcc6ffd700 1 --2- >> [v2:172.21.15.5:3300/0,v1:172.21.15.5:6789/0] conn(0x7fbcc8101de0 0x7fbcc81021f0 unknown :-1 s=BANNER_CONNECTING pgs=0 cs=0 l=0 rev1=0 crypto rx=0 tx=0 comp rx=0 tx=0)._handle_peer_banner_payload supported=3 required=0
2024-04-16T14:26:32.517 INFO:teuthology.orchestra.run.smithi005.stdout:/usr/bin/ceph: stderr
2024-04-16T14:26:31.624+0000 7fbcc6ffd700 1 --2- >> [v2:172.21.15.5:3300/0,v1:172.21.15.5:6789/0] conn(0x7fbcc8101de0 0x7fbcc81021f0 unknown :-1 s=HELLO_CONNECTING pgs=0 cs=0 l=0 rev1=1 crypto rx=0 tx=0 comp rx=0 tx=0).handle_hello peer v2:172.21.15.5:3300/0 says I am v2:172.21.15.5:59820/0 (socket says 172.21.15.5:59820)
2024-04-16T14:26:32.517 INFO:teuthology.orchestra.run.smithi005.stdout:/usr/bin/ceph: stderr
2024-04-16T14:26:31.624+0000 7fbcc6ffd700 1 -- 172.21.15.5:0/1074599720 learned_addr learned my addr 172.21.15.5:0/1074599720 (peer_addr_for_me v2:172.21.15.5:0/0)
