2024-04-16T14:26:36.022+0000 7fba877fe700 1 -- 172.21.15.5:0/512194495 <== mon.0 v2:172.21.15.5:3300/0 1 ==== mon_map magic: 0 v1 ==== 229+0+0 (secure 0 0 0) 0x7fba7800b860 con 0x7fba881029c0
2024-04-16T14:26:37.094 INFO:teuthology.orchestra.run.smithi005.stdout:/usr/bin/ceph: stderr
2024-04-16T14:26:36.022+0000 7fba877fe700 1 -- 172.21.15.5:0/512194495 <== mon.0 v2:172.21.15.5:3300/0 2 ==== config(27 keys) v1 ==== 1109+0+0 (secure 0 0 0) 0x7fba7800be90 con 0x7fba881029c0
2024-04-16T14:26:37.094 INFO:teuthology.orchestra.run.smithi005.stdout:/usr/bin/ceph: stderr
2024-04-16T14:26:36.022+0000 7fba877fe700 1 -- 172.21.15.5:0/512194495 <== mon.0 v2:172.21.15.5:3300/0 3 ==== mon_map magic: 0 v1 ==== 229+0+0 (secure 0 0 0) 0x7fba780103c0 con 0x7fba881029c0
2024-04-16T14:26:37.094 INFO:teuthology.orchestra.run.smithi005.stdout:/usr/bin/ceph: stderr
2024-04-16T14:26:36.023+0000 7fba8e280700 1 -- 172.21.15.5:0/512194495 >> [v2:172.21.15.5:3300/0,v1:172.21.15.5:6789/0] conn(0x7fba881029c0 msgr2=0x7fba88102dd0 secure :-1 s=STATE_CONNECTION_ESTABLISHED l=1).mark_down
2024-04-16T14:26:37.094 INFO:teuthology.orchestra.run.smithi005.stdout:/usr/bin/ceph: stderr
2024-04-16T14:26:36.023+0000 7fba8e280700 1 --2- 172.21.15.5:0/512194495 >> [v2:172.21.15.5:3300/0,v1:172.21.15.5:6789/0] conn(0x7fba881029c0 0x7fba88102dd0 secure :-1 s=READY pgs=55 cs=0 l=1 rev1=1 crypto rx=0x7fba780098e0 tx=0x7fba78009250 comp rx=0 tx=0).stop
2024-04-16T14:26:37.094 INFO:teuthology.orchestra.run.smithi005.stdout:/usr/bin/ceph: stderr
2024-04-16T14:26:36.023+0000 7fba8e280700 1 -- 172.21.15.5:0/512194495 shutdown_connections
2024-04-16T14:26:37.094 INFO:teuthology.orchestra.run.smithi005.stdout:/usr/bin/ceph: stderr
2024-04-16T14:26:36.023+0000 7fba8e280700 1 --2- 172.21.15.5:0/512194495 >> [v2:172.21.15.5:3300/0,v1:172.21.15.5:6789/0] conn(0x7fba881029c0 0x7fba88102dd0 unknown :-1 s=CLOSED pgs=55 cs=0 l=1 rev1=1 crypto rx=0 tx=0 comp rx=0 tx=0).stop
2024-04-16T14:26:37.094 INFO:teuthology.orchestra.run.smithi005.stdout:/usr/bin/ceph: stderr
2024-04-16T14:26:36.023+0000 7fba8e280700 1 -- 172.21.15.5:0/512194495 >> 172.21.15.5:0/512194495 conn(0x7fba880fe0e0 msgr2=0x7fba88100510 unknown :-1 s=STATE_NONE l=0).mark_down
2024-04-16T14:26:37.094 INFO:teuthology.orchestra.run.smithi005.stdout:/usr/bin/ceph: stderr
2024-04-16T14:26:36.023+0000 7fba8e280700 1 -- 172.21.15.5:0/512194495 shutdown_connections
2024-04-16T14:26:37.094 INFO:teuthology.orchestra.run.smithi005.stdout:/usr/bin/ceph: stderr
2024-04-16T14:26:36.023+0000 7fba8e280700 1 -- 172.21.15.5:0/512194495 wait complete.
2024-04-16T14:26:37.094 INFO:teuthology.orchestra.run.smithi005.stdout:/usr/bin/ceph: stderr
2024-04-16T14:26:36.024+0000 7fba8e280700 1 Processor -- start
2024-04-16T14:26:37.094 INFO:teuthology.orchestra.run.smithi005.stdout:/usr/bin/ceph: stderr
2024-04-16T14:26:36.024+0000 7fba8e280700 1 -- start start
2024-04-16T14:26:37.094 INFO:teuthology.orchestra.run.smithi005.stdout:/usr/bin/ceph: stderr
2024-04-16T14:26:36.024+0000 7fba8e280700 1 --2- >> [v2:172.21.15.5:3300/0,v1:172.21.15.5:6789/0] conn(0x7fba881029c0 0x7fba881116d0 unknown :-1 s=NONE pgs=0 cs=0 l=1 rev1=0 crypto rx=0 tx=0 comp rx=0 tx=0).connect
2024-04-16T14:26:37.094 INFO:teuthology.orchestra.run.smithi005.stdout:/usr/bin/ceph: stderr
2024-04-16T14:26:36.024+0000 7fba8e280700 1 -- --> [v2:172.21.15.5:3300/0,v1:172.21.15.5:6789/0] -- mon_getmap magic: 0 v1 -- 0x7fba88111c10 con 0x7fba881029c0
2024-04-16T14:26:37.095 INFO:teuthology.orchestra.run.smithi005.stdout:/usr/bin/ceph: stderr
2024-04-16T14:26:36.024+0000 7fba87fff700 1 --2- >> [v2:172.21.15.5:3300/0,v1:172.21.15.5:6789/0] conn(0x7fba881029c0 0x7fba881116d0 unknown :-1 s=BANNER_CONNECTING pgs=0 cs=0 l=1 rev1=0 crypto rx=0 tx=0 comp rx=0 tx=0)._handle_peer_banner_payload supported=3 required=0
2024-04-16T14:26:37.095 INFO:teuthology.orchestra.run.smithi005.stdout:/usr/bin/ceph: stderr
2024-04-16T14:26:36.024+0000 7fba87fff700 1 --2- >> [v2:172.21.15.5:3300/0,v1:172.21.15.5:6789/0] conn(0x7fba881029c0 0x7fba881116d0 unknown :-1 s=HELLO_CONNECTING pgs=0 cs=0 l=1 rev1=1 crypto rx=0 tx=0 comp rx=0 tx=0).handle_hello peer v2:172.21.15.5:3300/0 says I am v2:172.21.15.5:59900/0 (socket says 172.21.15.5:59900)
2024-04-16T14:26:37.095 INFO:teuthology.orchestra.run.smithi005.stdout:/usr/bin/ceph: stderr
2024-04-16T14:26:36.024+0000 7fba87fff700 1 -- 172.21.15.5:0/1332619771 learned_addr learned my addr 172.21.15.5:0/1332619771 (peer_addr_for_me v2:172.21.15.5:0/0)
2024-04-16T14:26:37.095 INFO:teuthology.orchestra.run.smithi005.stdout:/usr/bin/ceph: stderr
2024-04-16T14:26:36.024+0000 7fba87fff700 1 -- 172.21.15.5:0/1332619771 --> [v2:172.21.15.5:3300/0,v1:172.21.15.5:6789/0] -- mon_subscribe({config=0+,monmap=0+}) v3 -- 0x7fba780094f0 con 0x7fba881029c0
2024-04-16T14:26:37.095 INFO:teuthology.orchestra.run.smithi005.stdout:/usr/bin/ceph: stderr
2024-04-16T14:26:36.024+0000 7fba87fff700 1 --2- 172.21.15.5:0/1332619771 >> [v2:172.21.15.5:3300/0,v1:172.21.15.5:6789/0] conn(0x7fba881029c0 0x7fba881116d0 secure :-1 s=READY pgs=56 cs=0 l=1 rev1=1 crypto rx=0x7fba78011680 tx=0x7fba78009250 comp rx=0 tx=0).ready entity=mon.0 client_cookie=0 server_cookie=0 in_seq=0 out_seq=0
2024-04-16T14:26:37.095 INFO:teuthology.orchestra.run.smithi005.stdout:/usr/bin/ceph: stderr
2024-04-16T14:26:36.025+0000 7fba857fa700 1 -- 172.21.15.5:0/1332619771 <== mon.0 v2:172.21.15.5:3300/0 1 ==== mon_map magic: 0 v1 ==== 229+0+0 (secure 0 0 0) 0x7fba78010890 con 0x7fba881029c0
2024-04-16T14:26:37.095 INFO:teuthology.orchestra.run.smithi005.stdout:/usr/bin/ceph: stderr
2024-04-16T14:26:36.025+0000 7fba857fa700 1 -- 172.21.15.5:0/1332619771 <== mon.0 v2:172.21.15.5:3300/0 2 ==== config(27 keys) v1 ==== 1109+0+0 (secure 0 0 0) 0x7fba78010ec0 con 0x7fba881029c0
2024-04-16T14:26:37.095 INFO:teuthology.orchestra.run.smithi005.stdout:/usr/bin/ceph: stderr
2024-04-16T14:26:36.025+0000 7fba8e280700 1 -- 172.21.15.5:0/1332619771 --> [v2:172.21.15.5:3300/0,v1:172.21.15.5:6789/0] -- mon_subscribe({mgrmap=0+}) v3 -- 0x7fba88111e10 con 0x7fba881029c0
2024-04-16T14:26:37.095 INFO:teuthology.orchestra.run.smithi005.stdout:/usr/bin/ceph: stderr
2024-04-16T14:26:36.025+0000 7fba857fa700 1 -- 172.21.15.5:0/1332619771 <== mon.0 v2:172.21.15.5:3300/0 3 ==== mon_map magic: 0 v1 ==== 229+0+0 (secure 0 0 0) 0x7fba780243f0 con 0x7fba881029c0
2024-04-16T14:26:37.095 INFO:teuthology.orchestra.run.smithi005.stdout:/usr/bin/ceph: stderr
2024-04-16T14:26:36.025+0000 7fba8e280700 1 -- 172.21.15.5:0/1332619771 --> [v2:172.21.15.5:3300/0,v1:172.21.15.5:6789/0] -- mon_subscribe({osdmap=0}) v3 -- 0x7fba88112980 con 0x7fba881029c0
2024-04-16T14:26:37.095 INFO:teuthology.orchestra.run.smithi005.stdout:/usr/bin/ceph: stderr
2024-04-16T14:26:36.026+0000 7fba8e280700 1 -- 172.21.15.5:0/1332619771 --> [v2:172.21.15.5:3300/0,v1:172.21.15.5:6789/0] -- mon_command({"prefix": "get_command_descriptions"} v 0) v1 -- 0x7fba8805f5f0 con 0x7fba881029c0
2024-04-16T14:26:37.095 INFO:teuthology.orchestra.run.smithi005.stdout:/usr/bin/ceph: stderr
2024-04-16T14:26:36.026+0000 7fba857fa700 1 -- 172.21.15.5:0/1332619771 <== mon.0 v2:172.21.15.5:3300/0 4 ==== mgrmap(e 8) v1 ==== 43376+0+0 (secure 0 0 0) 0x7fba780109f0 con 0x7fba881029c0
2024-04-16T14:26:37.095 INFO:teuthology.orchestra.run.smithi005.stdout:/usr/bin/ceph: stderr
2024-04-16T14:26:36.026+0000 7fba857fa700 1 --2- 172.21.15.5:0/1332619771 >> [v2:172.21.15.5:6800/4088193218,v1:172.21.15.5:6801/4088193218] conn(0x7fba74036790 0x7fba74038c40 unknown :-1 s=NONE pgs=0 cs=0 l=1 rev1=0 crypto rx=0 tx=0 comp rx=0 tx=0).connect
2024-04-16T14:26:37.095 INFO:teuthology.orchestra.run.smithi005.stdout:/usr/bin/ceph: stderr
2024-04-16T14:26:36.026+0000 7fba857fa700 1 -- 172.21.15.5:0/1332619771 <== mon.0 v2:172.21.15.5:3300/0 5 ==== osd_map(2..2 src has 1..2) v4 ==== 936+0+0 (secure 0 0 0) 0x7fba7804a210 con 0x7fba881029c0
2024-04-16T14:26:37.096 INFO:teuthology.orchestra.run.smithi005.stdout:/usr/bin/ceph: stderr
2024-04-16T14:26:36.026+0000 7fba7ffff700 1 --2- 172.21.15.5:0/1332619771 >> [v2:172.21.15.5:6800/4088193218,v1:172.21.15.5:6801/4088193218] conn(0x7fba74036790 0x7fba74038c40 unknown :-1 s=BANNER_CONNECTING pgs=0 cs=0 l=1 rev1=0 crypto rx=0 tx=0 comp rx=0 tx=0)._handle_peer_banner_payload supported=3 required=0
2024-04-16T14:26:37.096 INFO:teuthology.orchestra.run.smithi005.stdout:/usr/bin/ceph: stderr
2024-04-16T14:26:36.026+0000 7fba7ffff700 1 --2- 172.21.15.5:0/1332619771 >> [v2:172.21.15.5:6800/4088193218,v1:172.21.15.5:6801/4088193218] conn(0x7fba74036790 0x7fba74038c40 secure :-1 s=READY pgs=17 cs=0 l=1 rev1=1 crypto rx=0x7fba70009990 tx=0x7fba70006e40 comp rx=0 tx=0).ready entity=mgr.14118 client_cookie=0 server_cookie=0 in_seq=0 out_seq=0
2024-04-16T14:26:37.096 INFO:teuthology.orchestra.run.smithi005.stdout:/usr/bin/ceph: stderr
2024-04-16T14:26:36.031+0000 7fba857fa700 1 -- 172.21.15.5:0/1332619771 <== mon.0 v2:172.21.15.5:3300/0 6 ==== mon_command_ack([{"prefix": "get_command_descriptions"}]=0 v0) v1 ==== 72+0+176702 (secure 0 0 0) 0x7fba7802b8c0 con 0x7fba881029c0
2024-04-16T14:26:37.096 INFO:teuthology.orchestra.run.smithi005.stdout:/usr/bin/ceph: stderr
2024-04-16T14:26:36.243+0000 7fba8e280700 1 -- 172.21.15.5:0/1332619771 --> [v2:172.21.15.5:6800/4088193218,v1:172.21.15.5:6801/4088193218] -- mgr_command(tid 0: {"prefix": "orch apply", "service_type": "node-exporter", "target": ["mon-mgr", ""]}) v1 -- 0x7fba880ff300 con 0x7fba74036790
2024-04-16T14:26:37.096 INFO:teuthology.orchestra.run.smithi005.stdout:/usr/bin/ceph: stderr
2024-04-16T14:26:36.247+0000 7fba857fa700 1 -- 172.21.15.5:0/1332619771 <== mgr.14118 v2:172.21.15.5:6800/4088193218 1 ==== mgr_command_reply(tid 0: 0 ) v1 ==== 8+0+34 (secure 0 0 0) 0x7fba880ff300 con 0x7fba74036790
2024-04-16T14:26:37.096 INFO:teuthology.orchestra.run.smithi005.stdout:/usr/bin/ceph: stderr
2024-04-16T14:26:36.249+0000 7fba8e280700 1 -- 172.21.15.5:0/1332619771 >> [v2:172.21.15.5:6800/4088193218,v1:172.21.15.5:6801/4088193218] conn(0x7fba74036790 msgr2=0x7fba74038c40 secure :-1 s=STATE_CONNECTION_ESTABLISHED l=1).mark_down
2024-04-16T14:26:37.096 INFO:teuthology.orchestra.run.smithi005.stdout:/usr/bin/ceph: stderr
2024-04-16T14:26:36.249+0000 7fba8e280700 1 --2- 172.21.15.5:0/1332619771 >> [v2:172.21.15.5:6800/4088193218,v1:172.21.15.5:6801/4088193218] conn(0x7fba74036790 0x7fba74038c40 secure :-1 s=READY pgs=17 cs=0 l=1 rev1=1 crypto rx=0x7fba70009990 tx=0x7fba70006e40 comp rx=0 tx=0).stop
2024-04-16T14:26:37.096 INFO:teuthology.orchestra.run.smithi005.stdout:/usr/bin/ceph: stderr
2024-04-16T14:26:36.250+0000 7fba8e280700 1 -- 172.21.15.5:0/1332619771 >> [v2:172.21.15.5:3300/0,v1:172.21.15.5:6789/0] conn(0x7fba881029c0 msgr2=0x7fba881116d0 secure :-1 s=STATE_CONNECTION_ESTABLISHED l=1).mark_down
2024-04-16T14:26:37.096 INFO:teuthology.orchestra.run.smithi005.stdout:/usr/bin/ceph: stderr
2024-04-16T14:26:36.250+0000 7fba8e280700 1 --2- 172.21.15.5:0/1332619771 >> [v2:172.21.15.5:3300/0,v1:172.21.15.5:6789/0] conn(0x7fba881029c0 0x7fba881116d0 secure :-1 s=READY pgs=56 cs=0 l=1 rev1=1 crypto rx=0x7fba78011680 tx=0x7fba78009250 comp rx=0 tx=0).stop
2024-04-16T14:26:37.096 INFO:teuthology.orchestra.run.smithi005.stdout:/usr/bin/ceph: stderr
2024-04-16T14:26:36.250+0000 7fba8e280700 1 -- 172.21.15.5:0/1332619771 shutdown_connections
2024-04-16T14:26:37.096 INFO:teuthology.orchestra.run.smithi005.stdout:/usr/bin/ceph: stderr
2024-04-16T14:26:36.250+0000 7fba8e280700 1 --2- 172.21.15.5:0/1332619771 >> [v2:172.21.15.5:6800/4088193218,v1:172.21.15.5:6801/4088193218] conn(0x7fba74036790 0x7fba74038c40 unknown :-1 s=CLOSED pgs=17 cs=0 l=1 rev1=1 crypto rx=0 tx=0 comp rx=0 tx=0).stop
2024-04-16T14:26:37.096 INFO:teuthology.orchestra.run.smithi005.stdout:/usr/bin/ceph: stderr
2024-04-16T14:26:36.250+0000 7fba8e280700 1 --2- 172.21.15.5:0/1332619771 >> [v2:172.21.15.5:3300/0,v1:172.21.15.5:6789/0] conn(0x7fba881029c0 0x7fba881116d0 unknown :-1 s=CLOSED pgs=56 cs=0 l=1 rev1=1 crypto rx=0 tx=0 comp rx=0 tx=0).stop
2024-04-16T14:26:37.096 INFO:teuthology.orchestra.run.smithi005.stdout:/usr/bin/ceph: stderr
2024-04-16T14:26:36.250+0000 7fba8e280700 1 -- 172.21.15.5:0/1332619771 >> 172.21.15.5:0/1332619771 conn(0x7fba880fe0e0 msgr2=0x7fba880febf0 unknown :-1 s=STATE_NONE l=0).mark_down
2024-04-16T14:26:37.097 INFO:teuthology.orchestra.run.smithi005.stdout:/usr/bin/ceph: stderr
2024-04-16T14:26:36.250+0000 7fba8e280700 1 -- 172.21.15.5:0/1332619771 shutdown_connections
2024-04-16T14:26:37.097 INFO:teuthology.orchestra.run.smithi005.stdout:/usr/bin/ceph: stderr
2024-04-16T14:26:36.250+0000 7fba8e280700 1 -- 172.21.15.5:0/1332619771 wait complete.
2024-04-16T14:26:37.097 INFO:teuthology.orchestra.run.smithi005.stdout:Deploying alertmanager service with default placement...
2024-04-16T14:26:37.404 INFO:journalctl@ceph.mon.smithi005.smithi005.stdout:Apr 16 14:26:37 smithi005 ceph-mon[28964]: from='client.14150 -' entity='client.admin' cmd=[{"prefix": "orch apply", "service_type": "node-exporter", "target": ["mon-mgr", ""]}]: dispatch
2024-04-16T14:26:37.404 INFO:journalctl@ceph.mon.smithi005.smithi005.stdout:Apr 16 14:26:37 smithi005 ceph-mon[28964]: Saving service node-exporter spec with placement *
2024-04-16T14:26:37.404 INFO:journalctl@ceph.mon.smithi005.smithi005.stdout:Apr 16 14:26:37 smithi005 ceph-mon[28964]: from='mgr.14118 172.21.15.5:0/2800231664' entity='mgr.smithi005.ipwdkc'
2024-04-16T14:26:38.367 INFO:teuthology.orchestra.run.smithi005.stdout:/usr/bin/ceph: stdout Scheduled alertmanager update...
2024-04-16T14:26:38.367 INFO:teuthology.orchestra.run.smithi005.stdout:/usr/bin/ceph: stderr
2024-04-16T14:26:37.517+0000 7fc15f2e5700 1 Processor -- start
2024-04-16T14:26:38.367 INFO:teuthology.orchestra.run.smithi005.stdout:/usr/bin/ceph: stderr
2024-04-16T14:26:37.517+0000 7fc15f2e5700 1 -- start start
2024-04-16T14:26:38.367 INFO:teuthology.orchestra.run.smithi005.stdout:/usr/bin/ceph: stderr
2024-04-16T14:26:37.517+0000 7fc15f2e5700 1 --2- >> [v2:172.21.15.5:3300/0,v1:172.21.15.5:6789/0] conn(0x7fc158076c20 0x7fc1581054a0 unknown :-1 s=NONE pgs=0 cs=0 l=0 rev1=0 crypto rx=0 tx=0 comp rx=0 tx=0).connect
2024-04-16T14:26:38.367 INFO:teuthology.orchestra.run.smithi005.stdout:/usr/bin/ceph: stderr
2024-04-16T14:26:37.517+0000 7fc15f2e5700 1 -- --> [v2:172.21.15.5:3300/0,v1:172.21.15.5:6789/0] -- mon_getmap magic: 0 v1 -- 0x7fc1581059e0 con 0x7fc158076c20
2024-04-16T14:26:38.367 INFO:teuthology.orchestra.run.smithi005.stdout:/usr/bin/ceph: stderr
2024-04-16T14:26:37.517+0000 7fc15d081700 1 --2- >> [v2:172.21.15.5:3300/0,v1:172.21.15.5:6789/0] conn(0x7fc158076c20 0x7fc1581054a0 unknown :-1 s=BANNER_CONNECTING pgs=0 cs=0 l=0 rev1=0 crypto rx=0 tx=0 comp rx=0 tx=0)._handle_peer_banner_payload supported=3 required=0
2024-04-16T14:26:38.367 INFO:teuthology.orchestra.run.smithi005.stdout:/usr/bin/ceph: stderr
2024-04-16T14:26:37.518+0000 7fc15d081700 1 --2- >> [v2:172.21.15.5:3300/0,v1:172.21.15.5:6789/0] conn(0x7fc158076c20 0x7fc1581054a0 unknown :-1 s=HELLO_CONNECTING pgs=0 cs=0 l=0 rev1=1 crypto rx=0 tx=0 comp rx=0 tx=0).handle_hello peer v2:172.21.15.5:3300/0 says I am v2:172.21.15.5:59908/0 (socket says 172.21.15.5:59908)
2024-04-16T14:26:38.367 INFO:teuthology.orchestra.run.smithi005.stdout:/usr/bin/ceph: stderr
2024-04-16T14:26:37.518+0000 7fc15d081700 1 -- 172.21.15.5:0/1916411742 learned_addr learned my addr 172.21.15.5:0/1916411742 (peer_addr_for_me v2:172.21.15.5:0/0)
2024-04-16T14:26:38.367 INFO:teuthology.orchestra.run.smithi005.stdout:/usr/bin/ceph: stderr
2024-04-16T14:26:37.518+0000 7fc15d081700 1 -- 172.21.15.5:0/1916411742 --> [v2:172.21.15.5:3300/0,v1:172.21.15.5:6789/0] -- mon_subscribe({config=0+,monmap=0+}) v3 -- 0x7fc158105b20 con 0x7fc158076c20
2024-04-16T14:26:38.367 INFO:teuthology.orchestra.run.smithi005.stdout:/usr/bin/ceph: stderr
2024-04-16T14:26:37.518+0000 7fc15d081700 1 --2- 172.21.15.5:0/1916411742 >> [v2:172.21.15.5:3300/0,v1:172.21.15.5:6789/0] conn(0x7fc158076c20 0x7fc1581054a0 secure :-1 s=READY pgs=57 cs=0 l=1 rev1=1 crypto rx=0x7fc14c0098e0 tx=0x7fc14c009250 comp rx=0 tx=0).ready entity=mon.0 client_cookie=af49ae8d5fa4f3e server_cookie=0 in_seq=0 out_seq=0
2024-04-16T14:26:38.368 INFO:teuthology.orchestra.run.smithi005.stdout:/usr/bin/ceph: stderr
2024-04-16T14:26:37.518+0000 7fc14bfff700 1 -- 172.21.15.5:0/1916411742 <== mon.0 v2:172.21.15.5:3300/0 1 ==== mon_map magic: 0 v1 ==== 229+0+0 (secure 0 0 0) 0x7fc14c00b860 con 0x7fc158076c20
2024-04-16T14:26:38.368 INFO:teuthology.orchestra.run.smithi005.stdout:/usr/bin/ceph: stderr
2024-04-16T14:26:37.518+0000 7fc14bfff700 1 -- 172.21.15.5:0/1916411742 <== mon.0 v2:172.21.15.5:3300/0 2 ==== config(27 keys) v1 ==== 1109+0+0 (secure 0 0 0) 0x7fc14c00be90 con 0x7fc158076c20
2024-04-16T14:26:38.368 INFO:teuthology.orchestra.run.smithi005.stdout:/usr/bin/ceph: stderr
2024-04-16T14:26:37.518+0000 7fc14bfff700 1 -- 172.21.15.5:0/1916411742 <== mon.0 v2:172.21.15.5:3300/0 3 ==== mon_map magic: 0 v1 ==== 229+0+0 (secure 0 0 0) 0x7fc14c0103c0 con 0x7fc158076c20
2024-04-16T14:26:38.368 INFO:teuthology.orchestra.run.smithi005.stdout:/usr/bin/ceph: stderr
2024-04-16T14:26:37.519+0000 7fc15f2e5700 1 -- 172.21.15.5:0/1916411742 >> [v2:172.21.15.5:3300/0,v1:172.21.15.5:6789/0] conn(0x7fc158076c20 msgr2=0x7fc1581054a0 secure :-1 s=STATE_CONNECTION_ESTABLISHED l=1).mark_down
2024-04-16T14:26:38.368 INFO:teuthology.orchestra.run.smithi005.stdout:/usr/bin/ceph: stderr
2024-04-16T14:26:37.519+0000 7fc15f2e5700 1 --2- 172.21.15.5:0/1916411742 >> [v2:172.21.15.5:3300/0,v1:172.21.15.5:6789/0] conn(0x7fc158076c20 0x7fc1581054a0 secure :-1 s=READY pgs=57 cs=0 l=1 rev1=1 crypto rx=0x7fc14c0098e0 tx=0x7fc14c009250 comp rx=0 tx=0).stop
2024-04-16T14:26:38.368 INFO:teuthology.orchestra.run.smithi005.stdout:/usr/bin/ceph: stderr
2024-04-16T14:26:37.519+0000 7fc15f2e5700 1 -- 172.21.15.5:0/1916411742 shutdown_connections
2024-04-16T14:26:38.368 INFO:teuthology.orchestra.run.smithi005.stdout:/usr/bin/ceph: stderr
2024-04-16T14:26:37.519+0000 7fc15f2e5700 1 --2- 172.21.15.5:0/1916411742 >> [v2:172.21.15.5:3300/0,v1:172.21.15.5:6789/0] conn(0x7fc158076c20 0x7fc1581054a0 unknown :-1 s=CLOSED pgs=57 cs=0 l=1 rev1=1 crypto rx=0 tx=0 comp rx=0 tx=0).stop
2024-04-16T14:26:38.368 INFO:teuthology.orchestra.run.smithi005.stdout:/usr/bin/ceph: stderr
2024-04-16T14:26:37.519+0000 7fc15f2e5700 1 -- 172.21.15.5:0/1916411742 >> 172.21.15.5:0/1916411742 conn(0x7fc1580fcfd0 msgr2=0x7fc1580ff3e0 unknown :-1 s=STATE_NONE l=0).mark_down
2024-04-16T14:26:38.368 INFO:teuthology.orchestra.run.smithi005.stdout:/usr/bin/ceph: stderr
2024-04-16T14:26:37.519+0000 7fc15f2e5700 1 -- 172.21.15.5:0/1916411742 shutdown_connections
2024-04-16T14:26:38.368 INFO:teuthology.orchestra.run.smithi005.stdout:/usr/bin/ceph: stderr
2024-04-16T14:26:37.519+0000 7fc15f2e5700 1 -- 172.21.15.5:0/1916411742 wait complete.
2024-04-16T14:26:38.368 INFO:teuthology.orchestra.run.smithi005.stdout:/usr/bin/ceph: stderr
2024-04-16T14:26:37.520+0000 7fc15f2e5700 1 Processor -- start
2024-04-16T14:26:38.368 INFO:teuthology.orchestra.run.smithi005.stdout:/usr/bin/ceph: stderr
2024-04-16T14:26:37.520+0000 7fc15f2e5700 1 -- start start
2024-04-16T14:26:38.369 INFO:teuthology.orchestra.run.smithi005.stdout:/usr/bin/ceph: stderr
2024-04-16T14:26:37.520+0000 7fc15f2e5700 1 --2- >> [v2:172.21.15.5:3300/0,v1:172.21.15.5:6789/0] conn(0x7fc158076c20 0x7fc158102df0 unknown :-1 s=NONE pgs=0 cs=0 l=1 rev1=0 crypto rx=0 tx=0 comp rx=0 tx=0).connect
2024-04-16T14:26:38.369 INFO:teuthology.orchestra.run.smithi005.stdout:/usr/bin/ceph: stderr
2024-04-16T14:26:37.520+0000 7fc15f2e5700 1 -- --> [v2:172.21.15.5:3300/0,v1:172.21.15.5:6789/0] -- mon_getmap magic: 0 v1 -- 0x7fc158103330 con 0x7fc158076c20
2024-04-16T14:26:38.369 INFO:teuthology.orchestra.run.smithi005.stdout:/usr/bin/ceph: stderr
2024-04-16T14:26:37.520+0000 7fc15d081700 1 --2- >> [v2:172.21.15.5:3300/0,v1:172.21.15.5:6789/0] conn(0x7fc158076c20 0x7fc158102df0 unknown :-1 s=BANNER_CONNECTING pgs=0 cs=0 l=1 rev1=0 crypto rx=0 tx=0 comp rx=0 tx=0)._handle_peer_banner_payload supported=3 required=0
2024-04-16T14:26:38.369 INFO:teuthology.orchestra.run.smithi005.stdout:/usr/bin/ceph: stderr
2024-04-16T14:26:37.520+0000 7fc15d081700 1 --2- >> [v2:172.21.15.5:3300/0,v1:172.21.15.5:6789/0] conn(0x7fc158076c20 0x7fc158102df0 unknown :-1 s=HELLO_CONNECTING pgs=0 cs=0 l=1 rev1=1 crypto rx=0 tx=0 comp rx=0 tx=0).handle_hello peer v2:172.21.15.5:3300/0 says I am v2:172.21.15.5:59920/0 (socket says 172.21.15.5:59920)
2024-04-16T14:26:38.369 INFO:teuthology.orchestra.run.smithi005.stdout:/usr/bin/ceph: stderr
2024-04-16T14:26:37.520+0000 7fc15d081700 1 -- 172.21.15.5:0/3088457425 learned_addr learned my addr 172.21.15.5:0/3088457425 (peer_addr_for_me v2:172.21.15.5:0/0)
2024-04-16T14:26:38.369 INFO:teuthology.orchestra.run.smithi005.stdout:/usr/bin/ceph: stderr
2024-04-16T14:26:37.520+0000 7fc15d081700 1 -- 172.21.15.5:0/3088457425 --> [v2:172.21.15.5:3300/0,v1:172.21.15.5:6789/0] -- mon_subscribe({config=0+,monmap=0+}) v3 -- 0x7fc14c0094f0 con 0x7fc158076c20
2024-04-16T14:26:38.369 INFO:teuthology.orchestra.run.smithi005.stdout:/usr/bin/ceph: stderr
2024-04-16T14:26:37.520+0000 7fc15d081700 1 --2- 172.21.15.5:0/3088457425 >> [v2:172.21.15.5:3300/0,v1:172.21.15.5:6789/0] conn(0x7fc158076c20 0x7fc158102df0 secure :-1 s=READY pgs=58 cs=0 l=1 rev1=1 crypto rx=0x7fc14c0105b0 tx=0x7fc14c009250 comp rx=0 tx=0).ready entity=mon.0 client_cookie=0 server_cookie=0 in_seq=0 out_seq=0
2024-04-16T14:26:38.369 INFO:teuthology.orchestra.run.smithi005.stdout:/usr/bin/ceph: stderr
2024-04-16T14:26:37.520+0000 7fc149ffb700 1 -- 172.21.15.5:0/3088457425 <== mon.0 v2:172.21.15.5:3300/0 1 ==== mon_map magic: 0 v1 ==== 229+0+0 (secure 0 0 0) 0x7fc14c010840 con 0x7fc158076c20
2024-04-16T14:26:38.369 INFO:teuthology.orchestra.run.smithi005.stdout:/usr/bin/ceph: stderr
2024-04-16T14:26:37.520+0000 7fc149ffb700 1 -- 172.21.15.5:0/3088457425 <== mon.0 v2:172.21.15.5:3300/0 2 ==== config(27 keys) v1 ==== 1109+0+0 (secure 0 0 0) 0x7fc14c010e70 con 0x7fc158076c20
2024-04-16T14:26:38.369 INFO:teuthology.orchestra.run.smithi005.stdout:/usr/bin/ceph: stderr
2024-04-16T14:26:37.520+0000 7fc15f2e5700 1 -- 172.21.15.5:0/3088457425 --> [v2:172.21.15.5:3300/0,v1:172.21.15.5:6789/0] -- mon_subscribe({mgrmap=0+}) v3 -- 0x7fc1581013a0 con 0x7fc158076c20
2024-04-16T14:26:38.369 INFO:teuthology.orchestra.run.smithi005.stdout:/usr/bin/ceph: stderr
2024-04-16T14:26:37.521+0000 7fc149ffb700 1 -- 172.21.15.5:0/3088457425 <== mon.0 v2:172.21.15.5:3300/0 3 ==== mon_map magic: 0 v1 ==== 229+0+0 (secure 0 0 0) 0x7fc14c01ae30 con 0x7fc158076c20
2024-04-16T14:26:38.369 INFO:teuthology.orchestra.run.smithi005.stdout:/usr/bin/ceph: stderr
2024-04-16T14:26:37.521+0000 7fc15f2e5700 1 -- 172.21.15.5:0/3088457425 --> [v2:172.21.15.5:3300/0,v1:172.21.15.5:6789/0] -- mon_subscribe({osdmap=0}) v3 -- 0x7fc158101890 con 0x7fc158076c20
2024-04-16T14:26:38.370 INFO:teuthology.orchestra.run.smithi005.stdout:/usr/bin/ceph: stderr
2024-04-16T14:26:37.522+0000 7fc149ffb700 1 -- 172.21.15.5:0/3088457425 <== mon.0 v2:172.21.15.5:3300/0 4 ==== mgrmap(e 8) v1 ==== 43376+0+0 (secure 0 0 0) 0x7fc14c01a430 con 0x7fc158076c20
2024-04-16T14:26:38.370 INFO:teuthology.orchestra.run.smithi005.stdout:/usr/bin/ceph: stderr
2024-04-16T14:26:37.522+0000 7fc15f2e5700 1 -- 172.21.15.5:0/3088457425 --> [v2:172.21.15.5:3300/0,v1:172.21.15.5:6789/0] -- mon_command({"prefix": "get_command_descriptions"} v 0) v1 -- 0x7fc15804bed0 con 0x7fc158076c20
2024-04-16T14:26:38.370 INFO:teuthology.orchestra.run.smithi005.stdout:/usr/bin/ceph: stderr
2024-04-16T14:26:37.522+0000 7fc149ffb700 1 --2- 172.21.15.5:0/3088457425 >> [v2:172.21.15.5:6800/4088193218,v1:172.21.15.5:6801/4088193218] conn(0x7fc1440367e0 0x7fc144038c90 unknown :-1 s=NONE pgs=0 cs=0 l=1 rev1=0 crypto rx=0 tx=0 comp rx=0 tx=0).connect
2024-04-16T14:26:38.370 INFO:teuthology.orchestra.run.smithi005.stdout:/usr/bin/ceph: stderr
2024-04-16T14:26:37.522+0000 7fc149ffb700 1 -- 172.21.15.5:0/3088457425 <== mon.0 v2:172.21.15.5:3300/0 5 ==== osd_map(2..2 src has 1..2) v4 ==== 936+0+0 (secure 0 0 0) 0x7fc14c04a150 con 0x7fc158076c20
2024-04-16T14:26:38.370 INFO:teuthology.orchestra.run.smithi005.stdout:/usr/bin/ceph: stderr
2024-04-16T14:26:37.522+0000 7fc15c880700 1 --2- 172.21.15.5:0/3088457425 >> [v2:172.21.15.5:6800/4088193218,v1:172.21.15.5:6801/4088193218] conn(0x7fc1440367e0 0x7fc144038c90 unknown :-1 s=BANNER_CONNECTING pgs=0 cs=0 l=1 rev1=0 crypto rx=0 tx=0 comp rx=0 tx=0)._handle_peer_banner_payload supported=3 required=0
2024-04-16T14:26:38.370 INFO:teuthology.orchestra.run.smithi005.stdout:/usr/bin/ceph: stderr
2024-04-16T14:26:37.523+0000 7fc15c880700 1 --2- 172.21.15.5:0/3088457425 >> [v2:172.21.15.5:6800/4088193218,v1:172.21.15.5:6801/4088193218] conn(0x7fc1440367e0 0x7fc144038c90 secure :-1 s=READY pgs=18 cs=0 l=1 rev1=1 crypto rx=0x7fc154009990 tx=0x7fc154006e40 comp rx=0 tx=0).ready entity=mgr.14118 client_cookie=0 server_cookie=0 in_seq=0 out_seq=0
2024-04-16T14:26:38.370 INFO:teuthology.orchestra.run.smithi005.stdout:/usr/bin/ceph: stderr
2024-04-16T14:26:37.527+0000 7fc149ffb700 1 -- 172.21.15.5:0/3088457425 <== mon.0 v2:172.21.15.5:3300/0 6 ==== mon_command_ack([{"prefix": "get_command_descriptions"}]=0 v0) v1 ==== 72+0+176702 (secure 0 0 0) 0x7fc14c02b4d0 con 0x7fc158076c20
2024-04-16T14:26:38.370 INFO:teuthology.orchestra.run.smithi005.stdout:/usr/bin/ceph: stderr
2024-04-16T14:26:37.733+0000 7fc15f2e5700 1 -- 172.21.15.5:0/3088457425 --> [v2:172.21.15.5:6800/4088193218,v1:172.21.15.5:6801/4088193218] -- mgr_command(tid 0: {"prefix": "orch apply", "service_type": "alertmanager", "target": ["mon-mgr", ""]}) v1 -- 0x7fc158102050 con 0x7fc1440367e0
2024-04-16T14:26:38.370 INFO:teuthology.orchestra.run.smithi005.stdout:/usr/bin/ceph: stderr
2024-04-16T14:26:37.737+0000 7fc149ffb700 1 -- 172.21.15.5:0/3088457425 <== mgr.14118 v2:172.21.15.5:6800/4088193218 1 ==== mgr_command_reply(tid 0: 0 ) v1 ==== 8+0+33 (secure 0 0 0) 0x7fc158102050 con 0x7fc1440367e0
2024-04-16T14:26:38.370 INFO:teuthology.orchestra.run.smithi005.stdout:/usr/bin/ceph: stderr
2024-04-16T14:26:37.739+0000 7fc15f2e5700 1 -- 172.21.15.5:0/3088457425 >> [v2:172.21.15.5:6800/4088193218,v1:172.21.15.5:6801/4088193218] conn(0x7fc1440367e0 msgr2=0x7fc144038c90 secure :-1 s=STATE_CONNECTION_ESTABLISHED l=1).mark_down
2024-04-16T14:26:38.370 INFO:teuthology.orchestra.run.smithi005.stdout:/usr/bin/ceph: stderr
2024-04-16T14:26:37.739+0000 7fc15f2e5700 1 --2- 172.21.15.5:0/3088457425 >> [v2:172.21.15.5:6800/4088193218,v1:172.21.15.5:6801/4088193218] conn(0x7fc1440367e0 0x7fc144038c90 secure :-1 s=READY pgs=18 cs=0 l=1 rev1=1 crypto rx=0x7fc154009990 tx=0x7fc154006e40 comp rx=0 tx=0).stop
2024-04-16T14:26:38.370 INFO:teuthology.orchestra.run.smithi005.stdout:/usr/bin/ceph: stderr
2024-04-16T14:26:37.739+0000 7fc15f2e5700 1 -- 172.21.15.5:0/3088457425 >> [v2:172.21.15.5:3300/0,v1:172.21.15.5:6789/0] conn(0x7fc158076c20 msgr2=0x7fc158102df0 secure :-1 s=STATE_CONNECTION_ESTABLISHED l=1).mark_down
2024-04-16T14:26:38.371 INFO:teuthology.orchestra.run.smithi005.stdout:/usr/bin/ceph: stderr
2024-04-16T14:26:37.739+0000 7fc15f2e5700 1 --2- 172.21.15.5:0/3088457425 >> [v2:172.21.15.5:3300/0,v1:172.21.15.5:6789/0] conn(0x7fc158076c20 0x7fc158102df0 secure :-1 s=READY pgs=58 cs=0 l=1 rev1=1 crypto rx=0x7fc14c0105b0 tx=0x7fc14c009250 comp rx=0 tx=0).stop
2024-04-16T14:26:38.371 INFO:teuthology.orchestra.run.smithi005.stdout:/usr/bin/ceph: stderr
2024-04-16T14:26:37.739+0000 7fc15f2e5700 1 -- 172.21.15.5:0/3088457425 shutdown_connections
2024-04-16T14:26:38.371 INFO:teuthology.orchestra.run.smithi005.stdout:/usr/bin/ceph: stderr
2024-04-16T14:26:37.739+0000 7fc15f2e5700 1 --2- 172.21.15.5:0/3088457425 >> [v2:172.21.15.5:6800/4088193218,v1:172.21.15.5:6801/4088193218] conn(0x7fc1440367e0 0x7fc144038c90 unknown :-1 s=CLOSED pgs=18 cs=0 l=1 rev1=1 crypto rx=0 tx=0 comp rx=0 tx=0).stop
2024-04-16T14:26:38.371 INFO:teuthology.orchestra.run.smithi005.stdout:/usr/bin/ceph: stderr
2024-04-16T14:26:37.739+0000 7fc15f2e5700 1 --2- 172.21.15.5:0/3088457425 >> [v2:172.21.15.5:3300/0,v1:172.21.15.5:6789/0] conn(0x7fc158076c20 0x7fc158102df0 unknown :-1 s=CLOSED pgs=58 cs=0 l=1 rev1=1 crypto rx=0 tx=0 comp rx=0 tx=0).stop
2024-04-16T14:26:38.371 INFO:teuthology.orchestra.run.smithi005.stdout:/usr/bin/ceph: stderr
2024-04-16T14:26:37.739+0000 7fc15f2e5700 1 -- 172.21.15.5:0/3088457425 >> 172.21.15.5:0/3088457425 conn(0x7fc1580fcfd0 msgr2=0x7fc1580fdbe0 unknown :-1 s=STATE_NONE l=0).mark_down
2024-04-16T14:26:38.371 INFO:teuthology.orchestra.run.smithi005.stdout:/usr/bin/ceph: stderr
2024-04-16T14:26:37.739+0000 7fc15f2e5700 1 -- 172.21.15.5:0/3088457425 shutdown_connections
2024-04-16T14:26:38.371 INFO:teuthology.orchestra.run.smithi005.stdout:/usr/bin/ceph: stderr
2024-04-16T14:26:37.739+0000 7fc15f2e5700 1 -- 172.21.15.5:0/3088457425 wait complete.
2024-04-16T14:26:38.973 INFO:journalctl@ceph.mon.smithi005.smithi005.stdout:Apr 16 14:26:38 smithi005 ceph-mon[28964]: pgmap v3: 0 pgs: ; 0 B data, 0 B used, 0 B / 0 B avail
2024-04-16T14:26:38.974 INFO:journalctl@ceph.mon.smithi005.smithi005.stdout:Apr 16 14:26:38 smithi005 ceph-mon[28964]: from='client.14152 -' entity='client.admin' cmd=[{"prefix": "orch apply", "service_type": "alertmanager", "target": ["mon-mgr", ""]}]: dispatch
2024-04-16T14:26:38.974 INFO:journalctl@ceph.mon.smithi005.smithi005.stdout:Apr 16 14:26:38 smithi005 ceph-mon[28964]: Saving service alertmanager spec with placement count:1
2024-04-16T14:26:38.974 INFO:journalctl@ceph.mon.smithi005.smithi005.stdout:Apr 16 14:26:38 smithi005 ceph-mon[28964]: from='mgr.14118 172.21.15.5:0/2800231664' entity='mgr.smithi005.ipwdkc'
2024-04-16T14:26:39.575 INFO:teuthology.orchestra.run.smithi005.stdout:/usr/bin/ceph: stderr
2024-04-16T14:26:38.786+0000 7f13f59fa700 1 Processor -- start
2024-04-16T14:26:39.575 INFO:teuthology.orchestra.run.smithi005.stdout:/usr/bin/ceph: stderr
2024-04-16T14:26:38.786+0000 7f13f59fa700 1 -- start start
2024-04-16T14:26:39.575 INFO:teuthology.orchestra.run.smithi005.stdout:/usr/bin/ceph: stderr
2024-04-16T14:26:38.787+0000 7f13f59fa700 1 --2- >> [v2:172.21.15.5:3300/0,v1:172.21.15.5:6789/0] conn(0x7f13f0078c50 0x7f13f0077250 unknown :-1 s=NONE pgs=0 cs=0 l=0 rev1=0 crypto rx=0 tx=0 comp rx=0 tx=0).connect
2024-04-16T14:26:39.575 INFO:teuthology.orchestra.run.smithi005.stdout:/usr/bin/ceph: stderr
2024-04-16T14:26:38.787+0000 7f13f59fa700 1 -- --> [v2:172.21.15.5:3300/0,v1:172.21.15.5:6789/0] -- mon_getmap magic: 0 v1 -- 0x7f13f0079060 con 0x7f13f0078c50
2024-04-16T14:26:39.575 INFO:teuthology.orchestra.run.smithi005.stdout:/usr/bin/ceph: stderr
2024-04-16T14:26:38.787+0000 7f13eeffd700 1 --2- >> [v2:172.21.15.5:3300/0,v1:172.21.15.5:6789/0] conn(0x7f13f0078c50 0x7f13f0077250 unknown :-1 s=BANNER_CONNECTING pgs=0 cs=0 l=0 rev1=0 crypto rx=0 tx=0 comp rx=0 tx=0)._handle_peer_banner_payload supported=3 required=0
2024-04-16T14:26:39.575 INFO:teuthology.orchestra.run.smithi005.stdout:/usr/bin/ceph: stderr
2024-04-16T14:26:38.787+0000 7f13eeffd700 1 --2- >> [v2:172.21.15.5:3300/0,v1:172.21.15.5:6789/0] conn(0x7f13f0078c50 0x7f13f0077250 unknown :-1 s=HELLO_CONNECTING pgs=0 cs=0 l=0 rev1=1 crypto rx=0 tx=0 comp rx=0 tx=0).handle_hello peer v2:172.21.15.5:3300/0 says I am v2:172.21.15.5:36658/0 (socket says 172.21.15.5:36658)
2024-04-16T14:26:39.575 INFO:teuthology.orchestra.run.smithi005.stdout:/usr/bin/ceph: stderr
2024-04-16T14:26:38.787+0000 7f13eeffd700 1 -- 172.21.15.5:0/2684190448 learned_addr learned my addr 172.21.15.5:0/2684190448 (peer_addr_for_me v2:172.21.15.5:0/0)
2024-04-16T14:26:39.575 INFO:teuthology.orchestra.run.smithi005.stdout:/usr/bin/ceph: stderr
2024-04-16T14:26:38.787+0000 7f13eeffd700 1 -- 172.21.15.5:0/2684190448 --> [v2:172.21.15.5:3300/0,v1:172.21.15.5:6789/0] -- mon_subscribe({config=0+,monmap=0+}) v3 -- 0x7f13f0077790 con 0x7f13f0078c50
2024-04-16T14:26:39.575 INFO:teuthology.orchestra.run.smithi005.stdout:/usr/bin/ceph: stderr
2024-04-16T14:26:38.787+0000 7f13eeffd700 1 --2- 172.21.15.5:0/2684190448 >> [v2:172.21.15.5:3300/0,v1:172.21.15.5:6789/0] conn(0x7f13f0078c50 0x7f13f0077250 secure :-1 s=READY pgs=59 cs=0 l=1 rev1=1 crypto rx=0x7f13e00098e0 tx=0x7f13e0009250 comp rx=0 tx=0).ready entity=mon.0 client_cookie=33d96a2cbe2e707e server_cookie=0 in_seq=0 out_seq=0
2024-04-16T14:26:39.575 INFO:teuthology.orchestra.run.smithi005.stdout:/usr/bin/ceph: stderr
2024-04-16T14:26:38.787+0000 7f13edffb700 1 -- 172.21.15.5:0/2684190448 <== mon.0 v2:172.21.15.5:3300/0 1 ==== mon_map magic: 0 v1 ==== 229+0+0 (secure 0 0 0) 0x7f13e000b860 con 0x7f13f0078c50
2024-04-16T14:26:39.576 INFO:teuthology.orchestra.run.smithi005.stdout:/usr/bin/ceph: stderr
2024-04-16T14:26:38.787+0000 7f13edffb700 1 -- 172.21.15.5:0/2684190448 <== mon.0 v2:172.21.15.5:3300/0 2 ==== config(27 keys) v1 ==== 1109+0+0 (secure 0 0 0) 0x7f13e000be90 con 0x7f13f0078c50
2024-04-16T14:26:39.576 INFO:teuthology.orchestra.run.smithi005.stdout:/usr/bin/ceph: stderr
2024-04-16T14:26:38.787+0000 7f13edffb700 1 -- 172.21.15.5:0/2684190448 <== mon.0 v2:172.21.15.5:3300/0 3 ==== mon_map magic: 0 v1 ==== 229+0+0 (secure 0 0 0) 0x7f13e00103c0 con 0x7f13f0078c50
2024-04-16T14:26:39.576 INFO:teuthology.orchestra.run.smithi005.stdout:/usr/bin/ceph: stderr
2024-04-16T14:26:38.788+0000 7f13f59fa700 1 -- 172.21.15.5:0/2684190448 >> [v2:172.21.15.5:3300/0,v1:172.21.15.5:6789/0] conn(0x7f13f0078c50 msgr2=0x7f13f0077250 secure :-1 s=STATE_CONNECTION_ESTABLISHED l=1).mark_down
2024-04-16T14:26:39.576 INFO:teuthology.orchestra.run.smithi005.stdout:/usr/bin/ceph: stderr
2024-04-16T14:26:38.788+0000 7f13f59fa700 1 --2- 172.21.15.5:0/2684190448 >> [v2:172.21.15.5:3300/0,v1:172.21.15.5:6789/0] conn(0x7f13f0078c50 0x7f13f0077250 secure :-1 s=READY pgs=59 cs=0 l=1 rev1=1 crypto rx=0x7f13e00098e0 tx=0x7f13e0009250 comp rx=0 tx=0).stop
2024-04-16T14:26:39.576 INFO:teuthology.orchestra.run.smithi005.stdout:/usr/bin/ceph: stderr
2024-04-16T14:26:38.788+0000 7f13f59fa700 1 -- 172.21.15.5:0/2684190448 shutdown_connections
2024-04-16T14:26:39.576 INFO:teuthology.orchestra.run.smithi005.stdout:/usr/bin/ceph: stderr
2024-04-16T14:26:38.788+0000 7f13f59fa700 1 --2- 172.21.15.5:0/2684190448 >> [v2:172.21.15.5:3300/0,v1:172.21.15.5:6789/0] conn(0x7f13f0078c50 0x7f13f0077250 unknown :-1 s=CLOSED pgs=59 cs=0 l=1 rev1=1 crypto rx=0 tx=0 comp rx=0 tx=0).stop
2024-04-16T14:26:39.576 INFO:teuthology.orchestra.run.smithi005.stdout:/usr/bin/ceph: stderr
2024-04-16T14:26:38.788+0000 7f13f59fa700 1 -- 172.21.15.5:0/2684190448 >> 172.21.15.5:0/2684190448 conn(0x7f13f00fe0e0 msgr2=0x7f13f01004f0 unknown :-1 s=STATE_NONE l=0).mark_down
2024-04-16T14:26:39.576 INFO:teuthology.orchestra.run.smithi005.stdout:/usr/bin/ceph: stderr
2024-04-16T14:26:38.788+0000 7f13f59fa700 1 -- 172.21.15.5:0/2684190448 shutdown_connections
2024-04-16T14:26:39.576 INFO:teuthology.orchestra.run.smithi005.stdout:/usr/bin/ceph: stderr
2024-04-16T14:26:38.788+0000 7f13f59fa700 1 -- 172.21.15.5:0/2684190448 wait complete.
2024-04-16T14:26:39.576 INFO:teuthology.orchestra.run.smithi005.stdout:/usr/bin/ceph: stderr
2024-04-16T14:26:38.789+0000 7f13f59fa700 1 Processor -- start
2024-04-16T14:26:39.576 INFO:teuthology.orchestra.run.smithi005.stdout:/usr/bin/ceph: stderr
2024-04-16T14:26:38.789+0000 7f13f59fa700 1 -- start start
2024-04-16T14:26:39.576 INFO:teuthology.orchestra.run.smithi005.stdout:/usr/bin/ceph: stderr
2024-04-16T14:26:38.789+0000 7f13f59fa700 1 --2- >> [v2:172.21.15.5:3300/0,v1:172.21.15.5:6789/0] conn(0x7f13f0078c50 0x7f13f0113990 unknown :-1 s=NONE pgs=0 cs=0 l=1 rev1=0 crypto rx=0 tx=0 comp rx=0 tx=0).connect
2024-04-16T14:26:39.576 INFO:teuthology.orchestra.run.smithi005.stdout:/usr/bin/ceph: stderr
2024-04-16T14:26:38.789+0000 7f13f59fa700 1 -- --> [v2:172.21.15.5:3300/0,v1:172.21.15.5:6789/0] -- mon_getmap magic: 0 v1 -- 0x7f13f0113ed0 con 0x7f13f0078c50
2024-04-16T14:26:39.577 INFO:teuthology.orchestra.run.smithi005.stdout:/usr/bin/ceph: stderr
2024-04-16T14:26:38.789+0000 7f13eeffd700 1 --2- >> [v2:172.21.15.5:3300/0,v1:172.21.15.5:6789/0] conn(0x7f13f0078c50 0x7f13f0113990 unknown :-1 s=BANNER_CONNECTING pgs=0 cs=0 l=1 rev1=0 crypto rx=0 tx=0 comp rx=0 tx=0)._handle_peer_banner_payload supported=3 required=0
2024-04-16T14:26:39.577 INFO:teuthology.orchestra.run.smithi005.stdout:/usr/bin/ceph: stderr
2024-04-16T14:26:38.789+0000 7f13eeffd700 1 --2- >> [v2:172.21.15.5:3300/0,v1:172.21.15.5:6789/0] conn(0x7f13f0078c50 0x7f13f0113990 unknown :-1 s=HELLO_CONNECTING pgs=0 cs=0 l=1 rev1=1 crypto rx=0 tx=0 comp rx=0 tx=0).handle_hello peer v2:172.21.15.5:3300/0 says I am v2:172.21.15.5:36664/0 (socket says 172.21.15.5:36664)
2024-04-16T14:26:39.577 INFO:teuthology.orchestra.run.smithi005.stdout:/usr/bin/ceph: stderr
2024-04-16T14:26:38.789+0000 7f13eeffd700 1 -- 172.21.15.5:0/2205582997 learned_addr learned my addr 172.21.15.5:0/2205582997 (peer_addr_for_me v2:172.21.15.5:0/0)
2024-04-16T14:26:39.577 INFO:teuthology.orchestra.run.smithi005.stdout:/usr/bin/ceph: stderr
2024-04-16T14:26:38.789+0000 7f13eeffd700 1 -- 172.21.15.5:0/2205582997 --> [v2:172.21.15.5:3300/0,v1:172.21.15.5:6789/0] -- mon_subscribe({config=0+,monmap=0+}) v3 -- 0x7f13e00094f0 con 0x7f13f0078c50
2024-04-16T14:26:39.577 INFO:teuthology.orchestra.run.smithi005.stdout:/usr/bin/ceph: stderr
2024-04-16T14:26:38.789+0000 7f13eeffd700 1 --2- 172.21.15.5:0/2205582997 >> [v2:172.21.15.5:3300/0,v1:172.21.15.5:6789/0] conn(0x7f13f0078c50 0x7f13f0113990 secure :-1 s=READY pgs=60 cs=0 l=1 rev1=1 crypto rx=0x7f13e00105b0 tx=0x7f13e0009250 comp rx=0 tx=0).ready entity=mon.0 client_cookie=0 server_cookie=0 in_seq=0 out_seq=0
2024-04-16T14:26:39.577 INFO:teuthology.orchestra.run.smithi005.stdout:/usr/bin/ceph: stderr
2024-04-16T14:26:38.790+0000 7f13d77fe700 1 -- 172.21.15.5:0/2205582997 <== mon.0 v2:172.21.15.5:3300/0 1 ==== mon_map magic: 0 v1 ==== 229+0+0 (secure 0 0 0) 0x7f13e0010840 con 0x7f13f0078c50
2024-04-16T14:26:39.577 INFO:teuthology.orchestra.run.smithi005.stdout:/usr/bin/ceph: stderr
2024-04-16T14:26:38.790+0000 7f13d77fe700 1 -- 172.21.15.5:0/2205582997 <== mon.0 v2:172.21.15.5:3300/0 2 ==== config(27 keys) v1 ==== 1109+0+0 (secure 0 0 0) 0x7f13e0010e70 con 0x7f13f0078c50
2024-04-16T14:26:39.577 INFO:teuthology.orchestra.run.smithi005.stdout:/usr/bin/ceph: stderr
2024-04-16T14:26:38.790+0000 7f13f59fa700 1 -- 172.21.15.5:0/2205582997 --> [v2:172.21.15.5:3300/0,v1:172.21.15.5:6789/0] -- mon_subscribe({mgrmap=0+}) v3 -- 0x7f13f01140d0 con 0x7f13f0078c50
2024-04-16T14:26:39.577 INFO:teuthology.orchestra.run.smithi005.stdout:/usr/bin/ceph: stderr
2024-04-16T14:26:38.790+0000 7f13d77fe700 1 -- 172.21.15.5:0/2205582997 <== mon.0 v2:172.21.15.5:3300/0 3 ==== mon_map magic: 0 v1 ==== 229+0+0 (secure 0 0 0) 0x7f13e001ae30 con 0x7f13f0078c50
2024-04-16T14:26:39.577 INFO:teuthology.orchestra.run.smithi005.stdout:/usr/bin/ceph: stderr
2024-04-16T14:26:38.790+0000 7f13f59fa700 1 -- 172.21.15.5:0/2205582997 --> [v2:172.21.15.5:3300/0,v1:172.21.15.5:6789/0] -- mon_subscribe({osdmap=0}) v3 -- 0x7f13f0114c40 con 0x7f13f0078c50
2024-04-16T14:26:39.577 INFO:teuthology.orchestra.run.smithi005.stdout:/usr/bin/ceph: stderr
2024-04-16T14:26:38.791+0000 7f13d77fe700 1 -- 172.21.15.5:0/2205582997 <== mon.0 v2:172.21.15.5:3300/0 4 ==== mgrmap(e 8) v1 ==== 43376+0+0 (secure 0 0 0) 0x7f13e002d3f0 con 0x7f13f0078c50
2024-04-16T14:26:39.577 INFO:teuthology.orchestra.run.smithi005.stdout:/usr/bin/ceph: stderr
2024-04-16T14:26:38.791+0000 7f13f59fa700 1 -- 172.21.15.5:0/2205582997 --> [v2:172.21.15.5:3300/0,v1:172.21.15.5:6789/0] -- mon_command({"prefix": "get_command_descriptions"} v 0) v1 -- 0x7f13f005f5f0 con 0x7f13f0078c50
2024-04-16T14:26:39.578 INFO:teuthology.orchestra.run.smithi005.stdout:/usr/bin/ceph: stderr
2024-04-16T14:26:38.791+0000 7f13d77fe700 1 --2- 172.21.15.5:0/2205582997 >> [v2:172.21.15.5:6800/4088193218,v1:172.21.15.5:6801/4088193218] conn(0x7f13d8036790 0x7f13d8038c40 unknown :-1 s=NONE pgs=0 cs=0 l=1 rev1=0 crypto rx=0 tx=0 comp rx=0 tx=0).connect
2024-04-16T14:26:39.578 INFO:teuthology.orchestra.run.smithi005.stdout:/usr/bin/ceph: stderr
2024-04-16T14:26:38.791+0000 7f13d77fe700 1 -- 172.21.15.5:0/2205582997 <== mon.0 v2:172.21.15.5:3300/0 5 ==== osd_map(2..2 src has 1..2) v4 ==== 936+0+0 (secure 0 0 0) 0x7f13e004a2c0 con 0x7f13f0078c50
2024-04-16T14:26:39.578 INFO:teuthology.orchestra.run.smithi005.stdout:/usr/bin/ceph: stderr
2024-04-16T14:26:38.791+0000 7f13ee7fc700 1 --2- 172.21.15.5:0/2205582997 >> [v2:172.21.15.5:6800/4088193218,v1:172.21.15.5:6801/4088193218] conn(0x7f13d8036790 0x7f13d8038c40 unknown :-1 s=BANNER_CONNECTING pgs=0 cs=0 l=1 rev1=0 crypto rx=0 tx=0 comp rx=0 tx=0)._handle_peer_banner_payload supported=3 required=0
2024-04-16T14:26:39.578 INFO:teuthology.orchestra.run.smithi005.stdout:/usr/bin/ceph: stderr
2024-04-16T14:26:38.791+0000 7f13ee7fc700 1 --2- 172.21.15.5:0/2205582997 >> [v2:172.21.15.5:6800/4088193218,v1:172.21.15.5:6801/4088193218] conn(0x7f13d8036790 0x7f13d8038c40 secure :-1 s=READY pgs=19 cs=0 l=1 rev1=1 crypto rx=0x7f13e4009990 tx=0x7f13e4006e40 comp rx=0 tx=0).ready entity=mgr.14118 client_cookie=0 server_cookie=0 in_seq=0 out_seq=0
2024-04-16T14:26:39.578 INFO:teuthology.orchestra.run.smithi005.stdout:/usr/bin/ceph: stderr
2024-04-16T14:26:38.796+0000 7f13d77fe700 1 -- 172.21.15.5:0/2205582997 <== mon.0 v2:172.21.15.5:3300/0 6 ==== mon_command_ack([{"prefix": "get_command_descriptions"}]=0 v0) v1 ==== 72+0+176702 (secure 0 0 0) 0x7f13e002b8c0 con 0x7f13f0078c50
2024-04-16T14:26:39.578 INFO:teuthology.orchestra.run.smithi005.stdout:/usr/bin/ceph: stderr
2024-04-16T14:26:38.990+0000 7f13f59fa700 1 -- 172.21.15.5:0/2205582997 --> [v2:172.21.15.5:3300/0,v1:172.21.15.5:6789/0] -- mon_command([{prefix=config set, name=mgr/cephadm/container_init}] v 0) v1 -- 0x7f13f004bed0 con 0x7f13f0078c50
2024-04-16T14:26:39.578 INFO:teuthology.orchestra.run.smithi005.stdout:/usr/bin/ceph: stderr
2024-04-16T14:26:38.993+0000 7f13d77fe700 1 -- 172.21.15.5:0/2205582997 <== mon.0 v2:172.21.15.5:3300/0 7 ==== mon_command_ack([{prefix=config set, name=mgr/cephadm/container_init}]=0 v7)=0 v7) v1 ==== 142+0+0 (secure 0 0 0) 0x7f13e002b2f0 con 0x7f13f0078c50
2024-04-16T14:26:39.578 INFO:teuthology.orchestra.run.smithi005.stdout:/usr/bin/ceph: stderr
2024-04-16T14:26:38.995+0000 7f13f59fa700 1 -- 172.21.15.5:0/2205582997 >> [v2:172.21.15.5:6800/4088193218,v1:172.21.15.5:6801/4088193218] conn(0x7f13d8036790 msgr2=0x7f13d8038c40 secure :-1 s=STATE_CONNECTION_ESTABLISHED l=1).mark_down
2024-04-16T14:26:39.578 INFO:teuthology.orchestra.run.smithi005.stdout:/usr/bin/ceph: stderr
2024-04-16T14:26:38.995+0000 7f13f59fa700 1 --2- 172.21.15.5:0/2205582997 >> [v2:172.21.15.5:6800/4088193218,v1:172.21.15.5:6801/4088193218] conn(0x7f13d8036790 0x7f13d8038c40 secure :-1 s=READY pgs=19 cs=0 l=1 rev1=1 crypto rx=0x7f13e4009990 tx=0x7f13e4006e40 comp rx=0 tx=0).stop
2024-04-16T14:26:39.578 INFO:teuthology.orchestra.run.smithi005.stdout:/usr/bin/ceph: stderr
2024-04-16T14:26:38.995+0000 7f13f59fa700 1 -- 172.21.15.5:0/2205582997 >> [v2:172.21.15.5:3300/0,v1:172.21.15.5:6789/0] conn(0x7f13f0078c50 msgr2=0x7f13f0113990 secure :-1 s=STATE_CONNECTION_ESTABLISHED l=1).mark_down
2024-04-16T14:26:39.578 INFO:teuthology.orchestra.run.smithi005.stdout:/usr/bin/ceph: stderr
2024-04-16T14:26:38.995+0000 7f13f59fa700 1 --2- 172.21.15.5:0/2205582997 >> [v2:172.21.15.5:3300/0,v1:172.21.15.5:6789/0] conn(0x7f13f0078c50 0x7f13f0113990 secure :-1 s=READY pgs=60 cs=0 l=1 rev1=1 crypto rx=0x7f13e00105b0 tx=0x7f13e0009250 comp rx=0 tx=0).stop
2024-04-16T14:26:39.579 INFO:teuthology.orchestra.run.smithi005.stdout:/usr/bin/ceph: stderr
2024-04-16T14:26:38.995+0000 7f13f59fa700 1 -- 172.21.15.5:0/2205582997 shutdown_connections
2024-04-16T14:26:39.579 INFO:teuthology.orchestra.run.smithi005.stdout:/usr/bin/ceph: stderr
2024-04-16T14:26:38.995+0000 7f13f59fa700 1 --2- 172.21.15.5:0/2205582997 >> [v2:172.21.15.5:6800/4088193218,v1:172.21.15.5:6801/4088193218] conn(0x7f13d8036790 0x7f13d8038c40 unknown :-1 s=CLOSED pgs=19 cs=0 l=1 rev1=1 crypto rx=0 tx=0 comp rx=0 tx=0).stop
2024-04-16T14:26:39.579 INFO:teuthology.orchestra.run.smithi005.stdout:/usr/bin/ceph: stderr
2024-04-16T14:26:38.995+0000 7f13f59fa700 1 --2- 172.21.15.5:0/2205582997 >> [v2:172.21.15.5:3300/0,v1:172.21.15.5:6789/0] conn(0x7f13f0078c50 0x7f13f0113990 unknown :-1 s=CLOSED pgs=60 cs=0 l=1 rev1=1 crypto rx=0 tx=0 comp rx=0 tx=0).stop
2024-04-16T14:26:39.579 INFO:teuthology.orchestra.run.smithi005.stdout:/usr/bin/ceph: stderr
2024-04-16T14:26:38.995+0000 7f13f59fa700 1 -- 172.21.15.5:0/2205582997 >> 172.21.15.5:0/2205582997 conn(0x7f13f00fe0e0 msgr2=0x7f13f00fec60 unknown :-1 s=STATE_NONE l=0).mark_down
2024-04-16T14:26:39.579 INFO:teuthology.orchestra.run.smithi005.stdout:/usr/bin/ceph: stderr
2024-04-16T14:26:38.995+0000 7f13f59fa700 1 -- 172.21.15.5:0/2205582997 shutdown_connections
2024-04-16T14:26:39.579 INFO:teuthology.orchestra.run.smithi005.stdout:/usr/bin/ceph: stderr
2024-04-16T14:26:38.995+0000 7f13f59fa700 1 -- 172.21.15.5:0/2205582997 wait complete.
2024-04-16T14:26:40.193 INFO:journalctl@ceph.mon.smithi005.smithi005.stdout:Apr 16 14:26:39 smithi005 ceph-mon[28964]: from='client.? 172.21.15.5:0/2205582997' entity='client.admin'
2024-04-16T14:26:40.193 INFO:journalctl@ceph.mon.smithi005.smithi005.stdout:Apr 16 14:26:39 smithi005 ceph-mon[28964]: pgmap v4: 0 pgs: ; 0 B data, 0 B used, 0 B / 0 B avail
2024-04-16T14:26:40.754 INFO:teuthology.orchestra.run.smithi005.stdout:/usr/bin/ceph: stderr
2024-04-16T14:26:39.989+0000 7f4a62f1c700 1 Processor -- start
2024-04-16T14:26:40.754 INFO:teuthology.orchestra.run.smithi005.stdout:/usr/bin/ceph: stderr
2024-04-16T14:26:39.989+0000 7f4a62f1c700 1 -- start start
2024-04-16T14:26:40.754 INFO:teuthology.orchestra.run.smithi005.stdout:/usr/bin/ceph: stderr
2024-04-16T14:26:39.989+0000 7f4a62f1c700 1 --2- >> [v2:172.21.15.5:3300/0,v1:172.21.15.5:6789/0] conn(0x7f4a5c076c20 0x7f4a5c105480 unknown :-1 s=NONE pgs=0 cs=0 l=0 rev1=0 crypto rx=0 tx=0 comp rx=0 tx=0).connect
2024-04-16T14:26:40.754 INFO:teuthology.orchestra.run.smithi005.stdout:/usr/bin/ceph: stderr
2024-04-16T14:26:39.989+0000 7f4a62f1c700 1 -- --> [v2:172.21.15.5:3300/0,v1:172.21.15.5:6789/0] -- mon_getmap magic: 0 v1 -- 0x7f4a5c1059c0 con 0x7f4a5c076c20
2024-04-16T14:26:40.754 INFO:teuthology.orchestra.run.smithi005.stdout:/usr/bin/ceph: stderr
2024-04-16T14:26:39.989+0000 7f4a60cb8700 1 --2- >> [v2:172.21.15.5:3300/0,v1:172.21.15.5:6789/0] conn(0x7f4a5c076c20 0x7f4a5c105480 unknown :-1 s=BANNER_CONNECTING pgs=0 cs=0 l=0 rev1=0 crypto rx=0 tx=0 comp rx=0 tx=0)._handle_peer_banner_payload supported=3 required=0
2024-04-16T14:26:40.755 INFO:teuthology.orchestra.run.smithi005.stdout:/usr/bin/ceph: stderr
2024-04-16T14:26:39.989+0000 7f4a60cb8700 1 --2- >> [v2:172.21.15.5:3300/0,v1:172.21.15.5:6789/0] conn(0x7f4a5c076c20 0x7f4a5c105480 unknown :-1 s=HELLO_CONNECTING pgs=0 cs=0 l=0 rev1=1 crypto rx=0 tx=0 comp rx=0 tx=0).handle_hello peer v2:172.21.15.5:3300/0 says I am v2:172.21.15.5:36668/0 (socket says 172.21.15.5:36668)
2024-04-16T14:26:40.755 INFO:teuthology.orchestra.run.smithi005.stdout:/usr/bin/ceph: stderr
2024-04-16T14:26:39.989+0000 7f4a60cb8700 1 -- 172.21.15.5:0/3933027549 learned_addr learned my addr 172.21.15.5:0/3933027549 (peer_addr_for_me v2:172.21.15.5:0/0)
2024-04-16T14:26:40.755 INFO:teuthology.orchestra.run.smithi005.stdout:/usr/bin/ceph: stderr
2024-04-16T14:26:39.990+0000 7f4a60cb8700 1 -- 172.21.15.5:0/3933027549 --> [v2:172.21.15.5:3300/0,v1:172.21.15.5:6789/0] -- mon_subscribe({config=0+,monmap=0+}) v3 -- 0x7f4a5c105b00 con 0x7f4a5c076c20
2024-04-16T14:26:40.755 INFO:teuthology.orchestra.run.smithi005.stdout:/usr/bin/ceph: stderr
2024-04-16T14:26:39.990+0000 7f4a60cb8700 1 --2- 172.21.15.5:0/3933027549 >> [v2:172.21.15.5:3300/0,v1:172.21.15.5:6789/0] conn(0x7f4a5c076c20 0x7f4a5c105480 secure :-1 s=READY pgs=61 cs=0 l=1 rev1=1 crypto rx=0x7f4a500098e0 tx=0x7f4a50009250 comp rx=0 tx=0).ready entity=mon.0 client_cookie=555331c13c83c48e server_cookie=0 in_seq=0 out_seq=0
2024-04-16T14:26:40.755 INFO:teuthology.orchestra.run.smithi005.stdout:/usr/bin/ceph: stderr
2024-04-16T14:26:39.990+0000 7f4a5b7fe700 1 -- 172.21.15.5:0/3933027549 <== mon.0 v2:172.21.15.5:3300/0 1 ==== mon_map magic: 0 v1 ==== 229+0+0 (secure 0 0 0) 0x7f4a5000b860 con 0x7f4a5c076c20
2024-04-16T14:26:40.755 INFO:teuthology.orchestra.run.smithi005.stdout:/usr/bin/ceph: stderr
2024-04-16T14:26:39.990+0000 7f4a5b7fe700 1 -- 172.21.15.5:0/3933027549 <== mon.0 v2:172.21.15.5:3300/0 2 ==== config(27 keys) v1 ==== 1109+0+0 (secure 0 0 0) 0x7f4a5000be90 con 0x7f4a5c076c20
2024-04-16T14:26:40.755 INFO:teuthology.orchestra.run.smithi005.stdout:/usr/bin/ceph: stderr
2024-04-16T14:26:39.990+0000 7f4a5b7fe700 1 -- 172.21.15.5:0/3933027549 <== mon.0 v2:172.21.15.5:3300/0 3 ==== mon_map magic: 0 v1 ==== 229+0+0 (secure 0 0 0) 0x7f4a500103c0 con 0x7f4a5c076c20
2024-04-16T14:26:40.755 INFO:teuthology.orchestra.run.smithi005.stdout:/usr/bin/ceph: stderr
2024-04-16T14:26:39.990+0000 7f4a62f1c700 1 -- 172.21.15.5:0/3933027549 >> [v2:172.21.15.5:3300/0,v1:172.21.15.5:6789/0] conn(0x7f4a5c076c20 msgr2=0x7f4a5c105480 secure :-1 s=STATE_CONNECTION_ESTABLISHED l=1).mark_down
2024-04-16T14:26:40.755 INFO:teuthology.orchestra.run.smithi005.stdout:/usr/bin/ceph: stderr
2024-04-16T14:26:39.990+0000 7f4a62f1c700 1 --2- 172.21.15.5:0/3933027549 >> [v2:172.21.15.5:3300/0,v1:172.21.15.5:6789/0] conn(0x7f4a5c076c20 0x7f4a5c105480 secure :-1 s=READY pgs=61 cs=0 l=1 rev1=1 crypto rx=0x7f4a500098e0 tx=0x7f4a50009250 comp rx=0 tx=0).stop
2024-04-16T14:26:40.755 INFO:teuthology.orchestra.run.smithi005.stdout:/usr/bin/ceph: stderr
2024-04-16T14:26:39.991+0000 7f4a62f1c700 1 -- 172.21.15.5:0/3933027549 shutdown_connections
2024-04-16T14:26:40.755 INFO:teuthology.orchestra.run.smithi005.stdout:/usr/bin/ceph: stderr
