2024-04-19T14:13:29.566+0000 7f7e037fe700 1 -- 172.21.15.121:0/3627071292 <== mon.0 v2:172.21.15.121:3300/0 2 ==== config(24 keys) ==== 985+0+0 (secure 0 0 0) 0x7f7e04012870 con 0x7f7e0c106e70
2024-04-19T14:13:30.596 INFO:teuthology.orchestra.run.smithi121.stdout:/usr/bin/ceph: stderr
2024-04-19T14:13:29.566+0000 7f7e145cb700 1 -- 172.21.15.121:0/3627071292 --> [v2:172.21.15.121:3300/0,v1:172.21.15.121:6789/0] -- mon_subscribe({mgrmap=0+}) -- 0x7f7e0c19b7e0 con 0x7f7e0c106e70
2024-04-19T14:13:30.596 INFO:teuthology.orchestra.run.smithi121.stdout:/usr/bin/ceph: stderr
2024-04-19T14:13:29.566+0000 7f7e145cb700 10 client.14142.objecter _maybe_request_map subscribing (onetime) to next osd map
2024-04-19T14:13:30.596 INFO:teuthology.orchestra.run.smithi121.stdout:/usr/bin/ceph: stderr
2024-04-19T14:13:29.566+0000 7f7e037fe700 1 -- 172.21.15.121:0/3627071292 <== mon.0 v2:172.21.15.121:3300/0 3 ==== mon_map magic: 0 ==== 205+0+0 (secure 0 0 0) 0x7f7e04017040 con 0x7f7e0c106e70
2024-04-19T14:13:30.596 INFO:teuthology.orchestra.run.smithi121.stdout:/usr/bin/ceph: stderr
2024-04-19T14:13:29.566+0000 7f7e145cb700 1 -- 172.21.15.121:0/3627071292 --> [v2:172.21.15.121:3300/0,v1:172.21.15.121:6789/0] -- mon_subscribe({osdmap=0}) -- 0x7f7e0c19e480 con 0x7f7e0c106e70
2024-04-19T14:13:30.596 INFO:teuthology.orchestra.run.smithi121.stdout:/usr/bin/ceph: stderr
2024-04-19T14:13:29.566+0000 7f7e145cb700 1 librados: init done
2024-04-19T14:13:30.596 INFO:teuthology.orchestra.run.smithi121.stdout:/usr/bin/ceph: stderr
2024-04-19T14:13:29.566+0000 7f7e037fe700 1 -- 172.21.15.121:0/3627071292 <== mon.0 v2:172.21.15.121:3300/0 4 ==== mgrmap(e 8) ==== 46558+0+0 (secure 0 0 0) 0x7f7e04023020 con 0x7f7e0c106e70
2024-04-19T14:13:30.596 INFO:teuthology.orchestra.run.smithi121.stdout:/usr/bin/ceph: stderr
2024-04-19T14:13:29.570+0000 7f7e037fe700 1 --2- 172.21.15.121:0/3627071292 >> [v2:172.21.15.121:6800/3847159550,v1:172.21.15.121:6801/3847159550] conn(0x7f7df803af60 0x7f7df803d420 unknown :-1 s=NONE pgs=0 cs=0 l=1 rev1=0 crypto rx=0 tx=0 comp rx=0 tx=0).connect
2024-04-19T14:13:30.597 INFO:teuthology.orchestra.run.smithi121.stdout:/usr/bin/ceph: stderr
2024-04-19T14:13:29.570+0000 7f7e145cb700 1 -- 172.21.15.121:0/3627071292 --> [v2:172.21.15.121:3300/0,v1:172.21.15.121:6789/0] -- mon_command({"prefix": "get_command_descriptions"} v 0) -- 0x7f7e0c0640a0 con 0x7f7e0c106e70
2024-04-19T14:13:30.597 INFO:teuthology.orchestra.run.smithi121.stdout:/usr/bin/ceph: stderr
2024-04-19T14:13:29.570+0000 7f7e037fe700 1 -- 172.21.15.121:0/3627071292 <== mon.0 v2:172.21.15.121:3300/0 5 ==== osd_map(2..2 src has 1..2) ==== 940+0+0 (secure 0 0 0) 0x7f7e0400f050 con 0x7f7e0c106e70
2024-04-19T14:13:30.597 INFO:teuthology.orchestra.run.smithi121.stdout:/usr/bin/ceph: stderr
2024-04-19T14:13:29.570+0000 7f7e037fe700 10 client.14142.objecter ms_dispatch 0x7f7e0c001550 osd_map(2..2 src has 1..2)
2024-04-19T14:13:30.597 INFO:teuthology.orchestra.run.smithi121.stdout:/usr/bin/ceph: stderr
2024-04-19T14:13:29.570+0000 7f7e037fe700 3 client.14142.objecter handle_osd_map got epochs [2,2] > 0
2024-04-19T14:13:30.597 INFO:teuthology.orchestra.run.smithi121.stdout:/usr/bin/ceph: stderr
2024-04-19T14:13:29.570+0000 7f7e037fe700 3 client.14142.objecter handle_osd_map decoding full epoch 2
2024-04-19T14:13:30.597 INFO:teuthology.orchestra.run.smithi121.stdout:/usr/bin/ceph: stderr
2024-04-19T14:13:29.570+0000 7f7e11b66700 1 --2- 172.21.15.121:0/3627071292 >> [v2:172.21.15.121:6800/3847159550,v1:172.21.15.121:6801/3847159550] conn(0x7f7df803af60 0x7f7df803d420 unknown :-1 s=BANNER_CONNECTING pgs=0 cs=0 l=1 rev1=0 crypto rx=0 tx=0 comp rx=0 tx=0)._handle_peer_banner_payload supported=3 required=0
2024-04-19T14:13:30.597 INFO:teuthology.orchestra.run.smithi121.stdout:/usr/bin/ceph: stderr
2024-04-19T14:13:29.570+0000 7f7e037fe700 20 client.14142.objecter dump_active .. 0 homeless
2024-04-19T14:13:30.597 INFO:teuthology.orchestra.run.smithi121.stdout:/usr/bin/ceph: stderr
2024-04-19T14:13:29.570+0000 7f7e037fe700 10 client.14142.objecter ms_handle_connect 0x7f7df803af60
2024-04-19T14:13:30.597 INFO:teuthology.orchestra.run.smithi121.stdout:/usr/bin/ceph: stderr
2024-04-19T14:13:29.570+0000 7f7e11b66700 1 --2- 172.21.15.121:0/3627071292 >> [v2:172.21.15.121:6800/3847159550,v1:172.21.15.121:6801/3847159550] conn(0x7f7df803af60 0x7f7df803d420 secure :-1 s=READY pgs=12 cs=0 l=1 rev1=1 crypto rx=0x7f7dfc006fd0 tx=0x7f7dfc006e40 comp rx=0 tx=0).ready entity=mgr.14120 client_cookie=0 server_cookie=0 in_seq=0 out_seq=0
2024-04-19T14:13:30.597 INFO:teuthology.orchestra.run.smithi121.stdout:/usr/bin/ceph: stderr
2024-04-19T14:13:29.574+0000 7f7e037fe700 1 -- 172.21.15.121:0/3627071292 <== mon.0 v2:172.21.15.121:3300/0 6 ==== mon_command_ack([{"prefix": "get_command_descriptions"}]=0 v0) ==== 72+0+188728 (secure 0 0 0) 0x7f7e0402a020 con 0x7f7e0c106e70
2024-04-19T14:13:30.597 INFO:teuthology.orchestra.run.smithi121.stdout:/usr/bin/ceph: stderr
2024-04-19T14:13:29.970+0000 7f7e145cb700 1 -- 172.21.15.121:0/3627071292 --> [v2:172.21.15.121:6800/3847159550,v1:172.21.15.121:6801/3847159550] -- mgr_command(tid 0: {"prefix": "orch apply", "service_type": "mon", "unmanaged": true, "target": ["mon-mgr", ""]}) -- 0x7f7e0c06bb30 con 0x7f7df803af60
2024-04-19T14:13:30.597 INFO:teuthology.orchestra.run.smithi121.stdout:/usr/bin/ceph: stderr
2024-04-19T14:13:29.978+0000 7f7e037fe700 1 -- 172.21.15.121:0/3627071292 <== mgr.14120 v2:172.21.15.121:6800/3847159550 1 ==== mgr_command_reply(tid 0: 0 ) ==== 8+0+24 (secure 0 0 0) 0x7f7e0c06bb30 con 0x7f7df803af60
2024-04-19T14:13:30.597 INFO:teuthology.orchestra.run.smithi121.stdout:/usr/bin/ceph: stderr
2024-04-19T14:13:29.982+0000 7f7e145cb700 10 librados: watch_flush enter
2024-04-19T14:13:30.597 INFO:teuthology.orchestra.run.smithi121.stdout:/usr/bin/ceph: stderr
2024-04-19T14:13:29.982+0000 7f7e145cb700 10 librados: watch_flush exit
2024-04-19T14:13:30.598 INFO:teuthology.orchestra.run.smithi121.stdout:/usr/bin/ceph: stderr
2024-04-19T14:13:29.982+0000 7f7e145cb700 20 client.14142.objecter shutdown clearing up homeless session...
2024-04-19T14:13:30.598 INFO:teuthology.orchestra.run.smithi121.stdout:/usr/bin/ceph: stderr
2024-04-19T14:13:29.982+0000 7f7e145cb700 10 client.14142.objecter successfully canceled tick
2024-04-19T14:13:30.598 INFO:teuthology.orchestra.run.smithi121.stdout:/usr/bin/ceph: stderr
2024-04-19T14:13:29.982+0000 7f7e145cb700 1 -- 172.21.15.121:0/3627071292 >> [v2:172.21.15.121:6800/3847159550,v1:172.21.15.121:6801/3847159550] conn(0x7f7df803af60 msgr2=0x7f7df803d420 secure :-1 s=STATE_CONNECTION_ESTABLISHED l=1).mark_down
2024-04-19T14:13:30.598 INFO:teuthology.orchestra.run.smithi121.stdout:/usr/bin/ceph: stderr
2024-04-19T14:13:29.982+0000 7f7e145cb700 1 --2- 172.21.15.121:0/3627071292 >> [v2:172.21.15.121:6800/3847159550,v1:172.21.15.121:6801/3847159550] conn(0x7f7df803af60 0x7f7df803d420 secure :-1 s=READY pgs=12 cs=0 l=1 rev1=1 crypto rx=0x7f7dfc006fd0 tx=0x7f7dfc006e40 comp rx=0 tx=0).stop
2024-04-19T14:13:30.598 INFO:teuthology.orchestra.run.smithi121.stdout:/usr/bin/ceph: stderr
2024-04-19T14:13:29.982+0000 7f7e145cb700 1 -- 172.21.15.121:0/3627071292 >> [v2:172.21.15.121:3300/0,v1:172.21.15.121:6789/0] conn(0x7f7e0c106e70 msgr2=0x7f7e0c19b010 secure :-1 s=STATE_CONNECTION_ESTABLISHED l=1).mark_down
2024-04-19T14:13:30.598 INFO:teuthology.orchestra.run.smithi121.stdout:/usr/bin/ceph: stderr
2024-04-19T14:13:29.982+0000 7f7e145cb700 1 --2- 172.21.15.121:0/3627071292 >> [v2:172.21.15.121:3300/0,v1:172.21.15.121:6789/0] conn(0x7f7e0c106e70 0x7f7e0c19b010 secure :-1 s=READY pgs=48 cs=0 l=1 rev1=1 crypto rx=0x7f7e04009e50 tx=0x7f7e04003ad0 comp rx=0 tx=0).stop
2024-04-19T14:13:30.598 INFO:teuthology.orchestra.run.smithi121.stdout:/usr/bin/ceph: stderr
2024-04-19T14:13:29.982+0000 7f7e145cb700 1 -- 172.21.15.121:0/3627071292 shutdown_connections
2024-04-19T14:13:30.598 INFO:teuthology.orchestra.run.smithi121.stdout:/usr/bin/ceph: stderr
2024-04-19T14:13:29.982+0000 7f7e145cb700 1 --2- 172.21.15.121:0/3627071292 >> [v2:172.21.15.121:6800/3847159550,v1:172.21.15.121:6801/3847159550] conn(0x7f7df803af60 0x7f7df803d420 unknown :-1 s=CLOSED pgs=12 cs=0 l=1 rev1=1 crypto rx=0 tx=0 comp rx=0 tx=0).stop
2024-04-19T14:13:30.598 INFO:teuthology.orchestra.run.smithi121.stdout:/usr/bin/ceph: stderr
2024-04-19T14:13:29.982+0000 7f7e145cb700 1 --2- 172.21.15.121:0/3627071292 >> [v2:172.21.15.121:3300/0,v1:172.21.15.121:6789/0] conn(0x7f7e0c106e70 0x7f7e0c19b010 unknown :-1 s=CLOSED pgs=48 cs=0 l=1 rev1=1 crypto rx=0 tx=0 comp rx=0 tx=0).stop
2024-04-19T14:13:30.598 INFO:teuthology.orchestra.run.smithi121.stdout:/usr/bin/ceph: stderr
2024-04-19T14:13:29.982+0000 7f7e145cb700 1 -- 172.21.15.121:0/3627071292 >> 172.21.15.121:0/3627071292 conn(0x7f7e0c102410 msgr2=0x7f7e0c103150 unknown :-1 s=STATE_NONE l=0).mark_down
2024-04-19T14:13:30.598 INFO:teuthology.orchestra.run.smithi121.stdout:/usr/bin/ceph: stderr
2024-04-19T14:13:29.982+0000 7f7e145cb700 1 -- 172.21.15.121:0/3627071292 shutdown_connections
2024-04-19T14:13:30.598 INFO:teuthology.orchestra.run.smithi121.stdout:/usr/bin/ceph: stderr
2024-04-19T14:13:29.982+0000 7f7e145cb700 1 -- 172.21.15.121:0/3627071292 wait complete.
2024-04-19T14:13:30.598 INFO:teuthology.orchestra.run.smithi121.stdout:/usr/bin/ceph: stderr
2024-04-19T14:13:29.982+0000 7f7e145cb700 1 librados: shutdown
2024-04-19T14:13:30.598 INFO:teuthology.orchestra.run.smithi121.stdout:Deploying unmanaged mgr service...
2024-04-19T14:13:31.229 INFO:journalctl@ceph.mon.a.smithi121.stdout:Apr 19 14:13:30 smithi121 bash[21642]: audit
2024-04-19T14:13:29.977658+0000 mgr.y (mgr.14120) 16 : audit [DBG] from='client.14142 -' entity='client.admin' cmd=[{"prefix": "orch apply", "service_type": "mon", "unmanaged": true, "target": ["mon-mgr", ""]}]: dispatch
2024-04-19T14:13:31.229 INFO:journalctl@ceph.mon.a.smithi121.stdout:Apr 19 14:13:30 smithi121 bash[21642]: audit
2024-04-19T14:13:29.977658+0000 mgr.y (mgr.14120) 16 : audit [DBG] from='client.14142 -' entity='client.admin' cmd=[{"prefix": "orch apply", "service_type": "mon", "unmanaged": true, "target": ["mon-mgr", ""]}]: dispatch
2024-04-19T14:13:31.229 INFO:journalctl@ceph.mon.a.smithi121.stdout:Apr 19 14:13:30 smithi121 bash[21642]: cephadm
2024-04-19T14:13:29.979044+0000 mgr.y (mgr.14120) 17 : cephadm [INF] Saving service mon spec with placement count:5
2024-04-19T14:13:31.229 INFO:journalctl@ceph.mon.a.smithi121.stdout:Apr 19 14:13:30 smithi121 bash[21642]: cephadm
2024-04-19T14:13:29.979044+0000 mgr.y (mgr.14120) 17 : cephadm [INF] Saving service mon spec with placement count:5
2024-04-19T14:13:31.229 INFO:journalctl@ceph.mon.a.smithi121.stdout:Apr 19 14:13:30 smithi121 bash[21642]: audit
2024-04-19T14:13:29.983412+0000 mon.a (mon.0) 64 : audit [INF] from='mgr.14120 172.21.15.121:0/945603534' entity='mgr.y'
2024-04-19T14:13:31.230 INFO:journalctl@ceph.mon.a.smithi121.stdout:Apr 19 14:13:30 smithi121 bash[21642]: audit
2024-04-19T14:13:29.983412+0000 mon.a (mon.0) 64 : audit [INF] from='mgr.14120 172.21.15.121:0/945603534' entity='mgr.y'
2024-04-19T14:13:31.230 INFO:journalctl@ceph.mon.a.smithi121.stdout:Apr 19 14:13:30 smithi121 bash[21642]: audit
2024-04-19T14:13:30.094861+0000 mon.a (mon.0) 65 : audit [INF] from='mgr.14120 172.21.15.121:0/945603534' entity='mgr.y'
2024-04-19T14:13:31.230 INFO:journalctl@ceph.mon.a.smithi121.stdout:Apr 19 14:13:30 smithi121 bash[21642]: audit
2024-04-19T14:13:30.094861+0000 mon.a (mon.0) 65 : audit [INF] from='mgr.14120 172.21.15.121:0/945603534' entity='mgr.y'
2024-04-19T14:13:31.230 INFO:journalctl@ceph.mon.a.smithi121.stdout:Apr 19 14:13:30 smithi121 bash[21642]: audit
2024-04-19T14:13:30.576116+0000 mon.a (mon.0) 66 : audit [INF] from='mgr.14120 172.21.15.121:0/945603534' entity='mgr.y'
2024-04-19T14:13:31.230 INFO:journalctl@ceph.mon.a.smithi121.stdout:Apr 19 14:13:30 smithi121 bash[21642]: audit
2024-04-19T14:13:30.576116+0000 mon.a (mon.0) 66 : audit [INF] from='mgr.14120 172.21.15.121:0/945603534' entity='mgr.y'
2024-04-19T14:13:32.368 INFO:journalctl@ceph.mon.a.smithi121.stdout:Apr 19 14:13:32 smithi121 bash[21642]: cluster
2024-04-19T14:13:31.099066+0000 mgr.y (mgr.14120) 18 : cluster [DBG] pgmap v3: 0 pgs: ; 0 B data, 0 B used, 0 B / 0 B avail
2024-04-19T14:13:32.368 INFO:journalctl@ceph.mon.a.smithi121.stdout:Apr 19 14:13:32 smithi121 bash[21642]: cluster
2024-04-19T14:13:31.099066+0000 mgr.y (mgr.14120) 18 : cluster [DBG] pgmap v3: 0 pgs: ; 0 B data, 0 B used, 0 B / 0 B avail
2024-04-19T14:13:32.368 INFO:journalctl@ceph.mon.a.smithi121.stdout:Apr 19 14:13:32 smithi121 bash[21642]: audit
2024-04-19T14:13:31.819846+0000 mon.a (mon.0) 67 : audit [INF] from='mgr.14120 172.21.15.121:0/945603534' entity='mgr.y'
2024-04-19T14:13:32.369 INFO:journalctl@ceph.mon.a.smithi121.stdout:Apr 19 14:13:32 smithi121 bash[21642]: audit
2024-04-19T14:13:31.819846+0000 mon.a (mon.0) 67 : audit [INF] from='mgr.14120 172.21.15.121:0/945603534' entity='mgr.y'
2024-04-19T14:13:32.426 INFO:teuthology.orchestra.run.smithi121.stdout:/usr/bin/ceph: stdout Scheduled mgr update...
2024-04-19T14:13:32.426 INFO:teuthology.orchestra.run.smithi121.stdout:/usr/bin/ceph: stderr
2024-04-19T14:13:31.410+0000 7fa6c45b7700 1 Processor -- start
2024-04-19T14:13:32.426 INFO:teuthology.orchestra.run.smithi121.stdout:/usr/bin/ceph: stderr
2024-04-19T14:13:31.410+0000 7fa6c45b7700 1 -- start start
2024-04-19T14:13:32.426 INFO:teuthology.orchestra.run.smithi121.stdout:/usr/bin/ceph: stderr
2024-04-19T14:13:31.410+0000 7fa6c45b7700 1 --2- >> [v2:172.21.15.121:3300/0,v1:172.21.15.121:6789/0] conn(0x7fa6bc106e70 0x7fa6bc107290 unknown :-1 s=NONE pgs=0 cs=0 l=0 rev1=0 crypto rx=0 tx=0 comp rx=0 tx=0).connect
2024-04-19T14:13:32.426 INFO:teuthology.orchestra.run.smithi121.stdout:/usr/bin/ceph: stderr
2024-04-19T14:13:31.410+0000 7fa6c45b7700 1 -- --> [v2:172.21.15.121:3300/0,v1:172.21.15.121:6789/0] -- mon_getmap magic: 0 -- 0x7fa6bc1077d0 con 0x7fa6bc106e70
2024-04-19T14:13:32.426 INFO:teuthology.orchestra.run.smithi121.stdout:/usr/bin/ceph: stderr
2024-04-19T14:13:31.410+0000 7fa6c2353700 1 --2- >> [v2:172.21.15.121:3300/0,v1:172.21.15.121:6789/0] conn(0x7fa6bc106e70 0x7fa6bc107290 unknown :-1 s=BANNER_CONNECTING pgs=0 cs=0 l=0 rev1=0 crypto rx=0 tx=0 comp rx=0 tx=0)._handle_peer_banner_payload supported=3 required=0
2024-04-19T14:13:32.426 INFO:teuthology.orchestra.run.smithi121.stdout:/usr/bin/ceph: stderr
2024-04-19T14:13:31.410+0000 7fa6c2353700 1 --2- >> [v2:172.21.15.121:3300/0,v1:172.21.15.121:6789/0] conn(0x7fa6bc106e70 0x7fa6bc107290 unknown :-1 s=HELLO_CONNECTING pgs=0 cs=0 l=0 rev1=1 crypto rx=0 tx=0 comp rx=0 tx=0).handle_hello peer v2:172.21.15.121:3300/0 says I am v2:172.21.15.121:56812/0 (socket says 172.21.15.121:56812)
2024-04-19T14:13:32.426 INFO:teuthology.orchestra.run.smithi121.stdout:/usr/bin/ceph: stderr
2024-04-19T14:13:31.414+0000 7fa6c2353700 1 -- 172.21.15.121:0/1352400830 learned_addr learned my addr 172.21.15.121:0/1352400830 (peer_addr_for_me v2:172.21.15.121:0/0)
2024-04-19T14:13:32.427 INFO:teuthology.orchestra.run.smithi121.stdout:/usr/bin/ceph: stderr
2024-04-19T14:13:31.414+0000 7fa6c2353700 1 -- 172.21.15.121:0/1352400830 --> [v2:172.21.15.121:3300/0,v1:172.21.15.121:6789/0] -- mon_subscribe({config=0+,monmap=0+}) -- 0x7fa6bc107fd0 con 0x7fa6bc106e70
2024-04-19T14:13:32.427 INFO:teuthology.orchestra.run.smithi121.stdout:/usr/bin/ceph: stderr
2024-04-19T14:13:31.414+0000 7fa6c2353700 1 --2- 172.21.15.121:0/1352400830 >> [v2:172.21.15.121:3300/0,v1:172.21.15.121:6789/0] conn(0x7fa6bc106e70 0x7fa6bc107290 secure :-1 s=READY pgs=49 cs=0 l=1 rev1=1 crypto rx=0x7fa6ac0098a0 tx=0x7fa6ac009bb0 comp rx=0 tx=0).ready entity=mon.0 client_cookie=2e407634db1ffd10 server_cookie=0 in_seq=0 out_seq=0
2024-04-19T14:13:32.427 INFO:teuthology.orchestra.run.smithi121.stdout:/usr/bin/ceph: stderr
2024-04-19T14:13:31.414+0000 7fa6c1351700 1 -- 172.21.15.121:0/1352400830 <== mon.0 v2:172.21.15.121:3300/0 1 ==== mon_map magic: 0 ==== 205+0+0 (secure 0 0 0) 0x7fa6ac004160 con 0x7fa6bc106e70
2024-04-19T14:13:32.427 INFO:teuthology.orchestra.run.smithi121.stdout:/usr/bin/ceph: stderr
2024-04-19T14:13:31.414+0000 7fa6c1351700 1 -- 172.21.15.121:0/1352400830 <== mon.0 v2:172.21.15.121:3300/0 2 ==== config(24 keys) ==== 1016+0+0 (secure 0 0 0) 0x7fa6ac004300 con 0x7fa6bc106e70
2024-04-19T14:13:32.427 INFO:teuthology.orchestra.run.smithi121.stdout:/usr/bin/ceph: stderr
2024-04-19T14:13:31.414+0000 7fa6c1351700 1 -- 172.21.15.121:0/1352400830 <== mon.0 v2:172.21.15.121:3300/0 3 ==== mon_map magic: 0 ==== 205+0+0 (secure 0 0 0) 0x7fa6ac011870 con 0x7fa6bc106e70
2024-04-19T14:13:32.427 INFO:teuthology.orchestra.run.smithi121.stdout:/usr/bin/ceph: stderr
2024-04-19T14:13:31.414+0000 7fa6c45b7700 1 -- 172.21.15.121:0/1352400830 >> [v2:172.21.15.121:3300/0,v1:172.21.15.121:6789/0] conn(0x7fa6bc106e70 msgr2=0x7fa6bc107290 secure :-1 s=STATE_CONNECTION_ESTABLISHED l=1).mark_down
2024-04-19T14:13:32.427 INFO:teuthology.orchestra.run.smithi121.stdout:/usr/bin/ceph: stderr
2024-04-19T14:13:31.414+0000 7fa6c45b7700 1 --2- 172.21.15.121:0/1352400830 >> [v2:172.21.15.121:3300/0,v1:172.21.15.121:6789/0] conn(0x7fa6bc106e70 0x7fa6bc107290 secure :-1 s=READY pgs=49 cs=0 l=1 rev1=1 crypto rx=0x7fa6ac0098a0 tx=0x7fa6ac009bb0 comp rx=0 tx=0).stop
2024-04-19T14:13:32.427 INFO:teuthology.orchestra.run.smithi121.stdout:/usr/bin/ceph: stderr
2024-04-19T14:13:31.414+0000 7fa6c45b7700 1 -- 172.21.15.121:0/1352400830 shutdown_connections
2024-04-19T14:13:32.427 INFO:teuthology.orchestra.run.smithi121.stdout:/usr/bin/ceph: stderr
2024-04-19T14:13:31.414+0000 7fa6c45b7700 1 --2- 172.21.15.121:0/1352400830 >> [v2:172.21.15.121:3300/0,v1:172.21.15.121:6789/0] conn(0x7fa6bc106e70 0x7fa6bc107290 unknown :-1 s=CLOSED pgs=49 cs=0 l=1 rev1=1 crypto rx=0 tx=0 comp rx=0 tx=0).stop
2024-04-19T14:13:32.427 INFO:teuthology.orchestra.run.smithi121.stdout:/usr/bin/ceph: stderr
2024-04-19T14:13:31.414+0000 7fa6c45b7700 1 -- 172.21.15.121:0/1352400830 >> 172.21.15.121:0/1352400830 conn(0x7fa6bc102410 msgr2=0x7fa6bc104850 unknown :-1 s=STATE_NONE l=0).mark_down
2024-04-19T14:13:32.427 INFO:teuthology.orchestra.run.smithi121.stdout:/usr/bin/ceph: stderr
2024-04-19T14:13:31.414+0000 7fa6c45b7700 1 -- 172.21.15.121:0/1352400830 shutdown_connections
2024-04-19T14:13:32.427 INFO:teuthology.orchestra.run.smithi121.stdout:/usr/bin/ceph: stderr
2024-04-19T14:13:31.414+0000 7fa6c45b7700 1 -- 172.21.15.121:0/1352400830 wait complete.
2024-04-19T14:13:32.427 INFO:teuthology.orchestra.run.smithi121.stdout:/usr/bin/ceph: stderr
2024-04-19T14:13:31.414+0000 7fa6c45b7700 1 librados: starting msgr at
2024-04-19T14:13:32.428 INFO:teuthology.orchestra.run.smithi121.stdout:/usr/bin/ceph: stderr
2024-04-19T14:13:31.414+0000 7fa6c45b7700 1 librados: starting objecter
2024-04-19T14:13:32.428 INFO:teuthology.orchestra.run.smithi121.stdout:/usr/bin/ceph: stderr
2024-04-19T14:13:31.414+0000 7fa6c45b7700 1 Processor -- start
2024-04-19T14:13:32.428 INFO:teuthology.orchestra.run.smithi121.stdout:/usr/bin/ceph: stderr
2024-04-19T14:13:31.414+0000 7fa6c45b7700 1 -- start start
2024-04-19T14:13:32.428 INFO:teuthology.orchestra.run.smithi121.stdout:/usr/bin/ceph: stderr
2024-04-19T14:13:31.414+0000 7fa6c45b7700 1 librados: setting wanted keys
2024-04-19T14:13:32.428 INFO:teuthology.orchestra.run.smithi121.stdout:/usr/bin/ceph: stderr
2024-04-19T14:13:31.414+0000 7fa6c45b7700 1 librados: calling monclient init
2024-04-19T14:13:32.428 INFO:teuthology.orchestra.run.smithi121.stdout:/usr/bin/ceph: stderr
2024-04-19T14:13:31.414+0000 7fa6c45b7700 1 --2- >> [v2:172.21.15.121:3300/0,v1:172.21.15.121:6789/0] conn(0x7fa6bc106e70 0x7fa6bc07cb70 unknown :-1 s=NONE pgs=0 cs=0 l=1 rev1=0 crypto rx=0 tx=0 comp rx=0 tx=0).connect
2024-04-19T14:13:32.428 INFO:teuthology.orchestra.run.smithi121.stdout:/usr/bin/ceph: stderr
2024-04-19T14:13:31.414+0000 7fa6c45b7700 1 -- --> [v2:172.21.15.121:3300/0,v1:172.21.15.121:6789/0] -- mon_getmap magic: 0 -- 0x7fa6bc10b290 con 0x7fa6bc106e70
2024-04-19T14:13:32.428 INFO:teuthology.orchestra.run.smithi121.stdout:/usr/bin/ceph: stderr
2024-04-19T14:13:31.414+0000 7fa6c2353700 1 --2- >> [v2:172.21.15.121:3300/0,v1:172.21.15.121:6789/0] conn(0x7fa6bc106e70 0x7fa6bc07cb70 unknown :-1 s=BANNER_CONNECTING pgs=0 cs=0 l=1 rev1=0 crypto rx=0 tx=0 comp rx=0 tx=0)._handle_peer_banner_payload supported=3 required=0
2024-04-19T14:13:32.428 INFO:teuthology.orchestra.run.smithi121.stdout:/usr/bin/ceph: stderr
2024-04-19T14:13:31.414+0000 7fa6c2353700 1 --2- >> [v2:172.21.15.121:3300/0,v1:172.21.15.121:6789/0] conn(0x7fa6bc106e70 0x7fa6bc07cb70 unknown :-1 s=HELLO_CONNECTING pgs=0 cs=0 l=1 rev1=1 crypto rx=0 tx=0 comp rx=0 tx=0).handle_hello peer v2:172.21.15.121:3300/0 says I am v2:172.21.15.121:56824/0 (socket says 172.21.15.121:56824)
2024-04-19T14:13:32.428 INFO:teuthology.orchestra.run.smithi121.stdout:/usr/bin/ceph: stderr
2024-04-19T14:13:31.414+0000 7fa6c2353700 1 -- 172.21.15.121:0/811254293 learned_addr learned my addr 172.21.15.121:0/811254293 (peer_addr_for_me v2:172.21.15.121:0/0)
2024-04-19T14:13:32.428 INFO:teuthology.orchestra.run.smithi121.stdout:/usr/bin/ceph: stderr
2024-04-19T14:13:31.414+0000 7fa6c2353700 1 -- 172.21.15.121:0/811254293 --> [v2:172.21.15.121:3300/0,v1:172.21.15.121:6789/0] -- mon_subscribe({config=0+,monmap=0+}) -- 0x7fa6bc07d0b0 con 0x7fa6bc106e70
2024-04-19T14:13:32.428 INFO:teuthology.orchestra.run.smithi121.stdout:/usr/bin/ceph: stderr
2024-04-19T14:13:31.414+0000 7fa6c2353700 1 --2- 172.21.15.121:0/811254293 >> [v2:172.21.15.121:3300/0,v1:172.21.15.121:6789/0] conn(0x7fa6bc106e70 0x7fa6bc07cb70 secure :-1 s=READY pgs=50 cs=0 l=1 rev1=1 crypto rx=0x7fa6ac006af0 tx=0x7fa6ac011ea0 comp rx=0 tx=0).ready entity=mon.0 client_cookie=0 server_cookie=0 in_seq=0 out_seq=0
2024-04-19T14:13:32.428 INFO:teuthology.orchestra.run.smithi121.stdout:/usr/bin/ceph: stderr
2024-04-19T14:13:31.414+0000 7fa6b37fe700 10 client.?.objecter ms_handle_connect 0x7fa6bc106e70
2024-04-19T14:13:32.429 INFO:teuthology.orchestra.run.smithi121.stdout:/usr/bin/ceph: stderr
2024-04-19T14:13:31.414+0000 7fa6b37fe700 10 client.?.objecter resend_mon_ops
2024-04-19T14:13:32.429 INFO:teuthology.orchestra.run.smithi121.stdout:/usr/bin/ceph: stderr
2024-04-19T14:13:31.414+0000 7fa6b37fe700 1 -- 172.21.15.121:0/811254293 <== mon.0 v2:172.21.15.121:3300/0 1 ==== mon_map magic: 0 ==== 205+0+0 (secure 0 0 0) 0x7fa6ac0036a0 con 0x7fa6bc106e70
2024-04-19T14:13:32.429 INFO:teuthology.orchestra.run.smithi121.stdout:/usr/bin/ceph: stderr
2024-04-19T14:13:31.414+0000 7fa6b37fe700 1 -- 172.21.15.121:0/811254293 <== mon.0 v2:172.21.15.121:3300/0 2 ==== config(24 keys) ==== 1016+0+0 (secure 0 0 0) 0x7fa6ac01a430 con 0x7fa6bc106e70
2024-04-19T14:13:32.429 INFO:teuthology.orchestra.run.smithi121.stdout:/usr/bin/ceph: stderr
2024-04-19T14:13:31.414+0000 7fa6c45b7700 1 -- 172.21.15.121:0/811254293 --> [v2:172.21.15.121:3300/0,v1:172.21.15.121:6789/0] -- mon_subscribe({mgrmap=0+}) -- 0x7fa6bc07b2a0 con 0x7fa6bc106e70
2024-04-19T14:13:32.429 INFO:teuthology.orchestra.run.smithi121.stdout:/usr/bin/ceph: stderr
2024-04-19T14:13:31.414+0000 7fa6b37fe700 1 -- 172.21.15.121:0/811254293 <== mon.0 v2:172.21.15.121:3300/0 3 ==== mon_map magic: 0 ==== 205+0+0 (secure 0 0 0) 0x7fa6ac0193c0 con 0x7fa6bc106e70
2024-04-19T14:13:32.429 INFO:teuthology.orchestra.run.smithi121.stdout:/usr/bin/ceph: stderr
2024-04-19T14:13:31.414+0000 7fa6c45b7700 10 client.14144.objecter _maybe_request_map subscribing (onetime) to next osd map
2024-04-19T14:13:32.429 INFO:teuthology.orchestra.run.smithi121.stdout:/usr/bin/ceph: stderr
2024-04-19T14:13:31.414+0000 7fa6c45b7700 1 -- 172.21.15.121:0/811254293 --> [v2:172.21.15.121:3300/0,v1:172.21.15.121:6789/0] -- mon_subscribe({osdmap=0}) -- 0x7fa6bc07b7e0 con 0x7fa6bc106e70
2024-04-19T14:13:32.429 INFO:teuthology.orchestra.run.smithi121.stdout:/usr/bin/ceph: stderr
2024-04-19T14:13:31.414+0000 7fa6c45b7700 1 librados: init done
2024-04-19T14:13:32.429 INFO:teuthology.orchestra.run.smithi121.stdout:/usr/bin/ceph: stderr
2024-04-19T14:13:31.418+0000 7fa6b37fe700 1 -- 172.21.15.121:0/811254293 <== mon.0 v2:172.21.15.121:3300/0 4 ==== mgrmap(e 8) ==== 46558+0+0 (secure 0 0 0) 0x7fa6ac019680 con 0x7fa6bc106e70
2024-04-19T14:13:32.429 INFO:teuthology.orchestra.run.smithi121.stdout:/usr/bin/ceph: stderr
2024-04-19T14:13:31.418+0000 7fa6c45b7700 1 -- 172.21.15.121:0/811254293 --> [v2:172.21.15.121:3300/0,v1:172.21.15.121:6789/0] -- mon_command({"prefix": "get_command_descriptions"} v 0) -- 0x7fa6a0005150 con 0x7fa6bc106e70
2024-04-19T14:13:32.429 INFO:teuthology.orchestra.run.smithi121.stdout:/usr/bin/ceph: stderr
2024-04-19T14:13:31.418+0000 7fa6b37fe700 1 --2- 172.21.15.121:0/811254293 >> [v2:172.21.15.121:6800/3847159550,v1:172.21.15.121:6801/3847159550] conn(0x7fa6a803af00 0x7fa6a803d3c0 unknown :-1 s=NONE pgs=0 cs=0 l=1 rev1=0 crypto rx=0 tx=0 comp rx=0 tx=0).connect
2024-04-19T14:13:32.429 INFO:teuthology.orchestra.run.smithi121.stdout:/usr/bin/ceph: stderr
2024-04-19T14:13:31.418+0000 7fa6b37fe700 1 -- 172.21.15.121:0/811254293 <== mon.0 v2:172.21.15.121:3300/0 5 ==== osd_map(2..2 src has 1..2) ==== 940+0+0 (secure 0 0 0) 0x7fa6ac04d680 con 0x7fa6bc106e70
2024-04-19T14:13:32.429 INFO:teuthology.orchestra.run.smithi121.stdout:/usr/bin/ceph: stderr
2024-04-19T14:13:31.418+0000 7fa6b37fe700 10 client.14144.objecter ms_dispatch 0x7fa6bc001550 osd_map(2..2 src has 1..2)
2024-04-19T14:13:32.429 INFO:teuthology.orchestra.run.smithi121.stdout:/usr/bin/ceph: stderr
2024-04-19T14:13:31.418+0000 7fa6b37fe700 3 client.14144.objecter handle_osd_map got epochs [2,2] > 0
2024-04-19T14:13:32.430 INFO:teuthology.orchestra.run.smithi121.stdout:/usr/bin/ceph: stderr
2024-04-19T14:13:31.418+0000 7fa6b37fe700 3 client.14144.objecter handle_osd_map decoding full epoch 2
2024-04-19T14:13:32.430 INFO:teuthology.orchestra.run.smithi121.stdout:/usr/bin/ceph: stderr
2024-04-19T14:13:31.418+0000 7fa6b37fe700 20 client.14144.objecter dump_active .. 0 homeless
2024-04-19T14:13:32.430 INFO:teuthology.orchestra.run.smithi121.stdout:/usr/bin/ceph: stderr
2024-04-19T14:13:31.418+0000 7fa6c1b52700 1 --2- 172.21.15.121:0/811254293 >> [v2:172.21.15.121:6800/3847159550,v1:172.21.15.121:6801/3847159550] conn(0x7fa6a803af00 0x7fa6a803d3c0 unknown :-1 s=BANNER_CONNECTING pgs=0 cs=0 l=1 rev1=0 crypto rx=0 tx=0 comp rx=0 tx=0)._handle_peer_banner_payload supported=3 required=0
2024-04-19T14:13:32.430 INFO:teuthology.orchestra.run.smithi121.stdout:/usr/bin/ceph: stderr
2024-04-19T14:13:31.418+0000 7fa6b37fe700 10 client.14144.objecter ms_handle_connect 0x7fa6a803af00
2024-04-19T14:13:32.430 INFO:teuthology.orchestra.run.smithi121.stdout:/usr/bin/ceph: stderr
2024-04-19T14:13:31.418+0000 7fa6c1b52700 1 --2- 172.21.15.121:0/811254293 >> [v2:172.21.15.121:6800/3847159550,v1:172.21.15.121:6801/3847159550] conn(0x7fa6a803af00 0x7fa6a803d3c0 secure :-1 s=READY pgs=13 cs=0 l=1 rev1=1 crypto rx=0x7fa6b8006fd0 tx=0x7fa6b8006e40 comp rx=0 tx=0).ready entity=mgr.14120 client_cookie=0 server_cookie=0 in_seq=0 out_seq=0
2024-04-19T14:13:32.430 INFO:teuthology.orchestra.run.smithi121.stdout:/usr/bin/ceph: stderr
2024-04-19T14:13:31.422+0000 7fa6b37fe700 1 -- 172.21.15.121:0/811254293 <== mon.0 v2:172.21.15.121:3300/0 6 ==== mon_command_ack([{"prefix": "get_command_descriptions"}]=0 v0) ==== 72+0+188728 (secure 0 0 0) 0x7fa6ac01a5e0 con 0x7fa6bc106e70
2024-04-19T14:13:32.430 INFO:teuthology.orchestra.run.smithi121.stdout:/usr/bin/ceph: stderr
2024-04-19T14:13:31.806+0000 7fa6c45b7700 1 -- 172.21.15.121:0/811254293 --> [v2:172.21.15.121:6800/3847159550,v1:172.21.15.121:6801/3847159550] -- mgr_command(tid 0: {"prefix": "orch apply", "service_type": "mgr", "unmanaged": true, "target": ["mon-mgr", ""]}) -- 0x7fa6a0000bf0 con 0x7fa6a803af00
2024-04-19T14:13:32.430 INFO:teuthology.orchestra.run.smithi121.stdout:/usr/bin/ceph: stderr
2024-04-19T14:13:31.814+0000 7fa6b37fe700 1 -- 172.21.15.121:0/811254293 <== mgr.14120 v2:172.21.15.121:6800/3847159550 1 ==== mgr_command_reply(tid 0: 0 ) ==== 8+0+24 (secure 0 0 0) 0x7fa6a0000bf0 con 0x7fa6a803af00
2024-04-19T14:13:32.430 INFO:teuthology.orchestra.run.smithi121.stdout:/usr/bin/ceph: stderr
2024-04-19T14:13:31.818+0000 7fa6c45b7700 10 librados: watch_flush enter
2024-04-19T14:13:32.430 INFO:teuthology.orchestra.run.smithi121.stdout:/usr/bin/ceph: stderr
2024-04-19T14:13:31.818+0000 7fa6c45b7700 10 librados: watch_flush exit
2024-04-19T14:13:32.430 INFO:teuthology.orchestra.run.smithi121.stdout:/usr/bin/ceph: stderr
2024-04-19T14:13:31.818+0000 7fa6c45b7700 20 client.14144.objecter shutdown clearing up homeless session...
2024-04-19T14:13:32.430 INFO:teuthology.orchestra.run.smithi121.stdout:/usr/bin/ceph: stderr
2024-04-19T14:13:31.818+0000 7fa6c45b7700 10 client.14144.objecter successfully canceled tick
2024-04-19T14:13:32.430 INFO:teuthology.orchestra.run.smithi121.stdout:/usr/bin/ceph: stderr
2024-04-19T14:13:31.818+0000 7fa6c45b7700 1 -- 172.21.15.121:0/811254293 >> [v2:172.21.15.121:6800/3847159550,v1:172.21.15.121:6801/3847159550] conn(0x7fa6a803af00 msgr2=0x7fa6a803d3c0 secure :-1 s=STATE_CONNECTION_ESTABLISHED l=1).mark_down
2024-04-19T14:13:32.431 INFO:teuthology.orchestra.run.smithi121.stdout:/usr/bin/ceph: stderr
2024-04-19T14:13:31.818+0000 7fa6c45b7700 1 --2- 172.21.15.121:0/811254293 >> [v2:172.21.15.121:6800/3847159550,v1:172.21.15.121:6801/3847159550] conn(0x7fa6a803af00 0x7fa6a803d3c0 secure :-1 s=READY pgs=13 cs=0 l=1 rev1=1 crypto rx=0x7fa6b8006fd0 tx=0x7fa6b8006e40 comp rx=0 tx=0).stop
2024-04-19T14:13:32.431 INFO:teuthology.orchestra.run.smithi121.stdout:/usr/bin/ceph: stderr
2024-04-19T14:13:31.818+0000 7fa6c45b7700 1 -- 172.21.15.121:0/811254293 >> [v2:172.21.15.121:3300/0,v1:172.21.15.121:6789/0] conn(0x7fa6bc106e70 msgr2=0x7fa6bc07cb70 secure :-1 s=STATE_CONNECTION_ESTABLISHED l=1).mark_down
2024-04-19T14:13:32.431 INFO:teuthology.orchestra.run.smithi121.stdout:/usr/bin/ceph: stderr
2024-04-19T14:13:31.818+0000 7fa6c45b7700 1 --2- 172.21.15.121:0/811254293 >> [v2:172.21.15.121:3300/0,v1:172.21.15.121:6789/0] conn(0x7fa6bc106e70 0x7fa6bc07cb70 secure :-1 s=READY pgs=50 cs=0 l=1 rev1=1 crypto rx=0x7fa6ac006af0 tx=0x7fa6ac011ea0 comp rx=0 tx=0).stop
2024-04-19T14:13:32.431 INFO:teuthology.orchestra.run.smithi121.stdout:/usr/bin/ceph: stderr
2024-04-19T14:13:31.818+0000 7fa6c45b7700 1 -- 172.21.15.121:0/811254293 shutdown_connections
2024-04-19T14:13:32.431 INFO:teuthology.orchestra.run.smithi121.stdout:/usr/bin/ceph: stderr
2024-04-19T14:13:31.818+0000 7fa6c45b7700 1 --2- 172.21.15.121:0/811254293 >> [v2:172.21.15.121:6800/3847159550,v1:172.21.15.121:6801/3847159550] conn(0x7fa6a803af00 0x7fa6a803d3c0 unknown :-1 s=CLOSED pgs=13 cs=0 l=1 rev1=1 crypto rx=0 tx=0 comp rx=0 tx=0).stop
2024-04-19T14:13:32.431 INFO:teuthology.orchestra.run.smithi121.stdout:/usr/bin/ceph: stderr
2024-04-19T14:13:31.818+0000 7fa6c45b7700 1 --2- 172.21.15.121:0/811254293 >> [v2:172.21.15.121:3300/0,v1:172.21.15.121:6789/0] conn(0x7fa6bc106e70 0x7fa6bc07cb70 unknown :-1 s=CLOSED pgs=50 cs=0 l=1 rev1=1 crypto rx=0 tx=0 comp rx=0 tx=0).stop
2024-04-19T14:13:32.431 INFO:teuthology.orchestra.run.smithi121.stdout:/usr/bin/ceph: stderr
2024-04-19T14:13:31.818+0000 7fa6c45b7700 1 -- 172.21.15.121:0/811254293 >> 172.21.15.121:0/811254293 conn(0x7fa6bc102410 msgr2=0x7fa6bc103150 unknown :-1 s=STATE_NONE l=0).mark_down
2024-04-19T14:13:32.431 INFO:teuthology.orchestra.run.smithi121.stdout:/usr/bin/ceph: stderr
2024-04-19T14:13:31.818+0000 7fa6c45b7700 1 -- 172.21.15.121:0/811254293 shutdown_connections
2024-04-19T14:13:32.431 INFO:teuthology.orchestra.run.smithi121.stdout:/usr/bin/ceph: stderr
2024-04-19T14:13:31.818+0000 7fa6c45b7700 1 -- 172.21.15.121:0/811254293 wait complete.
2024-04-19T14:13:32.431 INFO:teuthology.orchestra.run.smithi121.stdout:/usr/bin/ceph: stderr
2024-04-19T14:13:31.818+0000 7fa6c45b7700 1 librados: shutdown
2024-04-19T14:13:33.368 INFO:journalctl@ceph.mon.a.smithi121.stdout:Apr 19 14:13:33 smithi121 bash[21642]: audit
2024-04-19T14:13:31.814378+0000 mgr.y (mgr.14120) 19 : audit [DBG] from='client.14144 -' entity='client.admin' cmd=[{"prefix": "orch apply", "service_type": "mgr", "unmanaged": true, "target": ["mon-mgr", ""]}]: dispatch
2024-04-19T14:13:33.368 INFO:journalctl@ceph.mon.a.smithi121.stdout:Apr 19 14:13:33 smithi121 bash[21642]: audit
2024-04-19T14:13:31.814378+0000 mgr.y (mgr.14120) 19 : audit [DBG] from='client.14144 -' entity='client.admin' cmd=[{"prefix": "orch apply", "service_type": "mgr", "unmanaged": true, "target": ["mon-mgr", ""]}]: dispatch
2024-04-19T14:13:33.368 INFO:journalctl@ceph.mon.a.smithi121.stdout:Apr 19 14:13:33 smithi121 bash[21642]: cephadm
2024-04-19T14:13:31.815469+0000 mgr.y (mgr.14120) 20 : cephadm [INF] Saving service mgr spec with placement count:2
2024-04-19T14:13:33.368 INFO:journalctl@ceph.mon.a.smithi121.stdout:Apr 19 14:13:33 smithi121 bash[21642]: cephadm
2024-04-19T14:13:31.815469+0000 mgr.y (mgr.14120) 20 : cephadm [INF] Saving service mgr spec with placement count:2
2024-04-19T14:13:34.340 INFO:teuthology.orchestra.run.smithi121.stdout:/usr/bin/ceph: stderr
2024-04-19T14:13:33.374+0000 7fdbb5eba700 1 Processor -- start
2024-04-19T14:13:34.340 INFO:teuthology.orchestra.run.smithi121.stdout:/usr/bin/ceph: stderr
2024-04-19T14:13:33.374+0000 7fdbb5eba700 1 -- start start
2024-04-19T14:13:34.340 INFO:teuthology.orchestra.run.smithi121.stdout:/usr/bin/ceph: stderr
2024-04-19T14:13:33.374+0000 7fdbb5eba700 1 --2- >> [v2:172.21.15.121:3300/0,v1:172.21.15.121:6789/0] conn(0x7fdbb0109080 0x7fdbb01094a0 unknown :-1 s=NONE pgs=0 cs=0 l=0 rev1=0 crypto rx=0 tx=0 comp rx=0 tx=0).connect
2024-04-19T14:13:34.341 INFO:teuthology.orchestra.run.smithi121.stdout:/usr/bin/ceph: stderr
2024-04-19T14:13:33.374+0000 7fdbb5eba700 1 -- --> [v2:172.21.15.121:3300/0,v1:172.21.15.121:6789/0] -- mon_getmap magic: 0 -- 0x7fdbb0109a70 con 0x7fdbb0109080
2024-04-19T14:13:34.341 INFO:teuthology.orchestra.run.smithi121.stdout:/usr/bin/ceph: stderr
2024-04-19T14:13:33.374+0000 7fdbaf7fe700 1 --2- >> [v2:172.21.15.121:3300/0,v1:172.21.15.121:6789/0] conn(0x7fdbb0109080 0x7fdbb01094a0 unknown :-1 s=BANNER_CONNECTING pgs=0 cs=0 l=0 rev1=0 crypto rx=0 tx=0 comp rx=0 tx=0)._handle_peer_banner_payload supported=3 required=0
2024-04-19T14:13:34.341 INFO:teuthology.orchestra.run.smithi121.stdout:/usr/bin/ceph: stderr
2024-04-19T14:13:33.374+0000 7fdbaf7fe700 1 --2- >> [v2:172.21.15.121:3300/0,v1:172.21.15.121:6789/0] conn(0x7fdbb0109080 0x7fdbb01094a0 unknown :-1 s=HELLO_CONNECTING pgs=0 cs=0 l=0 rev1=1 crypto rx=0 tx=0 comp rx=0 tx=0).handle_hello peer v2:172.21.15.121:3300/0 says I am v2:172.21.15.121:57252/0 (socket says 172.21.15.121:57252)
2024-04-19T14:13:34.341 INFO:teuthology.orchestra.run.smithi121.stdout:/usr/bin/ceph: stderr
2024-04-19T14:13:33.374+0000 7fdbaf7fe700 1 -- 172.21.15.121:0/1012240311 learned_addr learned my addr 172.21.15.121:0/1012240311 (peer_addr_for_me v2:172.21.15.121:0/0)
2024-04-19T14:13:34.341 INFO:teuthology.orchestra.run.smithi121.stdout:/usr/bin/ceph: stderr
2024-04-19T14:13:33.374+0000 7fdbaf7fe700 1 -- 172.21.15.121:0/1012240311 --> [v2:172.21.15.121:3300/0,v1:172.21.15.121:6789/0] -- mon_subscribe({config=0+,monmap=0+}) -- 0x7fdbb010a280 con 0x7fdbb0109080
2024-04-19T14:13:34.341 INFO:teuthology.orchestra.run.smithi121.stdout:/usr/bin/ceph: stderr
2024-04-19T14:13:33.374+0000 7fdbaf7fe700 1 --2- 172.21.15.121:0/1012240311 >> [v2:172.21.15.121:3300/0,v1:172.21.15.121:6789/0] conn(0x7fdbb0109080 0x7fdbb01094a0 secure :-1 s=READY pgs=51 cs=0 l=1 rev1=1 crypto rx=0x7fdba00098a0 tx=0x7fdba0009bb0 comp rx=0 tx=0).ready entity=mon.0 client_cookie=1da1f9ad739654b3 server_cookie=0 in_seq=0 out_seq=0
2024-04-19T14:13:34.341 INFO:teuthology.orchestra.run.smithi121.stdout:/usr/bin/ceph: stderr
2024-04-19T14:13:33.374+0000 7fdbae7fc700 1 -- 172.21.15.121:0/1012240311 <== mon.0 v2:172.21.15.121:3300/0 1 ==== mon_map magic: 0 ==== 205+0+0 (secure 0 0 0) 0x7fdba0004160 con 0x7fdbb0109080
2024-04-19T14:13:34.341 INFO:teuthology.orchestra.run.smithi121.stdout:/usr/bin/ceph: stderr
2024-04-19T14:13:33.374+0000 7fdbae7fc700 1 -- 172.21.15.121:0/1012240311 <== mon.0 v2:172.21.15.121:3300/0 2 ==== config(24 keys) ==== 1016+0+0 (secure 0 0 0) 0x7fdba0004300 con 0x7fdbb0109080
2024-04-19T14:13:34.341 INFO:teuthology.orchestra.run.smithi121.stdout:/usr/bin/ceph: stderr
2024-04-19T14:13:33.374+0000 7fdbae7fc700 1 -- 172.21.15.121:0/1012240311 <== mon.0 v2:172.21.15.121:3300/0 3 ==== mon_map magic: 0 ==== 205+0+0 (secure 0 0 0) 0x7fdba0011870 con 0x7fdbb0109080
2024-04-19T14:13:34.341 INFO:teuthology.orchestra.run.smithi121.stdout:/usr/bin/ceph: stderr
2024-04-19T14:13:33.378+0000 7fdbb5eba700 1 -- 172.21.15.121:0/1012240311 >> [v2:172.21.15.121:3300/0,v1:172.21.15.121:6789/0] conn(0x7fdbb0109080 msgr2=0x7fdbb01094a0 secure :-1 s=STATE_CONNECTION_ESTABLISHED l=1).mark_down
2024-04-19T14:13:34.341 INFO:teuthology.orchestra.run.smithi121.stdout:/usr/bin/ceph: stderr
2024-04-19T14:13:33.378+0000 7fdbb5eba700 1 --2- 172.21.15.121:0/1012240311 >> [v2:172.21.15.121:3300/0,v1:172.21.15.121:6789/0] conn(0x7fdbb0109080 0x7fdbb01094a0 secure :-1 s=READY pgs=51 cs=0 l=1 rev1=1 crypto rx=0x7fdba00098a0 tx=0x7fdba0009bb0 comp rx=0 tx=0).stop
2024-04-19T14:13:34.341 INFO:teuthology.orchestra.run.smithi121.stdout:/usr/bin/ceph: stderr
2024-04-19T14:13:33.378+0000 7fdbb5eba700 1 -- 172.21.15.121:0/1012240311 shutdown_connections
2024-04-19T14:13:34.342 INFO:teuthology.orchestra.run.smithi121.stdout:/usr/bin/ceph: stderr
2024-04-19T14:13:33.378+0000 7fdbb5eba700 1 --2- 172.21.15.121:0/1012240311 >> [v2:172.21.15.121:3300/0,v1:172.21.15.121:6789/0] conn(0x7fdbb0109080 0x7fdbb01094a0 unknown :-1 s=CLOSED pgs=51 cs=0 l=1 rev1=1 crypto rx=0 tx=0 comp rx=0 tx=0).stop
2024-04-19T14:13:34.342 INFO:teuthology.orchestra.run.smithi121.stdout:/usr/bin/ceph: stderr
2024-04-19T14:13:33.378+0000 7fdbb5eba700 1 -- 172.21.15.121:0/1012240311 >> 172.21.15.121:0/1012240311 conn(0x7fdbb007c470 msgr2=0x7fdbb007c880 unknown :-1 s=STATE_NONE l=0).mark_down
2024-04-19T14:13:34.342 INFO:teuthology.orchestra.run.smithi121.stdout:/usr/bin/ceph: stderr
2024-04-19T14:13:33.378+0000 7fdbb5eba700 1 -- 172.21.15.121:0/1012240311 shutdown_connections
2024-04-19T14:13:34.342 INFO:teuthology.orchestra.run.smithi121.stdout:/usr/bin/ceph: stderr
2024-04-19T14:13:33.378+0000 7fdbb5eba700 1 -- 172.21.15.121:0/1012240311 wait complete.
2024-04-19T14:13:34.342 INFO:teuthology.orchestra.run.smithi121.stdout:/usr/bin/ceph: stderr
2024-04-19T14:13:33.378+0000 7fdbb5eba700 1 librados: starting msgr at
2024-04-19T14:13:34.342 INFO:teuthology.orchestra.run.smithi121.stdout:/usr/bin/ceph: stderr
2024-04-19T14:13:33.378+0000 7fdbb5eba700 1 librados: starting objecter
2024-04-19T14:13:34.342 INFO:teuthology.orchestra.run.smithi121.stdout:/usr/bin/ceph: stderr
2024-04-19T14:13:33.378+0000 7fdbb5eba700 1 Processor -- start
2024-04-19T14:13:34.342 INFO:teuthology.orchestra.run.smithi121.stdout:/usr/bin/ceph: stderr
2024-04-19T14:13:33.378+0000 7fdbb5eba700 1 -- start start
2024-04-19T14:13:34.342 INFO:teuthology.orchestra.run.smithi121.stdout:/usr/bin/ceph: stderr
2024-04-19T14:13:33.378+0000 7fdbb5eba700 1 librados: setting wanted keys
2024-04-19T14:13:34.342 INFO:teuthology.orchestra.run.smithi121.stdout:/usr/bin/ceph: stderr
2024-04-19T14:13:33.378+0000 7fdbb5eba700 1 librados: calling monclient init
2024-04-19T14:13:34.342 INFO:teuthology.orchestra.run.smithi121.stdout:/usr/bin/ceph: stderr
2024-04-19T14:13:33.378+0000 7fdbb5eba700 1 --2- >> [v2:172.21.15.121:3300/0,v1:172.21.15.121:6789/0] conn(0x7fdbb0109080 0x7fdbb019d250 unknown :-1 s=NONE pgs=0 cs=0 l=1 rev1=0 crypto rx=0 tx=0 comp rx=0 tx=0).connect
2024-04-19T14:13:34.342 INFO:teuthology.orchestra.run.smithi121.stdout:/usr/bin/ceph: stderr
2024-04-19T14:13:33.378+0000 7fdbb5eba700 1 -- --> [v2:172.21.15.121:3300/0,v1:172.21.15.121:6789/0] -- mon_getmap magic: 0 -- 0x7fdbb010d4b0 con 0x7fdbb0109080
2024-04-19T14:13:34.342 INFO:teuthology.orchestra.run.smithi121.stdout:/usr/bin/ceph: stderr
2024-04-19T14:13:33.378+0000 7fdbaf7fe700 1 --2- >> [v2:172.21.15.121:3300/0,v1:172.21.15.121:6789/0] conn(0x7fdbb0109080 0x7fdbb019d250 unknown :-1 s=BANNER_CONNECTING pgs=0 cs=0 l=1 rev1=0 crypto rx=0 tx=0 comp rx=0 tx=0)._handle_peer_banner_payload supported=3 required=0
2024-04-19T14:13:34.342 INFO:teuthology.orchestra.run.smithi121.stdout:/usr/bin/ceph: stderr
2024-04-19T14:13:33.378+0000 7fdbaf7fe700 1 --2- >> [v2:172.21.15.121:3300/0,v1:172.21.15.121:6789/0] conn(0x7fdbb0109080 0x7fdbb019d250 unknown :-1 s=HELLO_CONNECTING pgs=0 cs=0 l=1 rev1=1 crypto rx=0 tx=0 comp rx=0 tx=0).handle_hello peer v2:172.21.15.121:3300/0 says I am v2:172.21.15.121:57266/0 (socket says 172.21.15.121:57266)
2024-04-19T14:13:34.343 INFO:teuthology.orchestra.run.smithi121.stdout:/usr/bin/ceph: stderr
2024-04-19T14:13:33.378+0000 7fdbaf7fe700 1 -- 172.21.15.121:0/1618088397 learned_addr learned my addr 172.21.15.121:0/1618088397 (peer_addr_for_me v2:172.21.15.121:0/0)
2024-04-19T14:13:34.343 INFO:teuthology.orchestra.run.smithi121.stdout:/usr/bin/ceph: stderr
2024-04-19T14:13:33.378+0000 7fdbaf7fe700 1 -- 172.21.15.121:0/1618088397 --> [v2:172.21.15.121:3300/0,v1:172.21.15.121:6789/0] -- mon_subscribe({config=0+,monmap=0+}) -- 0x7fdbb019d790 con 0x7fdbb0109080
2024-04-19T14:13:34.343 INFO:teuthology.orchestra.run.smithi121.stdout:/usr/bin/ceph: stderr
2024-04-19T14:13:33.378+0000 7fdbaf7fe700 1 --2- 172.21.15.121:0/1618088397 >> [v2:172.21.15.121:3300/0,v1:172.21.15.121:6789/0] conn(0x7fdbb0109080 0x7fdbb019d250 secure :-1 s=READY pgs=52 cs=0 l=1 rev1=1 crypto rx=0x7fdba0006af0 tx=0x7fdba0011f90 comp rx=0 tx=0).ready entity=mon.0 client_cookie=0 server_cookie=0 in_seq=0 out_seq=0
2024-04-19T14:13:34.343 INFO:teuthology.orchestra.run.smithi121.stdout:/usr/bin/ceph: stderr
2024-04-19T14:13:33.378+0000 7fdbacff9700 10 client.?.objecter ms_handle_connect 0x7fdbb0109080
2024-04-19T14:13:34.343 INFO:teuthology.orchestra.run.smithi121.stdout:/usr/bin/ceph: stderr
2024-04-19T14:13:33.378+0000 7fdbacff9700 10 client.?.objecter resend_mon_ops
2024-04-19T14:13:34.343 INFO:teuthology.orchestra.run.smithi121.stdout:/usr/bin/ceph: stderr
2024-04-19T14:13:33.378+0000 7fdbacff9700 1 -- 172.21.15.121:0/1618088397 <== mon.0 v2:172.21.15.121:3300/0 1 ==== mon_map magic: 0 ==== 205+0+0 (secure 0 0 0) 0x7fdba0011970 con 0x7fdbb0109080
2024-04-19T14:13:34.343 INFO:teuthology.orchestra.run.smithi121.stdout:/usr/bin/ceph: stderr
2024-04-19T14:13:33.378+0000 7fdbacff9700 1 -- 172.21.15.121:0/1618088397 <== mon.0 v2:172.21.15.121:3300/0 2 ==== config(24 keys) ==== 1016+0+0 (secure 0 0 0) 0x7fdba0003b00 con 0x7fdbb0109080
2024-04-19T14:13:34.343 INFO:teuthology.orchestra.run.smithi121.stdout:/usr/bin/ceph: stderr
2024-04-19T14:13:33.378+0000 7fdbb5eba700 1 -- 172.21.15.121:0/1618088397 --> [v2:172.21.15.121:3300/0,v1:172.21.15.121:6789/0] -- mon_subscribe({mgrmap=0+}) -- 0x7fdbb019da20 con 0x7fdbb0109080
2024-04-19T14:13:34.343 INFO:teuthology.orchestra.run.smithi121.stdout:/usr/bin/ceph: stderr
2024-04-19T14:13:33.378+0000 7fdbacff9700 1 -- 172.21.15.121:0/1618088397 <== mon.0 v2:172.21.15.121:3300/0 3 ==== mon_map magic: 0 ==== 205+0+0 (secure 0 0 0) 0x7fdba001acf0 con 0x7fdbb0109080
2024-04-19T14:13:34.343 INFO:teuthology.orchestra.run.smithi121.stdout:/usr/bin/ceph: stderr
2024-04-19T14:13:33.378+0000 7fdbb5eba700 10 client.14146.objecter _maybe_request_map subscribing (onetime) to next osd map
2024-04-19T14:13:34.343 INFO:teuthology.orchestra.run.smithi121.stdout:/usr/bin/ceph: stderr
2024-04-19T14:13:33.378+0000 7fdbb5eba700 1 -- 172.21.15.121:0/1618088397 --> [v2:172.21.15.121:3300/0,v1:172.21.15.121:6789/0] -- mon_subscribe({osdmap=0}) -- 0x7fdbb01a0710 con 0x7fdbb0109080
2024-04-19T14:13:34.343 INFO:teuthology.orchestra.run.smithi121.stdout:/usr/bin/ceph: stderr
2024-04-19T14:13:33.378+0000 7fdbb5eba700 1 librados: init done
2024-04-19T14:13:34.343 INFO:teuthology.orchestra.run.smithi121.stdout:/usr/bin/ceph: stderr
2024-04-19T14:13:33.378+0000 7fdbacff9700 1 -- 172.21.15.121:0/1618088397 <== mon.0 v2:172.21.15.121:3300/0 4 ==== mgrmap(e 8) ==== 46558+0+0 (secure 0 0 0) 0x7fdba002d440 con 0x7fdbb0109080
2024-04-19T14:13:34.344 INFO:teuthology.orchestra.run.smithi121.stdout:/usr/bin/ceph: stderr
2024-04-19T14:13:33.378+0000 7fdbacff9700 1 --2- 172.21.15.121:0/1618088397 >> [v2:172.21.15.121:6800/3847159550,v1:172.21.15.121:6801/3847159550] conn(0x7fdb9c03b100 0x7fdb9c03d5c0 unknown :-1 s=NONE pgs=0 cs=0 l=1 rev1=0 crypto rx=0 tx=0 comp rx=0 tx=0).connect
2024-04-19T14:13:34.344 INFO:teuthology.orchestra.run.smithi121.stdout:/usr/bin/ceph: stderr
2024-04-19T14:13:33.378+0000 7fdbb5eba700 1 -- 172.21.15.121:0/1618088397 --> [v2:172.21.15.121:3300/0,v1:172.21.15.121:6789/0] -- mon_command({"prefix": "get_command_descriptions"} v 0) -- 0x7fdbb010d630 con 0x7fdbb0109080
2024-04-19T14:13:34.344 INFO:teuthology.orchestra.run.smithi121.stdout:/usr/bin/ceph: stderr
2024-04-19T14:13:33.378+0000 7fdbacff9700 1 -- 172.21.15.121:0/1618088397 <== mon.0 v2:172.21.15.121:3300/0 5 ==== osd_map(2..2 src has 1..2) ==== 940+0+0 (secure 0 0 0) 0x7fdba004d920 con 0x7fdbb0109080
2024-04-19T14:13:34.344 INFO:teuthology.orchestra.run.smithi121.stdout:/usr/bin/ceph: stderr
2024-04-19T14:13:33.378+0000 7fdbacff9700 10 client.14146.objecter ms_dispatch 0x7fdbb0001550 osd_map(2..2 src has 1..2)
2024-04-19T14:13:34.344 INFO:teuthology.orchestra.run.smithi121.stdout:/usr/bin/ceph: stderr
2024-04-19T14:13:33.378+0000 7fdbacff9700 3 client.14146.objecter handle_osd_map got epochs [2,2] > 0
2024-04-19T14:13:34.344 INFO:teuthology.orchestra.run.smithi121.stdout:/usr/bin/ceph: stderr
2024-04-19T14:13:33.378+0000 7fdbacff9700 3 client.14146.objecter handle_osd_map decoding full epoch 2
2024-04-19T14:13:34.344 INFO:teuthology.orchestra.run.smithi121.stdout:/usr/bin/ceph: stderr
2024-04-19T14:13:33.378+0000 7fdbacff9700 20 client.14146.objecter dump_active .. 0 homeless
2024-04-19T14:13:34.344 INFO:teuthology.orchestra.run.smithi121.stdout:/usr/bin/ceph: stderr
2024-04-19T14:13:33.378+0000 7fdbaeffd700 1 --2- 172.21.15.121:0/1618088397 >> [v2:172.21.15.121:6800/3847159550,v1:172.21.15.121:6801/3847159550] conn(0x7fdb9c03b100 0x7fdb9c03d5c0 unknown :-1 s=BANNER_CONNECTING pgs=0 cs=0 l=1 rev1=0 crypto rx=0 tx=0 comp rx=0 tx=0)._handle_peer_banner_payload supported=3 required=0
2024-04-19T14:13:34.344 INFO:teuthology.orchestra.run.smithi121.stdout:/usr/bin/ceph: stderr
2024-04-19T14:13:33.378+0000 7fdbaeffd700 1 --2- 172.21.15.121:0/1618088397 >> [v2:172.21.15.121:6800/3847159550,v1:172.21.15.121:6801/3847159550] conn(0x7fdb9c03b100 0x7fdb9c03d5c0 secure :-1 s=READY pgs=14 cs=0 l=1 rev1=1 crypto rx=0x7fdb98006fd0 tx=0x7fdb98006e40 comp rx=0 tx=0).ready entity=mgr.14120 client_cookie=0 server_cookie=0 in_seq=0 out_seq=0
2024-04-19T14:13:34.344 INFO:teuthology.orchestra.run.smithi121.stdout:/usr/bin/ceph: stderr
2024-04-19T14:13:33.378+0000 7fdbacff9700 10 client.14146.objecter ms_handle_connect 0x7fdb9c03b100
2024-04-19T14:13:34.344 INFO:teuthology.orchestra.run.smithi121.stdout:/usr/bin/ceph: stderr
2024-04-19T14:13:33.386+0000 7fdbacff9700 1 -- 172.21.15.121:0/1618088397 <== mon.0 v2:172.21.15.121:3300/0 6 ==== mon_command_ack([{"prefix": "get_command_descriptions"}]=0 v0) ==== 72+0+188728 (secure 0 0 0) 0x7fdba000f2e0 con 0x7fdbb0109080
2024-04-19T14:13:34.344 INFO:teuthology.orchestra.run.smithi121.stdout:/usr/bin/ceph: stderr
2024-04-19T14:13:33.754+0000 7fdbb5eba700 1 -- 172.21.15.121:0/1618088397 --> [v2:172.21.15.121:3300/0,v1:172.21.15.121:6789/0] -- mon_command([{prefix=config set, name=mgr/cephadm/container_init}] v 0) -- 0x7fdbb006ba90 con 0x7fdbb0109080
2024-04-19T14:13:34.344 INFO:teuthology.orchestra.run.smithi121.stdout:/usr/bin/ceph: stderr
2024-04-19T14:13:33.758+0000 7fdbacff9700 1 -- 172.21.15.121:0/1618088397 <== mon.0 v2:172.21.15.121:3300/0 7 ==== mon_command_ack([{prefix=config set, name=mgr/cephadm/container_init}]=0 v7)=0 v7) ==== 142+0+0 (secure 0 0 0) 0x7fdba0032020 con 0x7fdbb0109080
2024-04-19T14:13:34.344 INFO:teuthology.orchestra.run.smithi121.stdout:/usr/bin/ceph: stderr
2024-04-19T14:13:33.762+0000 7fdbb5eba700 10 librados: watch_flush enter
2024-04-19T14:13:34.345 INFO:teuthology.orchestra.run.smithi121.stdout:/usr/bin/ceph: stderr
2024-04-19T14:13:33.762+0000 7fdbb5eba700 10 librados: watch_flush exit
2024-04-19T14:13:34.345 INFO:teuthology.orchestra.run.smithi121.stdout:/usr/bin/ceph: stderr
2024-04-19T14:13:33.762+0000 7fdbb5eba700 20 client.14146.objecter shutdown clearing up homeless session...
2024-04-19T14:13:34.345 INFO:teuthology.orchestra.run.smithi121.stdout:/usr/bin/ceph: stderr
2024-04-19T14:13:33.762+0000 7fdbb5eba700 10 client.14146.objecter successfully canceled tick
2024-04-19T14:13:34.345 INFO:teuthology.orchestra.run.smithi121.stdout:/usr/bin/ceph: stderr
2024-04-19T14:13:33.762+0000 7fdbb5eba700 1 -- 172.21.15.121:0/1618088397 >> [v2:172.21.15.121:6800/3847159550,v1:172.21.15.121:6801/3847159550] conn(0x7fdb9c03b100 msgr2=0x7fdb9c03d5c0 secure :-1 s=STATE_CONNECTION_ESTABLISHED l=1).mark_down
2024-04-19T14:13:34.345 INFO:teuthology.orchestra.run.smithi121.stdout:/usr/bin/ceph: stderr
2024-04-19T14:13:33.762+0000 7fdbb5eba700 1 --2- 172.21.15.121:0/1618088397 >> [v2:172.21.15.121:6800/3847159550,v1:172.21.15.121:6801/3847159550] conn(0x7fdb9c03b100 0x7fdb9c03d5c0 secure :-1 s=READY pgs=14 cs=0 l=1 rev1=1 crypto rx=0x7fdb98006fd0 tx=0x7fdb98006e40 comp rx=0 tx=0).stop
2024-04-19T14:13:34.345 INFO:teuthology.orchestra.run.smithi121.stdout:/usr/bin/ceph: stderr
2024-04-19T14:13:33.762+0000 7fdbb5eba700 1 -- 172.21.15.121:0/1618088397 >> [v2:172.21.15.121:3300/0,v1:172.21.15.121:6789/0] conn(0x7fdbb0109080 msgr2=0x7fdbb019d250 secure :-1 s=STATE_CONNECTION_ESTABLISHED l=1).mark_down
2024-04-19T14:13:34.345 INFO:teuthology.orchestra.run.smithi121.stdout:/usr/bin/ceph: stderr
