2024-04-22T15:09:08.210+0000 7fc5077fe700 1 -- 172.21.15.96:0/297497651 <== mon.0 v2:172.21.15.96:3300/0 3 ==== mon_map magic: 0 v1 ==== 229+0+0 (secure 0 0 0) 0x7fc508019750 con 0x7fc518106aa0
2024-04-22T15:09:09.038 INFO:teuthology.orchestra.run.smithi096.stdout:/usr/bin/ceph: stderr
2024-04-22T15:09:08.210+0000 7fc51ce7d700 1 -- 172.21.15.96:0/297497651 --> [v2:172.21.15.96:3300/0,v1:172.21.15.96:6789/0] -- mon_subscribe({osdmap=0}) v3 -- 0x7fc51819af80 con 0x7fc518106aa0
2024-04-22T15:09:09.038 INFO:teuthology.orchestra.run.smithi096.stdout:/usr/bin/ceph: stderr
2024-04-22T15:09:08.211+0000 7fc5077fe700 1 -- 172.21.15.96:0/297497651 <== mon.0 v2:172.21.15.96:3300/0 4 ==== mgrmap(e 8) v1 ==== 45556+0+0 (secure 0 0 0) 0x7fc5080199c0 con 0x7fc518106aa0
2024-04-22T15:09:09.038 INFO:teuthology.orchestra.run.smithi096.stdout:/usr/bin/ceph: stderr
2024-04-22T15:09:08.211+0000 7fc51ce7d700 1 -- 172.21.15.96:0/297497651 --> [v2:172.21.15.96:3300/0,v1:172.21.15.96:6789/0] -- mon_command({"prefix": "get_command_descriptions"} v 0) v1 -- 0x7fc5181945a0 con 0x7fc518106aa0
2024-04-22T15:09:09.038 INFO:teuthology.orchestra.run.smithi096.stdout:/usr/bin/ceph: stderr
2024-04-22T15:09:08.212+0000 7fc5077fe700 1 --2- 172.21.15.96:0/297497651 >> [v2:172.21.15.96:6800/3275369520,v1:172.21.15.96:6801/3275369520] conn(0x7fc5000386e0 0x7fc50003aba0 unknown :-1 s=NONE pgs=0 cs=0 l=1 rev1=0 crypto rx=0 tx=0 comp rx=0 tx=0).connect
2024-04-22T15:09:09.038 INFO:teuthology.orchestra.run.smithi096.stdout:/usr/bin/ceph: stderr
2024-04-22T15:09:08.212+0000 7fc5077fe700 1 -- 172.21.15.96:0/297497651 <== mon.0 v2:172.21.15.96:3300/0 5 ==== osd_map(2..2 src has 1..2) v4 ==== 940+0+0 (secure 0 0 0) 0x7fc50804c8d0 con 0x7fc518106aa0
2024-04-22T15:09:09.038 INFO:teuthology.orchestra.run.smithi096.stdout:/usr/bin/ceph: stderr
2024-04-22T15:09:08.212+0000 7fc515d9b700 1 --2- 172.21.15.96:0/297497651 >> [v2:172.21.15.96:6800/3275369520,v1:172.21.15.96:6801/3275369520] conn(0x7fc5000386e0 0x7fc50003aba0 unknown :-1 s=BANNER_CONNECTING pgs=0 cs=0 l=1 rev1=0 crypto rx=0 tx=0 comp rx=0 tx=0)._handle_peer_banner_payload supported=3 required=0
2024-04-22T15:09:09.038 INFO:teuthology.orchestra.run.smithi096.stdout:/usr/bin/ceph: stderr
2024-04-22T15:09:08.212+0000 7fc515d9b700 1 --2- 172.21.15.96:0/297497651 >> [v2:172.21.15.96:6800/3275369520,v1:172.21.15.96:6801/3275369520] conn(0x7fc5000386e0 0x7fc50003aba0 secure :-1 s=READY pgs=16 cs=0 l=1 rev1=1 crypto rx=0x7fc50c006fd0 tx=0x7fc50c006e40 comp rx=0 tx=0).ready entity=mgr.14120 client_cookie=0 server_cookie=0 in_seq=0 out_seq=0
2024-04-22T15:09:09.038 INFO:teuthology.orchestra.run.smithi096.stdout:/usr/bin/ceph: stderr
2024-04-22T15:09:08.216+0000 7fc5077fe700 1 -- 172.21.15.96:0/297497651 <== mon.0 v2:172.21.15.96:3300/0 6 ==== mon_command_ack([{"prefix": "get_command_descriptions"}]=0 v0) v1 ==== 72+0+183351 (secure 0 0 0) 0x7fc508010380 con 0x7fc518106aa0
2024-04-22T15:09:09.039 INFO:teuthology.orchestra.run.smithi096.stdout:/usr/bin/ceph: stderr
2024-04-22T15:09:08.424+0000 7fc51ce7d700 1 -- 172.21.15.96:0/297497651 --> [v2:172.21.15.96:6800/3275369520,v1:172.21.15.96:6801/3275369520] -- mgr_command(tid 0: {"prefix": "orch apply", "service_type": "prometheus", "target": ["mon-mgr", ""]}) v1 -- 0x7fc51802cf40 con 0x7fc5000386e0
2024-04-22T15:09:09.039 INFO:teuthology.orchestra.run.smithi096.stdout:/usr/bin/ceph: stderr
2024-04-22T15:09:08.429+0000 7fc5077fe700 1 -- 172.21.15.96:0/297497651 <== mgr.14120 v2:172.21.15.96:6800/3275369520 1 ==== mgr_command_reply(tid 0: 0 ) v1 ==== 8+0+31 (secure 0 0 0) 0x7fc51802cf40 con 0x7fc5000386e0
2024-04-22T15:09:09.039 INFO:teuthology.orchestra.run.smithi096.stdout:/usr/bin/ceph: stderr
2024-04-22T15:09:08.432+0000 7fc51ce7d700 1 -- 172.21.15.96:0/297497651 >> [v2:172.21.15.96:6800/3275369520,v1:172.21.15.96:6801/3275369520] conn(0x7fc5000386e0 msgr2=0x7fc50003aba0 secure :-1 s=STATE_CONNECTION_ESTABLISHED l=1).mark_down
2024-04-22T15:09:09.039 INFO:teuthology.orchestra.run.smithi096.stdout:/usr/bin/ceph: stderr
2024-04-22T15:09:08.432+0000 7fc51ce7d700 1 --2- 172.21.15.96:0/297497651 >> [v2:172.21.15.96:6800/3275369520,v1:172.21.15.96:6801/3275369520] conn(0x7fc5000386e0 0x7fc50003aba0 secure :-1 s=READY pgs=16 cs=0 l=1 rev1=1 crypto rx=0x7fc50c006fd0 tx=0x7fc50c006e40 comp rx=0 tx=0).stop
2024-04-22T15:09:09.039 INFO:teuthology.orchestra.run.smithi096.stdout:/usr/bin/ceph: stderr
2024-04-22T15:09:08.432+0000 7fc51ce7d700 1 -- 172.21.15.96:0/297497651 >> [v2:172.21.15.96:3300/0,v1:172.21.15.96:6789/0] conn(0x7fc518106aa0 msgr2=0x7fc51819a3a0 secure :-1 s=STATE_CONNECTION_ESTABLISHED l=1).mark_down
2024-04-22T15:09:09.039 INFO:teuthology.orchestra.run.smithi096.stdout:/usr/bin/ceph: stderr
2024-04-22T15:09:08.432+0000 7fc51ce7d700 1 --2- 172.21.15.96:0/297497651 >> [v2:172.21.15.96:3300/0,v1:172.21.15.96:6789/0] conn(0x7fc518106aa0 0x7fc51819a3a0 secure :-1 s=READY pgs=56 cs=0 l=1 rev1=1 crypto rx=0x7fc508009fb0 tx=0x7fc508011890 comp rx=0 tx=0).stop
2024-04-22T15:09:09.039 INFO:teuthology.orchestra.run.smithi096.stdout:/usr/bin/ceph: stderr
2024-04-22T15:09:08.432+0000 7fc51ce7d700 1 -- 172.21.15.96:0/297497651 shutdown_connections
2024-04-22T15:09:09.039 INFO:teuthology.orchestra.run.smithi096.stdout:/usr/bin/ceph: stderr
2024-04-22T15:09:08.432+0000 7fc51ce7d700 1 --2- 172.21.15.96:0/297497651 >> [v2:172.21.15.96:6800/3275369520,v1:172.21.15.96:6801/3275369520] conn(0x7fc5000386e0 0x7fc50003aba0 unknown :-1 s=CLOSED pgs=16 cs=0 l=1 rev1=1 crypto rx=0 tx=0 comp rx=0 tx=0).stop
2024-04-22T15:09:09.039 INFO:teuthology.orchestra.run.smithi096.stdout:/usr/bin/ceph: stderr
2024-04-22T15:09:08.432+0000 7fc51ce7d700 1 --2- 172.21.15.96:0/297497651 >> [v2:172.21.15.96:3300/0,v1:172.21.15.96:6789/0] conn(0x7fc518106aa0 0x7fc51819a3a0 unknown :-1 s=CLOSED pgs=56 cs=0 l=1 rev1=1 crypto rx=0 tx=0 comp rx=0 tx=0).stop
2024-04-22T15:09:09.039 INFO:teuthology.orchestra.run.smithi096.stdout:/usr/bin/ceph: stderr
2024-04-22T15:09:08.432+0000 7fc51ce7d700 1 -- 172.21.15.96:0/297497651 >> 172.21.15.96:0/297497651 conn(0x7fc518100270 msgr2=0x7fc5181010d0 unknown :-1 s=STATE_NONE l=0).mark_down
2024-04-22T15:09:09.039 INFO:teuthology.orchestra.run.smithi096.stdout:/usr/bin/ceph: stderr
2024-04-22T15:09:08.432+0000 7fc51ce7d700 1 -- 172.21.15.96:0/297497651 shutdown_connections
2024-04-22T15:09:09.039 INFO:teuthology.orchestra.run.smithi096.stdout:/usr/bin/ceph: stderr
2024-04-22T15:09:08.433+0000 7fc51ce7d700 1 -- 172.21.15.96:0/297497651 wait complete.
2024-04-22T15:09:09.039 INFO:teuthology.orchestra.run.smithi096.stdout:Deploying grafana service with default placement...
2024-04-22T15:09:09.686 INFO:journalctl@ceph.mon.smithi096.smithi096.stdout:Apr 22 15:09:09 smithi096 ceph-mon[26688]: from='client.14150 -' entity='client.admin' cmd=[{"prefix": "orch apply", "service_type": "prometheus", "target": ["mon-mgr", ""]}]: dispatch
2024-04-22T15:09:09.686 INFO:journalctl@ceph.mon.smithi096.smithi096.stdout:Apr 22 15:09:09 smithi096 ceph-mon[26688]: Saving service prometheus spec with placement count:1
2024-04-22T15:09:09.687 INFO:journalctl@ceph.mon.smithi096.smithi096.stdout:Apr 22 15:09:09 smithi096 ceph-mon[26688]: from='mgr.14120 172.21.15.96:0/2857890932' entity='mgr.smithi096.hhkvum'
2024-04-22T15:09:09.687 INFO:journalctl@ceph.mon.smithi096.smithi096.stdout:Apr 22 15:09:09 smithi096 ceph-mon[26688]: from='mgr.14120 172.21.15.96:0/2857890932' entity='mgr.smithi096.hhkvum'
2024-04-22T15:09:10.596 INFO:teuthology.orchestra.run.smithi096.stdout:/usr/bin/ceph: stdout Scheduled grafana update...
2024-04-22T15:09:10.596 INFO:teuthology.orchestra.run.smithi096.stdout:/usr/bin/ceph: stderr
2024-04-22T15:09:09.460+0000 7f1fd2d23700 1 Processor -- start
2024-04-22T15:09:10.596 INFO:teuthology.orchestra.run.smithi096.stdout:/usr/bin/ceph: stderr
2024-04-22T15:09:09.460+0000 7f1fd2d23700 1 -- start start
2024-04-22T15:09:10.597 INFO:teuthology.orchestra.run.smithi096.stdout:/usr/bin/ceph: stderr
2024-04-22T15:09:09.460+0000 7f1fd2d23700 1 --2- >> [v2:172.21.15.96:3300/0,v1:172.21.15.96:6789/0] conn(0x7f1fcc107060 0x7f1fcc109450 unknown :-1 s=NONE pgs=0 cs=0 l=0 rev1=0 crypto rx=0 tx=0 comp rx=0 tx=0).connect
2024-04-22T15:09:10.597 INFO:teuthology.orchestra.run.smithi096.stdout:/usr/bin/ceph: stderr
2024-04-22T15:09:09.460+0000 7f1fd2d23700 1 -- --> [v2:172.21.15.96:3300/0,v1:172.21.15.96:6789/0] -- mon_getmap magic: 0 v1 -- 0x7f1fcc074770 con 0x7f1fcc107060
2024-04-22T15:09:10.597 INFO:teuthology.orchestra.run.smithi096.stdout:/usr/bin/ceph: stderr
2024-04-22T15:09:09.460+0000 7f1fd0abf700 1 --2- >> [v2:172.21.15.96:3300/0,v1:172.21.15.96:6789/0] conn(0x7f1fcc107060 0x7f1fcc109450 unknown :-1 s=BANNER_CONNECTING pgs=0 cs=0 l=0 rev1=0 crypto rx=0 tx=0 comp rx=0 tx=0)._handle_peer_banner_payload supported=3 required=0
2024-04-22T15:09:10.597 INFO:teuthology.orchestra.run.smithi096.stdout:/usr/bin/ceph: stderr
2024-04-22T15:09:09.460+0000 7f1fd0abf700 1 --2- >> [v2:172.21.15.96:3300/0,v1:172.21.15.96:6789/0] conn(0x7f1fcc107060 0x7f1fcc109450 unknown :-1 s=HELLO_CONNECTING pgs=0 cs=0 l=0 rev1=1 crypto rx=0 tx=0 comp rx=0 tx=0).handle_hello peer v2:172.21.15.96:3300/0 says I am v2:172.21.15.96:57512/0 (socket says 172.21.15.96:57512)
2024-04-22T15:09:10.597 INFO:teuthology.orchestra.run.smithi096.stdout:/usr/bin/ceph: stderr
2024-04-22T15:09:09.460+0000 7f1fd0abf700 1 -- 172.21.15.96:0/3560091032 learned_addr learned my addr 172.21.15.96:0/3560091032 (peer_addr_for_me v2:172.21.15.96:0/0)
2024-04-22T15:09:10.597 INFO:teuthology.orchestra.run.smithi096.stdout:/usr/bin/ceph: stderr
2024-04-22T15:09:09.461+0000 7f1fd0abf700 1 -- 172.21.15.96:0/3560091032 --> [v2:172.21.15.96:3300/0,v1:172.21.15.96:6789/0] -- mon_subscribe({config=0+,monmap=0+}) v3 -- 0x7f1fcc109990 con 0x7f1fcc107060
2024-04-22T15:09:10.597 INFO:teuthology.orchestra.run.smithi096.stdout:/usr/bin/ceph: stderr
2024-04-22T15:09:09.461+0000 7f1fd0abf700 1 --2- 172.21.15.96:0/3560091032 >> [v2:172.21.15.96:3300/0,v1:172.21.15.96:6789/0] conn(0x7f1fcc107060 0x7f1fcc109450 secure :-1 s=READY pgs=57 cs=0 l=1 rev1=1 crypto rx=0x7f1fc00098a0 tx=0x7f1fc0009bb0 comp rx=0 tx=0).ready entity=mon.0 client_cookie=90296d885f08e260 server_cookie=0 in_seq=0 out_seq=0
2024-04-22T15:09:10.597 INFO:teuthology.orchestra.run.smithi096.stdout:/usr/bin/ceph: stderr
2024-04-22T15:09:09.461+0000 7f1fcb7fe700 1 -- 172.21.15.96:0/3560091032 <== mon.0 v2:172.21.15.96:3300/0 1 ==== mon_map magic: 0 v1 ==== 229+0+0 (secure 0 0 0) 0x7f1fc0004180 con 0x7f1fcc107060
2024-04-22T15:09:10.597 INFO:teuthology.orchestra.run.smithi096.stdout:/usr/bin/ceph: stderr
2024-04-22T15:09:09.461+0000 7f1fcb7fe700 1 -- 172.21.15.96:0/3560091032 <== mon.0 v2:172.21.15.96:3300/0 2 ==== config(27 keys) v1 ==== 1109+0+0 (secure 0 0 0) 0x7f1fc00042e0 con 0x7f1fcc107060
2024-04-22T15:09:10.597 INFO:teuthology.orchestra.run.smithi096.stdout:/usr/bin/ceph: stderr
2024-04-22T15:09:09.461+0000 7f1fcb7fe700 1 -- 172.21.15.96:0/3560091032 <== mon.0 v2:172.21.15.96:3300/0 3 ==== mon_map magic: 0 v1 ==== 229+0+0 (secure 0 0 0) 0x7f1fc0011b10 con 0x7f1fcc107060
2024-04-22T15:09:10.597 INFO:teuthology.orchestra.run.smithi096.stdout:/usr/bin/ceph: stderr
2024-04-22T15:09:09.462+0000 7f1fd2d23700 1 -- 172.21.15.96:0/3560091032 >> [v2:172.21.15.96:3300/0,v1:172.21.15.96:6789/0] conn(0x7f1fcc107060 msgr2=0x7f1fcc109450 secure :-1 s=STATE_CONNECTION_ESTABLISHED l=1).mark_down
2024-04-22T15:09:10.597 INFO:teuthology.orchestra.run.smithi096.stdout:/usr/bin/ceph: stderr
2024-04-22T15:09:09.462+0000 7f1fd2d23700 1 --2- 172.21.15.96:0/3560091032 >> [v2:172.21.15.96:3300/0,v1:172.21.15.96:6789/0] conn(0x7f1fcc107060 0x7f1fcc109450 secure :-1 s=READY pgs=57 cs=0 l=1 rev1=1 crypto rx=0x7f1fc00098a0 tx=0x7f1fc0009bb0 comp rx=0 tx=0).stop
2024-04-22T15:09:10.597 INFO:teuthology.orchestra.run.smithi096.stdout:/usr/bin/ceph: stderr
2024-04-22T15:09:09.462+0000 7f1fd2d23700 1 -- 172.21.15.96:0/3560091032 shutdown_connections
2024-04-22T15:09:10.597 INFO:teuthology.orchestra.run.smithi096.stdout:/usr/bin/ceph: stderr
2024-04-22T15:09:09.462+0000 7f1fd2d23700 1 --2- 172.21.15.96:0/3560091032 >> [v2:172.21.15.96:3300/0,v1:172.21.15.96:6789/0] conn(0x7f1fcc107060 0x7f1fcc109450 unknown :-1 s=CLOSED pgs=57 cs=0 l=1 rev1=1 crypto rx=0 tx=0 comp rx=0 tx=0).stop
2024-04-22T15:09:10.598 INFO:teuthology.orchestra.run.smithi096.stdout:/usr/bin/ceph: stderr
2024-04-22T15:09:09.462+0000 7f1fd2d23700 1 -- 172.21.15.96:0/3560091032 >> 172.21.15.96:0/3560091032 conn(0x7f1fcc100a50 msgr2=0x7f1fcc102e90 unknown :-1 s=STATE_NONE l=0).mark_down
2024-04-22T15:09:10.598 INFO:teuthology.orchestra.run.smithi096.stdout:/usr/bin/ceph: stderr
2024-04-22T15:09:09.462+0000 7f1fd2d23700 1 -- 172.21.15.96:0/3560091032 shutdown_connections
2024-04-22T15:09:10.598 INFO:teuthology.orchestra.run.smithi096.stdout:/usr/bin/ceph: stderr
2024-04-22T15:09:09.462+0000 7f1fd2d23700 1 -- 172.21.15.96:0/3560091032 wait complete.
2024-04-22T15:09:10.598 INFO:teuthology.orchestra.run.smithi096.stdout:/usr/bin/ceph: stderr
2024-04-22T15:09:09.463+0000 7f1fd2d23700 1 Processor -- start
2024-04-22T15:09:10.598 INFO:teuthology.orchestra.run.smithi096.stdout:/usr/bin/ceph: stderr
2024-04-22T15:09:09.463+0000 7f1fd2d23700 1 -- start start
2024-04-22T15:09:10.598 INFO:teuthology.orchestra.run.smithi096.stdout:/usr/bin/ceph: stderr
2024-04-22T15:09:09.463+0000 7f1fd2d23700 1 --2- >> [v2:172.21.15.96:3300/0,v1:172.21.15.96:6789/0] conn(0x7f1fcc107060 0x7f1fcc19a310 unknown :-1 s=NONE pgs=0 cs=0 l=1 rev1=0 crypto rx=0 tx=0 comp rx=0 tx=0).connect
2024-04-22T15:09:10.598 INFO:teuthology.orchestra.run.smithi096.stdout:/usr/bin/ceph: stderr
2024-04-22T15:09:09.463+0000 7f1fd2d23700 1 -- --> [v2:172.21.15.96:3300/0,v1:172.21.15.96:6789/0] -- mon_getmap magic: 0 v1 -- 0x7f1fcc19a850 con 0x7f1fcc107060
2024-04-22T15:09:10.598 INFO:teuthology.orchestra.run.smithi096.stdout:/usr/bin/ceph: stderr
2024-04-22T15:09:09.463+0000 7f1fd0abf700 1 --2- >> [v2:172.21.15.96:3300/0,v1:172.21.15.96:6789/0] conn(0x7f1fcc107060 0x7f1fcc19a310 unknown :-1 s=BANNER_CONNECTING pgs=0 cs=0 l=1 rev1=0 crypto rx=0 tx=0 comp rx=0 tx=0)._handle_peer_banner_payload supported=3 required=0
2024-04-22T15:09:10.598 INFO:teuthology.orchestra.run.smithi096.stdout:/usr/bin/ceph: stderr
2024-04-22T15:09:09.463+0000 7f1fd0abf700 1 --2- >> [v2:172.21.15.96:3300/0,v1:172.21.15.96:6789/0] conn(0x7f1fcc107060 0x7f1fcc19a310 unknown :-1 s=HELLO_CONNECTING pgs=0 cs=0 l=1 rev1=1 crypto rx=0 tx=0 comp rx=0 tx=0).handle_hello peer v2:172.21.15.96:3300/0 says I am v2:172.21.15.96:57514/0 (socket says 172.21.15.96:57514)
2024-04-22T15:09:10.598 INFO:teuthology.orchestra.run.smithi096.stdout:/usr/bin/ceph: stderr
2024-04-22T15:09:09.463+0000 7f1fd0abf700 1 -- 172.21.15.96:0/2648203338 learned_addr learned my addr 172.21.15.96:0/2648203338 (peer_addr_for_me v2:172.21.15.96:0/0)
2024-04-22T15:09:10.598 INFO:teuthology.orchestra.run.smithi096.stdout:/usr/bin/ceph: stderr
2024-04-22T15:09:09.463+0000 7f1fd0abf700 1 -- 172.21.15.96:0/2648203338 --> [v2:172.21.15.96:3300/0,v1:172.21.15.96:6789/0] -- mon_subscribe({config=0+,monmap=0+}) v3 -- 0x7f1fc0009550 con 0x7f1fcc107060
2024-04-22T15:09:10.598 INFO:teuthology.orchestra.run.smithi096.stdout:/usr/bin/ceph: stderr
2024-04-22T15:09:09.464+0000 7f1fd0abf700 1 --2- 172.21.15.96:0/2648203338 >> [v2:172.21.15.96:3300/0,v1:172.21.15.96:6789/0] conn(0x7f1fcc107060 0x7f1fcc19a310 secure :-1 s=READY pgs=58 cs=0 l=1 rev1=1 crypto rx=0x7f1fc00117b0 tx=0x7f1fc0011890 comp rx=0 tx=0).ready entity=mon.0 client_cookie=0 server_cookie=0 in_seq=0 out_seq=0
2024-04-22T15:09:10.598 INFO:teuthology.orchestra.run.smithi096.stdout:/usr/bin/ceph: stderr
2024-04-22T15:09:09.464+0000 7f1fc9ffb700 1 -- 172.21.15.96:0/2648203338 <== mon.0 v2:172.21.15.96:3300/0 1 ==== mon_map magic: 0 v1 ==== 229+0+0 (secure 0 0 0) 0x7f1fc00038b0 con 0x7f1fcc107060
2024-04-22T15:09:10.599 INFO:teuthology.orchestra.run.smithi096.stdout:/usr/bin/ceph: stderr
2024-04-22T15:09:09.464+0000 7f1fc9ffb700 1 -- 172.21.15.96:0/2648203338 <== mon.0 v2:172.21.15.96:3300/0 2 ==== config(27 keys) v1 ==== 1109+0+0 (secure 0 0 0) 0x7f1fc0003a10 con 0x7f1fcc107060
2024-04-22T15:09:10.599 INFO:teuthology.orchestra.run.smithi096.stdout:/usr/bin/ceph: stderr
2024-04-22T15:09:09.464+0000 7f1fd2d23700 1 -- 172.21.15.96:0/2648203338 --> [v2:172.21.15.96:3300/0,v1:172.21.15.96:6789/0] -- mon_subscribe({mgrmap=0+}) v3 -- 0x7f1fcc19aa50 con 0x7f1fcc107060
2024-04-22T15:09:10.599 INFO:teuthology.orchestra.run.smithi096.stdout:/usr/bin/ceph: stderr
2024-04-22T15:09:09.464+0000 7f1fc9ffb700 1 -- 172.21.15.96:0/2648203338 <== mon.0 v2:172.21.15.96:3300/0 3 ==== mon_map magic: 0 v1 ==== 229+0+0 (secure 0 0 0) 0x7f1fc0024780 con 0x7f1fcc107060
2024-04-22T15:09:10.599 INFO:teuthology.orchestra.run.smithi096.stdout:/usr/bin/ceph: stderr
2024-04-22T15:09:09.464+0000 7f1fd2d23700 1 -- 172.21.15.96:0/2648203338 --> [v2:172.21.15.96:3300/0,v1:172.21.15.96:6789/0] -- mon_subscribe({osdmap=0}) v3 -- 0x7f1fcc19aef0 con 0x7f1fcc107060
2024-04-22T15:09:10.599 INFO:teuthology.orchestra.run.smithi096.stdout:/usr/bin/ceph: stderr
2024-04-22T15:09:09.465+0000 7f1fc9ffb700 1 -- 172.21.15.96:0/2648203338 <== mon.0 v2:172.21.15.96:3300/0 4 ==== mgrmap(e 8) v1 ==== 45556+0+0 (secure 0 0 0) 0x7f1fc00248e0 con 0x7f1fcc107060
2024-04-22T15:09:10.599 INFO:teuthology.orchestra.run.smithi096.stdout:/usr/bin/ceph: stderr
2024-04-22T15:09:09.465+0000 7f1fd2d23700 1 -- 172.21.15.96:0/2648203338 --> [v2:172.21.15.96:3300/0,v1:172.21.15.96:6789/0] -- mon_command({"prefix": "get_command_descriptions"} v 0) v1 -- 0x7f1fcc10a720 con 0x7f1fcc107060
2024-04-22T15:09:10.599 INFO:teuthology.orchestra.run.smithi096.stdout:/usr/bin/ceph: stderr
2024-04-22T15:09:09.465+0000 7f1fc9ffb700 1 --2- 172.21.15.96:0/2648203338 >> [v2:172.21.15.96:6800/3275369520,v1:172.21.15.96:6801/3275369520] conn(0x7f1fbc038720 0x7f1fbc03abe0 unknown :-1 s=NONE pgs=0 cs=0 l=1 rev1=0 crypto rx=0 tx=0 comp rx=0 tx=0).connect
2024-04-22T15:09:10.599 INFO:teuthology.orchestra.run.smithi096.stdout:/usr/bin/ceph: stderr
2024-04-22T15:09:09.465+0000 7f1fc9ffb700 1 -- 172.21.15.96:0/2648203338 <== mon.0 v2:172.21.15.96:3300/0 5 ==== osd_map(2..2 src has 1..2) v4 ==== 940+0+0 (secure 0 0 0) 0x7f1fc004c7f0 con 0x7f1fcc107060
2024-04-22T15:09:10.599 INFO:teuthology.orchestra.run.smithi096.stdout:/usr/bin/ceph: stderr
2024-04-22T15:09:09.465+0000 7f1fcbfff700 1 --2- 172.21.15.96:0/2648203338 >> [v2:172.21.15.96:6800/3275369520,v1:172.21.15.96:6801/3275369520] conn(0x7f1fbc038720 0x7f1fbc03abe0 unknown :-1 s=BANNER_CONNECTING pgs=0 cs=0 l=1 rev1=0 crypto rx=0 tx=0 comp rx=0 tx=0)._handle_peer_banner_payload supported=3 required=0
2024-04-22T15:09:10.599 INFO:teuthology.orchestra.run.smithi096.stdout:/usr/bin/ceph: stderr
2024-04-22T15:09:09.466+0000 7f1fcbfff700 1 --2- 172.21.15.96:0/2648203338 >> [v2:172.21.15.96:6800/3275369520,v1:172.21.15.96:6801/3275369520] conn(0x7f1fbc038720 0x7f1fbc03abe0 secure :-1 s=READY pgs=17 cs=0 l=1 rev1=1 crypto rx=0x7f1fb8006fd0 tx=0x7f1fb8006e40 comp rx=0 tx=0).ready entity=mgr.14120 client_cookie=0 server_cookie=0 in_seq=0 out_seq=0
2024-04-22T15:09:10.599 INFO:teuthology.orchestra.run.smithi096.stdout:/usr/bin/ceph: stderr
2024-04-22T15:09:09.470+0000 7f1fc9ffb700 1 -- 172.21.15.96:0/2648203338 <== mon.0 v2:172.21.15.96:3300/0 6 ==== mon_command_ack([{"prefix": "get_command_descriptions"}]=0 v0) v1 ==== 72+0+183351 (secure 0 0 0) 0x7f1fc0024b90 con 0x7f1fcc107060
2024-04-22T15:09:10.599 INFO:teuthology.orchestra.run.smithi096.stdout:/usr/bin/ceph: stderr
2024-04-22T15:09:09.682+0000 7f1fd2d23700 1 -- 172.21.15.96:0/2648203338 --> [v2:172.21.15.96:6800/3275369520,v1:172.21.15.96:6801/3275369520] -- mgr_command(tid 0: {"prefix": "orch apply", "service_type": "grafana", "target": ["mon-mgr", ""]}) v1 -- 0x7f1fcc101ce0 con 0x7f1fbc038720
2024-04-22T15:09:10.599 INFO:teuthology.orchestra.run.smithi096.stdout:/usr/bin/ceph: stderr
2024-04-22T15:09:09.688+0000 7f1fc9ffb700 1 -- 172.21.15.96:0/2648203338 <== mgr.14120 v2:172.21.15.96:6800/3275369520 1 ==== mgr_command_reply(tid 0: 0 ) v1 ==== 8+0+28 (secure 0 0 0) 0x7f1fcc101ce0 con 0x7f1fbc038720
2024-04-22T15:09:10.600 INFO:teuthology.orchestra.run.smithi096.stdout:/usr/bin/ceph: stderr
2024-04-22T15:09:09.690+0000 7f1fd2d23700 1 -- 172.21.15.96:0/2648203338 >> [v2:172.21.15.96:6800/3275369520,v1:172.21.15.96:6801/3275369520] conn(0x7f1fbc038720 msgr2=0x7f1fbc03abe0 secure :-1 s=STATE_CONNECTION_ESTABLISHED l=1).mark_down
2024-04-22T15:09:10.600 INFO:teuthology.orchestra.run.smithi096.stdout:/usr/bin/ceph: stderr
2024-04-22T15:09:09.690+0000 7f1fd2d23700 1 --2- 172.21.15.96:0/2648203338 >> [v2:172.21.15.96:6800/3275369520,v1:172.21.15.96:6801/3275369520] conn(0x7f1fbc038720 0x7f1fbc03abe0 secure :-1 s=READY pgs=17 cs=0 l=1 rev1=1 crypto rx=0x7f1fb8006fd0 tx=0x7f1fb8006e40 comp rx=0 tx=0).stop
2024-04-22T15:09:10.600 INFO:teuthology.orchestra.run.smithi096.stdout:/usr/bin/ceph: stderr
2024-04-22T15:09:09.690+0000 7f1fd2d23700 1 -- 172.21.15.96:0/2648203338 >> [v2:172.21.15.96:3300/0,v1:172.21.15.96:6789/0] conn(0x7f1fcc107060 msgr2=0x7f1fcc19a310 secure :-1 s=STATE_CONNECTION_ESTABLISHED l=1).mark_down
2024-04-22T15:09:10.600 INFO:teuthology.orchestra.run.smithi096.stdout:/usr/bin/ceph: stderr
2024-04-22T15:09:09.690+0000 7f1fd2d23700 1 --2- 172.21.15.96:0/2648203338 >> [v2:172.21.15.96:3300/0,v1:172.21.15.96:6789/0] conn(0x7f1fcc107060 0x7f1fcc19a310 secure :-1 s=READY pgs=58 cs=0 l=1 rev1=1 crypto rx=0x7f1fc00117b0 tx=0x7f1fc0011890 comp rx=0 tx=0).stop
2024-04-22T15:09:10.600 INFO:teuthology.orchestra.run.smithi096.stdout:/usr/bin/ceph: stderr
2024-04-22T15:09:09.690+0000 7f1fd2d23700 1 -- 172.21.15.96:0/2648203338 shutdown_connections
2024-04-22T15:09:10.600 INFO:teuthology.orchestra.run.smithi096.stdout:/usr/bin/ceph: stderr
2024-04-22T15:09:09.690+0000 7f1fd2d23700 1 --2- 172.21.15.96:0/2648203338 >> [v2:172.21.15.96:6800/3275369520,v1:172.21.15.96:6801/3275369520] conn(0x7f1fbc038720 0x7f1fbc03abe0 unknown :-1 s=CLOSED pgs=17 cs=0 l=1 rev1=1 crypto rx=0 tx=0 comp rx=0 tx=0).stop
2024-04-22T15:09:10.600 INFO:teuthology.orchestra.run.smithi096.stdout:/usr/bin/ceph: stderr
2024-04-22T15:09:09.690+0000 7f1fd2d23700 1 --2- 172.21.15.96:0/2648203338 >> [v2:172.21.15.96:3300/0,v1:172.21.15.96:6789/0] conn(0x7f1fcc107060 0x7f1fcc19a310 unknown :-1 s=CLOSED pgs=58 cs=0 l=1 rev1=1 crypto rx=0 tx=0 comp rx=0 tx=0).stop
2024-04-22T15:09:10.600 INFO:teuthology.orchestra.run.smithi096.stdout:/usr/bin/ceph: stderr
2024-04-22T15:09:09.690+0000 7f1fd2d23700 1 -- 172.21.15.96:0/2648203338 >> 172.21.15.96:0/2648203338 conn(0x7f1fcc100a50 msgr2=0x7f1fcc1015d0 unknown :-1 s=STATE_NONE l=0).mark_down
2024-04-22T15:09:10.600 INFO:teuthology.orchestra.run.smithi096.stdout:/usr/bin/ceph: stderr
2024-04-22T15:09:09.690+0000 7f1fd2d23700 1 -- 172.21.15.96:0/2648203338 shutdown_connections
2024-04-22T15:09:10.600 INFO:teuthology.orchestra.run.smithi096.stdout:/usr/bin/ceph: stderr
2024-04-22T15:09:09.690+0000 7f1fd2d23700 1 -- 172.21.15.96:0/2648203338 wait complete.
2024-04-22T15:09:10.600 INFO:teuthology.orchestra.run.smithi096.stdout:Deploying node-exporter service with default placement...
2024-04-22T15:09:10.720 INFO:journalctl@ceph.mon.smithi096.smithi096.stdout:Apr 22 15:09:10 smithi096 ceph-mon[26688]: from='client.14152 -' entity='client.admin' cmd=[{"prefix": "orch apply", "service_type": "grafana", "target": ["mon-mgr", ""]}]: dispatch
2024-04-22T15:09:10.720 INFO:journalctl@ceph.mon.smithi096.smithi096.stdout:Apr 22 15:09:10 smithi096 ceph-mon[26688]: Saving service grafana spec with placement count:1
2024-04-22T15:09:10.720 INFO:journalctl@ceph.mon.smithi096.smithi096.stdout:Apr 22 15:09:10 smithi096 ceph-mon[26688]: from='mgr.14120 172.21.15.96:0/2857890932' entity='mgr.smithi096.hhkvum'
2024-04-22T15:09:12.037 INFO:teuthology.orchestra.run.smithi096.stdout:/usr/bin/ceph: stdout Scheduled node-exporter update...
2024-04-22T15:09:12.038 INFO:teuthology.orchestra.run.smithi096.stdout:/usr/bin/ceph: stderr
2024-04-22T15:09:11.041+0000 7f671ee2a700 1 Processor -- start
2024-04-22T15:09:12.038 INFO:teuthology.orchestra.run.smithi096.stdout:/usr/bin/ceph: stderr
2024-04-22T15:09:11.041+0000 7f671ee2a700 1 -- start start
2024-04-22T15:09:12.038 INFO:teuthology.orchestra.run.smithi096.stdout:/usr/bin/ceph: stderr
2024-04-22T15:09:11.041+0000 7f671ee2a700 1 --2- >> [v2:172.21.15.96:3300/0,v1:172.21.15.96:6789/0] conn(0x7f6718106600 0x7f6718106a20 unknown :-1 s=NONE pgs=0 cs=0 l=0 rev1=0 crypto rx=0 tx=0 comp rx=0 tx=0).connect
2024-04-22T15:09:12.038 INFO:teuthology.orchestra.run.smithi096.stdout:/usr/bin/ceph: stderr
2024-04-22T15:09:11.041+0000 7f671ee2a700 1 -- --> [v2:172.21.15.96:3300/0,v1:172.21.15.96:6789/0] -- mon_getmap magic: 0 v1 -- 0x7f6718106ff0 con 0x7f6718106600
2024-04-22T15:09:12.038 INFO:teuthology.orchestra.run.smithi096.stdout:/usr/bin/ceph: stderr
2024-04-22T15:09:11.041+0000 7f671cbc6700 1 --2- >> [v2:172.21.15.96:3300/0,v1:172.21.15.96:6789/0] conn(0x7f6718106600 0x7f6718106a20 unknown :-1 s=BANNER_CONNECTING pgs=0 cs=0 l=0 rev1=0 crypto rx=0 tx=0 comp rx=0 tx=0)._handle_peer_banner_payload supported=3 required=0
2024-04-22T15:09:12.038 INFO:teuthology.orchestra.run.smithi096.stdout:/usr/bin/ceph: stderr
2024-04-22T15:09:11.041+0000 7f671cbc6700 1 --2- >> [v2:172.21.15.96:3300/0,v1:172.21.15.96:6789/0] conn(0x7f6718106600 0x7f6718106a20 unknown :-1 s=HELLO_CONNECTING pgs=0 cs=0 l=0 rev1=1 crypto rx=0 tx=0 comp rx=0 tx=0).handle_hello peer v2:172.21.15.96:3300/0 says I am v2:172.21.15.96:40532/0 (socket says 172.21.15.96:40532)
2024-04-22T15:09:12.038 INFO:teuthology.orchestra.run.smithi096.stdout:/usr/bin/ceph: stderr
2024-04-22T15:09:11.041+0000 7f671cbc6700 1 -- 172.21.15.96:0/805408520 learned_addr learned my addr 172.21.15.96:0/805408520 (peer_addr_for_me v2:172.21.15.96:0/0)
2024-04-22T15:09:12.038 INFO:teuthology.orchestra.run.smithi096.stdout:/usr/bin/ceph: stderr
2024-04-22T15:09:11.042+0000 7f671cbc6700 1 -- 172.21.15.96:0/805408520 --> [v2:172.21.15.96:3300/0,v1:172.21.15.96:6789/0] -- mon_subscribe({config=0+,monmap=0+}) v3 -- 0x7f67181077b0 con 0x7f6718106600
2024-04-22T15:09:12.038 INFO:teuthology.orchestra.run.smithi096.stdout:/usr/bin/ceph: stderr
2024-04-22T15:09:11.042+0000 7f671cbc6700 1 --2- 172.21.15.96:0/805408520 >> [v2:172.21.15.96:3300/0,v1:172.21.15.96:6789/0] conn(0x7f6718106600 0x7f6718106a20 secure :-1 s=READY pgs=59 cs=0 l=1 rev1=1 crypto rx=0x7f670c0098a0 tx=0x7f670c009bb0 comp rx=0 tx=0).ready entity=mon.0 client_cookie=5077c7dd0de73605 server_cookie=0 in_seq=0 out_seq=0
2024-04-22T15:09:12.038 INFO:teuthology.orchestra.run.smithi096.stdout:/usr/bin/ceph: stderr
2024-04-22T15:09:11.042+0000 7f67177fe700 1 -- 172.21.15.96:0/805408520 <== mon.0 v2:172.21.15.96:3300/0 1 ==== mon_map magic: 0 v1 ==== 229+0+0 (secure 0 0 0) 0x7f670c004180 con 0x7f6718106600
2024-04-22T15:09:12.038 INFO:teuthology.orchestra.run.smithi096.stdout:/usr/bin/ceph: stderr
2024-04-22T15:09:11.042+0000 7f67177fe700 1 -- 172.21.15.96:0/805408520 <== mon.0 v2:172.21.15.96:3300/0 2 ==== config(27 keys) v1 ==== 1109+0+0 (secure 0 0 0) 0x7f670c0042e0 con 0x7f6718106600
2024-04-22T15:09:12.039 INFO:teuthology.orchestra.run.smithi096.stdout:/usr/bin/ceph: stderr
2024-04-22T15:09:11.042+0000 7f67177fe700 1 -- 172.21.15.96:0/805408520 <== mon.0 v2:172.21.15.96:3300/0 3 ==== mon_map magic: 0 v1 ==== 229+0+0 (secure 0 0 0) 0x7f670c011b10 con 0x7f6718106600
2024-04-22T15:09:12.039 INFO:teuthology.orchestra.run.smithi096.stdout:/usr/bin/ceph: stderr
2024-04-22T15:09:11.042+0000 7f671ee2a700 1 -- 172.21.15.96:0/805408520 >> [v2:172.21.15.96:3300/0,v1:172.21.15.96:6789/0] conn(0x7f6718106600 msgr2=0x7f6718106a20 secure :-1 s=STATE_CONNECTION_ESTABLISHED l=1).mark_down
2024-04-22T15:09:12.039 INFO:teuthology.orchestra.run.smithi096.stdout:/usr/bin/ceph: stderr
2024-04-22T15:09:11.042+0000 7f671ee2a700 1 --2- 172.21.15.96:0/805408520 >> [v2:172.21.15.96:3300/0,v1:172.21.15.96:6789/0] conn(0x7f6718106600 0x7f6718106a20 secure :-1 s=READY pgs=59 cs=0 l=1 rev1=1 crypto rx=0x7f670c0098a0 tx=0x7f670c009bb0 comp rx=0 tx=0).stop
2024-04-22T15:09:12.039 INFO:teuthology.orchestra.run.smithi096.stdout:/usr/bin/ceph: stderr
2024-04-22T15:09:11.042+0000 7f671ee2a700 1 -- 172.21.15.96:0/805408520 shutdown_connections
2024-04-22T15:09:12.039 INFO:teuthology.orchestra.run.smithi096.stdout:/usr/bin/ceph: stderr
2024-04-22T15:09:11.042+0000 7f671ee2a700 1 --2- 172.21.15.96:0/805408520 >> [v2:172.21.15.96:3300/0,v1:172.21.15.96:6789/0] conn(0x7f6718106600 0x7f6718106a20 unknown :-1 s=CLOSED pgs=59 cs=0 l=1 rev1=1 crypto rx=0 tx=0 comp rx=0 tx=0).stop
2024-04-22T15:09:12.039 INFO:teuthology.orchestra.run.smithi096.stdout:/usr/bin/ceph: stderr
2024-04-22T15:09:11.042+0000 7f671ee2a700 1 -- 172.21.15.96:0/805408520 >> 172.21.15.96:0/805408520 conn(0x7f6718101be0 msgr2=0x7f6718104000 unknown :-1 s=STATE_NONE l=0).mark_down
2024-04-22T15:09:12.039 INFO:teuthology.orchestra.run.smithi096.stdout:/usr/bin/ceph: stderr
2024-04-22T15:09:11.043+0000 7f671ee2a700 1 -- 172.21.15.96:0/805408520 shutdown_connections
2024-04-22T15:09:12.039 INFO:teuthology.orchestra.run.smithi096.stdout:/usr/bin/ceph: stderr
2024-04-22T15:09:11.043+0000 7f671ee2a700 1 -- 172.21.15.96:0/805408520 wait complete.
2024-04-22T15:09:12.039 INFO:teuthology.orchestra.run.smithi096.stdout:/usr/bin/ceph: stderr
2024-04-22T15:09:11.043+0000 7f671ee2a700 1 Processor -- start
2024-04-22T15:09:12.039 INFO:teuthology.orchestra.run.smithi096.stdout:/usr/bin/ceph: stderr
2024-04-22T15:09:11.043+0000 7f671ee2a700 1 -- start start
2024-04-22T15:09:12.039 INFO:teuthology.orchestra.run.smithi096.stdout:/usr/bin/ceph: stderr
2024-04-22T15:09:11.043+0000 7f671ee2a700 1 --2- >> [v2:172.21.15.96:3300/0,v1:172.21.15.96:6789/0] conn(0x7f6718106600 0x7f671807baf0 unknown :-1 s=NONE pgs=0 cs=0 l=1 rev1=0 crypto rx=0 tx=0 comp rx=0 tx=0).connect
2024-04-22T15:09:12.039 INFO:teuthology.orchestra.run.smithi096.stdout:/usr/bin/ceph: stderr
2024-04-22T15:09:11.043+0000 7f671ee2a700 1 -- --> [v2:172.21.15.96:3300/0,v1:172.21.15.96:6789/0] -- mon_getmap magic: 0 v1 -- 0x7f671807c030 con 0x7f6718106600
2024-04-22T15:09:12.039 INFO:teuthology.orchestra.run.smithi096.stdout:/usr/bin/ceph: stderr
2024-04-22T15:09:11.043+0000 7f671cbc6700 1 --2- >> [v2:172.21.15.96:3300/0,v1:172.21.15.96:6789/0] conn(0x7f6718106600 0x7f671807baf0 unknown :-1 s=BANNER_CONNECTING pgs=0 cs=0 l=1 rev1=0 crypto rx=0 tx=0 comp rx=0 tx=0)._handle_peer_banner_payload supported=3 required=0
2024-04-22T15:09:12.039 INFO:teuthology.orchestra.run.smithi096.stdout:/usr/bin/ceph: stderr
2024-04-22T15:09:11.043+0000 7f671cbc6700 1 --2- >> [v2:172.21.15.96:3300/0,v1:172.21.15.96:6789/0] conn(0x7f6718106600 0x7f671807baf0 unknown :-1 s=HELLO_CONNECTING pgs=0 cs=0 l=1 rev1=1 crypto rx=0 tx=0 comp rx=0 tx=0).handle_hello peer v2:172.21.15.96:3300/0 says I am v2:172.21.15.96:40542/0 (socket says 172.21.15.96:40542)
2024-04-22T15:09:12.040 INFO:teuthology.orchestra.run.smithi096.stdout:/usr/bin/ceph: stderr
2024-04-22T15:09:11.043+0000 7f671cbc6700 1 -- 172.21.15.96:0/2021998286 learned_addr learned my addr 172.21.15.96:0/2021998286 (peer_addr_for_me v2:172.21.15.96:0/0)
2024-04-22T15:09:12.040 INFO:teuthology.orchestra.run.smithi096.stdout:/usr/bin/ceph: stderr
2024-04-22T15:09:11.044+0000 7f671cbc6700 1 -- 172.21.15.96:0/2021998286 --> [v2:172.21.15.96:3300/0,v1:172.21.15.96:6789/0] -- mon_subscribe({config=0+,monmap=0+}) v3 -- 0x7f670c009550 con 0x7f6718106600
2024-04-22T15:09:12.040 INFO:teuthology.orchestra.run.smithi096.stdout:/usr/bin/ceph: stderr
2024-04-22T15:09:11.044+0000 7f671cbc6700 1 --2- 172.21.15.96:0/2021998286 >> [v2:172.21.15.96:3300/0,v1:172.21.15.96:6789/0] conn(0x7f6718106600 0x7f671807baf0 secure :-1 s=READY pgs=60 cs=0 l=1 rev1=1 crypto rx=0x7f670c0117b0 tx=0x7f670c011890 comp rx=0 tx=0).ready entity=mon.0 client_cookie=0 server_cookie=0 in_seq=0 out_seq=0
2024-04-22T15:09:12.040 INFO:teuthology.orchestra.run.smithi096.stdout:/usr/bin/ceph: stderr
2024-04-22T15:09:11.044+0000 7f6715ffb700 1 -- 172.21.15.96:0/2021998286 <== mon.0 v2:172.21.15.96:3300/0 1 ==== mon_map magic: 0 v1 ==== 229+0+0 (secure 0 0 0) 0x7f670c0038b0 con 0x7f6718106600
2024-04-22T15:09:12.040 INFO:teuthology.orchestra.run.smithi096.stdout:/usr/bin/ceph: stderr
2024-04-22T15:09:11.044+0000 7f6715ffb700 1 -- 172.21.15.96:0/2021998286 <== mon.0 v2:172.21.15.96:3300/0 2 ==== config(27 keys) v1 ==== 1109+0+0 (secure 0 0 0) 0x7f670c003a10 con 0x7f6718106600
2024-04-22T15:09:12.040 INFO:teuthology.orchestra.run.smithi096.stdout:/usr/bin/ceph: stderr
2024-04-22T15:09:11.044+0000 7f6715ffb700 1 -- 172.21.15.96:0/2021998286 <== mon.0 v2:172.21.15.96:3300/0 3 ==== mon_map magic: 0 v1 ==== 229+0+0 (secure 0 0 0) 0x7f670c0246e0 con 0x7f6718106600
2024-04-22T15:09:12.040 INFO:teuthology.orchestra.run.smithi096.stdout:/usr/bin/ceph: stderr
2024-04-22T15:09:11.044+0000 7f671ee2a700 1 -- 172.21.15.96:0/2021998286 --> [v2:172.21.15.96:3300/0,v1:172.21.15.96:6789/0] -- mon_subscribe({mgrmap=0+}) v3 -- 0x7f671807a2c0 con 0x7f6718106600
2024-04-22T15:09:12.040 INFO:teuthology.orchestra.run.smithi096.stdout:/usr/bin/ceph: stderr
2024-04-22T15:09:11.044+0000 7f671ee2a700 1 -- 172.21.15.96:0/2021998286 --> [v2:172.21.15.96:3300/0,v1:172.21.15.96:6789/0] -- mon_subscribe({osdmap=0}) v3 -- 0x7f671807a760 con 0x7f6718106600
2024-04-22T15:09:12.040 INFO:teuthology.orchestra.run.smithi096.stdout:/usr/bin/ceph: stderr
2024-04-22T15:09:11.045+0000 7f6715ffb700 1 -- 172.21.15.96:0/2021998286 <== mon.0 v2:172.21.15.96:3300/0 4 ==== mgrmap(e 8) v1 ==== 45556+0+0 (secure 0 0 0) 0x7f670c01ab80 con 0x7f6718106600
2024-04-22T15:09:12.040 INFO:teuthology.orchestra.run.smithi096.stdout:/usr/bin/ceph: stderr
2024-04-22T15:09:11.045+0000 7f6715ffb700 1 --2- 172.21.15.96:0/2021998286 >> [v2:172.21.15.96:6800/3275369520,v1:172.21.15.96:6801/3275369520] conn(0x7f6708038770 0x7f670803ac30 unknown :-1 s=NONE pgs=0 cs=0 l=1 rev1=0 crypto rx=0 tx=0 comp rx=0 tx=0).connect
2024-04-22T15:09:12.040 INFO:teuthology.orchestra.run.smithi096.stdout:/usr/bin/ceph: stderr
2024-04-22T15:09:11.045+0000 7f671ee2a700 1 -- 172.21.15.96:0/2021998286 --> [v2:172.21.15.96:3300/0,v1:172.21.15.96:6789/0] -- mon_command({"prefix": "get_command_descriptions"} v 0) v1 -- 0x7f6718062510 con 0x7f6718106600
2024-04-22T15:09:12.040 INFO:teuthology.orchestra.run.smithi096.stdout:/usr/bin/ceph: stderr
2024-04-22T15:09:11.045+0000 7f6715ffb700 1 -- 172.21.15.96:0/2021998286 <== mon.0 v2:172.21.15.96:3300/0 5 ==== osd_map(2..2 src has 1..2) v4 ==== 940+0+0 (secure 0 0 0) 0x7f670c04c860 con 0x7f6718106600
2024-04-22T15:09:12.040 INFO:teuthology.orchestra.run.smithi096.stdout:/usr/bin/ceph: stderr
2024-04-22T15:09:11.045+0000 7f6717fff700 1 --2- 172.21.15.96:0/2021998286 >> [v2:172.21.15.96:6800/3275369520,v1:172.21.15.96:6801/3275369520] conn(0x7f6708038770 0x7f670803ac30 unknown :-1 s=BANNER_CONNECTING pgs=0 cs=0 l=1 rev1=0 crypto rx=0 tx=0 comp rx=0 tx=0)._handle_peer_banner_payload supported=3 required=0
2024-04-22T15:09:12.040 INFO:teuthology.orchestra.run.smithi096.stdout:/usr/bin/ceph: stderr
2024-04-22T15:09:11.046+0000 7f6717fff700 1 --2- 172.21.15.96:0/2021998286 >> [v2:172.21.15.96:6800/3275369520,v1:172.21.15.96:6801/3275369520] conn(0x7f6708038770 0x7f670803ac30 secure :-1 s=READY pgs=18 cs=0 l=1 rev1=1 crypto rx=0x7f6704006fd0 tx=0x7f6704006e40 comp rx=0 tx=0).ready entity=mgr.14120 client_cookie=0 server_cookie=0 in_seq=0 out_seq=0
2024-04-22T15:09:12.041 INFO:teuthology.orchestra.run.smithi096.stdout:/usr/bin/ceph: stderr
2024-04-22T15:09:11.050+0000 7f6715ffb700 1 -- 172.21.15.96:0/2021998286 <== mon.0 v2:172.21.15.96:3300/0 6 ==== mon_command_ack([{"prefix": "get_command_descriptions"}]=0 v0) v1 ==== 72+0+183351 (secure 0 0 0) 0x7f670c02d3f0 con 0x7f6718106600
2024-04-22T15:09:12.041 INFO:teuthology.orchestra.run.smithi096.stdout:/usr/bin/ceph: stderr
2024-04-22T15:09:11.259+0000 7f671ee2a700 1 -- 172.21.15.96:0/2021998286 --> [v2:172.21.15.96:6800/3275369520,v1:172.21.15.96:6801/3275369520] -- mgr_command(tid 0: {"prefix": "orch apply", "service_type": "node-exporter", "target": ["mon-mgr", ""]}) v1 -- 0x7f671807ad10 con 0x7f6708038770
2024-04-22T15:09:12.041 INFO:teuthology.orchestra.run.smithi096.stdout:/usr/bin/ceph: stderr
2024-04-22T15:09:11.263+0000 7f6715ffb700 1 -- 172.21.15.96:0/2021998286 <== mgr.14120 v2:172.21.15.96:6800/3275369520 1 ==== mgr_command_reply(tid 0: 0 ) v1 ==== 8+0+34 (secure 0 0 0) 0x7f671807ad10 con 0x7f6708038770
2024-04-22T15:09:12.041 INFO:teuthology.orchestra.run.smithi096.stdout:/usr/bin/ceph: stderr
2024-04-22T15:09:11.265+0000 7f671ee2a700 1 -- 172.21.15.96:0/2021998286 >> [v2:172.21.15.96:6800/3275369520,v1:172.21.15.96:6801/3275369520] conn(0x7f6708038770 msgr2=0x7f670803ac30 secure :-1 s=STATE_CONNECTION_ESTABLISHED l=1).mark_down
2024-04-22T15:09:12.041 INFO:teuthology.orchestra.run.smithi096.stdout:/usr/bin/ceph: stderr
2024-04-22T15:09:11.265+0000 7f671ee2a700 1 --2- 172.21.15.96:0/2021998286 >> [v2:172.21.15.96:6800/3275369520,v1:172.21.15.96:6801/3275369520] conn(0x7f6708038770 0x7f670803ac30 secure :-1 s=READY pgs=18 cs=0 l=1 rev1=1 crypto rx=0x7f6704006fd0 tx=0x7f6704006e40 comp rx=0 tx=0).stop
2024-04-22T15:09:12.041 INFO:teuthology.orchestra.run.smithi096.stdout:/usr/bin/ceph: stderr
2024-04-22T15:09:11.266+0000 7f671ee2a700 1 -- 172.21.15.96:0/2021998286 >> [v2:172.21.15.96:3300/0,v1:172.21.15.96:6789/0] conn(0x7f6718106600 msgr2=0x7f671807baf0 secure :-1 s=STATE_CONNECTION_ESTABLISHED l=1).mark_down
2024-04-22T15:09:12.041 INFO:teuthology.orchestra.run.smithi096.stdout:/usr/bin/ceph: stderr
2024-04-22T15:09:11.266+0000 7f671ee2a700 1 --2- 172.21.15.96:0/2021998286 >> [v2:172.21.15.96:3300/0,v1:172.21.15.96:6789/0] conn(0x7f6718106600 0x7f671807baf0 secure :-1 s=READY pgs=60 cs=0 l=1 rev1=1 crypto rx=0x7f670c0117b0 tx=0x7f670c011890 comp rx=0 tx=0).stop
2024-04-22T15:09:12.041 INFO:teuthology.orchestra.run.smithi096.stdout:/usr/bin/ceph: stderr
2024-04-22T15:09:11.266+0000 7f671ee2a700 1 -- 172.21.15.96:0/2021998286 shutdown_connections
2024-04-22T15:09:12.041 INFO:teuthology.orchestra.run.smithi096.stdout:/usr/bin/ceph: stderr
2024-04-22T15:09:11.266+0000 7f671ee2a700 1 --2- 172.21.15.96:0/2021998286 >> [v2:172.21.15.96:6800/3275369520,v1:172.21.15.96:6801/3275369520] conn(0x7f6708038770 0x7f670803ac30 unknown :-1 s=CLOSED pgs=18 cs=0 l=1 rev1=1 crypto rx=0 tx=0 comp rx=0 tx=0).stop
2024-04-22T15:09:12.041 INFO:teuthology.orchestra.run.smithi096.stdout:/usr/bin/ceph: stderr
2024-04-22T15:09:11.266+0000 7f671ee2a700 1 --2- 172.21.15.96:0/2021998286 >> [v2:172.21.15.96:3300/0,v1:172.21.15.96:6789/0] conn(0x7f6718106600 0x7f671807baf0 unknown :-1 s=CLOSED pgs=60 cs=0 l=1 rev1=1 crypto rx=0 tx=0 comp rx=0 tx=0).stop
2024-04-22T15:09:12.041 INFO:teuthology.orchestra.run.smithi096.stdout:/usr/bin/ceph: stderr
2024-04-22T15:09:11.266+0000 7f671ee2a700 1 -- 172.21.15.96:0/2021998286 >> 172.21.15.96:0/2021998286 conn(0x7f6718101be0 msgr2=0x7f67181027e0 unknown :-1 s=STATE_NONE l=0).mark_down
2024-04-22T15:09:12.041 INFO:teuthology.orchestra.run.smithi096.stdout:/usr/bin/ceph: stderr
2024-04-22T15:09:11.266+0000 7f671ee2a700 1 -- 172.21.15.96:0/2021998286 shutdown_connections
2024-04-22T15:09:12.041 INFO:teuthology.orchestra.run.smithi096.stdout:/usr/bin/ceph: stderr
2024-04-22T15:09:11.266+0000 7f671ee2a700 1 -- 172.21.15.96:0/2021998286 wait complete.
2024-04-22T15:09:12.041 INFO:teuthology.orchestra.run.smithi096.stdout:Deploying alertmanager service with default placement...
2024-04-22T15:09:12.365 INFO:journalctl@ceph.mon.smithi096.smithi096.stdout:Apr 22 15:09:12 smithi096 ceph-mon[26688]: from='client.14154 -' entity='client.admin' cmd=[{"prefix": "orch apply", "service_type": "node-exporter", "target": ["mon-mgr", ""]}]: dispatch
2024-04-22T15:09:12.366 INFO:journalctl@ceph.mon.smithi096.smithi096.stdout:Apr 22 15:09:12 smithi096 ceph-mon[26688]: Saving service node-exporter spec with placement *
2024-04-22T15:09:12.366 INFO:journalctl@ceph.mon.smithi096.smithi096.stdout:Apr 22 15:09:12 smithi096 ceph-mon[26688]: from='mgr.14120 172.21.15.96:0/2857890932' entity='mgr.smithi096.hhkvum'
2024-04-22T15:09:12.366 INFO:journalctl@ceph.mon.smithi096.smithi096.stdout:Apr 22 15:09:12 smithi096 ceph-mon[26688]: pgmap v3: 0 pgs: ; 0 B data, 0 B used, 0 B / 0 B avail
2024-04-22T15:09:13.194 INFO:teuthology.orchestra.run.smithi096.stdout:/usr/bin/ceph: stdout Scheduled alertmanager update...
2024-04-22T15:09:13.194 INFO:teuthology.orchestra.run.smithi096.stdout:/usr/bin/ceph: stderr
2024-04-22T15:09:12.461+0000 7fb59dd84700 1 Processor -- start
2024-04-22T15:09:13.194 INFO:teuthology.orchestra.run.smithi096.stdout:/usr/bin/ceph: stderr
2024-04-22T15:09:12.462+0000 7fb59dd84700 1 -- start start
2024-04-22T15:09:13.194 INFO:teuthology.orchestra.run.smithi096.stdout:/usr/bin/ceph: stderr
2024-04-22T15:09:12.462+0000 7fb59dd84700 1 --2- >> [v2:172.21.15.96:3300/0,v1:172.21.15.96:6789/0] conn(0x7fb5981059c0 0x7fb598105de0 unknown :-1 s=NONE pgs=0 cs=0 l=0 rev1=0 crypto rx=0 tx=0 comp rx=0 tx=0).connect
2024-04-22T15:09:13.194 INFO:teuthology.orchestra.run.smithi096.stdout:/usr/bin/ceph: stderr
2024-04-22T15:09:12.462+0000 7fb59dd84700 1 -- --> [v2:172.21.15.96:3300/0,v1:172.21.15.96:6789/0] -- mon_getmap magic: 0 v1 -- 0x7fb5981063b0 con 0x7fb5981059c0
2024-04-22T15:09:13.194 INFO:teuthology.orchestra.run.smithi096.stdout:/usr/bin/ceph: stderr
2024-04-22T15:09:12.462+0000 7fb5977fe700 1 --2- >> [v2:172.21.15.96:3300/0,v1:172.21.15.96:6789/0] conn(0x7fb5981059c0 0x7fb598105de0 unknown :-1 s=BANNER_CONNECTING pgs=0 cs=0 l=0 rev1=0 crypto rx=0 tx=0 comp rx=0 tx=0)._handle_peer_banner_payload supported=3 required=0
2024-04-22T15:09:13.194 INFO:teuthology.orchestra.run.smithi096.stdout:/usr/bin/ceph: stderr
2024-04-22T15:09:12.462+0000 7fb5977fe700 1 --2- >> [v2:172.21.15.96:3300/0,v1:172.21.15.96:6789/0] conn(0x7fb5981059c0 0x7fb598105de0 unknown :-1 s=HELLO_CONNECTING pgs=0 cs=0 l=0 rev1=1 crypto rx=0 tx=0 comp rx=0 tx=0).handle_hello peer v2:172.21.15.96:3300/0 says I am v2:172.21.15.96:40554/0 (socket says 172.21.15.96:40554)
2024-04-22T15:09:13.195 INFO:teuthology.orchestra.run.smithi096.stdout:/usr/bin/ceph: stderr
2024-04-22T15:09:12.462+0000 7fb5977fe700 1 -- 172.21.15.96:0/1265417034 learned_addr learned my addr 172.21.15.96:0/1265417034 (peer_addr_for_me v2:172.21.15.96:0/0)
2024-04-22T15:09:13.195 INFO:teuthology.orchestra.run.smithi096.stdout:/usr/bin/ceph: stderr
2024-04-22T15:09:12.462+0000 7fb5977fe700 1 -- 172.21.15.96:0/1265417034 --> [v2:172.21.15.96:3300/0,v1:172.21.15.96:6789/0] -- mon_subscribe({config=0+,monmap=0+}) v3 -- 0x7fb5981066e0 con 0x7fb5981059c0
2024-04-22T15:09:13.195 INFO:teuthology.orchestra.run.smithi096.stdout:/usr/bin/ceph: stderr
2024-04-22T15:09:12.462+0000 7fb5977fe700 1 --2- 172.21.15.96:0/1265417034 >> [v2:172.21.15.96:3300/0,v1:172.21.15.96:6789/0] conn(0x7fb5981059c0 0x7fb598105de0 secure :-1 s=READY pgs=61 cs=0 l=1 rev1=1 crypto rx=0x7fb58800bb40 tx=0x7fb58800be50 comp rx=0 tx=0).ready entity=mon.0 client_cookie=808dfed3d274330b server_cookie=0 in_seq=0 out_seq=0
2024-04-22T15:09:13.195 INFO:teuthology.orchestra.run.smithi096.stdout:/usr/bin/ceph: stderr
2024-04-22T15:09:12.462+0000 7fb5967fc700 1 -- 172.21.15.96:0/1265417034 <== mon.0 v2:172.21.15.96:3300/0 1 ==== mon_map magic: 0 v1 ==== 229+0+0 (secure 0 0 0) 0x7fb58800dc00 con 0x7fb5981059c0
2024-04-22T15:09:13.195 INFO:teuthology.orchestra.run.smithi096.stdout:/usr/bin/ceph: stderr
2024-04-22T15:09:12.462+0000 7fb5967fc700 1 -- 172.21.15.96:0/1265417034 <== mon.0 v2:172.21.15.96:3300/0 2 ==== config(27 keys) v1 ==== 1109+0+0 (secure 0 0 0) 0x7fb5880044f0 con 0x7fb5981059c0
2024-04-22T15:09:13.195 INFO:teuthology.orchestra.run.smithi096.stdout:/usr/bin/ceph: stderr
2024-04-22T15:09:12.462+0000 7fb5967fc700 1 -- 172.21.15.96:0/1265417034 <== mon.0 v2:172.21.15.96:3300/0 3 ==== mon_map magic: 0 v1 ==== 229+0+0 (secure 0 0 0) 0x7fb588010470 con 0x7fb5981059c0
2024-04-22T15:09:13.195 INFO:teuthology.orchestra.run.smithi096.stdout:/usr/bin/ceph: stderr
2024-04-22T15:09:12.463+0000 7fb59dd84700 1 -- 172.21.15.96:0/1265417034 >> [v2:172.21.15.96:3300/0,v1:172.21.15.96:6789/0] conn(0x7fb5981059c0 msgr2=0x7fb598105de0 secure :-1 s=STATE_CONNECTION_ESTABLISHED l=1).mark_down
2024-04-22T15:09:13.195 INFO:teuthology.orchestra.run.smithi096.stdout:/usr/bin/ceph: stderr
2024-04-22T15:09:12.463+0000 7fb59dd84700 1 --2- 172.21.15.96:0/1265417034 >> [v2:172.21.15.96:3300/0,v1:172.21.15.96:6789/0] conn(0x7fb5981059c0 0x7fb598105de0 secure :-1 s=READY pgs=61 cs=0 l=1 rev1=1 crypto rx=0x7fb58800bb40 tx=0x7fb58800be50 comp rx=0 tx=0).stop
2024-04-22T15:09:13.195 INFO:teuthology.orchestra.run.smithi096.stdout:/usr/bin/ceph: stderr
2024-04-22T15:09:12.463+0000 7fb59dd84700 1 -- 172.21.15.96:0/1265417034 shutdown_connections
2024-04-22T15:09:13.195 INFO:teuthology.orchestra.run.smithi096.stdout:/usr/bin/ceph: stderr
2024-04-22T15:09:12.463+0000 7fb59dd84700 1 --2- 172.21.15.96:0/1265417034 >> [v2:172.21.15.96:3300/0,v1:172.21.15.96:6789/0] conn(0x7fb5981059c0 0x7fb598105de0 unknown :-1 s=CLOSED pgs=61 cs=0 l=1 rev1=1 crypto rx=0 tx=0 comp rx=0 tx=0).stop
2024-04-22T15:09:13.196 INFO:teuthology.orchestra.run.smithi096.stdout:/usr/bin/ceph: stderr
2024-04-22T15:09:12.463+0000 7fb59dd84700 1 -- 172.21.15.96:0/1265417034 >> 172.21.15.96:0/1265417034 conn(0x7fb5981001c0 msgr2=0x7fb598102620 unknown :-1 s=STATE_NONE l=0).mark_down
2024-04-22T15:09:13.196 INFO:teuthology.orchestra.run.smithi096.stdout:/usr/bin/ceph: stderr
2024-04-22T15:09:12.463+0000 7fb59dd84700 1 -- 172.21.15.96:0/1265417034 shutdown_connections
2024-04-22T15:09:13.196 INFO:teuthology.orchestra.run.smithi096.stdout:/usr/bin/ceph: stderr
2024-04-22T15:09:12.463+0000 7fb59dd84700 1 -- 172.21.15.96:0/1265417034 wait complete.
2024-04-22T15:09:13.196 INFO:teuthology.orchestra.run.smithi096.stdout:/usr/bin/ceph: stderr
2024-04-22T15:09:12.464+0000 7fb59dd84700 1 Processor -- start
2024-04-22T15:09:13.196 INFO:teuthology.orchestra.run.smithi096.stdout:/usr/bin/ceph: stderr
2024-04-22T15:09:12.464+0000 7fb59dd84700 1 -- start start
2024-04-22T15:09:13.196 INFO:teuthology.orchestra.run.smithi096.stdout:/usr/bin/ceph: stderr
2024-04-22T15:09:12.464+0000 7fb59dd84700 1 --2- >> [v2:172.21.15.96:3300/0,v1:172.21.15.96:6789/0] conn(0x7fb5981059c0 0x7fb59819c530 unknown :-1 s=NONE pgs=0 cs=0 l=1 rev1=0 crypto rx=0 tx=0 comp rx=0 tx=0).connect
2024-04-22T15:09:13.196 INFO:teuthology.orchestra.run.smithi096.stdout:/usr/bin/ceph: stderr
2024-04-22T15:09:12.464+0000 7fb59dd84700 1 -- --> [v2:172.21.15.96:3300/0,v1:172.21.15.96:6789/0] -- mon_getmap magic: 0 v1 -- 0x7fb59819ca70 con 0x7fb5981059c0
2024-04-22T15:09:13.196 INFO:teuthology.orchestra.run.smithi096.stdout:/usr/bin/ceph: stderr
2024-04-22T15:09:12.464+0000 7fb5977fe700 1 --2- >> [v2:172.21.15.96:3300/0,v1:172.21.15.96:6789/0] conn(0x7fb5981059c0 0x7fb59819c530 unknown :-1 s=BANNER_CONNECTING pgs=0 cs=0 l=1 rev1=0 crypto rx=0 tx=0 comp rx=0 tx=0)._handle_peer_banner_payload supported=3 required=0
2024-04-22T15:09:13.196 INFO:teuthology.orchestra.run.smithi096.stdout:/usr/bin/ceph: stderr
2024-04-22T15:09:12.464+0000 7fb5977fe700 1 --2- >> [v2:172.21.15.96:3300/0,v1:172.21.15.96:6789/0] conn(0x7fb5981059c0 0x7fb59819c530 unknown :-1 s=HELLO_CONNECTING pgs=0 cs=0 l=1 rev1=1 crypto rx=0 tx=0 comp rx=0 tx=0).handle_hello peer v2:172.21.15.96:3300/0 says I am v2:172.21.15.96:40566/0 (socket says 172.21.15.96:40566)
2024-04-22T15:09:13.196 INFO:teuthology.orchestra.run.smithi096.stdout:/usr/bin/ceph: stderr
2024-04-22T15:09:12.464+0000 7fb5977fe700 1 -- 172.21.15.96:0/376760278 learned_addr learned my addr 172.21.15.96:0/376760278 (peer_addr_for_me v2:172.21.15.96:0/0)
2024-04-22T15:09:13.196 INFO:teuthology.orchestra.run.smithi096.stdout:/usr/bin/ceph: stderr
2024-04-22T15:09:12.464+0000 7fb5977fe700 1 -- 172.21.15.96:0/376760278 --> [v2:172.21.15.96:3300/0,v1:172.21.15.96:6789/0] -- mon_subscribe({config=0+,monmap=0+}) v3 -- 0x7fb58800b7f0 con 0x7fb5981059c0
2024-04-22T15:09:13.196 INFO:teuthology.orchestra.run.smithi096.stdout:/usr/bin/ceph: stderr
2024-04-22T15:09:12.464+0000 7fb5977fe700 1 --2- 172.21.15.96:0/376760278 >> [v2:172.21.15.96:3300/0,v1:172.21.15.96:6789/0] conn(0x7fb5981059c0 0x7fb59819c530 secure :-1 s=READY pgs=62 cs=0 l=1 rev1=1 crypto rx=0x7fb588003cb0 tx=0x7fb588004070 comp rx=0 tx=0).ready entity=mon.0 client_cookie=0 server_cookie=0 in_seq=0 out_seq=0
2024-04-22T15:09:13.196 INFO:teuthology.orchestra.run.smithi096.stdout:/usr/bin/ceph: stderr
2024-04-22T15:09:12.465+0000 7fb594ff9700 1 -- 172.21.15.96:0/376760278 <== mon.0 v2:172.21.15.96:3300/0 1 ==== mon_map magic: 0 v1 ==== 229+0+0 (secure 0 0 0) 0x7fb58800de20 con 0x7fb5981059c0
2024-04-22T15:09:13.197 INFO:teuthology.orchestra.run.smithi096.stdout:/usr/bin/ceph: stderr
2024-04-22T15:09:12.465+0000 7fb59dd84700 1 -- 172.21.15.96:0/376760278 --> [v2:172.21.15.96:3300/0,v1:172.21.15.96:6789/0] -- mon_subscribe({mgrmap=0+}) v3 -- 0x7fb59819cc70 con 0x7fb5981059c0
2024-04-22T15:09:13.197 INFO:teuthology.orchestra.run.smithi096.stdout:/usr/bin/ceph: stderr
2024-04-22T15:09:12.465+0000 7fb594ff9700 1 -- 172.21.15.96:0/376760278 <== mon.0 v2:172.21.15.96:3300/0 2 ==== config(27 keys) v1 ==== 1109+0+0 (secure 0 0 0) 0x7fb588010b60 con 0x7fb5981059c0
2024-04-22T15:09:13.197 INFO:teuthology.orchestra.run.smithi096.stdout:/usr/bin/ceph: stderr
2024-04-22T15:09:12.465+0000 7fb594ff9700 1 -- 172.21.15.96:0/376760278 <== mon.0 v2:172.21.15.96:3300/0 3 ==== mon_map magic: 0 v1 ==== 229+0+0 (secure 0 0 0) 0x7fb588021aa0 con 0x7fb5981059c0
2024-04-22T15:09:13.197 INFO:teuthology.orchestra.run.smithi096.stdout:/usr/bin/ceph: stderr
2024-04-22T15:09:12.465+0000 7fb59dd84700 1 -- 172.21.15.96:0/376760278 --> [v2:172.21.15.96:3300/0,v1:172.21.15.96:6789/0] -- mon_subscribe({osdmap=0}) v3 -- 0x7fb59819d0b0 con 0x7fb5981059c0
