2024-04-22T15:09:27.280 INFO:teuthology.orchestra.run.smithi096.stdout:/usr/bin/ceph: stderr
2024-04-22T15:09:26.271+0000 7f9c2e59c700 1 --2- >> [v2:172.21.15.96:3300/0,v1:172.21.15.96:6789/0] conn(0x7f9c30106a70 0x7f9c30106e90 unknown :-1 s=BANNER_CONNECTING pgs=0 cs=0 l=0 rev1=0 crypto rx=0 tx=0 comp rx=0 tx=0)._handle_peer_banner_payload supported=3 required=0
2024-04-22T15:09:27.280 INFO:teuthology.orchestra.run.smithi096.stdout:/usr/bin/ceph: stderr
2024-04-22T15:09:26.271+0000 7f9c2e59c700 1 --2- >> [v2:172.21.15.96:3300/0,v1:172.21.15.96:6789/0] conn(0x7f9c30106a70 0x7f9c30106e90 unknown :-1 s=HELLO_CONNECTING pgs=0 cs=0 l=0 rev1=1 crypto rx=0 tx=0 comp rx=0 tx=0).handle_hello peer v2:172.21.15.96:3300/0 says I am v2:172.21.15.96:43388/0 (socket says 172.21.15.96:43388)
2024-04-22T15:09:27.280 INFO:teuthology.orchestra.run.smithi096.stdout:/usr/bin/ceph: stderr
2024-04-22T15:09:26.271+0000 7f9c2e59c700 1 -- 172.21.15.96:0/4229137125 learned_addr learned my addr 172.21.15.96:0/4229137125 (peer_addr_for_me v2:172.21.15.96:0/0)
2024-04-22T15:09:27.280 INFO:teuthology.orchestra.run.smithi096.stdout:/usr/bin/ceph: stderr
2024-04-22T15:09:26.271+0000 7f9c2e59c700 1 -- 172.21.15.96:0/4229137125 --> [v2:172.21.15.96:3300/0,v1:172.21.15.96:6789/0] -- mon_subscribe({config=0+,monmap=0+}) v3 -- 0x7f9c301056d0 con 0x7f9c30106a70
2024-04-22T15:09:27.280 INFO:teuthology.orchestra.run.smithi096.stdout:/usr/bin/ceph: stderr
2024-04-22T15:09:26.271+0000 7f9c2e59c700 1 --2- 172.21.15.96:0/4229137125 >> [v2:172.21.15.96:3300/0,v1:172.21.15.96:6789/0] conn(0x7f9c30106a70 0x7f9c30106e90 secure :-1 s=READY pgs=82 cs=0 l=1 rev1=1 crypto rx=0x7f9c240098a0 tx=0x7f9c24009bb0 comp rx=0 tx=0).ready entity=mon.0 client_cookie=633cb794c17fbc76 server_cookie=0 in_seq=0 out_seq=0
2024-04-22T15:09:27.280 INFO:teuthology.orchestra.run.smithi096.stdout:/usr/bin/ceph: stderr
2024-04-22T15:09:26.271+0000 7f9c2d59a700 1 -- 172.21.15.96:0/4229137125 <== mon.0 v2:172.21.15.96:3300/0 1 ==== mon_map magic: 0 v1 ==== 229+0+0 (secure 0 0 0) 0x7f9c24004180 con 0x7f9c30106a70
2024-04-22T15:09:27.280 INFO:teuthology.orchestra.run.smithi096.stdout:/usr/bin/ceph: stderr
2024-04-22T15:09:26.271+0000 7f9c2d59a700 1 -- 172.21.15.96:0/4229137125 <== mon.0 v2:172.21.15.96:3300/0 2 ==== config(27 keys) v1 ==== 1109+0+0 (secure 0 0 0) 0x7f9c240042e0 con 0x7f9c30106a70
2024-04-22T15:09:27.281 INFO:teuthology.orchestra.run.smithi096.stdout:/usr/bin/ceph: stderr
2024-04-22T15:09:26.271+0000 7f9c2d59a700 1 -- 172.21.15.96:0/4229137125 <== mon.0 v2:172.21.15.96:3300/0 3 ==== mon_map magic: 0 v1 ==== 229+0+0 (secure 0 0 0) 0x7f9c24011b10 con 0x7f9c30106a70
2024-04-22T15:09:27.281 INFO:teuthology.orchestra.run.smithi096.stdout:/usr/bin/ceph: stderr
2024-04-22T15:09:26.272+0000 7f9c3488a700 1 -- 172.21.15.96:0/4229137125 >> [v2:172.21.15.96:3300/0,v1:172.21.15.96:6789/0] conn(0x7f9c30106a70 msgr2=0x7f9c30106e90 secure :-1 s=STATE_CONNECTION_ESTABLISHED l=1).mark_down
2024-04-22T15:09:27.281 INFO:teuthology.orchestra.run.smithi096.stdout:/usr/bin/ceph: stderr
2024-04-22T15:09:26.272+0000 7f9c3488a700 1 --2- 172.21.15.96:0/4229137125 >> [v2:172.21.15.96:3300/0,v1:172.21.15.96:6789/0] conn(0x7f9c30106a70 0x7f9c30106e90 secure :-1 s=READY pgs=82 cs=0 l=1 rev1=1 crypto rx=0x7f9c240098a0 tx=0x7f9c24009bb0 comp rx=0 tx=0).stop
2024-04-22T15:09:27.281 INFO:teuthology.orchestra.run.smithi096.stdout:/usr/bin/ceph: stderr
2024-04-22T15:09:26.272+0000 7f9c3488a700 1 -- 172.21.15.96:0/4229137125 shutdown_connections
2024-04-22T15:09:27.281 INFO:teuthology.orchestra.run.smithi096.stdout:/usr/bin/ceph: stderr
2024-04-22T15:09:26.272+0000 7f9c3488a700 1 --2- 172.21.15.96:0/4229137125 >> [v2:172.21.15.96:3300/0,v1:172.21.15.96:6789/0] conn(0x7f9c30106a70 0x7f9c30106e90 unknown :-1 s=CLOSED pgs=82 cs=0 l=1 rev1=1 crypto rx=0 tx=0 comp rx=0 tx=0).stop
2024-04-22T15:09:27.281 INFO:teuthology.orchestra.run.smithi096.stdout:/usr/bin/ceph: stderr
2024-04-22T15:09:26.272+0000 7f9c3488a700 1 -- 172.21.15.96:0/4229137125 >> 172.21.15.96:0/4229137125 conn(0x7f9c301001c0 msgr2=0x7f9c30102620 unknown :-1 s=STATE_NONE l=0).mark_down
2024-04-22T15:09:27.281 INFO:teuthology.orchestra.run.smithi096.stdout:/usr/bin/ceph: stderr
2024-04-22T15:09:26.272+0000 7f9c3488a700 1 -- 172.21.15.96:0/4229137125 shutdown_connections
2024-04-22T15:09:27.281 INFO:teuthology.orchestra.run.smithi096.stdout:/usr/bin/ceph: stderr
2024-04-22T15:09:26.272+0000 7f9c3488a700 1 -- 172.21.15.96:0/4229137125 wait complete.
2024-04-22T15:09:27.281 INFO:teuthology.orchestra.run.smithi096.stdout:/usr/bin/ceph: stderr
2024-04-22T15:09:26.273+0000 7f9c3488a700 1 Processor -- start
2024-04-22T15:09:27.281 INFO:teuthology.orchestra.run.smithi096.stdout:/usr/bin/ceph: stderr
2024-04-22T15:09:26.273+0000 7f9c3488a700 1 -- start start
2024-04-22T15:09:27.281 INFO:teuthology.orchestra.run.smithi096.stdout:/usr/bin/ceph: stderr
2024-04-22T15:09:26.273+0000 7f9c3488a700 1 --2- >> [v2:172.21.15.96:3300/0,v1:172.21.15.96:6789/0] conn(0x7f9c30106a70 0x7f9c3019a3d0 unknown :-1 s=NONE pgs=0 cs=0 l=1 rev1=0 crypto rx=0 tx=0 comp rx=0 tx=0).connect
2024-04-22T15:09:27.281 INFO:teuthology.orchestra.run.smithi096.stdout:/usr/bin/ceph: stderr
2024-04-22T15:09:26.273+0000 7f9c3488a700 1 -- --> [v2:172.21.15.96:3300/0,v1:172.21.15.96:6789/0] -- mon_getmap magic: 0 v1 -- 0x7f9c3019a910 con 0x7f9c30106a70
2024-04-22T15:09:27.281 INFO:teuthology.orchestra.run.smithi096.stdout:/usr/bin/ceph: stderr
2024-04-22T15:09:26.273+0000 7f9c2e59c700 1 --2- >> [v2:172.21.15.96:3300/0,v1:172.21.15.96:6789/0] conn(0x7f9c30106a70 0x7f9c3019a3d0 unknown :-1 s=BANNER_CONNECTING pgs=0 cs=0 l=1 rev1=0 crypto rx=0 tx=0 comp rx=0 tx=0)._handle_peer_banner_payload supported=3 required=0
2024-04-22T15:09:27.281 INFO:teuthology.orchestra.run.smithi096.stdout:/usr/bin/ceph: stderr
2024-04-22T15:09:26.273+0000 7f9c2e59c700 1 --2- >> [v2:172.21.15.96:3300/0,v1:172.21.15.96:6789/0] conn(0x7f9c30106a70 0x7f9c3019a3d0 unknown :-1 s=HELLO_CONNECTING pgs=0 cs=0 l=1 rev1=1 crypto rx=0 tx=0 comp rx=0 tx=0).handle_hello peer v2:172.21.15.96:3300/0 says I am v2:172.21.15.96:43400/0 (socket says 172.21.15.96:43400)
2024-04-22T15:09:27.282 INFO:teuthology.orchestra.run.smithi096.stdout:/usr/bin/ceph: stderr
2024-04-22T15:09:26.273+0000 7f9c2e59c700 1 -- 172.21.15.96:0/3598722068 learned_addr learned my addr 172.21.15.96:0/3598722068 (peer_addr_for_me v2:172.21.15.96:0/0)
2024-04-22T15:09:27.282 INFO:teuthology.orchestra.run.smithi096.stdout:/usr/bin/ceph: stderr
2024-04-22T15:09:26.273+0000 7f9c2e59c700 1 -- 172.21.15.96:0/3598722068 --> [v2:172.21.15.96:3300/0,v1:172.21.15.96:6789/0] -- mon_subscribe({config=0+,monmap=0+}) v3 -- 0x7f9c24009550 con 0x7f9c30106a70
2024-04-22T15:09:27.282 INFO:teuthology.orchestra.run.smithi096.stdout:/usr/bin/ceph: stderr
2024-04-22T15:09:26.273+0000 7f9c2e59c700 1 --2- 172.21.15.96:0/3598722068 >> [v2:172.21.15.96:3300/0,v1:172.21.15.96:6789/0] conn(0x7f9c30106a70 0x7f9c3019a3d0 secure :-1 s=READY pgs=83 cs=0 l=1 rev1=1 crypto rx=0x7f9c24009fb0 tx=0x7f9c24011890 comp rx=0 tx=0).ready entity=mon.0 client_cookie=0 server_cookie=0 in_seq=0 out_seq=0
2024-04-22T15:09:27.282 INFO:teuthology.orchestra.run.smithi096.stdout:/usr/bin/ceph: stderr
2024-04-22T15:09:26.273+0000 7f9c1f7fe700 1 -- 172.21.15.96:0/3598722068 <== mon.0 v2:172.21.15.96:3300/0 1 ==== mon_map magic: 0 v1 ==== 229+0+0 (secure 0 0 0) 0x7f9c240038b0 con 0x7f9c30106a70
2024-04-22T15:09:27.282 INFO:teuthology.orchestra.run.smithi096.stdout:/usr/bin/ceph: stderr
2024-04-22T15:09:26.273+0000 7f9c3488a700 1 -- 172.21.15.96:0/3598722068 --> [v2:172.21.15.96:3300/0,v1:172.21.15.96:6789/0] -- mon_subscribe({mgrmap=0+}) v3 -- 0x7f9c3019ab10 con 0x7f9c30106a70
2024-04-22T15:09:27.282 INFO:teuthology.orchestra.run.smithi096.stdout:/usr/bin/ceph: stderr
2024-04-22T15:09:26.273+0000 7f9c1f7fe700 1 -- 172.21.15.96:0/3598722068 <== mon.0 v2:172.21.15.96:3300/0 2 ==== config(27 keys) v1 ==== 1109+0+0 (secure 0 0 0) 0x7f9c24003a10 con 0x7f9c30106a70
2024-04-22T15:09:27.282 INFO:teuthology.orchestra.run.smithi096.stdout:/usr/bin/ceph: stderr
2024-04-22T15:09:26.273+0000 7f9c1f7fe700 1 -- 172.21.15.96:0/3598722068 <== mon.0 v2:172.21.15.96:3300/0 3 ==== mon_map magic: 0 v1 ==== 229+0+0 (secure 0 0 0) 0x7f9c24019750 con 0x7f9c30106a70
2024-04-22T15:09:27.282 INFO:teuthology.orchestra.run.smithi096.stdout:/usr/bin/ceph: stderr
2024-04-22T15:09:26.273+0000 7f9c3488a700 1 -- 172.21.15.96:0/3598722068 --> [v2:172.21.15.96:3300/0,v1:172.21.15.96:6789/0] -- mon_subscribe({osdmap=0}) v3 -- 0x7f9c3019afb0 con 0x7f9c30106a70
2024-04-22T15:09:27.282 INFO:teuthology.orchestra.run.smithi096.stdout:/usr/bin/ceph: stderr
2024-04-22T15:09:26.274+0000 7f9c3488a700 1 -- 172.21.15.96:0/3598722068 --> [v2:172.21.15.96:3300/0,v1:172.21.15.96:6789/0] -- mon_command({"prefix": "get_command_descriptions"} v 0) v1 -- 0x7f9c30194570 con 0x7f9c30106a70
2024-04-22T15:09:27.282 INFO:teuthology.orchestra.run.smithi096.stdout:/usr/bin/ceph: stderr
2024-04-22T15:09:26.275+0000 7f9c1f7fe700 1 -- 172.21.15.96:0/3598722068 <== mon.0 v2:172.21.15.96:3300/0 4 ==== mgrmap(e 12) v1 ==== 45569+0+0 (secure 0 0 0) 0x7f9c2401ac10 con 0x7f9c30106a70
2024-04-22T15:09:27.282 INFO:teuthology.orchestra.run.smithi096.stdout:/usr/bin/ceph: stderr
2024-04-22T15:09:26.275+0000 7f9c1f7fe700 1 --2- 172.21.15.96:0/3598722068 >> [v2:172.21.15.96:6800/976363826,v1:172.21.15.96:6801/976363826] conn(0x7f9c18038730 0x7f9c1803abf0 unknown :-1 s=NONE pgs=0 cs=0 l=1 rev1=0 crypto rx=0 tx=0 comp rx=0 tx=0).connect
2024-04-22T15:09:27.282 INFO:teuthology.orchestra.run.smithi096.stdout:/usr/bin/ceph: stderr
2024-04-22T15:09:26.275+0000 7f9c1f7fe700 1 -- 172.21.15.96:0/3598722068 <== mon.0 v2:172.21.15.96:3300/0 5 ==== osd_map(3..3 src has 1..3) v4 ==== 1155+0+0 (secure 0 0 0) 0x7f9c2404c950 con 0x7f9c30106a70
2024-04-22T15:09:27.283 INFO:teuthology.orchestra.run.smithi096.stdout:/usr/bin/ceph: stderr
2024-04-22T15:09:26.275+0000 7f9c2dd9b700 1 --2- 172.21.15.96:0/3598722068 >> [v2:172.21.15.96:6800/976363826,v1:172.21.15.96:6801/976363826] conn(0x7f9c18038730 0x7f9c1803abf0 unknown :-1 s=BANNER_CONNECTING pgs=0 cs=0 l=1 rev1=0 crypto rx=0 tx=0 comp rx=0 tx=0)._handle_peer_banner_payload supported=3 required=0
2024-04-22T15:09:27.283 INFO:teuthology.orchestra.run.smithi096.stdout:/usr/bin/ceph: stderr
2024-04-22T15:09:26.275+0000 7f9c2dd9b700 1 --2- 172.21.15.96:0/3598722068 >> [v2:172.21.15.96:6800/976363826,v1:172.21.15.96:6801/976363826] conn(0x7f9c18038730 0x7f9c1803abf0 secure :-1 s=READY pgs=7 cs=0 l=1 rev1=1 crypto rx=0x7f9c20006fd0 tx=0x7f9c20006e40 comp rx=0 tx=0).ready entity=mgr.14164 client_cookie=0 server_cookie=0 in_seq=0 out_seq=0
2024-04-22T15:09:27.283 INFO:teuthology.orchestra.run.smithi096.stdout:/usr/bin/ceph: stderr
2024-04-22T15:09:26.280+0000 7f9c1f7fe700 1 -- 172.21.15.96:0/3598722068 <== mon.0 v2:172.21.15.96:3300/0 6 ==== mon_command_ack([{"prefix": "get_command_descriptions"}]=0 v0) v1 ==== 72+0+183351 (secure 0 0 0) 0x7f9c24022700 con 0x7f9c30106a70
2024-04-22T15:09:27.283 INFO:teuthology.orchestra.run.smithi096.stdout:/usr/bin/ceph: stderr
2024-04-22T15:09:26.498+0000 7f9c3488a700 1 -- 172.21.15.96:0/3598722068 --> [v2:172.21.15.96:6800/976363826,v1:172.21.15.96:6801/976363826] -- mgr_command(tid 0: {"prefix": "dashboard create-self-signed-cert", "target": ["mon-mgr", ""]}) v1 -- 0x7f9c3002cf40 con 0x7f9c18038730
2024-04-22T15:09:27.283 INFO:teuthology.orchestra.run.smithi096.stdout:/usr/bin/ceph: stderr
2024-04-22T15:09:26.662+0000 7f9c1f7fe700 1 -- 172.21.15.96:0/3598722068 <== mgr.14164 v2:172.21.15.96:6800/976363826 1 ==== mgr_command_reply(tid 0: 0 ) v1 ==== 8+0+32 (secure 0 0 0) 0x7f9c3002cf40 con 0x7f9c18038730
2024-04-22T15:09:27.283 INFO:teuthology.orchestra.run.smithi096.stdout:/usr/bin/ceph: stderr
2024-04-22T15:09:26.665+0000 7f9c3488a700 1 -- 172.21.15.96:0/3598722068 >> [v2:172.21.15.96:6800/976363826,v1:172.21.15.96:6801/976363826] conn(0x7f9c18038730 msgr2=0x7f9c1803abf0 secure :-1 s=STATE_CONNECTION_ESTABLISHED l=1).mark_down
2024-04-22T15:09:27.283 INFO:teuthology.orchestra.run.smithi096.stdout:/usr/bin/ceph: stderr
2024-04-22T15:09:26.665+0000 7f9c3488a700 1 --2- 172.21.15.96:0/3598722068 >> [v2:172.21.15.96:6800/976363826,v1:172.21.15.96:6801/976363826] conn(0x7f9c18038730 0x7f9c1803abf0 secure :-1 s=READY pgs=7 cs=0 l=1 rev1=1 crypto rx=0x7f9c20006fd0 tx=0x7f9c20006e40 comp rx=0 tx=0).stop
2024-04-22T15:09:27.283 INFO:teuthology.orchestra.run.smithi096.stdout:/usr/bin/ceph: stderr
2024-04-22T15:09:26.665+0000 7f9c3488a700 1 -- 172.21.15.96:0/3598722068 >> [v2:172.21.15.96:3300/0,v1:172.21.15.96:6789/0] conn(0x7f9c30106a70 msgr2=0x7f9c3019a3d0 secure :-1 s=STATE_CONNECTION_ESTABLISHED l=1).mark_down
2024-04-22T15:09:27.283 INFO:teuthology.orchestra.run.smithi096.stdout:/usr/bin/ceph: stderr
2024-04-22T15:09:26.665+0000 7f9c3488a700 1 --2- 172.21.15.96:0/3598722068 >> [v2:172.21.15.96:3300/0,v1:172.21.15.96:6789/0] conn(0x7f9c30106a70 0x7f9c3019a3d0 secure :-1 s=READY pgs=83 cs=0 l=1 rev1=1 crypto rx=0x7f9c24009fb0 tx=0x7f9c24011890 comp rx=0 tx=0).stop
2024-04-22T15:09:27.283 INFO:teuthology.orchestra.run.smithi096.stdout:/usr/bin/ceph: stderr
2024-04-22T15:09:26.665+0000 7f9c3488a700 1 -- 172.21.15.96:0/3598722068 shutdown_connections
2024-04-22T15:09:27.283 INFO:teuthology.orchestra.run.smithi096.stdout:/usr/bin/ceph: stderr
2024-04-22T15:09:26.665+0000 7f9c3488a700 1 --2- 172.21.15.96:0/3598722068 >> [v2:172.21.15.96:6800/976363826,v1:172.21.15.96:6801/976363826] conn(0x7f9c18038730 0x7f9c1803abf0 unknown :-1 s=CLOSED pgs=7 cs=0 l=1 rev1=1 crypto rx=0 tx=0 comp rx=0 tx=0).stop
2024-04-22T15:09:27.283 INFO:teuthology.orchestra.run.smithi096.stdout:/usr/bin/ceph: stderr
2024-04-22T15:09:26.665+0000 7f9c3488a700 1 --2- 172.21.15.96:0/3598722068 >> [v2:172.21.15.96:3300/0,v1:172.21.15.96:6789/0] conn(0x7f9c30106a70 0x7f9c3019a3d0 unknown :-1 s=CLOSED pgs=83 cs=0 l=1 rev1=1 crypto rx=0 tx=0 comp rx=0 tx=0).stop
2024-04-22T15:09:27.283 INFO:teuthology.orchestra.run.smithi096.stdout:/usr/bin/ceph: stderr
2024-04-22T15:09:26.665+0000 7f9c3488a700 1 -- 172.21.15.96:0/3598722068 >> 172.21.15.96:0/3598722068 conn(0x7f9c301001c0 msgr2=0x7f9c301010a0 unknown :-1 s=STATE_NONE l=0).mark_down
2024-04-22T15:09:27.284 INFO:teuthology.orchestra.run.smithi096.stdout:/usr/bin/ceph: stderr
2024-04-22T15:09:26.666+0000 7f9c3488a700 1 -- 172.21.15.96:0/3598722068 shutdown_connections
2024-04-22T15:09:27.284 INFO:teuthology.orchestra.run.smithi096.stdout:/usr/bin/ceph: stderr
2024-04-22T15:09:26.666+0000 7f9c3488a700 1 -- 172.21.15.96:0/3598722068 wait complete.
2024-04-22T15:09:27.284 INFO:teuthology.orchestra.run.smithi096.stdout:Creating initial admin user...
2024-04-22T15:09:28.166 INFO:journalctl@ceph.mon.smithi096.smithi096.stdout:Apr 22 15:09:27 smithi096 ceph-mon[26688]: from='client.14176 -' entity='client.admin' cmd=[{"prefix": "dashboard create-self-signed-cert", "target": ["mon-mgr", ""]}]: dispatch
2024-04-22T15:09:28.926 INFO:teuthology.orchestra.run.smithi096.stdout:/usr/bin/ceph: stdout {"username": "admin", "password": "$2b$12$T2IZgJYmeqpeiu3J6taqme..VDyjJQKF6cu7IU8j/mult2xtUDDJa", "roles": ["administrator"], "name": null, "email": null, "lastUpdate": 1713798568, "enabled": true, "pwdExpirationDate": null, "pwdUpdateRequired": true}
2024-04-22T15:09:28.926 INFO:teuthology.orchestra.run.smithi096.stdout:/usr/bin/ceph: stderr
2024-04-22T15:09:27.710+0000 7f7fa7234700 1 Processor -- start
2024-04-22T15:09:28.927 INFO:teuthology.orchestra.run.smithi096.stdout:/usr/bin/ceph: stderr
2024-04-22T15:09:27.710+0000 7f7fa7234700 1 -- start start
2024-04-22T15:09:28.927 INFO:teuthology.orchestra.run.smithi096.stdout:/usr/bin/ceph: stderr
2024-04-22T15:09:27.710+0000 7f7fa7234700 1 --2- >> [v2:172.21.15.96:3300/0,v1:172.21.15.96:6789/0] conn(0x7f7fa0106590 0x7f7fa01069b0 unknown :-1 s=NONE pgs=0 cs=0 l=0 rev1=0 crypto rx=0 tx=0 comp rx=0 tx=0).connect
2024-04-22T15:09:28.927 INFO:teuthology.orchestra.run.smithi096.stdout:/usr/bin/ceph: stderr
2024-04-22T15:09:27.710+0000 7f7fa7234700 1 -- --> [v2:172.21.15.96:3300/0,v1:172.21.15.96:6789/0] -- mon_getmap magic: 0 v1 -- 0x7f7fa0106f80 con 0x7f7fa0106590
2024-04-22T15:09:28.927 INFO:teuthology.orchestra.run.smithi096.stdout:/usr/bin/ceph: stderr
2024-04-22T15:09:27.711+0000 7f7fa4fd0700 1 --2- >> [v2:172.21.15.96:3300/0,v1:172.21.15.96:6789/0] conn(0x7f7fa0106590 0x7f7fa01069b0 unknown :-1 s=BANNER_CONNECTING pgs=0 cs=0 l=0 rev1=0 crypto rx=0 tx=0 comp rx=0 tx=0)._handle_peer_banner_payload supported=3 required=0
2024-04-22T15:09:28.927 INFO:teuthology.orchestra.run.smithi096.stdout:/usr/bin/ceph: stderr
2024-04-22T15:09:27.711+0000 7f7fa4fd0700 1 --2- >> [v2:172.21.15.96:3300/0,v1:172.21.15.96:6789/0] conn(0x7f7fa0106590 0x7f7fa01069b0 unknown :-1 s=HELLO_CONNECTING pgs=0 cs=0 l=0 rev1=1 crypto rx=0 tx=0 comp rx=0 tx=0).handle_hello peer v2:172.21.15.96:3300/0 says I am v2:172.21.15.96:43412/0 (socket says 172.21.15.96:43412)
2024-04-22T15:09:28.927 INFO:teuthology.orchestra.run.smithi096.stdout:/usr/bin/ceph: stderr
2024-04-22T15:09:27.711+0000 7f7fa4fd0700 1 -- 172.21.15.96:0/3093161461 learned_addr learned my addr 172.21.15.96:0/3093161461 (peer_addr_for_me v2:172.21.15.96:0/0)
2024-04-22T15:09:28.927 INFO:teuthology.orchestra.run.smithi096.stdout:/usr/bin/ceph: stderr
2024-04-22T15:09:27.711+0000 7f7fa4fd0700 1 -- 172.21.15.96:0/3093161461 --> [v2:172.21.15.96:3300/0,v1:172.21.15.96:6789/0] -- mon_subscribe({config=0+,monmap=0+}) v3 -- 0x7f7fa0107790 con 0x7f7fa0106590
2024-04-22T15:09:28.927 INFO:teuthology.orchestra.run.smithi096.stdout:/usr/bin/ceph: stderr
2024-04-22T15:09:27.711+0000 7f7fa4fd0700 1 --2- 172.21.15.96:0/3093161461 >> [v2:172.21.15.96:3300/0,v1:172.21.15.96:6789/0] conn(0x7f7fa0106590 0x7f7fa01069b0 secure :-1 s=READY pgs=84 cs=0 l=1 rev1=1 crypto rx=0x7f7f9c009e80 tx=0x7f7f9c00b330 comp rx=0 tx=0).ready entity=mon.0 client_cookie=17f9d90fc84c48df server_cookie=0 in_seq=0 out_seq=0
2024-04-22T15:09:28.927 INFO:teuthology.orchestra.run.smithi096.stdout:/usr/bin/ceph: stderr
2024-04-22T15:09:27.711+0000 7f7f977fe700 1 -- 172.21.15.96:0/3093161461 <== mon.0 v2:172.21.15.96:3300/0 1 ==== mon_map magic: 0 v1 ==== 229+0+0 (secure 0 0 0) 0x7f7f9c00e070 con 0x7f7fa0106590
2024-04-22T15:09:28.927 INFO:teuthology.orchestra.run.smithi096.stdout:/usr/bin/ceph: stderr
2024-04-22T15:09:27.711+0000 7f7f977fe700 1 -- 172.21.15.96:0/3093161461 <== mon.0 v2:172.21.15.96:3300/0 2 ==== config(27 keys) v1 ==== 1109+0+0 (secure 0 0 0) 0x7f7f9c00b8c0 con 0x7f7fa0106590
2024-04-22T15:09:28.927 INFO:teuthology.orchestra.run.smithi096.stdout:/usr/bin/ceph: stderr
2024-04-22T15:09:27.711+0000 7f7f977fe700 1 -- 172.21.15.96:0/3093161461 <== mon.0 v2:172.21.15.96:3300/0 3 ==== mon_map magic: 0 v1 ==== 229+0+0 (secure 0 0 0) 0x7f7f9c0044d0 con 0x7f7fa0106590
2024-04-22T15:09:28.927 INFO:teuthology.orchestra.run.smithi096.stdout:/usr/bin/ceph: stderr
2024-04-22T15:09:27.712+0000 7f7fa7234700 1 -- 172.21.15.96:0/3093161461 >> [v2:172.21.15.96:3300/0,v1:172.21.15.96:6789/0] conn(0x7f7fa0106590 msgr2=0x7f7fa01069b0 secure :-1 s=STATE_CONNECTION_ESTABLISHED l=1).mark_down
2024-04-22T15:09:28.927 INFO:teuthology.orchestra.run.smithi096.stdout:/usr/bin/ceph: stderr
2024-04-22T15:09:27.712+0000 7f7fa7234700 1 --2- 172.21.15.96:0/3093161461 >> [v2:172.21.15.96:3300/0,v1:172.21.15.96:6789/0] conn(0x7f7fa0106590 0x7f7fa01069b0 secure :-1 s=READY pgs=84 cs=0 l=1 rev1=1 crypto rx=0x7f7f9c009e80 tx=0x7f7f9c00b330 comp rx=0 tx=0).stop
2024-04-22T15:09:28.928 INFO:teuthology.orchestra.run.smithi096.stdout:/usr/bin/ceph: stderr
2024-04-22T15:09:27.712+0000 7f7fa7234700 1 -- 172.21.15.96:0/3093161461 shutdown_connections
2024-04-22T15:09:28.928 INFO:teuthology.orchestra.run.smithi096.stdout:/usr/bin/ceph: stderr
2024-04-22T15:09:27.712+0000 7f7fa7234700 1 --2- 172.21.15.96:0/3093161461 >> [v2:172.21.15.96:3300/0,v1:172.21.15.96:6789/0] conn(0x7f7fa0106590 0x7f7fa01069b0 unknown :-1 s=CLOSED pgs=84 cs=0 l=1 rev1=1 crypto rx=0 tx=0 comp rx=0 tx=0).stop
2024-04-22T15:09:28.928 INFO:teuthology.orchestra.run.smithi096.stdout:/usr/bin/ceph: stderr
2024-04-22T15:09:27.712+0000 7f7fa7234700 1 -- 172.21.15.96:0/3093161461 >> 172.21.15.96:0/3093161461 conn(0x7f7fa0101b70 msgr2=0x7f7fa0103f90 unknown :-1 s=STATE_NONE l=0).mark_down
2024-04-22T15:09:28.928 INFO:teuthology.orchestra.run.smithi096.stdout:/usr/bin/ceph: stderr
2024-04-22T15:09:27.712+0000 7f7fa7234700 1 -- 172.21.15.96:0/3093161461 shutdown_connections
2024-04-22T15:09:28.928 INFO:teuthology.orchestra.run.smithi096.stdout:/usr/bin/ceph: stderr
2024-04-22T15:09:27.712+0000 7f7fa7234700 1 -- 172.21.15.96:0/3093161461 wait complete.
2024-04-22T15:09:28.928 INFO:teuthology.orchestra.run.smithi096.stdout:/usr/bin/ceph: stderr
2024-04-22T15:09:27.712+0000 7f7fa7234700 1 Processor -- start
2024-04-22T15:09:28.928 INFO:teuthology.orchestra.run.smithi096.stdout:/usr/bin/ceph: stderr
2024-04-22T15:09:27.713+0000 7f7fa7234700 1 -- start start
2024-04-22T15:09:28.928 INFO:teuthology.orchestra.run.smithi096.stdout:/usr/bin/ceph: stderr
2024-04-22T15:09:27.713+0000 7f7fa7234700 1 --2- >> [v2:172.21.15.96:3300/0,v1:172.21.15.96:6789/0] conn(0x7f7fa0106590 0x7f7fa019a340 unknown :-1 s=NONE pgs=0 cs=0 l=1 rev1=0 crypto rx=0 tx=0 comp rx=0 tx=0).connect
2024-04-22T15:09:28.928 INFO:teuthology.orchestra.run.smithi096.stdout:/usr/bin/ceph: stderr
2024-04-22T15:09:27.713+0000 7f7fa7234700 1 -- --> [v2:172.21.15.96:3300/0,v1:172.21.15.96:6789/0] -- mon_getmap magic: 0 v1 -- 0x7f7fa019a880 con 0x7f7fa0106590
2024-04-22T15:09:28.928 INFO:teuthology.orchestra.run.smithi096.stdout:/usr/bin/ceph: stderr
2024-04-22T15:09:27.713+0000 7f7fa4fd0700 1 --2- >> [v2:172.21.15.96:3300/0,v1:172.21.15.96:6789/0] conn(0x7f7fa0106590 0x7f7fa019a340 unknown :-1 s=BANNER_CONNECTING pgs=0 cs=0 l=1 rev1=0 crypto rx=0 tx=0 comp rx=0 tx=0)._handle_peer_banner_payload supported=3 required=0
2024-04-22T15:09:28.928 INFO:teuthology.orchestra.run.smithi096.stdout:/usr/bin/ceph: stderr
2024-04-22T15:09:27.713+0000 7f7fa4fd0700 1 --2- >> [v2:172.21.15.96:3300/0,v1:172.21.15.96:6789/0] conn(0x7f7fa0106590 0x7f7fa019a340 unknown :-1 s=HELLO_CONNECTING pgs=0 cs=0 l=1 rev1=1 crypto rx=0 tx=0 comp rx=0 tx=0).handle_hello peer v2:172.21.15.96:3300/0 says I am v2:172.21.15.96:43414/0 (socket says 172.21.15.96:43414)
2024-04-22T15:09:28.928 INFO:teuthology.orchestra.run.smithi096.stdout:/usr/bin/ceph: stderr
2024-04-22T15:09:27.713+0000 7f7fa4fd0700 1 -- 172.21.15.96:0/3125126977 learned_addr learned my addr 172.21.15.96:0/3125126977 (peer_addr_for_me v2:172.21.15.96:0/0)
2024-04-22T15:09:28.928 INFO:teuthology.orchestra.run.smithi096.stdout:/usr/bin/ceph: stderr
2024-04-22T15:09:27.713+0000 7f7fa4fd0700 1 -- 172.21.15.96:0/3125126977 --> [v2:172.21.15.96:3300/0,v1:172.21.15.96:6789/0] -- mon_subscribe({config=0+,monmap=0+}) v3 -- 0x7f7f9c009b30 con 0x7f7fa0106590
2024-04-22T15:09:28.928 INFO:teuthology.orchestra.run.smithi096.stdout:/usr/bin/ceph: stderr
2024-04-22T15:09:27.713+0000 7f7fa4fd0700 1 --2- 172.21.15.96:0/3125126977 >> [v2:172.21.15.96:3300/0,v1:172.21.15.96:6789/0] conn(0x7f7fa0106590 0x7f7fa019a340 secure :-1 s=READY pgs=85 cs=0 l=1 rev1=1 crypto rx=0x7f7f9c0072a0 tx=0x7f7f9c00bf70 comp rx=0 tx=0).ready entity=mon.0 client_cookie=0 server_cookie=0 in_seq=0 out_seq=0
2024-04-22T15:09:28.928 INFO:teuthology.orchestra.run.smithi096.stdout:/usr/bin/ceph: stderr
2024-04-22T15:09:27.713+0000 7f7f95ffb700 1 -- 172.21.15.96:0/3125126977 <== mon.0 v2:172.21.15.96:3300/0 1 ==== mon_map magic: 0 v1 ==== 229+0+0 (secure 0 0 0) 0x7f7f9c00e040 con 0x7f7fa0106590
2024-04-22T15:09:28.929 INFO:teuthology.orchestra.run.smithi096.stdout:/usr/bin/ceph: stderr
2024-04-22T15:09:27.713+0000 7f7fa7234700 1 -- 172.21.15.96:0/3125126977 --> [v2:172.21.15.96:3300/0,v1:172.21.15.96:6789/0] -- mon_subscribe({mgrmap=0+}) v3 -- 0x7f7fa019aa80 con 0x7f7fa0106590
2024-04-22T15:09:28.929 INFO:teuthology.orchestra.run.smithi096.stdout:/usr/bin/ceph: stderr
2024-04-22T15:09:27.713+0000 7f7f95ffb700 1 -- 172.21.15.96:0/3125126977 <== mon.0 v2:172.21.15.96:3300/0 2 ==== config(27 keys) v1 ==== 1109+0+0 (secure 0 0 0) 0x7f7f9c003dc0 con 0x7f7fa0106590
2024-04-22T15:09:28.929 INFO:teuthology.orchestra.run.smithi096.stdout:/usr/bin/ceph: stderr
2024-04-22T15:09:27.713+0000 7f7f95ffb700 1 -- 172.21.15.96:0/3125126977 <== mon.0 v2:172.21.15.96:3300/0 3 ==== mon_map magic: 0 v1 ==== 229+0+0 (secure 0 0 0) 0x7f7f9c012600 con 0x7f7fa0106590
2024-04-22T15:09:28.929 INFO:teuthology.orchestra.run.smithi096.stdout:/usr/bin/ceph: stderr
2024-04-22T15:09:27.714+0000 7f7fa7234700 1 -- 172.21.15.96:0/3125126977 --> [v2:172.21.15.96:3300/0,v1:172.21.15.96:6789/0] -- mon_subscribe({osdmap=0}) v3 -- 0x7f7fa019af80 con 0x7f7fa0106590
2024-04-22T15:09:28.929 INFO:teuthology.orchestra.run.smithi096.stdout:/usr/bin/ceph: stderr
2024-04-22T15:09:27.714+0000 7f7f95ffb700 1 -- 172.21.15.96:0/3125126977 <== mon.0 v2:172.21.15.96:3300/0 4 ==== mgrmap(e 12) v1 ==== 45569+0+0 (secure 0 0 0) 0x7f7f9c019040 con 0x7f7fa0106590
2024-04-22T15:09:28.929 INFO:teuthology.orchestra.run.smithi096.stdout:/usr/bin/ceph: stderr
2024-04-22T15:09:27.715+0000 7f7f95ffb700 1 --2- 172.21.15.96:0/3125126977 >> [v2:172.21.15.96:6800/976363826,v1:172.21.15.96:6801/976363826] conn(0x7f7f88038710 0x7f7f8803abd0 unknown :-1 s=NONE pgs=0 cs=0 l=1 rev1=0 crypto rx=0 tx=0 comp rx=0 tx=0).connect
2024-04-22T15:09:28.929 INFO:teuthology.orchestra.run.smithi096.stdout:/usr/bin/ceph: stderr
2024-04-22T15:09:27.715+0000 7f7fa7234700 1 -- 172.21.15.96:0/3125126977 --> [v2:172.21.15.96:3300/0,v1:172.21.15.96:6789/0] -- mon_command({"prefix": "get_command_descriptions"} v 0) v1 -- 0x7f7fa0062510 con 0x7f7fa0106590
2024-04-22T15:09:28.929 INFO:teuthology.orchestra.run.smithi096.stdout:/usr/bin/ceph: stderr
2024-04-22T15:09:27.715+0000 7f7f95ffb700 1 -- 172.21.15.96:0/3125126977 <== mon.0 v2:172.21.15.96:3300/0 5 ==== osd_map(3..3 src has 1..3) v4 ==== 1155+0+0 (secure 0 0 0) 0x7f7f9c04c410 con 0x7f7fa0106590
2024-04-22T15:09:28.929 INFO:teuthology.orchestra.run.smithi096.stdout:/usr/bin/ceph: stderr
2024-04-22T15:09:27.715+0000 7f7f97fff700 1 --2- 172.21.15.96:0/3125126977 >> [v2:172.21.15.96:6800/976363826,v1:172.21.15.96:6801/976363826] conn(0x7f7f88038710 0x7f7f8803abd0 unknown :-1 s=BANNER_CONNECTING pgs=0 cs=0 l=1 rev1=0 crypto rx=0 tx=0 comp rx=0 tx=0)._handle_peer_banner_payload supported=3 required=0
2024-04-22T15:09:28.929 INFO:teuthology.orchestra.run.smithi096.stdout:/usr/bin/ceph: stderr
2024-04-22T15:09:27.715+0000 7f7f97fff700 1 --2- 172.21.15.96:0/3125126977 >> [v2:172.21.15.96:6800/976363826,v1:172.21.15.96:6801/976363826] conn(0x7f7f88038710 0x7f7f8803abd0 secure :-1 s=READY pgs=8 cs=0 l=1 rev1=1 crypto rx=0x7f7f90006fd0 tx=0x7f7f90006e40 comp rx=0 tx=0).ready entity=mgr.14164 client_cookie=0 server_cookie=0 in_seq=0 out_seq=0
2024-04-22T15:09:28.929 INFO:teuthology.orchestra.run.smithi096.stdout:/usr/bin/ceph: stderr
2024-04-22T15:09:27.719+0000 7f7f95ffb700 1 -- 172.21.15.96:0/3125126977 <== mon.0 v2:172.21.15.96:3300/0 6 ==== mon_command_ack([{"prefix": "get_command_descriptions"}]=0 v0) v1 ==== 72+0+183351 (secure 0 0 0) 0x7f7f9c01a9e0 con 0x7f7fa0106590
2024-04-22T15:09:28.929 INFO:teuthology.orchestra.run.smithi096.stdout:/usr/bin/ceph: stderr
2024-04-22T15:09:27.939+0000 7f7fa7234700 1 -- 172.21.15.96:0/3125126977 --> [v2:172.21.15.96:6800/976363826,v1:172.21.15.96:6801/976363826] -- mgr_command(tid 0: {"prefix": "dashboard ac-user-create", "username": "admin", "rolename": "administrator", "force_password": true, "pwd_update_required": true, "target": ["mon-mgr", ""]}) v1 -- 0x7f7fa0062330 con 0x7f7f88038710
2024-04-22T15:09:28.929 INFO:teuthology.orchestra.run.smithi096.stdout:/usr/bin/ceph: stderr
2024-04-22T15:09:28.163+0000 7f7f95ffb700 1 -- 172.21.15.96:0/3125126977 <== mgr.14164 v2:172.21.15.96:6800/976363826 1 ==== mgr_command_reply(tid 0: 0 ) v1 ==== 8+0+252 (secure 0 0 0) 0x7f7fa0062330 con 0x7f7f88038710
2024-04-22T15:09:28.929 INFO:teuthology.orchestra.run.smithi096.stdout:/usr/bin/ceph: stderr
2024-04-22T15:09:28.165+0000 7f7fa7234700 1 -- 172.21.15.96:0/3125126977 >> [v2:172.21.15.96:6800/976363826,v1:172.21.15.96:6801/976363826] conn(0x7f7f88038710 msgr2=0x7f7f8803abd0 secure :-1 s=STATE_CONNECTION_ESTABLISHED l=1).mark_down
2024-04-22T15:09:28.930 INFO:teuthology.orchestra.run.smithi096.stdout:/usr/bin/ceph: stderr
2024-04-22T15:09:28.165+0000 7f7fa7234700 1 --2- 172.21.15.96:0/3125126977 >> [v2:172.21.15.96:6800/976363826,v1:172.21.15.96:6801/976363826] conn(0x7f7f88038710 0x7f7f8803abd0 secure :-1 s=READY pgs=8 cs=0 l=1 rev1=1 crypto rx=0x7f7f90006fd0 tx=0x7f7f90006e40 comp rx=0 tx=0).stop
2024-04-22T15:09:28.930 INFO:teuthology.orchestra.run.smithi096.stdout:/usr/bin/ceph: stderr
2024-04-22T15:09:28.165+0000 7f7fa7234700 1 -- 172.21.15.96:0/3125126977 >> [v2:172.21.15.96:3300/0,v1:172.21.15.96:6789/0] conn(0x7f7fa0106590 msgr2=0x7f7fa019a340 secure :-1 s=STATE_CONNECTION_ESTABLISHED l=1).mark_down
2024-04-22T15:09:28.930 INFO:teuthology.orchestra.run.smithi096.stdout:/usr/bin/ceph: stderr
2024-04-22T15:09:28.165+0000 7f7fa7234700 1 --2- 172.21.15.96:0/3125126977 >> [v2:172.21.15.96:3300/0,v1:172.21.15.96:6789/0] conn(0x7f7fa0106590 0x7f7fa019a340 secure :-1 s=READY pgs=85 cs=0 l=1 rev1=1 crypto rx=0x7f7f9c0072a0 tx=0x7f7f9c00bf70 comp rx=0 tx=0).stop
2024-04-22T15:09:28.930 INFO:teuthology.orchestra.run.smithi096.stdout:/usr/bin/ceph: stderr
2024-04-22T15:09:28.165+0000 7f7fa7234700 1 -- 172.21.15.96:0/3125126977 shutdown_connections
2024-04-22T15:09:28.930 INFO:teuthology.orchestra.run.smithi096.stdout:/usr/bin/ceph: stderr
2024-04-22T15:09:28.165+0000 7f7fa7234700 1 --2- 172.21.15.96:0/3125126977 >> [v2:172.21.15.96:6800/976363826,v1:172.21.15.96:6801/976363826] conn(0x7f7f88038710 0x7f7f8803abd0 unknown :-1 s=CLOSED pgs=8 cs=0 l=1 rev1=1 crypto rx=0 tx=0 comp rx=0 tx=0).stop
2024-04-22T15:09:28.930 INFO:teuthology.orchestra.run.smithi096.stdout:/usr/bin/ceph: stderr
2024-04-22T15:09:28.165+0000 7f7fa7234700 1 --2- 172.21.15.96:0/3125126977 >> [v2:172.21.15.96:3300/0,v1:172.21.15.96:6789/0] conn(0x7f7fa0106590 0x7f7fa019a340 unknown :-1 s=CLOSED pgs=85 cs=0 l=1 rev1=1 crypto rx=0 tx=0 comp rx=0 tx=0).stop
2024-04-22T15:09:28.930 INFO:teuthology.orchestra.run.smithi096.stdout:/usr/bin/ceph: stderr
2024-04-22T15:09:28.165+0000 7f7fa7234700 1 -- 172.21.15.96:0/3125126977 >> 172.21.15.96:0/3125126977 conn(0x7f7fa0101b70 msgr2=0x7f7fa01026e0 unknown :-1 s=STATE_NONE l=0).mark_down
2024-04-22T15:09:28.930 INFO:teuthology.orchestra.run.smithi096.stdout:/usr/bin/ceph: stderr
2024-04-22T15:09:28.165+0000 7f7fa7234700 1 -- 172.21.15.96:0/3125126977 shutdown_connections
2024-04-22T15:09:28.930 INFO:teuthology.orchestra.run.smithi096.stdout:/usr/bin/ceph: stderr
2024-04-22T15:09:28.165+0000 7f7fa7234700 1 -- 172.21.15.96:0/3125126977 wait complete.
2024-04-22T15:09:28.930 INFO:teuthology.orchestra.run.smithi096.stdout:Fetching dashboard port number...
2024-04-22T15:09:29.187 INFO:journalctl@ceph.mon.smithi096.smithi096.stdout:Apr 22 15:09:28 smithi096 ceph-mon[26688]: from='client.14178 -' entity='client.admin' cmd=[{"prefix": "dashboard ac-user-create", "username": "admin", "rolename": "administrator", "force_password": true, "pwd_update_required": true, "target": ["mon-mgr", ""]}]: dispatch
2024-04-22T15:09:29.188 INFO:journalctl@ceph.mon.smithi096.smithi096.stdout:Apr 22 15:09:28 smithi096 ceph-mon[26688]: from='mgr.14164 172.21.15.96:0/2457013581' entity='mgr.smithi096.hhkvum'
2024-04-22T15:09:30.585 INFO:teuthology.orchestra.run.smithi096.stdout:/usr/bin/ceph: stdout 8443
2024-04-22T15:09:30.586 INFO:teuthology.orchestra.run.smithi096.stdout:/usr/bin/ceph: stderr
2024-04-22T15:09:29.804+0000 7f0c88221700 1 Processor -- start
2024-04-22T15:09:30.586 INFO:teuthology.orchestra.run.smithi096.stdout:/usr/bin/ceph: stderr
2024-04-22T15:09:29.804+0000 7f0c88221700 1 -- start start
2024-04-22T15:09:30.586 INFO:teuthology.orchestra.run.smithi096.stdout:/usr/bin/ceph: stderr
2024-04-22T15:09:29.805+0000 7f0c88221700 1 --2- >> [v2:172.21.15.96:3300/0,v1:172.21.15.96:6789/0] conn(0x7f0c801065f0 0x7f0c80106a10 unknown :-1 s=NONE pgs=0 cs=0 l=0 rev1=0 crypto rx=0 tx=0 comp rx=0 tx=0).connect
2024-04-22T15:09:30.586 INFO:teuthology.orchestra.run.smithi096.stdout:/usr/bin/ceph: stderr
2024-04-22T15:09:29.805+0000 7f0c88221700 1 -- --> [v2:172.21.15.96:3300/0,v1:172.21.15.96:6789/0] -- mon_getmap magic: 0 v1 -- 0x7f0c80106fe0 con 0x7f0c801065f0
2024-04-22T15:09:30.586 INFO:teuthology.orchestra.run.smithi096.stdout:/usr/bin/ceph: stderr
2024-04-22T15:09:29.805+0000 7f0c85fbd700 1 --2- >> [v2:172.21.15.96:3300/0,v1:172.21.15.96:6789/0] conn(0x7f0c801065f0 0x7f0c80106a10 unknown :-1 s=BANNER_CONNECTING pgs=0 cs=0 l=0 rev1=0 crypto rx=0 tx=0 comp rx=0 tx=0)._handle_peer_banner_payload supported=3 required=0
2024-04-22T15:09:30.586 INFO:teuthology.orchestra.run.smithi096.stdout:/usr/bin/ceph: stderr
2024-04-22T15:09:29.805+0000 7f0c85fbd700 1 --2- >> [v2:172.21.15.96:3300/0,v1:172.21.15.96:6789/0] conn(0x7f0c801065f0 0x7f0c80106a10 unknown :-1 s=HELLO_CONNECTING pgs=0 cs=0 l=0 rev1=1 crypto rx=0 tx=0 comp rx=0 tx=0).handle_hello peer v2:172.21.15.96:3300/0 says I am v2:172.21.15.96:43420/0 (socket says 172.21.15.96:43420)
2024-04-22T15:09:30.586 INFO:teuthology.orchestra.run.smithi096.stdout:/usr/bin/ceph: stderr
2024-04-22T15:09:29.805+0000 7f0c85fbd700 1 -- 172.21.15.96:0/4115715297 learned_addr learned my addr 172.21.15.96:0/4115715297 (peer_addr_for_me v2:172.21.15.96:0/0)
2024-04-22T15:09:30.586 INFO:teuthology.orchestra.run.smithi096.stdout:/usr/bin/ceph: stderr
2024-04-22T15:09:29.805+0000 7f0c85fbd700 1 -- 172.21.15.96:0/4115715297 --> [v2:172.21.15.96:3300/0,v1:172.21.15.96:6789/0] -- mon_subscribe({config=0+,monmap=0+}) v3 -- 0x7f0c801077a0 con 0x7f0c801065f0
2024-04-22T15:09:30.586 INFO:teuthology.orchestra.run.smithi096.stdout:/usr/bin/ceph: stderr
2024-04-22T15:09:29.805+0000 7f0c85fbd700 1 --2- 172.21.15.96:0/4115715297 >> [v2:172.21.15.96:3300/0,v1:172.21.15.96:6789/0] conn(0x7f0c801065f0 0x7f0c80106a10 secure :-1 s=READY pgs=86 cs=0 l=1 rev1=1 crypto rx=0x7f0c7c0098a0 tx=0x7f0c7c009bb0 comp rx=0 tx=0).ready entity=mon.0 client_cookie=90509125719284ea server_cookie=0 in_seq=0 out_seq=0
2024-04-22T15:09:30.586 INFO:teuthology.orchestra.run.smithi096.stdout:/usr/bin/ceph: stderr
2024-04-22T15:09:29.805+0000 7f0c84fbb700 1 -- 172.21.15.96:0/4115715297 <== mon.0 v2:172.21.15.96:3300/0 1 ==== mon_map magic: 0 v1 ==== 229+0+0 (secure 0 0 0) 0x7f0c7c004180 con 0x7f0c801065f0
2024-04-22T15:09:30.586 INFO:teuthology.orchestra.run.smithi096.stdout:/usr/bin/ceph: stderr
2024-04-22T15:09:29.806+0000 7f0c84fbb700 1 -- 172.21.15.96:0/4115715297 <== mon.0 v2:172.21.15.96:3300/0 2 ==== config(27 keys) v1 ==== 1109+0+0 (secure 0 0 0) 0x7f0c7c0042e0 con 0x7f0c801065f0
2024-04-22T15:09:30.586 INFO:teuthology.orchestra.run.smithi096.stdout:/usr/bin/ceph: stderr
2024-04-22T15:09:29.806+0000 7f0c84fbb700 1 -- 172.21.15.96:0/4115715297 <== mon.0 v2:172.21.15.96:3300/0 3 ==== mon_map magic: 0 v1 ==== 229+0+0 (secure 0 0 0) 0x7f0c7c011b10 con 0x7f0c801065f0
2024-04-22T15:09:30.587 INFO:teuthology.orchestra.run.smithi096.stdout:/usr/bin/ceph: stderr
2024-04-22T15:09:29.806+0000 7f0c88221700 1 -- 172.21.15.96:0/4115715297 >> [v2:172.21.15.96:3300/0,v1:172.21.15.96:6789/0] conn(0x7f0c801065f0 msgr2=0x7f0c80106a10 secure :-1 s=STATE_CONNECTION_ESTABLISHED l=1).mark_down
2024-04-22T15:09:30.587 INFO:teuthology.orchestra.run.smithi096.stdout:/usr/bin/ceph: stderr
2024-04-22T15:09:29.806+0000 7f0c88221700 1 --2- 172.21.15.96:0/4115715297 >> [v2:172.21.15.96:3300/0,v1:172.21.15.96:6789/0] conn(0x7f0c801065f0 0x7f0c80106a10 secure :-1 s=READY pgs=86 cs=0 l=1 rev1=1 crypto rx=0x7f0c7c0098a0 tx=0x7f0c7c009bb0 comp rx=0 tx=0).stop
2024-04-22T15:09:30.587 INFO:teuthology.orchestra.run.smithi096.stdout:/usr/bin/ceph: stderr
2024-04-22T15:09:29.806+0000 7f0c88221700 1 -- 172.21.15.96:0/4115715297 shutdown_connections
2024-04-22T15:09:30.587 INFO:teuthology.orchestra.run.smithi096.stdout:/usr/bin/ceph: stderr
2024-04-22T15:09:29.806+0000 7f0c88221700 1 --2- 172.21.15.96:0/4115715297 >> [v2:172.21.15.96:3300/0,v1:172.21.15.96:6789/0] conn(0x7f0c801065f0 0x7f0c80106a10 unknown :-1 s=CLOSED pgs=86 cs=0 l=1 rev1=1 crypto rx=0 tx=0 comp rx=0 tx=0).stop
2024-04-22T15:09:30.587 INFO:teuthology.orchestra.run.smithi096.stdout:/usr/bin/ceph: stderr
2024-04-22T15:09:29.806+0000 7f0c88221700 1 -- 172.21.15.96:0/4115715297 >> 172.21.15.96:0/4115715297 conn(0x7f0c80101bd0 msgr2=0x7f0c80103ff0 unknown :-1 s=STATE_NONE l=0).mark_down
2024-04-22T15:09:30.587 INFO:teuthology.orchestra.run.smithi096.stdout:/usr/bin/ceph: stderr
2024-04-22T15:09:29.806+0000 7f0c88221700 1 -- 172.21.15.96:0/4115715297 shutdown_connections
2024-04-22T15:09:30.587 INFO:teuthology.orchestra.run.smithi096.stdout:/usr/bin/ceph: stderr
2024-04-22T15:09:29.806+0000 7f0c88221700 1 -- 172.21.15.96:0/4115715297 wait complete.
2024-04-22T15:09:30.587 INFO:teuthology.orchestra.run.smithi096.stdout:/usr/bin/ceph: stderr
2024-04-22T15:09:29.807+0000 7f0c88221700 1 Processor -- start
2024-04-22T15:09:30.587 INFO:teuthology.orchestra.run.smithi096.stdout:/usr/bin/ceph: stderr
2024-04-22T15:09:29.807+0000 7f0c88221700 1 -- start start
2024-04-22T15:09:30.587 INFO:teuthology.orchestra.run.smithi096.stdout:/usr/bin/ceph: stderr
2024-04-22T15:09:29.807+0000 7f0c88221700 1 --2- >> [v2:172.21.15.96:3300/0,v1:172.21.15.96:6789/0] conn(0x7f0c801065f0 0x7f0c8007baf0 unknown :-1 s=NONE pgs=0 cs=0 l=1 rev1=0 crypto rx=0 tx=0 comp rx=0 tx=0).connect
2024-04-22T15:09:30.587 INFO:teuthology.orchestra.run.smithi096.stdout:/usr/bin/ceph: stderr
2024-04-22T15:09:29.807+0000 7f0c88221700 1 -- --> [v2:172.21.15.96:3300/0,v1:172.21.15.96:6789/0] -- mon_getmap magic: 0 v1 -- 0x7f0c8007c030 con 0x7f0c801065f0
2024-04-22T15:09:30.587 INFO:teuthology.orchestra.run.smithi096.stdout:/usr/bin/ceph: stderr
2024-04-22T15:09:29.807+0000 7f0c85fbd700 1 --2- >> [v2:172.21.15.96:3300/0,v1:172.21.15.96:6789/0] conn(0x7f0c801065f0 0x7f0c8007baf0 unknown :-1 s=BANNER_CONNECTING pgs=0 cs=0 l=1 rev1=0 crypto rx=0 tx=0 comp rx=0 tx=0)._handle_peer_banner_payload supported=3 required=0
2024-04-22T15:09:30.587 INFO:teuthology.orchestra.run.smithi096.stdout:/usr/bin/ceph: stderr
2024-04-22T15:09:29.807+0000 7f0c85fbd700 1 --2- >> [v2:172.21.15.96:3300/0,v1:172.21.15.96:6789/0] conn(0x7f0c801065f0 0x7f0c8007baf0 unknown :-1 s=HELLO_CONNECTING pgs=0 cs=0 l=1 rev1=1 crypto rx=0 tx=0 comp rx=0 tx=0).handle_hello peer v2:172.21.15.96:3300/0 says I am v2:172.21.15.96:43434/0 (socket says 172.21.15.96:43434)
2024-04-22T15:09:30.587 INFO:teuthology.orchestra.run.smithi096.stdout:/usr/bin/ceph: stderr
2024-04-22T15:09:29.807+0000 7f0c85fbd700 1 -- 172.21.15.96:0/874619240 learned_addr learned my addr 172.21.15.96:0/874619240 (peer_addr_for_me v2:172.21.15.96:0/0)
2024-04-22T15:09:30.588 INFO:teuthology.orchestra.run.smithi096.stdout:/usr/bin/ceph: stderr
2024-04-22T15:09:29.807+0000 7f0c85fbd700 1 -- 172.21.15.96:0/874619240 --> [v2:172.21.15.96:3300/0,v1:172.21.15.96:6789/0] -- mon_subscribe({config=0+,monmap=0+}) v3 -- 0x7f0c7c009550 con 0x7f0c801065f0
2024-04-22T15:09:30.588 INFO:teuthology.orchestra.run.smithi096.stdout:/usr/bin/ceph: stderr
2024-04-22T15:09:29.807+0000 7f0c85fbd700 1 --2- 172.21.15.96:0/874619240 >> [v2:172.21.15.96:3300/0,v1:172.21.15.96:6789/0] conn(0x7f0c801065f0 0x7f0c8007baf0 secure :-1 s=READY pgs=87 cs=0 l=1 rev1=1 crypto rx=0x7f0c7c0117b0 tx=0x7f0c7c011890 comp rx=0 tx=0).ready entity=mon.0 client_cookie=0 server_cookie=0 in_seq=0 out_seq=0
2024-04-22T15:09:30.588 INFO:teuthology.orchestra.run.smithi096.stdout:/usr/bin/ceph: stderr
2024-04-22T15:09:29.808+0000 7f0c76ffd700 1 -- 172.21.15.96:0/874619240 <== mon.0 v2:172.21.15.96:3300/0 1 ==== mon_map magic: 0 v1 ==== 229+0+0 (secure 0 0 0) 0x7f0c7c0038b0 con 0x7f0c801065f0
2024-04-22T15:09:30.588 INFO:teuthology.orchestra.run.smithi096.stdout:/usr/bin/ceph: stderr
2024-04-22T15:09:29.808+0000 7f0c76ffd700 1 -- 172.21.15.96:0/874619240 <== mon.0 v2:172.21.15.96:3300/0 2 ==== config(27 keys) v1 ==== 1109+0+0 (secure 0 0 0) 0x7f0c7c003a10 con 0x7f0c801065f0
2024-04-22T15:09:30.588 INFO:teuthology.orchestra.run.smithi096.stdout:/usr/bin/ceph: stderr
2024-04-22T15:09:29.808+0000 7f0c88221700 1 -- 172.21.15.96:0/874619240 --> [v2:172.21.15.96:3300/0,v1:172.21.15.96:6789/0] -- mon_subscribe({mgrmap=0+}) v3 -- 0x7f0c8007a2c0 con 0x7f0c801065f0
2024-04-22T15:09:30.588 INFO:teuthology.orchestra.run.smithi096.stdout:/usr/bin/ceph: stderr
2024-04-22T15:09:29.808+0000 7f0c76ffd700 1 -- 172.21.15.96:0/874619240 <== mon.0 v2:172.21.15.96:3300/0 3 ==== mon_map magic: 0 v1 ==== 229+0+0 (secure 0 0 0) 0x7f0c7c0246e0 con 0x7f0c801065f0
2024-04-22T15:09:30.588 INFO:teuthology.orchestra.run.smithi096.stdout:/usr/bin/ceph: stderr
2024-04-22T15:09:29.808+0000 7f0c88221700 1 -- 172.21.15.96:0/874619240 --> [v2:172.21.15.96:3300/0,v1:172.21.15.96:6789/0] -- mon_subscribe({osdmap=0}) v3 -- 0x7f0c8007a760 con 0x7f0c801065f0
2024-04-22T15:09:30.588 INFO:teuthology.orchestra.run.smithi096.stdout:/usr/bin/ceph: stderr
2024-04-22T15:09:29.808+0000 7f0c76ffd700 1 -- 172.21.15.96:0/874619240 <== mon.0 v2:172.21.15.96:3300/0 4 ==== mgrmap(e 12) v1 ==== 45569+0+0 (secure 0 0 0) 0x7f0c7c01ab80 con 0x7f0c801065f0
2024-04-22T15:09:30.588 INFO:teuthology.orchestra.run.smithi096.stdout:/usr/bin/ceph: stderr
2024-04-22T15:09:29.809+0000 7f0c76ffd700 1 --2- 172.21.15.96:0/874619240 >> [v2:172.21.15.96:6800/976363826,v1:172.21.15.96:6801/976363826] conn(0x7f0c6c0387c0 0x7f0c6c03ac80 unknown :-1 s=NONE pgs=0 cs=0 l=1 rev1=0 crypto rx=0 tx=0 comp rx=0 tx=0).connect
2024-04-22T15:09:30.588 INFO:teuthology.orchestra.run.smithi096.stdout:/usr/bin/ceph: stderr
2024-04-22T15:09:29.809+0000 7f0c88221700 1 -- 172.21.15.96:0/874619240 --> [v2:172.21.15.96:3300/0,v1:172.21.15.96:6789/0] -- mon_command({"prefix": "get_command_descriptions"} v 0) v1 -- 0x7f0c8007c170 con 0x7f0c801065f0
2024-04-22T15:09:30.588 INFO:teuthology.orchestra.run.smithi096.stdout:/usr/bin/ceph: stderr
2024-04-22T15:09:29.809+0000 7f0c76ffd700 1 -- 172.21.15.96:0/874619240 <== mon.0 v2:172.21.15.96:3300/0 5 ==== osd_map(3..3 src has 1..3) v4 ==== 1155+0+0 (secure 0 0 0) 0x7f0c7c04ca00 con 0x7f0c801065f0
2024-04-22T15:09:30.588 INFO:teuthology.orchestra.run.smithi096.stdout:/usr/bin/ceph: stderr
2024-04-22T15:09:29.809+0000 7f0c857bc700 1 --2- 172.21.15.96:0/874619240 >> [v2:172.21.15.96:6800/976363826,v1:172.21.15.96:6801/976363826] conn(0x7f0c6c0387c0 0x7f0c6c03ac80 unknown :-1 s=BANNER_CONNECTING pgs=0 cs=0 l=1 rev1=0 crypto rx=0 tx=0 comp rx=0 tx=0)._handle_peer_banner_payload supported=3 required=0
2024-04-22T15:09:30.588 INFO:teuthology.orchestra.run.smithi096.stdout:/usr/bin/ceph: stderr
2024-04-22T15:09:29.809+0000 7f0c857bc700 1 --2- 172.21.15.96:0/874619240 >> [v2:172.21.15.96:6800/976363826,v1:172.21.15.96:6801/976363826] conn(0x7f0c6c0387c0 0x7f0c6c03ac80 secure :-1 s=READY pgs=9 cs=0 l=1 rev1=1 crypto rx=0x7f0c70006fd0 tx=0x7f0c70006e40 comp rx=0 tx=0).ready entity=mgr.14164 client_cookie=0 server_cookie=0 in_seq=0 out_seq=0
2024-04-22T15:09:30.589 INFO:teuthology.orchestra.run.smithi096.stdout:/usr/bin/ceph: stderr
2024-04-22T15:09:29.814+0000 7f0c76ffd700 1 -- 172.21.15.96:0/874619240 <== mon.0 v2:172.21.15.96:3300/0 6 ==== mon_command_ack([{"prefix": "get_command_descriptions"}]=0 v0) v1 ==== 72+0+183351 (secure 0 0 0) 0x7f0c8007c170 con 0x7f0c801065f0
2024-04-22T15:09:30.589 INFO:teuthology.orchestra.run.smithi096.stdout:/usr/bin/ceph: stderr
2024-04-22T15:09:29.927+0000 7f0c76ffd700 1 -- 172.21.15.96:0/874619240 <== mon.0 v2:172.21.15.96:3300/0 7 ==== mgrmap(e 13) v1 ==== 45612+0+0 (secure 0 0 0) 0x7f0c7c02d770 con 0x7f0c801065f0
2024-04-22T15:09:30.589 INFO:teuthology.orchestra.run.smithi096.stdout:/usr/bin/ceph: stderr
2024-04-22T15:09:30.011+0000 7f0c88221700 1 -- 172.21.15.96:0/874619240 --> [v2:172.21.15.96:3300/0,v1:172.21.15.96:6789/0] -- mon_command({"prefix": "config get", "who": "mgr", "key": "mgr/dashboard/ssl_server_port"} v 0) v1 -- 0x7f0c8007c170 con 0x7f0c801065f0
2024-04-22T15:09:30.589 INFO:teuthology.orchestra.run.smithi096.stdout:/usr/bin/ceph: stderr
2024-04-22T15:09:30.012+0000 7f0c76ffd700 1 -- 172.21.15.96:0/874619240 <== mon.0 v2:172.21.15.96:3300/0 8 ==== mon_command_ack([{"prefix": "config get", "who": "mgr", "key": "mgr/dashboard/ssl_server_port"}]=0 v8) v1 ==== 112+0+5 (secure 0 0 0) 0x7f0c8007c170 con 0x7f0c801065f0
2024-04-22T15:09:30.589 INFO:teuthology.orchestra.run.smithi096.stdout:/usr/bin/ceph: stderr
2024-04-22T15:09:30.014+0000 7f0c88221700 1 -- 172.21.15.96:0/874619240 >> [v2:172.21.15.96:6800/976363826,v1:172.21.15.96:6801/976363826] conn(0x7f0c6c0387c0 msgr2=0x7f0c6c03ac80 secure :-1 s=STATE_CONNECTION_ESTABLISHED l=1).mark_down
2024-04-22T15:09:30.589 INFO:teuthology.orchestra.run.smithi096.stdout:/usr/bin/ceph: stderr
2024-04-22T15:09:30.014+0000 7f0c88221700 1 --2- 172.21.15.96:0/874619240 >> [v2:172.21.15.96:6800/976363826,v1:172.21.15.96:6801/976363826] conn(0x7f0c6c0387c0 0x7f0c6c03ac80 secure :-1 s=READY pgs=9 cs=0 l=1 rev1=1 crypto rx=0x7f0c70006fd0 tx=0x7f0c70006e40 comp rx=0 tx=0).stop
2024-04-22T15:09:30.589 INFO:teuthology.orchestra.run.smithi096.stdout:/usr/bin/ceph: stderr
2024-04-22T15:09:30.014+0000 7f0c88221700 1 -- 172.21.15.96:0/874619240 >> [v2:172.21.15.96:3300/0,v1:172.21.15.96:6789/0] conn(0x7f0c801065f0 msgr2=0x7f0c8007baf0 secure :-1 s=STATE_CONNECTION_ESTABLISHED l=1).mark_down
2024-04-22T15:09:30.589 INFO:teuthology.orchestra.run.smithi096.stdout:/usr/bin/ceph: stderr
2024-04-22T15:09:30.014+0000 7f0c88221700 1 --2- 172.21.15.96:0/874619240 >> [v2:172.21.15.96:3300/0,v1:172.21.15.96:6789/0] conn(0x7f0c801065f0 0x7f0c8007baf0 secure :-1 s=READY pgs=87 cs=0 l=1 rev1=1 crypto rx=0x7f0c7c0117b0 tx=0x7f0c7c011890 comp rx=0 tx=0).stop
2024-04-22T15:09:30.589 INFO:teuthology.orchestra.run.smithi096.stdout:/usr/bin/ceph: stderr
2024-04-22T15:09:30.014+0000 7f0c88221700 1 -- 172.21.15.96:0/874619240 shutdown_connections
2024-04-22T15:09:30.589 INFO:teuthology.orchestra.run.smithi096.stdout:/usr/bin/ceph: stderr
2024-04-22T15:09:30.014+0000 7f0c88221700 1 --2- 172.21.15.96:0/874619240 >> [v2:172.21.15.96:6800/976363826,v1:172.21.15.96:6801/976363826] conn(0x7f0c6c0387c0 0x7f0c6c03ac80 unknown :-1 s=CLOSED pgs=9 cs=0 l=1 rev1=1 crypto rx=0 tx=0 comp rx=0 tx=0).stop
2024-04-22T15:09:30.589 INFO:teuthology.orchestra.run.smithi096.stdout:/usr/bin/ceph: stderr
2024-04-22T15:09:30.014+0000 7f0c88221700 1 --2- 172.21.15.96:0/874619240 >> [v2:172.21.15.96:3300/0,v1:172.21.15.96:6789/0] conn(0x7f0c801065f0 0x7f0c8007baf0 unknown :-1 s=CLOSED pgs=87 cs=0 l=1 rev1=1 crypto rx=0 tx=0 comp rx=0 tx=0).stop
2024-04-22T15:09:30.589 INFO:teuthology.orchestra.run.smithi096.stdout:/usr/bin/ceph: stderr
2024-04-22T15:09:30.014+0000 7f0c88221700 1 -- 172.21.15.96:0/874619240 >> 172.21.15.96:0/874619240 conn(0x7f0c80101bd0 msgr2=0x7f0c80102780 unknown :-1 s=STATE_NONE l=0).mark_down
2024-04-22T15:09:30.589 INFO:teuthology.orchestra.run.smithi096.stdout:/usr/bin/ceph: stderr
2024-04-22T15:09:30.014+0000 7f0c88221700 1 -- 172.21.15.96:0/874619240 shutdown_connections
2024-04-22T15:09:30.589 INFO:teuthology.orchestra.run.smithi096.stdout:/usr/bin/ceph: stderr
2024-04-22T15:09:30.014+0000 7f0c88221700 1 -- 172.21.15.96:0/874619240 wait complete.
2024-04-22T15:09:30.593 INFO:teuthology.orchestra.run.smithi096.stdout:Non-zero exit code 1 from systemctl is-enabled firewalld.service
2024-04-22T15:09:30.593 INFO:teuthology.orchestra.run.smithi096.stdout:systemctl: stdout disabled
2024-04-22T15:09:30.600 INFO:teuthology.orchestra.run.smithi096.stdout:Non-zero exit code 3 from systemctl is-active firewalld.service
2024-04-22T15:09:30.600 INFO:teuthology.orchestra.run.smithi096.stdout:systemctl: stdout inactive
2024-04-22T15:09:30.600 INFO:teuthology.orchestra.run.smithi096.stdout:firewalld.service is not enabled
2024-04-22T15:09:30.600 INFO:teuthology.orchestra.run.smithi096.stdout:Not possible to open ports <[8443]>. firewalld.service is not available
2024-04-22T15:09:30.601 INFO:teuthology.orchestra.run.smithi096.stdout:Ceph Dashboard is now available at:
2024-04-22T15:09:30.602 INFO:teuthology.orchestra.run.smithi096.stdout:
2024-04-22T15:09:30.602 INFO:teuthology.orchestra.run.smithi096.stdout: URL: https://smithi096.front.sepia.ceph.com:8443/
2024-04-22T15:09:30.602 INFO:teuthology.orchestra.run.smithi096.stdout: User: admin
2024-04-22T15:09:30.602 INFO:teuthology.orchestra.run.smithi096.stdout: Password: kg0h2fyjpz
2024-04-22T15:09:30.602 INFO:teuthology.orchestra.run.smithi096.stdout:
2024-04-22T15:09:30.602 INFO:teuthology.orchestra.run.smithi096.stdout:Saving cluster configuration to /var/lib/ceph/d5e86090-00b9-11ef-bc93-c7b262605968/config directory
2024-04-22T15:09:30.602 INFO:teuthology.orchestra.run.smithi096.stdout:Enabling autotune for osd_memory_target
2024-04-22T15:09:31.236 INFO:journalctl@ceph.mon.smithi096.smithi096.stdout:Apr 22 15:09:30 smithi096 ceph-mon[26688]: mgrmap e13: smithi096.hhkvum(active, since 6s)
2024-04-22T15:09:31.236 INFO:journalctl@ceph.mon.smithi096.smithi096.stdout:Apr 22 15:09:30 smithi096 ceph-mon[26688]: from='client.? 172.21.15.96:0/874619240' entity='client.admin' cmd=[{"prefix": "config get", "who": "mgr", "key": "mgr/dashboard/ssl_server_port"}]: dispatch
2024-04-22T15:09:31.900 INFO:teuthology.orchestra.run.smithi096.stdout:/usr/bin/ceph: stderr
2024-04-22T15:09:31.087+0000 7f27b495f700 1 Processor -- start
2024-04-22T15:09:31.900 INFO:teuthology.orchestra.run.smithi096.stdout:/usr/bin/ceph: stderr
2024-04-22T15:09:31.087+0000 7f27b495f700 1 -- start start
2024-04-22T15:09:31.900 INFO:teuthology.orchestra.run.smithi096.stdout:/usr/bin/ceph: stderr
2024-04-22T15:09:31.088+0000 7f27b495f700 1 --2- >> [v2:172.21.15.96:3300/0,v1:172.21.15.96:6789/0] conn(0x7f27b0107030 0x7f27b0109420 unknown :-1 s=NONE pgs=0 cs=0 l=0 rev1=0 crypto rx=0 tx=0 comp rx=0 tx=0).connect
