2024-04-22T15:08:46.576 INFO:teuthology.orchestra.run.smithi096.stdout:/usr/bin/ceph: stderr
2024-04-22T15:08:45.707+0000 7fb1b4f43700 1 -- 172.21.15.96:0/1955238407 learned_addr learned my addr 172.21.15.96:0/1955238407 (peer_addr_for_me v2:172.21.15.96:0/0)
2024-04-22T15:08:46.576 INFO:teuthology.orchestra.run.smithi096.stdout:/usr/bin/ceph: stderr
2024-04-22T15:08:45.708+0000 7fb1b4f43700 1 -- 172.21.15.96:0/1955238407 --> [v2:172.21.15.96:3300/0,v1:172.21.15.96:6789/0] -- mon_subscribe({config=0+,monmap=0+}) v3 -- 0x7fb1b0109990 con 0x7fb1b0107060
2024-04-22T15:08:46.576 INFO:teuthology.orchestra.run.smithi096.stdout:/usr/bin/ceph: stderr
2024-04-22T15:08:45.708+0000 7fb1b4f43700 1 --2- 172.21.15.96:0/1955238407 >> [v2:172.21.15.96:3300/0,v1:172.21.15.96:6789/0] conn(0x7fb1b0107060 0x7fb1b0109450 secure :-1 s=READY pgs=26 cs=0 l=1 rev1=1 crypto rx=0x7fb1a40098a0 tx=0x7fb1a4009bb0 comp rx=0 tx=0).ready entity=mon.0 client_cookie=f97d44d13870eb1c server_cookie=0 in_seq=0 out_seq=0
2024-04-22T15:08:46.576 INFO:teuthology.orchestra.run.smithi096.stdout:/usr/bin/ceph: stderr
2024-04-22T15:08:45.708+0000 7fb1af7fe700 1 -- 172.21.15.96:0/1955238407 <== mon.0 v2:172.21.15.96:3300/0 1 ==== mon_map magic: 0 v1 ==== 229+0+0 (secure 0 0 0) 0x7fb1a4004180 con 0x7fb1b0107060
2024-04-22T15:08:46.576 INFO:teuthology.orchestra.run.smithi096.stdout:/usr/bin/ceph: stderr
2024-04-22T15:08:45.708+0000 7fb1af7fe700 1 -- 172.21.15.96:0/1955238407 <== mon.0 v2:172.21.15.96:3300/0 2 ==== config(27 keys) v1 ==== 1042+0+0 (secure 0 0 0) 0x7fb1a40042e0 con 0x7fb1b0107060
2024-04-22T15:08:46.576 INFO:teuthology.orchestra.run.smithi096.stdout:/usr/bin/ceph: stderr
2024-04-22T15:08:45.708+0000 7fb1af7fe700 1 -- 172.21.15.96:0/1955238407 <== mon.0 v2:172.21.15.96:3300/0 3 ==== mon_map magic: 0 v1 ==== 229+0+0 (secure 0 0 0) 0x7fb1a4011a70 con 0x7fb1b0107060
2024-04-22T15:08:46.576 INFO:teuthology.orchestra.run.smithi096.stdout:/usr/bin/ceph: stderr
2024-04-22T15:08:45.709+0000 7fb1b71a7700 1 -- 172.21.15.96:0/1955238407 >> [v2:172.21.15.96:3300/0,v1:172.21.15.96:6789/0] conn(0x7fb1b0107060 msgr2=0x7fb1b0109450 secure :-1 s=STATE_CONNECTION_ESTABLISHED l=1).mark_down
2024-04-22T15:08:46.576 INFO:teuthology.orchestra.run.smithi096.stdout:/usr/bin/ceph: stderr
2024-04-22T15:08:45.709+0000 7fb1b71a7700 1 --2- 172.21.15.96:0/1955238407 >> [v2:172.21.15.96:3300/0,v1:172.21.15.96:6789/0] conn(0x7fb1b0107060 0x7fb1b0109450 secure :-1 s=READY pgs=26 cs=0 l=1 rev1=1 crypto rx=0x7fb1a40098a0 tx=0x7fb1a4009bb0 comp rx=0 tx=0).stop
2024-04-22T15:08:46.576 INFO:teuthology.orchestra.run.smithi096.stdout:/usr/bin/ceph: stderr
2024-04-22T15:08:45.709+0000 7fb1b71a7700 1 -- 172.21.15.96:0/1955238407 shutdown_connections
2024-04-22T15:08:46.576 INFO:teuthology.orchestra.run.smithi096.stdout:/usr/bin/ceph: stderr
2024-04-22T15:08:45.709+0000 7fb1b71a7700 1 --2- 172.21.15.96:0/1955238407 >> [v2:172.21.15.96:3300/0,v1:172.21.15.96:6789/0] conn(0x7fb1b0107060 0x7fb1b0109450 unknown :-1 s=CLOSED pgs=26 cs=0 l=1 rev1=1 crypto rx=0 tx=0 comp rx=0 tx=0).stop
2024-04-22T15:08:46.577 INFO:teuthology.orchestra.run.smithi096.stdout:/usr/bin/ceph: stderr
2024-04-22T15:08:45.709+0000 7fb1b71a7700 1 -- 172.21.15.96:0/1955238407 >> 172.21.15.96:0/1955238407 conn(0x7fb1b0100ab0 msgr2=0x7fb1b0102ed0 unknown :-1 s=STATE_NONE l=0).mark_down
2024-04-22T15:08:46.577 INFO:teuthology.orchestra.run.smithi096.stdout:/usr/bin/ceph: stderr
2024-04-22T15:08:45.709+0000 7fb1b71a7700 1 -- 172.21.15.96:0/1955238407 shutdown_connections
2024-04-22T15:08:46.577 INFO:teuthology.orchestra.run.smithi096.stdout:/usr/bin/ceph: stderr
2024-04-22T15:08:45.709+0000 7fb1b71a7700 1 -- 172.21.15.96:0/1955238407 wait complete.
2024-04-22T15:08:46.577 INFO:teuthology.orchestra.run.smithi096.stdout:/usr/bin/ceph: stderr
2024-04-22T15:08:45.710+0000 7fb1b71a7700 1 Processor -- start
2024-04-22T15:08:46.577 INFO:teuthology.orchestra.run.smithi096.stdout:/usr/bin/ceph: stderr
2024-04-22T15:08:45.710+0000 7fb1b71a7700 1 -- start start
2024-04-22T15:08:46.577 INFO:teuthology.orchestra.run.smithi096.stdout:/usr/bin/ceph: stderr
2024-04-22T15:08:45.710+0000 7fb1b71a7700 1 --2- >> [v2:172.21.15.96:3300/0,v1:172.21.15.96:6789/0] conn(0x7fb1b0107060 0x7fb1b019a310 unknown :-1 s=NONE pgs=0 cs=0 l=1 rev1=0 crypto rx=0 tx=0 comp rx=0 tx=0).connect
2024-04-22T15:08:46.577 INFO:teuthology.orchestra.run.smithi096.stdout:/usr/bin/ceph: stderr
2024-04-22T15:08:45.710+0000 7fb1b71a7700 1 -- --> [v2:172.21.15.96:3300/0,v1:172.21.15.96:6789/0] -- mon_getmap magic: 0 v1 -- 0x7fb1b019a850 con 0x7fb1b0107060
2024-04-22T15:08:46.577 INFO:teuthology.orchestra.run.smithi096.stdout:/usr/bin/ceph: stderr
2024-04-22T15:08:45.710+0000 7fb1b4f43700 1 --2- >> [v2:172.21.15.96:3300/0,v1:172.21.15.96:6789/0] conn(0x7fb1b0107060 0x7fb1b019a310 unknown :-1 s=BANNER_CONNECTING pgs=0 cs=0 l=1 rev1=0 crypto rx=0 tx=0 comp rx=0 tx=0)._handle_peer_banner_payload supported=3 required=0
2024-04-22T15:08:46.577 INFO:teuthology.orchestra.run.smithi096.stdout:/usr/bin/ceph: stderr
2024-04-22T15:08:45.710+0000 7fb1b4f43700 1 --2- >> [v2:172.21.15.96:3300/0,v1:172.21.15.96:6789/0] conn(0x7fb1b0107060 0x7fb1b019a310 unknown :-1 s=HELLO_CONNECTING pgs=0 cs=0 l=1 rev1=1 crypto rx=0 tx=0 comp rx=0 tx=0).handle_hello peer v2:172.21.15.96:3300/0 says I am v2:172.21.15.96:54774/0 (socket says 172.21.15.96:54774)
2024-04-22T15:08:46.577 INFO:teuthology.orchestra.run.smithi096.stdout:/usr/bin/ceph: stderr
2024-04-22T15:08:45.710+0000 7fb1b4f43700 1 -- 172.21.15.96:0/477863525 learned_addr learned my addr 172.21.15.96:0/477863525 (peer_addr_for_me v2:172.21.15.96:0/0)
2024-04-22T15:08:46.577 INFO:teuthology.orchestra.run.smithi096.stdout:/usr/bin/ceph: stderr
2024-04-22T15:08:45.710+0000 7fb1b4f43700 1 -- 172.21.15.96:0/477863525 --> [v2:172.21.15.96:3300/0,v1:172.21.15.96:6789/0] -- mon_subscribe({config=0+,monmap=0+}) v3 -- 0x7fb1a4009550 con 0x7fb1b0107060
2024-04-22T15:08:46.577 INFO:teuthology.orchestra.run.smithi096.stdout:/usr/bin/ceph: stderr
2024-04-22T15:08:45.711+0000 7fb1b4f43700 1 --2- 172.21.15.96:0/477863525 >> [v2:172.21.15.96:3300/0,v1:172.21.15.96:6789/0] conn(0x7fb1b0107060 0x7fb1b019a310 secure :-1 s=READY pgs=27 cs=0 l=1 rev1=1 crypto rx=0x7fb1a4011a20 tx=0x7fb1a40047c0 comp rx=0 tx=0).ready entity=mon.0 client_cookie=0 server_cookie=0 in_seq=0 out_seq=0
2024-04-22T15:08:46.577 INFO:teuthology.orchestra.run.smithi096.stdout:/usr/bin/ceph: stderr
2024-04-22T15:08:45.711+0000 7fb1adffb700 1 -- 172.21.15.96:0/477863525 <== mon.0 v2:172.21.15.96:3300/0 1 ==== mon_map magic: 0 v1 ==== 229+0+0 (secure 0 0 0) 0x7fb1a4003b10 con 0x7fb1b0107060
2024-04-22T15:08:46.577 INFO:teuthology.orchestra.run.smithi096.stdout:/usr/bin/ceph: stderr
2024-04-22T15:08:45.711+0000 7fb1adffb700 1 -- 172.21.15.96:0/477863525 <== mon.0 v2:172.21.15.96:3300/0 2 ==== config(27 keys) v1 ==== 1042+0+0 (secure 0 0 0) 0x7fb1a401b8c0 con 0x7fb1b0107060
2024-04-22T15:08:46.578 INFO:teuthology.orchestra.run.smithi096.stdout:/usr/bin/ceph: stderr
2024-04-22T15:08:45.711+0000 7fb1b71a7700 1 -- 172.21.15.96:0/477863525 --> [v2:172.21.15.96:3300/0,v1:172.21.15.96:6789/0] -- mon_subscribe({mgrmap=0+}) v3 -- 0x7fb1b019aa50 con 0x7fb1b0107060
2024-04-22T15:08:46.578 INFO:teuthology.orchestra.run.smithi096.stdout:/usr/bin/ceph: stderr
2024-04-22T15:08:45.711+0000 7fb1adffb700 1 -- 172.21.15.96:0/477863525 <== mon.0 v2:172.21.15.96:3300/0 3 ==== mon_map magic: 0 v1 ==== 229+0+0 (secure 0 0 0) 0x7fb1a40237b0 con 0x7fb1b0107060
2024-04-22T15:08:46.578 INFO:teuthology.orchestra.run.smithi096.stdout:/usr/bin/ceph: stderr
2024-04-22T15:08:45.711+0000 7fb1b71a7700 1 -- 172.21.15.96:0/477863525 --> [v2:172.21.15.96:3300/0,v1:172.21.15.96:6789/0] -- mon_subscribe({osdmap=0}) v3 -- 0x7fb1b019aef0 con 0x7fb1b0107060
2024-04-22T15:08:46.578 INFO:teuthology.orchestra.run.smithi096.stdout:/usr/bin/ceph: stderr
2024-04-22T15:08:45.712+0000 7fb1adffb700 1 -- 172.21.15.96:0/477863525 <== mon.0 v2:172.21.15.96:3300/0 4 ==== mgrmap(e 5) v1 ==== 45556+0+0 (secure 0 0 0) 0x7fb1a40239e0 con 0x7fb1b0107060
2024-04-22T15:08:46.578 INFO:teuthology.orchestra.run.smithi096.stdout:/usr/bin/ceph: stderr
2024-04-22T15:08:45.712+0000 7fb1b71a7700 1 -- 172.21.15.96:0/477863525 --> [v2:172.21.15.96:3300/0,v1:172.21.15.96:6789/0] -- mon_command({"prefix": "get_command_descriptions"} v 0) v1 -- 0x7fb1b010a6e0 con 0x7fb1b0107060
2024-04-22T15:08:46.578 INFO:teuthology.orchestra.run.smithi096.stdout:/usr/bin/ceph: stderr
2024-04-22T15:08:45.712+0000 7fb1adffb700 1 --2- 172.21.15.96:0/477863525 >> [v2:172.21.15.96:6800/2684869170,v1:172.21.15.96:6801/2684869170] conn(0x7fb1a0038730 0x7fb1a003abf0 unknown :-1 s=NONE pgs=0 cs=0 l=1 rev1=0 crypto rx=0 tx=0 comp rx=0 tx=0).connect
2024-04-22T15:08:46.578 INFO:teuthology.orchestra.run.smithi096.stdout:/usr/bin/ceph: stderr
2024-04-22T15:08:45.712+0000 7fb1adffb700 1 -- 172.21.15.96:0/477863525 <== mon.0 v2:172.21.15.96:3300/0 5 ==== osd_map(1..1 src has 1..1) v4 ==== 725+0+0 (secure 0 0 0) 0x7fb1a404ca20 con 0x7fb1b0107060
2024-04-22T15:08:46.578 INFO:teuthology.orchestra.run.smithi096.stdout:/usr/bin/ceph: stderr
2024-04-22T15:08:45.712+0000 7fb1affff700 1 -- 172.21.15.96:0/477863525 >> [v2:172.21.15.96:6800/2684869170,v1:172.21.15.96:6801/2684869170] conn(0x7fb1a0038730 msgr2=0x7fb1a003abf0 unknown :-1 s=STATE_CONNECTING_RE l=1).process reconnect failed to v2:172.21.15.96:6800/2684869170
2024-04-22T15:08:46.578 INFO:teuthology.orchestra.run.smithi096.stdout:/usr/bin/ceph: stderr
2024-04-22T15:08:45.712+0000 7fb1affff700 1 --2- 172.21.15.96:0/477863525 >> [v2:172.21.15.96:6800/2684869170,v1:172.21.15.96:6801/2684869170] conn(0x7fb1a0038730 0x7fb1a003abf0 unknown :-1 s=START_CONNECT pgs=0 cs=0 l=1 rev1=0 crypto rx=0 tx=0 comp rx=0 tx=0)._fault waiting 0.200000
2024-04-22T15:08:46.578 INFO:teuthology.orchestra.run.smithi096.stdout:/usr/bin/ceph: stderr
2024-04-22T15:08:45.717+0000 7fb1adffb700 1 -- 172.21.15.96:0/477863525 <== mon.0 v2:172.21.15.96:3300/0 6 ==== mon_command_ack([{"prefix": "get_command_descriptions"}]=0 v0) v1 ==== 72+0+183351 (secure 0 0 0) 0x7fb1a4023c90 con 0x7fb1b0107060
2024-04-22T15:08:46.578 INFO:teuthology.orchestra.run.smithi096.stdout:/usr/bin/ceph: stderr
2024-04-22T15:08:45.913+0000 7fb1affff700 1 -- 172.21.15.96:0/477863525 >> [v2:172.21.15.96:6800/2684869170,v1:172.21.15.96:6801/2684869170] conn(0x7fb1a0038730 msgr2=0x7fb1a003abf0 unknown :-1 s=STATE_CONNECTING_RE l=1).process reconnect failed to v2:172.21.15.96:6800/2684869170
2024-04-22T15:08:46.578 INFO:teuthology.orchestra.run.smithi096.stdout:/usr/bin/ceph: stderr
2024-04-22T15:08:45.913+0000 7fb1affff700 1 --2- 172.21.15.96:0/477863525 >> [v2:172.21.15.96:6800/2684869170,v1:172.21.15.96:6801/2684869170] conn(0x7fb1a0038730 0x7fb1a003abf0 unknown :-1 s=START_CONNECT pgs=0 cs=0 l=1 rev1=0 crypto rx=0 tx=0 comp rx=0 tx=0)._fault waiting 0.400000
2024-04-22T15:08:46.578 INFO:teuthology.orchestra.run.smithi096.stdout:/usr/bin/ceph: stderr
2024-04-22T15:08:46.006+0000 7fb1b71a7700 1 -- 172.21.15.96:0/477863525 --> [v2:172.21.15.96:3300/0,v1:172.21.15.96:6789/0] -- mon_command({"prefix": "mgr stat"} v 0) v1 -- 0x7fb1b019d7e0 con 0x7fb1b0107060
2024-04-22T15:08:46.578 INFO:teuthology.orchestra.run.smithi096.stdout:/usr/bin/ceph: stderr
2024-04-22T15:08:46.006+0000 7fb1adffb700 1 -- 172.21.15.96:0/477863525 <== mon.0 v2:172.21.15.96:3300/0 7 ==== mon_command_ack([{"prefix": "mgr stat"}]=0 v5) v1 ==== 56+0+103 (secure 0 0 0) 0x7fb1a402bb40 con 0x7fb1b0107060
2024-04-22T15:08:46.579 INFO:teuthology.orchestra.run.smithi096.stdout:/usr/bin/ceph: stderr
2024-04-22T15:08:46.008+0000 7fb1b71a7700 1 -- 172.21.15.96:0/477863525 >> [v2:172.21.15.96:6800/2684869170,v1:172.21.15.96:6801/2684869170] conn(0x7fb1a0038730 msgr2=0x7fb1a003abf0 unknown :-1 s=STATE_CONNECTING l=1).mark_down
2024-04-22T15:08:46.579 INFO:teuthology.orchestra.run.smithi096.stdout:/usr/bin/ceph: stderr
2024-04-22T15:08:46.008+0000 7fb1b71a7700 1 --2- 172.21.15.96:0/477863525 >> [v2:172.21.15.96:6800/2684869170,v1:172.21.15.96:6801/2684869170] conn(0x7fb1a0038730 0x7fb1a003abf0 unknown :-1 s=START_CONNECT pgs=0 cs=0 l=1 rev1=0 crypto rx=0 tx=0 comp rx=0 tx=0).stop
2024-04-22T15:08:46.579 INFO:teuthology.orchestra.run.smithi096.stdout:/usr/bin/ceph: stderr
2024-04-22T15:08:46.008+0000 7fb1b71a7700 1 -- 172.21.15.96:0/477863525 >> [v2:172.21.15.96:3300/0,v1:172.21.15.96:6789/0] conn(0x7fb1b0107060 msgr2=0x7fb1b019a310 secure :-1 s=STATE_CONNECTION_ESTABLISHED l=1).mark_down
2024-04-22T15:08:46.579 INFO:teuthology.orchestra.run.smithi096.stdout:/usr/bin/ceph: stderr
2024-04-22T15:08:46.008+0000 7fb1b71a7700 1 --2- 172.21.15.96:0/477863525 >> [v2:172.21.15.96:3300/0,v1:172.21.15.96:6789/0] conn(0x7fb1b0107060 0x7fb1b019a310 secure :-1 s=READY pgs=27 cs=0 l=1 rev1=1 crypto rx=0x7fb1a4011a20 tx=0x7fb1a40047c0 comp rx=0 tx=0).stop
2024-04-22T15:08:46.579 INFO:teuthology.orchestra.run.smithi096.stdout:/usr/bin/ceph: stderr
2024-04-22T15:08:46.008+0000 7fb1b71a7700 1 -- 172.21.15.96:0/477863525 shutdown_connections
2024-04-22T15:08:46.579 INFO:teuthology.orchestra.run.smithi096.stdout:/usr/bin/ceph: stderr
2024-04-22T15:08:46.008+0000 7fb1b71a7700 1 --2- 172.21.15.96:0/477863525 >> [v2:172.21.15.96:6800/2684869170,v1:172.21.15.96:6801/2684869170] conn(0x7fb1a0038730 0x7fb1a003abf0 unknown :-1 s=CLOSED pgs=0 cs=0 l=1 rev1=0 crypto rx=0 tx=0 comp rx=0 tx=0).stop
2024-04-22T15:08:46.579 INFO:teuthology.orchestra.run.smithi096.stdout:/usr/bin/ceph: stderr
2024-04-22T15:08:46.008+0000 7fb1b71a7700 1 --2- 172.21.15.96:0/477863525 >> [v2:172.21.15.96:3300/0,v1:172.21.15.96:6789/0] conn(0x7fb1b0107060 0x7fb1b019a310 unknown :-1 s=CLOSED pgs=27 cs=0 l=1 rev1=1 crypto rx=0 tx=0 comp rx=0 tx=0).stop
2024-04-22T15:08:46.579 INFO:teuthology.orchestra.run.smithi096.stdout:/usr/bin/ceph: stderr
2024-04-22T15:08:46.008+0000 7fb1b71a7700 1 -- 172.21.15.96:0/477863525 >> 172.21.15.96:0/477863525 conn(0x7fb1b0100ab0 msgr2=0x7fb1b01015b0 unknown :-1 s=STATE_NONE l=0).mark_down
2024-04-22T15:08:46.579 INFO:teuthology.orchestra.run.smithi096.stdout:/usr/bin/ceph: stderr
2024-04-22T15:08:46.008+0000 7fb1b71a7700 1 -- 172.21.15.96:0/477863525 shutdown_connections
2024-04-22T15:08:46.579 INFO:teuthology.orchestra.run.smithi096.stdout:/usr/bin/ceph: stderr
2024-04-22T15:08:46.008+0000 7fb1b71a7700 1 -- 172.21.15.96:0/477863525 wait complete.
2024-04-22T15:08:46.579 INFO:teuthology.orchestra.run.smithi096.stdout:Waiting for the mgr to restart...
2024-04-22T15:08:46.579 INFO:teuthology.orchestra.run.smithi096.stdout:Waiting for mgr epoch 5...
2024-04-22T15:08:46.819 INFO:journalctl@ceph.mon.smithi096.smithi096.stdout:Apr 22 15:08:46 smithi096 ceph-mon[26688]: from='client.? 172.21.15.96:0/477863525' entity='client.admin' cmd=[{"prefix": "mgr stat"}]: dispatch
2024-04-22T15:08:51.986 INFO:journalctl@ceph.mon.smithi096.smithi096.stdout:Apr 22 15:08:51 smithi096 ceph-mon[26688]: Active manager daemon smithi096.hhkvum restarted
2024-04-22T15:08:51.987 INFO:journalctl@ceph.mon.smithi096.smithi096.stdout:Apr 22 15:08:51 smithi096 ceph-mon[26688]: Activating manager daemon smithi096.hhkvum
2024-04-22T15:08:51.987 INFO:journalctl@ceph.mon.smithi096.smithi096.stdout:Apr 22 15:08:51 smithi096 ceph-mon[26688]: osdmap e2: 0 total, 0 up, 0 in
2024-04-22T15:08:51.987 INFO:journalctl@ceph.mon.smithi096.smithi096.stdout:Apr 22 15:08:51 smithi096 ceph-mon[26688]: mgrmap e6: smithi096.hhkvum(active, starting, since 0.00337107s)
2024-04-22T15:08:51.987 INFO:journalctl@ceph.mon.smithi096.smithi096.stdout:Apr 22 15:08:51 smithi096 ceph-mon[26688]: from='mgr.14120 172.21.15.96:0/2857890932' entity='mgr.smithi096.hhkvum' cmd=[{"prefix": "mon metadata", "id": "smithi096"}]: dispatch
2024-04-22T15:08:51.987 INFO:journalctl@ceph.mon.smithi096.smithi096.stdout:Apr 22 15:08:51 smithi096 ceph-mon[26688]: from='mgr.14120 172.21.15.96:0/2857890932' entity='mgr.smithi096.hhkvum' cmd=[{"prefix": "mgr metadata", "who": "smithi096.hhkvum", "id": "smithi096.hhkvum"}]: dispatch
2024-04-22T15:08:51.987 INFO:journalctl@ceph.mon.smithi096.smithi096.stdout:Apr 22 15:08:51 smithi096 ceph-mon[26688]: from='mgr.14120 172.21.15.96:0/2857890932' entity='mgr.smithi096.hhkvum' cmd=[{"prefix": "mds metadata"}]: dispatch
2024-04-22T15:08:51.987 INFO:journalctl@ceph.mon.smithi096.smithi096.stdout:Apr 22 15:08:51 smithi096 ceph-mon[26688]: from='mgr.14120 172.21.15.96:0/2857890932' entity='mgr.smithi096.hhkvum' cmd=[{"prefix": "osd metadata"}]: dispatch
2024-04-22T15:08:51.987 INFO:journalctl@ceph.mon.smithi096.smithi096.stdout:Apr 22 15:08:51 smithi096 ceph-mon[26688]: from='mgr.14120 172.21.15.96:0/2857890932' entity='mgr.smithi096.hhkvum' cmd=[{"prefix": "mon metadata"}]: dispatch
2024-04-22T15:08:51.987 INFO:journalctl@ceph.mon.smithi096.smithi096.stdout:Apr 22 15:08:51 smithi096 ceph-mon[26688]: Manager daemon smithi096.hhkvum is now available
2024-04-22T15:08:51.987 INFO:journalctl@ceph.mon.smithi096.smithi096.stdout:Apr 22 15:08:51 smithi096 ceph-mon[26688]: from='mgr.14120 172.21.15.96:0/2857890932' entity='mgr.smithi096.hhkvum'
2024-04-22T15:08:51.987 INFO:journalctl@ceph.mon.smithi096.smithi096.stdout:Apr 22 15:08:51 smithi096 ceph-mon[26688]: from='mgr.14120 172.21.15.96:0/2857890932' entity='mgr.smithi096.hhkvum'
2024-04-22T15:08:51.988 INFO:journalctl@ceph.mon.smithi096.smithi096.stdout:Apr 22 15:08:51 smithi096 ceph-mon[26688]: from='mgr.14120 172.21.15.96:0/2857890932' entity='mgr.smithi096.hhkvum' cmd=[{"prefix": "config dump", "format": "json"}]: dispatch
2024-04-22T15:08:51.988 INFO:journalctl@ceph.mon.smithi096.smithi096.stdout:Apr 22 15:08:51 smithi096 ceph-mon[26688]: from='mgr.14120 172.21.15.96:0/2857890932' entity='mgr.smithi096.hhkvum' cmd=[{"prefix": "config dump", "format": "json"}]: dispatch
2024-04-22T15:08:51.988 INFO:journalctl@ceph.mon.smithi096.smithi096.stdout:Apr 22 15:08:51 smithi096 ceph-mon[26688]: from='mgr.14120 172.21.15.96:0/2857890932' entity='mgr.smithi096.hhkvum' cmd=[{"prefix":"config rm","who":"mgr","name":"mgr/rbd_support/smithi096.hhkvum/mirror_snapshot_schedule"}]: dispatch
2024-04-22T15:08:51.988 INFO:journalctl@ceph.mon.smithi096.smithi096.stdout:Apr 22 15:08:51 smithi096 ceph-mon[26688]: from='mgr.14120 172.21.15.96:0/2857890932' entity='mgr.smithi096.hhkvum' cmd=[{"prefix":"config rm","who":"mgr","name":"mgr/rbd_support/smithi096.hhkvum/trash_purge_schedule"}]: dispatch
2024-04-22T15:08:52.736 INFO:journalctl@ceph.mon.smithi096.smithi096.stdout:Apr 22 15:08:52 smithi096 ceph-mon[26688]: Found migration_current of "None". Setting to last migration.
2024-04-22T15:08:52.736 INFO:journalctl@ceph.mon.smithi096.smithi096.stdout:Apr 22 15:08:52 smithi096 ceph-mon[26688]: from='mgr.14120 172.21.15.96:0/2857890932' entity='mgr.smithi096.hhkvum'
2024-04-22T15:08:52.737 INFO:journalctl@ceph.mon.smithi096.smithi096.stdout:Apr 22 15:08:52 smithi096 ceph-mon[26688]: from='mgr.14120 172.21.15.96:0/2857890932' entity='mgr.smithi096.hhkvum'
2024-04-22T15:08:52.737 INFO:journalctl@ceph.mon.smithi096.smithi096.stdout:Apr 22 15:08:52 smithi096 ceph-mon[26688]: mgrmap e7: smithi096.hhkvum(active, since 1.00733s)
2024-04-22T15:08:53.065 INFO:teuthology.orchestra.run.smithi096.stdout:/usr/bin/ceph: stdout {
2024-04-22T15:08:53.065 INFO:teuthology.orchestra.run.smithi096.stdout:/usr/bin/ceph: stdout "mgrmap_epoch": 7,
2024-04-22T15:08:53.065 INFO:teuthology.orchestra.run.smithi096.stdout:/usr/bin/ceph: stdout "initialized": true
2024-04-22T15:08:53.065 INFO:teuthology.orchestra.run.smithi096.stdout:/usr/bin/ceph: stdout }
2024-04-22T15:08:53.065 INFO:teuthology.orchestra.run.smithi096.stdout:/usr/bin/ceph: stderr
2024-04-22T15:08:47.016+0000 7f1a22b51700 1 Processor -- start
2024-04-22T15:08:53.065 INFO:teuthology.orchestra.run.smithi096.stdout:/usr/bin/ceph: stderr
2024-04-22T15:08:47.016+0000 7f1a22b51700 1 -- start start
2024-04-22T15:08:53.065 INFO:teuthology.orchestra.run.smithi096.stdout:/usr/bin/ceph: stderr
2024-04-22T15:08:47.016+0000 7f1a22b51700 1 --2- >> [v2:172.21.15.96:3300/0,v1:172.21.15.96:6789/0] conn(0x7f1a1c104e50 0x7f1a1c105270 unknown :-1 s=NONE pgs=0 cs=0 l=0 rev1=0 crypto rx=0 tx=0 comp rx=0 tx=0).connect
2024-04-22T15:08:53.065 INFO:teuthology.orchestra.run.smithi096.stdout:/usr/bin/ceph: stderr
2024-04-22T15:08:47.016+0000 7f1a22b51700 1 -- --> [v2:172.21.15.96:3300/0,v1:172.21.15.96:6789/0] -- mon_getmap magic: 0 v1 -- 0x7f1a1c074770 con 0x7f1a1c104e50
2024-04-22T15:08:53.066 INFO:teuthology.orchestra.run.smithi096.stdout:/usr/bin/ceph: stderr
2024-04-22T15:08:47.016+0000 7f1a208ed700 1 --2- >> [v2:172.21.15.96:3300/0,v1:172.21.15.96:6789/0] conn(0x7f1a1c104e50 0x7f1a1c105270 unknown :-1 s=BANNER_CONNECTING pgs=0 cs=0 l=0 rev1=0 crypto rx=0 tx=0 comp rx=0 tx=0)._handle_peer_banner_payload supported=3 required=0
2024-04-22T15:08:53.066 INFO:teuthology.orchestra.run.smithi096.stdout:/usr/bin/ceph: stderr
2024-04-22T15:08:47.016+0000 7f1a208ed700 1 --2- >> [v2:172.21.15.96:3300/0,v1:172.21.15.96:6789/0] conn(0x7f1a1c104e50 0x7f1a1c105270 unknown :-1 s=HELLO_CONNECTING pgs=0 cs=0 l=0 rev1=1 crypto rx=0 tx=0 comp rx=0 tx=0).handle_hello peer v2:172.21.15.96:3300/0 says I am v2:172.21.15.96:54790/0 (socket says 172.21.15.96:54790)
2024-04-22T15:08:53.066 INFO:teuthology.orchestra.run.smithi096.stdout:/usr/bin/ceph: stderr
2024-04-22T15:08:47.016+0000 7f1a208ed700 1 -- 172.21.15.96:0/479450975 learned_addr learned my addr 172.21.15.96:0/479450975 (peer_addr_for_me v2:172.21.15.96:0/0)
2024-04-22T15:08:53.066 INFO:teuthology.orchestra.run.smithi096.stdout:/usr/bin/ceph: stderr
2024-04-22T15:08:47.017+0000 7f1a208ed700 1 -- 172.21.15.96:0/479450975 --> [v2:172.21.15.96:3300/0,v1:172.21.15.96:6789/0] -- mon_subscribe({config=0+,monmap=0+}) v3 -- 0x7f1a1c1057b0 con 0x7f1a1c104e50
2024-04-22T15:08:53.066 INFO:teuthology.orchestra.run.smithi096.stdout:/usr/bin/ceph: stderr
2024-04-22T15:08:47.017+0000 7f1a208ed700 1 --2- 172.21.15.96:0/479450975 >> [v2:172.21.15.96:3300/0,v1:172.21.15.96:6789/0] conn(0x7f1a1c104e50 0x7f1a1c105270 secure :-1 s=READY pgs=28 cs=0 l=1 rev1=1 crypto rx=0x7f1a100098a0 tx=0x7f1a10009bb0 comp rx=0 tx=0).ready entity=mon.0 client_cookie=59336eee9aa37e89 server_cookie=0 in_seq=0 out_seq=0
2024-04-22T15:08:53.066 INFO:teuthology.orchestra.run.smithi096.stdout:/usr/bin/ceph: stderr
2024-04-22T15:08:47.017+0000 7f1a1b7fe700 1 -- 172.21.15.96:0/479450975 <== mon.0 v2:172.21.15.96:3300/0 1 ==== mon_map magic: 0 v1 ==== 229+0+0 (secure 0 0 0) 0x7f1a10004180 con 0x7f1a1c104e50
2024-04-22T15:08:53.066 INFO:teuthology.orchestra.run.smithi096.stdout:/usr/bin/ceph: stderr
2024-04-22T15:08:47.017+0000 7f1a1b7fe700 1 -- 172.21.15.96:0/479450975 <== mon.0 v2:172.21.15.96:3300/0 2 ==== config(27 keys) v1 ==== 1042+0+0 (secure 0 0 0) 0x7f1a100042e0 con 0x7f1a1c104e50
2024-04-22T15:08:53.066 INFO:teuthology.orchestra.run.smithi096.stdout:/usr/bin/ceph: stderr
2024-04-22T15:08:47.017+0000 7f1a1b7fe700 1 -- 172.21.15.96:0/479450975 <== mon.0 v2:172.21.15.96:3300/0 3 ==== mon_map magic: 0 v1 ==== 229+0+0 (secure 0 0 0) 0x7f1a10011a70 con 0x7f1a1c104e50
2024-04-22T15:08:53.066 INFO:teuthology.orchestra.run.smithi096.stdout:/usr/bin/ceph: stderr
2024-04-22T15:08:47.017+0000 7f1a22b51700 1 -- 172.21.15.96:0/479450975 >> [v2:172.21.15.96:3300/0,v1:172.21.15.96:6789/0] conn(0x7f1a1c104e50 msgr2=0x7f1a1c105270 secure :-1 s=STATE_CONNECTION_ESTABLISHED l=1).mark_down
2024-04-22T15:08:53.066 INFO:teuthology.orchestra.run.smithi096.stdout:/usr/bin/ceph: stderr
2024-04-22T15:08:47.017+0000 7f1a22b51700 1 --2- 172.21.15.96:0/479450975 >> [v2:172.21.15.96:3300/0,v1:172.21.15.96:6789/0] conn(0x7f1a1c104e50 0x7f1a1c105270 secure :-1 s=READY pgs=28 cs=0 l=1 rev1=1 crypto rx=0x7f1a100098a0 tx=0x7f1a10009bb0 comp rx=0 tx=0).stop
2024-04-22T15:08:53.066 INFO:teuthology.orchestra.run.smithi096.stdout:/usr/bin/ceph: stderr
2024-04-22T15:08:47.018+0000 7f1a22b51700 1 -- 172.21.15.96:0/479450975 shutdown_connections
2024-04-22T15:08:53.066 INFO:teuthology.orchestra.run.smithi096.stdout:/usr/bin/ceph: stderr
2024-04-22T15:08:47.018+0000 7f1a22b51700 1 --2- 172.21.15.96:0/479450975 >> [v2:172.21.15.96:3300/0,v1:172.21.15.96:6789/0] conn(0x7f1a1c104e50 0x7f1a1c105270 unknown :-1 s=CLOSED pgs=28 cs=0 l=1 rev1=1 crypto rx=0 tx=0 comp rx=0 tx=0).stop
2024-04-22T15:08:53.066 INFO:teuthology.orchestra.run.smithi096.stdout:/usr/bin/ceph: stderr
2024-04-22T15:08:47.018+0000 7f1a22b51700 1 -- 172.21.15.96:0/479450975 >> 172.21.15.96:0/479450975 conn(0x7f1a1c100a50 msgr2=0x7f1a1c102e90 unknown :-1 s=STATE_NONE l=0).mark_down
2024-04-22T15:08:53.066 INFO:teuthology.orchestra.run.smithi096.stdout:/usr/bin/ceph: stderr
2024-04-22T15:08:47.018+0000 7f1a22b51700 1 -- 172.21.15.96:0/479450975 shutdown_connections
2024-04-22T15:08:53.067 INFO:teuthology.orchestra.run.smithi096.stdout:/usr/bin/ceph: stderr
2024-04-22T15:08:47.018+0000 7f1a22b51700 1 -- 172.21.15.96:0/479450975 wait complete.
2024-04-22T15:08:53.067 INFO:teuthology.orchestra.run.smithi096.stdout:/usr/bin/ceph: stderr
2024-04-22T15:08:47.018+0000 7f1a22b51700 1 Processor -- start
2024-04-22T15:08:53.067 INFO:teuthology.orchestra.run.smithi096.stdout:/usr/bin/ceph: stderr
2024-04-22T15:08:47.018+0000 7f1a22b51700 1 -- start start
2024-04-22T15:08:53.067 INFO:teuthology.orchestra.run.smithi096.stdout:/usr/bin/ceph: stderr
2024-04-22T15:08:47.018+0000 7f1a22b51700 1 --2- >> [v2:172.21.15.96:3300/0,v1:172.21.15.96:6789/0] conn(0x7f1a1c104e50 0x7f1a1c19c500 unknown :-1 s=NONE pgs=0 cs=0 l=1 rev1=0 crypto rx=0 tx=0 comp rx=0 tx=0).connect
2024-04-22T15:08:53.067 INFO:teuthology.orchestra.run.smithi096.stdout:/usr/bin/ceph: stderr
2024-04-22T15:08:47.018+0000 7f1a22b51700 1 -- --> [v2:172.21.15.96:3300/0,v1:172.21.15.96:6789/0] -- mon_getmap magic: 0 v1 -- 0x7f1a1c19ca40 con 0x7f1a1c104e50
2024-04-22T15:08:53.067 INFO:teuthology.orchestra.run.smithi096.stdout:/usr/bin/ceph: stderr
2024-04-22T15:08:47.018+0000 7f1a208ed700 1 --2- >> [v2:172.21.15.96:3300/0,v1:172.21.15.96:6789/0] conn(0x7f1a1c104e50 0x7f1a1c19c500 unknown :-1 s=BANNER_CONNECTING pgs=0 cs=0 l=1 rev1=0 crypto rx=0 tx=0 comp rx=0 tx=0)._handle_peer_banner_payload supported=3 required=0
2024-04-22T15:08:53.067 INFO:teuthology.orchestra.run.smithi096.stdout:/usr/bin/ceph: stderr
2024-04-22T15:08:47.018+0000 7f1a208ed700 1 --2- >> [v2:172.21.15.96:3300/0,v1:172.21.15.96:6789/0] conn(0x7f1a1c104e50 0x7f1a1c19c500 unknown :-1 s=HELLO_CONNECTING pgs=0 cs=0 l=1 rev1=1 crypto rx=0 tx=0 comp rx=0 tx=0).handle_hello peer v2:172.21.15.96:3300/0 says I am v2:172.21.15.96:54802/0 (socket says 172.21.15.96:54802)
2024-04-22T15:08:53.067 INFO:teuthology.orchestra.run.smithi096.stdout:/usr/bin/ceph: stderr
2024-04-22T15:08:47.018+0000 7f1a208ed700 1 -- 172.21.15.96:0/1901692547 learned_addr learned my addr 172.21.15.96:0/1901692547 (peer_addr_for_me v2:172.21.15.96:0/0)
2024-04-22T15:08:53.067 INFO:teuthology.orchestra.run.smithi096.stdout:/usr/bin/ceph: stderr
2024-04-22T15:08:47.019+0000 7f1a208ed700 1 -- 172.21.15.96:0/1901692547 --> [v2:172.21.15.96:3300/0,v1:172.21.15.96:6789/0] -- mon_subscribe({config=0+,monmap=0+}) v3 -- 0x7f1a10009550 con 0x7f1a1c104e50
2024-04-22T15:08:53.067 INFO:teuthology.orchestra.run.smithi096.stdout:/usr/bin/ceph: stderr
2024-04-22T15:08:47.019+0000 7f1a208ed700 1 --2- 172.21.15.96:0/1901692547 >> [v2:172.21.15.96:3300/0,v1:172.21.15.96:6789/0] conn(0x7f1a1c104e50 0x7f1a1c19c500 secure :-1 s=READY pgs=29 cs=0 l=1 rev1=1 crypto rx=0x7f1a10011710 tx=0x7f1a100047c0 comp rx=0 tx=0).ready entity=mon.0 client_cookie=0 server_cookie=0 in_seq=0 out_seq=0
2024-04-22T15:08:53.067 INFO:teuthology.orchestra.run.smithi096.stdout:/usr/bin/ceph: stderr
2024-04-22T15:08:47.019+0000 7f1a19ffb700 1 -- 172.21.15.96:0/1901692547 <== mon.0 v2:172.21.15.96:3300/0 1 ==== mon_map magic: 0 v1 ==== 229+0+0 (secure 0 0 0) 0x7f1a10003b10 con 0x7f1a1c104e50
2024-04-22T15:08:53.067 INFO:teuthology.orchestra.run.smithi096.stdout:/usr/bin/ceph: stderr
2024-04-22T15:08:47.019+0000 7f1a19ffb700 1 -- 172.21.15.96:0/1901692547 <== mon.0 v2:172.21.15.96:3300/0 2 ==== config(27 keys) v1 ==== 1042+0+0 (secure 0 0 0) 0x7f1a1001b8c0 con 0x7f1a1c104e50
2024-04-22T15:08:53.067 INFO:teuthology.orchestra.run.smithi096.stdout:/usr/bin/ceph: stderr
2024-04-22T15:08:47.019+0000 7f1a19ffb700 1 -- 172.21.15.96:0/1901692547 <== mon.0 v2:172.21.15.96:3300/0 3 ==== mon_map magic: 0 v1 ==== 229+0+0 (secure 0 0 0) 0x7f1a100197e0 con 0x7f1a1c104e50
2024-04-22T15:08:53.067 INFO:teuthology.orchestra.run.smithi096.stdout:/usr/bin/ceph: stderr
2024-04-22T15:08:47.019+0000 7f1a22b51700 1 -- 172.21.15.96:0/1901692547 --> [v2:172.21.15.96:3300/0,v1:172.21.15.96:6789/0] -- mon_subscribe({mgrmap=0+}) v3 -- 0x7f1a1c19cc40 con 0x7f1a1c104e50
2024-04-22T15:08:53.067 INFO:teuthology.orchestra.run.smithi096.stdout:/usr/bin/ceph: stderr
2024-04-22T15:08:47.019+0000 7f1a22b51700 1 -- 172.21.15.96:0/1901692547 --> [v2:172.21.15.96:3300/0,v1:172.21.15.96:6789/0] -- mon_subscribe({osdmap=0}) v3 -- 0x7f1a1c19d0e0 con 0x7f1a1c104e50
2024-04-22T15:08:53.068 INFO:teuthology.orchestra.run.smithi096.stdout:/usr/bin/ceph: stderr
2024-04-22T15:08:47.020+0000 7f1a19ffb700 1 -- 172.21.15.96:0/1901692547 <== mon.0 v2:172.21.15.96:3300/0 4 ==== mgrmap(e 5) v1 ==== 45556+0+0 (secure 0 0 0) 0x7f1a1001ba30 con 0x7f1a1c104e50
2024-04-22T15:08:53.068 INFO:teuthology.orchestra.run.smithi096.stdout:/usr/bin/ceph: stderr
2024-04-22T15:08:47.020+0000 7f1a19ffb700 1 --2- 172.21.15.96:0/1901692547 >> [v2:172.21.15.96:6800/2684869170,v1:172.21.15.96:6801/2684869170] conn(0x7f1a0c038770 0x7f1a0c03ac30 unknown :-1 s=NONE pgs=0 cs=0 l=1 rev1=0 crypto rx=0 tx=0 comp rx=0 tx=0).connect
2024-04-22T15:08:53.068 INFO:teuthology.orchestra.run.smithi096.stdout:/usr/bin/ceph: stderr
2024-04-22T15:08:47.020+0000 7f1a19ffb700 1 -- 172.21.15.96:0/1901692547 --> [v2:172.21.15.96:6800/2684869170,v1:172.21.15.96:6801/2684869170] -- command(tid 0: {"prefix": "get_command_descriptions"}) v1 -- 0x7f1a0c03b340 con 0x7f1a0c038770
2024-04-22T15:08:53.068 INFO:teuthology.orchestra.run.smithi096.stdout:/usr/bin/ceph: stderr
2024-04-22T15:08:47.020+0000 7f1a19ffb700 1 -- 172.21.15.96:0/1901692547 <== mon.0 v2:172.21.15.96:3300/0 5 ==== osd_map(1..1 src has 1..1) v4 ==== 725+0+0 (secure 0 0 0) 0x7f1a1004c8c0 con 0x7f1a1c104e50
2024-04-22T15:08:53.068 INFO:teuthology.orchestra.run.smithi096.stdout:/usr/bin/ceph: stderr
2024-04-22T15:08:47.020+0000 7f1a1bfff700 1 -- 172.21.15.96:0/1901692547 >> [v2:172.21.15.96:6800/2684869170,v1:172.21.15.96:6801/2684869170] conn(0x7f1a0c038770 msgr2=0x7f1a0c03ac30 unknown :-1 s=STATE_CONNECTING_RE l=1).process reconnect failed to v2:172.21.15.96:6800/2684869170
2024-04-22T15:08:53.068 INFO:teuthology.orchestra.run.smithi096.stdout:/usr/bin/ceph: stderr
2024-04-22T15:08:47.020+0000 7f1a1bfff700 1 --2- 172.21.15.96:0/1901692547 >> [v2:172.21.15.96:6800/2684869170,v1:172.21.15.96:6801/2684869170] conn(0x7f1a0c038770 0x7f1a0c03ac30 unknown :-1 s=START_CONNECT pgs=0 cs=0 l=1 rev1=0 crypto rx=0 tx=0 comp rx=0 tx=0)._fault waiting 0.200000
2024-04-22T15:08:53.068 INFO:teuthology.orchestra.run.smithi096.stdout:/usr/bin/ceph: stderr
2024-04-22T15:08:47.221+0000 7f1a1bfff700 1 -- 172.21.15.96:0/1901692547 >> [v2:172.21.15.96:6800/2684869170,v1:172.21.15.96:6801/2684869170] conn(0x7f1a0c038770 msgr2=0x7f1a0c03ac30 unknown :-1 s=STATE_CONNECTING_RE l=1).process reconnect failed to v2:172.21.15.96:6800/2684869170
2024-04-22T15:08:53.068 INFO:teuthology.orchestra.run.smithi096.stdout:/usr/bin/ceph: stderr
2024-04-22T15:08:47.221+0000 7f1a1bfff700 1 --2- 172.21.15.96:0/1901692547 >> [v2:172.21.15.96:6800/2684869170,v1:172.21.15.96:6801/2684869170] conn(0x7f1a0c038770 0x7f1a0c03ac30 unknown :-1 s=START_CONNECT pgs=0 cs=0 l=1 rev1=0 crypto rx=0 tx=0 comp rx=0 tx=0)._fault waiting 0.400000
2024-04-22T15:08:53.068 INFO:teuthology.orchestra.run.smithi096.stdout:/usr/bin/ceph: stderr
2024-04-22T15:08:47.622+0000 7f1a1bfff700 1 -- 172.21.15.96:0/1901692547 >> [v2:172.21.15.96:6800/2684869170,v1:172.21.15.96:6801/2684869170] conn(0x7f1a0c038770 msgr2=0x7f1a0c03ac30 unknown :-1 s=STATE_CONNECTING_RE l=1).process reconnect failed to v2:172.21.15.96:6800/2684869170
2024-04-22T15:08:53.068 INFO:teuthology.orchestra.run.smithi096.stdout:/usr/bin/ceph: stderr
2024-04-22T15:08:47.622+0000 7f1a1bfff700 1 --2- 172.21.15.96:0/1901692547 >> [v2:172.21.15.96:6800/2684869170,v1:172.21.15.96:6801/2684869170] conn(0x7f1a0c038770 0x7f1a0c03ac30 unknown :-1 s=START_CONNECT pgs=0 cs=0 l=1 rev1=0 crypto rx=0 tx=0 comp rx=0 tx=0)._fault waiting 0.800000
2024-04-22T15:08:53.068 INFO:teuthology.orchestra.run.smithi096.stdout:/usr/bin/ceph: stderr
2024-04-22T15:08:48.423+0000 7f1a1bfff700 1 -- 172.21.15.96:0/1901692547 >> [v2:172.21.15.96:6800/2684869170,v1:172.21.15.96:6801/2684869170] conn(0x7f1a0c038770 msgr2=0x7f1a0c03ac30 unknown :-1 s=STATE_CONNECTING_RE l=1).process reconnect failed to v2:172.21.15.96:6800/2684869170
2024-04-22T15:08:53.068 INFO:teuthology.orchestra.run.smithi096.stdout:/usr/bin/ceph: stderr
2024-04-22T15:08:48.423+0000 7f1a1bfff700 1 --2- 172.21.15.96:0/1901692547 >> [v2:172.21.15.96:6800/2684869170,v1:172.21.15.96:6801/2684869170] conn(0x7f1a0c038770 0x7f1a0c03ac30 unknown :-1 s=START_CONNECT pgs=0 cs=0 l=1 rev1=0 crypto rx=0 tx=0 comp rx=0 tx=0)._fault waiting 1.600000
2024-04-22T15:08:53.068 INFO:teuthology.orchestra.run.smithi096.stdout:/usr/bin/ceph: stderr
2024-04-22T15:08:50.024+0000 7f1a1bfff700 1 -- 172.21.15.96:0/1901692547 >> [v2:172.21.15.96:6800/2684869170,v1:172.21.15.96:6801/2684869170] conn(0x7f1a0c038770 msgr2=0x7f1a0c03ac30 unknown :-1 s=STATE_CONNECTING_RE l=1).process reconnect failed to v2:172.21.15.96:6800/2684869170
2024-04-22T15:08:53.069 INFO:teuthology.orchestra.run.smithi096.stdout:/usr/bin/ceph: stderr
2024-04-22T15:08:50.024+0000 7f1a1bfff700 1 --2- 172.21.15.96:0/1901692547 >> [v2:172.21.15.96:6800/2684869170,v1:172.21.15.96:6801/2684869170] conn(0x7f1a0c038770 0x7f1a0c03ac30 unknown :-1 s=START_CONNECT pgs=0 cs=0 l=1 rev1=0 crypto rx=0 tx=0 comp rx=0 tx=0)._fault waiting 3.200000
2024-04-22T15:08:53.069 INFO:teuthology.orchestra.run.smithi096.stdout:/usr/bin/ceph: stderr
2024-04-22T15:08:51.465+0000 7f1a19ffb700 1 -- 172.21.15.96:0/1901692547 <== mon.0 v2:172.21.15.96:3300/0 6 ==== mgrmap(e 6) v1 ==== 45323+0+0 (secure 0 0 0) 0x7f1a1001b440 con 0x7f1a1c104e50
2024-04-22T15:08:53.069 INFO:teuthology.orchestra.run.smithi096.stdout:/usr/bin/ceph: stderr
2024-04-22T15:08:51.465+0000 7f1a19ffb700 1 -- 172.21.15.96:0/1901692547 >> [v2:172.21.15.96:6800/2684869170,v1:172.21.15.96:6801/2684869170] conn(0x7f1a0c038770 msgr2=0x7f1a0c03ac30 unknown :-1 s=STATE_CONNECTING l=1).mark_down
2024-04-22T15:08:53.069 INFO:teuthology.orchestra.run.smithi096.stdout:/usr/bin/ceph: stderr
2024-04-22T15:08:51.465+0000 7f1a19ffb700 1 --2- 172.21.15.96:0/1901692547 >> [v2:172.21.15.96:6800/2684869170,v1:172.21.15.96:6801/2684869170] conn(0x7f1a0c038770 0x7f1a0c03ac30 unknown :-1 s=START_CONNECT pgs=0 cs=0 l=1 rev1=0 crypto rx=0 tx=0 comp rx=0 tx=0).stop
2024-04-22T15:08:53.069 INFO:teuthology.orchestra.run.smithi096.stdout:/usr/bin/ceph: stderr
2024-04-22T15:08:52.468+0000 7f1a19ffb700 1 -- 172.21.15.96:0/1901692547 <== mon.0 v2:172.21.15.96:3300/0 7 ==== mgrmap(e 7) v1 ==== 45450+0+0 (secure 0 0 0) 0x7f1a1001ad90 con 0x7f1a1c104e50
2024-04-22T15:08:53.069 INFO:teuthology.orchestra.run.smithi096.stdout:/usr/bin/ceph: stderr
2024-04-22T15:08:52.468+0000 7f1a19ffb700 1 --2- 172.21.15.96:0/1901692547 >> [v2:172.21.15.96:6800/3275369520,v1:172.21.15.96:6801/3275369520] conn(0x7f1a0c03bfb0 0x7f1a0c03e3a0 unknown :-1 s=NONE pgs=0 cs=0 l=1 rev1=0 crypto rx=0 tx=0 comp rx=0 tx=0).connect
2024-04-22T15:08:53.069 INFO:teuthology.orchestra.run.smithi096.stdout:/usr/bin/ceph: stderr
2024-04-22T15:08:52.468+0000 7f1a19ffb700 1 -- 172.21.15.96:0/1901692547 --> [v2:172.21.15.96:6800/3275369520,v1:172.21.15.96:6801/3275369520] -- command(tid 0: {"prefix": "get_command_descriptions"}) v1 -- 0x7f1a0c03b340 con 0x7f1a0c03bfb0
2024-04-22T15:08:53.069 INFO:teuthology.orchestra.run.smithi096.stdout:/usr/bin/ceph: stderr
2024-04-22T15:08:52.469+0000 7f1a1bfff700 1 --2- 172.21.15.96:0/1901692547 >> [v2:172.21.15.96:6800/3275369520,v1:172.21.15.96:6801/3275369520] conn(0x7f1a0c03bfb0 0x7f1a0c03e3a0 unknown :-1 s=BANNER_CONNECTING pgs=0 cs=0 l=1 rev1=0 crypto rx=0 tx=0 comp rx=0 tx=0)._handle_peer_banner_payload supported=3 required=0
2024-04-22T15:08:53.069 INFO:teuthology.orchestra.run.smithi096.stdout:/usr/bin/ceph: stderr
2024-04-22T15:08:52.469+0000 7f1a1bfff700 1 --2- 172.21.15.96:0/1901692547 >> [v2:172.21.15.96:6800/3275369520,v1:172.21.15.96:6801/3275369520] conn(0x7f1a0c03bfb0 0x7f1a0c03e3a0 secure :-1 s=READY pgs=1 cs=0 l=1 rev1=1 crypto rx=0x7f1a08003a10 tx=0x7f1a080092b0 comp rx=0 tx=0).ready entity=mgr.14120 client_cookie=0 server_cookie=0 in_seq=0 out_seq=0
2024-04-22T15:08:53.069 INFO:teuthology.orchestra.run.smithi096.stdout:/usr/bin/ceph: stderr
2024-04-22T15:08:52.470+0000 7f1a19ffb700 1 -- 172.21.15.96:0/1901692547 <== mgr.14120 v2:172.21.15.96:6800/3275369520 1 ==== command_reply(tid 0: 0 ) v1 ==== 8+0+6910 (secure 0 0 0) 0x7f1a0c03b340 con 0x7f1a0c03bfb0
2024-04-22T15:08:53.069 INFO:teuthology.orchestra.run.smithi096.stdout:/usr/bin/ceph: stderr
2024-04-22T15:08:52.480+0000 7f1a22b51700 1 -- 172.21.15.96:0/1901692547 --> [v2:172.21.15.96:6800/3275369520,v1:172.21.15.96:6801/3275369520] -- command(tid 1: {"prefix": "mgr_status"}) v1 -- 0x7f1a1c1065d0 con 0x7f1a0c03bfb0
2024-04-22T15:08:53.069 INFO:teuthology.orchestra.run.smithi096.stdout:/usr/bin/ceph: stderr
2024-04-22T15:08:52.480+0000 7f1a19ffb700 1 -- 172.21.15.96:0/1901692547 <== mgr.14120 v2:172.21.15.96:6800/3275369520 2 ==== command_reply(tid 1: 0 ) v1 ==== 8+0+51 (secure 0 0 0) 0x7f1a1c1065d0 con 0x7f1a0c03bfb0
2024-04-22T15:08:53.069 INFO:teuthology.orchestra.run.smithi096.stdout:/usr/bin/ceph: stderr
2024-04-22T15:08:52.481+0000 7f1a22b51700 1 -- 172.21.15.96:0/1901692547 >> [v2:172.21.15.96:6800/3275369520,v1:172.21.15.96:6801/3275369520] conn(0x7f1a0c03bfb0 msgr2=0x7f1a0c03e3a0 secure :-1 s=STATE_CONNECTION_ESTABLISHED l=1).mark_down
2024-04-22T15:08:53.069 INFO:teuthology.orchestra.run.smithi096.stdout:/usr/bin/ceph: stderr
2024-04-22T15:08:52.481+0000 7f1a22b51700 1 --2- 172.21.15.96:0/1901692547 >> [v2:172.21.15.96:6800/3275369520,v1:172.21.15.96:6801/3275369520] conn(0x7f1a0c03bfb0 0x7f1a0c03e3a0 secure :-1 s=READY pgs=1 cs=0 l=1 rev1=1 crypto rx=0x7f1a08003a10 tx=0x7f1a080092b0 comp rx=0 tx=0).stop
2024-04-22T15:08:53.069 INFO:teuthology.orchestra.run.smithi096.stdout:/usr/bin/ceph: stderr
2024-04-22T15:08:52.481+0000 7f1a22b51700 1 -- 172.21.15.96:0/1901692547 >> [v2:172.21.15.96:3300/0,v1:172.21.15.96:6789/0] conn(0x7f1a1c104e50 msgr2=0x7f1a1c19c500 secure :-1 s=STATE_CONNECTION_ESTABLISHED l=1).mark_down
2024-04-22T15:08:53.069 INFO:teuthology.orchestra.run.smithi096.stdout:/usr/bin/ceph: stderr
2024-04-22T15:08:52.481+0000 7f1a22b51700 1 --2- 172.21.15.96:0/1901692547 >> [v2:172.21.15.96:3300/0,v1:172.21.15.96:6789/0] conn(0x7f1a1c104e50 0x7f1a1c19c500 secure :-1 s=READY pgs=29 cs=0 l=1 rev1=1 crypto rx=0x7f1a10011710 tx=0x7f1a100047c0 comp rx=0 tx=0).stop
2024-04-22T15:08:53.070 INFO:teuthology.orchestra.run.smithi096.stdout:/usr/bin/ceph: stderr
2024-04-22T15:08:52.481+0000 7f1a22b51700 1 -- 172.21.15.96:0/1901692547 shutdown_connections
2024-04-22T15:08:53.070 INFO:teuthology.orchestra.run.smithi096.stdout:/usr/bin/ceph: stderr
2024-04-22T15:08:52.481+0000 7f1a22b51700 1 --2- 172.21.15.96:0/1901692547 >> [v2:172.21.15.96:6800/3275369520,v1:172.21.15.96:6801/3275369520] conn(0x7f1a0c03bfb0 0x7f1a0c03e3a0 unknown :-1 s=CLOSED pgs=1 cs=0 l=1 rev1=1 crypto rx=0 tx=0 comp rx=0 tx=0).stop
2024-04-22T15:08:53.070 INFO:teuthology.orchestra.run.smithi096.stdout:/usr/bin/ceph: stderr
2024-04-22T15:08:52.481+0000 7f1a22b51700 1 --2- 172.21.15.96:0/1901692547 >> [v2:172.21.15.96:3300/0,v1:172.21.15.96:6789/0] conn(0x7f1a1c104e50 0x7f1a1c19c500 unknown :-1 s=CLOSED pgs=29 cs=0 l=1 rev1=1 crypto rx=0 tx=0 comp rx=0 tx=0).stop
2024-04-22T15:08:53.070 INFO:teuthology.orchestra.run.smithi096.stdout:/usr/bin/ceph: stderr
2024-04-22T15:08:52.481+0000 7f1a22b51700 1 --2- 172.21.15.96:0/1901692547 >> [v2:172.21.15.96:6800/2684869170,v1:172.21.15.96:6801/2684869170] conn(0x7f1a0c038770 0x7f1a0c03ac30 unknown :-1 s=CLOSED pgs=0 cs=0 l=1 rev1=0 crypto rx=0 tx=0 comp rx=0 tx=0).stop
2024-04-22T15:08:53.070 INFO:teuthology.orchestra.run.smithi096.stdout:/usr/bin/ceph: stderr
2024-04-22T15:08:52.481+0000 7f1a22b51700 1 -- 172.21.15.96:0/1901692547 >> 172.21.15.96:0/1901692547 conn(0x7f1a1c100a50 msgr2=0x7f1a1c193310 unknown :-1 s=STATE_NONE l=0).mark_down
2024-04-22T15:08:53.070 INFO:teuthology.orchestra.run.smithi096.stdout:/usr/bin/ceph: stderr
2024-04-22T15:08:52.481+0000 7f1a22b51700 1 -- 172.21.15.96:0/1901692547 shutdown_connections
2024-04-22T15:08:53.070 INFO:teuthology.orchestra.run.smithi096.stdout:/usr/bin/ceph: stderr
2024-04-22T15:08:52.481+0000 7f1a22b51700 1 -- 172.21.15.96:0/1901692547 wait complete.
2024-04-22T15:08:53.070 INFO:teuthology.orchestra.run.smithi096.stdout:mgr epoch 5 is available
2024-04-22T15:08:53.070 INFO:teuthology.orchestra.run.smithi096.stdout:Setting orchestrator backend to cephadm...
2024-04-22T15:08:53.736 INFO:journalctl@ceph.mon.smithi096.smithi096.stdout:Apr 22 15:08:53 smithi096 ceph-mon[26688]: from='client.14124 -' entity='client.admin' cmd=[{"prefix": "get_command_descriptions"}]: dispatch
2024-04-22T15:08:53.736 INFO:journalctl@ceph.mon.smithi096.smithi096.stdout:Apr 22 15:08:53 smithi096 ceph-mon[26688]: from='client.14124 -' entity='client.admin' cmd=[{"prefix": "mgr_status"}]: dispatch
2024-04-22T15:08:53.736 INFO:journalctl@ceph.mon.smithi096.smithi096.stdout:Apr 22 15:08:53 smithi096 ceph-mon[26688]: from='mgr.14120 172.21.15.96:0/2857890932' entity='mgr.smithi096.hhkvum' cmd=[{"prefix": "config dump", "format": "json"}]: dispatch
2024-04-22T15:08:54.345 INFO:teuthology.orchestra.run.smithi096.stdout:/usr/bin/ceph: stderr
2024-04-22T15:08:53.548+0000 7f2f7c3c5700 1 Processor -- start
2024-04-22T15:08:54.346 INFO:teuthology.orchestra.run.smithi096.stdout:/usr/bin/ceph: stderr
2024-04-22T15:08:53.548+0000 7f2f7c3c5700 1 -- start start
2024-04-22T15:08:54.346 INFO:teuthology.orchestra.run.smithi096.stdout:/usr/bin/ceph: stderr
2024-04-22T15:08:53.548+0000 7f2f7c3c5700 1 --2- >> [v2:172.21.15.96:3300/0,v1:172.21.15.96:6789/0] conn(0x7f2f741065d0 0x7f2f741069f0 unknown :-1 s=NONE pgs=0 cs=0 l=0 rev1=0 crypto rx=0 tx=0 comp rx=0 tx=0).connect
2024-04-22T15:08:54.346 INFO:teuthology.orchestra.run.smithi096.stdout:/usr/bin/ceph: stderr
2024-04-22T15:08:53.548+0000 7f2f7c3c5700 1 -- --> [v2:172.21.15.96:3300/0,v1:172.21.15.96:6789/0] -- mon_getmap magic: 0 v1 -- 0x7f2f74106fc0 con 0x7f2f741065d0
2024-04-22T15:08:54.346 INFO:teuthology.orchestra.run.smithi096.stdout:/usr/bin/ceph: stderr
2024-04-22T15:08:53.549+0000 7f2f7a161700 1 --2- >> [v2:172.21.15.96:3300/0,v1:172.21.15.96:6789/0] conn(0x7f2f741065d0 0x7f2f741069f0 unknown :-1 s=BANNER_CONNECTING pgs=0 cs=0 l=0 rev1=0 crypto rx=0 tx=0 comp rx=0 tx=0)._handle_peer_banner_payload supported=3 required=0
2024-04-22T15:08:54.346 INFO:teuthology.orchestra.run.smithi096.stdout:/usr/bin/ceph: stderr
2024-04-22T15:08:53.549+0000 7f2f7a161700 1 --2- >> [v2:172.21.15.96:3300/0,v1:172.21.15.96:6789/0] conn(0x7f2f741065d0 0x7f2f741069f0 unknown :-1 s=HELLO_CONNECTING pgs=0 cs=0 l=0 rev1=1 crypto rx=0 tx=0 comp rx=0 tx=0).handle_hello peer v2:172.21.15.96:3300/0 says I am v2:172.21.15.96:38918/0 (socket says 172.21.15.96:38918)
2024-04-22T15:08:54.346 INFO:teuthology.orchestra.run.smithi096.stdout:/usr/bin/ceph: stderr
2024-04-22T15:08:53.549+0000 7f2f7a161700 1 -- 172.21.15.96:0/2367631518 learned_addr learned my addr 172.21.15.96:0/2367631518 (peer_addr_for_me v2:172.21.15.96:0/0)
2024-04-22T15:08:54.346 INFO:teuthology.orchestra.run.smithi096.stdout:/usr/bin/ceph: stderr
2024-04-22T15:08:53.549+0000 7f2f7a161700 1 -- 172.21.15.96:0/2367631518 --> [v2:172.21.15.96:3300/0,v1:172.21.15.96:6789/0] -- mon_subscribe({config=0+,monmap=0+}) v3 -- 0x7f2f741077d0 con 0x7f2f741065d0
2024-04-22T15:08:54.346 INFO:teuthology.orchestra.run.smithi096.stdout:/usr/bin/ceph: stderr
2024-04-22T15:08:53.549+0000 7f2f7a161700 1 --2- 172.21.15.96:0/2367631518 >> [v2:172.21.15.96:3300/0,v1:172.21.15.96:6789/0] conn(0x7f2f741065d0 0x7f2f741069f0 secure :-1 s=READY pgs=37 cs=0 l=1 rev1=1 crypto rx=0x7f2f6c009e80 tx=0x7f2f6c00b330 comp rx=0 tx=0).ready entity=mon.0 client_cookie=cfd4acd167ec8ebb server_cookie=0 in_seq=0 out_seq=0
2024-04-22T15:08:54.346 INFO:teuthology.orchestra.run.smithi096.stdout:/usr/bin/ceph: stderr
2024-04-22T15:08:53.549+0000 7f2f7915f700 1 -- 172.21.15.96:0/2367631518 <== mon.0 v2:172.21.15.96:3300/0 1 ==== mon_map magic: 0 v1 ==== 229+0+0 (secure 0 0 0) 0x7f2f6c00e070 con 0x7f2f741065d0
2024-04-22T15:08:54.346 INFO:teuthology.orchestra.run.smithi096.stdout:/usr/bin/ceph: stderr
2024-04-22T15:08:53.549+0000 7f2f7915f700 1 -- 172.21.15.96:0/2367631518 <== mon.0 v2:172.21.15.96:3300/0 2 ==== config(27 keys) v1 ==== 1042+0+0 (secure 0 0 0) 0x7f2f6c00b8c0 con 0x7f2f741065d0
2024-04-22T15:08:54.346 INFO:teuthology.orchestra.run.smithi096.stdout:/usr/bin/ceph: stderr
2024-04-22T15:08:53.549+0000 7f2f7915f700 1 -- 172.21.15.96:0/2367631518 <== mon.0 v2:172.21.15.96:3300/0 3 ==== mon_map magic: 0 v1 ==== 229+0+0 (secure 0 0 0) 0x7f2f6c004440 con 0x7f2f741065d0
2024-04-22T15:08:54.346 INFO:teuthology.orchestra.run.smithi096.stdout:/usr/bin/ceph: stderr
2024-04-22T15:08:53.550+0000 7f2f7c3c5700 1 -- 172.21.15.96:0/2367631518 >> [v2:172.21.15.96:3300/0,v1:172.21.15.96:6789/0] conn(0x7f2f741065d0 msgr2=0x7f2f741069f0 secure :-1 s=STATE_CONNECTION_ESTABLISHED l=1).mark_down
2024-04-22T15:08:54.347 INFO:teuthology.orchestra.run.smithi096.stdout:/usr/bin/ceph: stderr
2024-04-22T15:08:53.550+0000 7f2f7c3c5700 1 --2- 172.21.15.96:0/2367631518 >> [v2:172.21.15.96:3300/0,v1:172.21.15.96:6789/0] conn(0x7f2f741065d0 0x7f2f741069f0 secure :-1 s=READY pgs=37 cs=0 l=1 rev1=1 crypto rx=0x7f2f6c009e80 tx=0x7f2f6c00b330 comp rx=0 tx=0).stop
2024-04-22T15:08:54.347 INFO:teuthology.orchestra.run.smithi096.stdout:/usr/bin/ceph: stderr
2024-04-22T15:08:53.550+0000 7f2f7c3c5700 1 -- 172.21.15.96:0/2367631518 shutdown_connections
2024-04-22T15:08:54.347 INFO:teuthology.orchestra.run.smithi096.stdout:/usr/bin/ceph: stderr
2024-04-22T15:08:53.550+0000 7f2f7c3c5700 1 --2- 172.21.15.96:0/2367631518 >> [v2:172.21.15.96:3300/0,v1:172.21.15.96:6789/0] conn(0x7f2f741065d0 0x7f2f741069f0 unknown :-1 s=CLOSED pgs=37 cs=0 l=1 rev1=1 crypto rx=0 tx=0 comp rx=0 tx=0).stop
2024-04-22T15:08:54.347 INFO:teuthology.orchestra.run.smithi096.stdout:/usr/bin/ceph: stderr
2024-04-22T15:08:53.550+0000 7f2f7c3c5700 1 -- 172.21.15.96:0/2367631518 >> 172.21.15.96:0/2367631518 conn(0x7f2f74101bf0 msgr2=0x7f2f74104010 unknown :-1 s=STATE_NONE l=0).mark_down
2024-04-22T15:08:54.347 INFO:teuthology.orchestra.run.smithi096.stdout:/usr/bin/ceph: stderr
2024-04-22T15:08:53.550+0000 7f2f7c3c5700 1 -- 172.21.15.96:0/2367631518 shutdown_connections
2024-04-22T15:08:54.347 INFO:teuthology.orchestra.run.smithi096.stdout:/usr/bin/ceph: stderr
2024-04-22T15:08:53.550+0000 7f2f7c3c5700 1 -- 172.21.15.96:0/2367631518 wait complete.
2024-04-22T15:08:54.347 INFO:teuthology.orchestra.run.smithi096.stdout:/usr/bin/ceph: stderr
2024-04-22T15:08:53.550+0000 7f2f7c3c5700 1 Processor -- start
2024-04-22T15:08:54.347 INFO:teuthology.orchestra.run.smithi096.stdout:/usr/bin/ceph: stderr
2024-04-22T15:08:53.551+0000 7f2f7c3c5700 1 -- start start
2024-04-22T15:08:54.347 INFO:teuthology.orchestra.run.smithi096.stdout:/usr/bin/ceph: stderr
2024-04-22T15:08:53.551+0000 7f2f7c3c5700 1 --2- >> [v2:172.21.15.96:3300/0,v1:172.21.15.96:6789/0] conn(0x7f2f741065d0 0x7f2f7419a300 unknown :-1 s=NONE pgs=0 cs=0 l=1 rev1=0 crypto rx=0 tx=0 comp rx=0 tx=0).connect
2024-04-22T15:08:54.347 INFO:teuthology.orchestra.run.smithi096.stdout:/usr/bin/ceph: stderr
2024-04-22T15:08:53.551+0000 7f2f7c3c5700 1 -- --> [v2:172.21.15.96:3300/0,v1:172.21.15.96:6789/0] -- mon_getmap magic: 0 v1 -- 0x7f2f7419a840 con 0x7f2f741065d0
2024-04-22T15:08:54.347 INFO:teuthology.orchestra.run.smithi096.stdout:/usr/bin/ceph: stderr
2024-04-22T15:08:53.551+0000 7f2f7a161700 1 --2- >> [v2:172.21.15.96:3300/0,v1:172.21.15.96:6789/0] conn(0x7f2f741065d0 0x7f2f7419a300 unknown :-1 s=BANNER_CONNECTING pgs=0 cs=0 l=1 rev1=0 crypto rx=0 tx=0 comp rx=0 tx=0)._handle_peer_banner_payload supported=3 required=0
2024-04-22T15:08:54.347 INFO:teuthology.orchestra.run.smithi096.stdout:/usr/bin/ceph: stderr
2024-04-22T15:08:53.551+0000 7f2f7a161700 1 --2- >> [v2:172.21.15.96:3300/0,v1:172.21.15.96:6789/0] conn(0x7f2f741065d0 0x7f2f7419a300 unknown :-1 s=HELLO_CONNECTING pgs=0 cs=0 l=1 rev1=1 crypto rx=0 tx=0 comp rx=0 tx=0).handle_hello peer v2:172.21.15.96:3300/0 says I am v2:172.21.15.96:38920/0 (socket says 172.21.15.96:38920)
2024-04-22T15:08:54.347 INFO:teuthology.orchestra.run.smithi096.stdout:/usr/bin/ceph: stderr
2024-04-22T15:08:53.551+0000 7f2f7a161700 1 -- 172.21.15.96:0/1561581891 learned_addr learned my addr 172.21.15.96:0/1561581891 (peer_addr_for_me v2:172.21.15.96:0/0)
2024-04-22T15:08:54.347 INFO:teuthology.orchestra.run.smithi096.stdout:/usr/bin/ceph: stderr
2024-04-22T15:08:53.551+0000 7f2f7a161700 1 -- 172.21.15.96:0/1561581891 --> [v2:172.21.15.96:3300/0,v1:172.21.15.96:6789/0] -- mon_subscribe({config=0+,monmap=0+}) v3 -- 0x7f2f6c009b30 con 0x7f2f741065d0
2024-04-22T15:08:54.348 INFO:teuthology.orchestra.run.smithi096.stdout:/usr/bin/ceph: stderr
2024-04-22T15:08:53.551+0000 7f2f7a161700 1 --2- 172.21.15.96:0/1561581891 >> [v2:172.21.15.96:3300/0,v1:172.21.15.96:6789/0] conn(0x7f2f741065d0 0x7f2f7419a300 secure :-1 s=READY pgs=38 cs=0 l=1 rev1=1 crypto rx=0x7f2f6c0099e0 tx=0x7f2f6c003d00 comp rx=0 tx=0).ready entity=mon.0 client_cookie=0 server_cookie=0 in_seq=0 out_seq=0
2024-04-22T15:08:54.348 INFO:teuthology.orchestra.run.smithi096.stdout:/usr/bin/ceph: stderr
