2024-04-22T15:09:16.084+0000 7efe727fc700 1 --2- 172.21.15.96:0/1276342780 >> [v2:172.21.15.96:6800/3275369520,v1:172.21.15.96:6801/3275369520] conn(0x7efe5c038770 0x7efe5c03ac30 secure :-1 s=READY pgs=22 cs=0 l=1 rev1=1 crypto rx=0x7efe68006fd0 tx=0x7efe68006e40 comp rx=0 tx=0).ready entity=mgr.14120 client_cookie=0 server_cookie=0 in_seq=0 out_seq=0
2024-04-22T15:09:17.775 INFO:teuthology.orchestra.run.smithi096.stdout:/usr/bin/ceph: stderr
2024-04-22T15:09:16.089+0000 7efe5bfff700 1 -- 172.21.15.96:0/1276342780 <== mon.0 v2:172.21.15.96:3300/0 6 ==== mon_command_ack([{"prefix": "get_command_descriptions"}]=0 v0) v1 ==== 72+0+183351 (secure 0 0 0) 0x7efe64010970 con 0x7efe741048d0
2024-04-22T15:09:17.775 INFO:teuthology.orchestra.run.smithi096.stdout:/usr/bin/ceph: stderr
2024-04-22T15:09:16.339+0000 7efe7967f700 1 -- 172.21.15.96:0/1276342780 --> [v2:172.21.15.96:3300/0,v1:172.21.15.96:6789/0] -- mon_command({"prefix": "mgr module enable", "module": "dashboard"} v 0) v1 -- 0x7efe7419d880 con 0x7efe741048d0
2024-04-22T15:09:17.775 INFO:teuthology.orchestra.run.smithi096.stdout:/usr/bin/ceph: stderr
2024-04-22T15:09:17.080+0000 7efe5bfff700 1 -- 172.21.15.96:0/1276342780 <== mon.0 v2:172.21.15.96:3300/0 7 ==== mgrmap(e 9) v1 ==== 45569+0+0 (secure 0 0 0) 0x7efe6401ab80 con 0x7efe741048d0
2024-04-22T15:09:17.775 INFO:teuthology.orchestra.run.smithi096.stdout:/usr/bin/ceph: stderr
2024-04-22T15:09:17.081+0000 7efe5bfff700 1 -- 172.21.15.96:0/1276342780 <== mon.0 v2:172.21.15.96:3300/0 8 ==== mon_command_ack([{"prefix": "mgr module enable", "module": "dashboard"}]=0 v9) v1 ==== 88+0+0 (secure 0 0 0) 0x7efe64010970 con 0x7efe741048d0
2024-04-22T15:09:17.776 INFO:teuthology.orchestra.run.smithi096.stdout:/usr/bin/ceph: stderr
2024-04-22T15:09:17.084+0000 7efe7967f700 1 -- 172.21.15.96:0/1276342780 >> [v2:172.21.15.96:6800/3275369520,v1:172.21.15.96:6801/3275369520] conn(0x7efe5c038770 msgr2=0x7efe5c03ac30 secure :-1 s=STATE_CONNECTION_ESTABLISHED l=1).mark_down
2024-04-22T15:09:17.776 INFO:teuthology.orchestra.run.smithi096.stdout:/usr/bin/ceph: stderr
2024-04-22T15:09:17.084+0000 7efe7967f700 1 --2- 172.21.15.96:0/1276342780 >> [v2:172.21.15.96:6800/3275369520,v1:172.21.15.96:6801/3275369520] conn(0x7efe5c038770 0x7efe5c03ac30 secure :-1 s=READY pgs=22 cs=0 l=1 rev1=1 crypto rx=0x7efe68006fd0 tx=0x7efe68006e40 comp rx=0 tx=0).stop
2024-04-22T15:09:17.776 INFO:teuthology.orchestra.run.smithi096.stdout:/usr/bin/ceph: stderr
2024-04-22T15:09:17.084+0000 7efe7967f700 1 -- 172.21.15.96:0/1276342780 >> [v2:172.21.15.96:3300/0,v1:172.21.15.96:6789/0] conn(0x7efe741048d0 msgr2=0x7efe7419a3b0 secure :-1 s=STATE_CONNECTION_ESTABLISHED l=1).mark_down
2024-04-22T15:09:17.776 INFO:teuthology.orchestra.run.smithi096.stdout:/usr/bin/ceph: stderr
2024-04-22T15:09:17.084+0000 7efe7967f700 1 --2- 172.21.15.96:0/1276342780 >> [v2:172.21.15.96:3300/0,v1:172.21.15.96:6789/0] conn(0x7efe741048d0 0x7efe7419a3b0 secure :-1 s=READY pgs=68 cs=0 l=1 rev1=1 crypto rx=0x7efe640117b0 tx=0x7efe64011890 comp rx=0 tx=0).stop
2024-04-22T15:09:17.776 INFO:teuthology.orchestra.run.smithi096.stdout:/usr/bin/ceph: stderr
2024-04-22T15:09:17.084+0000 7efe7967f700 1 -- 172.21.15.96:0/1276342780 shutdown_connections
2024-04-22T15:09:17.776 INFO:teuthology.orchestra.run.smithi096.stdout:/usr/bin/ceph: stderr
2024-04-22T15:09:17.084+0000 7efe7967f700 1 --2- 172.21.15.96:0/1276342780 >> [v2:172.21.15.96:6800/3275369520,v1:172.21.15.96:6801/3275369520] conn(0x7efe5c038770 0x7efe5c03ac30 unknown :-1 s=CLOSED pgs=22 cs=0 l=1 rev1=1 crypto rx=0 tx=0 comp rx=0 tx=0).stop
2024-04-22T15:09:17.776 INFO:teuthology.orchestra.run.smithi096.stdout:/usr/bin/ceph: stderr
2024-04-22T15:09:17.084+0000 7efe7967f700 1 --2- 172.21.15.96:0/1276342780 >> [v2:172.21.15.96:3300/0,v1:172.21.15.96:6789/0] conn(0x7efe741048d0 0x7efe7419a3b0 unknown :-1 s=CLOSED pgs=68 cs=0 l=1 rev1=1 crypto rx=0 tx=0 comp rx=0 tx=0).stop
2024-04-22T15:09:17.776 INFO:teuthology.orchestra.run.smithi096.stdout:/usr/bin/ceph: stderr
2024-04-22T15:09:17.084+0000 7efe7967f700 1 -- 172.21.15.96:0/1276342780 >> 172.21.15.96:0/1276342780 conn(0x7efe74100290 msgr2=0x7efe74100e20 unknown :-1 s=STATE_NONE l=0).mark_down
2024-04-22T15:09:17.776 INFO:teuthology.orchestra.run.smithi096.stdout:/usr/bin/ceph: stderr
2024-04-22T15:09:17.084+0000 7efe7967f700 1 -- 172.21.15.96:0/1276342780 shutdown_connections
2024-04-22T15:09:17.776 INFO:teuthology.orchestra.run.smithi096.stdout:/usr/bin/ceph: stderr
2024-04-22T15:09:17.084+0000 7efe7967f700 1 -- 172.21.15.96:0/1276342780 wait complete.
2024-04-22T15:09:18.390 INFO:journalctl@ceph.mon.smithi096.smithi096.stdout:Apr 22 15:09:18 smithi096 ceph-mon[26688]: from='client.? 172.21.15.96:0/1276342780' entity='client.admin' cmd='[{"prefix": "mgr module enable", "module": "dashboard"}]': finished
2024-04-22T15:09:18.390 INFO:journalctl@ceph.mon.smithi096.smithi096.stdout:Apr 22 15:09:18 smithi096 ceph-mon[26688]: mgrmap e9: smithi096.hhkvum(active, since 25s)
2024-04-22T15:09:19.068 INFO:teuthology.orchestra.run.smithi096.stdout:/usr/bin/ceph: stdout {
2024-04-22T15:09:19.069 INFO:teuthology.orchestra.run.smithi096.stdout:/usr/bin/ceph: stdout "epoch": 9,
2024-04-22T15:09:19.069 INFO:teuthology.orchestra.run.smithi096.stdout:/usr/bin/ceph: stdout "available": true,
2024-04-22T15:09:19.069 INFO:teuthology.orchestra.run.smithi096.stdout:/usr/bin/ceph: stdout "active_name": "smithi096.hhkvum",
2024-04-22T15:09:19.069 INFO:teuthology.orchestra.run.smithi096.stdout:/usr/bin/ceph: stdout "num_standby": 0
2024-04-22T15:09:19.069 INFO:teuthology.orchestra.run.smithi096.stdout:/usr/bin/ceph: stdout }
2024-04-22T15:09:19.069 INFO:teuthology.orchestra.run.smithi096.stdout:/usr/bin/ceph: stderr
2024-04-22T15:09:18.180+0000 7febeddc6700 1 Processor -- start
2024-04-22T15:09:19.069 INFO:teuthology.orchestra.run.smithi096.stdout:/usr/bin/ceph: stderr
2024-04-22T15:09:18.180+0000 7febeddc6700 1 -- start start
2024-04-22T15:09:19.069 INFO:teuthology.orchestra.run.smithi096.stdout:/usr/bin/ceph: stderr
2024-04-22T15:09:18.180+0000 7febeddc6700 1 --2- >> [v2:172.21.15.96:3300/0,v1:172.21.15.96:6789/0] conn(0x7febe81048e0 0x7febe8104d00 unknown :-1 s=NONE pgs=0 cs=0 l=0 rev1=0 crypto rx=0 tx=0 comp rx=0 tx=0).connect
2024-04-22T15:09:19.069 INFO:teuthology.orchestra.run.smithi096.stdout:/usr/bin/ceph: stderr
2024-04-22T15:09:18.180+0000 7febeddc6700 1 -- --> [v2:172.21.15.96:3300/0,v1:172.21.15.96:6789/0] -- mon_getmap magic: 0 v1 -- 0x7febe81052d0 con 0x7febe81048e0
2024-04-22T15:09:19.069 INFO:teuthology.orchestra.run.smithi096.stdout:/usr/bin/ceph: stderr
2024-04-22T15:09:18.180+0000 7febe77fe700 1 --2- >> [v2:172.21.15.96:3300/0,v1:172.21.15.96:6789/0] conn(0x7febe81048e0 0x7febe8104d00 unknown :-1 s=BANNER_CONNECTING pgs=0 cs=0 l=0 rev1=0 crypto rx=0 tx=0 comp rx=0 tx=0)._handle_peer_banner_payload supported=3 required=0
2024-04-22T15:09:19.069 INFO:teuthology.orchestra.run.smithi096.stdout:/usr/bin/ceph: stderr
2024-04-22T15:09:18.180+0000 7febe77fe700 1 --2- >> [v2:172.21.15.96:3300/0,v1:172.21.15.96:6789/0] conn(0x7febe81048e0 0x7febe8104d00 unknown :-1 s=HELLO_CONNECTING pgs=0 cs=0 l=0 rev1=1 crypto rx=0 tx=0 comp rx=0 tx=0).handle_hello peer v2:172.21.15.96:3300/0 says I am v2:172.21.15.96:40650/0 (socket says 172.21.15.96:40650)
2024-04-22T15:09:19.069 INFO:teuthology.orchestra.run.smithi096.stdout:/usr/bin/ceph: stderr
2024-04-22T15:09:18.180+0000 7febe77fe700 1 -- 172.21.15.96:0/518924963 learned_addr learned my addr 172.21.15.96:0/518924963 (peer_addr_for_me v2:172.21.15.96:0/0)
2024-04-22T15:09:19.070 INFO:teuthology.orchestra.run.smithi096.stdout:/usr/bin/ceph: stderr
2024-04-22T15:09:18.181+0000 7febe77fe700 1 -- 172.21.15.96:0/518924963 --> [v2:172.21.15.96:3300/0,v1:172.21.15.96:6789/0] -- mon_subscribe({config=0+,monmap=0+}) v3 -- 0x7febe8107870 con 0x7febe81048e0
2024-04-22T15:09:19.070 INFO:teuthology.orchestra.run.smithi096.stdout:/usr/bin/ceph: stderr
2024-04-22T15:09:18.181+0000 7febe77fe700 1 --2- 172.21.15.96:0/518924963 >> [v2:172.21.15.96:3300/0,v1:172.21.15.96:6789/0] conn(0x7febe81048e0 0x7febe8104d00 secure :-1 s=READY pgs=71 cs=0 l=1 rev1=1 crypto rx=0x7febdc0098a0 tx=0x7febdc009bb0 comp rx=0 tx=0).ready entity=mon.0 client_cookie=4744f8ece5528b36 server_cookie=0 in_seq=0 out_seq=0
2024-04-22T15:09:19.070 INFO:teuthology.orchestra.run.smithi096.stdout:/usr/bin/ceph: stderr
2024-04-22T15:09:18.181+0000 7febe67fc700 1 -- 172.21.15.96:0/518924963 <== mon.0 v2:172.21.15.96:3300/0 1 ==== mon_map magic: 0 v1 ==== 229+0+0 (secure 0 0 0) 0x7febdc004180 con 0x7febe81048e0
2024-04-22T15:09:19.070 INFO:teuthology.orchestra.run.smithi096.stdout:/usr/bin/ceph: stderr
2024-04-22T15:09:18.181+0000 7febe67fc700 1 -- 172.21.15.96:0/518924963 <== mon.0 v2:172.21.15.96:3300/0 2 ==== config(27 keys) v1 ==== 1109+0+0 (secure 0 0 0) 0x7febdc0042e0 con 0x7febe81048e0
2024-04-22T15:09:19.070 INFO:teuthology.orchestra.run.smithi096.stdout:/usr/bin/ceph: stderr
2024-04-22T15:09:18.181+0000 7febe67fc700 1 -- 172.21.15.96:0/518924963 <== mon.0 v2:172.21.15.96:3300/0 3 ==== mon_map magic: 0 v1 ==== 229+0+0 (secure 0 0 0) 0x7febdc011b10 con 0x7febe81048e0
2024-04-22T15:09:19.070 INFO:teuthology.orchestra.run.smithi096.stdout:/usr/bin/ceph: stderr
2024-04-22T15:09:18.182+0000 7febeddc6700 1 -- 172.21.15.96:0/518924963 >> [v2:172.21.15.96:3300/0,v1:172.21.15.96:6789/0] conn(0x7febe81048e0 msgr2=0x7febe8104d00 secure :-1 s=STATE_CONNECTION_ESTABLISHED l=1).mark_down
2024-04-22T15:09:19.070 INFO:teuthology.orchestra.run.smithi096.stdout:/usr/bin/ceph: stderr
2024-04-22T15:09:18.182+0000 7febeddc6700 1 --2- 172.21.15.96:0/518924963 >> [v2:172.21.15.96:3300/0,v1:172.21.15.96:6789/0] conn(0x7febe81048e0 0x7febe8104d00 secure :-1 s=READY pgs=71 cs=0 l=1 rev1=1 crypto rx=0x7febdc0098a0 tx=0x7febdc009bb0 comp rx=0 tx=0).stop
2024-04-22T15:09:19.070 INFO:teuthology.orchestra.run.smithi096.stdout:/usr/bin/ceph: stderr
2024-04-22T15:09:18.182+0000 7febeddc6700 1 -- 172.21.15.96:0/518924963 shutdown_connections
2024-04-22T15:09:19.070 INFO:teuthology.orchestra.run.smithi096.stdout:/usr/bin/ceph: stderr
2024-04-22T15:09:18.182+0000 7febeddc6700 1 --2- 172.21.15.96:0/518924963 >> [v2:172.21.15.96:3300/0,v1:172.21.15.96:6789/0] conn(0x7febe81048e0 0x7febe8104d00 unknown :-1 s=CLOSED pgs=71 cs=0 l=1 rev1=1 crypto rx=0 tx=0 comp rx=0 tx=0).stop
2024-04-22T15:09:19.070 INFO:teuthology.orchestra.run.smithi096.stdout:/usr/bin/ceph: stderr
2024-04-22T15:09:18.182+0000 7febeddc6700 1 -- 172.21.15.96:0/518924963 >> 172.21.15.96:0/518924963 conn(0x7febe8100230 msgr2=0x7febe8102650 unknown :-1 s=STATE_NONE l=0).mark_down
2024-04-22T15:09:19.070 INFO:teuthology.orchestra.run.smithi096.stdout:/usr/bin/ceph: stderr
2024-04-22T15:09:18.182+0000 7febeddc6700 1 -- 172.21.15.96:0/518924963 shutdown_connections
2024-04-22T15:09:19.070 INFO:teuthology.orchestra.run.smithi096.stdout:/usr/bin/ceph: stderr
2024-04-22T15:09:18.182+0000 7febeddc6700 1 -- 172.21.15.96:0/518924963 wait complete.
2024-04-22T15:09:19.070 INFO:teuthology.orchestra.run.smithi096.stdout:/usr/bin/ceph: stderr
2024-04-22T15:09:18.182+0000 7febeddc6700 1 Processor -- start
2024-04-22T15:09:19.071 INFO:teuthology.orchestra.run.smithi096.stdout:/usr/bin/ceph: stderr
2024-04-22T15:09:18.182+0000 7febeddc6700 1 -- start start
2024-04-22T15:09:19.071 INFO:teuthology.orchestra.run.smithi096.stdout:/usr/bin/ceph: stderr
2024-04-22T15:09:18.183+0000 7febeddc6700 1 --2- >> [v2:172.21.15.96:3300/0,v1:172.21.15.96:6789/0] conn(0x7febe81048e0 0x7febe819a3b0 unknown :-1 s=NONE pgs=0 cs=0 l=1 rev1=0 crypto rx=0 tx=0 comp rx=0 tx=0).connect
2024-04-22T15:09:19.071 INFO:teuthology.orchestra.run.smithi096.stdout:/usr/bin/ceph: stderr
2024-04-22T15:09:18.183+0000 7febeddc6700 1 -- --> [v2:172.21.15.96:3300/0,v1:172.21.15.96:6789/0] -- mon_getmap magic: 0 v1 -- 0x7febe819a8f0 con 0x7febe81048e0
2024-04-22T15:09:19.071 INFO:teuthology.orchestra.run.smithi096.stdout:/usr/bin/ceph: stderr
2024-04-22T15:09:18.183+0000 7febe77fe700 1 --2- >> [v2:172.21.15.96:3300/0,v1:172.21.15.96:6789/0] conn(0x7febe81048e0 0x7febe819a3b0 unknown :-1 s=BANNER_CONNECTING pgs=0 cs=0 l=1 rev1=0 crypto rx=0 tx=0 comp rx=0 tx=0)._handle_peer_banner_payload supported=3 required=0
2024-04-22T15:09:19.071 INFO:teuthology.orchestra.run.smithi096.stdout:/usr/bin/ceph: stderr
2024-04-22T15:09:18.183+0000 7febe77fe700 1 --2- >> [v2:172.21.15.96:3300/0,v1:172.21.15.96:6789/0] conn(0x7febe81048e0 0x7febe819a3b0 unknown :-1 s=HELLO_CONNECTING pgs=0 cs=0 l=1 rev1=1 crypto rx=0 tx=0 comp rx=0 tx=0).handle_hello peer v2:172.21.15.96:3300/0 says I am v2:172.21.15.96:40658/0 (socket says 172.21.15.96:40658)
2024-04-22T15:09:19.071 INFO:teuthology.orchestra.run.smithi096.stdout:/usr/bin/ceph: stderr
2024-04-22T15:09:18.183+0000 7febe77fe700 1 -- 172.21.15.96:0/2802573254 learned_addr learned my addr 172.21.15.96:0/2802573254 (peer_addr_for_me v2:172.21.15.96:0/0)
2024-04-22T15:09:19.071 INFO:teuthology.orchestra.run.smithi096.stdout:/usr/bin/ceph: stderr
2024-04-22T15:09:18.183+0000 7febe77fe700 1 -- 172.21.15.96:0/2802573254 --> [v2:172.21.15.96:3300/0,v1:172.21.15.96:6789/0] -- mon_subscribe({config=0+,monmap=0+}) v3 -- 0x7febdc009550 con 0x7febe81048e0
2024-04-22T15:09:19.071 INFO:teuthology.orchestra.run.smithi096.stdout:/usr/bin/ceph: stderr
2024-04-22T15:09:18.183+0000 7febe77fe700 1 --2- 172.21.15.96:0/2802573254 >> [v2:172.21.15.96:3300/0,v1:172.21.15.96:6789/0] conn(0x7febe81048e0 0x7febe819a3b0 secure :-1 s=READY pgs=72 cs=0 l=1 rev1=1 crypto rx=0x7febdc0117b0 tx=0x7febdc011890 comp rx=0 tx=0).ready entity=mon.0 client_cookie=0 server_cookie=0 in_seq=0 out_seq=0
2024-04-22T15:09:19.071 INFO:teuthology.orchestra.run.smithi096.stdout:/usr/bin/ceph: stderr
2024-04-22T15:09:18.183+0000 7febe4ff9700 1 -- 172.21.15.96:0/2802573254 <== mon.0 v2:172.21.15.96:3300/0 1 ==== mon_map magic: 0 v1 ==== 229+0+0 (secure 0 0 0) 0x7febdc0038b0 con 0x7febe81048e0
2024-04-22T15:09:19.071 INFO:teuthology.orchestra.run.smithi096.stdout:/usr/bin/ceph: stderr
2024-04-22T15:09:18.183+0000 7febe4ff9700 1 -- 172.21.15.96:0/2802573254 <== mon.0 v2:172.21.15.96:3300/0 2 ==== config(27 keys) v1 ==== 1109+0+0 (secure 0 0 0) 0x7febdc003a10 con 0x7febe81048e0
2024-04-22T15:09:19.071 INFO:teuthology.orchestra.run.smithi096.stdout:/usr/bin/ceph: stderr
2024-04-22T15:09:18.183+0000 7febeddc6700 1 -- 172.21.15.96:0/2802573254 --> [v2:172.21.15.96:3300/0,v1:172.21.15.96:6789/0] -- mon_subscribe({mgrmap=0+}) v3 -- 0x7febe819aaf0 con 0x7febe81048e0
2024-04-22T15:09:19.071 INFO:teuthology.orchestra.run.smithi096.stdout:/usr/bin/ceph: stderr
2024-04-22T15:09:18.183+0000 7febeddc6700 1 -- 172.21.15.96:0/2802573254 --> [v2:172.21.15.96:3300/0,v1:172.21.15.96:6789/0] -- mon_subscribe({osdmap=0}) v3 -- 0x7febe819af90 con 0x7febe81048e0
2024-04-22T15:09:19.071 INFO:teuthology.orchestra.run.smithi096.stdout:/usr/bin/ceph: stderr
2024-04-22T15:09:18.183+0000 7febe4ff9700 1 -- 172.21.15.96:0/2802573254 <== mon.0 v2:172.21.15.96:3300/0 3 ==== mon_map magic: 0 v1 ==== 229+0+0 (secure 0 0 0) 0x7febdc0246e0 con 0x7febe81048e0
2024-04-22T15:09:19.071 INFO:teuthology.orchestra.run.smithi096.stdout:/usr/bin/ceph: stderr
2024-04-22T15:09:18.184+0000 7febeddc6700 1 -- 172.21.15.96:0/2802573254 --> [v2:172.21.15.96:3300/0,v1:172.21.15.96:6789/0] -- mon_command({"prefix": "get_command_descriptions"} v 0) v1 -- 0x7febd4005320 con 0x7febe81048e0
2024-04-22T15:09:19.072 INFO:teuthology.orchestra.run.smithi096.stdout:/usr/bin/ceph: stderr
2024-04-22T15:09:18.184+0000 7febe4ff9700 1 -- 172.21.15.96:0/2802573254 <== mon.0 v2:172.21.15.96:3300/0 4 ==== mgrmap(e 9) v1 ==== 45569+0+0 (secure 0 0 0) 0x7febdc02d3f0 con 0x7febe81048e0
2024-04-22T15:09:19.072 INFO:teuthology.orchestra.run.smithi096.stdout:/usr/bin/ceph: stderr
2024-04-22T15:09:18.185+0000 7febe4ff9700 1 --2- 172.21.15.96:0/2802573254 >> [v2:172.21.15.96:6800/3275369520,v1:172.21.15.96:6801/3275369520] conn(0x7febd0038770 0x7febd003ac30 unknown :-1 s=NONE pgs=0 cs=0 l=1 rev1=0 crypto rx=0 tx=0 comp rx=0 tx=0).connect
2024-04-22T15:09:19.072 INFO:teuthology.orchestra.run.smithi096.stdout:/usr/bin/ceph: stderr
2024-04-22T15:09:18.185+0000 7febe4ff9700 1 -- 172.21.15.96:0/2802573254 <== mon.0 v2:172.21.15.96:3300/0 5 ==== osd_map(2..2 src has 1..2) v4 ==== 940+0+0 (secure 0 0 0) 0x7febdc04c8b0 con 0x7febe81048e0
2024-04-22T15:09:19.072 INFO:teuthology.orchestra.run.smithi096.stdout:/usr/bin/ceph: stderr
2024-04-22T15:09:18.185+0000 7febe6ffd700 1 -- 172.21.15.96:0/2802573254 >> [v2:172.21.15.96:6800/3275369520,v1:172.21.15.96:6801/3275369520] conn(0x7febd0038770 msgr2=0x7febd003ac30 unknown :-1 s=STATE_CONNECTING_RE l=1).process reconnect failed to v2:172.21.15.96:6800/3275369520
2024-04-22T15:09:19.072 INFO:teuthology.orchestra.run.smithi096.stdout:/usr/bin/ceph: stderr
2024-04-22T15:09:18.185+0000 7febe6ffd700 1 --2- 172.21.15.96:0/2802573254 >> [v2:172.21.15.96:6800/3275369520,v1:172.21.15.96:6801/3275369520] conn(0x7febd0038770 0x7febd003ac30 unknown :-1 s=START_CONNECT pgs=0 cs=0 l=1 rev1=0 crypto rx=0 tx=0 comp rx=0 tx=0)._fault waiting 0.200000
2024-04-22T15:09:19.072 INFO:teuthology.orchestra.run.smithi096.stdout:/usr/bin/ceph: stderr
2024-04-22T15:09:18.193+0000 7febe4ff9700 1 -- 172.21.15.96:0/2802573254 <== mon.0 v2:172.21.15.96:3300/0 6 ==== mon_command_ack([{"prefix": "get_command_descriptions"}]=0 v0) v1 ==== 72+0+183351 (secure 0 0 0) 0x7febdc010970 con 0x7febe81048e0
2024-04-22T15:09:19.072 INFO:teuthology.orchestra.run.smithi096.stdout:/usr/bin/ceph: stderr
2024-04-22T15:09:18.386+0000 7febe6ffd700 1 -- 172.21.15.96:0/2802573254 >> [v2:172.21.15.96:6800/3275369520,v1:172.21.15.96:6801/3275369520] conn(0x7febd0038770 msgr2=0x7febd003ac30 unknown :-1 s=STATE_CONNECTING_RE l=1).process reconnect failed to v2:172.21.15.96:6800/3275369520
2024-04-22T15:09:19.072 INFO:teuthology.orchestra.run.smithi096.stdout:/usr/bin/ceph: stderr
2024-04-22T15:09:18.386+0000 7febe6ffd700 1 --2- 172.21.15.96:0/2802573254 >> [v2:172.21.15.96:6800/3275369520,v1:172.21.15.96:6801/3275369520] conn(0x7febd0038770 0x7febd003ac30 unknown :-1 s=START_CONNECT pgs=0 cs=0 l=1 rev1=0 crypto rx=0 tx=0 comp rx=0 tx=0)._fault waiting 0.400000
2024-04-22T15:09:19.072 INFO:teuthology.orchestra.run.smithi096.stdout:/usr/bin/ceph: stderr
2024-04-22T15:09:18.483+0000 7febeddc6700 1 -- 172.21.15.96:0/2802573254 --> [v2:172.21.15.96:3300/0,v1:172.21.15.96:6789/0] -- mon_command({"prefix": "mgr stat"} v 0) v1 -- 0x7febd4005de0 con 0x7febe81048e0
2024-04-22T15:09:19.072 INFO:teuthology.orchestra.run.smithi096.stdout:/usr/bin/ceph: stderr
2024-04-22T15:09:18.483+0000 7febe4ff9700 1 -- 172.21.15.96:0/2802573254 <== mon.0 v2:172.21.15.96:3300/0 7 ==== mon_command_ack([{"prefix": "mgr stat"}]=0 v9) v1 ==== 56+0+103 (secure 0 0 0) 0x7febdc010380 con 0x7febe81048e0
2024-04-22T15:09:19.072 INFO:teuthology.orchestra.run.smithi096.stdout:/usr/bin/ceph: stderr
2024-04-22T15:09:18.485+0000 7febeddc6700 1 -- 172.21.15.96:0/2802573254 >> [v2:172.21.15.96:6800/3275369520,v1:172.21.15.96:6801/3275369520] conn(0x7febd0038770 msgr2=0x7febd003ac30 unknown :-1 s=STATE_CONNECTING l=1).mark_down
2024-04-22T15:09:19.072 INFO:teuthology.orchestra.run.smithi096.stdout:/usr/bin/ceph: stderr
2024-04-22T15:09:18.485+0000 7febeddc6700 1 --2- 172.21.15.96:0/2802573254 >> [v2:172.21.15.96:6800/3275369520,v1:172.21.15.96:6801/3275369520] conn(0x7febd0038770 0x7febd003ac30 unknown :-1 s=START_CONNECT pgs=0 cs=0 l=1 rev1=0 crypto rx=0 tx=0 comp rx=0 tx=0).stop
2024-04-22T15:09:19.072 INFO:teuthology.orchestra.run.smithi096.stdout:/usr/bin/ceph: stderr
2024-04-22T15:09:18.485+0000 7febeddc6700 1 -- 172.21.15.96:0/2802573254 >> [v2:172.21.15.96:3300/0,v1:172.21.15.96:6789/0] conn(0x7febe81048e0 msgr2=0x7febe819a3b0 secure :-1 s=STATE_CONNECTION_ESTABLISHED l=1).mark_down
2024-04-22T15:09:19.073 INFO:teuthology.orchestra.run.smithi096.stdout:/usr/bin/ceph: stderr
2024-04-22T15:09:18.485+0000 7febeddc6700 1 --2- 172.21.15.96:0/2802573254 >> [v2:172.21.15.96:3300/0,v1:172.21.15.96:6789/0] conn(0x7febe81048e0 0x7febe819a3b0 secure :-1 s=READY pgs=72 cs=0 l=1 rev1=1 crypto rx=0x7febdc0117b0 tx=0x7febdc011890 comp rx=0 tx=0).stop
2024-04-22T15:09:19.073 INFO:teuthology.orchestra.run.smithi096.stdout:/usr/bin/ceph: stderr
2024-04-22T15:09:18.485+0000 7febeddc6700 1 -- 172.21.15.96:0/2802573254 shutdown_connections
2024-04-22T15:09:19.073 INFO:teuthology.orchestra.run.smithi096.stdout:/usr/bin/ceph: stderr
2024-04-22T15:09:18.485+0000 7febeddc6700 1 --2- 172.21.15.96:0/2802573254 >> [v2:172.21.15.96:6800/3275369520,v1:172.21.15.96:6801/3275369520] conn(0x7febd0038770 0x7febd003ac30 unknown :-1 s=CLOSED pgs=0 cs=0 l=1 rev1=0 crypto rx=0 tx=0 comp rx=0 tx=0).stop
2024-04-22T15:09:19.073 INFO:teuthology.orchestra.run.smithi096.stdout:/usr/bin/ceph: stderr
2024-04-22T15:09:18.485+0000 7febeddc6700 1 --2- 172.21.15.96:0/2802573254 >> [v2:172.21.15.96:3300/0,v1:172.21.15.96:6789/0] conn(0x7febe81048e0 0x7febe819a3b0 unknown :-1 s=CLOSED pgs=72 cs=0 l=1 rev1=1 crypto rx=0 tx=0 comp rx=0 tx=0).stop
2024-04-22T15:09:19.073 INFO:teuthology.orchestra.run.smithi096.stdout:/usr/bin/ceph: stderr
2024-04-22T15:09:18.485+0000 7febeddc6700 1 -- 172.21.15.96:0/2802573254 >> 172.21.15.96:0/2802573254 conn(0x7febe8100230 msgr2=0x7febe8100de0 unknown :-1 s=STATE_NONE l=0).mark_down
2024-04-22T15:09:19.073 INFO:teuthology.orchestra.run.smithi096.stdout:/usr/bin/ceph: stderr
2024-04-22T15:09:18.485+0000 7febeddc6700 1 -- 172.21.15.96:0/2802573254 shutdown_connections
2024-04-22T15:09:19.073 INFO:teuthology.orchestra.run.smithi096.stdout:/usr/bin/ceph: stderr
2024-04-22T15:09:18.485+0000 7febeddc6700 1 -- 172.21.15.96:0/2802573254 wait complete.
2024-04-22T15:09:19.073 INFO:teuthology.orchestra.run.smithi096.stdout:Waiting for the mgr to restart...
2024-04-22T15:09:19.073 INFO:teuthology.orchestra.run.smithi096.stdout:Waiting for mgr epoch 9...
2024-04-22T15:09:19.329 INFO:journalctl@ceph.mon.smithi096.smithi096.stdout:Apr 22 15:09:19 smithi096 ceph-mon[26688]: from='client.? 172.21.15.96:0/2802573254' entity='client.admin' cmd=[{"prefix": "mgr stat"}]: dispatch
2024-04-22T15:09:24.236 INFO:journalctl@ceph.mon.smithi096.smithi096.stdout:Apr 22 15:09:23 smithi096 ceph-mon[26688]: Active manager daemon smithi096.hhkvum restarted
2024-04-22T15:09:24.237 INFO:journalctl@ceph.mon.smithi096.smithi096.stdout:Apr 22 15:09:23 smithi096 ceph-mon[26688]: Activating manager daemon smithi096.hhkvum
2024-04-22T15:09:24.237 INFO:journalctl@ceph.mon.smithi096.smithi096.stdout:Apr 22 15:09:23 smithi096 ceph-mon[26688]: osdmap e3: 0 total, 0 up, 0 in
2024-04-22T15:09:24.237 INFO:journalctl@ceph.mon.smithi096.smithi096.stdout:Apr 22 15:09:23 smithi096 ceph-mon[26688]: mgrmap e10: smithi096.hhkvum(active, starting, since 0.00399303s)
2024-04-22T15:09:24.237 INFO:journalctl@ceph.mon.smithi096.smithi096.stdout:Apr 22 15:09:23 smithi096 ceph-mon[26688]: from='mgr.14164 172.21.15.96:0/2457013581' entity='mgr.smithi096.hhkvum' cmd=[{"prefix": "mon metadata", "id": "smithi096"}]: dispatch
2024-04-22T15:09:24.237 INFO:journalctl@ceph.mon.smithi096.smithi096.stdout:Apr 22 15:09:23 smithi096 ceph-mon[26688]: from='mgr.14164 172.21.15.96:0/2457013581' entity='mgr.smithi096.hhkvum' cmd=[{"prefix": "mgr metadata", "who": "smithi096.hhkvum", "id": "smithi096.hhkvum"}]: dispatch
2024-04-22T15:09:24.237 INFO:journalctl@ceph.mon.smithi096.smithi096.stdout:Apr 22 15:09:23 smithi096 ceph-mon[26688]: from='mgr.14164 172.21.15.96:0/2457013581' entity='mgr.smithi096.hhkvum' cmd=[{"prefix": "mds metadata"}]: dispatch
2024-04-22T15:09:24.237 INFO:journalctl@ceph.mon.smithi096.smithi096.stdout:Apr 22 15:09:23 smithi096 ceph-mon[26688]: from='mgr.14164 172.21.15.96:0/2457013581' entity='mgr.smithi096.hhkvum' cmd=[{"prefix": "osd metadata"}]: dispatch
2024-04-22T15:09:24.237 INFO:journalctl@ceph.mon.smithi096.smithi096.stdout:Apr 22 15:09:23 smithi096 ceph-mon[26688]: from='mgr.14164 172.21.15.96:0/2457013581' entity='mgr.smithi096.hhkvum' cmd=[{"prefix": "mon metadata"}]: dispatch
2024-04-22T15:09:24.237 INFO:journalctl@ceph.mon.smithi096.smithi096.stdout:Apr 22 15:09:23 smithi096 ceph-mon[26688]: Manager daemon smithi096.hhkvum is now available
2024-04-22T15:09:24.237 INFO:journalctl@ceph.mon.smithi096.smithi096.stdout:Apr 22 15:09:23 smithi096 ceph-mon[26688]: from='mgr.14164 172.21.15.96:0/2457013581' entity='mgr.smithi096.hhkvum' cmd=[{"prefix": "config dump", "format": "json"}]: dispatch
2024-04-22T15:09:24.237 INFO:journalctl@ceph.mon.smithi096.smithi096.stdout:Apr 22 15:09:23 smithi096 ceph-mon[26688]: from='mgr.14164 172.21.15.96:0/2457013581' entity='mgr.smithi096.hhkvum' cmd=[{"prefix":"config rm","who":"mgr","name":"mgr/rbd_support/smithi096.hhkvum/mirror_snapshot_schedule"}]: dispatch
2024-04-22T15:09:24.237 INFO:journalctl@ceph.mon.smithi096.smithi096.stdout:Apr 22 15:09:23 smithi096 ceph-mon[26688]: from='mgr.14164 172.21.15.96:0/2457013581' entity='mgr.smithi096.hhkvum' cmd=[{"prefix":"config rm","who":"mgr","name":"mgr/rbd_support/smithi096.hhkvum/trash_purge_schedule"}]: dispatch
2024-04-22T15:09:25.670 INFO:teuthology.orchestra.run.smithi096.stdout:/usr/bin/ceph: stdout {
2024-04-22T15:09:25.670 INFO:teuthology.orchestra.run.smithi096.stdout:/usr/bin/ceph: stdout "mgrmap_epoch": 11,
2024-04-22T15:09:25.671 INFO:teuthology.orchestra.run.smithi096.stdout:/usr/bin/ceph: stdout "initialized": true
2024-04-22T15:09:25.671 INFO:teuthology.orchestra.run.smithi096.stdout:/usr/bin/ceph: stdout }
2024-04-22T15:09:25.671 INFO:teuthology.orchestra.run.smithi096.stdout:/usr/bin/ceph: stderr
2024-04-22T15:09:19.526+0000 7f922ccb6700 1 Processor -- start
2024-04-22T15:09:25.671 INFO:teuthology.orchestra.run.smithi096.stdout:/usr/bin/ceph: stderr
2024-04-22T15:09:19.526+0000 7f922ccb6700 1 -- start start
2024-04-22T15:09:25.671 INFO:teuthology.orchestra.run.smithi096.stdout:/usr/bin/ceph: stderr
2024-04-22T15:09:19.527+0000 7f922ccb6700 1 --2- >> [v2:172.21.15.96:3300/0,v1:172.21.15.96:6789/0] conn(0x7f92281048e0 0x7f9228104d00 unknown :-1 s=NONE pgs=0 cs=0 l=0 rev1=0 crypto rx=0 tx=0 comp rx=0 tx=0).connect
2024-04-22T15:09:25.671 INFO:teuthology.orchestra.run.smithi096.stdout:/usr/bin/ceph: stderr
2024-04-22T15:09:19.527+0000 7f922ccb6700 1 -- --> [v2:172.21.15.96:3300/0,v1:172.21.15.96:6789/0] -- mon_getmap magic: 0 v1 -- 0x7f92281052d0 con 0x7f92281048e0
2024-04-22T15:09:25.671 INFO:teuthology.orchestra.run.smithi096.stdout:/usr/bin/ceph: stderr
2024-04-22T15:09:19.527+0000 7f922659c700 1 --2- >> [v2:172.21.15.96:3300/0,v1:172.21.15.96:6789/0] conn(0x7f92281048e0 0x7f9228104d00 unknown :-1 s=BANNER_CONNECTING pgs=0 cs=0 l=0 rev1=0 crypto rx=0 tx=0 comp rx=0 tx=0)._handle_peer_banner_payload supported=3 required=0
2024-04-22T15:09:25.671 INFO:teuthology.orchestra.run.smithi096.stdout:/usr/bin/ceph: stderr
2024-04-22T15:09:19.527+0000 7f922659c700 1 --2- >> [v2:172.21.15.96:3300/0,v1:172.21.15.96:6789/0] conn(0x7f92281048e0 0x7f9228104d00 unknown :-1 s=HELLO_CONNECTING pgs=0 cs=0 l=0 rev1=1 crypto rx=0 tx=0 comp rx=0 tx=0).handle_hello peer v2:172.21.15.96:3300/0 says I am v2:172.21.15.96:40660/0 (socket says 172.21.15.96:40660)
2024-04-22T15:09:25.671 INFO:teuthology.orchestra.run.smithi096.stdout:/usr/bin/ceph: stderr
2024-04-22T15:09:19.527+0000 7f922659c700 1 -- 172.21.15.96:0/2525261818 learned_addr learned my addr 172.21.15.96:0/2525261818 (peer_addr_for_me v2:172.21.15.96:0/0)
2024-04-22T15:09:25.671 INFO:teuthology.orchestra.run.smithi096.stdout:/usr/bin/ceph: stderr
2024-04-22T15:09:19.527+0000 7f922659c700 1 -- 172.21.15.96:0/2525261818 --> [v2:172.21.15.96:3300/0,v1:172.21.15.96:6789/0] -- mon_subscribe({config=0+,monmap=0+}) v3 -- 0x7f9228107870 con 0x7f92281048e0
2024-04-22T15:09:25.671 INFO:teuthology.orchestra.run.smithi096.stdout:/usr/bin/ceph: stderr
2024-04-22T15:09:19.527+0000 7f922659c700 1 --2- 172.21.15.96:0/2525261818 >> [v2:172.21.15.96:3300/0,v1:172.21.15.96:6789/0] conn(0x7f92281048e0 0x7f9228104d00 secure :-1 s=READY pgs=73 cs=0 l=1 rev1=1 crypto rx=0x7f921c0098a0 tx=0x7f921c009bb0 comp rx=0 tx=0).ready entity=mon.0 client_cookie=14784bc9798e5b65 server_cookie=0 in_seq=0 out_seq=0
2024-04-22T15:09:25.671 INFO:teuthology.orchestra.run.smithi096.stdout:/usr/bin/ceph: stderr
2024-04-22T15:09:19.527+0000 7f922559a700 1 -- 172.21.15.96:0/2525261818 <== mon.0 v2:172.21.15.96:3300/0 1 ==== mon_map magic: 0 v1 ==== 229+0+0 (secure 0 0 0) 0x7f921c004180 con 0x7f92281048e0
2024-04-22T15:09:25.672 INFO:teuthology.orchestra.run.smithi096.stdout:/usr/bin/ceph: stderr
2024-04-22T15:09:19.527+0000 7f922559a700 1 -- 172.21.15.96:0/2525261818 <== mon.0 v2:172.21.15.96:3300/0 2 ==== config(27 keys) v1 ==== 1109+0+0 (secure 0 0 0) 0x7f921c0042e0 con 0x7f92281048e0
2024-04-22T15:09:25.672 INFO:teuthology.orchestra.run.smithi096.stdout:/usr/bin/ceph: stderr
2024-04-22T15:09:19.527+0000 7f922559a700 1 -- 172.21.15.96:0/2525261818 <== mon.0 v2:172.21.15.96:3300/0 3 ==== mon_map magic: 0 v1 ==== 229+0+0 (secure 0 0 0) 0x7f921c011b10 con 0x7f92281048e0
2024-04-22T15:09:25.672 INFO:teuthology.orchestra.run.smithi096.stdout:/usr/bin/ceph: stderr
2024-04-22T15:09:19.528+0000 7f922ccb6700 1 -- 172.21.15.96:0/2525261818 >> [v2:172.21.15.96:3300/0,v1:172.21.15.96:6789/0] conn(0x7f92281048e0 msgr2=0x7f9228104d00 secure :-1 s=STATE_CONNECTION_ESTABLISHED l=1).mark_down
2024-04-22T15:09:25.672 INFO:teuthology.orchestra.run.smithi096.stdout:/usr/bin/ceph: stderr
2024-04-22T15:09:19.528+0000 7f922ccb6700 1 --2- 172.21.15.96:0/2525261818 >> [v2:172.21.15.96:3300/0,v1:172.21.15.96:6789/0] conn(0x7f92281048e0 0x7f9228104d00 secure :-1 s=READY pgs=73 cs=0 l=1 rev1=1 crypto rx=0x7f921c0098a0 tx=0x7f921c009bb0 comp rx=0 tx=0).stop
2024-04-22T15:09:25.672 INFO:teuthology.orchestra.run.smithi096.stdout:/usr/bin/ceph: stderr
2024-04-22T15:09:19.528+0000 7f922ccb6700 1 -- 172.21.15.96:0/2525261818 shutdown_connections
2024-04-22T15:09:25.672 INFO:teuthology.orchestra.run.smithi096.stdout:/usr/bin/ceph: stderr
2024-04-22T15:09:19.528+0000 7f922ccb6700 1 --2- 172.21.15.96:0/2525261818 >> [v2:172.21.15.96:3300/0,v1:172.21.15.96:6789/0] conn(0x7f92281048e0 0x7f9228104d00 unknown :-1 s=CLOSED pgs=73 cs=0 l=1 rev1=1 crypto rx=0 tx=0 comp rx=0 tx=0).stop
2024-04-22T15:09:25.672 INFO:teuthology.orchestra.run.smithi096.stdout:/usr/bin/ceph: stderr
2024-04-22T15:09:19.528+0000 7f922ccb6700 1 -- 172.21.15.96:0/2525261818 >> 172.21.15.96:0/2525261818 conn(0x7f9228100270 msgr2=0x7f9228102690 unknown :-1 s=STATE_NONE l=0).mark_down
2024-04-22T15:09:25.672 INFO:teuthology.orchestra.run.smithi096.stdout:/usr/bin/ceph: stderr
2024-04-22T15:09:19.528+0000 7f922ccb6700 1 -- 172.21.15.96:0/2525261818 shutdown_connections
2024-04-22T15:09:25.672 INFO:teuthology.orchestra.run.smithi096.stdout:/usr/bin/ceph: stderr
2024-04-22T15:09:19.528+0000 7f922ccb6700 1 -- 172.21.15.96:0/2525261818 wait complete.
2024-04-22T15:09:25.672 INFO:teuthology.orchestra.run.smithi096.stdout:/usr/bin/ceph: stderr
2024-04-22T15:09:19.529+0000 7f922ccb6700 1 Processor -- start
2024-04-22T15:09:25.672 INFO:teuthology.orchestra.run.smithi096.stdout:/usr/bin/ceph: stderr
2024-04-22T15:09:19.529+0000 7f922ccb6700 1 -- start start
2024-04-22T15:09:25.672 INFO:teuthology.orchestra.run.smithi096.stdout:/usr/bin/ceph: stderr
2024-04-22T15:09:19.529+0000 7f922ccb6700 1 --2- >> [v2:172.21.15.96:3300/0,v1:172.21.15.96:6789/0] conn(0x7f92281048e0 0x7f92281070a0 unknown :-1 s=NONE pgs=0 cs=0 l=1 rev1=0 crypto rx=0 tx=0 comp rx=0 tx=0).connect
2024-04-22T15:09:25.672 INFO:teuthology.orchestra.run.smithi096.stdout:/usr/bin/ceph: stderr
2024-04-22T15:09:19.529+0000 7f922ccb6700 1 -- --> [v2:172.21.15.96:3300/0,v1:172.21.15.96:6789/0] -- mon_getmap magic: 0 v1 -- 0x7f92281075e0 con 0x7f92281048e0
2024-04-22T15:09:25.672 INFO:teuthology.orchestra.run.smithi096.stdout:/usr/bin/ceph: stderr
2024-04-22T15:09:19.529+0000 7f922659c700 1 --2- >> [v2:172.21.15.96:3300/0,v1:172.21.15.96:6789/0] conn(0x7f92281048e0 0x7f92281070a0 unknown :-1 s=BANNER_CONNECTING pgs=0 cs=0 l=1 rev1=0 crypto rx=0 tx=0 comp rx=0 tx=0)._handle_peer_banner_payload supported=3 required=0
2024-04-22T15:09:25.673 INFO:teuthology.orchestra.run.smithi096.stdout:/usr/bin/ceph: stderr
2024-04-22T15:09:19.529+0000 7f922659c700 1 --2- >> [v2:172.21.15.96:3300/0,v1:172.21.15.96:6789/0] conn(0x7f92281048e0 0x7f92281070a0 unknown :-1 s=HELLO_CONNECTING pgs=0 cs=0 l=1 rev1=1 crypto rx=0 tx=0 comp rx=0 tx=0).handle_hello peer v2:172.21.15.96:3300/0 says I am v2:172.21.15.96:40672/0 (socket says 172.21.15.96:40672)
2024-04-22T15:09:25.673 INFO:teuthology.orchestra.run.smithi096.stdout:/usr/bin/ceph: stderr
2024-04-22T15:09:19.529+0000 7f922659c700 1 -- 172.21.15.96:0/2325882474 learned_addr learned my addr 172.21.15.96:0/2325882474 (peer_addr_for_me v2:172.21.15.96:0/0)
2024-04-22T15:09:25.673 INFO:teuthology.orchestra.run.smithi096.stdout:/usr/bin/ceph: stderr
2024-04-22T15:09:19.530+0000 7f922659c700 1 -- 172.21.15.96:0/2325882474 --> [v2:172.21.15.96:3300/0,v1:172.21.15.96:6789/0] -- mon_subscribe({config=0+,monmap=0+}) v3 -- 0x7f921c009550 con 0x7f92281048e0
2024-04-22T15:09:25.673 INFO:teuthology.orchestra.run.smithi096.stdout:/usr/bin/ceph: stderr
2024-04-22T15:09:19.530+0000 7f922659c700 1 --2- 172.21.15.96:0/2325882474 >> [v2:172.21.15.96:3300/0,v1:172.21.15.96:6789/0] conn(0x7f92281048e0 0x7f92281070a0 secure :-1 s=READY pgs=74 cs=0 l=1 rev1=1 crypto rx=0x7f921c009fb0 tx=0x7f921c011890 comp rx=0 tx=0).ready entity=mon.0 client_cookie=0 server_cookie=0 in_seq=0 out_seq=0
2024-04-22T15:09:25.673 INFO:teuthology.orchestra.run.smithi096.stdout:/usr/bin/ceph: stderr
2024-04-22T15:09:19.530+0000 7f92177fe700 1 -- 172.21.15.96:0/2325882474 <== mon.0 v2:172.21.15.96:3300/0 1 ==== mon_map magic: 0 v1 ==== 229+0+0 (secure 0 0 0) 0x7f921c0038b0 con 0x7f92281048e0
2024-04-22T15:09:25.673 INFO:teuthology.orchestra.run.smithi096.stdout:/usr/bin/ceph: stderr
2024-04-22T15:09:19.530+0000 7f92177fe700 1 -- 172.21.15.96:0/2325882474 <== mon.0 v2:172.21.15.96:3300/0 2 ==== config(27 keys) v1 ==== 1109+0+0 (secure 0 0 0) 0x7f921c003a10 con 0x7f92281048e0
2024-04-22T15:09:25.673 INFO:teuthology.orchestra.run.smithi096.stdout:/usr/bin/ceph: stderr
2024-04-22T15:09:19.530+0000 7f922ccb6700 1 -- 172.21.15.96:0/2325882474 --> [v2:172.21.15.96:3300/0,v1:172.21.15.96:6789/0] -- mon_subscribe({mgrmap=0+}) v3 -- 0x7f9228105820 con 0x7f92281048e0
2024-04-22T15:09:25.673 INFO:teuthology.orchestra.run.smithi096.stdout:/usr/bin/ceph: stderr
2024-04-22T15:09:19.530+0000 7f92177fe700 1 -- 172.21.15.96:0/2325882474 <== mon.0 v2:172.21.15.96:3300/0 3 ==== mon_map magic: 0 v1 ==== 229+0+0 (secure 0 0 0) 0x7f921c019770 con 0x7f92281048e0
2024-04-22T15:09:25.673 INFO:teuthology.orchestra.run.smithi096.stdout:/usr/bin/ceph: stderr
2024-04-22T15:09:19.530+0000 7f922ccb6700 1 -- 172.21.15.96:0/2325882474 --> [v2:172.21.15.96:3300/0,v1:172.21.15.96:6789/0] -- mon_subscribe({osdmap=0}) v3 -- 0x7f9228105cc0 con 0x7f92281048e0
2024-04-22T15:09:25.673 INFO:teuthology.orchestra.run.smithi096.stdout:/usr/bin/ceph: stderr
2024-04-22T15:09:19.531+0000 7f92177fe700 1 -- 172.21.15.96:0/2325882474 <== mon.0 v2:172.21.15.96:3300/0 4 ==== mgrmap(e 9) v1 ==== 45569+0+0 (secure 0 0 0) 0x7f921c0198d0 con 0x7f92281048e0
2024-04-22T15:09:25.673 INFO:teuthology.orchestra.run.smithi096.stdout:/usr/bin/ceph: stderr
2024-04-22T15:09:19.531+0000 7f92177fe700 1 --2- 172.21.15.96:0/2325882474 >> [v2:172.21.15.96:6800/3275369520,v1:172.21.15.96:6801/3275369520] conn(0x7f9210038780 0x7f921003ac40 unknown :-1 s=NONE pgs=0 cs=0 l=1 rev1=0 crypto rx=0 tx=0 comp rx=0 tx=0).connect
2024-04-22T15:09:25.673 INFO:teuthology.orchestra.run.smithi096.stdout:/usr/bin/ceph: stderr
2024-04-22T15:09:19.531+0000 7f922ccb6700 1 -- 172.21.15.96:0/2325882474 --> [v2:172.21.15.96:6800/3275369520,v1:172.21.15.96:6801/3275369520] -- command(tid 0: {"prefix": "get_command_descriptions"}) v1 -- 0x7f92281086d0 con 0x7f9210038780
2024-04-22T15:09:25.673 INFO:teuthology.orchestra.run.smithi096.stdout:/usr/bin/ceph: stderr
2024-04-22T15:09:19.531+0000 7f92177fe700 1 -- 172.21.15.96:0/2325882474 <== mon.0 v2:172.21.15.96:3300/0 5 ==== osd_map(2..2 src has 1..2) v4 ==== 940+0+0 (secure 0 0 0) 0x7f921c04c800 con 0x7f92281048e0
2024-04-22T15:09:25.673 INFO:teuthology.orchestra.run.smithi096.stdout:/usr/bin/ceph: stderr
2024-04-22T15:09:19.531+0000 7f9225d9b700 1 -- 172.21.15.96:0/2325882474 >> [v2:172.21.15.96:6800/3275369520,v1:172.21.15.96:6801/3275369520] conn(0x7f9210038780 msgr2=0x7f921003ac40 unknown :-1 s=STATE_CONNECTING_RE l=1).process reconnect failed to v2:172.21.15.96:6800/3275369520
2024-04-22T15:09:25.674 INFO:teuthology.orchestra.run.smithi096.stdout:/usr/bin/ceph: stderr
2024-04-22T15:09:19.531+0000 7f9225d9b700 1 --2- 172.21.15.96:0/2325882474 >> [v2:172.21.15.96:6800/3275369520,v1:172.21.15.96:6801/3275369520] conn(0x7f9210038780 0x7f921003ac40 unknown :-1 s=START_CONNECT pgs=0 cs=0 l=1 rev1=0 crypto rx=0 tx=0 comp rx=0 tx=0)._fault waiting 0.200000
2024-04-22T15:09:25.674 INFO:teuthology.orchestra.run.smithi096.stdout:/usr/bin/ceph: stderr
2024-04-22T15:09:19.732+0000 7f9225d9b700 1 -- 172.21.15.96:0/2325882474 >> [v2:172.21.15.96:6800/3275369520,v1:172.21.15.96:6801/3275369520] conn(0x7f9210038780 msgr2=0x7f921003ac40 unknown :-1 s=STATE_CONNECTING_RE l=1).process reconnect failed to v2:172.21.15.96:6800/3275369520
2024-04-22T15:09:25.674 INFO:teuthology.orchestra.run.smithi096.stdout:/usr/bin/ceph: stderr
2024-04-22T15:09:19.732+0000 7f9225d9b700 1 --2- 172.21.15.96:0/2325882474 >> [v2:172.21.15.96:6800/3275369520,v1:172.21.15.96:6801/3275369520] conn(0x7f9210038780 0x7f921003ac40 unknown :-1 s=START_CONNECT pgs=0 cs=0 l=1 rev1=0 crypto rx=0 tx=0 comp rx=0 tx=0)._fault waiting 0.400000
2024-04-22T15:09:25.674 INFO:teuthology.orchestra.run.smithi096.stdout:/usr/bin/ceph: stderr
2024-04-22T15:09:20.133+0000 7f9225d9b700 1 -- 172.21.15.96:0/2325882474 >> [v2:172.21.15.96:6800/3275369520,v1:172.21.15.96:6801/3275369520] conn(0x7f9210038780 msgr2=0x7f921003ac40 unknown :-1 s=STATE_CONNECTING_RE l=1).process reconnect failed to v2:172.21.15.96:6800/3275369520
2024-04-22T15:09:25.674 INFO:teuthology.orchestra.run.smithi096.stdout:/usr/bin/ceph: stderr
2024-04-22T15:09:20.133+0000 7f9225d9b700 1 --2- 172.21.15.96:0/2325882474 >> [v2:172.21.15.96:6800/3275369520,v1:172.21.15.96:6801/3275369520] conn(0x7f9210038780 0x7f921003ac40 unknown :-1 s=START_CONNECT pgs=0 cs=0 l=1 rev1=0 crypto rx=0 tx=0 comp rx=0 tx=0)._fault waiting 0.800000
2024-04-22T15:09:25.674 INFO:teuthology.orchestra.run.smithi096.stdout:/usr/bin/ceph: stderr
2024-04-22T15:09:20.934+0000 7f9225d9b700 1 -- 172.21.15.96:0/2325882474 >> [v2:172.21.15.96:6800/3275369520,v1:172.21.15.96:6801/3275369520] conn(0x7f9210038780 msgr2=0x7f921003ac40 unknown :-1 s=STATE_CONNECTING_RE l=1).process reconnect failed to v2:172.21.15.96:6800/3275369520
2024-04-22T15:09:25.674 INFO:teuthology.orchestra.run.smithi096.stdout:/usr/bin/ceph: stderr
2024-04-22T15:09:20.934+0000 7f9225d9b700 1 --2- 172.21.15.96:0/2325882474 >> [v2:172.21.15.96:6800/3275369520,v1:172.21.15.96:6801/3275369520] conn(0x7f9210038780 0x7f921003ac40 unknown :-1 s=START_CONNECT pgs=0 cs=0 l=1 rev1=0 crypto rx=0 tx=0 comp rx=0 tx=0)._fault waiting 1.600000
2024-04-22T15:09:25.674 INFO:teuthology.orchestra.run.smithi096.stdout:/usr/bin/ceph: stderr
2024-04-22T15:09:22.535+0000 7f9225d9b700 1 -- 172.21.15.96:0/2325882474 >> [v2:172.21.15.96:6800/3275369520,v1:172.21.15.96:6801/3275369520] conn(0x7f9210038780 msgr2=0x7f921003ac40 unknown :-1 s=STATE_CONNECTING_RE l=1).process reconnect failed to v2:172.21.15.96:6800/3275369520
2024-04-22T15:09:25.674 INFO:teuthology.orchestra.run.smithi096.stdout:/usr/bin/ceph: stderr
2024-04-22T15:09:22.535+0000 7f9225d9b700 1 --2- 172.21.15.96:0/2325882474 >> [v2:172.21.15.96:6800/3275369520,v1:172.21.15.96:6801/3275369520] conn(0x7f9210038780 0x7f921003ac40 unknown :-1 s=START_CONNECT pgs=0 cs=0 l=1 rev1=0 crypto rx=0 tx=0 comp rx=0 tx=0)._fault waiting 3.200000
2024-04-22T15:09:25.674 INFO:teuthology.orchestra.run.smithi096.stdout:/usr/bin/ceph: stderr
2024-04-22T15:09:23.921+0000 7f92177fe700 1 -- 172.21.15.96:0/2325882474 <== mon.0 v2:172.21.15.96:3300/0 6 ==== mgrmap(e 10) v1 ==== 45336+0+0 (secure 0 0 0) 0x7f921c02c910 con 0x7f92281048e0
2024-04-22T15:09:25.674 INFO:teuthology.orchestra.run.smithi096.stdout:/usr/bin/ceph: stderr
2024-04-22T15:09:23.922+0000 7f92177fe700 1 -- 172.21.15.96:0/2325882474 >> [v2:172.21.15.96:6800/3275369520,v1:172.21.15.96:6801/3275369520] conn(0x7f9210038780 msgr2=0x7f921003ac40 unknown :-1 s=STATE_CONNECTING l=1).mark_down
2024-04-22T15:09:25.674 INFO:teuthology.orchestra.run.smithi096.stdout:/usr/bin/ceph: stderr
2024-04-22T15:09:23.922+0000 7f92177fe700 1 --2- 172.21.15.96:0/2325882474 >> [v2:172.21.15.96:6800/3275369520,v1:172.21.15.96:6801/3275369520] conn(0x7f9210038780 0x7f921003ac40 unknown :-1 s=START_CONNECT pgs=0 cs=0 l=1 rev1=0 crypto rx=0 tx=0 comp rx=0 tx=0).stop
2024-04-22T15:09:25.674 INFO:teuthology.orchestra.run.smithi096.stdout:/usr/bin/ceph: stderr
2024-04-22T15:09:24.923+0000 7f92177fe700 1 -- 172.21.15.96:0/2325882474 <== mon.0 v2:172.21.15.96:3300/0 7 ==== mgrmap(e 11) v1 ==== 45463+0+0 (secure 0 0 0) 0x7f921c00bcc0 con 0x7f92281048e0
2024-04-22T15:09:25.674 INFO:teuthology.orchestra.run.smithi096.stdout:/usr/bin/ceph: stderr
2024-04-22T15:09:24.923+0000 7f92177fe700 1 --2- 172.21.15.96:0/2325882474 >> [v2:172.21.15.96:6800/976363826,v1:172.21.15.96:6801/976363826] conn(0x7f921003bff0 0x7f921003e3e0 unknown :-1 s=NONE pgs=0 cs=0 l=1 rev1=0 crypto rx=0 tx=0 comp rx=0 tx=0).connect
2024-04-22T15:09:25.675 INFO:teuthology.orchestra.run.smithi096.stdout:/usr/bin/ceph: stderr
2024-04-22T15:09:24.923+0000 7f92177fe700 1 -- 172.21.15.96:0/2325882474 --> [v2:172.21.15.96:6800/976363826,v1:172.21.15.96:6801/976363826] -- command(tid 0: {"prefix": "get_command_descriptions"}) v1 -- 0x7f921003e920 con 0x7f921003bff0
2024-04-22T15:09:25.675 INFO:teuthology.orchestra.run.smithi096.stdout:/usr/bin/ceph: stderr
2024-04-22T15:09:24.923+0000 7f9225d9b700 1 --2- 172.21.15.96:0/2325882474 >> [v2:172.21.15.96:6800/976363826,v1:172.21.15.96:6801/976363826] conn(0x7f921003bff0 0x7f921003e3e0 unknown :-1 s=BANNER_CONNECTING pgs=0 cs=0 l=1 rev1=0 crypto rx=0 tx=0 comp rx=0 tx=0)._handle_peer_banner_payload supported=3 required=0
2024-04-22T15:09:25.675 INFO:teuthology.orchestra.run.smithi096.stdout:/usr/bin/ceph: stderr
2024-04-22T15:09:24.924+0000 7f9225d9b700 1 --2- 172.21.15.96:0/2325882474 >> [v2:172.21.15.96:6800/976363826,v1:172.21.15.96:6801/976363826] conn(0x7f921003bff0 0x7f921003e3e0 secure :-1 s=READY pgs=2 cs=0 l=1 rev1=1 crypto rx=0x7f9218003a10 tx=0x7f9218009270 comp rx=0 tx=0).ready entity=mgr.14164 client_cookie=0 server_cookie=0 in_seq=0 out_seq=0
2024-04-22T15:09:25.675 INFO:teuthology.orchestra.run.smithi096.stdout:/usr/bin/ceph: stderr
2024-04-22T15:09:24.924+0000 7f92177fe700 1 -- 172.21.15.96:0/2325882474 <== mgr.14164 v2:172.21.15.96:6800/976363826 1 ==== command_reply(tid 0: 0 ) v1 ==== 8+0+6910 (secure 0 0 0) 0x7f921003e920 con 0x7f921003bff0
2024-04-22T15:09:25.675 INFO:teuthology.orchestra.run.smithi096.stdout:/usr/bin/ceph: stderr
2024-04-22T15:09:24.931+0000 7f922ccb6700 1 -- 172.21.15.96:0/2325882474 --> [v2:172.21.15.96:6800/976363826,v1:172.21.15.96:6801/976363826] -- command(tid 1: {"prefix": "mgr_status"}) v1 -- 0x7f9228062510 con 0x7f921003bff0
2024-04-22T15:09:25.675 INFO:teuthology.orchestra.run.smithi096.stdout:/usr/bin/ceph: stderr
2024-04-22T15:09:24.931+0000 7f92177fe700 1 -- 172.21.15.96:0/2325882474 <== mgr.14164 v2:172.21.15.96:6800/976363826 2 ==== command_reply(tid 1: 0 ) v1 ==== 8+0+52 (secure 0 0 0) 0x7f9228062510 con 0x7f921003bff0
2024-04-22T15:09:25.675 INFO:teuthology.orchestra.run.smithi096.stdout:/usr/bin/ceph: stderr
2024-04-22T15:09:24.931+0000 7f922ccb6700 1 -- 172.21.15.96:0/2325882474 >> [v2:172.21.15.96:6800/976363826,v1:172.21.15.96:6801/976363826] conn(0x7f921003bff0 msgr2=0x7f921003e3e0 secure :-1 s=STATE_CONNECTION_ESTABLISHED l=1).mark_down
2024-04-22T15:09:25.675 INFO:teuthology.orchestra.run.smithi096.stdout:/usr/bin/ceph: stderr
2024-04-22T15:09:24.931+0000 7f922ccb6700 1 --2- 172.21.15.96:0/2325882474 >> [v2:172.21.15.96:6800/976363826,v1:172.21.15.96:6801/976363826] conn(0x7f921003bff0 0x7f921003e3e0 secure :-1 s=READY pgs=2 cs=0 l=1 rev1=1 crypto rx=0x7f9218003a10 tx=0x7f9218009270 comp rx=0 tx=0).stop
2024-04-22T15:09:25.675 INFO:teuthology.orchestra.run.smithi096.stdout:/usr/bin/ceph: stderr
2024-04-22T15:09:24.931+0000 7f922ccb6700 1 -- 172.21.15.96:0/2325882474 >> [v2:172.21.15.96:3300/0,v1:172.21.15.96:6789/0] conn(0x7f92281048e0 msgr2=0x7f92281070a0 secure :-1 s=STATE_CONNECTION_ESTABLISHED l=1).mark_down
2024-04-22T15:09:25.675 INFO:teuthology.orchestra.run.smithi096.stdout:/usr/bin/ceph: stderr
2024-04-22T15:09:24.931+0000 7f922ccb6700 1 --2- 172.21.15.96:0/2325882474 >> [v2:172.21.15.96:3300/0,v1:172.21.15.96:6789/0] conn(0x7f92281048e0 0x7f92281070a0 secure :-1 s=READY pgs=74 cs=0 l=1 rev1=1 crypto rx=0x7f921c009fb0 tx=0x7f921c011890 comp rx=0 tx=0).stop
2024-04-22T15:09:25.675 INFO:teuthology.orchestra.run.smithi096.stdout:/usr/bin/ceph: stderr
2024-04-22T15:09:24.931+0000 7f922ccb6700 1 -- 172.21.15.96:0/2325882474 shutdown_connections
2024-04-22T15:09:25.675 INFO:teuthology.orchestra.run.smithi096.stdout:/usr/bin/ceph: stderr
2024-04-22T15:09:24.931+0000 7f922ccb6700 1 --2- 172.21.15.96:0/2325882474 >> [v2:172.21.15.96:6800/976363826,v1:172.21.15.96:6801/976363826] conn(0x7f921003bff0 0x7f921003e3e0 unknown :-1 s=CLOSED pgs=2 cs=0 l=1 rev1=1 crypto rx=0 tx=0 comp rx=0 tx=0).stop
2024-04-22T15:09:25.675 INFO:teuthology.orchestra.run.smithi096.stdout:/usr/bin/ceph: stderr
2024-04-22T15:09:24.931+0000 7f922ccb6700 1 --2- 172.21.15.96:0/2325882474 >> [v2:172.21.15.96:3300/0,v1:172.21.15.96:6789/0] conn(0x7f92281048e0 0x7f92281070a0 unknown :-1 s=CLOSED pgs=74 cs=0 l=1 rev1=1 crypto rx=0 tx=0 comp rx=0 tx=0).stop
2024-04-22T15:09:25.675 INFO:teuthology.orchestra.run.smithi096.stdout:/usr/bin/ceph: stderr
2024-04-22T15:09:24.931+0000 7f922ccb6700 1 --2- 172.21.15.96:0/2325882474 >> [v2:172.21.15.96:6800/3275369520,v1:172.21.15.96:6801/3275369520] conn(0x7f9210038780 0x7f921003ac40 unknown :-1 s=CLOSED pgs=0 cs=0 l=1 rev1=0 crypto rx=0 tx=0 comp rx=0 tx=0).stop
2024-04-22T15:09:25.676 INFO:teuthology.orchestra.run.smithi096.stdout:/usr/bin/ceph: stderr
2024-04-22T15:09:24.931+0000 7f922ccb6700 1 -- 172.21.15.96:0/2325882474 >> 172.21.15.96:0/2325882474 conn(0x7f9228100270 msgr2=0x7f9228100e50 unknown :-1 s=STATE_NONE l=0).mark_down
2024-04-22T15:09:25.676 INFO:teuthology.orchestra.run.smithi096.stdout:/usr/bin/ceph: stderr
2024-04-22T15:09:24.931+0000 7f922ccb6700 1 -- 172.21.15.96:0/2325882474 shutdown_connections
2024-04-22T15:09:25.676 INFO:teuthology.orchestra.run.smithi096.stdout:/usr/bin/ceph: stderr
2024-04-22T15:09:24.931+0000 7f922ccb6700 1 -- 172.21.15.96:0/2325882474 wait complete.
2024-04-22T15:09:25.676 INFO:teuthology.orchestra.run.smithi096.stdout:mgr epoch 9 is available
2024-04-22T15:09:25.676 INFO:teuthology.orchestra.run.smithi096.stdout:Generating a dashboard self-signed certificate...
2024-04-22T15:09:26.172 INFO:journalctl@ceph.mon.smithi096.smithi096.stdout:Apr 22 15:09:25 smithi096 ceph-mon[26688]: mgrmap e11: smithi096.hhkvum(active, since 1.00578s)
2024-04-22T15:09:26.172 INFO:journalctl@ceph.mon.smithi096.smithi096.stdout:Apr 22 15:09:25 smithi096 ceph-mon[26688]: [22/Apr/2024:15:09:24] ENGINE Bus STARTING
2024-04-22T15:09:26.172 INFO:journalctl@ceph.mon.smithi096.smithi096.stdout:Apr 22 15:09:25 smithi096 ceph-mon[26688]: [22/Apr/2024:15:09:25] ENGINE Serving on http://172.21.15.96:8765
2024-04-22T15:09:26.172 INFO:journalctl@ceph.mon.smithi096.smithi096.stdout:Apr 22 15:09:25 smithi096 ceph-mon[26688]: from='mgr.14164 172.21.15.96:0/2457013581' entity='mgr.smithi096.hhkvum'
2024-04-22T15:09:27.236 INFO:journalctl@ceph.mon.smithi096.smithi096.stdout:Apr 22 15:09:26 smithi096 ceph-mon[26688]: [22/Apr/2024:15:09:25] ENGINE Serving on https://172.21.15.96:7150
2024-04-22T15:09:27.237 INFO:journalctl@ceph.mon.smithi096.smithi096.stdout:Apr 22 15:09:26 smithi096 ceph-mon[26688]: [22/Apr/2024:15:09:25] ENGINE Bus STARTED
2024-04-22T15:09:27.237 INFO:journalctl@ceph.mon.smithi096.smithi096.stdout:Apr 22 15:09:26 smithi096 ceph-mon[26688]: mgrmap e12: smithi096.hhkvum(active, since 2s)
2024-04-22T15:09:27.237 INFO:journalctl@ceph.mon.smithi096.smithi096.stdout:Apr 22 15:09:26 smithi096 ceph-mon[26688]: from='mgr.14164 172.21.15.96:0/2457013581' entity='mgr.smithi096.hhkvum'
2024-04-22T15:09:27.237 INFO:journalctl@ceph.mon.smithi096.smithi096.stdout:Apr 22 15:09:26 smithi096 ceph-mon[26688]: from='mgr.14164 172.21.15.96:0/2457013581' entity='mgr.smithi096.hhkvum'
2024-04-22T15:09:27.237 INFO:journalctl@ceph.mon.smithi096.smithi096.stdout:Apr 22 15:09:26 smithi096 ceph-mon[26688]: from='mgr.14164 172.21.15.96:0/2457013581' entity='mgr.smithi096.hhkvum'
2024-04-22T15:09:27.280 INFO:teuthology.orchestra.run.smithi096.stdout:/usr/bin/ceph: stdout Self-signed certificate created
2024-04-22T15:09:27.280 INFO:teuthology.orchestra.run.smithi096.stdout:/usr/bin/ceph: stderr
2024-04-22T15:09:26.270+0000 7f9c3488a700 1 Processor -- start
2024-04-22T15:09:27.280 INFO:teuthology.orchestra.run.smithi096.stdout:/usr/bin/ceph: stderr
2024-04-22T15:09:26.270+0000 7f9c3488a700 1 -- start start
2024-04-22T15:09:27.280 INFO:teuthology.orchestra.run.smithi096.stdout:/usr/bin/ceph: stderr
2024-04-22T15:09:26.270+0000 7f9c3488a700 1 --2- >> [v2:172.21.15.96:3300/0,v1:172.21.15.96:6789/0] conn(0x7f9c30106a70 0x7f9c30106e90 unknown :-1 s=NONE pgs=0 cs=0 l=0 rev1=0 crypto rx=0 tx=0 comp rx=0 tx=0).connect
2024-04-22T15:09:27.280 INFO:teuthology.orchestra.run.smithi096.stdout:/usr/bin/ceph: stderr
2024-04-22T15:09:26.270+0000 7f9c3488a700 1 -- --> [v2:172.21.15.96:3300/0,v1:172.21.15.96:6789/0] -- mon_getmap magic: 0 v1 -- 0x7f9c30107460 con 0x7f9c30106a70
