2024-04-22T15:11:58.668+0000 7fca10468700 1 --2- 172.21.15.42:0/3592855838 >> [v2:172.21.15.42:3300/0,v1:172.21.15.42:6789/0] conn(0x7fca08076b40 0x7fca08111640 secure :-1 s=READY pgs=44 cs=0 l=1 rev1=1 crypto rx=0x7fca04006b00 tx=0x7fca04009250 comp rx=0 tx=0).stop
2024-04-22T15:11:59.218 INFO:teuthology.orchestra.run.smithi042.stdout:/usr/bin/ceph: stderr
2024-04-22T15:11:58.668+0000 7fca10468700 1 -- 172.21.15.42:0/3592855838 shutdown_connections
2024-04-22T15:11:59.218 INFO:teuthology.orchestra.run.smithi042.stdout:/usr/bin/ceph: stderr
2024-04-22T15:11:58.668+0000 7fca10468700 1 --2- 172.21.15.42:0/3592855838 >> [v2:172.21.15.42:6800/4275329651,v1:172.21.15.42:6801/4275329651] conn(0x7fc9f40367e0 0x7fc9f4038c90 unknown :-1 s=CLOSED pgs=10 cs=0 l=1 rev1=1 crypto rx=0 tx=0 comp rx=0 tx=0).stop
2024-04-22T15:11:59.218 INFO:teuthology.orchestra.run.smithi042.stdout:/usr/bin/ceph: stderr
2024-04-22T15:11:58.668+0000 7fca10468700 1 --2- 172.21.15.42:0/3592855838 >> [v2:172.21.15.42:3300/0,v1:172.21.15.42:6789/0] conn(0x7fca08076b40 0x7fca08111640 unknown :-1 s=CLOSED pgs=44 cs=0 l=1 rev1=1 crypto rx=0 tx=0 comp rx=0 tx=0).stop
2024-04-22T15:11:59.218 INFO:teuthology.orchestra.run.smithi042.stdout:/usr/bin/ceph: stderr
2024-04-22T15:11:58.668+0000 7fca10468700 1 -- 172.21.15.42:0/3592855838 >> 172.21.15.42:0/3592855838 conn(0x7fca080fcf10 msgr2=0x7fca080fdb00 unknown :-1 s=STATE_NONE l=0).mark_down
2024-04-22T15:11:59.218 INFO:teuthology.orchestra.run.smithi042.stdout:/usr/bin/ceph: stderr
2024-04-22T15:11:58.668+0000 7fca10468700 1 -- 172.21.15.42:0/3592855838 shutdown_connections
2024-04-22T15:11:59.218 INFO:teuthology.orchestra.run.smithi042.stdout:/usr/bin/ceph: stderr
2024-04-22T15:11:58.668+0000 7fca10468700 1 -- 172.21.15.42:0/3592855838 wait complete.
2024-04-22T15:11:59.219 INFO:teuthology.orchestra.run.smithi042.stdout:Wrote public SSH key to /home/ubuntu/cephtest/ceph.pub
2024-04-22T15:11:59.219 INFO:teuthology.orchestra.run.smithi042.stdout:Adding key to root@localhost authorized_keys...
2024-04-22T15:11:59.219 INFO:teuthology.orchestra.run.smithi042.stdout:Adding host smithi042...
2024-04-22T15:11:59.591 INFO:journalctl@ceph.mon.smithi042.smithi042.stdout:Apr 22 15:11:59 smithi042 ceph-mon[26683]: from='client.14138 -' entity='client.admin' cmd=[{"prefix": "cephadm get-pub-key", "target": ["mon-mgr", ""]}]: dispatch
2024-04-22T15:12:00.976 INFO:journalctl@ceph.mon.smithi042.smithi042.stdout:Apr 22 15:12:00 smithi042 ceph-mon[26683]: from='client.14140 -' entity='client.admin' cmd=[{"prefix": "orch host add", "hostname": "smithi042", "addr": "172.21.15.42", "target": ["mon-mgr", ""]}]: dispatch
2024-04-22T15:12:00.976 INFO:journalctl@ceph.mon.smithi042.smithi042.stdout:Apr 22 15:12:00 smithi042 ceph-mon[26683]: Deploying cephadm binary to smithi042
2024-04-22T15:12:02.472 INFO:teuthology.orchestra.run.smithi042.stdout:/usr/bin/ceph: stdout Added host 'smithi042' with addr '172.21.15.42'
2024-04-22T15:12:02.472 INFO:teuthology.orchestra.run.smithi042.stdout:/usr/bin/ceph: stderr
2024-04-22T15:11:59.625+0000 7f24940b2700 1 Processor -- start
2024-04-22T15:12:02.472 INFO:teuthology.orchestra.run.smithi042.stdout:/usr/bin/ceph: stderr
2024-04-22T15:11:59.625+0000 7f24940b2700 1 -- start start
2024-04-22T15:12:02.473 INFO:teuthology.orchestra.run.smithi042.stdout:/usr/bin/ceph: stderr
2024-04-22T15:11:59.625+0000 7f24940b2700 1 --2- >> [v2:172.21.15.42:3300/0,v1:172.21.15.42:6789/0] conn(0x7f248c104c00 0x7f248c105010 unknown :-1 s=NONE pgs=0 cs=0 l=0 rev1=0 crypto rx=0 tx=0 comp rx=0 tx=0).connect
2024-04-22T15:12:02.473 INFO:teuthology.orchestra.run.smithi042.stdout:/usr/bin/ceph: stderr
2024-04-22T15:11:59.625+0000 7f24940b2700 1 -- --> [v2:172.21.15.42:3300/0,v1:172.21.15.42:6789/0] -- mon_getmap magic: 0 v1 -- 0x7f248c1055e0 con 0x7f248c104c00
2024-04-22T15:12:02.473 INFO:teuthology.orchestra.run.smithi042.stdout:/usr/bin/ceph: stderr
2024-04-22T15:11:59.625+0000 7f2491e4e700 1 --2- >> [v2:172.21.15.42:3300/0,v1:172.21.15.42:6789/0] conn(0x7f248c104c00 0x7f248c105010 unknown :-1 s=BANNER_CONNECTING pgs=0 cs=0 l=0 rev1=0 crypto rx=0 tx=0 comp rx=0 tx=0)._handle_peer_banner_payload supported=3 required=0
2024-04-22T15:12:02.473 INFO:teuthology.orchestra.run.smithi042.stdout:/usr/bin/ceph: stderr
2024-04-22T15:11:59.626+0000 7f2491e4e700 1 --2- >> [v2:172.21.15.42:3300/0,v1:172.21.15.42:6789/0] conn(0x7f248c104c00 0x7f248c105010 unknown :-1 s=HELLO_CONNECTING pgs=0 cs=0 l=0 rev1=1 crypto rx=0 tx=0 comp rx=0 tx=0).handle_hello peer v2:172.21.15.42:3300/0 says I am v2:172.21.15.42:40350/0 (socket says 172.21.15.42:40350)
2024-04-22T15:12:02.473 INFO:teuthology.orchestra.run.smithi042.stdout:/usr/bin/ceph: stderr
2024-04-22T15:11:59.626+0000 7f2491e4e700 1 -- 172.21.15.42:0/903574899 learned_addr learned my addr 172.21.15.42:0/903574899 (peer_addr_for_me v2:172.21.15.42:0/0)
2024-04-22T15:12:02.473 INFO:teuthology.orchestra.run.smithi042.stdout:/usr/bin/ceph: stderr
2024-04-22T15:11:59.626+0000 7f2491e4e700 1 -- 172.21.15.42:0/903574899 --> [v2:172.21.15.42:3300/0,v1:172.21.15.42:6789/0] -- mon_subscribe({config=0+,monmap=0+}) v3 -- 0x7f248c105720 con 0x7f248c104c00
2024-04-22T15:12:02.473 INFO:teuthology.orchestra.run.smithi042.stdout:/usr/bin/ceph: stderr
2024-04-22T15:11:59.626+0000 7f2491e4e700 1 --2- 172.21.15.42:0/903574899 >> [v2:172.21.15.42:3300/0,v1:172.21.15.42:6789/0] conn(0x7f248c104c00 0x7f248c105010 secure :-1 s=READY pgs=45 cs=0 l=1 rev1=1 crypto rx=0x7f24880098e0 tx=0x7f2488009250 comp rx=0 tx=0).ready entity=mon.0 client_cookie=adc568cfbfb539ea server_cookie=0 in_seq=0 out_seq=0
2024-04-22T15:12:02.473 INFO:teuthology.orchestra.run.smithi042.stdout:/usr/bin/ceph: stderr
2024-04-22T15:11:59.626+0000 7f2490e4c700 1 -- 172.21.15.42:0/903574899 <== mon.0 v2:172.21.15.42:3300/0 1 ==== mon_map magic: 0 v1 ==== 229+0+0 (secure 0 0 0) 0x7f248800b860 con 0x7f248c104c00
2024-04-22T15:12:02.473 INFO:teuthology.orchestra.run.smithi042.stdout:/usr/bin/ceph: stderr
2024-04-22T15:11:59.626+0000 7f2490e4c700 1 -- 172.21.15.42:0/903574899 <== mon.0 v2:172.21.15.42:3300/0 2 ==== config(27 keys) v1 ==== 1044+0+0 (secure 0 0 0) 0x7f248800be50 con 0x7f248c104c00
2024-04-22T15:12:02.473 INFO:teuthology.orchestra.run.smithi042.stdout:/usr/bin/ceph: stderr
2024-04-22T15:11:59.626+0000 7f2490e4c700 1 -- 172.21.15.42:0/903574899 <== mon.0 v2:172.21.15.42:3300/0 3 ==== mon_map magic: 0 v1 ==== 229+0+0 (secure 0 0 0) 0x7f2488010380 con 0x7f248c104c00
2024-04-22T15:12:02.473 INFO:teuthology.orchestra.run.smithi042.stdout:/usr/bin/ceph: stderr
2024-04-22T15:11:59.627+0000 7f24940b2700 1 -- 172.21.15.42:0/903574899 >> [v2:172.21.15.42:3300/0,v1:172.21.15.42:6789/0] conn(0x7f248c104c00 msgr2=0x7f248c105010 secure :-1 s=STATE_CONNECTION_ESTABLISHED l=1).mark_down
2024-04-22T15:12:02.473 INFO:teuthology.orchestra.run.smithi042.stdout:/usr/bin/ceph: stderr
2024-04-22T15:11:59.627+0000 7f24940b2700 1 --2- 172.21.15.42:0/903574899 >> [v2:172.21.15.42:3300/0,v1:172.21.15.42:6789/0] conn(0x7f248c104c00 0x7f248c105010 secure :-1 s=READY pgs=45 cs=0 l=1 rev1=1 crypto rx=0x7f24880098e0 tx=0x7f2488009250 comp rx=0 tx=0).stop
2024-04-22T15:12:02.473 INFO:teuthology.orchestra.run.smithi042.stdout:/usr/bin/ceph: stderr
2024-04-22T15:11:59.627+0000 7f24940b2700 1 -- 172.21.15.42:0/903574899 shutdown_connections
2024-04-22T15:12:02.473 INFO:teuthology.orchestra.run.smithi042.stdout:/usr/bin/ceph: stderr
2024-04-22T15:11:59.627+0000 7f24940b2700 1 --2- 172.21.15.42:0/903574899 >> [v2:172.21.15.42:3300/0,v1:172.21.15.42:6789/0] conn(0x7f248c104c00 0x7f248c105010 unknown :-1 s=CLOSED pgs=45 cs=0 l=1 rev1=1 crypto rx=0 tx=0 comp rx=0 tx=0).stop
2024-04-22T15:12:02.474 INFO:teuthology.orchestra.run.smithi042.stdout:/usr/bin/ceph: stderr
2024-04-22T15:11:59.627+0000 7f24940b2700 1 -- 172.21.15.42:0/903574899 >> 172.21.15.42:0/903574899 conn(0x7f248c078330 msgr2=0x7f248c078730 unknown :-1 s=STATE_NONE l=0).mark_down
2024-04-22T15:12:02.474 INFO:teuthology.orchestra.run.smithi042.stdout:/usr/bin/ceph: stderr
2024-04-22T15:11:59.627+0000 7f24940b2700 1 -- 172.21.15.42:0/903574899 shutdown_connections
2024-04-22T15:12:02.474 INFO:teuthology.orchestra.run.smithi042.stdout:/usr/bin/ceph: stderr
2024-04-22T15:11:59.627+0000 7f24940b2700 1 -- 172.21.15.42:0/903574899 wait complete.
2024-04-22T15:12:02.474 INFO:teuthology.orchestra.run.smithi042.stdout:/usr/bin/ceph: stderr
2024-04-22T15:11:59.627+0000 7f24940b2700 1 Processor -- start
2024-04-22T15:12:02.474 INFO:teuthology.orchestra.run.smithi042.stdout:/usr/bin/ceph: stderr
2024-04-22T15:11:59.628+0000 7f24940b2700 1 -- start start
2024-04-22T15:12:02.474 INFO:teuthology.orchestra.run.smithi042.stdout:/usr/bin/ceph: stderr
2024-04-22T15:11:59.628+0000 7f24940b2700 1 --2- >> [v2:172.21.15.42:3300/0,v1:172.21.15.42:6789/0] conn(0x7f248c104c00 0x7f248c1138f0 unknown :-1 s=NONE pgs=0 cs=0 l=1 rev1=0 crypto rx=0 tx=0 comp rx=0 tx=0).connect
2024-04-22T15:12:02.474 INFO:teuthology.orchestra.run.smithi042.stdout:/usr/bin/ceph: stderr
2024-04-22T15:11:59.628+0000 7f24940b2700 1 -- --> [v2:172.21.15.42:3300/0,v1:172.21.15.42:6789/0] -- mon_getmap magic: 0 v1 -- 0x7f248c113e30 con 0x7f248c104c00
2024-04-22T15:12:02.474 INFO:teuthology.orchestra.run.smithi042.stdout:/usr/bin/ceph: stderr
2024-04-22T15:11:59.628+0000 7f2491e4e700 1 --2- >> [v2:172.21.15.42:3300/0,v1:172.21.15.42:6789/0] conn(0x7f248c104c00 0x7f248c1138f0 unknown :-1 s=BANNER_CONNECTING pgs=0 cs=0 l=1 rev1=0 crypto rx=0 tx=0 comp rx=0 tx=0)._handle_peer_banner_payload supported=3 required=0
2024-04-22T15:12:02.474 INFO:teuthology.orchestra.run.smithi042.stdout:/usr/bin/ceph: stderr
2024-04-22T15:11:59.628+0000 7f2491e4e700 1 --2- >> [v2:172.21.15.42:3300/0,v1:172.21.15.42:6789/0] conn(0x7f248c104c00 0x7f248c1138f0 unknown :-1 s=HELLO_CONNECTING pgs=0 cs=0 l=1 rev1=1 crypto rx=0 tx=0 comp rx=0 tx=0).handle_hello peer v2:172.21.15.42:3300/0 says I am v2:172.21.15.42:40358/0 (socket says 172.21.15.42:40358)
2024-04-22T15:12:02.474 INFO:teuthology.orchestra.run.smithi042.stdout:/usr/bin/ceph: stderr
2024-04-22T15:11:59.628+0000 7f2491e4e700 1 -- 172.21.15.42:0/2378907439 learned_addr learned my addr 172.21.15.42:0/2378907439 (peer_addr_for_me v2:172.21.15.42:0/0)
2024-04-22T15:12:02.474 INFO:teuthology.orchestra.run.smithi042.stdout:/usr/bin/ceph: stderr
2024-04-22T15:11:59.628+0000 7f2491e4e700 1 -- 172.21.15.42:0/2378907439 --> [v2:172.21.15.42:3300/0,v1:172.21.15.42:6789/0] -- mon_subscribe({config=0+,monmap=0+}) v3 -- 0x7f24880094f0 con 0x7f248c104c00
2024-04-22T15:12:02.475 INFO:teuthology.orchestra.run.smithi042.stdout:/usr/bin/ceph: stderr
2024-04-22T15:11:59.628+0000 7f2491e4e700 1 --2- 172.21.15.42:0/2378907439 >> [v2:172.21.15.42:3300/0,v1:172.21.15.42:6789/0] conn(0x7f248c104c00 0x7f248c1138f0 secure :-1 s=READY pgs=46 cs=0 l=1 rev1=1 crypto rx=0x7f24880090b0 tx=0x7f2488009250 comp rx=0 tx=0).ready entity=mon.0 client_cookie=0 server_cookie=0 in_seq=0 out_seq=0
2024-04-22T15:12:02.475 INFO:teuthology.orchestra.run.smithi042.stdout:/usr/bin/ceph: stderr
2024-04-22T15:11:59.628+0000 7f24827fc700 1 -- 172.21.15.42:0/2378907439 <== mon.0 v2:172.21.15.42:3300/0 1 ==== mon_map magic: 0 v1 ==== 229+0+0 (secure 0 0 0) 0x7f2488010760 con 0x7f248c104c00
2024-04-22T15:12:02.475 INFO:teuthology.orchestra.run.smithi042.stdout:/usr/bin/ceph: stderr
2024-04-22T15:11:59.628+0000 7f24827fc700 1 -- 172.21.15.42:0/2378907439 <== mon.0 v2:172.21.15.42:3300/0 2 ==== config(27 keys) v1 ==== 1044+0+0 (secure 0 0 0) 0x7f2488010d50 con 0x7f248c104c00
2024-04-22T15:12:02.475 INFO:teuthology.orchestra.run.smithi042.stdout:/usr/bin/ceph: stderr
2024-04-22T15:11:59.628+0000 7f24940b2700 1 -- 172.21.15.42:0/2378907439 --> [v2:172.21.15.42:3300/0,v1:172.21.15.42:6789/0] -- mon_subscribe({mgrmap=0+}) v3 -- 0x7f248c114030 con 0x7f248c104c00
2024-04-22T15:12:02.475 INFO:teuthology.orchestra.run.smithi042.stdout:/usr/bin/ceph: stderr
2024-04-22T15:11:59.628+0000 7f24827fc700 1 -- 172.21.15.42:0/2378907439 <== mon.0 v2:172.21.15.42:3300/0 3 ==== mon_map magic: 0 v1 ==== 229+0+0 (secure 0 0 0) 0x7f248801ace0 con 0x7f248c104c00
2024-04-22T15:12:02.475 INFO:teuthology.orchestra.run.smithi042.stdout:/usr/bin/ceph: stderr
2024-04-22T15:11:59.629+0000 7f24940b2700 1 -- 172.21.15.42:0/2378907439 --> [v2:172.21.15.42:3300/0,v1:172.21.15.42:6789/0] -- mon_subscribe({osdmap=0}) v3 -- 0x7f248c114ba0 con 0x7f248c104c00
2024-04-22T15:12:02.475 INFO:teuthology.orchestra.run.smithi042.stdout:/usr/bin/ceph: stderr
2024-04-22T15:11:59.629+0000 7f24827fc700 1 -- 172.21.15.42:0/2378907439 <== mon.0 v2:172.21.15.42:3300/0 4 ==== mgrmap(e 8) v1 ==== 43376+0+0 (secure 0 0 0) 0x7f24880108c0 con 0x7f248c104c00
2024-04-22T15:12:02.475 INFO:teuthology.orchestra.run.smithi042.stdout:/usr/bin/ceph: stderr
2024-04-22T15:11:59.630+0000 7f24940b2700 1 -- 172.21.15.42:0/2378907439 --> [v2:172.21.15.42:3300/0,v1:172.21.15.42:6789/0] -- mon_command({"prefix": "get_command_descriptions"} v 0) v1 -- 0x7f248c05f5f0 con 0x7f248c104c00
2024-04-22T15:12:02.475 INFO:teuthology.orchestra.run.smithi042.stdout:/usr/bin/ceph: stderr
2024-04-22T15:11:59.630+0000 7f24827fc700 1 --2- 172.21.15.42:0/2378907439 >> [v2:172.21.15.42:6800/4275329651,v1:172.21.15.42:6801/4275329651] conn(0x7f2478036790 0x7f2478038c40 unknown :-1 s=NONE pgs=0 cs=0 l=1 rev1=0 crypto rx=0 tx=0 comp rx=0 tx=0).connect
2024-04-22T15:12:02.475 INFO:teuthology.orchestra.run.smithi042.stdout:/usr/bin/ceph: stderr
2024-04-22T15:11:59.630+0000 7f24827fc700 1 -- 172.21.15.42:0/2378907439 <== mon.0 v2:172.21.15.42:3300/0 5 ==== osd_map(2..2 src has 1..2) v4 ==== 936+0+0 (secure 0 0 0) 0x7f248804a210 con 0x7f248c104c00
2024-04-22T15:12:02.475 INFO:teuthology.orchestra.run.smithi042.stdout:/usr/bin/ceph: stderr
2024-04-22T15:11:59.630+0000 7f249164d700 1 --2- 172.21.15.42:0/2378907439 >> [v2:172.21.15.42:6800/4275329651,v1:172.21.15.42:6801/4275329651] conn(0x7f2478036790 0x7f2478038c40 unknown :-1 s=BANNER_CONNECTING pgs=0 cs=0 l=1 rev1=0 crypto rx=0 tx=0 comp rx=0 tx=0)._handle_peer_banner_payload supported=3 required=0
2024-04-22T15:12:02.475 INFO:teuthology.orchestra.run.smithi042.stdout:/usr/bin/ceph: stderr
2024-04-22T15:11:59.630+0000 7f249164d700 1 --2- 172.21.15.42:0/2378907439 >> [v2:172.21.15.42:6800/4275329651,v1:172.21.15.42:6801/4275329651] conn(0x7f2478036790 0x7f2478038c40 secure :-1 s=READY pgs=11 cs=0 l=1 rev1=1 crypto rx=0x7f247c009990 tx=0x7f247c006e40 comp rx=0 tx=0).ready entity=mgr.14120 client_cookie=0 server_cookie=0 in_seq=0 out_seq=0
2024-04-22T15:12:02.475 INFO:teuthology.orchestra.run.smithi042.stdout:/usr/bin/ceph: stderr
2024-04-22T15:11:59.634+0000 7f24827fc700 1 -- 172.21.15.42:0/2378907439 <== mon.0 v2:172.21.15.42:3300/0 6 ==== mon_command_ack([{"prefix": "get_command_descriptions"}]=0 v0) v1 ==== 72+0+176702 (secure 0 0 0) 0x7f248802b940 con 0x7f248c104c00
2024-04-22T15:12:02.476 INFO:teuthology.orchestra.run.smithi042.stdout:/usr/bin/ceph: stderr
2024-04-22T15:11:59.833+0000 7f24940b2700 1 -- 172.21.15.42:0/2378907439 --> [v2:172.21.15.42:6800/4275329651,v1:172.21.15.42:6801/4275329651] -- mgr_command(tid 0: {"prefix": "orch host add", "hostname": "smithi042", "addr": "172.21.15.42", "target": ["mon-mgr", ""]}) v1 -- 0x7f248c102d10 con 0x7f2478036790
2024-04-22T15:12:02.476 INFO:teuthology.orchestra.run.smithi042.stdout:/usr/bin/ceph: stderr
2024-04-22T15:12:01.712+0000 7f24827fc700 1 -- 172.21.15.42:0/2378907439 <== mgr.14120 v2:172.21.15.42:6800/4275329651 1 ==== mgr_command_reply(tid 0: 0 ) v1 ==== 8+0+48 (secure 0 0 0) 0x7f248c102d10 con 0x7f2478036790
2024-04-22T15:12:02.476 INFO:teuthology.orchestra.run.smithi042.stdout:/usr/bin/ceph: stderr
2024-04-22T15:12:01.715+0000 7f24940b2700 1 -- 172.21.15.42:0/2378907439 >> [v2:172.21.15.42:6800/4275329651,v1:172.21.15.42:6801/4275329651] conn(0x7f2478036790 msgr2=0x7f2478038c40 secure :-1 s=STATE_CONNECTION_ESTABLISHED l=1).mark_down
2024-04-22T15:12:02.476 INFO:teuthology.orchestra.run.smithi042.stdout:/usr/bin/ceph: stderr
2024-04-22T15:12:01.715+0000 7f24940b2700 1 --2- 172.21.15.42:0/2378907439 >> [v2:172.21.15.42:6800/4275329651,v1:172.21.15.42:6801/4275329651] conn(0x7f2478036790 0x7f2478038c40 secure :-1 s=READY pgs=11 cs=0 l=1 rev1=1 crypto rx=0x7f247c009990 tx=0x7f247c006e40 comp rx=0 tx=0).stop
2024-04-22T15:12:02.476 INFO:teuthology.orchestra.run.smithi042.stdout:/usr/bin/ceph: stderr
2024-04-22T15:12:01.715+0000 7f24940b2700 1 -- 172.21.15.42:0/2378907439 >> [v2:172.21.15.42:3300/0,v1:172.21.15.42:6789/0] conn(0x7f248c104c00 msgr2=0x7f248c1138f0 secure :-1 s=STATE_CONNECTION_ESTABLISHED l=1).mark_down
2024-04-22T15:12:02.476 INFO:teuthology.orchestra.run.smithi042.stdout:/usr/bin/ceph: stderr
2024-04-22T15:12:01.715+0000 7f24940b2700 1 --2- 172.21.15.42:0/2378907439 >> [v2:172.21.15.42:3300/0,v1:172.21.15.42:6789/0] conn(0x7f248c104c00 0x7f248c1138f0 secure :-1 s=READY pgs=46 cs=0 l=1 rev1=1 crypto rx=0x7f24880090b0 tx=0x7f2488009250 comp rx=0 tx=0).stop
2024-04-22T15:12:02.476 INFO:teuthology.orchestra.run.smithi042.stdout:/usr/bin/ceph: stderr
2024-04-22T15:12:01.715+0000 7f24940b2700 1 -- 172.21.15.42:0/2378907439 shutdown_connections
2024-04-22T15:12:02.476 INFO:teuthology.orchestra.run.smithi042.stdout:/usr/bin/ceph: stderr
2024-04-22T15:12:01.715+0000 7f24940b2700 1 --2- 172.21.15.42:0/2378907439 >> [v2:172.21.15.42:6800/4275329651,v1:172.21.15.42:6801/4275329651] conn(0x7f2478036790 0x7f2478038c40 unknown :-1 s=CLOSED pgs=11 cs=0 l=1 rev1=1 crypto rx=0 tx=0 comp rx=0 tx=0).stop
2024-04-22T15:12:02.476 INFO:teuthology.orchestra.run.smithi042.stdout:/usr/bin/ceph: stderr
2024-04-22T15:12:01.715+0000 7f24940b2700 1 --2- 172.21.15.42:0/2378907439 >> [v2:172.21.15.42:3300/0,v1:172.21.15.42:6789/0] conn(0x7f248c104c00 0x7f248c1138f0 unknown :-1 s=CLOSED pgs=46 cs=0 l=1 rev1=1 crypto rx=0 tx=0 comp rx=0 tx=0).stop
2024-04-22T15:12:02.476 INFO:teuthology.orchestra.run.smithi042.stdout:/usr/bin/ceph: stderr
2024-04-22T15:12:01.715+0000 7f24940b2700 1 -- 172.21.15.42:0/2378907439 >> 172.21.15.42:0/2378907439 conn(0x7f248c078330 msgr2=0x7f248c102540 unknown :-1 s=STATE_NONE l=0).mark_down
2024-04-22T15:12:02.476 INFO:teuthology.orchestra.run.smithi042.stdout:/usr/bin/ceph: stderr
2024-04-22T15:12:01.716+0000 7f24940b2700 1 -- 172.21.15.42:0/2378907439 shutdown_connections
2024-04-22T15:12:02.476 INFO:teuthology.orchestra.run.smithi042.stdout:/usr/bin/ceph: stderr
2024-04-22T15:12:01.716+0000 7f24940b2700 1 -- 172.21.15.42:0/2378907439 wait complete.
2024-04-22T15:12:02.476 INFO:teuthology.orchestra.run.smithi042.stdout:Deploying mon service with default placement...
2024-04-22T15:12:02.891 INFO:journalctl@ceph.mon.smithi042.smithi042.stdout:Apr 22 15:12:02 smithi042 ceph-mon[26683]: from='mgr.14120 172.21.15.42:0/3424333408' entity='mgr.smithi042.hyoxtb'
2024-04-22T15:12:02.891 INFO:journalctl@ceph.mon.smithi042.smithi042.stdout:Apr 22 15:12:02 smithi042 ceph-mon[26683]: Added host smithi042
2024-04-22T15:12:02.891 INFO:journalctl@ceph.mon.smithi042.smithi042.stdout:Apr 22 15:12:02 smithi042 ceph-mon[26683]: from='mgr.14120 172.21.15.42:0/3424333408' entity='mgr.smithi042.hyoxtb' cmd=[{"prefix": "config dump", "format": "json"}]: dispatch
2024-04-22T15:12:04.008 INFO:teuthology.orchestra.run.smithi042.stdout:/usr/bin/ceph: stdout Scheduled mon update...
2024-04-22T15:12:04.114 INFO:teuthology.orchestra.run.smithi042.stdout:/usr/bin/ceph: stderr
2024-04-22T15:12:02.917+0000 7f2047573700 1 Processor -- start
2024-04-22T15:12:04.114 INFO:teuthology.orchestra.run.smithi042.stdout:/usr/bin/ceph: stderr
2024-04-22T15:12:02.918+0000 7f2047573700 1 -- start start
2024-04-22T15:12:04.114 INFO:teuthology.orchestra.run.smithi042.stdout:/usr/bin/ceph: stderr
2024-04-22T15:12:02.918+0000 7f2047573700 1 --2- >> [v2:172.21.15.42:3300/0,v1:172.21.15.42:6789/0] conn(0x7f2040078bd0 0x7f2040077260 unknown :-1 s=NONE pgs=0 cs=0 l=0 rev1=0 crypto rx=0 tx=0 comp rx=0 tx=0).connect
2024-04-22T15:12:04.114 INFO:teuthology.orchestra.run.smithi042.stdout:/usr/bin/ceph: stderr
2024-04-22T15:12:02.918+0000 7f2047573700 1 -- --> [v2:172.21.15.42:3300/0,v1:172.21.15.42:6789/0] -- mon_getmap magic: 0 v1 -- 0x7f2040078fe0 con 0x7f2040078bd0
2024-04-22T15:12:04.114 INFO:teuthology.orchestra.run.smithi042.stdout:/usr/bin/ceph: stderr
2024-04-22T15:12:02.918+0000 7f204530f700 1 --2- >> [v2:172.21.15.42:3300/0,v1:172.21.15.42:6789/0] conn(0x7f2040078bd0 0x7f2040077260 unknown :-1 s=BANNER_CONNECTING pgs=0 cs=0 l=0 rev1=0 crypto rx=0 tx=0 comp rx=0 tx=0)._handle_peer_banner_payload supported=3 required=0
2024-04-22T15:12:04.115 INFO:teuthology.orchestra.run.smithi042.stdout:/usr/bin/ceph: stderr
2024-04-22T15:12:02.918+0000 7f204530f700 1 --2- >> [v2:172.21.15.42:3300/0,v1:172.21.15.42:6789/0] conn(0x7f2040078bd0 0x7f2040077260 unknown :-1 s=HELLO_CONNECTING pgs=0 cs=0 l=0 rev1=1 crypto rx=0 tx=0 comp rx=0 tx=0).handle_hello peer v2:172.21.15.42:3300/0 says I am v2:172.21.15.42:40372/0 (socket says 172.21.15.42:40372)
2024-04-22T15:12:04.115 INFO:teuthology.orchestra.run.smithi042.stdout:/usr/bin/ceph: stderr
2024-04-22T15:12:02.918+0000 7f204530f700 1 -- 172.21.15.42:0/323954490 learned_addr learned my addr 172.21.15.42:0/323954490 (peer_addr_for_me v2:172.21.15.42:0/0)
2024-04-22T15:12:04.115 INFO:teuthology.orchestra.run.smithi042.stdout:/usr/bin/ceph: stderr
2024-04-22T15:12:02.918+0000 7f204530f700 1 -- 172.21.15.42:0/323954490 --> [v2:172.21.15.42:3300/0,v1:172.21.15.42:6789/0] -- mon_subscribe({config=0+,monmap=0+}) v3 -- 0x7f2040079120 con 0x7f2040078bd0
2024-04-22T15:12:04.115 INFO:teuthology.orchestra.run.smithi042.stdout:/usr/bin/ceph: stderr
2024-04-22T15:12:02.919+0000 7f204530f700 1 --2- 172.21.15.42:0/323954490 >> [v2:172.21.15.42:3300/0,v1:172.21.15.42:6789/0] conn(0x7f2040078bd0 0x7f2040077260 secure :-1 s=READY pgs=47 cs=0 l=1 rev1=1 crypto rx=0x7f203c0098e0 tx=0x7f203c009250 comp rx=0 tx=0).ready entity=mon.0 client_cookie=d9602c228c65d8ef server_cookie=0 in_seq=0 out_seq=0
2024-04-22T15:12:04.115 INFO:teuthology.orchestra.run.smithi042.stdout:/usr/bin/ceph: stderr
2024-04-22T15:12:02.919+0000 7f2037fff700 1 -- 172.21.15.42:0/323954490 <== mon.0 v2:172.21.15.42:3300/0 1 ==== mon_map magic: 0 v1 ==== 229+0+0 (secure 0 0 0) 0x7f203c00b8f0 con 0x7f2040078bd0
2024-04-22T15:12:04.115 INFO:teuthology.orchestra.run.smithi042.stdout:/usr/bin/ceph: stderr
2024-04-22T15:12:02.919+0000 7f2037fff700 1 -- 172.21.15.42:0/323954490 <== mon.0 v2:172.21.15.42:3300/0 2 ==== config(27 keys) v1 ==== 1044+0+0 (secure 0 0 0) 0x7f203c011420 con 0x7f2040078bd0
2024-04-22T15:12:04.115 INFO:teuthology.orchestra.run.smithi042.stdout:/usr/bin/ceph: stderr
2024-04-22T15:12:02.919+0000 7f2037fff700 1 -- 172.21.15.42:0/323954490 <== mon.0 v2:172.21.15.42:3300/0 3 ==== mon_map magic: 0 v1 ==== 229+0+0 (secure 0 0 0) 0x7f203c010540 con 0x7f2040078bd0
2024-04-22T15:12:04.115 INFO:teuthology.orchestra.run.smithi042.stdout:/usr/bin/ceph: stderr
2024-04-22T15:12:02.920+0000 7f2047573700 1 -- 172.21.15.42:0/323954490 >> [v2:172.21.15.42:3300/0,v1:172.21.15.42:6789/0] conn(0x7f2040078bd0 msgr2=0x7f2040077260 secure :-1 s=STATE_CONNECTION_ESTABLISHED l=1).mark_down
2024-04-22T15:12:04.115 INFO:teuthology.orchestra.run.smithi042.stdout:/usr/bin/ceph: stderr
2024-04-22T15:12:02.920+0000 7f2047573700 1 --2- 172.21.15.42:0/323954490 >> [v2:172.21.15.42:3300/0,v1:172.21.15.42:6789/0] conn(0x7f2040078bd0 0x7f2040077260 secure :-1 s=READY pgs=47 cs=0 l=1 rev1=1 crypto rx=0x7f203c0098e0 tx=0x7f203c009250 comp rx=0 tx=0).stop
2024-04-22T15:12:04.115 INFO:teuthology.orchestra.run.smithi042.stdout:/usr/bin/ceph: stderr
2024-04-22T15:12:02.920+0000 7f2047573700 1 -- 172.21.15.42:0/323954490 shutdown_connections
2024-04-22T15:12:04.115 INFO:teuthology.orchestra.run.smithi042.stdout:/usr/bin/ceph: stderr
2024-04-22T15:12:02.920+0000 7f2047573700 1 --2- 172.21.15.42:0/323954490 >> [v2:172.21.15.42:3300/0,v1:172.21.15.42:6789/0] conn(0x7f2040078bd0 0x7f2040077260 unknown :-1 s=CLOSED pgs=47 cs=0 l=1 rev1=1 crypto rx=0 tx=0 comp rx=0 tx=0).stop
2024-04-22T15:12:04.115 INFO:teuthology.orchestra.run.smithi042.stdout:/usr/bin/ceph: stderr
2024-04-22T15:12:02.920+0000 7f2047573700 1 -- 172.21.15.42:0/323954490 >> 172.21.15.42:0/323954490 conn(0x7f20400fe140 msgr2=0x7f2040100550 unknown :-1 s=STATE_NONE l=0).mark_down
2024-04-22T15:12:04.115 INFO:teuthology.orchestra.run.smithi042.stdout:/usr/bin/ceph: stderr
2024-04-22T15:12:02.920+0000 7f2047573700 1 -- 172.21.15.42:0/323954490 shutdown_connections
2024-04-22T15:12:04.116 INFO:teuthology.orchestra.run.smithi042.stdout:/usr/bin/ceph: stderr
2024-04-22T15:12:02.920+0000 7f2047573700 1 -- 172.21.15.42:0/323954490 wait complete.
2024-04-22T15:12:04.116 INFO:teuthology.orchestra.run.smithi042.stdout:/usr/bin/ceph: stderr
2024-04-22T15:12:02.921+0000 7f2047573700 1 Processor -- start
2024-04-22T15:12:04.116 INFO:teuthology.orchestra.run.smithi042.stdout:/usr/bin/ceph: stderr
2024-04-22T15:12:02.921+0000 7f2047573700 1 -- start start
2024-04-22T15:12:04.116 INFO:teuthology.orchestra.run.smithi042.stdout:/usr/bin/ceph: stderr
2024-04-22T15:12:02.921+0000 7f2047573700 1 --2- >> [v2:172.21.15.42:3300/0,v1:172.21.15.42:6789/0] conn(0x7f2040078bd0 0x7f2040113980 unknown :-1 s=NONE pgs=0 cs=0 l=1 rev1=0 crypto rx=0 tx=0 comp rx=0 tx=0).connect
2024-04-22T15:12:04.116 INFO:teuthology.orchestra.run.smithi042.stdout:/usr/bin/ceph: stderr
2024-04-22T15:12:02.921+0000 7f2047573700 1 -- --> [v2:172.21.15.42:3300/0,v1:172.21.15.42:6789/0] -- mon_getmap magic: 0 v1 -- 0x7f2040113ec0 con 0x7f2040078bd0
2024-04-22T15:12:04.116 INFO:teuthology.orchestra.run.smithi042.stdout:/usr/bin/ceph: stderr
2024-04-22T15:12:02.921+0000 7f204530f700 1 --2- >> [v2:172.21.15.42:3300/0,v1:172.21.15.42:6789/0] conn(0x7f2040078bd0 0x7f2040113980 unknown :-1 s=BANNER_CONNECTING pgs=0 cs=0 l=1 rev1=0 crypto rx=0 tx=0 comp rx=0 tx=0)._handle_peer_banner_payload supported=3 required=0
2024-04-22T15:12:04.116 INFO:teuthology.orchestra.run.smithi042.stdout:/usr/bin/ceph: stderr
2024-04-22T15:12:02.921+0000 7f204530f700 1 --2- >> [v2:172.21.15.42:3300/0,v1:172.21.15.42:6789/0] conn(0x7f2040078bd0 0x7f2040113980 unknown :-1 s=HELLO_CONNECTING pgs=0 cs=0 l=1 rev1=1 crypto rx=0 tx=0 comp rx=0 tx=0).handle_hello peer v2:172.21.15.42:3300/0 says I am v2:172.21.15.42:40384/0 (socket says 172.21.15.42:40384)
2024-04-22T15:12:04.116 INFO:teuthology.orchestra.run.smithi042.stdout:/usr/bin/ceph: stderr
2024-04-22T15:12:02.921+0000 7f204530f700 1 -- 172.21.15.42:0/2179590804 learned_addr learned my addr 172.21.15.42:0/2179590804 (peer_addr_for_me v2:172.21.15.42:0/0)
2024-04-22T15:12:04.116 INFO:teuthology.orchestra.run.smithi042.stdout:/usr/bin/ceph: stderr
2024-04-22T15:12:02.921+0000 7f204530f700 1 -- 172.21.15.42:0/2179590804 --> [v2:172.21.15.42:3300/0,v1:172.21.15.42:6789/0] -- mon_subscribe({config=0+,monmap=0+}) v3 -- 0x7f203c0094f0 con 0x7f2040078bd0
2024-04-22T15:12:04.116 INFO:teuthology.orchestra.run.smithi042.stdout:/usr/bin/ceph: stderr
2024-04-22T15:12:02.921+0000 7f204530f700 1 --2- 172.21.15.42:0/2179590804 >> [v2:172.21.15.42:3300/0,v1:172.21.15.42:6789/0] conn(0x7f2040078bd0 0x7f2040113980 secure :-1 s=READY pgs=48 cs=0 l=1 rev1=1 crypto rx=0x7f203c000c00 tx=0x7f203c009250 comp rx=0 tx=0).ready entity=mon.0 client_cookie=0 server_cookie=0 in_seq=0 out_seq=0
2024-04-22T15:12:04.116 INFO:teuthology.orchestra.run.smithi042.stdout:/usr/bin/ceph: stderr
2024-04-22T15:12:02.921+0000 7f2035ffb700 1 -- 172.21.15.42:0/2179590804 <== mon.0 v2:172.21.15.42:3300/0 1 ==== mon_map magic: 0 v1 ==== 229+0+0 (secure 0 0 0) 0x7f203c0107b0 con 0x7f2040078bd0
2024-04-22T15:12:04.116 INFO:teuthology.orchestra.run.smithi042.stdout:/usr/bin/ceph: stderr
2024-04-22T15:12:02.922+0000 7f2047573700 1 -- 172.21.15.42:0/2179590804 --> [v2:172.21.15.42:3300/0,v1:172.21.15.42:6789/0] -- mon_subscribe({mgrmap=0+}) v3 -- 0x7f20401140c0 con 0x7f2040078bd0
2024-04-22T15:12:04.116 INFO:teuthology.orchestra.run.smithi042.stdout:/usr/bin/ceph: stderr
2024-04-22T15:12:02.922+0000 7f2035ffb700 1 -- 172.21.15.42:0/2179590804 <== mon.0 v2:172.21.15.42:3300/0 2 ==== config(27 keys) v1 ==== 1044+0+0 (secure 0 0 0) 0x7f203c010da0 con 0x7f2040078bd0
2024-04-22T15:12:04.116 INFO:teuthology.orchestra.run.smithi042.stdout:/usr/bin/ceph: stderr
2024-04-22T15:12:02.922+0000 7f2035ffb700 1 -- 172.21.15.42:0/2179590804 <== mon.0 v2:172.21.15.42:3300/0 3 ==== mon_map magic: 0 v1 ==== 229+0+0 (secure 0 0 0) 0x7f203c01add0 con 0x7f2040078bd0
2024-04-22T15:12:04.117 INFO:teuthology.orchestra.run.smithi042.stdout:/usr/bin/ceph: stderr
2024-04-22T15:12:02.922+0000 7f2047573700 1 -- 172.21.15.42:0/2179590804 --> [v2:172.21.15.42:3300/0,v1:172.21.15.42:6789/0] -- mon_subscribe({osdmap=0}) v3 -- 0x7f2040114c30 con 0x7f2040078bd0
2024-04-22T15:12:04.117 INFO:teuthology.orchestra.run.smithi042.stdout:/usr/bin/ceph: stderr
2024-04-22T15:12:02.923+0000 7f2035ffb700 1 -- 172.21.15.42:0/2179590804 <== mon.0 v2:172.21.15.42:3300/0 4 ==== mgrmap(e 8) v1 ==== 43376+0+0 (secure 0 0 0) 0x7f203c024480 con 0x7f2040078bd0
2024-04-22T15:12:04.117 INFO:teuthology.orchestra.run.smithi042.stdout:/usr/bin/ceph: stderr
2024-04-22T15:12:02.923+0000 7f2035ffb700 1 --2- 172.21.15.42:0/2179590804 >> [v2:172.21.15.42:6800/4275329651,v1:172.21.15.42:6801/4275329651] conn(0x7f202c036790 0x7f202c038c40 unknown :-1 s=NONE pgs=0 cs=0 l=1 rev1=0 crypto rx=0 tx=0 comp rx=0 tx=0).connect
2024-04-22T15:12:04.117 INFO:teuthology.orchestra.run.smithi042.stdout:/usr/bin/ceph: stderr
2024-04-22T15:12:02.923+0000 7f2035ffb700 1 -- 172.21.15.42:0/2179590804 <== mon.0 v2:172.21.15.42:3300/0 5 ==== osd_map(2..2 src has 1..2) v4 ==== 936+0+0 (secure 0 0 0) 0x7f203c04bb60 con 0x7f2040078bd0
2024-04-22T15:12:04.117 INFO:teuthology.orchestra.run.smithi042.stdout:/usr/bin/ceph: stderr
2024-04-22T15:12:02.923+0000 7f2044b0e700 1 --2- 172.21.15.42:0/2179590804 >> [v2:172.21.15.42:6800/4275329651,v1:172.21.15.42:6801/4275329651] conn(0x7f202c036790 0x7f202c038c40 unknown :-1 s=BANNER_CONNECTING pgs=0 cs=0 l=1 rev1=0 crypto rx=0 tx=0 comp rx=0 tx=0)._handle_peer_banner_payload supported=3 required=0
2024-04-22T15:12:04.117 INFO:teuthology.orchestra.run.smithi042.stdout:/usr/bin/ceph: stderr
2024-04-22T15:12:02.923+0000 7f2047573700 1 -- 172.21.15.42:0/2179590804 --> [v2:172.21.15.42:3300/0,v1:172.21.15.42:6789/0] -- mon_command({"prefix": "get_command_descriptions"} v 0) v1 -- 0x7f204005f5f0 con 0x7f2040078bd0
2024-04-22T15:12:04.117 INFO:teuthology.orchestra.run.smithi042.stdout:/usr/bin/ceph: stderr
2024-04-22T15:12:02.923+0000 7f2044b0e700 1 --2- 172.21.15.42:0/2179590804 >> [v2:172.21.15.42:6800/4275329651,v1:172.21.15.42:6801/4275329651] conn(0x7f202c036790 0x7f202c038c40 secure :-1 s=READY pgs=12 cs=0 l=1 rev1=1 crypto rx=0x7f2030009990 tx=0x7f2030006e40 comp rx=0 tx=0).ready entity=mgr.14120 client_cookie=0 server_cookie=0 in_seq=0 out_seq=0
2024-04-22T15:12:04.117 INFO:teuthology.orchestra.run.smithi042.stdout:/usr/bin/ceph: stderr
2024-04-22T15:12:02.932+0000 7f2035ffb700 1 -- 172.21.15.42:0/2179590804 <== mon.0 v2:172.21.15.42:3300/0 6 ==== mon_command_ack([{"prefix": "get_command_descriptions"}]=0 v0) v1 ==== 72+0+176702 (secure 0 0 0) 0x7f203c02e440 con 0x7f2040078bd0
2024-04-22T15:12:04.117 INFO:teuthology.orchestra.run.smithi042.stdout:/usr/bin/ceph: stderr
2024-04-22T15:12:03.141+0000 7f2047573700 1 -- 172.21.15.42:0/2179590804 --> [v2:172.21.15.42:6800/4275329651,v1:172.21.15.42:6801/4275329651] -- mgr_command(tid 0: {"prefix": "orch apply", "service_type": "mon", "target": ["mon-mgr", ""]}) v1 -- 0x7f20400ff570 con 0x7f202c036790
2024-04-22T15:12:04.117 INFO:teuthology.orchestra.run.smithi042.stdout:/usr/bin/ceph: stderr
2024-04-22T15:12:03.146+0000 7f2035ffb700 1 -- 172.21.15.42:0/2179590804 <== mgr.14120 v2:172.21.15.42:6800/4275329651 1 ==== mgr_command_reply(tid 0: 0 ) v1 ==== 8+0+24 (secure 0 0 0) 0x7f20400ff570 con 0x7f202c036790
2024-04-22T15:12:04.117 INFO:teuthology.orchestra.run.smithi042.stdout:/usr/bin/ceph: stderr
2024-04-22T15:12:03.148+0000 7f2047573700 1 -- 172.21.15.42:0/2179590804 >> [v2:172.21.15.42:6800/4275329651,v1:172.21.15.42:6801/4275329651] conn(0x7f202c036790 msgr2=0x7f202c038c40 secure :-1 s=STATE_CONNECTION_ESTABLISHED l=1).mark_down
2024-04-22T15:12:04.117 INFO:teuthology.orchestra.run.smithi042.stdout:/usr/bin/ceph: stderr
2024-04-22T15:12:03.148+0000 7f2047573700 1 --2- 172.21.15.42:0/2179590804 >> [v2:172.21.15.42:6800/4275329651,v1:172.21.15.42:6801/4275329651] conn(0x7f202c036790 0x7f202c038c40 secure :-1 s=READY pgs=12 cs=0 l=1 rev1=1 crypto rx=0x7f2030009990 tx=0x7f2030006e40 comp rx=0 tx=0).stop
2024-04-22T15:12:04.117 INFO:teuthology.orchestra.run.smithi042.stdout:/usr/bin/ceph: stderr
2024-04-22T15:12:03.148+0000 7f2047573700 1 -- 172.21.15.42:0/2179590804 >> [v2:172.21.15.42:3300/0,v1:172.21.15.42:6789/0] conn(0x7f2040078bd0 msgr2=0x7f2040113980 secure :-1 s=STATE_CONNECTION_ESTABLISHED l=1).mark_down
2024-04-22T15:12:04.118 INFO:teuthology.orchestra.run.smithi042.stdout:/usr/bin/ceph: stderr
2024-04-22T15:12:03.148+0000 7f2047573700 1 --2- 172.21.15.42:0/2179590804 >> [v2:172.21.15.42:3300/0,v1:172.21.15.42:6789/0] conn(0x7f2040078bd0 0x7f2040113980 secure :-1 s=READY pgs=48 cs=0 l=1 rev1=1 crypto rx=0x7f203c000c00 tx=0x7f203c009250 comp rx=0 tx=0).stop
2024-04-22T15:12:04.118 INFO:teuthology.orchestra.run.smithi042.stdout:/usr/bin/ceph: stderr
2024-04-22T15:12:03.148+0000 7f2047573700 1 -- 172.21.15.42:0/2179590804 shutdown_connections
2024-04-22T15:12:04.118 INFO:teuthology.orchestra.run.smithi042.stdout:/usr/bin/ceph: stderr
2024-04-22T15:12:03.148+0000 7f2047573700 1 --2- 172.21.15.42:0/2179590804 >> [v2:172.21.15.42:6800/4275329651,v1:172.21.15.42:6801/4275329651] conn(0x7f202c036790 0x7f202c038c40 unknown :-1 s=CLOSED pgs=12 cs=0 l=1 rev1=1 crypto rx=0 tx=0 comp rx=0 tx=0).stop
2024-04-22T15:12:04.118 INFO:teuthology.orchestra.run.smithi042.stdout:/usr/bin/ceph: stderr
2024-04-22T15:12:03.148+0000 7f2047573700 1 --2- 172.21.15.42:0/2179590804 >> [v2:172.21.15.42:3300/0,v1:172.21.15.42:6789/0] conn(0x7f2040078bd0 0x7f2040113980 unknown :-1 s=CLOSED pgs=48 cs=0 l=1 rev1=1 crypto rx=0 tx=0 comp rx=0 tx=0).stop
2024-04-22T15:12:04.118 INFO:teuthology.orchestra.run.smithi042.stdout:/usr/bin/ceph: stderr
2024-04-22T15:12:03.148+0000 7f2047573700 1 -- 172.21.15.42:0/2179590804 >> 172.21.15.42:0/2179590804 conn(0x7f20400fe140 msgr2=0x7f20400feda0 unknown :-1 s=STATE_NONE l=0).mark_down
2024-04-22T15:12:04.118 INFO:teuthology.orchestra.run.smithi042.stdout:/usr/bin/ceph: stderr
2024-04-22T15:12:03.148+0000 7f2047573700 1 -- 172.21.15.42:0/2179590804 shutdown_connections
2024-04-22T15:12:04.118 INFO:teuthology.orchestra.run.smithi042.stdout:/usr/bin/ceph: stderr
2024-04-22T15:12:03.148+0000 7f2047573700 1 -- 172.21.15.42:0/2179590804 wait complete.
2024-04-22T15:12:04.118 INFO:teuthology.orchestra.run.smithi042.stdout:Deploying mgr service with default placement...
2024-04-22T15:12:04.259 INFO:journalctl@ceph.mon.smithi042.smithi042.stdout:Apr 22 15:12:04 smithi042 ceph-mon[26683]: from='client.14142 -' entity='client.admin' cmd=[{"prefix": "orch apply", "service_type": "mon", "target": ["mon-mgr", ""]}]: dispatch
2024-04-22T15:12:04.259 INFO:journalctl@ceph.mon.smithi042.smithi042.stdout:Apr 22 15:12:04 smithi042 ceph-mon[26683]: Saving service mon spec with placement count:5
2024-04-22T15:12:04.259 INFO:journalctl@ceph.mon.smithi042.smithi042.stdout:Apr 22 15:12:04 smithi042 ceph-mon[26683]: from='mgr.14120 172.21.15.42:0/3424333408' entity='mgr.smithi042.hyoxtb'
2024-04-22T15:12:05.919 INFO:journalctl@ceph.mon.smithi042.smithi042.stdout:Apr 22 15:12:05 smithi042 ceph-mon[26683]: from='client.14144 -' entity='client.admin' cmd=[{"prefix": "orch apply", "service_type": "mgr", "target": ["mon-mgr", ""]}]: dispatch
2024-04-22T15:12:05.919 INFO:journalctl@ceph.mon.smithi042.smithi042.stdout:Apr 22 15:12:05 smithi042 ceph-mon[26683]: Saving service mgr spec with placement count:2
2024-04-22T15:12:05.919 INFO:journalctl@ceph.mon.smithi042.smithi042.stdout:Apr 22 15:12:05 smithi042 ceph-mon[26683]: from='mgr.14120 172.21.15.42:0/3424333408' entity='mgr.smithi042.hyoxtb'
2024-04-22T15:12:05.919 INFO:journalctl@ceph.mon.smithi042.smithi042.stdout:Apr 22 15:12:05 smithi042 ceph-mon[26683]: from='mgr.14120 172.21.15.42:0/3424333408' entity='mgr.smithi042.hyoxtb'
2024-04-22T15:12:05.927 INFO:teuthology.orchestra.run.smithi042.stdout:/usr/bin/ceph: stdout Scheduled mgr update...
2024-04-22T15:12:05.927 INFO:teuthology.orchestra.run.smithi042.stdout:/usr/bin/ceph: stderr
2024-04-22T15:12:04.484+0000 7fc80da47700 1 Processor -- start
2024-04-22T15:12:05.927 INFO:teuthology.orchestra.run.smithi042.stdout:/usr/bin/ceph: stderr
2024-04-22T15:12:04.484+0000 7fc80da47700 1 -- start start
2024-04-22T15:12:05.928 INFO:teuthology.orchestra.run.smithi042.stdout:/usr/bin/ceph: stderr
2024-04-22T15:12:04.484+0000 7fc80da47700 1 --2- >> [v2:172.21.15.42:3300/0,v1:172.21.15.42:6789/0] conn(0x7fc808076b00 0x7fc8081055b0 unknown :-1 s=NONE pgs=0 cs=0 l=0 rev1=0 crypto rx=0 tx=0 comp rx=0 tx=0).connect
2024-04-22T15:12:05.928 INFO:teuthology.orchestra.run.smithi042.stdout:/usr/bin/ceph: stderr
2024-04-22T15:12:04.485+0000 7fc80da47700 1 -- --> [v2:172.21.15.42:3300/0,v1:172.21.15.42:6789/0] -- mon_getmap magic: 0 v1 -- 0x7fc808076f10 con 0x7fc808076b00
2024-04-22T15:12:05.928 INFO:teuthology.orchestra.run.smithi042.stdout:/usr/bin/ceph: stderr
2024-04-22T15:12:04.485+0000 7fc806ffd700 1 --2- >> [v2:172.21.15.42:3300/0,v1:172.21.15.42:6789/0] conn(0x7fc808076b00 0x7fc8081055b0 unknown :-1 s=BANNER_CONNECTING pgs=0 cs=0 l=0 rev1=0 crypto rx=0 tx=0 comp rx=0 tx=0)._handle_peer_banner_payload supported=3 required=0
2024-04-22T15:12:05.928 INFO:teuthology.orchestra.run.smithi042.stdout:/usr/bin/ceph: stderr
2024-04-22T15:12:04.485+0000 7fc806ffd700 1 --2- >> [v2:172.21.15.42:3300/0,v1:172.21.15.42:6789/0] conn(0x7fc808076b00 0x7fc8081055b0 unknown :-1 s=HELLO_CONNECTING pgs=0 cs=0 l=0 rev1=1 crypto rx=0 tx=0 comp rx=0 tx=0).handle_hello peer v2:172.21.15.42:3300/0 says I am v2:172.21.15.42:40386/0 (socket says 172.21.15.42:40386)
2024-04-22T15:12:05.928 INFO:teuthology.orchestra.run.smithi042.stdout:/usr/bin/ceph: stderr
2024-04-22T15:12:04.485+0000 7fc806ffd700 1 -- 172.21.15.42:0/2415053466 learned_addr learned my addr 172.21.15.42:0/2415053466 (peer_addr_for_me v2:172.21.15.42:0/0)
2024-04-22T15:12:05.928 INFO:teuthology.orchestra.run.smithi042.stdout:/usr/bin/ceph: stderr
2024-04-22T15:12:04.485+0000 7fc806ffd700 1 -- 172.21.15.42:0/2415053466 --> [v2:172.21.15.42:3300/0,v1:172.21.15.42:6789/0] -- mon_subscribe({config=0+,monmap=0+}) v3 -- 0x7fc808105af0 con 0x7fc808076b00
2024-04-22T15:12:05.928 INFO:teuthology.orchestra.run.smithi042.stdout:/usr/bin/ceph: stderr
2024-04-22T15:12:04.485+0000 7fc806ffd700 1 --2- 172.21.15.42:0/2415053466 >> [v2:172.21.15.42:3300/0,v1:172.21.15.42:6789/0] conn(0x7fc808076b00 0x7fc8081055b0 secure :-1 s=READY pgs=49 cs=0 l=1 rev1=1 crypto rx=0x7fc7f80098e0 tx=0x7fc7f8009250 comp rx=0 tx=0).ready entity=mon.0 client_cookie=d4e61d244b7184ec server_cookie=0 in_seq=0 out_seq=0
2024-04-22T15:12:05.928 INFO:teuthology.orchestra.run.smithi042.stdout:/usr/bin/ceph: stderr
2024-04-22T15:12:04.485+0000 7fc805ffb700 1 -- 172.21.15.42:0/2415053466 <== mon.0 v2:172.21.15.42:3300/0 1 ==== mon_map magic: 0 v1 ==== 229+0+0 (secure 0 0 0) 0x7fc7f800b8f0 con 0x7fc808076b00
2024-04-22T15:12:05.928 INFO:teuthology.orchestra.run.smithi042.stdout:/usr/bin/ceph: stderr
2024-04-22T15:12:04.486+0000 7fc805ffb700 1 -- 172.21.15.42:0/2415053466 <== mon.0 v2:172.21.15.42:3300/0 2 ==== config(27 keys) v1 ==== 1044+0+0 (secure 0 0 0) 0x7fc7f8011420 con 0x7fc808076b00
2024-04-22T15:12:05.928 INFO:teuthology.orchestra.run.smithi042.stdout:/usr/bin/ceph: stderr
2024-04-22T15:12:04.486+0000 7fc805ffb700 1 -- 172.21.15.42:0/2415053466 <== mon.0 v2:172.21.15.42:3300/0 3 ==== mon_map magic: 0 v1 ==== 229+0+0 (secure 0 0 0) 0x7fc7f8010540 con 0x7fc808076b00
2024-04-22T15:12:05.928 INFO:teuthology.orchestra.run.smithi042.stdout:/usr/bin/ceph: stderr
2024-04-22T15:12:04.486+0000 7fc80da47700 1 -- 172.21.15.42:0/2415053466 >> [v2:172.21.15.42:3300/0,v1:172.21.15.42:6789/0] conn(0x7fc808076b00 msgr2=0x7fc8081055b0 secure :-1 s=STATE_CONNECTION_ESTABLISHED l=1).mark_down
2024-04-22T15:12:05.928 INFO:teuthology.orchestra.run.smithi042.stdout:/usr/bin/ceph: stderr
2024-04-22T15:12:04.486+0000 7fc80da47700 1 --2- 172.21.15.42:0/2415053466 >> [v2:172.21.15.42:3300/0,v1:172.21.15.42:6789/0] conn(0x7fc808076b00 0x7fc8081055b0 secure :-1 s=READY pgs=49 cs=0 l=1 rev1=1 crypto rx=0x7fc7f80098e0 tx=0x7fc7f8009250 comp rx=0 tx=0).stop
2024-04-22T15:12:05.928 INFO:teuthology.orchestra.run.smithi042.stdout:/usr/bin/ceph: stderr
2024-04-22T15:12:04.486+0000 7fc80da47700 1 -- 172.21.15.42:0/2415053466 shutdown_connections
2024-04-22T15:12:05.928 INFO:teuthology.orchestra.run.smithi042.stdout:/usr/bin/ceph: stderr
2024-04-22T15:12:04.486+0000 7fc80da47700 1 --2- 172.21.15.42:0/2415053466 >> [v2:172.21.15.42:3300/0,v1:172.21.15.42:6789/0] conn(0x7fc808076b00 0x7fc8081055b0 unknown :-1 s=CLOSED pgs=49 cs=0 l=1 rev1=1 crypto rx=0 tx=0 comp rx=0 tx=0).stop
2024-04-22T15:12:05.928 INFO:teuthology.orchestra.run.smithi042.stdout:/usr/bin/ceph: stderr
2024-04-22T15:12:04.486+0000 7fc80da47700 1 -- 172.21.15.42:0/2415053466 >> 172.21.15.42:0/2415053466 conn(0x7fc8080fcfe0 msgr2=0x7fc8080ff430 unknown :-1 s=STATE_NONE l=0).mark_down
2024-04-22T15:12:05.929 INFO:teuthology.orchestra.run.smithi042.stdout:/usr/bin/ceph: stderr
2024-04-22T15:12:04.486+0000 7fc80da47700 1 -- 172.21.15.42:0/2415053466 shutdown_connections
2024-04-22T15:12:05.929 INFO:teuthology.orchestra.run.smithi042.stdout:/usr/bin/ceph: stderr
2024-04-22T15:12:04.486+0000 7fc80da47700 1 -- 172.21.15.42:0/2415053466 wait complete.
2024-04-22T15:12:05.929 INFO:teuthology.orchestra.run.smithi042.stdout:/usr/bin/ceph: stderr
2024-04-22T15:12:04.487+0000 7fc80da47700 1 Processor -- start
2024-04-22T15:12:05.929 INFO:teuthology.orchestra.run.smithi042.stdout:/usr/bin/ceph: stderr
2024-04-22T15:12:04.487+0000 7fc80da47700 1 -- start start
2024-04-22T15:12:05.929 INFO:teuthology.orchestra.run.smithi042.stdout:/usr/bin/ceph: stderr
2024-04-22T15:12:04.487+0000 7fc80da47700 1 --2- >> [v2:172.21.15.42:3300/0,v1:172.21.15.42:6789/0] conn(0x7fc808076b00 0x7fc8081117e0 unknown :-1 s=NONE pgs=0 cs=0 l=1 rev1=0 crypto rx=0 tx=0 comp rx=0 tx=0).connect
2024-04-22T15:12:05.929 INFO:teuthology.orchestra.run.smithi042.stdout:/usr/bin/ceph: stderr
2024-04-22T15:12:04.487+0000 7fc80da47700 1 -- --> [v2:172.21.15.42:3300/0,v1:172.21.15.42:6789/0] -- mon_getmap magic: 0 v1 -- 0x7fc808111d20 con 0x7fc808076b00
2024-04-22T15:12:05.929 INFO:teuthology.orchestra.run.smithi042.stdout:/usr/bin/ceph: stderr
2024-04-22T15:12:04.487+0000 7fc806ffd700 1 --2- >> [v2:172.21.15.42:3300/0,v1:172.21.15.42:6789/0] conn(0x7fc808076b00 0x7fc8081117e0 unknown :-1 s=BANNER_CONNECTING pgs=0 cs=0 l=1 rev1=0 crypto rx=0 tx=0 comp rx=0 tx=0)._handle_peer_banner_payload supported=3 required=0
2024-04-22T15:12:05.929 INFO:teuthology.orchestra.run.smithi042.stdout:/usr/bin/ceph: stderr
2024-04-22T15:12:04.487+0000 7fc806ffd700 1 --2- >> [v2:172.21.15.42:3300/0,v1:172.21.15.42:6789/0] conn(0x7fc808076b00 0x7fc8081117e0 unknown :-1 s=HELLO_CONNECTING pgs=0 cs=0 l=1 rev1=1 crypto rx=0 tx=0 comp rx=0 tx=0).handle_hello peer v2:172.21.15.42:3300/0 says I am v2:172.21.15.42:40394/0 (socket says 172.21.15.42:40394)
2024-04-22T15:12:05.929 INFO:teuthology.orchestra.run.smithi042.stdout:/usr/bin/ceph: stderr
2024-04-22T15:12:04.487+0000 7fc806ffd700 1 -- 172.21.15.42:0/3734707079 learned_addr learned my addr 172.21.15.42:0/3734707079 (peer_addr_for_me v2:172.21.15.42:0/0)
2024-04-22T15:12:05.929 INFO:teuthology.orchestra.run.smithi042.stdout:/usr/bin/ceph: stderr
2024-04-22T15:12:04.488+0000 7fc806ffd700 1 -- 172.21.15.42:0/3734707079 --> [v2:172.21.15.42:3300/0,v1:172.21.15.42:6789/0] -- mon_subscribe({config=0+,monmap=0+}) v3 -- 0x7fc7f80094f0 con 0x7fc808076b00
2024-04-22T15:12:05.929 INFO:teuthology.orchestra.run.smithi042.stdout:/usr/bin/ceph: stderr
2024-04-22T15:12:04.488+0000 7fc806ffd700 1 --2- 172.21.15.42:0/3734707079 >> [v2:172.21.15.42:3300/0,v1:172.21.15.42:6789/0] conn(0x7fc808076b00 0x7fc8081117e0 secure :-1 s=READY pgs=50 cs=0 l=1 rev1=1 crypto rx=0x7fc7f80094c0 tx=0x7fc7f8009250 comp rx=0 tx=0).ready entity=mon.0 client_cookie=0 server_cookie=0 in_seq=0 out_seq=0
2024-04-22T15:12:05.929 INFO:teuthology.orchestra.run.smithi042.stdout:/usr/bin/ceph: stderr
2024-04-22T15:12:04.488+0000 7fc7ef7fe700 1 -- 172.21.15.42:0/3734707079 <== mon.0 v2:172.21.15.42:3300/0 1 ==== mon_map magic: 0 v1 ==== 229+0+0 (secure 0 0 0) 0x7fc7f8010800 con 0x7fc808076b00
2024-04-22T15:12:05.929 INFO:teuthology.orchestra.run.smithi042.stdout:/usr/bin/ceph: stderr
2024-04-22T15:12:04.488+0000 7fc80da47700 1 -- 172.21.15.42:0/3734707079 --> [v2:172.21.15.42:3300/0,v1:172.21.15.42:6789/0] -- mon_subscribe({mgrmap=0+}) v3 -- 0x7fc808111f20 con 0x7fc808076b00
2024-04-22T15:12:05.929 INFO:teuthology.orchestra.run.smithi042.stdout:/usr/bin/ceph: stderr
2024-04-22T15:12:04.488+0000 7fc7ef7fe700 1 -- 172.21.15.42:0/3734707079 <== mon.0 v2:172.21.15.42:3300/0 2 ==== config(27 keys) v1 ==== 1044+0+0 (secure 0 0 0) 0x7fc7f8010df0 con 0x7fc808076b00
2024-04-22T15:12:05.930 INFO:teuthology.orchestra.run.smithi042.stdout:/usr/bin/ceph: stderr
2024-04-22T15:12:04.488+0000 7fc7ef7fe700 1 -- 172.21.15.42:0/3734707079 <== mon.0 v2:172.21.15.42:3300/0 3 ==== mon_map magic: 0 v1 ==== 229+0+0 (secure 0 0 0) 0x7fc7f801add0 con 0x7fc808076b00
2024-04-22T15:12:05.930 INFO:teuthology.orchestra.run.smithi042.stdout:/usr/bin/ceph: stderr
2024-04-22T15:12:04.488+0000 7fc80da47700 1 -- 172.21.15.42:0/3734707079 --> [v2:172.21.15.42:3300/0,v1:172.21.15.42:6789/0] -- mon_subscribe({osdmap=0}) v3 -- 0x7fc808112a90 con 0x7fc808076b00
2024-04-22T15:12:05.930 INFO:teuthology.orchestra.run.smithi042.stdout:/usr/bin/ceph: stderr
2024-04-22T15:12:04.489+0000 7fc7ef7fe700 1 -- 172.21.15.42:0/3734707079 <== mon.0 v2:172.21.15.42:3300/0 4 ==== mgrmap(e 8) v1 ==== 43376+0+0 (secure 0 0 0) 0x7fc7f8019410 con 0x7fc808076b00
2024-04-22T15:12:05.930 INFO:teuthology.orchestra.run.smithi042.stdout:/usr/bin/ceph: stderr
2024-04-22T15:12:04.489+0000 7fc80da47700 1 -- 172.21.15.42:0/3734707079 --> [v2:172.21.15.42:3300/0,v1:172.21.15.42:6789/0] -- mon_command({"prefix": "get_command_descriptions"} v 0) v1 -- 0x7fc80805f5f0 con 0x7fc808076b00
2024-04-22T15:12:05.930 INFO:teuthology.orchestra.run.smithi042.stdout:/usr/bin/ceph: stderr
2024-04-22T15:12:04.489+0000 7fc7ef7fe700 1 --2- 172.21.15.42:0/3734707079 >> [v2:172.21.15.42:6800/4275329651,v1:172.21.15.42:6801/4275329651] conn(0x7fc7f0036790 0x7fc7f0038c40 unknown :-1 s=NONE pgs=0 cs=0 l=1 rev1=0 crypto rx=0 tx=0 comp rx=0 tx=0).connect
2024-04-22T15:12:05.930 INFO:teuthology.orchestra.run.smithi042.stdout:/usr/bin/ceph: stderr
2024-04-22T15:12:04.489+0000 7fc7ef7fe700 1 -- 172.21.15.42:0/3734707079 <== mon.0 v2:172.21.15.42:3300/0 5 ==== osd_map(2..2 src has 1..2) v4 ==== 936+0+0 (secure 0 0 0) 0x7fc7f804a650 con 0x7fc808076b00
2024-04-22T15:12:05.930 INFO:teuthology.orchestra.run.smithi042.stdout:/usr/bin/ceph: stderr
2024-04-22T15:12:04.489+0000 7fc8067fc700 1 --2- 172.21.15.42:0/3734707079 >> [v2:172.21.15.42:6800/4275329651,v1:172.21.15.42:6801/4275329651] conn(0x7fc7f0036790 0x7fc7f0038c40 unknown :-1 s=BANNER_CONNECTING pgs=0 cs=0 l=1 rev1=0 crypto rx=0 tx=0 comp rx=0 tx=0)._handle_peer_banner_payload supported=3 required=0
2024-04-22T15:12:05.930 INFO:teuthology.orchestra.run.smithi042.stdout:/usr/bin/ceph: stderr
2024-04-22T15:12:04.490+0000 7fc8067fc700 1 --2- 172.21.15.42:0/3734707079 >> [v2:172.21.15.42:6800/4275329651,v1:172.21.15.42:6801/4275329651] conn(0x7fc7f0036790 0x7fc7f0038c40 secure :-1 s=READY pgs=13 cs=0 l=1 rev1=1 crypto rx=0x7fc7fc009990 tx=0x7fc7fc006e40 comp rx=0 tx=0).ready entity=mgr.14120 client_cookie=0 server_cookie=0 in_seq=0 out_seq=0
2024-04-22T15:12:05.930 INFO:teuthology.orchestra.run.smithi042.stdout:/usr/bin/ceph: stderr
2024-04-22T15:12:04.494+0000 7fc7ef7fe700 1 -- 172.21.15.42:0/3734707079 <== mon.0 v2:172.21.15.42:3300/0 6 ==== mon_command_ack([{"prefix": "get_command_descriptions"}]=0 v0) v1 ==== 72+0+176702 (secure 0 0 0) 0x7fc7f802d490 con 0x7fc808076b00
2024-04-22T15:12:05.930 INFO:teuthology.orchestra.run.smithi042.stdout:/usr/bin/ceph: stderr
2024-04-22T15:12:04.705+0000 7fc80da47700 1 -- 172.21.15.42:0/3734707079 --> [v2:172.21.15.42:6800/4275329651,v1:172.21.15.42:6801/4275329651] -- mgr_command(tid 0: {"prefix": "orch apply", "service_type": "mgr", "target": ["mon-mgr", ""]}) v1 -- 0x7fc808113610 con 0x7fc7f0036790
2024-04-22T15:12:05.930 INFO:teuthology.orchestra.run.smithi042.stdout:/usr/bin/ceph: stderr
2024-04-22T15:12:04.709+0000 7fc7ef7fe700 1 -- 172.21.15.42:0/3734707079 <== mgr.14120 v2:172.21.15.42:6800/4275329651 1 ==== mgr_command_reply(tid 0: 0 ) v1 ==== 8+0+24 (secure 0 0 0) 0x7fc808113610 con 0x7fc7f0036790
2024-04-22T15:12:05.930 INFO:teuthology.orchestra.run.smithi042.stdout:/usr/bin/ceph: stderr
2024-04-22T15:12:04.711+0000 7fc80da47700 1 -- 172.21.15.42:0/3734707079 >> [v2:172.21.15.42:6800/4275329651,v1:172.21.15.42:6801/4275329651] conn(0x7fc7f0036790 msgr2=0x7fc7f0038c40 secure :-1 s=STATE_CONNECTION_ESTABLISHED l=1).mark_down
2024-04-22T15:12:05.930 INFO:teuthology.orchestra.run.smithi042.stdout:/usr/bin/ceph: stderr
2024-04-22T15:12:04.711+0000 7fc80da47700 1 --2- 172.21.15.42:0/3734707079 >> [v2:172.21.15.42:6800/4275329651,v1:172.21.15.42:6801/4275329651] conn(0x7fc7f0036790 0x7fc7f0038c40 secure :-1 s=READY pgs=13 cs=0 l=1 rev1=1 crypto rx=0x7fc7fc009990 tx=0x7fc7fc006e40 comp rx=0 tx=0).stop
2024-04-22T15:12:05.931 INFO:teuthology.orchestra.run.smithi042.stdout:/usr/bin/ceph: stderr
