2024-04-22T15:39:55.096 INFO:teuthology.orchestra.run.smithi016.stdout:/usr/bin/ceph: stderr
2024-04-22T15:39:48.765+0000 7fe774ccb700 1 -- start start
2024-04-22T15:39:55.096 INFO:teuthology.orchestra.run.smithi016.stdout:/usr/bin/ceph: stderr
2024-04-22T15:39:48.765+0000 7fe774ccb700 1 --2- >> [v2:172.21.15.16:3300/0,v1:172.21.15.16:6789/0] conn(0x7fe770106560 0x7fe770106980 unknown :-1 s=NONE pgs=0 cs=0 l=0 rev1=0 crypto rx=0 tx=0 comp rx=0 tx=0).connect
2024-04-22T15:39:55.096 INFO:teuthology.orchestra.run.smithi016.stdout:/usr/bin/ceph: stderr
2024-04-22T15:39:48.765+0000 7fe774ccb700 1 -- --> [v2:172.21.15.16:3300/0,v1:172.21.15.16:6789/0] -- mon_getmap magic: 0 v1 -- 0x7fe770106f50 con 0x7fe770106560
2024-04-22T15:39:55.096 INFO:teuthology.orchestra.run.smithi016.stdout:/usr/bin/ceph: stderr
2024-04-22T15:39:48.765+0000 7fe76e59c700 1 --2- >> [v2:172.21.15.16:3300/0,v1:172.21.15.16:6789/0] conn(0x7fe770106560 0x7fe770106980 unknown :-1 s=BANNER_CONNECTING pgs=0 cs=0 l=0 rev1=0 crypto rx=0 tx=0 comp rx=0 tx=0)._handle_peer_banner_payload supported=3 required=0
2024-04-22T15:39:55.096 INFO:teuthology.orchestra.run.smithi016.stdout:/usr/bin/ceph: stderr
2024-04-22T15:39:48.766+0000 7fe76e59c700 1 --2- >> [v2:172.21.15.16:3300/0,v1:172.21.15.16:6789/0] conn(0x7fe770106560 0x7fe770106980 unknown :-1 s=HELLO_CONNECTING pgs=0 cs=0 l=0 rev1=1 crypto rx=0 tx=0 comp rx=0 tx=0).handle_hello peer v2:172.21.15.16:3300/0 says I am v2:172.21.15.16:41290/0 (socket says 172.21.15.16:41290)
2024-04-22T15:39:55.096 INFO:teuthology.orchestra.run.smithi016.stdout:/usr/bin/ceph: stderr
2024-04-22T15:39:48.766+0000 7fe76e59c700 1 -- 172.21.15.16:0/3810045893 learned_addr learned my addr 172.21.15.16:0/3810045893 (peer_addr_for_me v2:172.21.15.16:0/0)
2024-04-22T15:39:55.096 INFO:teuthology.orchestra.run.smithi016.stdout:/usr/bin/ceph: stderr
2024-04-22T15:39:48.766+0000 7fe76e59c700 1 -- 172.21.15.16:0/3810045893 --> [v2:172.21.15.16:3300/0,v1:172.21.15.16:6789/0] -- mon_subscribe({config=0+,monmap=0+}) v3 -- 0x7fe770107760 con 0x7fe770106560
2024-04-22T15:39:55.096 INFO:teuthology.orchestra.run.smithi016.stdout:/usr/bin/ceph: stderr
2024-04-22T15:39:48.766+0000 7fe76e59c700 1 --2- 172.21.15.16:0/3810045893 >> [v2:172.21.15.16:3300/0,v1:172.21.15.16:6789/0] conn(0x7fe770106560 0x7fe770106980 secure :-1 s=READY pgs=26 cs=0 l=1 rev1=1 crypto rx=0x7fe7640098a0 tx=0x7fe764009bb0 comp rx=0 tx=0).ready entity=mon.0 client_cookie=900f17095d28e48f server_cookie=0 in_seq=0 out_seq=0
2024-04-22T15:39:55.096 INFO:teuthology.orchestra.run.smithi016.stdout:/usr/bin/ceph: stderr
2024-04-22T15:39:48.766+0000 7fe76d59a700 1 -- 172.21.15.16:0/3810045893 <== mon.0 v2:172.21.15.16:3300/0 1 ==== mon_map magic: 0 v1 ==== 229+0+0 (secure 0 0 0) 0x7fe764004180 con 0x7fe770106560
2024-04-22T15:39:55.096 INFO:teuthology.orchestra.run.smithi016.stdout:/usr/bin/ceph: stderr
2024-04-22T15:39:48.766+0000 7fe76d59a700 1 -- 172.21.15.16:0/3810045893 <== mon.0 v2:172.21.15.16:3300/0 2 ==== config(27 keys) v1 ==== 1037+0+0 (secure 0 0 0) 0x7fe7640042e0 con 0x7fe770106560
2024-04-22T15:39:55.096 INFO:teuthology.orchestra.run.smithi016.stdout:/usr/bin/ceph: stderr
2024-04-22T15:39:48.766+0000 7fe76d59a700 1 -- 172.21.15.16:0/3810045893 <== mon.0 v2:172.21.15.16:3300/0 3 ==== mon_map magic: 0 v1 ==== 229+0+0 (secure 0 0 0) 0x7fe764011a50 con 0x7fe770106560
2024-04-22T15:39:55.097 INFO:teuthology.orchestra.run.smithi016.stdout:/usr/bin/ceph: stderr
2024-04-22T15:39:48.767+0000 7fe774ccb700 1 -- 172.21.15.16:0/3810045893 >> [v2:172.21.15.16:3300/0,v1:172.21.15.16:6789/0] conn(0x7fe770106560 msgr2=0x7fe770106980 secure :-1 s=STATE_CONNECTION_ESTABLISHED l=1).mark_down
2024-04-22T15:39:55.097 INFO:teuthology.orchestra.run.smithi016.stdout:/usr/bin/ceph: stderr
2024-04-22T15:39:48.767+0000 7fe774ccb700 1 --2- 172.21.15.16:0/3810045893 >> [v2:172.21.15.16:3300/0,v1:172.21.15.16:6789/0] conn(0x7fe770106560 0x7fe770106980 secure :-1 s=READY pgs=26 cs=0 l=1 rev1=1 crypto rx=0x7fe7640098a0 tx=0x7fe764009bb0 comp rx=0 tx=0).stop
2024-04-22T15:39:55.097 INFO:teuthology.orchestra.run.smithi016.stdout:/usr/bin/ceph: stderr
2024-04-22T15:39:48.767+0000 7fe774ccb700 1 -- 172.21.15.16:0/3810045893 shutdown_connections
2024-04-22T15:39:55.097 INFO:teuthology.orchestra.run.smithi016.stdout:/usr/bin/ceph: stderr
2024-04-22T15:39:48.767+0000 7fe774ccb700 1 --2- 172.21.15.16:0/3810045893 >> [v2:172.21.15.16:3300/0,v1:172.21.15.16:6789/0] conn(0x7fe770106560 0x7fe770106980 unknown :-1 s=CLOSED pgs=26 cs=0 l=1 rev1=1 crypto rx=0 tx=0 comp rx=0 tx=0).stop
2024-04-22T15:39:55.097 INFO:teuthology.orchestra.run.smithi016.stdout:/usr/bin/ceph: stderr
2024-04-22T15:39:48.767+0000 7fe774ccb700 1 -- 172.21.15.16:0/3810045893 >> 172.21.15.16:0/3810045893 conn(0x7fe770101b40 msgr2=0x7fe770103f60 unknown :-1 s=STATE_NONE l=0).mark_down
2024-04-22T15:39:55.097 INFO:teuthology.orchestra.run.smithi016.stdout:/usr/bin/ceph: stderr
2024-04-22T15:39:48.767+0000 7fe774ccb700 1 -- 172.21.15.16:0/3810045893 shutdown_connections
2024-04-22T15:39:55.097 INFO:teuthology.orchestra.run.smithi016.stdout:/usr/bin/ceph: stderr
2024-04-22T15:39:48.767+0000 7fe774ccb700 1 -- 172.21.15.16:0/3810045893 wait complete.
2024-04-22T15:39:55.097 INFO:teuthology.orchestra.run.smithi016.stdout:/usr/bin/ceph: stderr
2024-04-22T15:39:48.768+0000 7fe774ccb700 1 Processor -- start
2024-04-22T15:39:55.097 INFO:teuthology.orchestra.run.smithi016.stdout:/usr/bin/ceph: stderr
2024-04-22T15:39:48.768+0000 7fe774ccb700 1 -- start start
2024-04-22T15:39:55.097 INFO:teuthology.orchestra.run.smithi016.stdout:/usr/bin/ceph: stderr
2024-04-22T15:39:48.768+0000 7fe774ccb700 1 --2- >> [v2:172.21.15.16:3300/0,v1:172.21.15.16:6789/0] conn(0x7fe770106560 0x7fe77019a1c0 unknown :-1 s=NONE pgs=0 cs=0 l=1 rev1=0 crypto rx=0 tx=0 comp rx=0 tx=0).connect
2024-04-22T15:39:55.097 INFO:teuthology.orchestra.run.smithi016.stdout:/usr/bin/ceph: stderr
2024-04-22T15:39:48.768+0000 7fe774ccb700 1 -- --> [v2:172.21.15.16:3300/0,v1:172.21.15.16:6789/0] -- mon_getmap magic: 0 v1 -- 0x7fe77019a700 con 0x7fe770106560
2024-04-22T15:39:55.097 INFO:teuthology.orchestra.run.smithi016.stdout:/usr/bin/ceph: stderr
2024-04-22T15:39:48.768+0000 7fe76e59c700 1 --2- >> [v2:172.21.15.16:3300/0,v1:172.21.15.16:6789/0] conn(0x7fe770106560 0x7fe77019a1c0 unknown :-1 s=BANNER_CONNECTING pgs=0 cs=0 l=1 rev1=0 crypto rx=0 tx=0 comp rx=0 tx=0)._handle_peer_banner_payload supported=3 required=0
2024-04-22T15:39:55.097 INFO:teuthology.orchestra.run.smithi016.stdout:/usr/bin/ceph: stderr
2024-04-22T15:39:48.768+0000 7fe76e59c700 1 --2- >> [v2:172.21.15.16:3300/0,v1:172.21.15.16:6789/0] conn(0x7fe770106560 0x7fe77019a1c0 unknown :-1 s=HELLO_CONNECTING pgs=0 cs=0 l=1 rev1=1 crypto rx=0 tx=0 comp rx=0 tx=0).handle_hello peer v2:172.21.15.16:3300/0 says I am v2:172.21.15.16:41298/0 (socket says 172.21.15.16:41298)
2024-04-22T15:39:55.098 INFO:teuthology.orchestra.run.smithi016.stdout:/usr/bin/ceph: stderr
2024-04-22T15:39:48.768+0000 7fe76e59c700 1 -- 172.21.15.16:0/1794615003 learned_addr learned my addr 172.21.15.16:0/1794615003 (peer_addr_for_me v2:172.21.15.16:0/0)
2024-04-22T15:39:55.098 INFO:teuthology.orchestra.run.smithi016.stdout:/usr/bin/ceph: stderr
2024-04-22T15:39:48.768+0000 7fe76e59c700 1 -- 172.21.15.16:0/1794615003 --> [v2:172.21.15.16:3300/0,v1:172.21.15.16:6789/0] -- mon_subscribe({config=0+,monmap=0+}) v3 -- 0x7fe764009550 con 0x7fe770106560
2024-04-22T15:39:55.098 INFO:teuthology.orchestra.run.smithi016.stdout:/usr/bin/ceph: stderr
2024-04-22T15:39:48.769+0000 7fe76e59c700 1 --2- 172.21.15.16:0/1794615003 >> [v2:172.21.15.16:3300/0,v1:172.21.15.16:6789/0] conn(0x7fe770106560 0x7fe77019a1c0 secure :-1 s=READY pgs=27 cs=0 l=1 rev1=1 crypto rx=0x7fe764006af0 tx=0x7fe764011a90 comp rx=0 tx=0).ready entity=mon.0 client_cookie=0 server_cookie=0 in_seq=0 out_seq=0
2024-04-22T15:39:55.098 INFO:teuthology.orchestra.run.smithi016.stdout:/usr/bin/ceph: stderr
2024-04-22T15:39:48.769+0000 7fe75f7fe700 1 -- 172.21.15.16:0/1794615003 <== mon.0 v2:172.21.15.16:3300/0 1 ==== mon_map magic: 0 v1 ==== 229+0+0 (secure 0 0 0) 0x7fe764003b90 con 0x7fe770106560
2024-04-22T15:39:55.098 INFO:teuthology.orchestra.run.smithi016.stdout:/usr/bin/ceph: stderr
2024-04-22T15:39:48.769+0000 7fe75f7fe700 1 -- 172.21.15.16:0/1794615003 <== mon.0 v2:172.21.15.16:3300/0 2 ==== config(27 keys) v1 ==== 1037+0+0 (secure 0 0 0) 0x7fe76401a8a0 con 0x7fe770106560
2024-04-22T15:39:55.098 INFO:teuthology.orchestra.run.smithi016.stdout:/usr/bin/ceph: stderr
2024-04-22T15:39:48.769+0000 7fe774ccb700 1 -- 172.21.15.16:0/1794615003 --> [v2:172.21.15.16:3300/0,v1:172.21.15.16:6789/0] -- mon_subscribe({mgrmap=0+}) v3 -- 0x7fe77019a900 con 0x7fe770106560
2024-04-22T15:39:55.098 INFO:teuthology.orchestra.run.smithi016.stdout:/usr/bin/ceph: stderr
2024-04-22T15:39:48.769+0000 7fe75f7fe700 1 -- 172.21.15.16:0/1794615003 <== mon.0 v2:172.21.15.16:3300/0 3 ==== mon_map magic: 0 v1 ==== 229+0+0 (secure 0 0 0) 0x7fe764019880 con 0x7fe770106560
2024-04-22T15:39:55.098 INFO:teuthology.orchestra.run.smithi016.stdout:/usr/bin/ceph: stderr
2024-04-22T15:39:48.769+0000 7fe774ccb700 1 -- 172.21.15.16:0/1794615003 --> [v2:172.21.15.16:3300/0,v1:172.21.15.16:6789/0] -- mon_subscribe({osdmap=0}) v3 -- 0x7fe77019ada0 con 0x7fe770106560
2024-04-22T15:39:55.098 INFO:teuthology.orchestra.run.smithi016.stdout:/usr/bin/ceph: stderr
2024-04-22T15:39:48.770+0000 7fe75f7fe700 1 -- 172.21.15.16:0/1794615003 <== mon.0 v2:172.21.15.16:3300/0 4 ==== mgrmap(e 5) v1 ==== 45283+0+0 (secure 0 0 0) 0x7fe764019b40 con 0x7fe770106560
2024-04-22T15:39:55.098 INFO:teuthology.orchestra.run.smithi016.stdout:/usr/bin/ceph: stderr
2024-04-22T15:39:48.770+0000 7fe75f7fe700 1 --2- 172.21.15.16:0/1794615003 >> [v2:172.21.15.16:6800/1748504461,v1:172.21.15.16:6801/1748504461] conn(0x7fe7580382e0 0x7fe75803a7a0 unknown :-1 s=NONE pgs=0 cs=0 l=1 rev1=0 crypto rx=0 tx=0 comp rx=0 tx=0).connect
2024-04-22T15:39:55.098 INFO:teuthology.orchestra.run.smithi016.stdout:/usr/bin/ceph: stderr
2024-04-22T15:39:48.770+0000 7fe75f7fe700 1 -- 172.21.15.16:0/1794615003 --> [v2:172.21.15.16:6800/1748504461,v1:172.21.15.16:6801/1748504461] -- command(tid 0: {"prefix": "get_command_descriptions"}) v1 -- 0x7fe75803aeb0 con 0x7fe7580382e0
2024-04-22T15:39:55.098 INFO:teuthology.orchestra.run.smithi016.stdout:/usr/bin/ceph: stderr
2024-04-22T15:39:48.770+0000 7fe75f7fe700 1 -- 172.21.15.16:0/1794615003 <== mon.0 v2:172.21.15.16:3300/0 5 ==== osd_map(1..1 src has 1..1) v4 ==== 725+0+0 (secure 0 0 0) 0x7fe76404c6c0 con 0x7fe770106560
2024-04-22T15:39:55.098 INFO:teuthology.orchestra.run.smithi016.stdout:/usr/bin/ceph: stderr
2024-04-22T15:39:48.770+0000 7fe76dd9b700 1 -- 172.21.15.16:0/1794615003 >> [v2:172.21.15.16:6800/1748504461,v1:172.21.15.16:6801/1748504461] conn(0x7fe7580382e0 msgr2=0x7fe75803a7a0 unknown :-1 s=STATE_CONNECTING_RE l=1).process reconnect failed to v2:172.21.15.16:6800/1748504461
2024-04-22T15:39:55.099 INFO:teuthology.orchestra.run.smithi016.stdout:/usr/bin/ceph: stderr
2024-04-22T15:39:48.770+0000 7fe76dd9b700 1 --2- 172.21.15.16:0/1794615003 >> [v2:172.21.15.16:6800/1748504461,v1:172.21.15.16:6801/1748504461] conn(0x7fe7580382e0 0x7fe75803a7a0 unknown :-1 s=START_CONNECT pgs=0 cs=0 l=1 rev1=0 crypto rx=0 tx=0 comp rx=0 tx=0)._fault waiting 0.200000
2024-04-22T15:39:55.099 INFO:teuthology.orchestra.run.smithi016.stdout:/usr/bin/ceph: stderr
2024-04-22T15:39:48.971+0000 7fe76dd9b700 1 -- 172.21.15.16:0/1794615003 >> [v2:172.21.15.16:6800/1748504461,v1:172.21.15.16:6801/1748504461] conn(0x7fe7580382e0 msgr2=0x7fe75803a7a0 unknown :-1 s=STATE_CONNECTING_RE l=1).process reconnect failed to v2:172.21.15.16:6800/1748504461
2024-04-22T15:39:55.099 INFO:teuthology.orchestra.run.smithi016.stdout:/usr/bin/ceph: stderr
2024-04-22T15:39:48.971+0000 7fe76dd9b700 1 --2- 172.21.15.16:0/1794615003 >> [v2:172.21.15.16:6800/1748504461,v1:172.21.15.16:6801/1748504461] conn(0x7fe7580382e0 0x7fe75803a7a0 unknown :-1 s=START_CONNECT pgs=0 cs=0 l=1 rev1=0 crypto rx=0 tx=0 comp rx=0 tx=0)._fault waiting 0.400000
2024-04-22T15:39:55.099 INFO:teuthology.orchestra.run.smithi016.stdout:/usr/bin/ceph: stderr
2024-04-22T15:39:49.372+0000 7fe76dd9b700 1 -- 172.21.15.16:0/1794615003 >> [v2:172.21.15.16:6800/1748504461,v1:172.21.15.16:6801/1748504461] conn(0x7fe7580382e0 msgr2=0x7fe75803a7a0 unknown :-1 s=STATE_CONNECTING_RE l=1).process reconnect failed to v2:172.21.15.16:6800/1748504461
2024-04-22T15:39:55.099 INFO:teuthology.orchestra.run.smithi016.stdout:/usr/bin/ceph: stderr
2024-04-22T15:39:49.372+0000 7fe76dd9b700 1 --2- 172.21.15.16:0/1794615003 >> [v2:172.21.15.16:6800/1748504461,v1:172.21.15.16:6801/1748504461] conn(0x7fe7580382e0 0x7fe75803a7a0 unknown :-1 s=START_CONNECT pgs=0 cs=0 l=1 rev1=0 crypto rx=0 tx=0 comp rx=0 tx=0)._fault waiting 0.800000
2024-04-22T15:39:55.099 INFO:teuthology.orchestra.run.smithi016.stdout:/usr/bin/ceph: stderr
2024-04-22T15:39:50.173+0000 7fe76dd9b700 1 -- 172.21.15.16:0/1794615003 >> [v2:172.21.15.16:6800/1748504461,v1:172.21.15.16:6801/1748504461] conn(0x7fe7580382e0 msgr2=0x7fe75803a7a0 unknown :-1 s=STATE_CONNECTING_RE l=1).process reconnect failed to v2:172.21.15.16:6800/1748504461
2024-04-22T15:39:55.099 INFO:teuthology.orchestra.run.smithi016.stdout:/usr/bin/ceph: stderr
2024-04-22T15:39:50.173+0000 7fe76dd9b700 1 --2- 172.21.15.16:0/1794615003 >> [v2:172.21.15.16:6800/1748504461,v1:172.21.15.16:6801/1748504461] conn(0x7fe7580382e0 0x7fe75803a7a0 unknown :-1 s=START_CONNECT pgs=0 cs=0 l=1 rev1=0 crypto rx=0 tx=0 comp rx=0 tx=0)._fault waiting 1.600000
2024-04-22T15:39:55.099 INFO:teuthology.orchestra.run.smithi016.stdout:/usr/bin/ceph: stderr
2024-04-22T15:39:51.773+0000 7fe76dd9b700 1 -- 172.21.15.16:0/1794615003 >> [v2:172.21.15.16:6800/1748504461,v1:172.21.15.16:6801/1748504461] conn(0x7fe7580382e0 msgr2=0x7fe75803a7a0 unknown :-1 s=STATE_CONNECTING_RE l=1).process reconnect failed to v2:172.21.15.16:6800/1748504461
2024-04-22T15:39:55.099 INFO:teuthology.orchestra.run.smithi016.stdout:/usr/bin/ceph: stderr
2024-04-22T15:39:51.773+0000 7fe76dd9b700 1 --2- 172.21.15.16:0/1794615003 >> [v2:172.21.15.16:6800/1748504461,v1:172.21.15.16:6801/1748504461] conn(0x7fe7580382e0 0x7fe75803a7a0 unknown :-1 s=START_CONNECT pgs=0 cs=0 l=1 rev1=0 crypto rx=0 tx=0 comp rx=0 tx=0)._fault waiting 3.200000
2024-04-22T15:39:55.099 INFO:teuthology.orchestra.run.smithi016.stdout:/usr/bin/ceph: stderr
2024-04-22T15:39:53.481+0000 7fe75f7fe700 1 -- 172.21.15.16:0/1794615003 <== mon.0 v2:172.21.15.16:3300/0 6 ==== mgrmap(e 6) v1 ==== 45050+0+0 (secure 0 0 0) 0x7fe76402dce0 con 0x7fe770106560
2024-04-22T15:39:55.099 INFO:teuthology.orchestra.run.smithi016.stdout:/usr/bin/ceph: stderr
2024-04-22T15:39:53.481+0000 7fe75f7fe700 1 -- 172.21.15.16:0/1794615003 >> [v2:172.21.15.16:6800/1748504461,v1:172.21.15.16:6801/1748504461] conn(0x7fe7580382e0 msgr2=0x7fe75803a7a0 unknown :-1 s=STATE_CONNECTING l=1).mark_down
2024-04-22T15:39:55.099 INFO:teuthology.orchestra.run.smithi016.stdout:/usr/bin/ceph: stderr
2024-04-22T15:39:53.481+0000 7fe75f7fe700 1 --2- 172.21.15.16:0/1794615003 >> [v2:172.21.15.16:6800/1748504461,v1:172.21.15.16:6801/1748504461] conn(0x7fe7580382e0 0x7fe75803a7a0 unknown :-1 s=START_CONNECT pgs=0 cs=0 l=1 rev1=0 crypto rx=0 tx=0 comp rx=0 tx=0).stop
2024-04-22T15:39:55.099 INFO:teuthology.orchestra.run.smithi016.stdout:/usr/bin/ceph: stderr
2024-04-22T15:39:54.482+0000 7fe75f7fe700 1 -- 172.21.15.16:0/1794615003 <== mon.0 v2:172.21.15.16:3300/0 7 ==== mgrmap(e 7) v1 ==== 45177+0+0 (secure 0 0 0) 0x7fe76404ded0 con 0x7fe770106560
2024-04-22T15:39:55.099 INFO:teuthology.orchestra.run.smithi016.stdout:/usr/bin/ceph: stderr
2024-04-22T15:39:54.482+0000 7fe75f7fe700 1 --2- 172.21.15.16:0/1794615003 >> [v2:172.21.15.16:6800/3431522404,v1:172.21.15.16:6801/3431522404] conn(0x7fe75803bc60 0x7fe75803e050 unknown :-1 s=NONE pgs=0 cs=0 l=1 rev1=0 crypto rx=0 tx=0 comp rx=0 tx=0).connect
2024-04-22T15:39:55.099 INFO:teuthology.orchestra.run.smithi016.stdout:/usr/bin/ceph: stderr
2024-04-22T15:39:54.482+0000 7fe75f7fe700 1 -- 172.21.15.16:0/1794615003 --> [v2:172.21.15.16:6800/3431522404,v1:172.21.15.16:6801/3431522404] -- command(tid 0: {"prefix": "get_command_descriptions"}) v1 -- 0x7fe75803aeb0 con 0x7fe75803bc60
2024-04-22T15:39:55.100 INFO:teuthology.orchestra.run.smithi016.stdout:/usr/bin/ceph: stderr
2024-04-22T15:39:54.482+0000 7fe76dd9b700 1 --2- 172.21.15.16:0/1794615003 >> [v2:172.21.15.16:6800/3431522404,v1:172.21.15.16:6801/3431522404] conn(0x7fe75803bc60 0x7fe75803e050 unknown :-1 s=BANNER_CONNECTING pgs=0 cs=0 l=1 rev1=0 crypto rx=0 tx=0 comp rx=0 tx=0)._handle_peer_banner_payload supported=3 required=0
2024-04-22T15:39:55.100 INFO:teuthology.orchestra.run.smithi016.stdout:/usr/bin/ceph: stderr
2024-04-22T15:39:54.483+0000 7fe76dd9b700 1 --2- 172.21.15.16:0/1794615003 >> [v2:172.21.15.16:6800/3431522404,v1:172.21.15.16:6801/3431522404] conn(0x7fe75803bc60 0x7fe75803e050 secure :-1 s=READY pgs=3 cs=0 l=1 rev1=1 crypto rx=0x7fe760003a10 tx=0x7fe760009290 comp rx=0 tx=0).ready entity=mgr.14118 client_cookie=0 server_cookie=0 in_seq=0 out_seq=0
2024-04-22T15:39:55.100 INFO:teuthology.orchestra.run.smithi016.stdout:/usr/bin/ceph: stderr
2024-04-22T15:39:54.484+0000 7fe75f7fe700 1 -- 172.21.15.16:0/1794615003 <== mgr.14118 v2:172.21.15.16:6800/3431522404 1 ==== command_reply(tid 0: 0 ) v1 ==== 8+0+6910 (secure 0 0 0) 0x7fe75803aeb0 con 0x7fe75803bc60
2024-04-22T15:39:55.100 INFO:teuthology.orchestra.run.smithi016.stdout:/usr/bin/ceph: stderr
2024-04-22T15:39:54.490+0000 7fe774ccb700 1 -- 172.21.15.16:0/1794615003 --> [v2:172.21.15.16:6800/3431522404,v1:172.21.15.16:6801/3431522404] -- command(tid 1: {"prefix": "mgr_status"}) v1 -- 0x7fe77019b500 con 0x7fe75803bc60
2024-04-22T15:39:55.100 INFO:teuthology.orchestra.run.smithi016.stdout:/usr/bin/ceph: stderr
2024-04-22T15:39:54.490+0000 7fe75f7fe700 1 -- 172.21.15.16:0/1794615003 <== mgr.14118 v2:172.21.15.16:6800/3431522404 2 ==== command_reply(tid 1: 0 ) v1 ==== 8+0+51 (secure 0 0 0) 0x7fe77019b500 con 0x7fe75803bc60
2024-04-22T15:39:55.100 INFO:teuthology.orchestra.run.smithi016.stdout:/usr/bin/ceph: stderr
2024-04-22T15:39:54.490+0000 7fe774ccb700 1 -- 172.21.15.16:0/1794615003 >> [v2:172.21.15.16:6800/3431522404,v1:172.21.15.16:6801/3431522404] conn(0x7fe75803bc60 msgr2=0x7fe75803e050 secure :-1 s=STATE_CONNECTION_ESTABLISHED l=1).mark_down
2024-04-22T15:39:55.100 INFO:teuthology.orchestra.run.smithi016.stdout:/usr/bin/ceph: stderr
2024-04-22T15:39:54.490+0000 7fe774ccb700 1 --2- 172.21.15.16:0/1794615003 >> [v2:172.21.15.16:6800/3431522404,v1:172.21.15.16:6801/3431522404] conn(0x7fe75803bc60 0x7fe75803e050 secure :-1 s=READY pgs=3 cs=0 l=1 rev1=1 crypto rx=0x7fe760003a10 tx=0x7fe760009290 comp rx=0 tx=0).stop
2024-04-22T15:39:55.100 INFO:teuthology.orchestra.run.smithi016.stdout:/usr/bin/ceph: stderr
2024-04-22T15:39:54.490+0000 7fe774ccb700 1 -- 172.21.15.16:0/1794615003 >> [v2:172.21.15.16:3300/0,v1:172.21.15.16:6789/0] conn(0x7fe770106560 msgr2=0x7fe77019a1c0 secure :-1 s=STATE_CONNECTION_ESTABLISHED l=1).mark_down
2024-04-22T15:39:55.100 INFO:teuthology.orchestra.run.smithi016.stdout:/usr/bin/ceph: stderr
2024-04-22T15:39:54.490+0000 7fe774ccb700 1 --2- 172.21.15.16:0/1794615003 >> [v2:172.21.15.16:3300/0,v1:172.21.15.16:6789/0] conn(0x7fe770106560 0x7fe77019a1c0 secure :-1 s=READY pgs=27 cs=0 l=1 rev1=1 crypto rx=0x7fe764006af0 tx=0x7fe764011a90 comp rx=0 tx=0).stop
2024-04-22T15:39:55.100 INFO:teuthology.orchestra.run.smithi016.stdout:/usr/bin/ceph: stderr
2024-04-22T15:39:54.490+0000 7fe774ccb700 1 -- 172.21.15.16:0/1794615003 shutdown_connections
2024-04-22T15:39:55.100 INFO:teuthology.orchestra.run.smithi016.stdout:/usr/bin/ceph: stderr
2024-04-22T15:39:54.490+0000 7fe774ccb700 1 --2- 172.21.15.16:0/1794615003 >> [v2:172.21.15.16:6800/3431522404,v1:172.21.15.16:6801/3431522404] conn(0x7fe75803bc60 0x7fe75803e050 unknown :-1 s=CLOSED pgs=3 cs=0 l=1 rev1=1 crypto rx=0 tx=0 comp rx=0 tx=0).stop
2024-04-22T15:39:55.100 INFO:teuthology.orchestra.run.smithi016.stdout:/usr/bin/ceph: stderr
2024-04-22T15:39:54.490+0000 7fe774ccb700 1 --2- 172.21.15.16:0/1794615003 >> [v2:172.21.15.16:3300/0,v1:172.21.15.16:6789/0] conn(0x7fe770106560 0x7fe77019a1c0 unknown :-1 s=CLOSED pgs=27 cs=0 l=1 rev1=1 crypto rx=0 tx=0 comp rx=0 tx=0).stop
2024-04-22T15:39:55.100 INFO:teuthology.orchestra.run.smithi016.stdout:/usr/bin/ceph: stderr
2024-04-22T15:39:54.491+0000 7fe774ccb700 1 --2- 172.21.15.16:0/1794615003 >> [v2:172.21.15.16:6800/1748504461,v1:172.21.15.16:6801/1748504461] conn(0x7fe7580382e0 0x7fe75803a7a0 unknown :-1 s=CLOSED pgs=0 cs=0 l=1 rev1=0 crypto rx=0 tx=0 comp rx=0 tx=0).stop
2024-04-22T15:39:55.100 INFO:teuthology.orchestra.run.smithi016.stdout:/usr/bin/ceph: stderr
2024-04-22T15:39:54.491+0000 7fe774ccb700 1 -- 172.21.15.16:0/1794615003 >> 172.21.15.16:0/1794615003 conn(0x7fe770101b40 msgr2=0x7fe770102870 unknown :-1 s=STATE_NONE l=0).mark_down
2024-04-22T15:39:55.101 INFO:teuthology.orchestra.run.smithi016.stdout:/usr/bin/ceph: stderr
2024-04-22T15:39:54.491+0000 7fe774ccb700 1 -- 172.21.15.16:0/1794615003 shutdown_connections
2024-04-22T15:39:55.101 INFO:teuthology.orchestra.run.smithi016.stdout:/usr/bin/ceph: stderr
2024-04-22T15:39:54.491+0000 7fe774ccb700 1 -- 172.21.15.16:0/1794615003 wait complete.
2024-04-22T15:39:55.101 INFO:teuthology.orchestra.run.smithi016.stdout:mgr epoch 5 is available
2024-04-22T15:39:55.101 INFO:teuthology.orchestra.run.smithi016.stdout:Setting orchestrator backend to cephadm...
2024-04-22T15:39:55.666 INFO:journalctl@ceph.mon.smithi016.smithi016.stdout:Apr 22 15:39:55 smithi016 ceph-mon[26620]: from='client.14122 -' entity='client.admin' cmd=[{"prefix": "get_command_descriptions"}]: dispatch
2024-04-22T15:39:55.667 INFO:journalctl@ceph.mon.smithi016.smithi016.stdout:Apr 22 15:39:55 smithi016 ceph-mon[26620]: from='client.14122 -' entity='client.admin' cmd=[{"prefix": "mgr_status"}]: dispatch
2024-04-22T15:39:55.667 INFO:journalctl@ceph.mon.smithi016.smithi016.stdout:Apr 22 15:39:55 smithi016 ceph-mon[26620]: from='mgr.14118 172.21.15.16:0/1210457757' entity='mgr.smithi016.rnsnnr' cmd=[{"prefix": "config dump", "format": "json"}]: dispatch
2024-04-22T15:39:56.408 INFO:teuthology.orchestra.run.smithi016.stdout:/usr/bin/ceph: stderr
2024-04-22T15:39:55.505+0000 7f4792650700 1 Processor -- start
2024-04-22T15:39:56.408 INFO:teuthology.orchestra.run.smithi016.stdout:/usr/bin/ceph: stderr
2024-04-22T15:39:55.505+0000 7f4792650700 1 -- start start
2024-04-22T15:39:56.408 INFO:teuthology.orchestra.run.smithi016.stdout:/usr/bin/ceph: stderr
2024-04-22T15:39:55.506+0000 7f4792650700 1 --2- >> [v2:172.21.15.16:3300/0,v1:172.21.15.16:6789/0] conn(0x7f478c107020 0x7f478c109410 unknown :-1 s=NONE pgs=0 cs=0 l=0 rev1=0 crypto rx=0 tx=0 comp rx=0 tx=0).connect
2024-04-22T15:39:56.408 INFO:teuthology.orchestra.run.smithi016.stdout:/usr/bin/ceph: stderr
2024-04-22T15:39:55.506+0000 7f4792650700 1 -- --> [v2:172.21.15.16:3300/0,v1:172.21.15.16:6789/0] -- mon_getmap magic: 0 v1 -- 0x7f478c074640 con 0x7f478c107020
2024-04-22T15:39:56.408 INFO:teuthology.orchestra.run.smithi016.stdout:/usr/bin/ceph: stderr
2024-04-22T15:39:55.506+0000 7f478bfff700 1 --2- >> [v2:172.21.15.16:3300/0,v1:172.21.15.16:6789/0] conn(0x7f478c107020 0x7f478c109410 unknown :-1 s=BANNER_CONNECTING pgs=0 cs=0 l=0 rev1=0 crypto rx=0 tx=0 comp rx=0 tx=0)._handle_peer_banner_payload supported=3 required=0
2024-04-22T15:39:56.408 INFO:teuthology.orchestra.run.smithi016.stdout:/usr/bin/ceph: stderr
2024-04-22T15:39:55.506+0000 7f478bfff700 1 --2- >> [v2:172.21.15.16:3300/0,v1:172.21.15.16:6789/0] conn(0x7f478c107020 0x7f478c109410 unknown :-1 s=HELLO_CONNECTING pgs=0 cs=0 l=0 rev1=1 crypto rx=0 tx=0 comp rx=0 tx=0).handle_hello peer v2:172.21.15.16:3300/0 says I am v2:172.21.15.16:48314/0 (socket says 172.21.15.16:48314)
2024-04-22T15:39:56.408 INFO:teuthology.orchestra.run.smithi016.stdout:/usr/bin/ceph: stderr
2024-04-22T15:39:55.506+0000 7f478bfff700 1 -- 172.21.15.16:0/1312950877 learned_addr learned my addr 172.21.15.16:0/1312950877 (peer_addr_for_me v2:172.21.15.16:0/0)
2024-04-22T15:39:56.409 INFO:teuthology.orchestra.run.smithi016.stdout:/usr/bin/ceph: stderr
2024-04-22T15:39:55.506+0000 7f478bfff700 1 -- 172.21.15.16:0/1312950877 --> [v2:172.21.15.16:3300/0,v1:172.21.15.16:6789/0] -- mon_subscribe({config=0+,monmap=0+}) v3 -- 0x7f478c109950 con 0x7f478c107020
2024-04-22T15:39:56.409 INFO:teuthology.orchestra.run.smithi016.stdout:/usr/bin/ceph: stderr
2024-04-22T15:39:55.506+0000 7f478bfff700 1 --2- 172.21.15.16:0/1312950877 >> [v2:172.21.15.16:3300/0,v1:172.21.15.16:6789/0] conn(0x7f478c107020 0x7f478c109410 secure :-1 s=READY pgs=35 cs=0 l=1 rev1=1 crypto rx=0x7f477c0098a0 tx=0x7f477c009bb0 comp rx=0 tx=0).ready entity=mon.0 client_cookie=351a9a23f691b42d server_cookie=0 in_seq=0 out_seq=0
2024-04-22T15:39:56.409 INFO:teuthology.orchestra.run.smithi016.stdout:/usr/bin/ceph: stderr
2024-04-22T15:39:55.506+0000 7f478affd700 1 -- 172.21.15.16:0/1312950877 <== mon.0 v2:172.21.15.16:3300/0 1 ==== mon_map magic: 0 v1 ==== 229+0+0 (secure 0 0 0) 0x7f477c004180 con 0x7f478c107020
2024-04-22T15:39:56.409 INFO:teuthology.orchestra.run.smithi016.stdout:/usr/bin/ceph: stderr
2024-04-22T15:39:55.506+0000 7f478affd700 1 -- 172.21.15.16:0/1312950877 <== mon.0 v2:172.21.15.16:3300/0 2 ==== config(27 keys) v1 ==== 1037+0+0 (secure 0 0 0) 0x7f477c0042e0 con 0x7f478c107020
2024-04-22T15:39:56.409 INFO:teuthology.orchestra.run.smithi016.stdout:/usr/bin/ceph: stderr
2024-04-22T15:39:55.506+0000 7f478affd700 1 -- 172.21.15.16:0/1312950877 <== mon.0 v2:172.21.15.16:3300/0 3 ==== mon_map magic: 0 v1 ==== 229+0+0 (secure 0 0 0) 0x7f477c011a50 con 0x7f478c107020
2024-04-22T15:39:56.409 INFO:teuthology.orchestra.run.smithi016.stdout:/usr/bin/ceph: stderr
2024-04-22T15:39:55.507+0000 7f4792650700 1 -- 172.21.15.16:0/1312950877 >> [v2:172.21.15.16:3300/0,v1:172.21.15.16:6789/0] conn(0x7f478c107020 msgr2=0x7f478c109410 secure :-1 s=STATE_CONNECTION_ESTABLISHED l=1).mark_down
2024-04-22T15:39:56.409 INFO:teuthology.orchestra.run.smithi016.stdout:/usr/bin/ceph: stderr
2024-04-22T15:39:55.507+0000 7f4792650700 1 --2- 172.21.15.16:0/1312950877 >> [v2:172.21.15.16:3300/0,v1:172.21.15.16:6789/0] conn(0x7f478c107020 0x7f478c109410 secure :-1 s=READY pgs=35 cs=0 l=1 rev1=1 crypto rx=0x7f477c0098a0 tx=0x7f477c009bb0 comp rx=0 tx=0).stop
2024-04-22T15:39:56.409 INFO:teuthology.orchestra.run.smithi016.stdout:/usr/bin/ceph: stderr
2024-04-22T15:39:55.507+0000 7f4792650700 1 -- 172.21.15.16:0/1312950877 shutdown_connections
2024-04-22T15:39:56.409 INFO:teuthology.orchestra.run.smithi016.stdout:/usr/bin/ceph: stderr
2024-04-22T15:39:55.507+0000 7f4792650700 1 --2- 172.21.15.16:0/1312950877 >> [v2:172.21.15.16:3300/0,v1:172.21.15.16:6789/0] conn(0x7f478c107020 0x7f478c109410 unknown :-1 s=CLOSED pgs=35 cs=0 l=1 rev1=1 crypto rx=0 tx=0 comp rx=0 tx=0).stop
2024-04-22T15:39:56.409 INFO:teuthology.orchestra.run.smithi016.stdout:/usr/bin/ceph: stderr
2024-04-22T15:39:55.507+0000 7f4792650700 1 -- 172.21.15.16:0/1312950877 >> 172.21.15.16:0/1312950877 conn(0x7f478c1009f0 msgr2=0x7f478c102e50 unknown :-1 s=STATE_NONE l=0).mark_down
2024-04-22T15:39:56.409 INFO:teuthology.orchestra.run.smithi016.stdout:/usr/bin/ceph: stderr
2024-04-22T15:39:55.507+0000 7f4792650700 1 -- 172.21.15.16:0/1312950877 shutdown_connections
2024-04-22T15:39:56.409 INFO:teuthology.orchestra.run.smithi016.stdout:/usr/bin/ceph: stderr
2024-04-22T15:39:55.507+0000 7f4792650700 1 -- 172.21.15.16:0/1312950877 wait complete.
2024-04-22T15:39:56.409 INFO:teuthology.orchestra.run.smithi016.stdout:/usr/bin/ceph: stderr
2024-04-22T15:39:55.508+0000 7f4792650700 1 Processor -- start
2024-04-22T15:39:56.410 INFO:teuthology.orchestra.run.smithi016.stdout:/usr/bin/ceph: stderr
2024-04-22T15:39:55.508+0000 7f4792650700 1 -- start start
2024-04-22T15:39:56.410 INFO:teuthology.orchestra.run.smithi016.stdout:/usr/bin/ceph: stderr
2024-04-22T15:39:55.508+0000 7f4792650700 1 --2- >> [v2:172.21.15.16:3300/0,v1:172.21.15.16:6789/0] conn(0x7f478c107020 0x7f478c19a140 unknown :-1 s=NONE pgs=0 cs=0 l=1 rev1=0 crypto rx=0 tx=0 comp rx=0 tx=0).connect
2024-04-22T15:39:56.410 INFO:teuthology.orchestra.run.smithi016.stdout:/usr/bin/ceph: stderr
2024-04-22T15:39:55.508+0000 7f4792650700 1 -- --> [v2:172.21.15.16:3300/0,v1:172.21.15.16:6789/0] -- mon_getmap magic: 0 v1 -- 0x7f478c19a680 con 0x7f478c107020
2024-04-22T15:39:56.410 INFO:teuthology.orchestra.run.smithi016.stdout:/usr/bin/ceph: stderr
2024-04-22T15:39:55.508+0000 7f478bfff700 1 --2- >> [v2:172.21.15.16:3300/0,v1:172.21.15.16:6789/0] conn(0x7f478c107020 0x7f478c19a140 unknown :-1 s=BANNER_CONNECTING pgs=0 cs=0 l=1 rev1=0 crypto rx=0 tx=0 comp rx=0 tx=0)._handle_peer_banner_payload supported=3 required=0
2024-04-22T15:39:56.410 INFO:teuthology.orchestra.run.smithi016.stdout:/usr/bin/ceph: stderr
2024-04-22T15:39:55.508+0000 7f478bfff700 1 --2- >> [v2:172.21.15.16:3300/0,v1:172.21.15.16:6789/0] conn(0x7f478c107020 0x7f478c19a140 unknown :-1 s=HELLO_CONNECTING pgs=0 cs=0 l=1 rev1=1 crypto rx=0 tx=0 comp rx=0 tx=0).handle_hello peer v2:172.21.15.16:3300/0 says I am v2:172.21.15.16:48330/0 (socket says 172.21.15.16:48330)
2024-04-22T15:39:56.410 INFO:teuthology.orchestra.run.smithi016.stdout:/usr/bin/ceph: stderr
2024-04-22T15:39:55.508+0000 7f478bfff700 1 -- 172.21.15.16:0/2378889202 learned_addr learned my addr 172.21.15.16:0/2378889202 (peer_addr_for_me v2:172.21.15.16:0/0)
2024-04-22T15:39:56.410 INFO:teuthology.orchestra.run.smithi016.stdout:/usr/bin/ceph: stderr
2024-04-22T15:39:55.508+0000 7f478bfff700 1 -- 172.21.15.16:0/2378889202 --> [v2:172.21.15.16:3300/0,v1:172.21.15.16:6789/0] -- mon_subscribe({config=0+,monmap=0+}) v3 -- 0x7f477c009550 con 0x7f478c107020
2024-04-22T15:39:56.410 INFO:teuthology.orchestra.run.smithi016.stdout:/usr/bin/ceph: stderr
2024-04-22T15:39:55.508+0000 7f478bfff700 1 --2- 172.21.15.16:0/2378889202 >> [v2:172.21.15.16:3300/0,v1:172.21.15.16:6789/0] conn(0x7f478c107020 0x7f478c19a140 secure :-1 s=READY pgs=36 cs=0 l=1 rev1=1 crypto rx=0x7f477c0119e0 tx=0x7f477c011ac0 comp rx=0 tx=0).ready entity=mon.0 client_cookie=0 server_cookie=0 in_seq=0 out_seq=0
2024-04-22T15:39:56.410 INFO:teuthology.orchestra.run.smithi016.stdout:/usr/bin/ceph: stderr
2024-04-22T15:39:55.509+0000 7f47897fa700 1 -- 172.21.15.16:0/2378889202 <== mon.0 v2:172.21.15.16:3300/0 1 ==== mon_map magic: 0 v1 ==== 229+0+0 (secure 0 0 0) 0x7f477c003b90 con 0x7f478c107020
2024-04-22T15:39:56.410 INFO:teuthology.orchestra.run.smithi016.stdout:/usr/bin/ceph: stderr
2024-04-22T15:39:55.509+0000 7f47897fa700 1 -- 172.21.15.16:0/2378889202 <== mon.0 v2:172.21.15.16:3300/0 2 ==== config(27 keys) v1 ==== 1037+0+0 (secure 0 0 0) 0x7f477c01a8a0 con 0x7f478c107020
2024-04-22T15:39:56.410 INFO:teuthology.orchestra.run.smithi016.stdout:/usr/bin/ceph: stderr
2024-04-22T15:39:55.509+0000 7f4792650700 1 -- 172.21.15.16:0/2378889202 --> [v2:172.21.15.16:3300/0,v1:172.21.15.16:6789/0] -- mon_subscribe({mgrmap=0+}) v3 -- 0x7f478c19a880 con 0x7f478c107020
2024-04-22T15:39:56.410 INFO:teuthology.orchestra.run.smithi016.stdout:/usr/bin/ceph: stderr
2024-04-22T15:39:55.509+0000 7f47897fa700 1 -- 172.21.15.16:0/2378889202 <== mon.0 v2:172.21.15.16:3300/0 3 ==== mon_map magic: 0 v1 ==== 229+0+0 (secure 0 0 0) 0x7f477c019930 con 0x7f478c107020
2024-04-22T15:39:56.410 INFO:teuthology.orchestra.run.smithi016.stdout:/usr/bin/ceph: stderr
2024-04-22T15:39:55.509+0000 7f4792650700 1 -- 172.21.15.16:0/2378889202 --> [v2:172.21.15.16:3300/0,v1:172.21.15.16:6789/0] -- mon_subscribe({osdmap=0}) v3 -- 0x7f478c19ad20 con 0x7f478c107020
2024-04-22T15:39:56.410 INFO:teuthology.orchestra.run.smithi016.stdout:/usr/bin/ceph: stderr
2024-04-22T15:39:55.509+0000 7f47897fa700 1 -- 172.21.15.16:0/2378889202 <== mon.0 v2:172.21.15.16:3300/0 4 ==== mgrmap(e 7) v1 ==== 45177+0+0 (secure 0 0 0) 0x7f477c019ba0 con 0x7f478c107020
2024-04-22T15:39:56.411 INFO:teuthology.orchestra.run.smithi016.stdout:/usr/bin/ceph: stderr
2024-04-22T15:39:55.510+0000 7f47897fa700 1 --2- 172.21.15.16:0/2378889202 >> [v2:172.21.15.16:6800/3431522404,v1:172.21.15.16:6801/3431522404] conn(0x7f4774038210 0x7f477403a6d0 unknown :-1 s=NONE pgs=0 cs=0 l=1 rev1=0 crypto rx=0 tx=0 comp rx=0 tx=0).connect
2024-04-22T15:39:56.411 INFO:teuthology.orchestra.run.smithi016.stdout:/usr/bin/ceph: stderr
2024-04-22T15:39:55.510+0000 7f47897fa700 1 -- 172.21.15.16:0/2378889202 <== mon.0 v2:172.21.15.16:3300/0 5 ==== osd_map(2..2 src has 1..2) v4 ==== 940+0+0 (secure 0 0 0) 0x7f477c04c550 con 0x7f478c107020
2024-04-22T15:39:56.411 INFO:teuthology.orchestra.run.smithi016.stdout:/usr/bin/ceph: stderr
2024-04-22T15:39:55.510+0000 7f478b7fe700 1 --2- 172.21.15.16:0/2378889202 >> [v2:172.21.15.16:6800/3431522404,v1:172.21.15.16:6801/3431522404] conn(0x7f4774038210 0x7f477403a6d0 unknown :-1 s=BANNER_CONNECTING pgs=0 cs=0 l=1 rev1=0 crypto rx=0 tx=0 comp rx=0 tx=0)._handle_peer_banner_payload supported=3 required=0
2024-04-22T15:39:56.411 INFO:teuthology.orchestra.run.smithi016.stdout:/usr/bin/ceph: stderr
2024-04-22T15:39:55.510+0000 7f4792650700 1 -- 172.21.15.16:0/2378889202 --> [v2:172.21.15.16:3300/0,v1:172.21.15.16:6789/0] -- mon_command({"prefix": "get_command_descriptions"} v 0) v1 -- 0x7f478c0623c0 con 0x7f478c107020
2024-04-22T15:39:56.411 INFO:teuthology.orchestra.run.smithi016.stdout:/usr/bin/ceph: stderr
2024-04-22T15:39:55.510+0000 7f478b7fe700 1 --2- 172.21.15.16:0/2378889202 >> [v2:172.21.15.16:6800/3431522404,v1:172.21.15.16:6801/3431522404] conn(0x7f4774038210 0x7f477403a6d0 secure :-1 s=READY pgs=7 cs=0 l=1 rev1=1 crypto rx=0x7f4780006fd0 tx=0x7f4780006e40 comp rx=0 tx=0).ready entity=mgr.14118 client_cookie=0 server_cookie=0 in_seq=0 out_seq=0
2024-04-22T15:39:56.411 INFO:teuthology.orchestra.run.smithi016.stdout:/usr/bin/ceph: stderr
2024-04-22T15:39:55.515+0000 7f47897fa700 1 -- 172.21.15.16:0/2378889202 <== mon.0 v2:172.21.15.16:3300/0 6 ==== mon_command_ack([{"prefix": "get_command_descriptions"}]=0 v0) v1 ==== 72+0+180422 (secure 0 0 0) 0x7f477c02b930 con 0x7f478c107020
2024-04-22T15:39:56.411 INFO:teuthology.orchestra.run.smithi016.stdout:/usr/bin/ceph: stderr
2024-04-22T15:39:55.536+0000 7f47897fa700 1 -- 172.21.15.16:0/2378889202 <== mon.0 v2:172.21.15.16:3300/0 7 ==== mgrmap(e 8) v1 ==== 45283+0+0 (secure 0 0 0) 0x7f477c02c3a0 con 0x7f478c107020
2024-04-22T15:39:56.411 INFO:teuthology.orchestra.run.smithi016.stdout:/usr/bin/ceph: stderr
2024-04-22T15:39:55.736+0000 7f4792650700 1 -- 172.21.15.16:0/2378889202 --> [v2:172.21.15.16:6800/3431522404,v1:172.21.15.16:6801/3431522404] -- mgr_command(tid 0: {"prefix": "orch set backend", "module_name": "cephadm", "target": ["mon-mgr", ""]}) v1 -- 0x7f478c19d7a0 con 0x7f4774038210
2024-04-22T15:39:56.411 INFO:teuthology.orchestra.run.smithi016.stdout:/usr/bin/ceph: stderr
2024-04-22T15:39:55.742+0000 7f47897fa700 1 -- 172.21.15.16:0/2378889202 <== mgr.14118 v2:172.21.15.16:6800/3431522404 1 ==== mgr_command_reply(tid 0: 0 ) v1 ==== 8+0+0 (secure 0 0 0) 0x7f478c19d7a0 con 0x7f4774038210
2024-04-22T15:39:56.411 INFO:teuthology.orchestra.run.smithi016.stdout:/usr/bin/ceph: stderr
2024-04-22T15:39:55.744+0000 7f4792650700 1 -- 172.21.15.16:0/2378889202 >> [v2:172.21.15.16:6800/3431522404,v1:172.21.15.16:6801/3431522404] conn(0x7f4774038210 msgr2=0x7f477403a6d0 secure :-1 s=STATE_CONNECTION_ESTABLISHED l=1).mark_down
2024-04-22T15:39:56.411 INFO:teuthology.orchestra.run.smithi016.stdout:/usr/bin/ceph: stderr
2024-04-22T15:39:55.744+0000 7f4792650700 1 --2- 172.21.15.16:0/2378889202 >> [v2:172.21.15.16:6800/3431522404,v1:172.21.15.16:6801/3431522404] conn(0x7f4774038210 0x7f477403a6d0 secure :-1 s=READY pgs=7 cs=0 l=1 rev1=1 crypto rx=0x7f4780006fd0 tx=0x7f4780006e40 comp rx=0 tx=0).stop
2024-04-22T15:39:56.411 INFO:teuthology.orchestra.run.smithi016.stdout:/usr/bin/ceph: stderr
2024-04-22T15:39:55.744+0000 7f4792650700 1 -- 172.21.15.16:0/2378889202 >> [v2:172.21.15.16:3300/0,v1:172.21.15.16:6789/0] conn(0x7f478c107020 msgr2=0x7f478c19a140 secure :-1 s=STATE_CONNECTION_ESTABLISHED l=1).mark_down
2024-04-22T15:39:56.411 INFO:teuthology.orchestra.run.smithi016.stdout:/usr/bin/ceph: stderr
2024-04-22T15:39:55.744+0000 7f4792650700 1 --2- 172.21.15.16:0/2378889202 >> [v2:172.21.15.16:3300/0,v1:172.21.15.16:6789/0] conn(0x7f478c107020 0x7f478c19a140 secure :-1 s=READY pgs=36 cs=0 l=1 rev1=1 crypto rx=0x7f477c0119e0 tx=0x7f477c011ac0 comp rx=0 tx=0).stop
2024-04-22T15:39:56.412 INFO:teuthology.orchestra.run.smithi016.stdout:/usr/bin/ceph: stderr
2024-04-22T15:39:55.745+0000 7f4792650700 1 -- 172.21.15.16:0/2378889202 shutdown_connections
2024-04-22T15:39:56.412 INFO:teuthology.orchestra.run.smithi016.stdout:/usr/bin/ceph: stderr
2024-04-22T15:39:55.745+0000 7f4792650700 1 --2- 172.21.15.16:0/2378889202 >> [v2:172.21.15.16:6800/3431522404,v1:172.21.15.16:6801/3431522404] conn(0x7f4774038210 0x7f477403a6d0 unknown :-1 s=CLOSED pgs=7 cs=0 l=1 rev1=1 crypto rx=0 tx=0 comp rx=0 tx=0).stop
2024-04-22T15:39:56.412 INFO:teuthology.orchestra.run.smithi016.stdout:/usr/bin/ceph: stderr
2024-04-22T15:39:55.745+0000 7f4792650700 1 --2- 172.21.15.16:0/2378889202 >> [v2:172.21.15.16:3300/0,v1:172.21.15.16:6789/0] conn(0x7f478c107020 0x7f478c19a140 unknown :-1 s=CLOSED pgs=36 cs=0 l=1 rev1=1 crypto rx=0 tx=0 comp rx=0 tx=0).stop
2024-04-22T15:39:56.412 INFO:teuthology.orchestra.run.smithi016.stdout:/usr/bin/ceph: stderr
2024-04-22T15:39:55.745+0000 7f4792650700 1 -- 172.21.15.16:0/2378889202 >> 172.21.15.16:0/2378889202 conn(0x7f478c1009f0 msgr2=0x7f478c101740 unknown :-1 s=STATE_NONE l=0).mark_down
2024-04-22T15:39:56.412 INFO:teuthology.orchestra.run.smithi016.stdout:/usr/bin/ceph: stderr
2024-04-22T15:39:55.745+0000 7f4792650700 1 -- 172.21.15.16:0/2378889202 shutdown_connections
2024-04-22T15:39:56.412 INFO:teuthology.orchestra.run.smithi016.stdout:/usr/bin/ceph: stderr
2024-04-22T15:39:55.745+0000 7f4792650700 1 -- 172.21.15.16:0/2378889202 wait complete.
2024-04-22T15:39:56.667 INFO:journalctl@ceph.mon.smithi016.smithi016.stdout:Apr 22 15:39:56 smithi016 ceph-mon[26620]: [22/Apr/2024:15:39:54] ENGINE Bus STARTING
2024-04-22T15:39:56.667 INFO:journalctl@ceph.mon.smithi016.smithi016.stdout:Apr 22 15:39:56 smithi016 ceph-mon[26620]: [22/Apr/2024:15:39:55] ENGINE Serving on http://172.21.15.16:8765
2024-04-22T15:39:56.667 INFO:journalctl@ceph.mon.smithi016.smithi016.stdout:Apr 22 15:39:56 smithi016 ceph-mon[26620]: [22/Apr/2024:15:39:55] ENGINE Serving on https://172.21.15.16:7150
2024-04-22T15:39:56.667 INFO:journalctl@ceph.mon.smithi016.smithi016.stdout:Apr 22 15:39:56 smithi016 ceph-mon[26620]: [22/Apr/2024:15:39:55] ENGINE Bus STARTED
2024-04-22T15:39:56.667 INFO:journalctl@ceph.mon.smithi016.smithi016.stdout:Apr 22 15:39:56 smithi016 ceph-mon[26620]: mgrmap e8: smithi016.rnsnnr(active, since 2s)
2024-04-22T15:39:56.667 INFO:journalctl@ceph.mon.smithi016.smithi016.stdout:Apr 22 15:39:56 smithi016 ceph-mon[26620]: from='mgr.14118 172.21.15.16:0/1210457757' entity='mgr.smithi016.rnsnnr'
2024-04-22T15:39:56.667 INFO:journalctl@ceph.mon.smithi016.smithi016.stdout:Apr 22 15:39:56 smithi016 ceph-mon[26620]: from='mgr.14118 172.21.15.16:0/1210457757' entity='mgr.smithi016.rnsnnr' cmd=[{"prefix": "config dump", "format": "json"}]: dispatch
2024-04-22T15:39:57.574 INFO:journalctl@ceph.mon.smithi016.smithi016.stdout:Apr 22 15:39:57 smithi016 ceph-mon[26620]: from='client.14130 -' entity='client.admin' cmd=[{"prefix": "orch set backend", "module_name": "cephadm", "target": ["mon-mgr", ""]}]: dispatch
2024-04-22T15:39:57.583 INFO:teuthology.orchestra.run.smithi016.stdout:/usr/bin/ceph: stdout value unchanged
2024-04-22T15:39:57.583 INFO:teuthology.orchestra.run.smithi016.stdout:/usr/bin/ceph: stderr
2024-04-22T15:39:56.805+0000 7f7d8c76e700 1 Processor -- start
2024-04-22T15:39:57.583 INFO:teuthology.orchestra.run.smithi016.stdout:/usr/bin/ceph: stderr
2024-04-22T15:39:56.805+0000 7f7d8c76e700 1 -- start start
2024-04-22T15:39:57.583 INFO:teuthology.orchestra.run.smithi016.stdout:/usr/bin/ceph: stderr
2024-04-22T15:39:56.805+0000 7f7d8c76e700 1 --2- >> [v2:172.21.15.16:3300/0,v1:172.21.15.16:6789/0] conn(0x7f7d84107020 0x7f7d84109410 unknown :-1 s=NONE pgs=0 cs=0 l=0 rev1=0 crypto rx=0 tx=0 comp rx=0 tx=0).connect
2024-04-22T15:39:57.583 INFO:teuthology.orchestra.run.smithi016.stdout:/usr/bin/ceph: stderr
2024-04-22T15:39:56.805+0000 7f7d8c76e700 1 -- --> [v2:172.21.15.16:3300/0,v1:172.21.15.16:6789/0] -- mon_getmap magic: 0 v1 -- 0x7f7d84074640 con 0x7f7d84107020
2024-04-22T15:39:57.583 INFO:teuthology.orchestra.run.smithi016.stdout:/usr/bin/ceph: stderr
2024-04-22T15:39:56.805+0000 7f7d8a50a700 1 --2- >> [v2:172.21.15.16:3300/0,v1:172.21.15.16:6789/0] conn(0x7f7d84107020 0x7f7d84109410 unknown :-1 s=BANNER_CONNECTING pgs=0 cs=0 l=0 rev1=0 crypto rx=0 tx=0 comp rx=0 tx=0)._handle_peer_banner_payload supported=3 required=0
2024-04-22T15:39:57.583 INFO:teuthology.orchestra.run.smithi016.stdout:/usr/bin/ceph: stderr
2024-04-22T15:39:56.805+0000 7f7d8a50a700 1 --2- >> [v2:172.21.15.16:3300/0,v1:172.21.15.16:6789/0] conn(0x7f7d84107020 0x7f7d84109410 unknown :-1 s=HELLO_CONNECTING pgs=0 cs=0 l=0 rev1=1 crypto rx=0 tx=0 comp rx=0 tx=0).handle_hello peer v2:172.21.15.16:3300/0 says I am v2:172.21.15.16:48334/0 (socket says 172.21.15.16:48334)
2024-04-22T15:39:57.583 INFO:teuthology.orchestra.run.smithi016.stdout:/usr/bin/ceph: stderr
2024-04-22T15:39:56.805+0000 7f7d8a50a700 1 -- 172.21.15.16:0/3847798476 learned_addr learned my addr 172.21.15.16:0/3847798476 (peer_addr_for_me v2:172.21.15.16:0/0)
2024-04-22T15:39:57.583 INFO:teuthology.orchestra.run.smithi016.stdout:/usr/bin/ceph: stderr
2024-04-22T15:39:56.806+0000 7f7d8a50a700 1 -- 172.21.15.16:0/3847798476 --> [v2:172.21.15.16:3300/0,v1:172.21.15.16:6789/0] -- mon_subscribe({config=0+,monmap=0+}) v3 -- 0x7f7d84109950 con 0x7f7d84107020
2024-04-22T15:39:57.584 INFO:teuthology.orchestra.run.smithi016.stdout:/usr/bin/ceph: stderr
2024-04-22T15:39:56.806+0000 7f7d8a50a700 1 --2- 172.21.15.16:0/3847798476 >> [v2:172.21.15.16:3300/0,v1:172.21.15.16:6789/0] conn(0x7f7d84107020 0x7f7d84109410 secure :-1 s=READY pgs=37 cs=0 l=1 rev1=1 crypto rx=0x7f7d800098a0 tx=0x7f7d80009bb0 comp rx=0 tx=0).ready entity=mon.0 client_cookie=af3d257cf1de8e13 server_cookie=0 in_seq=0 out_seq=0
2024-04-22T15:39:57.584 INFO:teuthology.orchestra.run.smithi016.stdout:/usr/bin/ceph: stderr
2024-04-22T15:39:56.806+0000 7f7d89508700 1 -- 172.21.15.16:0/3847798476 <== mon.0 v2:172.21.15.16:3300/0 1 ==== mon_map magic: 0 v1 ==== 229+0+0 (secure 0 0 0) 0x7f7d80004180 con 0x7f7d84107020
2024-04-22T15:39:57.584 INFO:teuthology.orchestra.run.smithi016.stdout:/usr/bin/ceph: stderr
2024-04-22T15:39:56.806+0000 7f7d89508700 1 -- 172.21.15.16:0/3847798476 <== mon.0 v2:172.21.15.16:3300/0 2 ==== config(27 keys) v1 ==== 1037+0+0 (secure 0 0 0) 0x7f7d800042e0 con 0x7f7d84107020
2024-04-22T15:39:57.584 INFO:teuthology.orchestra.run.smithi016.stdout:/usr/bin/ceph: stderr
2024-04-22T15:39:56.806+0000 7f7d89508700 1 -- 172.21.15.16:0/3847798476 <== mon.0 v2:172.21.15.16:3300/0 3 ==== mon_map magic: 0 v1 ==== 229+0+0 (secure 0 0 0) 0x7f7d80011a50 con 0x7f7d84107020
2024-04-22T15:39:57.584 INFO:teuthology.orchestra.run.smithi016.stdout:/usr/bin/ceph: stderr
2024-04-22T15:39:56.806+0000 7f7d8c76e700 1 -- 172.21.15.16:0/3847798476 >> [v2:172.21.15.16:3300/0,v1:172.21.15.16:6789/0] conn(0x7f7d84107020 msgr2=0x7f7d84109410 secure :-1 s=STATE_CONNECTION_ESTABLISHED l=1).mark_down
2024-04-22T15:39:57.584 INFO:teuthology.orchestra.run.smithi016.stdout:/usr/bin/ceph: stderr
2024-04-22T15:39:56.806+0000 7f7d8c76e700 1 --2- 172.21.15.16:0/3847798476 >> [v2:172.21.15.16:3300/0,v1:172.21.15.16:6789/0] conn(0x7f7d84107020 0x7f7d84109410 secure :-1 s=READY pgs=37 cs=0 l=1 rev1=1 crypto rx=0x7f7d800098a0 tx=0x7f7d80009bb0 comp rx=0 tx=0).stop
2024-04-22T15:39:57.584 INFO:teuthology.orchestra.run.smithi016.stdout:/usr/bin/ceph: stderr
2024-04-22T15:39:56.807+0000 7f7d8c76e700 1 -- 172.21.15.16:0/3847798476 shutdown_connections
2024-04-22T15:39:57.584 INFO:teuthology.orchestra.run.smithi016.stdout:/usr/bin/ceph: stderr
2024-04-22T15:39:56.807+0000 7f7d8c76e700 1 --2- 172.21.15.16:0/3847798476 >> [v2:172.21.15.16:3300/0,v1:172.21.15.16:6789/0] conn(0x7f7d84107020 0x7f7d84109410 unknown :-1 s=CLOSED pgs=37 cs=0 l=1 rev1=1 crypto rx=0 tx=0 comp rx=0 tx=0).stop
2024-04-22T15:39:57.584 INFO:teuthology.orchestra.run.smithi016.stdout:/usr/bin/ceph: stderr
2024-04-22T15:39:56.807+0000 7f7d8c76e700 1 -- 172.21.15.16:0/3847798476 >> 172.21.15.16:0/3847798476 conn(0x7f7d841009f0 msgr2=0x7f7d84102e50 unknown :-1 s=STATE_NONE l=0).mark_down
2024-04-22T15:39:57.584 INFO:teuthology.orchestra.run.smithi016.stdout:/usr/bin/ceph: stderr
2024-04-22T15:39:56.807+0000 7f7d8c76e700 1 -- 172.21.15.16:0/3847798476 shutdown_connections
2024-04-22T15:39:57.584 INFO:teuthology.orchestra.run.smithi016.stdout:/usr/bin/ceph: stderr
2024-04-22T15:39:56.807+0000 7f7d8c76e700 1 -- 172.21.15.16:0/3847798476 wait complete.
2024-04-22T15:39:57.584 INFO:teuthology.orchestra.run.smithi016.stdout:/usr/bin/ceph: stderr
2024-04-22T15:39:56.807+0000 7f7d8c76e700 1 Processor -- start
2024-04-22T15:39:57.584 INFO:teuthology.orchestra.run.smithi016.stdout:/usr/bin/ceph: stderr
2024-04-22T15:39:56.807+0000 7f7d8c76e700 1 -- start start
2024-04-22T15:39:57.585 INFO:teuthology.orchestra.run.smithi016.stdout:/usr/bin/ceph: stderr
2024-04-22T15:39:56.808+0000 7f7d8c76e700 1 --2- >> [v2:172.21.15.16:3300/0,v1:172.21.15.16:6789/0] conn(0x7f7d84107020 0x7f7d8419a140 unknown :-1 s=NONE pgs=0 cs=0 l=1 rev1=0 crypto rx=0 tx=0 comp rx=0 tx=0).connect
2024-04-22T15:39:57.585 INFO:teuthology.orchestra.run.smithi016.stdout:/usr/bin/ceph: stderr
2024-04-22T15:39:56.808+0000 7f7d8c76e700 1 -- --> [v2:172.21.15.16:3300/0,v1:172.21.15.16:6789/0] -- mon_getmap magic: 0 v1 -- 0x7f7d8419a680 con 0x7f7d84107020
2024-04-22T15:39:57.585 INFO:teuthology.orchestra.run.smithi016.stdout:/usr/bin/ceph: stderr
2024-04-22T15:39:56.808+0000 7f7d8a50a700 1 --2- >> [v2:172.21.15.16:3300/0,v1:172.21.15.16:6789/0] conn(0x7f7d84107020 0x7f7d8419a140 unknown :-1 s=BANNER_CONNECTING pgs=0 cs=0 l=1 rev1=0 crypto rx=0 tx=0 comp rx=0 tx=0)._handle_peer_banner_payload supported=3 required=0
2024-04-22T15:39:57.585 INFO:teuthology.orchestra.run.smithi016.stdout:/usr/bin/ceph: stderr
2024-04-22T15:39:56.808+0000 7f7d8a50a700 1 --2- >> [v2:172.21.15.16:3300/0,v1:172.21.15.16:6789/0] conn(0x7f7d84107020 0x7f7d8419a140 unknown :-1 s=HELLO_CONNECTING pgs=0 cs=0 l=1 rev1=1 crypto rx=0 tx=0 comp rx=0 tx=0).handle_hello peer v2:172.21.15.16:3300/0 says I am v2:172.21.15.16:48344/0 (socket says 172.21.15.16:48344)
2024-04-22T15:39:57.585 INFO:teuthology.orchestra.run.smithi016.stdout:/usr/bin/ceph: stderr
2024-04-22T15:39:56.808+0000 7f7d8a50a700 1 -- 172.21.15.16:0/1906706241 learned_addr learned my addr 172.21.15.16:0/1906706241 (peer_addr_for_me v2:172.21.15.16:0/0)
2024-04-22T15:39:57.585 INFO:teuthology.orchestra.run.smithi016.stdout:/usr/bin/ceph: stderr
2024-04-22T15:39:56.808+0000 7f7d8a50a700 1 -- 172.21.15.16:0/1906706241 --> [v2:172.21.15.16:3300/0,v1:172.21.15.16:6789/0] -- mon_subscribe({config=0+,monmap=0+}) v3 -- 0x7f7d80009550 con 0x7f7d84107020
2024-04-22T15:39:57.585 INFO:teuthology.orchestra.run.smithi016.stdout:/usr/bin/ceph: stderr
2024-04-22T15:39:56.808+0000 7f7d8a50a700 1 --2- 172.21.15.16:0/1906706241 >> [v2:172.21.15.16:3300/0,v1:172.21.15.16:6789/0] conn(0x7f7d84107020 0x7f7d8419a140 secure :-1 s=READY pgs=38 cs=0 l=1 rev1=1 crypto rx=0x7f7d800119e0 tx=0x7f7d80011ac0 comp rx=0 tx=0).ready entity=mon.0 client_cookie=0 server_cookie=0 in_seq=0 out_seq=0
2024-04-22T15:39:57.585 INFO:teuthology.orchestra.run.smithi016.stdout:/usr/bin/ceph: stderr
2024-04-22T15:39:56.808+0000 7f7d7b7fe700 1 -- 172.21.15.16:0/1906706241 <== mon.0 v2:172.21.15.16:3300/0 1 ==== mon_map magic: 0 v1 ==== 229+0+0 (secure 0 0 0) 0x7f7d80003b90 con 0x7f7d84107020
2024-04-22T15:39:57.585 INFO:teuthology.orchestra.run.smithi016.stdout:/usr/bin/ceph: stderr
2024-04-22T15:39:56.808+0000 7f7d7b7fe700 1 -- 172.21.15.16:0/1906706241 <== mon.0 v2:172.21.15.16:3300/0 2 ==== config(27 keys) v1 ==== 1037+0+0 (secure 0 0 0) 0x7f7d8001a8a0 con 0x7f7d84107020
2024-04-22T15:39:57.585 INFO:teuthology.orchestra.run.smithi016.stdout:/usr/bin/ceph: stderr
2024-04-22T15:39:56.808+0000 7f7d8c76e700 1 -- 172.21.15.16:0/1906706241 --> [v2:172.21.15.16:3300/0,v1:172.21.15.16:6789/0] -- mon_subscribe({mgrmap=0+}) v3 -- 0x7f7d8419a880 con 0x7f7d84107020
2024-04-22T15:39:57.585 INFO:teuthology.orchestra.run.smithi016.stdout:/usr/bin/ceph: stderr
2024-04-22T15:39:56.808+0000 7f7d7b7fe700 1 -- 172.21.15.16:0/1906706241 <== mon.0 v2:172.21.15.16:3300/0 3 ==== mon_map magic: 0 v1 ==== 229+0+0 (secure 0 0 0) 0x7f7d80019930 con 0x7f7d84107020
2024-04-22T15:39:57.585 INFO:teuthology.orchestra.run.smithi016.stdout:/usr/bin/ceph: stderr
2024-04-22T15:39:56.808+0000 7f7d8c76e700 1 -- 172.21.15.16:0/1906706241 --> [v2:172.21.15.16:3300/0,v1:172.21.15.16:6789/0] -- mon_subscribe({osdmap=0}) v3 -- 0x7f7d8419ad20 con 0x7f7d84107020
2024-04-22T15:39:57.585 INFO:teuthology.orchestra.run.smithi016.stdout:/usr/bin/ceph: stderr
2024-04-22T15:39:56.809+0000 7f7d7b7fe700 1 -- 172.21.15.16:0/1906706241 <== mon.0 v2:172.21.15.16:3300/0 4 ==== mgrmap(e 8) v1 ==== 45283+0+0 (secure 0 0 0) 0x7f7d80019ba0 con 0x7f7d84107020
2024-04-22T15:39:57.585 INFO:teuthology.orchestra.run.smithi016.stdout:/usr/bin/ceph: stderr
2024-04-22T15:39:56.809+0000 7f7d7b7fe700 1 --2- 172.21.15.16:0/1906706241 >> [v2:172.21.15.16:6800/3431522404,v1:172.21.15.16:6801/3431522404] conn(0x7f7d70038330 0x7f7d7003a7f0 unknown :-1 s=NONE pgs=0 cs=0 l=1 rev1=0 crypto rx=0 tx=0 comp rx=0 tx=0).connect
2024-04-22T15:39:57.586 INFO:teuthology.orchestra.run.smithi016.stdout:/usr/bin/ceph: stderr
