2024-04-22T15:54:36.866 INFO:teuthology.orchestra.run.smithi170.stdout:/usr/bin/ceph: stderr
2024-04-22T15:54:34.848+0000 7f681affd700 1 -- 172.21.15.170:0/1405709363 learned_addr learned my addr 172.21.15.170:0/1405709363 (peer_addr_for_me v2:172.21.15.170:0/0)
2024-04-22T15:54:36.866 INFO:teuthology.orchestra.run.smithi170.stdout:/usr/bin/ceph: stderr
2024-04-22T15:54:34.848+0000 7f681affd700 1 -- 172.21.15.170:0/1405709363 --> [v2:172.21.15.170:3300/0,v1:172.21.15.170:6789/0] -- mon_subscribe({config=0+,monmap=0+}) v3 -- 0x7f681c07a9f0 con 0x7f681c07be80
2024-04-22T15:54:36.866 INFO:teuthology.orchestra.run.smithi170.stdout:/usr/bin/ceph: stderr
2024-04-22T15:54:34.848+0000 7f681affd700 1 --2- 172.21.15.170:0/1405709363 >> [v2:172.21.15.170:3300/0,v1:172.21.15.170:6789/0] conn(0x7f681c07be80 0x7f681c07a2e0 secure :-1 s=READY pgs=82 cs=0 l=1 rev1=1 crypto rx=0x7f680c0098a0 tx=0x7f680c009bb0 comp rx=0 tx=0).ready entity=mon.0 client_cookie=64d8a79e84683f01 server_cookie=0 in_seq=0 out_seq=0
2024-04-22T15:54:36.867 INFO:teuthology.orchestra.run.smithi170.stdout:/usr/bin/ceph: stderr
2024-04-22T15:54:34.848+0000 7f681a7fc700 1 -- 172.21.15.170:0/1405709363 <== mon.0 v2:172.21.15.170:3300/0 1 ==== mon_map magic: 0 v1 ==== 229+0+0 (secure 0 0 0) 0x7f680c004180 con 0x7f681c07be80
2024-04-22T15:54:36.867 INFO:teuthology.orchestra.run.smithi170.stdout:/usr/bin/ceph: stderr
2024-04-22T15:54:34.848+0000 7f681a7fc700 1 -- 172.21.15.170:0/1405709363 <== mon.0 v2:172.21.15.170:3300/0 2 ==== config(27 keys) v1 ==== 1101+0+0 (secure 0 0 0) 0x7f680c0042e0 con 0x7f681c07be80
2024-04-22T15:54:36.867 INFO:teuthology.orchestra.run.smithi170.stdout:/usr/bin/ceph: stderr
2024-04-22T15:54:34.848+0000 7f681a7fc700 1 -- 172.21.15.170:0/1405709363 <== mon.0 v2:172.21.15.170:3300/0 3 ==== mon_map magic: 0 v1 ==== 229+0+0 (secure 0 0 0) 0x7f680c011af0 con 0x7f681c07be80
2024-04-22T15:54:36.867 INFO:teuthology.orchestra.run.smithi170.stdout:/usr/bin/ceph: stderr
2024-04-22T15:54:34.849+0000 7f68217cd700 1 -- 172.21.15.170:0/1405709363 >> [v2:172.21.15.170:3300/0,v1:172.21.15.170:6789/0] conn(0x7f681c07be80 msgr2=0x7f681c07a2e0 secure :-1 s=STATE_CONNECTION_ESTABLISHED l=1).mark_down
2024-04-22T15:54:36.867 INFO:teuthology.orchestra.run.smithi170.stdout:/usr/bin/ceph: stderr
2024-04-22T15:54:34.849+0000 7f68217cd700 1 --2- 172.21.15.170:0/1405709363 >> [v2:172.21.15.170:3300/0,v1:172.21.15.170:6789/0] conn(0x7f681c07be80 0x7f681c07a2e0 secure :-1 s=READY pgs=82 cs=0 l=1 rev1=1 crypto rx=0x7f680c0098a0 tx=0x7f680c009bb0 comp rx=0 tx=0).stop
2024-04-22T15:54:36.867 INFO:teuthology.orchestra.run.smithi170.stdout:/usr/bin/ceph: stderr
2024-04-22T15:54:34.849+0000 7f68217cd700 1 -- 172.21.15.170:0/1405709363 shutdown_connections
2024-04-22T15:54:36.867 INFO:teuthology.orchestra.run.smithi170.stdout:/usr/bin/ceph: stderr
2024-04-22T15:54:34.849+0000 7f68217cd700 1 --2- 172.21.15.170:0/1405709363 >> [v2:172.21.15.170:3300/0,v1:172.21.15.170:6789/0] conn(0x7f681c07be80 0x7f681c07a2e0 unknown :-1 s=CLOSED pgs=82 cs=0 l=1 rev1=1 crypto rx=0 tx=0 comp rx=0 tx=0).stop
2024-04-22T15:54:36.867 INFO:teuthology.orchestra.run.smithi170.stdout:/usr/bin/ceph: stderr
2024-04-22T15:54:34.849+0000 7f68217cd700 1 -- 172.21.15.170:0/1405709363 >> 172.21.15.170:0/1405709363 conn(0x7f681c101b00 msgr2=0x7f681c103f60 unknown :-1 s=STATE_NONE l=0).mark_down
2024-04-22T15:54:36.867 INFO:teuthology.orchestra.run.smithi170.stdout:/usr/bin/ceph: stderr
2024-04-22T15:54:34.849+0000 7f68217cd700 1 -- 172.21.15.170:0/1405709363 shutdown_connections
2024-04-22T15:54:36.867 INFO:teuthology.orchestra.run.smithi170.stdout:/usr/bin/ceph: stderr
2024-04-22T15:54:34.849+0000 7f68217cd700 1 -- 172.21.15.170:0/1405709363 wait complete.
2024-04-22T15:54:36.867 INFO:teuthology.orchestra.run.smithi170.stdout:/usr/bin/ceph: stderr
2024-04-22T15:54:34.850+0000 7f68217cd700 1 Processor -- start
2024-04-22T15:54:36.867 INFO:teuthology.orchestra.run.smithi170.stdout:/usr/bin/ceph: stderr
2024-04-22T15:54:34.850+0000 7f68217cd700 1 -- start start
2024-04-22T15:54:36.867 INFO:teuthology.orchestra.run.smithi170.stdout:/usr/bin/ceph: stderr
2024-04-22T15:54:34.850+0000 7f68217cd700 1 --2- >> [v2:172.21.15.170:3300/0,v1:172.21.15.170:6789/0] conn(0x7f681c07be80 0x7f681c19c4b0 unknown :-1 s=NONE pgs=0 cs=0 l=1 rev1=0 crypto rx=0 tx=0 comp rx=0 tx=0).connect
2024-04-22T15:54:36.867 INFO:teuthology.orchestra.run.smithi170.stdout:/usr/bin/ceph: stderr
2024-04-22T15:54:34.850+0000 7f68217cd700 1 -- --> [v2:172.21.15.170:3300/0,v1:172.21.15.170:6789/0] -- mon_getmap magic: 0 v1 -- 0x7f681c19c9f0 con 0x7f681c07be80
2024-04-22T15:54:36.868 INFO:teuthology.orchestra.run.smithi170.stdout:/usr/bin/ceph: stderr
2024-04-22T15:54:34.850+0000 7f681affd700 1 --2- >> [v2:172.21.15.170:3300/0,v1:172.21.15.170:6789/0] conn(0x7f681c07be80 0x7f681c19c4b0 unknown :-1 s=BANNER_CONNECTING pgs=0 cs=0 l=1 rev1=0 crypto rx=0 tx=0 comp rx=0 tx=0)._handle_peer_banner_payload supported=3 required=0
2024-04-22T15:54:36.868 INFO:teuthology.orchestra.run.smithi170.stdout:/usr/bin/ceph: stderr
2024-04-22T15:54:34.850+0000 7f681affd700 1 --2- >> [v2:172.21.15.170:3300/0,v1:172.21.15.170:6789/0] conn(0x7f681c07be80 0x7f681c19c4b0 unknown :-1 s=HELLO_CONNECTING pgs=0 cs=0 l=1 rev1=1 crypto rx=0 tx=0 comp rx=0 tx=0).handle_hello peer v2:172.21.15.170:3300/0 says I am v2:172.21.15.170:40872/0 (socket says 172.21.15.170:40872)
2024-04-22T15:54:36.868 INFO:teuthology.orchestra.run.smithi170.stdout:/usr/bin/ceph: stderr
2024-04-22T15:54:34.850+0000 7f681affd700 1 -- 172.21.15.170:0/3502501325 learned_addr learned my addr 172.21.15.170:0/3502501325 (peer_addr_for_me v2:172.21.15.170:0/0)
2024-04-22T15:54:36.868 INFO:teuthology.orchestra.run.smithi170.stdout:/usr/bin/ceph: stderr
2024-04-22T15:54:34.850+0000 7f681affd700 1 -- 172.21.15.170:0/3502501325 --> [v2:172.21.15.170:3300/0,v1:172.21.15.170:6789/0] -- mon_subscribe({config=0+,monmap=0+}) v3 -- 0x7f680c009550 con 0x7f681c07be80
2024-04-22T15:54:36.868 INFO:teuthology.orchestra.run.smithi170.stdout:/usr/bin/ceph: stderr
2024-04-22T15:54:34.850+0000 7f681affd700 1 --2- 172.21.15.170:0/3502501325 >> [v2:172.21.15.170:3300/0,v1:172.21.15.170:6789/0] conn(0x7f681c07be80 0x7f681c19c4b0 secure :-1 s=READY pgs=83 cs=0 l=1 rev1=1 crypto rx=0x7f680c011670 tx=0x7f680c011aa0 comp rx=0 tx=0).ready entity=mon.0 client_cookie=0 server_cookie=0 in_seq=0 out_seq=0
2024-04-22T15:54:36.868 INFO:teuthology.orchestra.run.smithi170.stdout:/usr/bin/ceph: stderr
2024-04-22T15:54:34.850+0000 7f6818ff9700 1 -- 172.21.15.170:0/3502501325 <== mon.0 v2:172.21.15.170:3300/0 1 ==== mon_map magic: 0 v1 ==== 229+0+0 (secure 0 0 0) 0x7f680c0039c0 con 0x7f681c07be80
2024-04-22T15:54:36.868 INFO:teuthology.orchestra.run.smithi170.stdout:/usr/bin/ceph: stderr
2024-04-22T15:54:34.851+0000 7f6818ff9700 1 -- 172.21.15.170:0/3502501325 <== mon.0 v2:172.21.15.170:3300/0 2 ==== config(27 keys) v1 ==== 1101+0+0 (secure 0 0 0) 0x7f680c003b20 con 0x7f681c07be80
2024-04-22T15:54:36.868 INFO:teuthology.orchestra.run.smithi170.stdout:/usr/bin/ceph: stderr
2024-04-22T15:54:34.851+0000 7f68217cd700 1 -- 172.21.15.170:0/3502501325 --> [v2:172.21.15.170:3300/0,v1:172.21.15.170:6789/0] -- mon_subscribe({mgrmap=0+}) v3 -- 0x7f681c19cbf0 con 0x7f681c07be80
2024-04-22T15:54:36.868 INFO:teuthology.orchestra.run.smithi170.stdout:/usr/bin/ceph: stderr
2024-04-22T15:54:34.851+0000 7f6818ff9700 1 -- 172.21.15.170:0/3502501325 <== mon.0 v2:172.21.15.170:3300/0 3 ==== mon_map magic: 0 v1 ==== 229+0+0 (secure 0 0 0) 0x7f680c0247f0 con 0x7f681c07be80
2024-04-22T15:54:36.868 INFO:teuthology.orchestra.run.smithi170.stdout:/usr/bin/ceph: stderr
2024-04-22T15:54:34.851+0000 7f68217cd700 1 -- 172.21.15.170:0/3502501325 --> [v2:172.21.15.170:3300/0,v1:172.21.15.170:6789/0] -- mon_subscribe({osdmap=0}) v3 -- 0x7f681c19d090 con 0x7f681c07be80
2024-04-22T15:54:36.868 INFO:teuthology.orchestra.run.smithi170.stdout:/usr/bin/ceph: stderr
2024-04-22T15:54:34.851+0000 7f6818ff9700 1 -- 172.21.15.170:0/3502501325 <== mon.0 v2:172.21.15.170:3300/0 4 ==== mgrmap(e 12) v1 ==== 45296+0+0 (secure 0 0 0) 0x7f680c024a60 con 0x7f681c07be80
2024-04-22T15:54:36.868 INFO:teuthology.orchestra.run.smithi170.stdout:/usr/bin/ceph: stderr
2024-04-22T15:54:34.852+0000 7f68217cd700 1 -- 172.21.15.170:0/3502501325 --> [v2:172.21.15.170:3300/0,v1:172.21.15.170:6789/0] -- mon_command({"prefix": "get_command_descriptions"} v 0) v1 -- 0x7f681c10c940 con 0x7f681c07be80
2024-04-22T15:54:36.868 INFO:teuthology.orchestra.run.smithi170.stdout:/usr/bin/ceph: stderr
2024-04-22T15:54:34.852+0000 7f6818ff9700 1 --2- 172.21.15.170:0/3502501325 >> [v2:172.21.15.170:6800/1982055401,v1:172.21.15.170:6801/1982055401] conn(0x7f6808038380 0x7f680803a840 unknown :-1 s=NONE pgs=0 cs=0 l=1 rev1=0 crypto rx=0 tx=0 comp rx=0 tx=0).connect
2024-04-22T15:54:36.868 INFO:teuthology.orchestra.run.smithi170.stdout:/usr/bin/ceph: stderr
2024-04-22T15:54:34.852+0000 7f6818ff9700 1 -- 172.21.15.170:0/3502501325 <== mon.0 v2:172.21.15.170:3300/0 5 ==== osd_map(3..3 src has 1..3) v4 ==== 1155+0+0 (secure 0 0 0) 0x7f680c04c5e0 con 0x7f681c07be80
2024-04-22T15:54:36.868 INFO:teuthology.orchestra.run.smithi170.stdout:/usr/bin/ceph: stderr
2024-04-22T15:54:34.852+0000 7f68127fc700 1 --2- 172.21.15.170:0/3502501325 >> [v2:172.21.15.170:6800/1982055401,v1:172.21.15.170:6801/1982055401] conn(0x7f6808038380 0x7f680803a840 unknown :-1 s=BANNER_CONNECTING pgs=0 cs=0 l=1 rev1=0 crypto rx=0 tx=0 comp rx=0 tx=0)._handle_peer_banner_payload supported=3 required=0
2024-04-22T15:54:36.869 INFO:teuthology.orchestra.run.smithi170.stdout:/usr/bin/ceph: stderr
2024-04-22T15:54:34.852+0000 7f68127fc700 1 --2- 172.21.15.170:0/3502501325 >> [v2:172.21.15.170:6800/1982055401,v1:172.21.15.170:6801/1982055401] conn(0x7f6808038380 0x7f680803a840 secure :-1 s=READY pgs=8 cs=0 l=1 rev1=1 crypto rx=0x7f6804006fd0 tx=0x7f6804006e40 comp rx=0 tx=0).ready entity=mgr.14162 client_cookie=0 server_cookie=0 in_seq=0 out_seq=0
2024-04-22T15:54:36.869 INFO:teuthology.orchestra.run.smithi170.stdout:/usr/bin/ceph: stderr
2024-04-22T15:54:34.857+0000 7f6818ff9700 1 -- 172.21.15.170:0/3502501325 <== mon.0 v2:172.21.15.170:3300/0 6 ==== mon_command_ack([{"prefix": "get_command_descriptions"}]=0 v0) v1 ==== 72+0+180422 (secure 0 0 0) 0x7f680c02dc90 con 0x7f681c07be80
2024-04-22T15:54:36.869 INFO:teuthology.orchestra.run.smithi170.stdout:/usr/bin/ceph: stderr
2024-04-22T15:54:35.068+0000 7f68217cd700 1 -- 172.21.15.170:0/3502501325 --> [v2:172.21.15.170:6800/1982055401,v1:172.21.15.170:6801/1982055401] -- mgr_command(tid 0: {"prefix": "dashboard ac-user-create", "username": "admin", "rolename": "administrator", "force_password": true, "pwd_update_required": true, "target": ["mon-mgr", ""]}) v1 -- 0x7f681c0621e0 con 0x7f6808038380
2024-04-22T15:54:36.869 INFO:teuthology.orchestra.run.smithi170.stdout:/usr/bin/ceph: stderr
2024-04-22T15:54:35.296+0000 7f6818ff9700 1 -- 172.21.15.170:0/3502501325 <== mgr.14162 v2:172.21.15.170:6800/1982055401 1 ==== mgr_command_reply(tid 0: 0 ) v1 ==== 8+0+252 (secure 0 0 0) 0x7f681c0621e0 con 0x7f6808038380
2024-04-22T15:54:36.869 INFO:teuthology.orchestra.run.smithi170.stdout:/usr/bin/ceph: stderr
2024-04-22T15:54:35.298+0000 7f68217cd700 1 -- 172.21.15.170:0/3502501325 >> [v2:172.21.15.170:6800/1982055401,v1:172.21.15.170:6801/1982055401] conn(0x7f6808038380 msgr2=0x7f680803a840 secure :-1 s=STATE_CONNECTION_ESTABLISHED l=1).mark_down
2024-04-22T15:54:36.869 INFO:teuthology.orchestra.run.smithi170.stdout:/usr/bin/ceph: stderr
2024-04-22T15:54:35.298+0000 7f68217cd700 1 --2- 172.21.15.170:0/3502501325 >> [v2:172.21.15.170:6800/1982055401,v1:172.21.15.170:6801/1982055401] conn(0x7f6808038380 0x7f680803a840 secure :-1 s=READY pgs=8 cs=0 l=1 rev1=1 crypto rx=0x7f6804006fd0 tx=0x7f6804006e40 comp rx=0 tx=0).stop
2024-04-22T15:54:36.869 INFO:teuthology.orchestra.run.smithi170.stdout:/usr/bin/ceph: stderr
2024-04-22T15:54:35.298+0000 7f68217cd700 1 -- 172.21.15.170:0/3502501325 >> [v2:172.21.15.170:3300/0,v1:172.21.15.170:6789/0] conn(0x7f681c07be80 msgr2=0x7f681c19c4b0 secure :-1 s=STATE_CONNECTION_ESTABLISHED l=1).mark_down
2024-04-22T15:54:36.869 INFO:teuthology.orchestra.run.smithi170.stdout:/usr/bin/ceph: stderr
2024-04-22T15:54:35.298+0000 7f68217cd700 1 --2- 172.21.15.170:0/3502501325 >> [v2:172.21.15.170:3300/0,v1:172.21.15.170:6789/0] conn(0x7f681c07be80 0x7f681c19c4b0 secure :-1 s=READY pgs=83 cs=0 l=1 rev1=1 crypto rx=0x7f680c011670 tx=0x7f680c011aa0 comp rx=0 tx=0).stop
2024-04-22T15:54:36.869 INFO:teuthology.orchestra.run.smithi170.stdout:/usr/bin/ceph: stderr
2024-04-22T15:54:35.299+0000 7f68217cd700 1 -- 172.21.15.170:0/3502501325 shutdown_connections
2024-04-22T15:54:36.869 INFO:teuthology.orchestra.run.smithi170.stdout:/usr/bin/ceph: stderr
2024-04-22T15:54:35.299+0000 7f68217cd700 1 --2- 172.21.15.170:0/3502501325 >> [v2:172.21.15.170:6800/1982055401,v1:172.21.15.170:6801/1982055401] conn(0x7f6808038380 0x7f680803a840 unknown :-1 s=CLOSED pgs=8 cs=0 l=1 rev1=1 crypto rx=0 tx=0 comp rx=0 tx=0).stop
2024-04-22T15:54:36.869 INFO:teuthology.orchestra.run.smithi170.stdout:/usr/bin/ceph: stderr
2024-04-22T15:54:35.299+0000 7f68217cd700 1 --2- 172.21.15.170:0/3502501325 >> [v2:172.21.15.170:3300/0,v1:172.21.15.170:6789/0] conn(0x7f681c07be80 0x7f681c19c4b0 unknown :-1 s=CLOSED pgs=83 cs=0 l=1 rev1=1 crypto rx=0 tx=0 comp rx=0 tx=0).stop
2024-04-22T15:54:36.869 INFO:teuthology.orchestra.run.smithi170.stdout:/usr/bin/ceph: stderr
2024-04-22T15:54:35.299+0000 7f68217cd700 1 -- 172.21.15.170:0/3502501325 >> 172.21.15.170:0/3502501325 conn(0x7f681c101b00 msgr2=0x7f681c103280 unknown :-1 s=STATE_NONE l=0).mark_down
2024-04-22T15:54:36.869 INFO:teuthology.orchestra.run.smithi170.stdout:/usr/bin/ceph: stderr
2024-04-22T15:54:35.299+0000 7f68217cd700 1 -- 172.21.15.170:0/3502501325 shutdown_connections
2024-04-22T15:54:36.870 INFO:teuthology.orchestra.run.smithi170.stdout:/usr/bin/ceph: stderr
2024-04-22T15:54:35.299+0000 7f68217cd700 1 -- 172.21.15.170:0/3502501325 wait complete.
2024-04-22T15:54:36.870 INFO:teuthology.orchestra.run.smithi170.stdout:Fetching dashboard port number...
2024-04-22T15:54:38.022 INFO:teuthology.orchestra.run.smithi170.stdout:/usr/bin/ceph: stdout 8443
2024-04-22T15:54:38.023 INFO:teuthology.orchestra.run.smithi170.stdout:/usr/bin/ceph: stderr
2024-04-22T15:54:37.263+0000 7f86e81ca700 1 Processor -- start
2024-04-22T15:54:38.023 INFO:teuthology.orchestra.run.smithi170.stdout:/usr/bin/ceph: stderr
2024-04-22T15:54:37.264+0000 7f86e81ca700 1 -- start start
2024-04-22T15:54:38.023 INFO:teuthology.orchestra.run.smithi170.stdout:/usr/bin/ceph: stderr
2024-04-22T15:54:37.264+0000 7f86e81ca700 1 --2- >> [v2:172.21.15.170:3300/0,v1:172.21.15.170:6789/0] conn(0x7f86e0104850 0x7f86e0104c70 unknown :-1 s=NONE pgs=0 cs=0 l=0 rev1=0 crypto rx=0 tx=0 comp rx=0 tx=0).connect
2024-04-22T15:54:38.023 INFO:teuthology.orchestra.run.smithi170.stdout:/usr/bin/ceph: stderr
2024-04-22T15:54:37.264+0000 7f86e81ca700 1 -- --> [v2:172.21.15.170:3300/0,v1:172.21.15.170:6789/0] -- mon_getmap magic: 0 v1 -- 0x7f86e0105240 con 0x7f86e0104850
2024-04-22T15:54:38.023 INFO:teuthology.orchestra.run.smithi170.stdout:/usr/bin/ceph: stderr
2024-04-22T15:54:37.264+0000 7f86e5f66700 1 --2- >> [v2:172.21.15.170:3300/0,v1:172.21.15.170:6789/0] conn(0x7f86e0104850 0x7f86e0104c70 unknown :-1 s=BANNER_CONNECTING pgs=0 cs=0 l=0 rev1=0 crypto rx=0 tx=0 comp rx=0 tx=0)._handle_peer_banner_payload supported=3 required=0
2024-04-22T15:54:38.023 INFO:teuthology.orchestra.run.smithi170.stdout:/usr/bin/ceph: stderr
2024-04-22T15:54:37.264+0000 7f86e5f66700 1 --2- >> [v2:172.21.15.170:3300/0,v1:172.21.15.170:6789/0] conn(0x7f86e0104850 0x7f86e0104c70 unknown :-1 s=HELLO_CONNECTING pgs=0 cs=0 l=0 rev1=1 crypto rx=0 tx=0 comp rx=0 tx=0).handle_hello peer v2:172.21.15.170:3300/0 says I am v2:172.21.15.170:40878/0 (socket says 172.21.15.170:40878)
2024-04-22T15:54:38.023 INFO:teuthology.orchestra.run.smithi170.stdout:/usr/bin/ceph: stderr
2024-04-22T15:54:37.264+0000 7f86e5f66700 1 -- 172.21.15.170:0/176684954 learned_addr learned my addr 172.21.15.170:0/176684954 (peer_addr_for_me v2:172.21.15.170:0/0)
2024-04-22T15:54:38.023 INFO:teuthology.orchestra.run.smithi170.stdout:/usr/bin/ceph: stderr
2024-04-22T15:54:37.264+0000 7f86e5f66700 1 -- 172.21.15.170:0/176684954 --> [v2:172.21.15.170:3300/0,v1:172.21.15.170:6789/0] -- mon_subscribe({config=0+,monmap=0+}) v3 -- 0x7f86e0105380 con 0x7f86e0104850
2024-04-22T15:54:38.023 INFO:teuthology.orchestra.run.smithi170.stdout:/usr/bin/ceph: stderr
2024-04-22T15:54:37.264+0000 7f86e5f66700 1 --2- 172.21.15.170:0/176684954 >> [v2:172.21.15.170:3300/0,v1:172.21.15.170:6789/0] conn(0x7f86e0104850 0x7f86e0104c70 secure :-1 s=READY pgs=84 cs=0 l=1 rev1=1 crypto rx=0x7f86dc0098a0 tx=0x7f86dc009bb0 comp rx=0 tx=0).ready entity=mon.0 client_cookie=bcc7a23eb9bdf20b server_cookie=0 in_seq=0 out_seq=0
2024-04-22T15:54:38.023 INFO:teuthology.orchestra.run.smithi170.stdout:/usr/bin/ceph: stderr
2024-04-22T15:54:37.265+0000 7f86e4f64700 1 -- 172.21.15.170:0/176684954 <== mon.0 v2:172.21.15.170:3300/0 1 ==== mon_map magic: 0 v1 ==== 229+0+0 (secure 0 0 0) 0x7f86dc004180 con 0x7f86e0104850
2024-04-22T15:54:38.023 INFO:teuthology.orchestra.run.smithi170.stdout:/usr/bin/ceph: stderr
2024-04-22T15:54:37.265+0000 7f86e4f64700 1 -- 172.21.15.170:0/176684954 <== mon.0 v2:172.21.15.170:3300/0 2 ==== config(27 keys) v1 ==== 1101+0+0 (secure 0 0 0) 0x7f86dc0042e0 con 0x7f86e0104850
2024-04-22T15:54:38.023 INFO:teuthology.orchestra.run.smithi170.stdout:/usr/bin/ceph: stderr
2024-04-22T15:54:37.265+0000 7f86e4f64700 1 -- 172.21.15.170:0/176684954 <== mon.0 v2:172.21.15.170:3300/0 3 ==== mon_map magic: 0 v1 ==== 229+0+0 (secure 0 0 0) 0x7f86dc011af0 con 0x7f86e0104850
2024-04-22T15:54:38.024 INFO:teuthology.orchestra.run.smithi170.stdout:/usr/bin/ceph: stderr
2024-04-22T15:54:37.265+0000 7f86e81ca700 1 -- 172.21.15.170:0/176684954 >> [v2:172.21.15.170:3300/0,v1:172.21.15.170:6789/0] conn(0x7f86e0104850 msgr2=0x7f86e0104c70 secure :-1 s=STATE_CONNECTION_ESTABLISHED l=1).mark_down
2024-04-22T15:54:38.024 INFO:teuthology.orchestra.run.smithi170.stdout:/usr/bin/ceph: stderr
2024-04-22T15:54:37.265+0000 7f86e81ca700 1 --2- 172.21.15.170:0/176684954 >> [v2:172.21.15.170:3300/0,v1:172.21.15.170:6789/0] conn(0x7f86e0104850 0x7f86e0104c70 secure :-1 s=READY pgs=84 cs=0 l=1 rev1=1 crypto rx=0x7f86dc0098a0 tx=0x7f86dc009bb0 comp rx=0 tx=0).stop
2024-04-22T15:54:38.024 INFO:teuthology.orchestra.run.smithi170.stdout:/usr/bin/ceph: stderr
2024-04-22T15:54:37.265+0000 7f86e81ca700 1 -- 172.21.15.170:0/176684954 shutdown_connections
2024-04-22T15:54:38.024 INFO:teuthology.orchestra.run.smithi170.stdout:/usr/bin/ceph: stderr
2024-04-22T15:54:37.265+0000 7f86e81ca700 1 --2- 172.21.15.170:0/176684954 >> [v2:172.21.15.170:3300/0,v1:172.21.15.170:6789/0] conn(0x7f86e0104850 0x7f86e0104c70 unknown :-1 s=CLOSED pgs=84 cs=0 l=1 rev1=1 crypto rx=0 tx=0 comp rx=0 tx=0).stop
2024-04-22T15:54:38.024 INFO:teuthology.orchestra.run.smithi170.stdout:/usr/bin/ceph: stderr
2024-04-22T15:54:37.265+0000 7f86e81ca700 1 -- 172.21.15.170:0/176684954 >> 172.21.15.170:0/176684954 conn(0x7f86e0100190 msgr2=0x7f86e01025d0 unknown :-1 s=STATE_NONE l=0).mark_down
2024-04-22T15:54:38.024 INFO:teuthology.orchestra.run.smithi170.stdout:/usr/bin/ceph: stderr
2024-04-22T15:54:37.265+0000 7f86e81ca700 1 -- 172.21.15.170:0/176684954 shutdown_connections
2024-04-22T15:54:38.024 INFO:teuthology.orchestra.run.smithi170.stdout:/usr/bin/ceph: stderr
2024-04-22T15:54:37.265+0000 7f86e81ca700 1 -- 172.21.15.170:0/176684954 wait complete.
2024-04-22T15:54:38.024 INFO:teuthology.orchestra.run.smithi170.stdout:/usr/bin/ceph: stderr
2024-04-22T15:54:37.266+0000 7f86e81ca700 1 Processor -- start
2024-04-22T15:54:38.024 INFO:teuthology.orchestra.run.smithi170.stdout:/usr/bin/ceph: stderr
2024-04-22T15:54:37.266+0000 7f86e81ca700 1 -- start start
2024-04-22T15:54:38.024 INFO:teuthology.orchestra.run.smithi170.stdout:/usr/bin/ceph: stderr
2024-04-22T15:54:37.266+0000 7f86e81ca700 1 --2- >> [v2:172.21.15.170:3300/0,v1:172.21.15.170:6789/0] conn(0x7f86e0104850 0x7f86e0107230 unknown :-1 s=NONE pgs=0 cs=0 l=1 rev1=0 crypto rx=0 tx=0 comp rx=0 tx=0).connect
2024-04-22T15:54:38.024 INFO:teuthology.orchestra.run.smithi170.stdout:/usr/bin/ceph: stderr
2024-04-22T15:54:37.266+0000 7f86e81ca700 1 -- --> [v2:172.21.15.170:3300/0,v1:172.21.15.170:6789/0] -- mon_getmap magic: 0 v1 -- 0x7f86e0107770 con 0x7f86e0104850
2024-04-22T15:54:38.024 INFO:teuthology.orchestra.run.smithi170.stdout:/usr/bin/ceph: stderr
2024-04-22T15:54:37.266+0000 7f86e5f66700 1 --2- >> [v2:172.21.15.170:3300/0,v1:172.21.15.170:6789/0] conn(0x7f86e0104850 0x7f86e0107230 unknown :-1 s=BANNER_CONNECTING pgs=0 cs=0 l=1 rev1=0 crypto rx=0 tx=0 comp rx=0 tx=0)._handle_peer_banner_payload supported=3 required=0
2024-04-22T15:54:38.024 INFO:teuthology.orchestra.run.smithi170.stdout:/usr/bin/ceph: stderr
2024-04-22T15:54:37.266+0000 7f86e5f66700 1 --2- >> [v2:172.21.15.170:3300/0,v1:172.21.15.170:6789/0] conn(0x7f86e0104850 0x7f86e0107230 unknown :-1 s=HELLO_CONNECTING pgs=0 cs=0 l=1 rev1=1 crypto rx=0 tx=0 comp rx=0 tx=0).handle_hello peer v2:172.21.15.170:3300/0 says I am v2:172.21.15.170:40888/0 (socket says 172.21.15.170:40888)
2024-04-22T15:54:38.024 INFO:teuthology.orchestra.run.smithi170.stdout:/usr/bin/ceph: stderr
2024-04-22T15:54:37.266+0000 7f86e5f66700 1 -- 172.21.15.170:0/1183631088 learned_addr learned my addr 172.21.15.170:0/1183631088 (peer_addr_for_me v2:172.21.15.170:0/0)
2024-04-22T15:54:38.024 INFO:teuthology.orchestra.run.smithi170.stdout:/usr/bin/ceph: stderr
2024-04-22T15:54:37.266+0000 7f86e5f66700 1 -- 172.21.15.170:0/1183631088 --> [v2:172.21.15.170:3300/0,v1:172.21.15.170:6789/0] -- mon_subscribe({config=0+,monmap=0+}) v3 -- 0x7f86dc009550 con 0x7f86e0104850
2024-04-22T15:54:38.025 INFO:teuthology.orchestra.run.smithi170.stdout:/usr/bin/ceph: stderr
2024-04-22T15:54:37.267+0000 7f86e5f66700 1 --2- 172.21.15.170:0/1183631088 >> [v2:172.21.15.170:3300/0,v1:172.21.15.170:6789/0] conn(0x7f86e0104850 0x7f86e0107230 secure :-1 s=READY pgs=85 cs=0 l=1 rev1=1 crypto rx=0x7f86dc000c00 tx=0x7f86dc011b50 comp rx=0 tx=0).ready entity=mon.0 client_cookie=0 server_cookie=0 in_seq=0 out_seq=0
2024-04-22T15:54:38.025 INFO:teuthology.orchestra.run.smithi170.stdout:/usr/bin/ceph: stderr
2024-04-22T15:54:37.267+0000 7f86d6ffd700 1 -- 172.21.15.170:0/1183631088 <== mon.0 v2:172.21.15.170:3300/0 1 ==== mon_map magic: 0 v1 ==== 229+0+0 (secure 0 0 0) 0x7f86dc003a70 con 0x7f86e0104850
2024-04-22T15:54:38.025 INFO:teuthology.orchestra.run.smithi170.stdout:/usr/bin/ceph: stderr
2024-04-22T15:54:37.267+0000 7f86d6ffd700 1 -- 172.21.15.170:0/1183631088 <== mon.0 v2:172.21.15.170:3300/0 2 ==== config(27 keys) v1 ==== 1101+0+0 (secure 0 0 0) 0x7f86dc003bd0 con 0x7f86e0104850
2024-04-22T15:54:38.025 INFO:teuthology.orchestra.run.smithi170.stdout:/usr/bin/ceph: stderr
2024-04-22T15:54:37.267+0000 7f86e81ca700 1 -- 172.21.15.170:0/1183631088 --> [v2:172.21.15.170:3300/0,v1:172.21.15.170:6789/0] -- mon_subscribe({mgrmap=0+}) v3 -- 0x7f86e01058e0 con 0x7f86e0104850
2024-04-22T15:54:38.025 INFO:teuthology.orchestra.run.smithi170.stdout:/usr/bin/ceph: stderr
2024-04-22T15:54:37.267+0000 7f86d6ffd700 1 -- 172.21.15.170:0/1183631088 <== mon.0 v2:172.21.15.170:3300/0 3 ==== mon_map magic: 0 v1 ==== 229+0+0 (secure 0 0 0) 0x7f86dc0238c0 con 0x7f86e0104850
2024-04-22T15:54:38.025 INFO:teuthology.orchestra.run.smithi170.stdout:/usr/bin/ceph: stderr
2024-04-22T15:54:37.267+0000 7f86e81ca700 1 -- 172.21.15.170:0/1183631088 --> [v2:172.21.15.170:3300/0,v1:172.21.15.170:6789/0] -- mon_subscribe({osdmap=0}) v3 -- 0x7f86e0105de0 con 0x7f86e0104850
2024-04-22T15:54:38.025 INFO:teuthology.orchestra.run.smithi170.stdout:/usr/bin/ceph: stderr
2024-04-22T15:54:37.267+0000 7f86d6ffd700 1 -- 172.21.15.170:0/1183631088 <== mon.0 v2:172.21.15.170:3300/0 4 ==== mgrmap(e 12) v1 ==== 45296+0+0 (secure 0 0 0) 0x7f86dc023b80 con 0x7f86e0104850
2024-04-22T15:54:38.025 INFO:teuthology.orchestra.run.smithi170.stdout:/usr/bin/ceph: stderr
2024-04-22T15:54:37.268+0000 7f86e81ca700 1 -- 172.21.15.170:0/1183631088 --> [v2:172.21.15.170:3300/0,v1:172.21.15.170:6789/0] -- mon_command({"prefix": "get_command_descriptions"} v 0) v1 -- 0x7f86e00623c0 con 0x7f86e0104850
2024-04-22T15:54:38.025 INFO:teuthology.orchestra.run.smithi170.stdout:/usr/bin/ceph: stderr
2024-04-22T15:54:37.268+0000 7f86d6ffd700 1 --2- 172.21.15.170:0/1183631088 >> [v2:172.21.15.170:6800/1982055401,v1:172.21.15.170:6801/1982055401] conn(0x7f86cc038370 0x7f86cc03a830 unknown :-1 s=NONE pgs=0 cs=0 l=1 rev1=0 crypto rx=0 tx=0 comp rx=0 tx=0).connect
2024-04-22T15:54:38.025 INFO:teuthology.orchestra.run.smithi170.stdout:/usr/bin/ceph: stderr
2024-04-22T15:54:37.268+0000 7f86d6ffd700 1 -- 172.21.15.170:0/1183631088 <== mon.0 v2:172.21.15.170:3300/0 5 ==== osd_map(3..3 src has 1..3) v4 ==== 1155+0+0 (secure 0 0 0) 0x7f86dc04c250 con 0x7f86e0104850
2024-04-22T15:54:38.025 INFO:teuthology.orchestra.run.smithi170.stdout:/usr/bin/ceph: stderr
2024-04-22T15:54:37.268+0000 7f86e5765700 1 --2- 172.21.15.170:0/1183631088 >> [v2:172.21.15.170:6800/1982055401,v1:172.21.15.170:6801/1982055401] conn(0x7f86cc038370 0x7f86cc03a830 unknown :-1 s=BANNER_CONNECTING pgs=0 cs=0 l=1 rev1=0 crypto rx=0 tx=0 comp rx=0 tx=0)._handle_peer_banner_payload supported=3 required=0
2024-04-22T15:54:38.025 INFO:teuthology.orchestra.run.smithi170.stdout:/usr/bin/ceph: stderr
2024-04-22T15:54:37.268+0000 7f86e5765700 1 --2- 172.21.15.170:0/1183631088 >> [v2:172.21.15.170:6800/1982055401,v1:172.21.15.170:6801/1982055401] conn(0x7f86cc038370 0x7f86cc03a830 secure :-1 s=READY pgs=9 cs=0 l=1 rev1=1 crypto rx=0x7f86d0006fd0 tx=0x7f86d0006e40 comp rx=0 tx=0).ready entity=mgr.14162 client_cookie=0 server_cookie=0 in_seq=0 out_seq=0
2024-04-22T15:54:38.025 INFO:teuthology.orchestra.run.smithi170.stdout:/usr/bin/ceph: stderr
2024-04-22T15:54:37.273+0000 7f86d6ffd700 1 -- 172.21.15.170:0/1183631088 <== mon.0 v2:172.21.15.170:3300/0 6 ==== mon_command_ack([{"prefix": "get_command_descriptions"}]=0 v0) v1 ==== 72+0+180422 (secure 0 0 0) 0x7f86dc010970 con 0x7f86e0104850
2024-04-22T15:54:38.025 INFO:teuthology.orchestra.run.smithi170.stdout:/usr/bin/ceph: stderr
2024-04-22T15:54:37.325+0000 7f86d6ffd700 1 -- 172.21.15.170:0/1183631088 <== mon.0 v2:172.21.15.170:3300/0 7 ==== mgrmap(e 13) v1 ==== 45340+0+0 (secure 0 0 0) 0x7f86dc0193c0 con 0x7f86e0104850
2024-04-22T15:54:38.025 INFO:teuthology.orchestra.run.smithi170.stdout:/usr/bin/ceph: stderr
2024-04-22T15:54:37.461+0000 7f86e81ca700 1 -- 172.21.15.170:0/1183631088 --> [v2:172.21.15.170:3300/0,v1:172.21.15.170:6789/0] -- mon_command({"prefix": "config get", "who": "mgr", "key": "mgr/dashboard/ssl_server_port"} v 0) v1 -- 0x7f86e0108470 con 0x7f86e0104850
2024-04-22T15:54:38.026 INFO:teuthology.orchestra.run.smithi170.stdout:/usr/bin/ceph: stderr
2024-04-22T15:54:37.461+0000 7f86d6ffd700 1 -- 172.21.15.170:0/1183631088 <== mon.0 v2:172.21.15.170:3300/0 8 ==== mon_command_ack([{"prefix": "config get", "who": "mgr", "key": "mgr/dashboard/ssl_server_port"}]=0 v8) v1 ==== 112+0+5 (secure 0 0 0) 0x7f86dc018350 con 0x7f86e0104850
2024-04-22T15:54:38.026 INFO:teuthology.orchestra.run.smithi170.stdout:/usr/bin/ceph: stderr
2024-04-22T15:54:37.463+0000 7f86e81ca700 1 -- 172.21.15.170:0/1183631088 >> [v2:172.21.15.170:6800/1982055401,v1:172.21.15.170:6801/1982055401] conn(0x7f86cc038370 msgr2=0x7f86cc03a830 secure :-1 s=STATE_CONNECTION_ESTABLISHED l=1).mark_down
2024-04-22T15:54:38.026 INFO:teuthology.orchestra.run.smithi170.stdout:/usr/bin/ceph: stderr
2024-04-22T15:54:37.463+0000 7f86e81ca700 1 --2- 172.21.15.170:0/1183631088 >> [v2:172.21.15.170:6800/1982055401,v1:172.21.15.170:6801/1982055401] conn(0x7f86cc038370 0x7f86cc03a830 secure :-1 s=READY pgs=9 cs=0 l=1 rev1=1 crypto rx=0x7f86d0006fd0 tx=0x7f86d0006e40 comp rx=0 tx=0).stop
2024-04-22T15:54:38.026 INFO:teuthology.orchestra.run.smithi170.stdout:/usr/bin/ceph: stderr
2024-04-22T15:54:37.463+0000 7f86e81ca700 1 -- 172.21.15.170:0/1183631088 >> [v2:172.21.15.170:3300/0,v1:172.21.15.170:6789/0] conn(0x7f86e0104850 msgr2=0x7f86e0107230 secure :-1 s=STATE_CONNECTION_ESTABLISHED l=1).mark_down
2024-04-22T15:54:38.026 INFO:teuthology.orchestra.run.smithi170.stdout:/usr/bin/ceph: stderr
2024-04-22T15:54:37.463+0000 7f86e81ca700 1 --2- 172.21.15.170:0/1183631088 >> [v2:172.21.15.170:3300/0,v1:172.21.15.170:6789/0] conn(0x7f86e0104850 0x7f86e0107230 secure :-1 s=READY pgs=85 cs=0 l=1 rev1=1 crypto rx=0x7f86dc000c00 tx=0x7f86dc011b50 comp rx=0 tx=0).stop
2024-04-22T15:54:38.026 INFO:teuthology.orchestra.run.smithi170.stdout:/usr/bin/ceph: stderr
2024-04-22T15:54:37.463+0000 7f86e81ca700 1 -- 172.21.15.170:0/1183631088 shutdown_connections
2024-04-22T15:54:38.026 INFO:teuthology.orchestra.run.smithi170.stdout:/usr/bin/ceph: stderr
2024-04-22T15:54:37.463+0000 7f86e81ca700 1 --2- 172.21.15.170:0/1183631088 >> [v2:172.21.15.170:6800/1982055401,v1:172.21.15.170:6801/1982055401] conn(0x7f86cc038370 0x7f86cc03a830 unknown :-1 s=CLOSED pgs=9 cs=0 l=1 rev1=1 crypto rx=0 tx=0 comp rx=0 tx=0).stop
2024-04-22T15:54:38.026 INFO:teuthology.orchestra.run.smithi170.stdout:/usr/bin/ceph: stderr
2024-04-22T15:54:37.463+0000 7f86e81ca700 1 --2- 172.21.15.170:0/1183631088 >> [v2:172.21.15.170:3300/0,v1:172.21.15.170:6789/0] conn(0x7f86e0104850 0x7f86e0107230 unknown :-1 s=CLOSED pgs=85 cs=0 l=1 rev1=1 crypto rx=0 tx=0 comp rx=0 tx=0).stop
2024-04-22T15:54:38.026 INFO:teuthology.orchestra.run.smithi170.stdout:/usr/bin/ceph: stderr
2024-04-22T15:54:37.463+0000 7f86e81ca700 1 -- 172.21.15.170:0/1183631088 >> 172.21.15.170:0/1183631088 conn(0x7f86e0100190 msgr2=0x7f86e0100f40 unknown :-1 s=STATE_NONE l=0).mark_down
2024-04-22T15:54:38.026 INFO:teuthology.orchestra.run.smithi170.stdout:/usr/bin/ceph: stderr
2024-04-22T15:54:37.463+0000 7f86e81ca700 1 -- 172.21.15.170:0/1183631088 shutdown_connections
2024-04-22T15:54:38.026 INFO:teuthology.orchestra.run.smithi170.stdout:/usr/bin/ceph: stderr
2024-04-22T15:54:37.463+0000 7f86e81ca700 1 -- 172.21.15.170:0/1183631088 wait complete.
2024-04-22T15:54:38.028 INFO:teuthology.orchestra.run.smithi170.stdout:Non-zero exit code 1 from systemctl is-enabled firewalld.service
2024-04-22T15:54:38.029 INFO:teuthology.orchestra.run.smithi170.stdout:systemctl: stdout disabled
2024-04-22T15:54:38.035 INFO:teuthology.orchestra.run.smithi170.stdout:Non-zero exit code 3 from systemctl is-active firewalld.service
2024-04-22T15:54:38.035 INFO:teuthology.orchestra.run.smithi170.stdout:systemctl: stdout inactive
2024-04-22T15:54:38.035 INFO:teuthology.orchestra.run.smithi170.stdout:firewalld.service is not enabled
2024-04-22T15:54:38.035 INFO:teuthology.orchestra.run.smithi170.stdout:Not possible to open ports <[8443]>. firewalld.service is not available
2024-04-22T15:54:38.037 INFO:teuthology.orchestra.run.smithi170.stdout:Ceph Dashboard is now available at:
2024-04-22T15:54:38.037 INFO:teuthology.orchestra.run.smithi170.stdout:
2024-04-22T15:54:38.037 INFO:teuthology.orchestra.run.smithi170.stdout: URL: https://smithi170:8443/
2024-04-22T15:54:38.037 INFO:teuthology.orchestra.run.smithi170.stdout: User: admin
2024-04-22T15:54:38.037 INFO:teuthology.orchestra.run.smithi170.stdout: Password: 11g367aggg
2024-04-22T15:54:38.037 INFO:teuthology.orchestra.run.smithi170.stdout:
2024-04-22T15:54:38.037 INFO:teuthology.orchestra.run.smithi170.stdout:Saving cluster configuration to /var/lib/ceph/5f24f0a2-00c0-11ef-bc93-c7b262605968/config directory
2024-04-22T15:54:38.038 INFO:teuthology.orchestra.run.smithi170.stdout:Enabling autotune for osd_memory_target
2024-04-22T15:54:38.583 INFO:journalctl@ceph.mon.smithi170.smithi170.stdout:Apr 22 15:54:38 smithi170 ceph-mon[26635]: mgrmap e13: smithi170.feqxmz(active, since 6s)
2024-04-22T15:54:38.584 INFO:journalctl@ceph.mon.smithi170.smithi170.stdout:Apr 22 15:54:38 smithi170 ceph-mon[26635]: from='client.? 172.21.15.170:0/1183631088' entity='client.admin' cmd=[{"prefix": "config get", "who": "mgr", "key": "mgr/dashboard/ssl_server_port"}]: dispatch
2024-04-22T15:54:39.220 INFO:teuthology.orchestra.run.smithi170.stdout:/usr/bin/ceph: stderr
2024-04-22T15:54:38.465+0000 7f84732d5700 1 Processor -- start
2024-04-22T15:54:39.220 INFO:teuthology.orchestra.run.smithi170.stdout:/usr/bin/ceph: stderr
2024-04-22T15:54:38.465+0000 7f84732d5700 1 -- start start
2024-04-22T15:54:39.220 INFO:teuthology.orchestra.run.smithi170.stdout:/usr/bin/ceph: stderr
2024-04-22T15:54:38.465+0000 7f84732d5700 1 --2- >> [v2:172.21.15.170:3300/0,v1:172.21.15.170:6789/0] conn(0x7f846c07bea0 0x7f846c07a300 unknown :-1 s=NONE pgs=0 cs=0 l=0 rev1=0 crypto rx=0 tx=0 comp rx=0 tx=0).connect
2024-04-22T15:54:39.220 INFO:teuthology.orchestra.run.smithi170.stdout:/usr/bin/ceph: stderr
2024-04-22T15:54:38.465+0000 7f84732d5700 1 -- --> [v2:172.21.15.170:3300/0,v1:172.21.15.170:6789/0] -- mon_getmap magic: 0 v1 -- 0x7f846c07a8d0 con 0x7f846c07bea0
2024-04-22T15:54:39.220 INFO:teuthology.orchestra.run.smithi170.stdout:/usr/bin/ceph: stderr
2024-04-22T15:54:38.465+0000 7f8471071700 1 --2- >> [v2:172.21.15.170:3300/0,v1:172.21.15.170:6789/0] conn(0x7f846c07bea0 0x7f846c07a300 unknown :-1 s=BANNER_CONNECTING pgs=0 cs=0 l=0 rev1=0 crypto rx=0 tx=0 comp rx=0 tx=0)._handle_peer_banner_payload supported=3 required=0
2024-04-22T15:54:39.220 INFO:teuthology.orchestra.run.smithi170.stdout:/usr/bin/ceph: stderr
2024-04-22T15:54:38.465+0000 7f8471071700 1 --2- >> [v2:172.21.15.170:3300/0,v1:172.21.15.170:6789/0] conn(0x7f846c07bea0 0x7f846c07a300 unknown :-1 s=HELLO_CONNECTING pgs=0 cs=0 l=0 rev1=1 crypto rx=0 tx=0 comp rx=0 tx=0).handle_hello peer v2:172.21.15.170:3300/0 says I am v2:172.21.15.170:40904/0 (socket says 172.21.15.170:40904)
2024-04-22T15:54:39.220 INFO:teuthology.orchestra.run.smithi170.stdout:/usr/bin/ceph: stderr
2024-04-22T15:54:38.465+0000 7f8471071700 1 -- 172.21.15.170:0/3550218377 learned_addr learned my addr 172.21.15.170:0/3550218377 (peer_addr_for_me v2:172.21.15.170:0/0)
2024-04-22T15:54:39.220 INFO:teuthology.orchestra.run.smithi170.stdout:/usr/bin/ceph: stderr
2024-04-22T15:54:38.465+0000 7f8471071700 1 -- 172.21.15.170:0/3550218377 --> [v2:172.21.15.170:3300/0,v1:172.21.15.170:6789/0] -- mon_subscribe({config=0+,monmap=0+}) v3 -- 0x7f846c07aa10 con 0x7f846c07bea0
2024-04-22T15:54:39.220 INFO:teuthology.orchestra.run.smithi170.stdout:/usr/bin/ceph: stderr
2024-04-22T15:54:38.465+0000 7f8471071700 1 --2- 172.21.15.170:0/3550218377 >> [v2:172.21.15.170:3300/0,v1:172.21.15.170:6789/0] conn(0x7f846c07bea0 0x7f846c07a300 secure :-1 s=READY pgs=86 cs=0 l=1 rev1=1 crypto rx=0x7f845c0098a0 tx=0x7f845c009bb0 comp rx=0 tx=0).ready entity=mon.0 client_cookie=367484925d860501 server_cookie=0 in_seq=0 out_seq=0
2024-04-22T15:54:39.220 INFO:teuthology.orchestra.run.smithi170.stdout:/usr/bin/ceph: stderr
2024-04-22T15:54:38.466+0000 7f8463fff700 1 -- 172.21.15.170:0/3550218377 <== mon.0 v2:172.21.15.170:3300/0 1 ==== mon_map magic: 0 v1 ==== 229+0+0 (secure 0 0 0) 0x7f845c004180 con 0x7f846c07bea0
2024-04-22T15:54:39.221 INFO:teuthology.orchestra.run.smithi170.stdout:/usr/bin/ceph: stderr
2024-04-22T15:54:38.466+0000 7f8463fff700 1 -- 172.21.15.170:0/3550218377 <== mon.0 v2:172.21.15.170:3300/0 2 ==== config(27 keys) v1 ==== 1101+0+0 (secure 0 0 0) 0x7f845c0042e0 con 0x7f846c07bea0
2024-04-22T15:54:39.221 INFO:teuthology.orchestra.run.smithi170.stdout:/usr/bin/ceph: stderr
2024-04-22T15:54:38.466+0000 7f8463fff700 1 -- 172.21.15.170:0/3550218377 <== mon.0 v2:172.21.15.170:3300/0 3 ==== mon_map magic: 0 v1 ==== 229+0+0 (secure 0 0 0) 0x7f845c011af0 con 0x7f846c07bea0
2024-04-22T15:54:39.221 INFO:teuthology.orchestra.run.smithi170.stdout:/usr/bin/ceph: stderr
2024-04-22T15:54:38.466+0000 7f84732d5700 1 -- 172.21.15.170:0/3550218377 >> [v2:172.21.15.170:3300/0,v1:172.21.15.170:6789/0] conn(0x7f846c07bea0 msgr2=0x7f846c07a300 secure :-1 s=STATE_CONNECTION_ESTABLISHED l=1).mark_down
2024-04-22T15:54:39.221 INFO:teuthology.orchestra.run.smithi170.stdout:/usr/bin/ceph: stderr
2024-04-22T15:54:38.466+0000 7f84732d5700 1 --2- 172.21.15.170:0/3550218377 >> [v2:172.21.15.170:3300/0,v1:172.21.15.170:6789/0] conn(0x7f846c07bea0 0x7f846c07a300 secure :-1 s=READY pgs=86 cs=0 l=1 rev1=1 crypto rx=0x7f845c0098a0 tx=0x7f845c009bb0 comp rx=0 tx=0).stop
2024-04-22T15:54:39.221 INFO:teuthology.orchestra.run.smithi170.stdout:/usr/bin/ceph: stderr
2024-04-22T15:54:38.466+0000 7f84732d5700 1 -- 172.21.15.170:0/3550218377 shutdown_connections
2024-04-22T15:54:39.221 INFO:teuthology.orchestra.run.smithi170.stdout:/usr/bin/ceph: stderr
2024-04-22T15:54:38.466+0000 7f84732d5700 1 --2- 172.21.15.170:0/3550218377 >> [v2:172.21.15.170:3300/0,v1:172.21.15.170:6789/0] conn(0x7f846c07bea0 0x7f846c07a300 unknown :-1 s=CLOSED pgs=86 cs=0 l=1 rev1=1 crypto rx=0 tx=0 comp rx=0 tx=0).stop
2024-04-22T15:54:39.221 INFO:teuthology.orchestra.run.smithi170.stdout:/usr/bin/ceph: stderr
2024-04-22T15:54:38.466+0000 7f84732d5700 1 -- 172.21.15.170:0/3550218377 >> 172.21.15.170:0/3550218377 conn(0x7f846c101b00 msgr2=0x7f846c103f60 unknown :-1 s=STATE_NONE l=0).mark_down
2024-04-22T15:54:39.221 INFO:teuthology.orchestra.run.smithi170.stdout:/usr/bin/ceph: stderr
2024-04-22T15:54:38.466+0000 7f84732d5700 1 -- 172.21.15.170:0/3550218377 shutdown_connections
2024-04-22T15:54:39.221 INFO:teuthology.orchestra.run.smithi170.stdout:/usr/bin/ceph: stderr
2024-04-22T15:54:38.467+0000 7f84732d5700 1 -- 172.21.15.170:0/3550218377 wait complete.
2024-04-22T15:54:39.221 INFO:teuthology.orchestra.run.smithi170.stdout:/usr/bin/ceph: stderr
2024-04-22T15:54:38.467+0000 7f84732d5700 1 Processor -- start
2024-04-22T15:54:39.221 INFO:teuthology.orchestra.run.smithi170.stdout:/usr/bin/ceph: stderr
2024-04-22T15:54:38.467+0000 7f84732d5700 1 -- start start
2024-04-22T15:54:39.221 INFO:teuthology.orchestra.run.smithi170.stdout:/usr/bin/ceph: stderr
2024-04-22T15:54:38.467+0000 7f84732d5700 1 --2- >> [v2:172.21.15.170:3300/0,v1:172.21.15.170:6789/0] conn(0x7f846c07bea0 0x7f846c19c490 unknown :-1 s=NONE pgs=0 cs=0 l=1 rev1=0 crypto rx=0 tx=0 comp rx=0 tx=0).connect
2024-04-22T15:54:39.221 INFO:teuthology.orchestra.run.smithi170.stdout:/usr/bin/ceph: stderr
2024-04-22T15:54:38.467+0000 7f84732d5700 1 -- --> [v2:172.21.15.170:3300/0,v1:172.21.15.170:6789/0] -- mon_getmap magic: 0 v1 -- 0x7f846c19c9d0 con 0x7f846c07bea0
2024-04-22T15:54:39.221 INFO:teuthology.orchestra.run.smithi170.stdout:/usr/bin/ceph: stderr
2024-04-22T15:54:38.467+0000 7f8471071700 1 --2- >> [v2:172.21.15.170:3300/0,v1:172.21.15.170:6789/0] conn(0x7f846c07bea0 0x7f846c19c490 unknown :-1 s=BANNER_CONNECTING pgs=0 cs=0 l=1 rev1=0 crypto rx=0 tx=0 comp rx=0 tx=0)._handle_peer_banner_payload supported=3 required=0
2024-04-22T15:54:39.222 INFO:teuthology.orchestra.run.smithi170.stdout:/usr/bin/ceph: stderr
2024-04-22T15:54:38.467+0000 7f8471071700 1 --2- >> [v2:172.21.15.170:3300/0,v1:172.21.15.170:6789/0] conn(0x7f846c07bea0 0x7f846c19c490 unknown :-1 s=HELLO_CONNECTING pgs=0 cs=0 l=1 rev1=1 crypto rx=0 tx=0 comp rx=0 tx=0).handle_hello peer v2:172.21.15.170:3300/0 says I am v2:172.21.15.170:40916/0 (socket says 172.21.15.170:40916)
2024-04-22T15:54:39.222 INFO:teuthology.orchestra.run.smithi170.stdout:/usr/bin/ceph: stderr
2024-04-22T15:54:38.467+0000 7f8471071700 1 -- 172.21.15.170:0/2848799604 learned_addr learned my addr 172.21.15.170:0/2848799604 (peer_addr_for_me v2:172.21.15.170:0/0)
2024-04-22T15:54:39.222 INFO:teuthology.orchestra.run.smithi170.stdout:/usr/bin/ceph: stderr
2024-04-22T15:54:38.467+0000 7f8471071700 1 -- 172.21.15.170:0/2848799604 --> [v2:172.21.15.170:3300/0,v1:172.21.15.170:6789/0] -- mon_subscribe({config=0+,monmap=0+}) v3 -- 0x7f845c009550 con 0x7f846c07bea0
2024-04-22T15:54:39.222 INFO:teuthology.orchestra.run.smithi170.stdout:/usr/bin/ceph: stderr
2024-04-22T15:54:38.468+0000 7f8471071700 1 --2- 172.21.15.170:0/2848799604 >> [v2:172.21.15.170:3300/0,v1:172.21.15.170:6789/0] conn(0x7f846c07bea0 0x7f846c19c490 secure :-1 s=READY pgs=87 cs=0 l=1 rev1=1 crypto rx=0x7f845c011670 tx=0x7f845c011aa0 comp rx=0 tx=0).ready entity=mon.0 client_cookie=0 server_cookie=0 in_seq=0 out_seq=0
2024-04-22T15:54:39.222 INFO:teuthology.orchestra.run.smithi170.stdout:/usr/bin/ceph: stderr
2024-04-22T15:54:38.468+0000 7f84627fc700 1 -- 172.21.15.170:0/2848799604 <== mon.0 v2:172.21.15.170:3300/0 1 ==== mon_map magic: 0 v1 ==== 229+0+0 (secure 0 0 0) 0x7f845c0039c0 con 0x7f846c07bea0
2024-04-22T15:54:39.222 INFO:teuthology.orchestra.run.smithi170.stdout:/usr/bin/ceph: stderr
2024-04-22T15:54:38.468+0000 7f84627fc700 1 -- 172.21.15.170:0/2848799604 <== mon.0 v2:172.21.15.170:3300/0 2 ==== config(27 keys) v1 ==== 1101+0+0 (secure 0 0 0) 0x7f845c003b20 con 0x7f846c07bea0
2024-04-22T15:54:39.222 INFO:teuthology.orchestra.run.smithi170.stdout:/usr/bin/ceph: stderr
2024-04-22T15:54:38.468+0000 7f84732d5700 1 -- 172.21.15.170:0/2848799604 --> [v2:172.21.15.170:3300/0,v1:172.21.15.170:6789/0] -- mon_subscribe({mgrmap=0+}) v3 -- 0x7f846c19cbd0 con 0x7f846c07bea0
2024-04-22T15:54:39.222 INFO:teuthology.orchestra.run.smithi170.stdout:/usr/bin/ceph: stderr
2024-04-22T15:54:38.468+0000 7f84627fc700 1 -- 172.21.15.170:0/2848799604 <== mon.0 v2:172.21.15.170:3300/0 3 ==== mon_map magic: 0 v1 ==== 229+0+0 (secure 0 0 0) 0x7f845c0247f0 con 0x7f846c07bea0
2024-04-22T15:54:39.222 INFO:teuthology.orchestra.run.smithi170.stdout:/usr/bin/ceph: stderr
2024-04-22T15:54:38.468+0000 7f84732d5700 1 -- 172.21.15.170:0/2848799604 --> [v2:172.21.15.170:3300/0,v1:172.21.15.170:6789/0] -- mon_subscribe({osdmap=0}) v3 -- 0x7f846c19d070 con 0x7f846c07bea0
2024-04-22T15:54:39.222 INFO:teuthology.orchestra.run.smithi170.stdout:/usr/bin/ceph: stderr
2024-04-22T15:54:38.469+0000 7f84627fc700 1 -- 172.21.15.170:0/2848799604 <== mon.0 v2:172.21.15.170:3300/0 4 ==== mgrmap(e 13) v1 ==== 45340+0+0 (secure 0 0 0) 0x7f845c024ab0 con 0x7f846c07bea0
2024-04-22T15:54:39.222 INFO:teuthology.orchestra.run.smithi170.stdout:/usr/bin/ceph: stderr
2024-04-22T15:54:38.469+0000 7f84627fc700 1 --2- 172.21.15.170:0/2848799604 >> [v2:172.21.15.170:6800/1982055401,v1:172.21.15.170:6801/1982055401] conn(0x7f84580383d0 0x7f845803a890 unknown :-1 s=NONE pgs=0 cs=0 l=1 rev1=0 crypto rx=0 tx=0 comp rx=0 tx=0).connect
2024-04-22T15:54:39.222 INFO:teuthology.orchestra.run.smithi170.stdout:/usr/bin/ceph: stderr
2024-04-22T15:54:38.469+0000 7f84732d5700 1 -- 172.21.15.170:0/2848799604 --> [v2:172.21.15.170:3300/0,v1:172.21.15.170:6789/0] -- mon_command({"prefix": "get_command_descriptions"} v 0) v1 -- 0x7f846c10c920 con 0x7f846c07bea0
2024-04-22T15:54:39.222 INFO:teuthology.orchestra.run.smithi170.stdout:/usr/bin/ceph: stderr
2024-04-22T15:54:38.469+0000 7f84627fc700 1 -- 172.21.15.170:0/2848799604 <== mon.0 v2:172.21.15.170:3300/0 5 ==== osd_map(3..3 src has 1..3) v4 ==== 1155+0+0 (secure 0 0 0) 0x7f845c04c6d0 con 0x7f846c07bea0
2024-04-22T15:54:39.223 INFO:teuthology.orchestra.run.smithi170.stdout:/usr/bin/ceph: stderr
2024-04-22T15:54:38.469+0000 7f8470870700 1 --2- 172.21.15.170:0/2848799604 >> [v2:172.21.15.170:6800/1982055401,v1:172.21.15.170:6801/1982055401] conn(0x7f84580383d0 0x7f845803a890 unknown :-1 s=BANNER_CONNECTING pgs=0 cs=0 l=1 rev1=0 crypto rx=0 tx=0 comp rx=0 tx=0)._handle_peer_banner_payload supported=3 required=0
2024-04-22T15:54:39.223 INFO:teuthology.orchestra.run.smithi170.stdout:/usr/bin/ceph: stderr
2024-04-22T15:54:38.469+0000 7f8470870700 1 --2- 172.21.15.170:0/2848799604 >> [v2:172.21.15.170:6800/1982055401,v1:172.21.15.170:6801/1982055401] conn(0x7f84580383d0 0x7f845803a890 secure :-1 s=READY pgs=10 cs=0 l=1 rev1=1 crypto rx=0x7f8468006fd0 tx=0x7f8468006e40 comp rx=0 tx=0).ready entity=mgr.14162 client_cookie=0 server_cookie=0 in_seq=0 out_seq=0
2024-04-22T15:54:39.223 INFO:teuthology.orchestra.run.smithi170.stdout:/usr/bin/ceph: stderr
2024-04-22T15:54:38.474+0000 7f84627fc700 1 -- 172.21.15.170:0/2848799604 <== mon.0 v2:172.21.15.170:3300/0 6 ==== mon_command_ack([{"prefix": "get_command_descriptions"}]=0 v0) v1 ==== 72+0+180422 (secure 0 0 0) 0x7f845c022720 con 0x7f846c07bea0
2024-04-22T15:54:39.223 INFO:teuthology.orchestra.run.smithi170.stdout:/usr/bin/ceph: stderr
2024-04-22T15:54:38.662+0000 7f84732d5700 1 -- 172.21.15.170:0/2848799604 --> [v2:172.21.15.170:3300/0,v1:172.21.15.170:6789/0] -- mon_command([{prefix=config set, name=osd_memory_target_autotune}] v 0) v1 -- 0x7f846c10cb10 con 0x7f846c07bea0
2024-04-22T15:54:39.223 INFO:teuthology.orchestra.run.smithi170.stdout:/usr/bin/ceph: stderr
2024-04-22T15:54:38.662+0000 7f84627fc700 1 -- 172.21.15.170:0/2848799604 <== mon.0 v2:172.21.15.170:3300/0 7 ==== mon_command_ack([{prefix=config set, name=osd_memory_target_autotune}]=0 v8)=0 v8) v1 ==== 127+0+0 (secure 0 0 0) 0x7f845c02c350 con 0x7f846c07bea0
2024-04-22T15:54:39.223 INFO:teuthology.orchestra.run.smithi170.stdout:/usr/bin/ceph: stderr
2024-04-22T15:54:38.664+0000 7f84732d5700 1 -- 172.21.15.170:0/2848799604 >> [v2:172.21.15.170:6800/1982055401,v1:172.21.15.170:6801/1982055401] conn(0x7f84580383d0 msgr2=0x7f845803a890 secure :-1 s=STATE_CONNECTION_ESTABLISHED l=1).mark_down
2024-04-22T15:54:39.223 INFO:teuthology.orchestra.run.smithi170.stdout:/usr/bin/ceph: stderr
2024-04-22T15:54:38.664+0000 7f84732d5700 1 --2- 172.21.15.170:0/2848799604 >> [v2:172.21.15.170:6800/1982055401,v1:172.21.15.170:6801/1982055401] conn(0x7f84580383d0 0x7f845803a890 secure :-1 s=READY pgs=10 cs=0 l=1 rev1=1 crypto rx=0x7f8468006fd0 tx=0x7f8468006e40 comp rx=0 tx=0).stop
2024-04-22T15:54:39.223 INFO:teuthology.orchestra.run.smithi170.stdout:/usr/bin/ceph: stderr
2024-04-22T15:54:38.664+0000 7f84732d5700 1 -- 172.21.15.170:0/2848799604 >> [v2:172.21.15.170:3300/0,v1:172.21.15.170:6789/0] conn(0x7f846c07bea0 msgr2=0x7f846c19c490 secure :-1 s=STATE_CONNECTION_ESTABLISHED l=1).mark_down
2024-04-22T15:54:39.223 INFO:teuthology.orchestra.run.smithi170.stdout:/usr/bin/ceph: stderr
2024-04-22T15:54:38.664+0000 7f84732d5700 1 --2- 172.21.15.170:0/2848799604 >> [v2:172.21.15.170:3300/0,v1:172.21.15.170:6789/0] conn(0x7f846c07bea0 0x7f846c19c490 secure :-1 s=READY pgs=87 cs=0 l=1 rev1=1 crypto rx=0x7f845c011670 tx=0x7f845c011aa0 comp rx=0 tx=0).stop
2024-04-22T15:54:39.223 INFO:teuthology.orchestra.run.smithi170.stdout:/usr/bin/ceph: stderr
2024-04-22T15:54:38.664+0000 7f84732d5700 1 -- 172.21.15.170:0/2848799604 shutdown_connections
2024-04-22T15:54:39.223 INFO:teuthology.orchestra.run.smithi170.stdout:/usr/bin/ceph: stderr
2024-04-22T15:54:38.664+0000 7f84732d5700 1 --2- 172.21.15.170:0/2848799604 >> [v2:172.21.15.170:6800/1982055401,v1:172.21.15.170:6801/1982055401] conn(0x7f84580383d0 0x7f845803a890 unknown :-1 s=CLOSED pgs=10 cs=0 l=1 rev1=1 crypto rx=0 tx=0 comp rx=0 tx=0).stop
2024-04-22T15:54:39.223 INFO:teuthology.orchestra.run.smithi170.stdout:/usr/bin/ceph: stderr
2024-04-22T15:54:38.664+0000 7f84732d5700 1 --2- 172.21.15.170:0/2848799604 >> [v2:172.21.15.170:3300/0,v1:172.21.15.170:6789/0] conn(0x7f846c07bea0 0x7f846c19c490 unknown :-1 s=CLOSED pgs=87 cs=0 l=1 rev1=1 crypto rx=0 tx=0 comp rx=0 tx=0).stop
2024-04-22T15:54:39.223 INFO:teuthology.orchestra.run.smithi170.stdout:/usr/bin/ceph: stderr
2024-04-22T15:54:38.664+0000 7f84732d5700 1 -- 172.21.15.170:0/2848799604 >> 172.21.15.170:0/2848799604 conn(0x7f846c101b00 msgr2=0x7f846c103250 unknown :-1 s=STATE_NONE l=0).mark_down
2024-04-22T15:54:39.223 INFO:teuthology.orchestra.run.smithi170.stdout:/usr/bin/ceph: stderr
2024-04-22T15:54:38.664+0000 7f84732d5700 1 -- 172.21.15.170:0/2848799604 shutdown_connections
2024-04-22T15:54:39.223 INFO:teuthology.orchestra.run.smithi170.stdout:/usr/bin/ceph: stderr
2024-04-22T15:54:38.664+0000 7f84732d5700 1 -- 172.21.15.170:0/2848799604 wait complete.
2024-04-22T15:54:40.544 INFO:teuthology.orchestra.run.smithi170.stdout:/usr/bin/ceph: stderr
2024-04-22T15:54:39.653+0000 7f80a57c6700 1 Processor -- start
2024-04-22T15:54:40.544 INFO:teuthology.orchestra.run.smithi170.stdout:/usr/bin/ceph: stderr
2024-04-22T15:54:39.653+0000 7f80a57c6700 1 -- start start
2024-04-22T15:54:40.544 INFO:teuthology.orchestra.run.smithi170.stdout:/usr/bin/ceph: stderr
2024-04-22T15:54:39.654+0000 7f80a57c6700 1 --2- >> [v2:172.21.15.170:3300/0,v1:172.21.15.170:6789/0] conn(0x7f80a0107040 0x7f80a0109430 unknown :-1 s=NONE pgs=0 cs=0 l=0 rev1=0 crypto rx=0 tx=0 comp rx=0 tx=0).connect
2024-04-22T15:54:40.544 INFO:teuthology.orchestra.run.smithi170.stdout:/usr/bin/ceph: stderr
2024-04-22T15:54:39.654+0000 7f80a57c6700 1 -- --> [v2:172.21.15.170:3300/0,v1:172.21.15.170:6789/0] -- mon_getmap magic: 0 v1 -- 0x7f80a0074620 con 0x7f80a0107040
2024-04-22T15:54:40.544 INFO:teuthology.orchestra.run.smithi170.stdout:/usr/bin/ceph: stderr
2024-04-22T15:54:39.654+0000 7f809effd700 1 --2- >> [v2:172.21.15.170:3300/0,v1:172.21.15.170:6789/0] conn(0x7f80a0107040 0x7f80a0109430 unknown :-1 s=BANNER_CONNECTING pgs=0 cs=0 l=0 rev1=0 crypto rx=0 tx=0 comp rx=0 tx=0)._handle_peer_banner_payload supported=3 required=0
2024-04-22T15:54:40.544 INFO:teuthology.orchestra.run.smithi170.stdout:/usr/bin/ceph: stderr
2024-04-22T15:54:39.654+0000 7f809effd700 1 --2- >> [v2:172.21.15.170:3300/0,v1:172.21.15.170:6789/0] conn(0x7f80a0107040 0x7f80a0109430 unknown :-1 s=HELLO_CONNECTING pgs=0 cs=0 l=0 rev1=1 crypto rx=0 tx=0 comp rx=0 tx=0).handle_hello peer v2:172.21.15.170:3300/0 says I am v2:172.21.15.170:40926/0 (socket says 172.21.15.170:40926)
2024-04-22T15:54:40.544 INFO:teuthology.orchestra.run.smithi170.stdout:/usr/bin/ceph: stderr
2024-04-22T15:54:39.654+0000 7f809effd700 1 -- 172.21.15.170:0/3299959783 learned_addr learned my addr 172.21.15.170:0/3299959783 (peer_addr_for_me v2:172.21.15.170:0/0)
2024-04-22T15:54:40.544 INFO:teuthology.orchestra.run.smithi170.stdout:/usr/bin/ceph: stderr
2024-04-22T15:54:39.654+0000 7f809effd700 1 -- 172.21.15.170:0/3299959783 --> [v2:172.21.15.170:3300/0,v1:172.21.15.170:6789/0] -- mon_subscribe({config=0+,monmap=0+}) v3 -- 0x7f80a0109970 con 0x7f80a0107040
