2024-04-22T15:54:18.318 INFO:teuthology.orchestra.run.smithi170.stdout:/usr/bin/ceph: stderr
2024-04-22T15:54:17.303+0000 7fade27fc700 1 -- 172.21.15.170:0/2346532555 <== mon.0 v2:172.21.15.170:3300/0 6 ==== mon_command_ack([{"prefix": "get_command_descriptions"}]=0 v0) v1 ==== 72+0+180422 (secure 0 0 0) 0x7faddc018b40 con 0x7fade4106a20
2024-04-22T15:54:18.318 INFO:teuthology.orchestra.run.smithi170.stdout:/usr/bin/ceph: stderr
2024-04-22T15:54:17.505+0000 7fadeb538700 1 -- 172.21.15.170:0/2346532555 --> [v2:172.21.15.170:6800/930216429,v1:172.21.15.170:6801/930216429] -- mgr_command(tid 0: {"prefix": "orch apply", "service_type": "grafana", "target": ["mon-mgr", ""]}) v1 -- 0x7fade41015a0 con 0x7fadcc038370
2024-04-22T15:54:18.318 INFO:teuthology.orchestra.run.smithi170.stdout:/usr/bin/ceph: stderr
2024-04-22T15:54:17.509+0000 7fade27fc700 1 -- 172.21.15.170:0/2346532555 <== mgr.14118 v2:172.21.15.170:6800/930216429 1 ==== mgr_command_reply(tid 0: 0 ) v1 ==== 8+0+28 (secure 0 0 0) 0x7fade41015a0 con 0x7fadcc038370
2024-04-22T15:54:18.318 INFO:teuthology.orchestra.run.smithi170.stdout:/usr/bin/ceph: stderr
2024-04-22T15:54:17.512+0000 7fadeb538700 1 -- 172.21.15.170:0/2346532555 >> [v2:172.21.15.170:6800/930216429,v1:172.21.15.170:6801/930216429] conn(0x7fadcc038370 msgr2=0x7fadcc03a830 secure :-1 s=STATE_CONNECTION_ESTABLISHED l=1).mark_down
2024-04-22T15:54:18.318 INFO:teuthology.orchestra.run.smithi170.stdout:/usr/bin/ceph: stderr
2024-04-22T15:54:17.512+0000 7fadeb538700 1 --2- 172.21.15.170:0/2346532555 >> [v2:172.21.15.170:6800/930216429,v1:172.21.15.170:6801/930216429] conn(0x7fadcc038370 0x7fadcc03a830 secure :-1 s=READY pgs=17 cs=0 l=1 rev1=1 crypto rx=0x7fadd8006fd0 tx=0x7fadd8006e40 comp rx=0 tx=0).stop
2024-04-22T15:54:18.318 INFO:teuthology.orchestra.run.smithi170.stdout:/usr/bin/ceph: stderr
2024-04-22T15:54:17.512+0000 7fadeb538700 1 -- 172.21.15.170:0/2346532555 >> [v2:172.21.15.170:3300/0,v1:172.21.15.170:6789/0] conn(0x7fade4106a20 msgr2=0x7fade41050d0 secure :-1 s=STATE_CONNECTION_ESTABLISHED l=1).mark_down
2024-04-22T15:54:18.318 INFO:teuthology.orchestra.run.smithi170.stdout:/usr/bin/ceph: stderr
2024-04-22T15:54:17.512+0000 7fadeb538700 1 --2- 172.21.15.170:0/2346532555 >> [v2:172.21.15.170:3300/0,v1:172.21.15.170:6789/0] conn(0x7fade4106a20 0x7fade41050d0 secure :-1 s=READY pgs=56 cs=0 l=1 rev1=1 crypto rx=0x7faddc011ad0 tx=0x7faddc011bb0 comp rx=0 tx=0).stop
2024-04-22T15:54:18.318 INFO:teuthology.orchestra.run.smithi170.stdout:/usr/bin/ceph: stderr
2024-04-22T15:54:17.512+0000 7fadeb538700 1 -- 172.21.15.170:0/2346532555 shutdown_connections
2024-04-22T15:54:18.318 INFO:teuthology.orchestra.run.smithi170.stdout:/usr/bin/ceph: stderr
2024-04-22T15:54:17.512+0000 7fadeb538700 1 --2- 172.21.15.170:0/2346532555 >> [v2:172.21.15.170:6800/930216429,v1:172.21.15.170:6801/930216429] conn(0x7fadcc038370 0x7fadcc03a830 unknown :-1 s=CLOSED pgs=17 cs=0 l=1 rev1=1 crypto rx=0 tx=0 comp rx=0 tx=0).stop
2024-04-22T15:54:18.318 INFO:teuthology.orchestra.run.smithi170.stdout:/usr/bin/ceph: stderr
2024-04-22T15:54:17.512+0000 7fadeb538700 1 --2- 172.21.15.170:0/2346532555 >> [v2:172.21.15.170:3300/0,v1:172.21.15.170:6789/0] conn(0x7fade4106a20 0x7fade41050d0 unknown :-1 s=CLOSED pgs=56 cs=0 l=1 rev1=1 crypto rx=0 tx=0 comp rx=0 tx=0).stop
2024-04-22T15:54:18.318 INFO:teuthology.orchestra.run.smithi170.stdout:/usr/bin/ceph: stderr
2024-04-22T15:54:17.512+0000 7fadeb538700 1 -- 172.21.15.170:0/2346532555 >> 172.21.15.170:0/2346532555 conn(0x7fade4100190 msgr2=0x7fade4100e90 unknown :-1 s=STATE_NONE l=0).mark_down
2024-04-22T15:54:18.319 INFO:teuthology.orchestra.run.smithi170.stdout:/usr/bin/ceph: stderr
2024-04-22T15:54:17.512+0000 7fadeb538700 1 -- 172.21.15.170:0/2346532555 shutdown_connections
2024-04-22T15:54:18.319 INFO:teuthology.orchestra.run.smithi170.stdout:/usr/bin/ceph: stderr
2024-04-22T15:54:17.512+0000 7fadeb538700 1 -- 172.21.15.170:0/2346532555 wait complete.
2024-04-22T15:54:18.319 INFO:teuthology.orchestra.run.smithi170.stdout:Deploying node-exporter service with default placement...
2024-04-22T15:54:18.625 INFO:journalctl@ceph.mon.smithi170.smithi170.stdout:Apr 22 15:54:18 smithi170 ceph-mon[26635]: from='client.14150 -' entity='client.admin' cmd=[{"prefix": "orch apply", "service_type": "grafana", "target": ["mon-mgr", ""]}]: dispatch
2024-04-22T15:54:18.625 INFO:journalctl@ceph.mon.smithi170.smithi170.stdout:Apr 22 15:54:18 smithi170 ceph-mon[26635]: Saving service grafana spec with placement count:1
2024-04-22T15:54:18.625 INFO:journalctl@ceph.mon.smithi170.smithi170.stdout:Apr 22 15:54:18 smithi170 ceph-mon[26635]: from='mgr.14118 172.21.15.170:0/2133321548' entity='mgr.smithi170.feqxmz'
2024-04-22T15:54:19.503 INFO:teuthology.orchestra.run.smithi170.stdout:/usr/bin/ceph: stdout Scheduled node-exporter update...
2024-04-22T15:54:19.503 INFO:teuthology.orchestra.run.smithi170.stdout:/usr/bin/ceph: stderr
2024-04-22T15:54:18.726+0000 7f1680184700 1 Processor -- start
2024-04-22T15:54:19.504 INFO:teuthology.orchestra.run.smithi170.stdout:/usr/bin/ceph: stderr
2024-04-22T15:54:18.727+0000 7f1680184700 1 -- start start
2024-04-22T15:54:19.504 INFO:teuthology.orchestra.run.smithi170.stdout:/usr/bin/ceph: stderr
2024-04-22T15:54:18.727+0000 7f1680184700 1 --2- >> [v2:172.21.15.170:3300/0,v1:172.21.15.170:6789/0] conn(0x7f1678106a30 0x7f1678106e50 unknown :-1 s=NONE pgs=0 cs=0 l=0 rev1=0 crypto rx=0 tx=0 comp rx=0 tx=0).connect
2024-04-22T15:54:19.504 INFO:teuthology.orchestra.run.smithi170.stdout:/usr/bin/ceph: stderr
2024-04-22T15:54:18.727+0000 7f1680184700 1 -- --> [v2:172.21.15.170:3300/0,v1:172.21.15.170:6789/0] -- mon_getmap magic: 0 v1 -- 0x7f1678107420 con 0x7f1678106a30
2024-04-22T15:54:19.504 INFO:teuthology.orchestra.run.smithi170.stdout:/usr/bin/ceph: stderr
2024-04-22T15:54:18.727+0000 7f167df20700 1 --2- >> [v2:172.21.15.170:3300/0,v1:172.21.15.170:6789/0] conn(0x7f1678106a30 0x7f1678106e50 unknown :-1 s=BANNER_CONNECTING pgs=0 cs=0 l=0 rev1=0 crypto rx=0 tx=0 comp rx=0 tx=0)._handle_peer_banner_payload supported=3 required=0
2024-04-22T15:54:19.504 INFO:teuthology.orchestra.run.smithi170.stdout:/usr/bin/ceph: stderr
2024-04-22T15:54:18.727+0000 7f167df20700 1 --2- >> [v2:172.21.15.170:3300/0,v1:172.21.15.170:6789/0] conn(0x7f1678106a30 0x7f1678106e50 unknown :-1 s=HELLO_CONNECTING pgs=0 cs=0 l=0 rev1=1 crypto rx=0 tx=0 comp rx=0 tx=0).handle_hello peer v2:172.21.15.170:3300/0 says I am v2:172.21.15.170:33264/0 (socket says 172.21.15.170:33264)
2024-04-22T15:54:19.504 INFO:teuthology.orchestra.run.smithi170.stdout:/usr/bin/ceph: stderr
2024-04-22T15:54:18.727+0000 7f167df20700 1 -- 172.21.15.170:0/3580696347 learned_addr learned my addr 172.21.15.170:0/3580696347 (peer_addr_for_me v2:172.21.15.170:0/0)
2024-04-22T15:54:19.504 INFO:teuthology.orchestra.run.smithi170.stdout:/usr/bin/ceph: stderr
2024-04-22T15:54:18.727+0000 7f167df20700 1 -- 172.21.15.170:0/3580696347 --> [v2:172.21.15.170:3300/0,v1:172.21.15.170:6789/0] -- mon_subscribe({config=0+,monmap=0+}) v3 -- 0x7f1678107560 con 0x7f1678106a30
2024-04-22T15:54:19.504 INFO:teuthology.orchestra.run.smithi170.stdout:/usr/bin/ceph: stderr
2024-04-22T15:54:18.727+0000 7f167df20700 1 --2- 172.21.15.170:0/3580696347 >> [v2:172.21.15.170:3300/0,v1:172.21.15.170:6789/0] conn(0x7f1678106a30 0x7f1678106e50 secure :-1 s=READY pgs=57 cs=0 l=1 rev1=1 crypto rx=0x7f16740098a0 tx=0x7f1674009bb0 comp rx=0 tx=0).ready entity=mon.0 client_cookie=436791a37b780f80 server_cookie=0 in_seq=0 out_seq=0
2024-04-22T15:54:19.504 INFO:teuthology.orchestra.run.smithi170.stdout:/usr/bin/ceph: stderr
2024-04-22T15:54:18.727+0000 7f167cf1e700 1 -- 172.21.15.170:0/3580696347 <== mon.0 v2:172.21.15.170:3300/0 1 ==== mon_map magic: 0 v1 ==== 229+0+0 (secure 0 0 0) 0x7f1674004180 con 0x7f1678106a30
2024-04-22T15:54:19.504 INFO:teuthology.orchestra.run.smithi170.stdout:/usr/bin/ceph: stderr
2024-04-22T15:54:18.728+0000 7f167cf1e700 1 -- 172.21.15.170:0/3580696347 <== mon.0 v2:172.21.15.170:3300/0 2 ==== config(27 keys) v1 ==== 1101+0+0 (secure 0 0 0) 0x7f16740042e0 con 0x7f1678106a30
2024-04-22T15:54:19.504 INFO:teuthology.orchestra.run.smithi170.stdout:/usr/bin/ceph: stderr
2024-04-22T15:54:18.728+0000 7f167cf1e700 1 -- 172.21.15.170:0/3580696347 <== mon.0 v2:172.21.15.170:3300/0 3 ==== mon_map magic: 0 v1 ==== 229+0+0 (secure 0 0 0) 0x7f1674011af0 con 0x7f1678106a30
2024-04-22T15:54:19.504 INFO:teuthology.orchestra.run.smithi170.stdout:/usr/bin/ceph: stderr
2024-04-22T15:54:18.728+0000 7f1680184700 1 -- 172.21.15.170:0/3580696347 >> [v2:172.21.15.170:3300/0,v1:172.21.15.170:6789/0] conn(0x7f1678106a30 msgr2=0x7f1678106e50 secure :-1 s=STATE_CONNECTION_ESTABLISHED l=1).mark_down
2024-04-22T15:54:19.505 INFO:teuthology.orchestra.run.smithi170.stdout:/usr/bin/ceph: stderr
2024-04-22T15:54:18.728+0000 7f1680184700 1 --2- 172.21.15.170:0/3580696347 >> [v2:172.21.15.170:3300/0,v1:172.21.15.170:6789/0] conn(0x7f1678106a30 0x7f1678106e50 secure :-1 s=READY pgs=57 cs=0 l=1 rev1=1 crypto rx=0x7f16740098a0 tx=0x7f1674009bb0 comp rx=0 tx=0).stop
2024-04-22T15:54:19.505 INFO:teuthology.orchestra.run.smithi170.stdout:/usr/bin/ceph: stderr
2024-04-22T15:54:18.728+0000 7f1680184700 1 -- 172.21.15.170:0/3580696347 shutdown_connections
2024-04-22T15:54:19.505 INFO:teuthology.orchestra.run.smithi170.stdout:/usr/bin/ceph: stderr
2024-04-22T15:54:18.728+0000 7f1680184700 1 --2- 172.21.15.170:0/3580696347 >> [v2:172.21.15.170:3300/0,v1:172.21.15.170:6789/0] conn(0x7f1678106a30 0x7f1678106e50 unknown :-1 s=CLOSED pgs=57 cs=0 l=1 rev1=1 crypto rx=0 tx=0 comp rx=0 tx=0).stop
2024-04-22T15:54:19.505 INFO:teuthology.orchestra.run.smithi170.stdout:/usr/bin/ceph: stderr
2024-04-22T15:54:18.728+0000 7f1680184700 1 -- 172.21.15.170:0/3580696347 >> 172.21.15.170:0/3580696347 conn(0x7f1678100190 msgr2=0x7f16781025b0 unknown :-1 s=STATE_NONE l=0).mark_down
2024-04-22T15:54:19.505 INFO:teuthology.orchestra.run.smithi170.stdout:/usr/bin/ceph: stderr
2024-04-22T15:54:18.728+0000 7f1680184700 1 -- 172.21.15.170:0/3580696347 shutdown_connections
2024-04-22T15:54:19.505 INFO:teuthology.orchestra.run.smithi170.stdout:/usr/bin/ceph: stderr
2024-04-22T15:54:18.728+0000 7f1680184700 1 -- 172.21.15.170:0/3580696347 wait complete.
2024-04-22T15:54:19.505 INFO:teuthology.orchestra.run.smithi170.stdout:/usr/bin/ceph: stderr
2024-04-22T15:54:18.729+0000 7f1680184700 1 Processor -- start
2024-04-22T15:54:19.505 INFO:teuthology.orchestra.run.smithi170.stdout:/usr/bin/ceph: stderr
2024-04-22T15:54:18.729+0000 7f1680184700 1 -- start start
2024-04-22T15:54:19.505 INFO:teuthology.orchestra.run.smithi170.stdout:/usr/bin/ceph: stderr
2024-04-22T15:54:18.729+0000 7f1680184700 1 --2- >> [v2:172.21.15.170:3300/0,v1:172.21.15.170:6789/0] conn(0x7f1678106a30 0x7f1678105130 unknown :-1 s=NONE pgs=0 cs=0 l=1 rev1=0 crypto rx=0 tx=0 comp rx=0 tx=0).connect
2024-04-22T15:54:19.505 INFO:teuthology.orchestra.run.smithi170.stdout:/usr/bin/ceph: stderr
2024-04-22T15:54:18.729+0000 7f1680184700 1 -- --> [v2:172.21.15.170:3300/0,v1:172.21.15.170:6789/0] -- mon_getmap magic: 0 v1 -- 0x7f167819cfb0 con 0x7f1678106a30
2024-04-22T15:54:19.505 INFO:teuthology.orchestra.run.smithi170.stdout:/usr/bin/ceph: stderr
2024-04-22T15:54:18.729+0000 7f167df20700 1 --2- >> [v2:172.21.15.170:3300/0,v1:172.21.15.170:6789/0] conn(0x7f1678106a30 0x7f1678105130 unknown :-1 s=BANNER_CONNECTING pgs=0 cs=0 l=1 rev1=0 crypto rx=0 tx=0 comp rx=0 tx=0)._handle_peer_banner_payload supported=3 required=0
2024-04-22T15:54:19.505 INFO:teuthology.orchestra.run.smithi170.stdout:/usr/bin/ceph: stderr
2024-04-22T15:54:18.729+0000 7f167df20700 1 --2- >> [v2:172.21.15.170:3300/0,v1:172.21.15.170:6789/0] conn(0x7f1678106a30 0x7f1678105130 unknown :-1 s=HELLO_CONNECTING pgs=0 cs=0 l=1 rev1=1 crypto rx=0 tx=0 comp rx=0 tx=0).handle_hello peer v2:172.21.15.170:3300/0 says I am v2:172.21.15.170:33276/0 (socket says 172.21.15.170:33276)
2024-04-22T15:54:19.505 INFO:teuthology.orchestra.run.smithi170.stdout:/usr/bin/ceph: stderr
2024-04-22T15:54:18.729+0000 7f167df20700 1 -- 172.21.15.170:0/2305678892 learned_addr learned my addr 172.21.15.170:0/2305678892 (peer_addr_for_me v2:172.21.15.170:0/0)
2024-04-22T15:54:19.506 INFO:teuthology.orchestra.run.smithi170.stdout:/usr/bin/ceph: stderr
2024-04-22T15:54:18.729+0000 7f167df20700 1 -- 172.21.15.170:0/2305678892 --> [v2:172.21.15.170:3300/0,v1:172.21.15.170:6789/0] -- mon_subscribe({config=0+,monmap=0+}) v3 -- 0x7f1674009550 con 0x7f1678106a30
2024-04-22T15:54:19.506 INFO:teuthology.orchestra.run.smithi170.stdout:/usr/bin/ceph: stderr
2024-04-22T15:54:18.729+0000 7f167df20700 1 --2- 172.21.15.170:0/2305678892 >> [v2:172.21.15.170:3300/0,v1:172.21.15.170:6789/0] conn(0x7f1678106a30 0x7f1678105130 secure :-1 s=READY pgs=58 cs=0 l=1 rev1=1 crypto rx=0x7f1674011670 tx=0x7f1674011aa0 comp rx=0 tx=0).ready entity=mon.0 client_cookie=0 server_cookie=0 in_seq=0 out_seq=0
2024-04-22T15:54:19.506 INFO:teuthology.orchestra.run.smithi170.stdout:/usr/bin/ceph: stderr
2024-04-22T15:54:18.729+0000 7f166effd700 1 -- 172.21.15.170:0/2305678892 <== mon.0 v2:172.21.15.170:3300/0 1 ==== mon_map magic: 0 v1 ==== 229+0+0 (secure 0 0 0) 0x7f16740039c0 con 0x7f1678106a30
2024-04-22T15:54:19.506 INFO:teuthology.orchestra.run.smithi170.stdout:/usr/bin/ceph: stderr
2024-04-22T15:54:18.730+0000 7f166effd700 1 -- 172.21.15.170:0/2305678892 <== mon.0 v2:172.21.15.170:3300/0 2 ==== config(27 keys) v1 ==== 1101+0+0 (secure 0 0 0) 0x7f1674003b20 con 0x7f1678106a30
2024-04-22T15:54:19.506 INFO:teuthology.orchestra.run.smithi170.stdout:/usr/bin/ceph: stderr
2024-04-22T15:54:18.730+0000 7f1680184700 1 -- 172.21.15.170:0/2305678892 --> [v2:172.21.15.170:3300/0,v1:172.21.15.170:6789/0] -- mon_subscribe({mgrmap=0+}) v3 -- 0x7f167819d0f0 con 0x7f1678106a30
2024-04-22T15:54:19.506 INFO:teuthology.orchestra.run.smithi170.stdout:/usr/bin/ceph: stderr
2024-04-22T15:54:18.730+0000 7f166effd700 1 -- 172.21.15.170:0/2305678892 <== mon.0 v2:172.21.15.170:3300/0 3 ==== mon_map magic: 0 v1 ==== 229+0+0 (secure 0 0 0) 0x7f16740247f0 con 0x7f1678106a30
2024-04-22T15:54:19.506 INFO:teuthology.orchestra.run.smithi170.stdout:/usr/bin/ceph: stderr
2024-04-22T15:54:18.730+0000 7f1680184700 1 -- 172.21.15.170:0/2305678892 --> [v2:172.21.15.170:3300/0,v1:172.21.15.170:6789/0] -- mon_subscribe({osdmap=0}) v3 -- 0x7f167819d590 con 0x7f1678106a30
2024-04-22T15:54:19.506 INFO:teuthology.orchestra.run.smithi170.stdout:/usr/bin/ceph: stderr
2024-04-22T15:54:18.730+0000 7f166effd700 1 -- 172.21.15.170:0/2305678892 <== mon.0 v2:172.21.15.170:3300/0 4 ==== mgrmap(e 8) v1 ==== 45283+0+0 (secure 0 0 0) 0x7f167401ac70 con 0x7f1678106a30
2024-04-22T15:54:19.506 INFO:teuthology.orchestra.run.smithi170.stdout:/usr/bin/ceph: stderr
2024-04-22T15:54:18.731+0000 7f1680184700 1 -- 172.21.15.170:0/2305678892 --> [v2:172.21.15.170:3300/0,v1:172.21.15.170:6789/0] -- mon_command({"prefix": "get_command_descriptions"} v 0) v1 -- 0x7f16780623c0 con 0x7f1678106a30
2024-04-22T15:54:19.506 INFO:teuthology.orchestra.run.smithi170.stdout:/usr/bin/ceph: stderr
2024-04-22T15:54:18.731+0000 7f166effd700 1 --2- 172.21.15.170:0/2305678892 >> [v2:172.21.15.170:6800/930216429,v1:172.21.15.170:6801/930216429] conn(0x7f1664038330 0x7f166403a7f0 unknown :-1 s=NONE pgs=0 cs=0 l=1 rev1=0 crypto rx=0 tx=0 comp rx=0 tx=0).connect
2024-04-22T15:54:19.506 INFO:teuthology.orchestra.run.smithi170.stdout:/usr/bin/ceph: stderr
2024-04-22T15:54:18.731+0000 7f166effd700 1 -- 172.21.15.170:0/2305678892 <== mon.0 v2:172.21.15.170:3300/0 5 ==== osd_map(2..2 src has 1..2) v4 ==== 940+0+0 (secure 0 0 0) 0x7f167404c090 con 0x7f1678106a30
2024-04-22T15:54:19.506 INFO:teuthology.orchestra.run.smithi170.stdout:/usr/bin/ceph: stderr
2024-04-22T15:54:18.731+0000 7f167d71f700 1 --2- 172.21.15.170:0/2305678892 >> [v2:172.21.15.170:6800/930216429,v1:172.21.15.170:6801/930216429] conn(0x7f1664038330 0x7f166403a7f0 unknown :-1 s=BANNER_CONNECTING pgs=0 cs=0 l=1 rev1=0 crypto rx=0 tx=0 comp rx=0 tx=0)._handle_peer_banner_payload supported=3 required=0
2024-04-22T15:54:19.506 INFO:teuthology.orchestra.run.smithi170.stdout:/usr/bin/ceph: stderr
2024-04-22T15:54:18.731+0000 7f167d71f700 1 --2- 172.21.15.170:0/2305678892 >> [v2:172.21.15.170:6800/930216429,v1:172.21.15.170:6801/930216429] conn(0x7f1664038330 0x7f166403a7f0 secure :-1 s=READY pgs=18 cs=0 l=1 rev1=1 crypto rx=0x7f1668006fd0 tx=0x7f1668006e40 comp rx=0 tx=0).ready entity=mgr.14118 client_cookie=0 server_cookie=0 in_seq=0 out_seq=0
2024-04-22T15:54:19.506 INFO:teuthology.orchestra.run.smithi170.stdout:/usr/bin/ceph: stderr
2024-04-22T15:54:18.735+0000 7f166effd700 1 -- 172.21.15.170:0/2305678892 <== mon.0 v2:172.21.15.170:3300/0 6 ==== mon_command_ack([{"prefix": "get_command_descriptions"}]=0 v0) v1 ==== 72+0+180422 (secure 0 0 0) 0x7f1674018740 con 0x7f1678106a30
2024-04-22T15:54:19.507 INFO:teuthology.orchestra.run.smithi170.stdout:/usr/bin/ceph: stderr
2024-04-22T15:54:18.934+0000 7f1680184700 1 -- 172.21.15.170:0/2305678892 --> [v2:172.21.15.170:6800/930216429,v1:172.21.15.170:6801/930216429] -- mgr_command(tid 0: {"prefix": "orch apply", "service_type": "node-exporter", "target": ["mon-mgr", ""]}) v1 -- 0x7f1678107560 con 0x7f1664038330
2024-04-22T15:54:19.507 INFO:teuthology.orchestra.run.smithi170.stdout:/usr/bin/ceph: stderr
2024-04-22T15:54:18.939+0000 7f166effd700 1 -- 172.21.15.170:0/2305678892 <== mgr.14118 v2:172.21.15.170:6800/930216429 1 ==== mgr_command_reply(tid 0: 0 ) v1 ==== 8+0+34 (secure 0 0 0) 0x7f1678107560 con 0x7f1664038330
2024-04-22T15:54:19.507 INFO:teuthology.orchestra.run.smithi170.stdout:/usr/bin/ceph: stderr
2024-04-22T15:54:18.941+0000 7f1680184700 1 -- 172.21.15.170:0/2305678892 >> [v2:172.21.15.170:6800/930216429,v1:172.21.15.170:6801/930216429] conn(0x7f1664038330 msgr2=0x7f166403a7f0 secure :-1 s=STATE_CONNECTION_ESTABLISHED l=1).mark_down
2024-04-22T15:54:19.507 INFO:teuthology.orchestra.run.smithi170.stdout:/usr/bin/ceph: stderr
2024-04-22T15:54:18.941+0000 7f1680184700 1 --2- 172.21.15.170:0/2305678892 >> [v2:172.21.15.170:6800/930216429,v1:172.21.15.170:6801/930216429] conn(0x7f1664038330 0x7f166403a7f0 secure :-1 s=READY pgs=18 cs=0 l=1 rev1=1 crypto rx=0x7f1668006fd0 tx=0x7f1668006e40 comp rx=0 tx=0).stop
2024-04-22T15:54:19.507 INFO:teuthology.orchestra.run.smithi170.stdout:/usr/bin/ceph: stderr
2024-04-22T15:54:18.941+0000 7f1680184700 1 -- 172.21.15.170:0/2305678892 >> [v2:172.21.15.170:3300/0,v1:172.21.15.170:6789/0] conn(0x7f1678106a30 msgr2=0x7f1678105130 secure :-1 s=STATE_CONNECTION_ESTABLISHED l=1).mark_down
2024-04-22T15:54:19.507 INFO:teuthology.orchestra.run.smithi170.stdout:/usr/bin/ceph: stderr
2024-04-22T15:54:18.941+0000 7f1680184700 1 --2- 172.21.15.170:0/2305678892 >> [v2:172.21.15.170:3300/0,v1:172.21.15.170:6789/0] conn(0x7f1678106a30 0x7f1678105130 secure :-1 s=READY pgs=58 cs=0 l=1 rev1=1 crypto rx=0x7f1674011670 tx=0x7f1674011aa0 comp rx=0 tx=0).stop
2024-04-22T15:54:19.507 INFO:teuthology.orchestra.run.smithi170.stdout:/usr/bin/ceph: stderr
2024-04-22T15:54:18.941+0000 7f1680184700 1 -- 172.21.15.170:0/2305678892 shutdown_connections
2024-04-22T15:54:19.507 INFO:teuthology.orchestra.run.smithi170.stdout:/usr/bin/ceph: stderr
2024-04-22T15:54:18.941+0000 7f1680184700 1 --2- 172.21.15.170:0/2305678892 >> [v2:172.21.15.170:6800/930216429,v1:172.21.15.170:6801/930216429] conn(0x7f1664038330 0x7f166403a7f0 unknown :-1 s=CLOSED pgs=18 cs=0 l=1 rev1=1 crypto rx=0 tx=0 comp rx=0 tx=0).stop
2024-04-22T15:54:19.507 INFO:teuthology.orchestra.run.smithi170.stdout:/usr/bin/ceph: stderr
2024-04-22T15:54:18.941+0000 7f1680184700 1 --2- 172.21.15.170:0/2305678892 >> [v2:172.21.15.170:3300/0,v1:172.21.15.170:6789/0] conn(0x7f1678106a30 0x7f1678105130 unknown :-1 s=CLOSED pgs=58 cs=0 l=1 rev1=1 crypto rx=0 tx=0 comp rx=0 tx=0).stop
2024-04-22T15:54:19.507 INFO:teuthology.orchestra.run.smithi170.stdout:/usr/bin/ceph: stderr
2024-04-22T15:54:18.941+0000 7f1680184700 1 -- 172.21.15.170:0/2305678892 >> 172.21.15.170:0/2305678892 conn(0x7f1678100190 msgr2=0x7f1678101860 unknown :-1 s=STATE_NONE l=0).mark_down
2024-04-22T15:54:19.507 INFO:teuthology.orchestra.run.smithi170.stdout:/usr/bin/ceph: stderr
2024-04-22T15:54:18.941+0000 7f1680184700 1 -- 172.21.15.170:0/2305678892 shutdown_connections
2024-04-22T15:54:19.507 INFO:teuthology.orchestra.run.smithi170.stdout:/usr/bin/ceph: stderr
2024-04-22T15:54:18.941+0000 7f1680184700 1 -- 172.21.15.170:0/2305678892 wait complete.
2024-04-22T15:54:19.507 INFO:teuthology.orchestra.run.smithi170.stdout:Deploying alertmanager service with default placement...
2024-04-22T15:54:20.011 INFO:journalctl@ceph.mon.smithi170.smithi170.stdout:Apr 22 15:54:19 smithi170 ceph-mon[26635]: pgmap v3: 0 pgs: ; 0 B data, 0 B used, 0 B / 0 B avail
2024-04-22T15:54:20.011 INFO:journalctl@ceph.mon.smithi170.smithi170.stdout:Apr 22 15:54:19 smithi170 ceph-mon[26635]: from='client.14152 -' entity='client.admin' cmd=[{"prefix": "orch apply", "service_type": "node-exporter", "target": ["mon-mgr", ""]}]: dispatch
2024-04-22T15:54:20.011 INFO:journalctl@ceph.mon.smithi170.smithi170.stdout:Apr 22 15:54:19 smithi170 ceph-mon[26635]: Saving service node-exporter spec with placement *
2024-04-22T15:54:20.011 INFO:journalctl@ceph.mon.smithi170.smithi170.stdout:Apr 22 15:54:19 smithi170 ceph-mon[26635]: from='mgr.14118 172.21.15.170:0/2133321548' entity='mgr.smithi170.feqxmz'
2024-04-22T15:54:20.784 INFO:teuthology.orchestra.run.smithi170.stdout:/usr/bin/ceph: stdout Scheduled alertmanager update...
2024-04-22T15:54:20.784 INFO:teuthology.orchestra.run.smithi170.stdout:/usr/bin/ceph: stderr
2024-04-22T15:54:19.920+0000 7f8827bf4700 1 Processor -- start
2024-04-22T15:54:20.784 INFO:teuthology.orchestra.run.smithi170.stdout:/usr/bin/ceph: stderr
2024-04-22T15:54:19.921+0000 7f8827bf4700 1 -- start start
2024-04-22T15:54:20.784 INFO:teuthology.orchestra.run.smithi170.stdout:/usr/bin/ceph: stderr
2024-04-22T15:54:19.921+0000 7f8827bf4700 1 --2- >> [v2:172.21.15.170:3300/0,v1:172.21.15.170:6789/0] conn(0x7f8820106560 0x7f8820106980 unknown :-1 s=NONE pgs=0 cs=0 l=0 rev1=0 crypto rx=0 tx=0 comp rx=0 tx=0).connect
2024-04-22T15:54:20.784 INFO:teuthology.orchestra.run.smithi170.stdout:/usr/bin/ceph: stderr
2024-04-22T15:54:19.921+0000 7f8827bf4700 1 -- --> [v2:172.21.15.170:3300/0,v1:172.21.15.170:6789/0] -- mon_getmap magic: 0 v1 -- 0x7f8820106f50 con 0x7f8820106560
2024-04-22T15:54:20.784 INFO:teuthology.orchestra.run.smithi170.stdout:/usr/bin/ceph: stderr
2024-04-22T15:54:19.921+0000 7f8825990700 1 --2- >> [v2:172.21.15.170:3300/0,v1:172.21.15.170:6789/0] conn(0x7f8820106560 0x7f8820106980 unknown :-1 s=BANNER_CONNECTING pgs=0 cs=0 l=0 rev1=0 crypto rx=0 tx=0 comp rx=0 tx=0)._handle_peer_banner_payload supported=3 required=0
2024-04-22T15:54:20.785 INFO:teuthology.orchestra.run.smithi170.stdout:/usr/bin/ceph: stderr
2024-04-22T15:54:19.921+0000 7f8825990700 1 --2- >> [v2:172.21.15.170:3300/0,v1:172.21.15.170:6789/0] conn(0x7f8820106560 0x7f8820106980 unknown :-1 s=HELLO_CONNECTING pgs=0 cs=0 l=0 rev1=1 crypto rx=0 tx=0 comp rx=0 tx=0).handle_hello peer v2:172.21.15.170:3300/0 says I am v2:172.21.15.170:33288/0 (socket says 172.21.15.170:33288)
2024-04-22T15:54:20.785 INFO:teuthology.orchestra.run.smithi170.stdout:/usr/bin/ceph: stderr
2024-04-22T15:54:19.921+0000 7f8825990700 1 -- 172.21.15.170:0/3240396260 learned_addr learned my addr 172.21.15.170:0/3240396260 (peer_addr_for_me v2:172.21.15.170:0/0)
2024-04-22T15:54:20.785 INFO:teuthology.orchestra.run.smithi170.stdout:/usr/bin/ceph: stderr
2024-04-22T15:54:19.921+0000 7f8825990700 1 -- 172.21.15.170:0/3240396260 --> [v2:172.21.15.170:3300/0,v1:172.21.15.170:6789/0] -- mon_subscribe({config=0+,monmap=0+}) v3 -- 0x7f8820107760 con 0x7f8820106560
2024-04-22T15:54:20.785 INFO:teuthology.orchestra.run.smithi170.stdout:/usr/bin/ceph: stderr
2024-04-22T15:54:19.921+0000 7f8825990700 1 --2- 172.21.15.170:0/3240396260 >> [v2:172.21.15.170:3300/0,v1:172.21.15.170:6789/0] conn(0x7f8820106560 0x7f8820106980 secure :-1 s=READY pgs=59 cs=0 l=1 rev1=1 crypto rx=0x7f881c0098a0 tx=0x7f881c009bb0 comp rx=0 tx=0).ready entity=mon.0 client_cookie=af0fe95cbf068aff server_cookie=0 in_seq=0 out_seq=0
2024-04-22T15:54:20.785 INFO:teuthology.orchestra.run.smithi170.stdout:/usr/bin/ceph: stderr
2024-04-22T15:54:19.921+0000 7f882498e700 1 -- 172.21.15.170:0/3240396260 <== mon.0 v2:172.21.15.170:3300/0 1 ==== mon_map magic: 0 v1 ==== 229+0+0 (secure 0 0 0) 0x7f881c004180 con 0x7f8820106560
2024-04-22T15:54:20.785 INFO:teuthology.orchestra.run.smithi170.stdout:/usr/bin/ceph: stderr
2024-04-22T15:54:19.922+0000 7f882498e700 1 -- 172.21.15.170:0/3240396260 <== mon.0 v2:172.21.15.170:3300/0 2 ==== config(27 keys) v1 ==== 1101+0+0 (secure 0 0 0) 0x7f881c0042e0 con 0x7f8820106560
2024-04-22T15:54:20.785 INFO:teuthology.orchestra.run.smithi170.stdout:/usr/bin/ceph: stderr
2024-04-22T15:54:19.922+0000 7f882498e700 1 -- 172.21.15.170:0/3240396260 <== mon.0 v2:172.21.15.170:3300/0 3 ==== mon_map magic: 0 v1 ==== 229+0+0 (secure 0 0 0) 0x7f881c011af0 con 0x7f8820106560
2024-04-22T15:54:20.785 INFO:teuthology.orchestra.run.smithi170.stdout:/usr/bin/ceph: stderr
2024-04-22T15:54:19.922+0000 7f8827bf4700 1 -- 172.21.15.170:0/3240396260 >> [v2:172.21.15.170:3300/0,v1:172.21.15.170:6789/0] conn(0x7f8820106560 msgr2=0x7f8820106980 secure :-1 s=STATE_CONNECTION_ESTABLISHED l=1).mark_down
2024-04-22T15:54:20.785 INFO:teuthology.orchestra.run.smithi170.stdout:/usr/bin/ceph: stderr
2024-04-22T15:54:19.922+0000 7f8827bf4700 1 --2- 172.21.15.170:0/3240396260 >> [v2:172.21.15.170:3300/0,v1:172.21.15.170:6789/0] conn(0x7f8820106560 0x7f8820106980 secure :-1 s=READY pgs=59 cs=0 l=1 rev1=1 crypto rx=0x7f881c0098a0 tx=0x7f881c009bb0 comp rx=0 tx=0).stop
2024-04-22T15:54:20.785 INFO:teuthology.orchestra.run.smithi170.stdout:/usr/bin/ceph: stderr
2024-04-22T15:54:19.922+0000 7f8827bf4700 1 -- 172.21.15.170:0/3240396260 shutdown_connections
2024-04-22T15:54:20.785 INFO:teuthology.orchestra.run.smithi170.stdout:/usr/bin/ceph: stderr
2024-04-22T15:54:19.922+0000 7f8827bf4700 1 --2- 172.21.15.170:0/3240396260 >> [v2:172.21.15.170:3300/0,v1:172.21.15.170:6789/0] conn(0x7f8820106560 0x7f8820106980 unknown :-1 s=CLOSED pgs=59 cs=0 l=1 rev1=1 crypto rx=0 tx=0 comp rx=0 tx=0).stop
2024-04-22T15:54:20.785 INFO:teuthology.orchestra.run.smithi170.stdout:/usr/bin/ceph: stderr
2024-04-22T15:54:19.922+0000 7f8827bf4700 1 -- 172.21.15.170:0/3240396260 >> 172.21.15.170:0/3240396260 conn(0x7f8820101b40 msgr2=0x7f8820103f60 unknown :-1 s=STATE_NONE l=0).mark_down
2024-04-22T15:54:20.785 INFO:teuthology.orchestra.run.smithi170.stdout:/usr/bin/ceph: stderr
2024-04-22T15:54:19.922+0000 7f8827bf4700 1 -- 172.21.15.170:0/3240396260 shutdown_connections
2024-04-22T15:54:20.785 INFO:teuthology.orchestra.run.smithi170.stdout:/usr/bin/ceph: stderr
2024-04-22T15:54:19.922+0000 7f8827bf4700 1 -- 172.21.15.170:0/3240396260 wait complete.
2024-04-22T15:54:20.786 INFO:teuthology.orchestra.run.smithi170.stdout:/usr/bin/ceph: stderr
2024-04-22T15:54:19.923+0000 7f8827bf4700 1 Processor -- start
2024-04-22T15:54:20.786 INFO:teuthology.orchestra.run.smithi170.stdout:/usr/bin/ceph: stderr
2024-04-22T15:54:19.923+0000 7f8827bf4700 1 -- start start
2024-04-22T15:54:20.786 INFO:teuthology.orchestra.run.smithi170.stdout:/usr/bin/ceph: stderr
2024-04-22T15:54:19.923+0000 7f8827bf4700 1 --2- >> [v2:172.21.15.170:3300/0,v1:172.21.15.170:6789/0] conn(0x7f8820106560 0x7f882019a1f0 unknown :-1 s=NONE pgs=0 cs=0 l=1 rev1=0 crypto rx=0 tx=0 comp rx=0 tx=0).connect
2024-04-22T15:54:20.786 INFO:teuthology.orchestra.run.smithi170.stdout:/usr/bin/ceph: stderr
2024-04-22T15:54:19.923+0000 7f8827bf4700 1 -- --> [v2:172.21.15.170:3300/0,v1:172.21.15.170:6789/0] -- mon_getmap magic: 0 v1 -- 0x7f882019a730 con 0x7f8820106560
2024-04-22T15:54:20.786 INFO:teuthology.orchestra.run.smithi170.stdout:/usr/bin/ceph: stderr
2024-04-22T15:54:19.923+0000 7f8825990700 1 --2- >> [v2:172.21.15.170:3300/0,v1:172.21.15.170:6789/0] conn(0x7f8820106560 0x7f882019a1f0 unknown :-1 s=BANNER_CONNECTING pgs=0 cs=0 l=1 rev1=0 crypto rx=0 tx=0 comp rx=0 tx=0)._handle_peer_banner_payload supported=3 required=0
2024-04-22T15:54:20.786 INFO:teuthology.orchestra.run.smithi170.stdout:/usr/bin/ceph: stderr
2024-04-22T15:54:19.923+0000 7f8825990700 1 --2- >> [v2:172.21.15.170:3300/0,v1:172.21.15.170:6789/0] conn(0x7f8820106560 0x7f882019a1f0 unknown :-1 s=HELLO_CONNECTING pgs=0 cs=0 l=1 rev1=1 crypto rx=0 tx=0 comp rx=0 tx=0).handle_hello peer v2:172.21.15.170:3300/0 says I am v2:172.21.15.170:33300/0 (socket says 172.21.15.170:33300)
2024-04-22T15:54:20.786 INFO:teuthology.orchestra.run.smithi170.stdout:/usr/bin/ceph: stderr
2024-04-22T15:54:19.923+0000 7f8825990700 1 -- 172.21.15.170:0/1504281405 learned_addr learned my addr 172.21.15.170:0/1504281405 (peer_addr_for_me v2:172.21.15.170:0/0)
2024-04-22T15:54:20.786 INFO:teuthology.orchestra.run.smithi170.stdout:/usr/bin/ceph: stderr
2024-04-22T15:54:19.923+0000 7f8825990700 1 -- 172.21.15.170:0/1504281405 --> [v2:172.21.15.170:3300/0,v1:172.21.15.170:6789/0] -- mon_subscribe({config=0+,monmap=0+}) v3 -- 0x7f881c009550 con 0x7f8820106560
2024-04-22T15:54:20.786 INFO:teuthology.orchestra.run.smithi170.stdout:/usr/bin/ceph: stderr
2024-04-22T15:54:19.923+0000 7f8825990700 1 --2- 172.21.15.170:0/1504281405 >> [v2:172.21.15.170:3300/0,v1:172.21.15.170:6789/0] conn(0x7f8820106560 0x7f882019a1f0 secure :-1 s=READY pgs=60 cs=0 l=1 rev1=1 crypto rx=0x7f881c006ba0 tx=0x7f881c011b50 comp rx=0 tx=0).ready entity=mon.0 client_cookie=0 server_cookie=0 in_seq=0 out_seq=0
2024-04-22T15:54:20.786 INFO:teuthology.orchestra.run.smithi170.stdout:/usr/bin/ceph: stderr
2024-04-22T15:54:19.924+0000 7f8816ffd700 1 -- 172.21.15.170:0/1504281405 <== mon.0 v2:172.21.15.170:3300/0 1 ==== mon_map magic: 0 v1 ==== 229+0+0 (secure 0 0 0) 0x7f881c003b00 con 0x7f8820106560
2024-04-22T15:54:20.786 INFO:teuthology.orchestra.run.smithi170.stdout:/usr/bin/ceph: stderr
2024-04-22T15:54:19.924+0000 7f8816ffd700 1 -- 172.21.15.170:0/1504281405 <== mon.0 v2:172.21.15.170:3300/0 2 ==== config(27 keys) v1 ==== 1101+0+0 (secure 0 0 0) 0x7f881c01a8e0 con 0x7f8820106560
2024-04-22T15:54:20.786 INFO:teuthology.orchestra.run.smithi170.stdout:/usr/bin/ceph: stderr
2024-04-22T15:54:19.924+0000 7f8827bf4700 1 -- 172.21.15.170:0/1504281405 --> [v2:172.21.15.170:3300/0,v1:172.21.15.170:6789/0] -- mon_subscribe({mgrmap=0+}) v3 -- 0x7f882019a930 con 0x7f8820106560
2024-04-22T15:54:20.787 INFO:teuthology.orchestra.run.smithi170.stdout:/usr/bin/ceph: stderr
2024-04-22T15:54:19.924+0000 7f8816ffd700 1 -- 172.21.15.170:0/1504281405 <== mon.0 v2:172.21.15.170:3300/0 3 ==== mon_map magic: 0 v1 ==== 229+0+0 (secure 0 0 0) 0x7f881c019990 con 0x7f8820106560
2024-04-22T15:54:20.787 INFO:teuthology.orchestra.run.smithi170.stdout:/usr/bin/ceph: stderr
2024-04-22T15:54:19.924+0000 7f8827bf4700 1 -- 172.21.15.170:0/1504281405 --> [v2:172.21.15.170:3300/0,v1:172.21.15.170:6789/0] -- mon_subscribe({osdmap=0}) v3 -- 0x7f882019add0 con 0x7f8820106560
2024-04-22T15:54:20.787 INFO:teuthology.orchestra.run.smithi170.stdout:/usr/bin/ceph: stderr
2024-04-22T15:54:19.925+0000 7f8816ffd700 1 -- 172.21.15.170:0/1504281405 <== mon.0 v2:172.21.15.170:3300/0 4 ==== mgrmap(e 8) v1 ==== 45283+0+0 (secure 0 0 0) 0x7f881c019c00 con 0x7f8820106560
2024-04-22T15:54:20.787 INFO:teuthology.orchestra.run.smithi170.stdout:/usr/bin/ceph: stderr
2024-04-22T15:54:19.925+0000 7f8816ffd700 1 --2- 172.21.15.170:0/1504281405 >> [v2:172.21.15.170:6800/930216429,v1:172.21.15.170:6801/930216429] conn(0x7f880c038320 0x7f880c03a7e0 unknown :-1 s=NONE pgs=0 cs=0 l=1 rev1=0 crypto rx=0 tx=0 comp rx=0 tx=0).connect
2024-04-22T15:54:20.787 INFO:teuthology.orchestra.run.smithi170.stdout:/usr/bin/ceph: stderr
2024-04-22T15:54:19.925+0000 7f8816ffd700 1 -- 172.21.15.170:0/1504281405 <== mon.0 v2:172.21.15.170:3300/0 5 ==== osd_map(2..2 src has 1..2) v4 ==== 940+0+0 (secure 0 0 0) 0x7f881c04c810 con 0x7f8820106560
2024-04-22T15:54:20.787 INFO:teuthology.orchestra.run.smithi170.stdout:/usr/bin/ceph: stderr
2024-04-22T15:54:19.925+0000 7f882518f700 1 --2- 172.21.15.170:0/1504281405 >> [v2:172.21.15.170:6800/930216429,v1:172.21.15.170:6801/930216429] conn(0x7f880c038320 0x7f880c03a7e0 unknown :-1 s=BANNER_CONNECTING pgs=0 cs=0 l=1 rev1=0 crypto rx=0 tx=0 comp rx=0 tx=0)._handle_peer_banner_payload supported=3 required=0
2024-04-22T15:54:20.787 INFO:teuthology.orchestra.run.smithi170.stdout:/usr/bin/ceph: stderr
2024-04-22T15:54:19.925+0000 7f8827bf4700 1 -- 172.21.15.170:0/1504281405 --> [v2:172.21.15.170:3300/0,v1:172.21.15.170:6789/0] -- mon_command({"prefix": "get_command_descriptions"} v 0) v1 -- 0x7f88200623c0 con 0x7f8820106560
2024-04-22T15:54:20.787 INFO:teuthology.orchestra.run.smithi170.stdout:/usr/bin/ceph: stderr
2024-04-22T15:54:19.925+0000 7f882518f700 1 --2- 172.21.15.170:0/1504281405 >> [v2:172.21.15.170:6800/930216429,v1:172.21.15.170:6801/930216429] conn(0x7f880c038320 0x7f880c03a7e0 secure :-1 s=READY pgs=19 cs=0 l=1 rev1=1 crypto rx=0x7f8810006fd0 tx=0x7f8810006e40 comp rx=0 tx=0).ready entity=mgr.14118 client_cookie=0 server_cookie=0 in_seq=0 out_seq=0
2024-04-22T15:54:20.787 INFO:teuthology.orchestra.run.smithi170.stdout:/usr/bin/ceph: stderr
2024-04-22T15:54:19.930+0000 7f8816ffd700 1 -- 172.21.15.170:0/1504281405 <== mon.0 v2:172.21.15.170:3300/0 6 ==== mon_command_ack([{"prefix": "get_command_descriptions"}]=0 v0) v1 ==== 72+0+180422 (secure 0 0 0) 0x7f881c02d440 con 0x7f8820106560
2024-04-22T15:54:20.787 INFO:teuthology.orchestra.run.smithi170.stdout:/usr/bin/ceph: stderr
2024-04-22T15:54:20.157+0000 7f8827bf4700 1 -- 172.21.15.170:0/1504281405 --> [v2:172.21.15.170:6800/930216429,v1:172.21.15.170:6801/930216429] -- mgr_command(tid 0: {"prefix": "orch apply", "service_type": "alertmanager", "target": ["mon-mgr", ""]}) v1 -- 0x7f8820102fa0 con 0x7f880c038320
2024-04-22T15:54:20.787 INFO:teuthology.orchestra.run.smithi170.stdout:/usr/bin/ceph: stderr
2024-04-22T15:54:20.162+0000 7f8816ffd700 1 -- 172.21.15.170:0/1504281405 <== mgr.14118 v2:172.21.15.170:6800/930216429 1 ==== mgr_command_reply(tid 0: 0 ) v1 ==== 8+0+33 (secure 0 0 0) 0x7f8820102fa0 con 0x7f880c038320
2024-04-22T15:54:20.787 INFO:teuthology.orchestra.run.smithi170.stdout:/usr/bin/ceph: stderr
2024-04-22T15:54:20.164+0000 7f8827bf4700 1 -- 172.21.15.170:0/1504281405 >> [v2:172.21.15.170:6800/930216429,v1:172.21.15.170:6801/930216429] conn(0x7f880c038320 msgr2=0x7f880c03a7e0 secure :-1 s=STATE_CONNECTION_ESTABLISHED l=1).mark_down
2024-04-22T15:54:20.787 INFO:teuthology.orchestra.run.smithi170.stdout:/usr/bin/ceph: stderr
2024-04-22T15:54:20.164+0000 7f8827bf4700 1 --2- 172.21.15.170:0/1504281405 >> [v2:172.21.15.170:6800/930216429,v1:172.21.15.170:6801/930216429] conn(0x7f880c038320 0x7f880c03a7e0 secure :-1 s=READY pgs=19 cs=0 l=1 rev1=1 crypto rx=0x7f8810006fd0 tx=0x7f8810006e40 comp rx=0 tx=0).stop
2024-04-22T15:54:20.787 INFO:teuthology.orchestra.run.smithi170.stdout:/usr/bin/ceph: stderr
2024-04-22T15:54:20.164+0000 7f8827bf4700 1 -- 172.21.15.170:0/1504281405 >> [v2:172.21.15.170:3300/0,v1:172.21.15.170:6789/0] conn(0x7f8820106560 msgr2=0x7f882019a1f0 secure :-1 s=STATE_CONNECTION_ESTABLISHED l=1).mark_down
2024-04-22T15:54:20.788 INFO:teuthology.orchestra.run.smithi170.stdout:/usr/bin/ceph: stderr
2024-04-22T15:54:20.164+0000 7f8827bf4700 1 --2- 172.21.15.170:0/1504281405 >> [v2:172.21.15.170:3300/0,v1:172.21.15.170:6789/0] conn(0x7f8820106560 0x7f882019a1f0 secure :-1 s=READY pgs=60 cs=0 l=1 rev1=1 crypto rx=0x7f881c006ba0 tx=0x7f881c011b50 comp rx=0 tx=0).stop
2024-04-22T15:54:20.788 INFO:teuthology.orchestra.run.smithi170.stdout:/usr/bin/ceph: stderr
2024-04-22T15:54:20.164+0000 7f8827bf4700 1 -- 172.21.15.170:0/1504281405 shutdown_connections
2024-04-22T15:54:20.788 INFO:teuthology.orchestra.run.smithi170.stdout:/usr/bin/ceph: stderr
2024-04-22T15:54:20.164+0000 7f8827bf4700 1 --2- 172.21.15.170:0/1504281405 >> [v2:172.21.15.170:6800/930216429,v1:172.21.15.170:6801/930216429] conn(0x7f880c038320 0x7f880c03a7e0 unknown :-1 s=CLOSED pgs=19 cs=0 l=1 rev1=1 crypto rx=0 tx=0 comp rx=0 tx=0).stop
2024-04-22T15:54:20.788 INFO:teuthology.orchestra.run.smithi170.stdout:/usr/bin/ceph: stderr
2024-04-22T15:54:20.164+0000 7f8827bf4700 1 --2- 172.21.15.170:0/1504281405 >> [v2:172.21.15.170:3300/0,v1:172.21.15.170:6789/0] conn(0x7f8820106560 0x7f882019a1f0 unknown :-1 s=CLOSED pgs=60 cs=0 l=1 rev1=1 crypto rx=0 tx=0 comp rx=0 tx=0).stop
2024-04-22T15:54:20.788 INFO:teuthology.orchestra.run.smithi170.stdout:/usr/bin/ceph: stderr
2024-04-22T15:54:20.164+0000 7f8827bf4700 1 -- 172.21.15.170:0/1504281405 >> 172.21.15.170:0/1504281405 conn(0x7f8820101b40 msgr2=0x7f8820102890 unknown :-1 s=STATE_NONE l=0).mark_down
2024-04-22T15:54:20.788 INFO:teuthology.orchestra.run.smithi170.stdout:/usr/bin/ceph: stderr
2024-04-22T15:54:20.164+0000 7f8827bf4700 1 -- 172.21.15.170:0/1504281405 shutdown_connections
2024-04-22T15:54:20.788 INFO:teuthology.orchestra.run.smithi170.stdout:/usr/bin/ceph: stderr
2024-04-22T15:54:20.164+0000 7f8827bf4700 1 -- 172.21.15.170:0/1504281405 wait complete.
2024-04-22T15:54:21.428 INFO:journalctl@ceph.mon.smithi170.smithi170.stdout:Apr 22 15:54:21 smithi170 ceph-mon[26635]: from='client.14154 -' entity='client.admin' cmd=[{"prefix": "orch apply", "service_type": "alertmanager", "target": ["mon-mgr", ""]}]: dispatch
2024-04-22T15:54:21.428 INFO:journalctl@ceph.mon.smithi170.smithi170.stdout:Apr 22 15:54:21 smithi170 ceph-mon[26635]: Saving service alertmanager spec with placement count:1
2024-04-22T15:54:21.428 INFO:journalctl@ceph.mon.smithi170.smithi170.stdout:Apr 22 15:54:21 smithi170 ceph-mon[26635]: from='mgr.14118 172.21.15.170:0/2133321548' entity='mgr.smithi170.feqxmz'
2024-04-22T15:54:21.429 INFO:journalctl@ceph.mon.smithi170.smithi170.stdout:Apr 22 15:54:21 smithi170 ceph-mon[26635]: pgmap v4: 0 pgs: ; 0 B data, 0 B used, 0 B / 0 B avail
2024-04-22T15:54:21.986 INFO:teuthology.orchestra.run.smithi170.stdout:/usr/bin/ceph: stderr
2024-04-22T15:54:21.229+0000 7f8af3e76700 1 Processor -- start
2024-04-22T15:54:21.991 INFO:teuthology.orchestra.run.smithi170.stdout:/usr/bin/ceph: stderr
2024-04-22T15:54:21.229+0000 7f8af3e76700 1 -- start start
2024-04-22T15:54:21.991 INFO:teuthology.orchestra.run.smithi170.stdout:/usr/bin/ceph: stderr
2024-04-22T15:54:21.229+0000 7f8af3e76700 1 --2- >> [v2:172.21.15.170:3300/0,v1:172.21.15.170:6789/0] conn(0x7f8aec105470 0x7f8aec105890 unknown :-1 s=NONE pgs=0 cs=0 l=0 rev1=0 crypto rx=0 tx=0 comp rx=0 tx=0).connect
2024-04-22T15:54:21.991 INFO:teuthology.orchestra.run.smithi170.stdout:/usr/bin/ceph: stderr
2024-04-22T15:54:21.229+0000 7f8af3e76700 1 -- --> [v2:172.21.15.170:3300/0,v1:172.21.15.170:6789/0] -- mon_getmap magic: 0 v1 -- 0x7f8aec105e60 con 0x7f8aec105470
2024-04-22T15:54:21.992 INFO:teuthology.orchestra.run.smithi170.stdout:/usr/bin/ceph: stderr
2024-04-22T15:54:21.229+0000 7f8af1c12700 1 --2- >> [v2:172.21.15.170:3300/0,v1:172.21.15.170:6789/0] conn(0x7f8aec105470 0x7f8aec105890 unknown :-1 s=BANNER_CONNECTING pgs=0 cs=0 l=0 rev1=0 crypto rx=0 tx=0 comp rx=0 tx=0)._handle_peer_banner_payload supported=3 required=0
2024-04-22T15:54:21.992 INFO:teuthology.orchestra.run.smithi170.stdout:/usr/bin/ceph: stderr
2024-04-22T15:54:21.229+0000 7f8af1c12700 1 --2- >> [v2:172.21.15.170:3300/0,v1:172.21.15.170:6789/0] conn(0x7f8aec105470 0x7f8aec105890 unknown :-1 s=HELLO_CONNECTING pgs=0 cs=0 l=0 rev1=1 crypto rx=0 tx=0 comp rx=0 tx=0).handle_hello peer v2:172.21.15.170:3300/0 says I am v2:172.21.15.170:33316/0 (socket says 172.21.15.170:33316)
2024-04-22T15:54:21.992 INFO:teuthology.orchestra.run.smithi170.stdout:/usr/bin/ceph: stderr
2024-04-22T15:54:21.229+0000 7f8af1c12700 1 -- 172.21.15.170:0/2679151516 learned_addr learned my addr 172.21.15.170:0/2679151516 (peer_addr_for_me v2:172.21.15.170:0/0)
2024-04-22T15:54:21.992 INFO:teuthology.orchestra.run.smithi170.stdout:/usr/bin/ceph: stderr
2024-04-22T15:54:21.230+0000 7f8af1c12700 1 -- 172.21.15.170:0/2679151516 --> [v2:172.21.15.170:3300/0,v1:172.21.15.170:6789/0] -- mon_subscribe({config=0+,monmap=0+}) v3 -- 0x7f8aec106670 con 0x7f8aec105470
2024-04-22T15:54:21.992 INFO:teuthology.orchestra.run.smithi170.stdout:/usr/bin/ceph: stderr
2024-04-22T15:54:21.230+0000 7f8af1c12700 1 --2- 172.21.15.170:0/2679151516 >> [v2:172.21.15.170:3300/0,v1:172.21.15.170:6789/0] conn(0x7f8aec105470 0x7f8aec105890 secure :-1 s=READY pgs=61 cs=0 l=1 rev1=1 crypto rx=0x7f8ae80098a0 tx=0x7f8ae8009bb0 comp rx=0 tx=0).ready entity=mon.0 client_cookie=5dacdc1f889d264a server_cookie=0 in_seq=0 out_seq=0
2024-04-22T15:54:21.992 INFO:teuthology.orchestra.run.smithi170.stdout:/usr/bin/ceph: stderr
2024-04-22T15:54:21.230+0000 7f8af0c10700 1 -- 172.21.15.170:0/2679151516 <== mon.0 v2:172.21.15.170:3300/0 1 ==== mon_map magic: 0 v1 ==== 229+0+0 (secure 0 0 0) 0x7f8ae8004180 con 0x7f8aec105470
2024-04-22T15:54:21.992 INFO:teuthology.orchestra.run.smithi170.stdout:/usr/bin/ceph: stderr
2024-04-22T15:54:21.230+0000 7f8af0c10700 1 -- 172.21.15.170:0/2679151516 <== mon.0 v2:172.21.15.170:3300/0 2 ==== config(27 keys) v1 ==== 1101+0+0 (secure 0 0 0) 0x7f8ae80042e0 con 0x7f8aec105470
2024-04-22T15:54:21.992 INFO:teuthology.orchestra.run.smithi170.stdout:/usr/bin/ceph: stderr
2024-04-22T15:54:21.230+0000 7f8af0c10700 1 -- 172.21.15.170:0/2679151516 <== mon.0 v2:172.21.15.170:3300/0 3 ==== mon_map magic: 0 v1 ==== 229+0+0 (secure 0 0 0) 0x7f8ae8011af0 con 0x7f8aec105470
2024-04-22T15:54:21.992 INFO:teuthology.orchestra.run.smithi170.stdout:/usr/bin/ceph: stderr
2024-04-22T15:54:21.230+0000 7f8af3e76700 1 -- 172.21.15.170:0/2679151516 >> [v2:172.21.15.170:3300/0,v1:172.21.15.170:6789/0] conn(0x7f8aec105470 msgr2=0x7f8aec105890 secure :-1 s=STATE_CONNECTION_ESTABLISHED l=1).mark_down
2024-04-22T15:54:21.992 INFO:teuthology.orchestra.run.smithi170.stdout:/usr/bin/ceph: stderr
2024-04-22T15:54:21.230+0000 7f8af3e76700 1 --2- 172.21.15.170:0/2679151516 >> [v2:172.21.15.170:3300/0,v1:172.21.15.170:6789/0] conn(0x7f8aec105470 0x7f8aec105890 secure :-1 s=READY pgs=61 cs=0 l=1 rev1=1 crypto rx=0x7f8ae80098a0 tx=0x7f8ae8009bb0 comp rx=0 tx=0).stop
2024-04-22T15:54:21.992 INFO:teuthology.orchestra.run.smithi170.stdout:/usr/bin/ceph: stderr
2024-04-22T15:54:21.230+0000 7f8af3e76700 1 -- 172.21.15.170:0/2679151516 shutdown_connections
2024-04-22T15:54:21.992 INFO:teuthology.orchestra.run.smithi170.stdout:/usr/bin/ceph: stderr
2024-04-22T15:54:21.230+0000 7f8af3e76700 1 --2- 172.21.15.170:0/2679151516 >> [v2:172.21.15.170:3300/0,v1:172.21.15.170:6789/0] conn(0x7f8aec105470 0x7f8aec105890 unknown :-1 s=CLOSED pgs=61 cs=0 l=1 rev1=1 crypto rx=0 tx=0 comp rx=0 tx=0).stop
2024-04-22T15:54:21.992 INFO:teuthology.orchestra.run.smithi170.stdout:/usr/bin/ceph: stderr
2024-04-22T15:54:21.230+0000 7f8af3e76700 1 -- 172.21.15.170:0/2679151516 >> 172.21.15.170:0/2679151516 conn(0x7f8aec1009f0 msgr2=0x7f8aec102e50 unknown :-1 s=STATE_NONE l=0).mark_down
2024-04-22T15:54:21.992 INFO:teuthology.orchestra.run.smithi170.stdout:/usr/bin/ceph: stderr
2024-04-22T15:54:21.231+0000 7f8af3e76700 1 -- 172.21.15.170:0/2679151516 shutdown_connections
2024-04-22T15:54:21.993 INFO:teuthology.orchestra.run.smithi170.stdout:/usr/bin/ceph: stderr
2024-04-22T15:54:21.231+0000 7f8af3e76700 1 -- 172.21.15.170:0/2679151516 wait complete.
2024-04-22T15:54:21.993 INFO:teuthology.orchestra.run.smithi170.stdout:/usr/bin/ceph: stderr
2024-04-22T15:54:21.231+0000 7f8af3e76700 1 Processor -- start
2024-04-22T15:54:21.993 INFO:teuthology.orchestra.run.smithi170.stdout:/usr/bin/ceph: stderr
2024-04-22T15:54:21.231+0000 7f8af3e76700 1 -- start start
2024-04-22T15:54:21.993 INFO:teuthology.orchestra.run.smithi170.stdout:/usr/bin/ceph: stderr
2024-04-22T15:54:21.231+0000 7f8af3e76700 1 --2- >> [v2:172.21.15.170:3300/0,v1:172.21.15.170:6789/0] conn(0x7f8aec105470 0x7f8aec1990e0 unknown :-1 s=NONE pgs=0 cs=0 l=1 rev1=0 crypto rx=0 tx=0 comp rx=0 tx=0).connect
2024-04-22T15:54:21.993 INFO:teuthology.orchestra.run.smithi170.stdout:/usr/bin/ceph: stderr
2024-04-22T15:54:21.231+0000 7f8af3e76700 1 -- --> [v2:172.21.15.170:3300/0,v1:172.21.15.170:6789/0] -- mon_getmap magic: 0 v1 -- 0x7f8aec199620 con 0x7f8aec105470
2024-04-22T15:54:21.993 INFO:teuthology.orchestra.run.smithi170.stdout:/usr/bin/ceph: stderr
2024-04-22T15:54:21.231+0000 7f8af1c12700 1 --2- >> [v2:172.21.15.170:3300/0,v1:172.21.15.170:6789/0] conn(0x7f8aec105470 0x7f8aec1990e0 unknown :-1 s=BANNER_CONNECTING pgs=0 cs=0 l=1 rev1=0 crypto rx=0 tx=0 comp rx=0 tx=0)._handle_peer_banner_payload supported=3 required=0
2024-04-22T15:54:21.993 INFO:teuthology.orchestra.run.smithi170.stdout:/usr/bin/ceph: stderr
2024-04-22T15:54:21.231+0000 7f8af1c12700 1 --2- >> [v2:172.21.15.170:3300/0,v1:172.21.15.170:6789/0] conn(0x7f8aec105470 0x7f8aec1990e0 unknown :-1 s=HELLO_CONNECTING pgs=0 cs=0 l=1 rev1=1 crypto rx=0 tx=0 comp rx=0 tx=0).handle_hello peer v2:172.21.15.170:3300/0 says I am v2:172.21.15.170:33328/0 (socket says 172.21.15.170:33328)
2024-04-22T15:54:21.993 INFO:teuthology.orchestra.run.smithi170.stdout:/usr/bin/ceph: stderr
2024-04-22T15:54:21.232+0000 7f8af1c12700 1 -- 172.21.15.170:0/2458510522 learned_addr learned my addr 172.21.15.170:0/2458510522 (peer_addr_for_me v2:172.21.15.170:0/0)
2024-04-22T15:54:21.993 INFO:teuthology.orchestra.run.smithi170.stdout:/usr/bin/ceph: stderr
2024-04-22T15:54:21.232+0000 7f8af1c12700 1 -- 172.21.15.170:0/2458510522 --> [v2:172.21.15.170:3300/0,v1:172.21.15.170:6789/0] -- mon_subscribe({config=0+,monmap=0+}) v3 -- 0x7f8ae8009550 con 0x7f8aec105470
2024-04-22T15:54:21.993 INFO:teuthology.orchestra.run.smithi170.stdout:/usr/bin/ceph: stderr
2024-04-22T15:54:21.232+0000 7f8af1c12700 1 --2- 172.21.15.170:0/2458510522 >> [v2:172.21.15.170:3300/0,v1:172.21.15.170:6789/0] conn(0x7f8aec105470 0x7f8aec1990e0 secure :-1 s=READY pgs=62 cs=0 l=1 rev1=1 crypto rx=0x7f8ae8009fb0 tx=0x7f8ae8003980 comp rx=0 tx=0).ready entity=mon.0 client_cookie=0 server_cookie=0 in_seq=0 out_seq=0
2024-04-22T15:54:21.993 INFO:teuthology.orchestra.run.smithi170.stdout:/usr/bin/ceph: stderr
2024-04-22T15:54:21.232+0000 7f8ae2ffd700 1 -- 172.21.15.170:0/2458510522 <== mon.0 v2:172.21.15.170:3300/0 1 ==== mon_map magic: 0 v1 ==== 229+0+0 (secure 0 0 0) 0x7f8ae8003c20 con 0x7f8aec105470
2024-04-22T15:54:21.993 INFO:teuthology.orchestra.run.smithi170.stdout:/usr/bin/ceph: stderr
2024-04-22T15:54:21.232+0000 7f8ae2ffd700 1 -- 172.21.15.170:0/2458510522 <== mon.0 v2:172.21.15.170:3300/0 2 ==== config(27 keys) v1 ==== 1101+0+0 (secure 0 0 0) 0x7f8ae8020070 con 0x7f8aec105470
2024-04-22T15:54:21.993 INFO:teuthology.orchestra.run.smithi170.stdout:/usr/bin/ceph: stderr
2024-04-22T15:54:21.232+0000 7f8af3e76700 1 -- 172.21.15.170:0/2458510522 --> [v2:172.21.15.170:3300/0,v1:172.21.15.170:6789/0] -- mon_subscribe({mgrmap=0+}) v3 -- 0x7f8aec199820 con 0x7f8aec105470
2024-04-22T15:54:21.993 INFO:teuthology.orchestra.run.smithi170.stdout:/usr/bin/ceph: stderr
2024-04-22T15:54:21.232+0000 7f8ae2ffd700 1 -- 172.21.15.170:0/2458510522 <== mon.0 v2:172.21.15.170:3300/0 3 ==== mon_map magic: 0 v1 ==== 229+0+0 (secure 0 0 0) 0x7f8ae801c800 con 0x7f8aec105470
2024-04-22T15:54:21.994 INFO:teuthology.orchestra.run.smithi170.stdout:/usr/bin/ceph: stderr
2024-04-22T15:54:21.232+0000 7f8af3e76700 1 -- 172.21.15.170:0/2458510522 --> [v2:172.21.15.170:3300/0,v1:172.21.15.170:6789/0] -- mon_subscribe({osdmap=0}) v3 -- 0x7f8aec199cc0 con 0x7f8aec105470
2024-04-22T15:54:21.994 INFO:teuthology.orchestra.run.smithi170.stdout:/usr/bin/ceph: stderr
2024-04-22T15:54:21.233+0000 7f8ae2ffd700 1 -- 172.21.15.170:0/2458510522 <== mon.0 v2:172.21.15.170:3300/0 4 ==== mgrmap(e 8) v1 ==== 45283+0+0 (secure 0 0 0) 0x7f8ae8022030 con 0x7f8aec105470
2024-04-22T15:54:21.994 INFO:teuthology.orchestra.run.smithi170.stdout:/usr/bin/ceph: stderr
2024-04-22T15:54:21.233+0000 7f8ae2ffd700 1 --2- 172.21.15.170:0/2458510522 >> [v2:172.21.15.170:6800/930216429,v1:172.21.15.170:6801/930216429] conn(0x7f8ad8038330 0x7f8ad803a7f0 unknown :-1 s=NONE pgs=0 cs=0 l=1 rev1=0 crypto rx=0 tx=0 comp rx=0 tx=0).connect
2024-04-22T15:54:21.994 INFO:teuthology.orchestra.run.smithi170.stdout:/usr/bin/ceph: stderr
2024-04-22T15:54:21.233+0000 7f8ae2ffd700 1 -- 172.21.15.170:0/2458510522 <== mon.0 v2:172.21.15.170:3300/0 5 ==== osd_map(2..2 src has 1..2) v4 ==== 940+0+0 (secure 0 0 0) 0x7f8ae804e6a0 con 0x7f8aec105470
2024-04-22T15:54:21.994 INFO:teuthology.orchestra.run.smithi170.stdout:/usr/bin/ceph: stderr
2024-04-22T15:54:21.233+0000 7f8af3e76700 1 -- 172.21.15.170:0/2458510522 --> [v2:172.21.15.170:3300/0,v1:172.21.15.170:6789/0] -- mon_command({"prefix": "get_command_descriptions"} v 0) v1 -- 0x7f8aec0623c0 con 0x7f8aec105470
2024-04-22T15:54:21.994 INFO:teuthology.orchestra.run.smithi170.stdout:/usr/bin/ceph: stderr
2024-04-22T15:54:21.233+0000 7f8af1411700 1 --2- 172.21.15.170:0/2458510522 >> [v2:172.21.15.170:6800/930216429,v1:172.21.15.170:6801/930216429] conn(0x7f8ad8038330 0x7f8ad803a7f0 unknown :-1 s=BANNER_CONNECTING pgs=0 cs=0 l=1 rev1=0 crypto rx=0 tx=0 comp rx=0 tx=0)._handle_peer_banner_payload supported=3 required=0
2024-04-22T15:54:21.994 INFO:teuthology.orchestra.run.smithi170.stdout:/usr/bin/ceph: stderr
2024-04-22T15:54:21.234+0000 7f8af1411700 1 --2- 172.21.15.170:0/2458510522 >> [v2:172.21.15.170:6800/930216429,v1:172.21.15.170:6801/930216429] conn(0x7f8ad8038330 0x7f8ad803a7f0 secure :-1 s=READY pgs=20 cs=0 l=1 rev1=1 crypto rx=0x7f8adc006fd0 tx=0x7f8adc006e40 comp rx=0 tx=0).ready entity=mgr.14118 client_cookie=0 server_cookie=0 in_seq=0 out_seq=0
2024-04-22T15:54:21.994 INFO:teuthology.orchestra.run.smithi170.stdout:/usr/bin/ceph: stderr
2024-04-22T15:54:21.238+0000 7f8ae2ffd700 1 -- 172.21.15.170:0/2458510522 <== mon.0 v2:172.21.15.170:3300/0 6 ==== mon_command_ack([{"prefix": "get_command_descriptions"}]=0 v0) v1 ==== 72+0+180422 (secure 0 0 0) 0x7f8ae801ca70 con 0x7f8aec105470
2024-04-22T15:54:21.994 INFO:teuthology.orchestra.run.smithi170.stdout:/usr/bin/ceph: stderr
