2024-04-22T23:14:31.503+0000 7f22feffd700 1 -- 172.21.15.67:0/4171974744 learned_addr learned my addr 172.21.15.67:0/4171974744 (peer_addr_for_me v2:172.21.15.67:0/0)
2024-04-22T23:14:33.474 INFO:teuthology.orchestra.run.smithi067.stdout:/usr/bin/ceph: stderr
2024-04-22T23:14:31.503+0000 7f22feffd700 1 -- 172.21.15.67:0/4171974744 --> [v2:172.21.15.67:3300/0,v1:172.21.15.67:6789/0] -- mon_subscribe({config=0+,monmap=0+}) v3 -- 0x7f2300106670 con 0x7f2300105470
2024-04-22T23:14:33.474 INFO:teuthology.orchestra.run.smithi067.stdout:/usr/bin/ceph: stderr
2024-04-22T23:14:31.503+0000 7f22feffd700 1 --2- 172.21.15.67:0/4171974744 >> [v2:172.21.15.67:3300/0,v1:172.21.15.67:6789/0] conn(0x7f2300105470 0x7f2300105890 secure :-1 s=READY pgs=82 cs=0 l=1 rev1=1 crypto rx=0x7f22f000bb40 tx=0x7f22f000be50 comp rx=0 tx=0).ready entity=mon.0 client_cookie=7291c48d35b8b585 server_cookie=0 in_seq=0 out_seq=0
2024-04-22T23:14:33.474 INFO:teuthology.orchestra.run.smithi067.stdout:/usr/bin/ceph: stderr
2024-04-22T23:14:31.503+0000 7f22fdffb700 1 -- 172.21.15.67:0/4171974744 <== mon.0 v2:172.21.15.67:3300/0 1 ==== mon_map magic: 0 v1 ==== 229+0+0 (secure 0 0 0) 0x7f22f000dc00 con 0x7f2300105470
2024-04-22T23:14:33.474 INFO:teuthology.orchestra.run.smithi067.stdout:/usr/bin/ceph: stderr
2024-04-22T23:14:31.503+0000 7f22fdffb700 1 -- 172.21.15.67:0/4171974744 <== mon.0 v2:172.21.15.67:3300/0 2 ==== config(27 keys) v1 ==== 1101+0+0 (secure 0 0 0) 0x7f22f00044e0 con 0x7f2300105470
2024-04-22T23:14:33.474 INFO:teuthology.orchestra.run.smithi067.stdout:/usr/bin/ceph: stderr
2024-04-22T23:14:31.503+0000 7f22fdffb700 1 -- 172.21.15.67:0/4171974744 <== mon.0 v2:172.21.15.67:3300/0 3 ==== mon_map magic: 0 v1 ==== 229+0+0 (secure 0 0 0) 0x7f22f0010470 con 0x7f2300105470
2024-04-22T23:14:33.475 INFO:teuthology.orchestra.run.smithi067.stdout:/usr/bin/ceph: stderr
2024-04-22T23:14:31.504+0000 7f23052d1700 1 -- 172.21.15.67:0/4171974744 >> [v2:172.21.15.67:3300/0,v1:172.21.15.67:6789/0] conn(0x7f2300105470 msgr2=0x7f2300105890 secure :-1 s=STATE_CONNECTION_ESTABLISHED l=1).mark_down
2024-04-22T23:14:33.475 INFO:teuthology.orchestra.run.smithi067.stdout:/usr/bin/ceph: stderr
2024-04-22T23:14:31.504+0000 7f23052d1700 1 --2- 172.21.15.67:0/4171974744 >> [v2:172.21.15.67:3300/0,v1:172.21.15.67:6789/0] conn(0x7f2300105470 0x7f2300105890 secure :-1 s=READY pgs=82 cs=0 l=1 rev1=1 crypto rx=0x7f22f000bb40 tx=0x7f22f000be50 comp rx=0 tx=0).stop
2024-04-22T23:14:33.475 INFO:teuthology.orchestra.run.smithi067.stdout:/usr/bin/ceph: stderr
2024-04-22T23:14:31.504+0000 7f23052d1700 1 -- 172.21.15.67:0/4171974744 shutdown_connections
2024-04-22T23:14:33.475 INFO:teuthology.orchestra.run.smithi067.stdout:/usr/bin/ceph: stderr
2024-04-22T23:14:31.504+0000 7f23052d1700 1 --2- 172.21.15.67:0/4171974744 >> [v2:172.21.15.67:3300/0,v1:172.21.15.67:6789/0] conn(0x7f2300105470 0x7f2300105890 unknown :-1 s=CLOSED pgs=82 cs=0 l=1 rev1=1 crypto rx=0 tx=0 comp rx=0 tx=0).stop
2024-04-22T23:14:33.475 INFO:teuthology.orchestra.run.smithi067.stdout:/usr/bin/ceph: stderr
2024-04-22T23:14:31.504+0000 7f23052d1700 1 -- 172.21.15.67:0/4171974744 >> 172.21.15.67:0/4171974744 conn(0x7f23001009f0 msgr2=0x7f2300102e50 unknown :-1 s=STATE_NONE l=0).mark_down
2024-04-22T23:14:33.475 INFO:teuthology.orchestra.run.smithi067.stdout:/usr/bin/ceph: stderr
2024-04-22T23:14:31.504+0000 7f23052d1700 1 -- 172.21.15.67:0/4171974744 shutdown_connections
2024-04-22T23:14:33.475 INFO:teuthology.orchestra.run.smithi067.stdout:/usr/bin/ceph: stderr
2024-04-22T23:14:31.504+0000 7f23052d1700 1 -- 172.21.15.67:0/4171974744 wait complete.
2024-04-22T23:14:33.475 INFO:teuthology.orchestra.run.smithi067.stdout:/usr/bin/ceph: stderr
2024-04-22T23:14:31.505+0000 7f23052d1700 1 Processor -- start
2024-04-22T23:14:33.475 INFO:teuthology.orchestra.run.smithi067.stdout:/usr/bin/ceph: stderr
2024-04-22T23:14:31.505+0000 7f23052d1700 1 -- start start
2024-04-22T23:14:33.475 INFO:teuthology.orchestra.run.smithi067.stdout:/usr/bin/ceph: stderr
2024-04-22T23:14:31.505+0000 7f23052d1700 1 --2- >> [v2:172.21.15.67:3300/0,v1:172.21.15.67:6789/0] conn(0x7f2300105470 0x7f230019c3d0 unknown :-1 s=NONE pgs=0 cs=0 l=1 rev1=0 crypto rx=0 tx=0 comp rx=0 tx=0).connect
2024-04-22T23:14:33.475 INFO:teuthology.orchestra.run.smithi067.stdout:/usr/bin/ceph: stderr
2024-04-22T23:14:31.505+0000 7f23052d1700 1 -- --> [v2:172.21.15.67:3300/0,v1:172.21.15.67:6789/0] -- mon_getmap magic: 0 v1 -- 0x7f230019c910 con 0x7f2300105470
2024-04-22T23:14:33.475 INFO:teuthology.orchestra.run.smithi067.stdout:/usr/bin/ceph: stderr
2024-04-22T23:14:31.505+0000 7f22feffd700 1 --2- >> [v2:172.21.15.67:3300/0,v1:172.21.15.67:6789/0] conn(0x7f2300105470 0x7f230019c3d0 unknown :-1 s=BANNER_CONNECTING pgs=0 cs=0 l=1 rev1=0 crypto rx=0 tx=0 comp rx=0 tx=0)._handle_peer_banner_payload supported=3 required=0
2024-04-22T23:14:33.475 INFO:teuthology.orchestra.run.smithi067.stdout:/usr/bin/ceph: stderr
2024-04-22T23:14:31.505+0000 7f22feffd700 1 --2- >> [v2:172.21.15.67:3300/0,v1:172.21.15.67:6789/0] conn(0x7f2300105470 0x7f230019c3d0 unknown :-1 s=HELLO_CONNECTING pgs=0 cs=0 l=1 rev1=1 crypto rx=0 tx=0 comp rx=0 tx=0).handle_hello peer v2:172.21.15.67:3300/0 says I am v2:172.21.15.67:57088/0 (socket says 172.21.15.67:57088)
2024-04-22T23:14:33.475 INFO:teuthology.orchestra.run.smithi067.stdout:/usr/bin/ceph: stderr
2024-04-22T23:14:31.505+0000 7f22feffd700 1 -- 172.21.15.67:0/2262980248 learned_addr learned my addr 172.21.15.67:0/2262980248 (peer_addr_for_me v2:172.21.15.67:0/0)
2024-04-22T23:14:33.476 INFO:teuthology.orchestra.run.smithi067.stdout:/usr/bin/ceph: stderr
2024-04-22T23:14:31.506+0000 7f22feffd700 1 -- 172.21.15.67:0/2262980248 --> [v2:172.21.15.67:3300/0,v1:172.21.15.67:6789/0] -- mon_subscribe({config=0+,monmap=0+}) v3 -- 0x7f22f000b7f0 con 0x7f2300105470
2024-04-22T23:14:33.476 INFO:teuthology.orchestra.run.smithi067.stdout:/usr/bin/ceph: stderr
2024-04-22T23:14:31.506+0000 7f22feffd700 1 --2- 172.21.15.67:0/2262980248 >> [v2:172.21.15.67:3300/0,v1:172.21.15.67:6789/0] conn(0x7f2300105470 0x7f230019c3d0 secure :-1 s=READY pgs=83 cs=0 l=1 rev1=1 crypto rx=0x7f22f0003fc0 tx=0x7f22f00040a0 comp rx=0 tx=0).ready entity=mon.0 client_cookie=0 server_cookie=0 in_seq=0 out_seq=0
2024-04-22T23:14:33.476 INFO:teuthology.orchestra.run.smithi067.stdout:/usr/bin/ceph: stderr
2024-04-22T23:14:31.506+0000 7f22e7fff700 1 -- 172.21.15.67:0/2262980248 <== mon.0 v2:172.21.15.67:3300/0 1 ==== mon_map magic: 0 v1 ==== 229+0+0 (secure 0 0 0) 0x7f22f000de20 con 0x7f2300105470
2024-04-22T23:14:33.476 INFO:teuthology.orchestra.run.smithi067.stdout:/usr/bin/ceph: stderr
2024-04-22T23:14:31.506+0000 7f22e7fff700 1 -- 172.21.15.67:0/2262980248 <== mon.0 v2:172.21.15.67:3300/0 2 ==== config(27 keys) v1 ==== 1101+0+0 (secure 0 0 0) 0x7f22f0010be0 con 0x7f2300105470
2024-04-22T23:14:33.476 INFO:teuthology.orchestra.run.smithi067.stdout:/usr/bin/ceph: stderr
2024-04-22T23:14:31.506+0000 7f23052d1700 1 -- 172.21.15.67:0/2262980248 --> [v2:172.21.15.67:3300/0,v1:172.21.15.67:6789/0] -- mon_subscribe({mgrmap=0+}) v3 -- 0x7f230019cb10 con 0x7f2300105470
2024-04-22T23:14:33.476 INFO:teuthology.orchestra.run.smithi067.stdout:/usr/bin/ceph: stderr
2024-04-22T23:14:31.506+0000 7f22e7fff700 1 -- 172.21.15.67:0/2262980248 <== mon.0 v2:172.21.15.67:3300/0 3 ==== mon_map magic: 0 v1 ==== 229+0+0 (secure 0 0 0) 0x7f22f0021c50 con 0x7f2300105470
2024-04-22T23:14:33.476 INFO:teuthology.orchestra.run.smithi067.stdout:/usr/bin/ceph: stderr
2024-04-22T23:14:31.506+0000 7f23052d1700 1 -- 172.21.15.67:0/2262980248 --> [v2:172.21.15.67:3300/0,v1:172.21.15.67:6789/0] -- mon_subscribe({osdmap=0}) v3 -- 0x7f230019cf50 con 0x7f2300105470
2024-04-22T23:14:33.476 INFO:teuthology.orchestra.run.smithi067.stdout:/usr/bin/ceph: stderr
2024-04-22T23:14:31.507+0000 7f22e7fff700 1 -- 172.21.15.67:0/2262980248 <== mon.0 v2:172.21.15.67:3300/0 4 ==== mgrmap(e 11) v1 ==== 45190+0+0 (secure 0 0 0) 0x7f22f00193f0 con 0x7f2300105470
2024-04-22T23:14:33.476 INFO:teuthology.orchestra.run.smithi067.stdout:/usr/bin/ceph: stderr
2024-04-22T23:14:31.507+0000 7f23052d1700 1 -- 172.21.15.67:0/2262980248 --> [v2:172.21.15.67:3300/0,v1:172.21.15.67:6789/0] -- mon_command({"prefix": "get_command_descriptions"} v 0) v1 -- 0x7f2300191d00 con 0x7f2300105470
2024-04-22T23:14:33.476 INFO:teuthology.orchestra.run.smithi067.stdout:/usr/bin/ceph: stderr
2024-04-22T23:14:31.507+0000 7f22e7fff700 1 --2- 172.21.15.67:0/2262980248 >> [v2:172.21.15.67:6800/2590792187,v1:172.21.15.67:6801/2590792187] conn(0x7f22e80381f0 0x7f22e803a6b0 unknown :-1 s=NONE pgs=0 cs=0 l=1 rev1=0 crypto rx=0 tx=0 comp rx=0 tx=0).connect
2024-04-22T23:14:33.476 INFO:teuthology.orchestra.run.smithi067.stdout:/usr/bin/ceph: stderr
2024-04-22T23:14:31.507+0000 7f22e7fff700 1 -- 172.21.15.67:0/2262980248 <== mon.0 v2:172.21.15.67:3300/0 5 ==== osd_map(3..3 src has 1..3) v4 ==== 1155+0+0 (secure 0 0 0) 0x7f22f004c4f0 con 0x7f2300105470
2024-04-22T23:14:33.476 INFO:teuthology.orchestra.run.smithi067.stdout:/usr/bin/ceph: stderr
2024-04-22T23:14:31.507+0000 7f22fe7fc700 1 --2- 172.21.15.67:0/2262980248 >> [v2:172.21.15.67:6800/2590792187,v1:172.21.15.67:6801/2590792187] conn(0x7f22e80381f0 0x7f22e803a6b0 unknown :-1 s=BANNER_CONNECTING pgs=0 cs=0 l=1 rev1=0 crypto rx=0 tx=0 comp rx=0 tx=0)._handle_peer_banner_payload supported=3 required=0
2024-04-22T23:14:33.476 INFO:teuthology.orchestra.run.smithi067.stdout:/usr/bin/ceph: stderr
2024-04-22T23:14:31.508+0000 7f22fe7fc700 1 --2- 172.21.15.67:0/2262980248 >> [v2:172.21.15.67:6800/2590792187,v1:172.21.15.67:6801/2590792187] conn(0x7f22e80381f0 0x7f22e803a6b0 secure :-1 s=READY pgs=7 cs=0 l=1 rev1=1 crypto rx=0x7f22f4006fd0 tx=0x7f22f4006e40 comp rx=0 tx=0).ready entity=mgr.14164 client_cookie=0 server_cookie=0 in_seq=0 out_seq=0
2024-04-22T23:14:33.477 INFO:teuthology.orchestra.run.smithi067.stdout:/usr/bin/ceph: stderr
2024-04-22T23:14:31.512+0000 7f22e7fff700 1 -- 172.21.15.67:0/2262980248 <== mon.0 v2:172.21.15.67:3300/0 6 ==== mon_command_ack([{"prefix": "get_command_descriptions"}]=0 v0) v1 ==== 72+0+180422 (secure 0 0 0) 0x7f22f000e950 con 0x7f2300105470
2024-04-22T23:14:33.477 INFO:teuthology.orchestra.run.smithi067.stdout:/usr/bin/ceph: stderr
2024-04-22T23:14:31.621+0000 7f22e7fff700 1 -- 172.21.15.67:0/2262980248 <== mon.0 v2:172.21.15.67:3300/0 7 ==== mgrmap(e 12) v1 ==== 45296+0+0 (secure 0 0 0) 0x7f22f00203c0 con 0x7f2300105470
2024-04-22T23:14:33.477 INFO:teuthology.orchestra.run.smithi067.stdout:/usr/bin/ceph: stderr
2024-04-22T23:14:31.733+0000 7f23052d1700 1 -- 172.21.15.67:0/2262980248 --> [v2:172.21.15.67:6800/2590792187,v1:172.21.15.67:6801/2590792187] -- mgr_command(tid 0: {"prefix": "dashboard create-self-signed-cert", "target": ["mon-mgr", ""]}) v1 -- 0x7f23000611d0 con 0x7f22e80381f0
2024-04-22T23:14:33.477 INFO:teuthology.orchestra.run.smithi067.stdout:/usr/bin/ceph: stderr
2024-04-22T23:14:31.934+0000 7f22e7fff700 1 -- 172.21.15.67:0/2262980248 <== mgr.14164 v2:172.21.15.67:6800/2590792187 1 ==== mgr_command_reply(tid 0: 0 ) v1 ==== 8+0+32 (secure 0 0 0) 0x7f23000611d0 con 0x7f22e80381f0
2024-04-22T23:14:33.477 INFO:teuthology.orchestra.run.smithi067.stdout:/usr/bin/ceph: stderr
2024-04-22T23:14:31.937+0000 7f23052d1700 1 -- 172.21.15.67:0/2262980248 >> [v2:172.21.15.67:6800/2590792187,v1:172.21.15.67:6801/2590792187] conn(0x7f22e80381f0 msgr2=0x7f22e803a6b0 secure :-1 s=STATE_CONNECTION_ESTABLISHED l=1).mark_down
2024-04-22T23:14:33.478 INFO:teuthology.orchestra.run.smithi067.stdout:/usr/bin/ceph: stderr
2024-04-22T23:14:31.937+0000 7f23052d1700 1 --2- 172.21.15.67:0/2262980248 >> [v2:172.21.15.67:6800/2590792187,v1:172.21.15.67:6801/2590792187] conn(0x7f22e80381f0 0x7f22e803a6b0 secure :-1 s=READY pgs=7 cs=0 l=1 rev1=1 crypto rx=0x7f22f4006fd0 tx=0x7f22f4006e40 comp rx=0 tx=0).stop
2024-04-22T23:14:33.478 INFO:teuthology.orchestra.run.smithi067.stdout:/usr/bin/ceph: stderr
2024-04-22T23:14:31.937+0000 7f23052d1700 1 -- 172.21.15.67:0/2262980248 >> [v2:172.21.15.67:3300/0,v1:172.21.15.67:6789/0] conn(0x7f2300105470 msgr2=0x7f230019c3d0 secure :-1 s=STATE_CONNECTION_ESTABLISHED l=1).mark_down
2024-04-22T23:14:33.478 INFO:teuthology.orchestra.run.smithi067.stdout:/usr/bin/ceph: stderr
2024-04-22T23:14:31.937+0000 7f23052d1700 1 --2- 172.21.15.67:0/2262980248 >> [v2:172.21.15.67:3300/0,v1:172.21.15.67:6789/0] conn(0x7f2300105470 0x7f230019c3d0 secure :-1 s=READY pgs=83 cs=0 l=1 rev1=1 crypto rx=0x7f22f0003fc0 tx=0x7f22f00040a0 comp rx=0 tx=0).stop
2024-04-22T23:14:33.478 INFO:teuthology.orchestra.run.smithi067.stdout:/usr/bin/ceph: stderr
2024-04-22T23:14:31.937+0000 7f23052d1700 1 -- 172.21.15.67:0/2262980248 shutdown_connections
2024-04-22T23:14:33.478 INFO:teuthology.orchestra.run.smithi067.stdout:/usr/bin/ceph: stderr
2024-04-22T23:14:31.937+0000 7f23052d1700 1 --2- 172.21.15.67:0/2262980248 >> [v2:172.21.15.67:6800/2590792187,v1:172.21.15.67:6801/2590792187] conn(0x7f22e80381f0 0x7f22e803a6b0 unknown :-1 s=CLOSED pgs=7 cs=0 l=1 rev1=1 crypto rx=0 tx=0 comp rx=0 tx=0).stop
2024-04-22T23:14:33.478 INFO:teuthology.orchestra.run.smithi067.stdout:/usr/bin/ceph: stderr
2024-04-22T23:14:31.937+0000 7f23052d1700 1 --2- 172.21.15.67:0/2262980248 >> [v2:172.21.15.67:3300/0,v1:172.21.15.67:6789/0] conn(0x7f2300105470 0x7f230019c3d0 unknown :-1 s=CLOSED pgs=83 cs=0 l=1 rev1=1 crypto rx=0 tx=0 comp rx=0 tx=0).stop
2024-04-22T23:14:33.478 INFO:teuthology.orchestra.run.smithi067.stdout:/usr/bin/ceph: stderr
2024-04-22T23:14:31.937+0000 7f23052d1700 1 -- 172.21.15.67:0/2262980248 >> 172.21.15.67:0/2262980248 conn(0x7f23001009f0 msgr2=0x7f230018ee40 unknown :-1 s=STATE_NONE l=0).mark_down
2024-04-22T23:14:33.478 INFO:teuthology.orchestra.run.smithi067.stdout:/usr/bin/ceph: stderr
2024-04-22T23:14:31.937+0000 7f23052d1700 1 -- 172.21.15.67:0/2262980248 shutdown_connections
2024-04-22T23:14:33.478 INFO:teuthology.orchestra.run.smithi067.stdout:/usr/bin/ceph: stderr
2024-04-22T23:14:31.937+0000 7f23052d1700 1 -- 172.21.15.67:0/2262980248 wait complete.
2024-04-22T23:14:33.478 INFO:teuthology.orchestra.run.smithi067.stdout:Creating initial admin user...
2024-04-22T23:14:34.397 INFO:journalctl@ceph.mon.smithi067.smithi067.stdout:Apr 22 23:14:34 smithi067 ceph-mon[26453]: from='client.14178 -' entity='client.admin' cmd=[{"prefix": "dashboard ac-user-create", "username": "admin", "rolename": "administrator", "force_password": true, "pwd_update_required": true, "target": ["mon-mgr", ""]}]: dispatch
2024-04-22T23:14:34.962 INFO:teuthology.orchestra.run.smithi067.stdout:/usr/bin/ceph: stdout {"username": "admin", "password": "$2b$12$SFV3TeYdg6u62V58sDgBZ.8/60DuVOJin4yj9/8x7m0UIy2jdDsnu", "roles": ["administrator"], "name": null, "email": null, "lastUpdate": 1713827674, "enabled": true, "pwdExpirationDate": null, "pwdUpdateRequired": true}
2024-04-22T23:14:34.962 INFO:teuthology.orchestra.run.smithi067.stdout:/usr/bin/ceph: stderr
2024-04-22T23:14:33.905+0000 7f4773586700 1 Processor -- start
2024-04-22T23:14:34.962 INFO:teuthology.orchestra.run.smithi067.stdout:/usr/bin/ceph: stderr
2024-04-22T23:14:33.905+0000 7f4773586700 1 -- start start
2024-04-22T23:14:34.963 INFO:teuthology.orchestra.run.smithi067.stdout:/usr/bin/ceph: stderr
2024-04-22T23:14:33.905+0000 7f4773586700 1 --2- >> [v2:172.21.15.67:3300/0,v1:172.21.15.67:6789/0] conn(0x7f476c07be60 0x7f476c07a2c0 unknown :-1 s=NONE pgs=0 cs=0 l=0 rev1=0 crypto rx=0 tx=0 comp rx=0 tx=0).connect
2024-04-22T23:14:34.963 INFO:teuthology.orchestra.run.smithi067.stdout:/usr/bin/ceph: stderr
2024-04-22T23:14:33.905+0000 7f4773586700 1 -- --> [v2:172.21.15.67:3300/0,v1:172.21.15.67:6789/0] -- mon_getmap magic: 0 v1 -- 0x7f476c07a890 con 0x7f476c07be60
2024-04-22T23:14:34.963 INFO:teuthology.orchestra.run.smithi067.stdout:/usr/bin/ceph: stderr
2024-04-22T23:14:33.905+0000 7f4771322700 1 --2- >> [v2:172.21.15.67:3300/0,v1:172.21.15.67:6789/0] conn(0x7f476c07be60 0x7f476c07a2c0 unknown :-1 s=BANNER_CONNECTING pgs=0 cs=0 l=0 rev1=0 crypto rx=0 tx=0 comp rx=0 tx=0)._handle_peer_banner_payload supported=3 required=0
2024-04-22T23:14:34.963 INFO:teuthology.orchestra.run.smithi067.stdout:/usr/bin/ceph: stderr
2024-04-22T23:14:33.906+0000 7f4771322700 1 --2- >> [v2:172.21.15.67:3300/0,v1:172.21.15.67:6789/0] conn(0x7f476c07be60 0x7f476c07a2c0 unknown :-1 s=HELLO_CONNECTING pgs=0 cs=0 l=0 rev1=1 crypto rx=0 tx=0 comp rx=0 tx=0).handle_hello peer v2:172.21.15.67:3300/0 says I am v2:172.21.15.67:57096/0 (socket says 172.21.15.67:57096)
2024-04-22T23:14:34.963 INFO:teuthology.orchestra.run.smithi067.stdout:/usr/bin/ceph: stderr
2024-04-22T23:14:33.906+0000 7f4771322700 1 -- 172.21.15.67:0/437524795 learned_addr learned my addr 172.21.15.67:0/437524795 (peer_addr_for_me v2:172.21.15.67:0/0)
2024-04-22T23:14:34.963 INFO:teuthology.orchestra.run.smithi067.stdout:/usr/bin/ceph: stderr
2024-04-22T23:14:33.906+0000 7f4771322700 1 -- 172.21.15.67:0/437524795 --> [v2:172.21.15.67:3300/0,v1:172.21.15.67:6789/0] -- mon_subscribe({config=0+,monmap=0+}) v3 -- 0x7f476c07a9d0 con 0x7f476c07be60
2024-04-22T23:14:34.963 INFO:teuthology.orchestra.run.smithi067.stdout:/usr/bin/ceph: stderr
2024-04-22T23:14:33.906+0000 7f4771322700 1 --2- 172.21.15.67:0/437524795 >> [v2:172.21.15.67:3300/0,v1:172.21.15.67:6789/0] conn(0x7f476c07be60 0x7f476c07a2c0 secure :-1 s=READY pgs=84 cs=0 l=1 rev1=1 crypto rx=0x7f47680098a0 tx=0x7f4768009bb0 comp rx=0 tx=0).ready entity=mon.0 client_cookie=1c1a4d37151e1706 server_cookie=0 in_seq=0 out_seq=0
2024-04-22T23:14:34.963 INFO:teuthology.orchestra.run.smithi067.stdout:/usr/bin/ceph: stderr
2024-04-22T23:14:33.906+0000 7f4763fff700 1 -- 172.21.15.67:0/437524795 <== mon.0 v2:172.21.15.67:3300/0 1 ==== mon_map magic: 0 v1 ==== 229+0+0 (secure 0 0 0) 0x7f4768004180 con 0x7f476c07be60
2024-04-22T23:14:34.963 INFO:teuthology.orchestra.run.smithi067.stdout:/usr/bin/ceph: stderr
2024-04-22T23:14:33.906+0000 7f4763fff700 1 -- 172.21.15.67:0/437524795 <== mon.0 v2:172.21.15.67:3300/0 2 ==== config(27 keys) v1 ==== 1101+0+0 (secure 0 0 0) 0x7f47680042e0 con 0x7f476c07be60
2024-04-22T23:14:34.963 INFO:teuthology.orchestra.run.smithi067.stdout:/usr/bin/ceph: stderr
2024-04-22T23:14:33.906+0000 7f4763fff700 1 -- 172.21.15.67:0/437524795 <== mon.0 v2:172.21.15.67:3300/0 3 ==== mon_map magic: 0 v1 ==== 229+0+0 (secure 0 0 0) 0x7f4768011af0 con 0x7f476c07be60
2024-04-22T23:14:34.963 INFO:teuthology.orchestra.run.smithi067.stdout:/usr/bin/ceph: stderr
2024-04-22T23:14:33.907+0000 7f4773586700 1 -- 172.21.15.67:0/437524795 >> [v2:172.21.15.67:3300/0,v1:172.21.15.67:6789/0] conn(0x7f476c07be60 msgr2=0x7f476c07a2c0 secure :-1 s=STATE_CONNECTION_ESTABLISHED l=1).mark_down
2024-04-22T23:14:34.964 INFO:teuthology.orchestra.run.smithi067.stdout:/usr/bin/ceph: stderr
2024-04-22T23:14:33.907+0000 7f4773586700 1 --2- 172.21.15.67:0/437524795 >> [v2:172.21.15.67:3300/0,v1:172.21.15.67:6789/0] conn(0x7f476c07be60 0x7f476c07a2c0 secure :-1 s=READY pgs=84 cs=0 l=1 rev1=1 crypto rx=0x7f47680098a0 tx=0x7f4768009bb0 comp rx=0 tx=0).stop
2024-04-22T23:14:34.964 INFO:teuthology.orchestra.run.smithi067.stdout:/usr/bin/ceph: stderr
2024-04-22T23:14:33.907+0000 7f4773586700 1 -- 172.21.15.67:0/437524795 shutdown_connections
2024-04-22T23:14:34.964 INFO:teuthology.orchestra.run.smithi067.stdout:/usr/bin/ceph: stderr
2024-04-22T23:14:33.907+0000 7f4773586700 1 --2- 172.21.15.67:0/437524795 >> [v2:172.21.15.67:3300/0,v1:172.21.15.67:6789/0] conn(0x7f476c07be60 0x7f476c07a2c0 unknown :-1 s=CLOSED pgs=84 cs=0 l=1 rev1=1 crypto rx=0 tx=0 comp rx=0 tx=0).stop
2024-04-22T23:14:34.964 INFO:teuthology.orchestra.run.smithi067.stdout:/usr/bin/ceph: stderr
2024-04-22T23:14:33.907+0000 7f4773586700 1 -- 172.21.15.67:0/437524795 >> 172.21.15.67:0/437524795 conn(0x7f476c101b40 msgr2=0x7f476c103f60 unknown :-1 s=STATE_NONE l=0).mark_down
2024-04-22T23:14:34.964 INFO:teuthology.orchestra.run.smithi067.stdout:/usr/bin/ceph: stderr
2024-04-22T23:14:33.907+0000 7f4773586700 1 -- 172.21.15.67:0/437524795 shutdown_connections
2024-04-22T23:14:34.964 INFO:teuthology.orchestra.run.smithi067.stdout:/usr/bin/ceph: stderr
2024-04-22T23:14:33.907+0000 7f4773586700 1 -- 172.21.15.67:0/437524795 wait complete.
2024-04-22T23:14:34.964 INFO:teuthology.orchestra.run.smithi067.stdout:/usr/bin/ceph: stderr
2024-04-22T23:14:33.907+0000 7f4773586700 1 Processor -- start
2024-04-22T23:14:34.964 INFO:teuthology.orchestra.run.smithi067.stdout:/usr/bin/ceph: stderr
2024-04-22T23:14:33.908+0000 7f4773586700 1 -- start start
2024-04-22T23:14:34.964 INFO:teuthology.orchestra.run.smithi067.stdout:/usr/bin/ceph: stderr
2024-04-22T23:14:33.908+0000 7f4773586700 1 --2- >> [v2:172.21.15.67:3300/0,v1:172.21.15.67:6789/0] conn(0x7f476c07be60 0x7f476c19c430 unknown :-1 s=NONE pgs=0 cs=0 l=1 rev1=0 crypto rx=0 tx=0 comp rx=0 tx=0).connect
2024-04-22T23:14:34.964 INFO:teuthology.orchestra.run.smithi067.stdout:/usr/bin/ceph: stderr
2024-04-22T23:14:33.908+0000 7f4773586700 1 -- --> [v2:172.21.15.67:3300/0,v1:172.21.15.67:6789/0] -- mon_getmap magic: 0 v1 -- 0x7f476c19c970 con 0x7f476c07be60
2024-04-22T23:14:34.965 INFO:teuthology.orchestra.run.smithi067.stdout:/usr/bin/ceph: stderr
2024-04-22T23:14:33.908+0000 7f4771322700 1 --2- >> [v2:172.21.15.67:3300/0,v1:172.21.15.67:6789/0] conn(0x7f476c07be60 0x7f476c19c430 unknown :-1 s=BANNER_CONNECTING pgs=0 cs=0 l=1 rev1=0 crypto rx=0 tx=0 comp rx=0 tx=0)._handle_peer_banner_payload supported=3 required=0
2024-04-22T23:14:34.965 INFO:teuthology.orchestra.run.smithi067.stdout:/usr/bin/ceph: stderr
2024-04-22T23:14:33.908+0000 7f4771322700 1 --2- >> [v2:172.21.15.67:3300/0,v1:172.21.15.67:6789/0] conn(0x7f476c07be60 0x7f476c19c430 unknown :-1 s=HELLO_CONNECTING pgs=0 cs=0 l=1 rev1=1 crypto rx=0 tx=0 comp rx=0 tx=0).handle_hello peer v2:172.21.15.67:3300/0 says I am v2:172.21.15.67:57102/0 (socket says 172.21.15.67:57102)
2024-04-22T23:14:34.965 INFO:teuthology.orchestra.run.smithi067.stdout:/usr/bin/ceph: stderr
2024-04-22T23:14:33.908+0000 7f4771322700 1 -- 172.21.15.67:0/2396197379 learned_addr learned my addr 172.21.15.67:0/2396197379 (peer_addr_for_me v2:172.21.15.67:0/0)
2024-04-22T23:14:34.965 INFO:teuthology.orchestra.run.smithi067.stdout:/usr/bin/ceph: stderr
2024-04-22T23:14:33.908+0000 7f4771322700 1 -- 172.21.15.67:0/2396197379 --> [v2:172.21.15.67:3300/0,v1:172.21.15.67:6789/0] -- mon_subscribe({config=0+,monmap=0+}) v3 -- 0x7f4768009550 con 0x7f476c07be60
2024-04-22T23:14:34.965 INFO:teuthology.orchestra.run.smithi067.stdout:/usr/bin/ceph: stderr
2024-04-22T23:14:33.908+0000 7f4771322700 1 --2- 172.21.15.67:0/2396197379 >> [v2:172.21.15.67:3300/0,v1:172.21.15.67:6789/0] conn(0x7f476c07be60 0x7f476c19c430 secure :-1 s=READY pgs=85 cs=0 l=1 rev1=1 crypto rx=0x7f4768011670 tx=0x7f4768011b50 comp rx=0 tx=0).ready entity=mon.0 client_cookie=0 server_cookie=0 in_seq=0 out_seq=0
2024-04-22T23:14:34.965 INFO:teuthology.orchestra.run.smithi067.stdout:/usr/bin/ceph: stderr
2024-04-22T23:14:33.908+0000 7f47627fc700 1 -- 172.21.15.67:0/2396197379 <== mon.0 v2:172.21.15.67:3300/0 1 ==== mon_map magic: 0 v1 ==== 229+0+0 (secure 0 0 0) 0x7f4768003a40 con 0x7f476c07be60
2024-04-22T23:14:34.965 INFO:teuthology.orchestra.run.smithi067.stdout:/usr/bin/ceph: stderr
2024-04-22T23:14:33.909+0000 7f4773586700 1 -- 172.21.15.67:0/2396197379 --> [v2:172.21.15.67:3300/0,v1:172.21.15.67:6789/0] -- mon_subscribe({mgrmap=0+}) v3 -- 0x7f476c19cb70 con 0x7f476c07be60
2024-04-22T23:14:34.965 INFO:teuthology.orchestra.run.smithi067.stdout:/usr/bin/ceph: stderr
2024-04-22T23:14:33.909+0000 7f47627fc700 1 -- 172.21.15.67:0/2396197379 <== mon.0 v2:172.21.15.67:3300/0 2 ==== config(27 keys) v1 ==== 1101+0+0 (secure 0 0 0) 0x7f4768003ba0 con 0x7f476c07be60
2024-04-22T23:14:34.965 INFO:teuthology.orchestra.run.smithi067.stdout:/usr/bin/ceph: stderr
2024-04-22T23:14:33.909+0000 7f47627fc700 1 -- 172.21.15.67:0/2396197379 <== mon.0 v2:172.21.15.67:3300/0 3 ==== mon_map magic: 0 v1 ==== 229+0+0 (secure 0 0 0) 0x7f4768024790 con 0x7f476c07be60
2024-04-22T23:14:34.965 INFO:teuthology.orchestra.run.smithi067.stdout:/usr/bin/ceph: stderr
2024-04-22T23:14:33.909+0000 7f4773586700 1 -- 172.21.15.67:0/2396197379 --> [v2:172.21.15.67:3300/0,v1:172.21.15.67:6789/0] -- mon_subscribe({osdmap=0}) v3 -- 0x7f476c19d010 con 0x7f476c07be60
2024-04-22T23:14:34.965 INFO:teuthology.orchestra.run.smithi067.stdout:/usr/bin/ceph: stderr
2024-04-22T23:14:33.909+0000 7f47627fc700 1 -- 172.21.15.67:0/2396197379 <== mon.0 v2:172.21.15.67:3300/0 4 ==== mgrmap(e 12) v1 ==== 45296+0+0 (secure 0 0 0) 0x7f476802d3f0 con 0x7f476c07be60
2024-04-22T23:14:34.965 INFO:teuthology.orchestra.run.smithi067.stdout:/usr/bin/ceph: stderr
2024-04-22T23:14:33.910+0000 7f47627fc700 1 --2- 172.21.15.67:0/2396197379 >> [v2:172.21.15.67:6800/2590792187,v1:172.21.15.67:6801/2590792187] conn(0x7f4758038370 0x7f475803a830 unknown :-1 s=NONE pgs=0 cs=0 l=1 rev1=0 crypto rx=0 tx=0 comp rx=0 tx=0).connect
2024-04-22T23:14:34.966 INFO:teuthology.orchestra.run.smithi067.stdout:/usr/bin/ceph: stderr
2024-04-22T23:14:33.910+0000 7f47627fc700 1 -- 172.21.15.67:0/2396197379 <== mon.0 v2:172.21.15.67:3300/0 5 ==== osd_map(3..3 src has 1..3) v4 ==== 1155+0+0 (secure 0 0 0) 0x7f476804c7a0 con 0x7f476c07be60
2024-04-22T23:14:34.966 INFO:teuthology.orchestra.run.smithi067.stdout:/usr/bin/ceph: stderr
2024-04-22T23:14:33.910+0000 7f4773586700 1 -- 172.21.15.67:0/2396197379 --> [v2:172.21.15.67:3300/0,v1:172.21.15.67:6789/0] -- mon_command({"prefix": "get_command_descriptions"} v 0) v1 -- 0x7f476c0623c0 con 0x7f476c07be60
2024-04-22T23:14:34.966 INFO:teuthology.orchestra.run.smithi067.stdout:/usr/bin/ceph: stderr
2024-04-22T23:14:33.910+0000 7f4770b21700 1 --2- 172.21.15.67:0/2396197379 >> [v2:172.21.15.67:6800/2590792187,v1:172.21.15.67:6801/2590792187] conn(0x7f4758038370 0x7f475803a830 unknown :-1 s=BANNER_CONNECTING pgs=0 cs=0 l=1 rev1=0 crypto rx=0 tx=0 comp rx=0 tx=0)._handle_peer_banner_payload supported=3 required=0
2024-04-22T23:14:34.966 INFO:teuthology.orchestra.run.smithi067.stdout:/usr/bin/ceph: stderr
2024-04-22T23:14:33.910+0000 7f4770b21700 1 --2- 172.21.15.67:0/2396197379 >> [v2:172.21.15.67:6800/2590792187,v1:172.21.15.67:6801/2590792187] conn(0x7f4758038370 0x7f475803a830 secure :-1 s=READY pgs=8 cs=0 l=1 rev1=1 crypto rx=0x7f475c006fd0 tx=0x7f475c006e40 comp rx=0 tx=0).ready entity=mgr.14164 client_cookie=0 server_cookie=0 in_seq=0 out_seq=0
2024-04-22T23:14:34.966 INFO:teuthology.orchestra.run.smithi067.stdout:/usr/bin/ceph: stderr
2024-04-22T23:14:33.915+0000 7f47627fc700 1 -- 172.21.15.67:0/2396197379 <== mon.0 v2:172.21.15.67:3300/0 6 ==== mon_command_ack([{"prefix": "get_command_descriptions"}]=0 v0) v1 ==== 72+0+180422 (secure 0 0 0) 0x7f476802d740 con 0x7f476c07be60
2024-04-22T23:14:34.966 INFO:teuthology.orchestra.run.smithi067.stdout:/usr/bin/ceph: stderr
2024-04-22T23:14:34.135+0000 7f4773586700 1 -- 172.21.15.67:0/2396197379 --> [v2:172.21.15.67:6800/2590792187,v1:172.21.15.67:6801/2590792187] -- mgr_command(tid 0: {"prefix": "dashboard ac-user-create", "username": "admin", "rolename": "administrator", "force_password": true, "pwd_update_required": true, "target": ["mon-mgr", ""]}) v1 -- 0x7f476c0621e0 con 0x7f4758038370
2024-04-22T23:14:34.966 INFO:teuthology.orchestra.run.smithi067.stdout:/usr/bin/ceph: stderr
2024-04-22T23:14:34.396+0000 7f47627fc700 1 -- 172.21.15.67:0/2396197379 <== mgr.14164 v2:172.21.15.67:6800/2590792187 1 ==== mgr_command_reply(tid 0: 0 ) v1 ==== 8+0+252 (secure 0 0 0) 0x7f476c0621e0 con 0x7f4758038370
2024-04-22T23:14:34.966 INFO:teuthology.orchestra.run.smithi067.stdout:/usr/bin/ceph: stderr
2024-04-22T23:14:34.398+0000 7f4773586700 1 -- 172.21.15.67:0/2396197379 >> [v2:172.21.15.67:6800/2590792187,v1:172.21.15.67:6801/2590792187] conn(0x7f4758038370 msgr2=0x7f475803a830 secure :-1 s=STATE_CONNECTION_ESTABLISHED l=1).mark_down
2024-04-22T23:14:34.966 INFO:teuthology.orchestra.run.smithi067.stdout:/usr/bin/ceph: stderr
2024-04-22T23:14:34.398+0000 7f4773586700 1 --2- 172.21.15.67:0/2396197379 >> [v2:172.21.15.67:6800/2590792187,v1:172.21.15.67:6801/2590792187] conn(0x7f4758038370 0x7f475803a830 secure :-1 s=READY pgs=8 cs=0 l=1 rev1=1 crypto rx=0x7f475c006fd0 tx=0x7f475c006e40 comp rx=0 tx=0).stop
2024-04-22T23:14:34.966 INFO:teuthology.orchestra.run.smithi067.stdout:/usr/bin/ceph: stderr
2024-04-22T23:14:34.398+0000 7f4773586700 1 -- 172.21.15.67:0/2396197379 >> [v2:172.21.15.67:3300/0,v1:172.21.15.67:6789/0] conn(0x7f476c07be60 msgr2=0x7f476c19c430 secure :-1 s=STATE_CONNECTION_ESTABLISHED l=1).mark_down
2024-04-22T23:14:34.966 INFO:teuthology.orchestra.run.smithi067.stdout:/usr/bin/ceph: stderr
2024-04-22T23:14:34.398+0000 7f4773586700 1 --2- 172.21.15.67:0/2396197379 >> [v2:172.21.15.67:3300/0,v1:172.21.15.67:6789/0] conn(0x7f476c07be60 0x7f476c19c430 secure :-1 s=READY pgs=85 cs=0 l=1 rev1=1 crypto rx=0x7f4768011670 tx=0x7f4768011b50 comp rx=0 tx=0).stop
2024-04-22T23:14:34.966 INFO:teuthology.orchestra.run.smithi067.stdout:/usr/bin/ceph: stderr
2024-04-22T23:14:34.398+0000 7f4773586700 1 -- 172.21.15.67:0/2396197379 shutdown_connections
2024-04-22T23:14:34.966 INFO:teuthology.orchestra.run.smithi067.stdout:/usr/bin/ceph: stderr
2024-04-22T23:14:34.398+0000 7f4773586700 1 --2- 172.21.15.67:0/2396197379 >> [v2:172.21.15.67:6800/2590792187,v1:172.21.15.67:6801/2590792187] conn(0x7f4758038370 0x7f475803a830 unknown :-1 s=CLOSED pgs=8 cs=0 l=1 rev1=1 crypto rx=0 tx=0 comp rx=0 tx=0).stop
2024-04-22T23:14:34.967 INFO:teuthology.orchestra.run.smithi067.stdout:/usr/bin/ceph: stderr
2024-04-22T23:14:34.398+0000 7f4773586700 1 --2- 172.21.15.67:0/2396197379 >> [v2:172.21.15.67:3300/0,v1:172.21.15.67:6789/0] conn(0x7f476c07be60 0x7f476c19c430 unknown :-1 s=CLOSED pgs=85 cs=0 l=1 rev1=1 crypto rx=0 tx=0 comp rx=0 tx=0).stop
2024-04-22T23:14:34.967 INFO:teuthology.orchestra.run.smithi067.stdout:/usr/bin/ceph: stderr
2024-04-22T23:14:34.398+0000 7f4773586700 1 -- 172.21.15.67:0/2396197379 >> 172.21.15.67:0/2396197379 conn(0x7f476c101b40 msgr2=0x7f476c1031f0 unknown :-1 s=STATE_NONE l=0).mark_down
2024-04-22T23:14:34.967 INFO:teuthology.orchestra.run.smithi067.stdout:/usr/bin/ceph: stderr
2024-04-22T23:14:34.398+0000 7f4773586700 1 -- 172.21.15.67:0/2396197379 shutdown_connections
2024-04-22T23:14:34.967 INFO:teuthology.orchestra.run.smithi067.stdout:/usr/bin/ceph: stderr
2024-04-22T23:14:34.398+0000 7f4773586700 1 -- 172.21.15.67:0/2396197379 wait complete.
2024-04-22T23:14:34.967 INFO:teuthology.orchestra.run.smithi067.stdout:Fetching dashboard port number...
2024-04-22T23:14:35.545 INFO:journalctl@ceph.mon.smithi067.smithi067.stdout:Apr 22 23:14:35 smithi067 ceph-mon[26453]: from='mgr.14164 172.21.15.67:0/2098111869' entity='mgr.smithi067.whdcsr'
2024-04-22T23:14:36.160 INFO:teuthology.orchestra.run.smithi067.stdout:/usr/bin/ceph: stdout 8443
2024-04-22T23:14:36.161 INFO:teuthology.orchestra.run.smithi067.stdout:/usr/bin/ceph: stderr
2024-04-22T23:14:35.369+0000 7f5b208fc700 1 Processor -- start
2024-04-22T23:14:36.161 INFO:teuthology.orchestra.run.smithi067.stdout:/usr/bin/ceph: stderr
2024-04-22T23:14:35.369+0000 7f5b208fc700 1 -- start start
2024-04-22T23:14:36.161 INFO:teuthology.orchestra.run.smithi067.stdout:/usr/bin/ceph: stderr
2024-04-22T23:14:35.369+0000 7f5b208fc700 1 --2- >> [v2:172.21.15.67:3300/0,v1:172.21.15.67:6789/0] conn(0x7f5b1c07bec0 0x7f5b1c07a320 unknown :-1 s=NONE pgs=0 cs=0 l=0 rev1=0 crypto rx=0 tx=0 comp rx=0 tx=0).connect
2024-04-22T23:14:36.161 INFO:teuthology.orchestra.run.smithi067.stdout:/usr/bin/ceph: stderr
2024-04-22T23:14:35.369+0000 7f5b208fc700 1 -- --> [v2:172.21.15.67:3300/0,v1:172.21.15.67:6789/0] -- mon_getmap magic: 0 v1 -- 0x7f5b1c07a8f0 con 0x7f5b1c07bec0
2024-04-22T23:14:36.161 INFO:teuthology.orchestra.run.smithi067.stdout:/usr/bin/ceph: stderr
2024-04-22T23:14:35.369+0000 7f5b1a59c700 1 --2- >> [v2:172.21.15.67:3300/0,v1:172.21.15.67:6789/0] conn(0x7f5b1c07bec0 0x7f5b1c07a320 unknown :-1 s=BANNER_CONNECTING pgs=0 cs=0 l=0 rev1=0 crypto rx=0 tx=0 comp rx=0 tx=0)._handle_peer_banner_payload supported=3 required=0
2024-04-22T23:14:36.161 INFO:teuthology.orchestra.run.smithi067.stdout:/usr/bin/ceph: stderr
2024-04-22T23:14:35.369+0000 7f5b1a59c700 1 --2- >> [v2:172.21.15.67:3300/0,v1:172.21.15.67:6789/0] conn(0x7f5b1c07bec0 0x7f5b1c07a320 unknown :-1 s=HELLO_CONNECTING pgs=0 cs=0 l=0 rev1=1 crypto rx=0 tx=0 comp rx=0 tx=0).handle_hello peer v2:172.21.15.67:3300/0 says I am v2:172.21.15.67:57112/0 (socket says 172.21.15.67:57112)
2024-04-22T23:14:36.161 INFO:teuthology.orchestra.run.smithi067.stdout:/usr/bin/ceph: stderr
2024-04-22T23:14:35.369+0000 7f5b1a59c700 1 -- 172.21.15.67:0/1676538448 learned_addr learned my addr 172.21.15.67:0/1676538448 (peer_addr_for_me v2:172.21.15.67:0/0)
2024-04-22T23:14:36.161 INFO:teuthology.orchestra.run.smithi067.stdout:/usr/bin/ceph: stderr
2024-04-22T23:14:35.370+0000 7f5b1a59c700 1 -- 172.21.15.67:0/1676538448 --> [v2:172.21.15.67:3300/0,v1:172.21.15.67:6789/0] -- mon_subscribe({config=0+,monmap=0+}) v3 -- 0x7f5b1c07aa30 con 0x7f5b1c07bec0
2024-04-22T23:14:36.161 INFO:teuthology.orchestra.run.smithi067.stdout:/usr/bin/ceph: stderr
2024-04-22T23:14:35.370+0000 7f5b1a59c700 1 --2- 172.21.15.67:0/1676538448 >> [v2:172.21.15.67:3300/0,v1:172.21.15.67:6789/0] conn(0x7f5b1c07bec0 0x7f5b1c07a320 secure :-1 s=READY pgs=86 cs=0 l=1 rev1=1 crypto rx=0x7f5b0c0098a0 tx=0x7f5b0c009bb0 comp rx=0 tx=0).ready entity=mon.0 client_cookie=8b0f12a4e8e82ce1 server_cookie=0 in_seq=0 out_seq=0
2024-04-22T23:14:36.161 INFO:teuthology.orchestra.run.smithi067.stdout:/usr/bin/ceph: stderr
2024-04-22T23:14:35.370+0000 7f5b1959a700 1 -- 172.21.15.67:0/1676538448 <== mon.0 v2:172.21.15.67:3300/0 1 ==== mon_map magic: 0 v1 ==== 229+0+0 (secure 0 0 0) 0x7f5b0c004180 con 0x7f5b1c07bec0
2024-04-22T23:14:36.161 INFO:teuthology.orchestra.run.smithi067.stdout:/usr/bin/ceph: stderr
2024-04-22T23:14:35.370+0000 7f5b1959a700 1 -- 172.21.15.67:0/1676538448 <== mon.0 v2:172.21.15.67:3300/0 2 ==== config(27 keys) v1 ==== 1101+0+0 (secure 0 0 0) 0x7f5b0c0042e0 con 0x7f5b1c07bec0
2024-04-22T23:14:36.161 INFO:teuthology.orchestra.run.smithi067.stdout:/usr/bin/ceph: stderr
2024-04-22T23:14:35.370+0000 7f5b1959a700 1 -- 172.21.15.67:0/1676538448 <== mon.0 v2:172.21.15.67:3300/0 3 ==== mon_map magic: 0 v1 ==== 229+0+0 (secure 0 0 0) 0x7f5b0c011af0 con 0x7f5b1c07bec0
2024-04-22T23:14:36.161 INFO:teuthology.orchestra.run.smithi067.stdout:/usr/bin/ceph: stderr
2024-04-22T23:14:35.371+0000 7f5b208fc700 1 -- 172.21.15.67:0/1676538448 >> [v2:172.21.15.67:3300/0,v1:172.21.15.67:6789/0] conn(0x7f5b1c07bec0 msgr2=0x7f5b1c07a320 secure :-1 s=STATE_CONNECTION_ESTABLISHED l=1).mark_down
2024-04-22T23:14:36.162 INFO:teuthology.orchestra.run.smithi067.stdout:/usr/bin/ceph: stderr
2024-04-22T23:14:35.371+0000 7f5b208fc700 1 --2- 172.21.15.67:0/1676538448 >> [v2:172.21.15.67:3300/0,v1:172.21.15.67:6789/0] conn(0x7f5b1c07bec0 0x7f5b1c07a320 secure :-1 s=READY pgs=86 cs=0 l=1 rev1=1 crypto rx=0x7f5b0c0098a0 tx=0x7f5b0c009bb0 comp rx=0 tx=0).stop
2024-04-22T23:14:36.162 INFO:teuthology.orchestra.run.smithi067.stdout:/usr/bin/ceph: stderr
2024-04-22T23:14:35.371+0000 7f5b208fc700 1 -- 172.21.15.67:0/1676538448 shutdown_connections
2024-04-22T23:14:36.162 INFO:teuthology.orchestra.run.smithi067.stdout:/usr/bin/ceph: stderr
2024-04-22T23:14:35.371+0000 7f5b208fc700 1 --2- 172.21.15.67:0/1676538448 >> [v2:172.21.15.67:3300/0,v1:172.21.15.67:6789/0] conn(0x7f5b1c07bec0 0x7f5b1c07a320 unknown :-1 s=CLOSED pgs=86 cs=0 l=1 rev1=1 crypto rx=0 tx=0 comp rx=0 tx=0).stop
2024-04-22T23:14:36.162 INFO:teuthology.orchestra.run.smithi067.stdout:/usr/bin/ceph: stderr
2024-04-22T23:14:35.371+0000 7f5b208fc700 1 -- 172.21.15.67:0/1676538448 >> 172.21.15.67:0/1676538448 conn(0x7f5b1c101b40 msgr2=0x7f5b1c103f60 unknown :-1 s=STATE_NONE l=0).mark_down
2024-04-22T23:14:36.162 INFO:teuthology.orchestra.run.smithi067.stdout:/usr/bin/ceph: stderr
2024-04-22T23:14:35.371+0000 7f5b208fc700 1 -- 172.21.15.67:0/1676538448 shutdown_connections
2024-04-22T23:14:36.162 INFO:teuthology.orchestra.run.smithi067.stdout:/usr/bin/ceph: stderr
2024-04-22T23:14:35.371+0000 7f5b208fc700 1 -- 172.21.15.67:0/1676538448 wait complete.
2024-04-22T23:14:36.162 INFO:teuthology.orchestra.run.smithi067.stdout:/usr/bin/ceph: stderr
2024-04-22T23:14:35.371+0000 7f5b208fc700 1 Processor -- start
2024-04-22T23:14:36.162 INFO:teuthology.orchestra.run.smithi067.stdout:/usr/bin/ceph: stderr
2024-04-22T23:14:35.372+0000 7f5b208fc700 1 -- start start
2024-04-22T23:14:36.162 INFO:teuthology.orchestra.run.smithi067.stdout:/usr/bin/ceph: stderr
2024-04-22T23:14:35.372+0000 7f5b208fc700 1 --2- >> [v2:172.21.15.67:3300/0,v1:172.21.15.67:6789/0] conn(0x7f5b1c07bec0 0x7f5b1c19c440 unknown :-1 s=NONE pgs=0 cs=0 l=1 rev1=0 crypto rx=0 tx=0 comp rx=0 tx=0).connect
2024-04-22T23:14:36.162 INFO:teuthology.orchestra.run.smithi067.stdout:/usr/bin/ceph: stderr
2024-04-22T23:14:35.372+0000 7f5b208fc700 1 -- --> [v2:172.21.15.67:3300/0,v1:172.21.15.67:6789/0] -- mon_getmap magic: 0 v1 -- 0x7f5b1c19c980 con 0x7f5b1c07bec0
2024-04-22T23:14:36.162 INFO:teuthology.orchestra.run.smithi067.stdout:/usr/bin/ceph: stderr
2024-04-22T23:14:35.372+0000 7f5b1a59c700 1 --2- >> [v2:172.21.15.67:3300/0,v1:172.21.15.67:6789/0] conn(0x7f5b1c07bec0 0x7f5b1c19c440 unknown :-1 s=BANNER_CONNECTING pgs=0 cs=0 l=1 rev1=0 crypto rx=0 tx=0 comp rx=0 tx=0)._handle_peer_banner_payload supported=3 required=0
2024-04-22T23:14:36.162 INFO:teuthology.orchestra.run.smithi067.stdout:/usr/bin/ceph: stderr
2024-04-22T23:14:35.372+0000 7f5b1a59c700 1 --2- >> [v2:172.21.15.67:3300/0,v1:172.21.15.67:6789/0] conn(0x7f5b1c07bec0 0x7f5b1c19c440 unknown :-1 s=HELLO_CONNECTING pgs=0 cs=0 l=1 rev1=1 crypto rx=0 tx=0 comp rx=0 tx=0).handle_hello peer v2:172.21.15.67:3300/0 says I am v2:172.21.15.67:57124/0 (socket says 172.21.15.67:57124)
2024-04-22T23:14:36.162 INFO:teuthology.orchestra.run.smithi067.stdout:/usr/bin/ceph: stderr
2024-04-22T23:14:35.372+0000 7f5b1a59c700 1 -- 172.21.15.67:0/1373893525 learned_addr learned my addr 172.21.15.67:0/1373893525 (peer_addr_for_me v2:172.21.15.67:0/0)
2024-04-22T23:14:36.162 INFO:teuthology.orchestra.run.smithi067.stdout:/usr/bin/ceph: stderr
2024-04-22T23:14:35.372+0000 7f5b1a59c700 1 -- 172.21.15.67:0/1373893525 --> [v2:172.21.15.67:3300/0,v1:172.21.15.67:6789/0] -- mon_subscribe({config=0+,monmap=0+}) v3 -- 0x7f5b0c009550 con 0x7f5b1c07bec0
2024-04-22T23:14:36.163 INFO:teuthology.orchestra.run.smithi067.stdout:/usr/bin/ceph: stderr
2024-04-22T23:14:35.372+0000 7f5b1a59c700 1 --2- 172.21.15.67:0/1373893525 >> [v2:172.21.15.67:3300/0,v1:172.21.15.67:6789/0] conn(0x7f5b1c07bec0 0x7f5b1c19c440 secure :-1 s=READY pgs=87 cs=0 l=1 rev1=1 crypto rx=0x7f5b0c011670 tx=0x7f5b0c011b50 comp rx=0 tx=0).ready entity=mon.0 client_cookie=0 server_cookie=0 in_seq=0 out_seq=0
2024-04-22T23:14:36.163 INFO:teuthology.orchestra.run.smithi067.stdout:/usr/bin/ceph: stderr
2024-04-22T23:14:35.372+0000 7f5b0b7fe700 1 -- 172.21.15.67:0/1373893525 <== mon.0 v2:172.21.15.67:3300/0 1 ==== mon_map magic: 0 v1 ==== 229+0+0 (secure 0 0 0) 0x7f5b0c0039f0 con 0x7f5b1c07bec0
2024-04-22T23:14:36.163 INFO:teuthology.orchestra.run.smithi067.stdout:/usr/bin/ceph: stderr
2024-04-22T23:14:35.372+0000 7f5b0b7fe700 1 -- 172.21.15.67:0/1373893525 <== mon.0 v2:172.21.15.67:3300/0 2 ==== config(27 keys) v1 ==== 1101+0+0 (secure 0 0 0) 0x7f5b0c003b50 con 0x7f5b1c07bec0
2024-04-22T23:14:36.163 INFO:teuthology.orchestra.run.smithi067.stdout:/usr/bin/ceph: stderr
2024-04-22T23:14:35.372+0000 7f5b0b7fe700 1 -- 172.21.15.67:0/1373893525 <== mon.0 v2:172.21.15.67:3300/0 3 ==== mon_map magic: 0 v1 ==== 229+0+0 (secure 0 0 0) 0x7f5b0c0247c0 con 0x7f5b1c07bec0
2024-04-22T23:14:36.163 INFO:teuthology.orchestra.run.smithi067.stdout:/usr/bin/ceph: stderr
2024-04-22T23:14:35.372+0000 7f5b208fc700 1 -- 172.21.15.67:0/1373893525 --> [v2:172.21.15.67:3300/0,v1:172.21.15.67:6789/0] -- mon_subscribe({mgrmap=0+}) v3 -- 0x7f5b1c19cb80 con 0x7f5b1c07bec0
2024-04-22T23:14:36.163 INFO:teuthology.orchestra.run.smithi067.stdout:/usr/bin/ceph: stderr
2024-04-22T23:14:35.372+0000 7f5b208fc700 1 -- 172.21.15.67:0/1373893525 --> [v2:172.21.15.67:3300/0,v1:172.21.15.67:6789/0] -- mon_subscribe({osdmap=0}) v3 -- 0x7f5b1c19d020 con 0x7f5b1c07bec0
2024-04-22T23:14:36.163 INFO:teuthology.orchestra.run.smithi067.stdout:/usr/bin/ceph: stderr
2024-04-22T23:14:35.373+0000 7f5b0b7fe700 1 -- 172.21.15.67:0/1373893525 <== mon.0 v2:172.21.15.67:3300/0 4 ==== mgrmap(e 12) v1 ==== 45296+0+0 (secure 0 0 0) 0x7f5b0c02d3f0 con 0x7f5b1c07bec0
2024-04-22T23:14:36.163 INFO:teuthology.orchestra.run.smithi067.stdout:/usr/bin/ceph: stderr
2024-04-22T23:14:35.373+0000 7f5b208fc700 1 -- 172.21.15.67:0/1373893525 --> [v2:172.21.15.67:3300/0,v1:172.21.15.67:6789/0] -- mon_command({"prefix": "get_command_descriptions"} v 0) v1 -- 0x7f5b1c10c930 con 0x7f5b1c07bec0
2024-04-22T23:14:36.163 INFO:teuthology.orchestra.run.smithi067.stdout:/usr/bin/ceph: stderr
2024-04-22T23:14:35.373+0000 7f5b0b7fe700 1 --2- 172.21.15.67:0/1373893525 >> [v2:172.21.15.67:6800/2590792187,v1:172.21.15.67:6801/2590792187] conn(0x7f5b040383c0 0x7f5b0403a880 unknown :-1 s=NONE pgs=0 cs=0 l=1 rev1=0 crypto rx=0 tx=0 comp rx=0 tx=0).connect
2024-04-22T23:14:36.163 INFO:teuthology.orchestra.run.smithi067.stdout:/usr/bin/ceph: stderr
2024-04-22T23:14:35.373+0000 7f5b0b7fe700 1 -- 172.21.15.67:0/1373893525 <== mon.0 v2:172.21.15.67:3300/0 5 ==== osd_map(3..3 src has 1..3) v4 ==== 1155+0+0 (secure 0 0 0) 0x7f5b0c04c5d0 con 0x7f5b1c07bec0
2024-04-22T23:14:36.163 INFO:teuthology.orchestra.run.smithi067.stdout:/usr/bin/ceph: stderr
2024-04-22T23:14:35.374+0000 7f5b19d9b700 1 --2- 172.21.15.67:0/1373893525 >> [v2:172.21.15.67:6800/2590792187,v1:172.21.15.67:6801/2590792187] conn(0x7f5b040383c0 0x7f5b0403a880 unknown :-1 s=BANNER_CONNECTING pgs=0 cs=0 l=1 rev1=0 crypto rx=0 tx=0 comp rx=0 tx=0)._handle_peer_banner_payload supported=3 required=0
2024-04-22T23:14:36.163 INFO:teuthology.orchestra.run.smithi067.stdout:/usr/bin/ceph: stderr
2024-04-22T23:14:35.374+0000 7f5b19d9b700 1 --2- 172.21.15.67:0/1373893525 >> [v2:172.21.15.67:6800/2590792187,v1:172.21.15.67:6801/2590792187] conn(0x7f5b040383c0 0x7f5b0403a880 secure :-1 s=READY pgs=9 cs=0 l=1 rev1=1 crypto rx=0x7f5b10006fd0 tx=0x7f5b10006e40 comp rx=0 tx=0).ready entity=mgr.14164 client_cookie=0 server_cookie=0 in_seq=0 out_seq=0
2024-04-22T23:14:36.163 INFO:teuthology.orchestra.run.smithi067.stdout:/usr/bin/ceph: stderr
2024-04-22T23:14:35.378+0000 7f5b0b7fe700 1 -- 172.21.15.67:0/1373893525 <== mon.0 v2:172.21.15.67:3300/0 6 ==== mon_command_ack([{"prefix": "get_command_descriptions"}]=0 v0) v1 ==== 72+0+180422 (secure 0 0 0) 0x7f5b0c010970 con 0x7f5b1c07bec0
2024-04-22T23:14:36.163 INFO:teuthology.orchestra.run.smithi067.stdout:/usr/bin/ceph: stderr
2024-04-22T23:14:35.573+0000 7f5b208fc700 1 -- 172.21.15.67:0/1373893525 --> [v2:172.21.15.67:3300/0,v1:172.21.15.67:6789/0] -- mon_command({"prefix": "config get", "who": "mgr", "key": "mgr/dashboard/ssl_server_port"} v 0) v1 -- 0x7f5b1c10cb50 con 0x7f5b1c07bec0
2024-04-22T23:14:36.164 INFO:teuthology.orchestra.run.smithi067.stdout:/usr/bin/ceph: stderr
2024-04-22T23:14:35.574+0000 7f5b0b7fe700 1 -- 172.21.15.67:0/1373893525 <== mon.0 v2:172.21.15.67:3300/0 7 ==== mon_command_ack([{"prefix": "config get", "who": "mgr", "key": "mgr/dashboard/ssl_server_port"}]=0 v8) v1 ==== 112+0+5 (secure 0 0 0) 0x7f5b0c010380 con 0x7f5b1c07bec0
2024-04-22T23:14:36.164 INFO:teuthology.orchestra.run.smithi067.stdout:/usr/bin/ceph: stderr
2024-04-22T23:14:35.576+0000 7f5b208fc700 1 -- 172.21.15.67:0/1373893525 >> [v2:172.21.15.67:6800/2590792187,v1:172.21.15.67:6801/2590792187] conn(0x7f5b040383c0 msgr2=0x7f5b0403a880 secure :-1 s=STATE_CONNECTION_ESTABLISHED l=1).mark_down
2024-04-22T23:14:36.164 INFO:teuthology.orchestra.run.smithi067.stdout:/usr/bin/ceph: stderr
2024-04-22T23:14:35.576+0000 7f5b208fc700 1 --2- 172.21.15.67:0/1373893525 >> [v2:172.21.15.67:6800/2590792187,v1:172.21.15.67:6801/2590792187] conn(0x7f5b040383c0 0x7f5b0403a880 secure :-1 s=READY pgs=9 cs=0 l=1 rev1=1 crypto rx=0x7f5b10006fd0 tx=0x7f5b10006e40 comp rx=0 tx=0).stop
2024-04-22T23:14:36.164 INFO:teuthology.orchestra.run.smithi067.stdout:/usr/bin/ceph: stderr
2024-04-22T23:14:35.576+0000 7f5b208fc700 1 -- 172.21.15.67:0/1373893525 >> [v2:172.21.15.67:3300/0,v1:172.21.15.67:6789/0] conn(0x7f5b1c07bec0 msgr2=0x7f5b1c19c440 secure :-1 s=STATE_CONNECTION_ESTABLISHED l=1).mark_down
2024-04-22T23:14:36.164 INFO:teuthology.orchestra.run.smithi067.stdout:/usr/bin/ceph: stderr
2024-04-22T23:14:35.576+0000 7f5b208fc700 1 --2- 172.21.15.67:0/1373893525 >> [v2:172.21.15.67:3300/0,v1:172.21.15.67:6789/0] conn(0x7f5b1c07bec0 0x7f5b1c19c440 secure :-1 s=READY pgs=87 cs=0 l=1 rev1=1 crypto rx=0x7f5b0c011670 tx=0x7f5b0c011b50 comp rx=0 tx=0).stop
2024-04-22T23:14:36.164 INFO:teuthology.orchestra.run.smithi067.stdout:/usr/bin/ceph: stderr
2024-04-22T23:14:35.576+0000 7f5b208fc700 1 -- 172.21.15.67:0/1373893525 shutdown_connections
2024-04-22T23:14:36.164 INFO:teuthology.orchestra.run.smithi067.stdout:/usr/bin/ceph: stderr
2024-04-22T23:14:35.576+0000 7f5b208fc700 1 --2- 172.21.15.67:0/1373893525 >> [v2:172.21.15.67:6800/2590792187,v1:172.21.15.67:6801/2590792187] conn(0x7f5b040383c0 0x7f5b0403a880 unknown :-1 s=CLOSED pgs=9 cs=0 l=1 rev1=1 crypto rx=0 tx=0 comp rx=0 tx=0).stop
2024-04-22T23:14:36.164 INFO:teuthology.orchestra.run.smithi067.stdout:/usr/bin/ceph: stderr
2024-04-22T23:14:35.576+0000 7f5b208fc700 1 --2- 172.21.15.67:0/1373893525 >> [v2:172.21.15.67:3300/0,v1:172.21.15.67:6789/0] conn(0x7f5b1c07bec0 0x7f5b1c19c440 unknown :-1 s=CLOSED pgs=87 cs=0 l=1 rev1=1 crypto rx=0 tx=0 comp rx=0 tx=0).stop
2024-04-22T23:14:36.164 INFO:teuthology.orchestra.run.smithi067.stdout:/usr/bin/ceph: stderr
2024-04-22T23:14:35.576+0000 7f5b208fc700 1 -- 172.21.15.67:0/1373893525 >> 172.21.15.67:0/1373893525 conn(0x7f5b1c101b40 msgr2=0x7f5b1c1031f0 unknown :-1 s=STATE_NONE l=0).mark_down
2024-04-22T23:14:36.164 INFO:teuthology.orchestra.run.smithi067.stdout:/usr/bin/ceph: stderr
2024-04-22T23:14:35.576+0000 7f5b208fc700 1 -- 172.21.15.67:0/1373893525 shutdown_connections
2024-04-22T23:14:36.164 INFO:teuthology.orchestra.run.smithi067.stdout:/usr/bin/ceph: stderr
2024-04-22T23:14:35.576+0000 7f5b208fc700 1 -- 172.21.15.67:0/1373893525 wait complete.
2024-04-22T23:14:36.169 INFO:teuthology.orchestra.run.smithi067.stdout:Non-zero exit code 1 from systemctl is-enabled firewalld.service
2024-04-22T23:14:36.169 INFO:teuthology.orchestra.run.smithi067.stdout:systemctl: stdout disabled
2024-04-22T23:14:36.177 INFO:teuthology.orchestra.run.smithi067.stdout:Non-zero exit code 3 from systemctl is-active firewalld.service
2024-04-22T23:14:36.177 INFO:teuthology.orchestra.run.smithi067.stdout:systemctl: stdout inactive
2024-04-22T23:14:36.177 INFO:teuthology.orchestra.run.smithi067.stdout:firewalld.service is not enabled
2024-04-22T23:14:36.177 INFO:teuthology.orchestra.run.smithi067.stdout:Not possible to open ports <[8443]>. firewalld.service is not available
2024-04-22T23:14:36.179 INFO:teuthology.orchestra.run.smithi067.stdout:Ceph Dashboard is now available at:
2024-04-22T23:14:36.179 INFO:teuthology.orchestra.run.smithi067.stdout:
2024-04-22T23:14:36.179 INFO:teuthology.orchestra.run.smithi067.stdout: URL: https://smithi067.front.sepia.ceph.com:8443/
2024-04-22T23:14:36.179 INFO:teuthology.orchestra.run.smithi067.stdout: User: admin
2024-04-22T23:14:36.179 INFO:teuthology.orchestra.run.smithi067.stdout: Password: f1mq5u20j1
2024-04-22T23:14:36.180 INFO:teuthology.orchestra.run.smithi067.stdout:
2024-04-22T23:14:36.180 INFO:teuthology.orchestra.run.smithi067.stdout:Saving cluster configuration to /var/lib/ceph/d46c346e-00fd-11ef-bc93-c7b262605968/config directory
2024-04-22T23:14:36.180 INFO:teuthology.orchestra.run.smithi067.stdout:Enabling autotune for osd_memory_target
2024-04-22T23:14:36.412 INFO:journalctl@ceph.mon.smithi067.smithi067.stdout:Apr 22 23:14:36 smithi067 ceph-mon[26453]: from='client.? 172.21.15.67:0/1373893525' entity='client.admin' cmd=[{"prefix": "config get", "who": "mgr", "key": "mgr/dashboard/ssl_server_port"}]: dispatch
2024-04-22T23:14:36.412 INFO:journalctl@ceph.mon.smithi067.smithi067.stdout:Apr 22 23:14:36 smithi067 ceph-mon[26453]: mgrmap e13: smithi067.whdcsr(active, since 6s)
2024-04-22T23:14:37.407 INFO:teuthology.orchestra.run.smithi067.stdout:/usr/bin/ceph: stderr
2024-04-22T23:14:36.640+0000 7f62b87da700 1 Processor -- start
2024-04-22T23:14:37.407 INFO:teuthology.orchestra.run.smithi067.stdout:/usr/bin/ceph: stderr
2024-04-22T23:14:36.640+0000 7f62b87da700 1 -- start start
2024-04-22T23:14:37.407 INFO:teuthology.orchestra.run.smithi067.stdout:/usr/bin/ceph: stderr
2024-04-22T23:14:36.640+0000 7f62b87da700 1 --2- >> [v2:172.21.15.67:3300/0,v1:172.21.15.67:6789/0] conn(0x7f62b0106560 0x7f62b0106980 unknown :-1 s=NONE pgs=0 cs=0 l=0 rev1=0 crypto rx=0 tx=0 comp rx=0 tx=0).connect
2024-04-22T23:14:37.408 INFO:teuthology.orchestra.run.smithi067.stdout:/usr/bin/ceph: stderr
2024-04-22T23:14:36.640+0000 7f62b87da700 1 -- --> [v2:172.21.15.67:3300/0,v1:172.21.15.67:6789/0] -- mon_getmap magic: 0 v1 -- 0x7f62b0106f50 con 0x7f62b0106560
2024-04-22T23:14:37.408 INFO:teuthology.orchestra.run.smithi067.stdout:/usr/bin/ceph: stderr
2024-04-22T23:14:36.640+0000 7f62b6576700 1 --2- >> [v2:172.21.15.67:3300/0,v1:172.21.15.67:6789/0] conn(0x7f62b0106560 0x7f62b0106980 unknown :-1 s=BANNER_CONNECTING pgs=0 cs=0 l=0 rev1=0 crypto rx=0 tx=0 comp rx=0 tx=0)._handle_peer_banner_payload supported=3 required=0
2024-04-22T23:14:37.408 INFO:teuthology.orchestra.run.smithi067.stdout:/usr/bin/ceph: stderr
2024-04-22T23:14:36.640+0000 7f62b6576700 1 --2- >> [v2:172.21.15.67:3300/0,v1:172.21.15.67:6789/0] conn(0x7f62b0106560 0x7f62b0106980 unknown :-1 s=HELLO_CONNECTING pgs=0 cs=0 l=0 rev1=1 crypto rx=0 tx=0 comp rx=0 tx=0).handle_hello peer v2:172.21.15.67:3300/0 says I am v2:172.21.15.67:57134/0 (socket says 172.21.15.67:57134)
