2024-04-22T23:13:51.277 INFO:teuthology.orchestra.run.smithi067.stdout:/usr/bin/ceph: stderr
2024-04-22T23:13:50.350+0000 7f9b1f78d700 1 -- 172.21.15.67:0/422321448 >> [v2:172.21.15.67:3300/0,v1:172.21.15.67:6789/0] conn(0x7f9b18105470 msgr2=0x7f9b18105890 secure :-1 s=STATE_CONNECTION_ESTABLISHED l=1).mark_down
2024-04-22T23:13:51.277 INFO:teuthology.orchestra.run.smithi067.stdout:/usr/bin/ceph: stderr
2024-04-22T23:13:50.350+0000 7f9b1f78d700 1 --2- 172.21.15.67:0/422321448 >> [v2:172.21.15.67:3300/0,v1:172.21.15.67:6789/0] conn(0x7f9b18105470 0x7f9b18105890 secure :-1 s=READY pgs=26 cs=0 l=1 rev1=1 crypto rx=0x7f9b08010b60 tx=0x7f9b08010e70 comp rx=0 tx=0).stop
2024-04-22T23:13:51.277 INFO:teuthology.orchestra.run.smithi067.stdout:/usr/bin/ceph: stderr
2024-04-22T23:13:50.350+0000 7f9b1f78d700 1 -- 172.21.15.67:0/422321448 shutdown_connections
2024-04-22T23:13:51.277 INFO:teuthology.orchestra.run.smithi067.stdout:/usr/bin/ceph: stderr
2024-04-22T23:13:50.350+0000 7f9b1f78d700 1 --2- 172.21.15.67:0/422321448 >> [v2:172.21.15.67:3300/0,v1:172.21.15.67:6789/0] conn(0x7f9b18105470 0x7f9b18105890 unknown :-1 s=CLOSED pgs=26 cs=0 l=1 rev1=1 crypto rx=0 tx=0 comp rx=0 tx=0).stop
2024-04-22T23:13:51.277 INFO:teuthology.orchestra.run.smithi067.stdout:/usr/bin/ceph: stderr
2024-04-22T23:13:50.350+0000 7f9b1f78d700 1 -- 172.21.15.67:0/422321448 >> 172.21.15.67:0/422321448 conn(0x7f9b181009f0 msgr2=0x7f9b18102e50 unknown :-1 s=STATE_NONE l=0).mark_down
2024-04-22T23:13:51.277 INFO:teuthology.orchestra.run.smithi067.stdout:/usr/bin/ceph: stderr
2024-04-22T23:13:50.351+0000 7f9b1f78d700 1 -- 172.21.15.67:0/422321448 shutdown_connections
2024-04-22T23:13:51.277 INFO:teuthology.orchestra.run.smithi067.stdout:/usr/bin/ceph: stderr
2024-04-22T23:13:50.351+0000 7f9b1f78d700 1 -- 172.21.15.67:0/422321448 wait complete.
2024-04-22T23:13:51.277 INFO:teuthology.orchestra.run.smithi067.stdout:/usr/bin/ceph: stderr
2024-04-22T23:13:50.351+0000 7f9b1f78d700 1 Processor -- start
2024-04-22T23:13:51.277 INFO:teuthology.orchestra.run.smithi067.stdout:/usr/bin/ceph: stderr
2024-04-22T23:13:50.351+0000 7f9b1f78d700 1 -- start start
2024-04-22T23:13:51.277 INFO:teuthology.orchestra.run.smithi067.stdout:/usr/bin/ceph: stderr
2024-04-22T23:13:50.351+0000 7f9b1f78d700 1 --2- >> [v2:172.21.15.67:3300/0,v1:172.21.15.67:6789/0] conn(0x7f9b18105470 0x7f9b18197fa0 unknown :-1 s=NONE pgs=0 cs=0 l=1 rev1=0 crypto rx=0 tx=0 comp rx=0 tx=0).connect
2024-04-22T23:13:51.278 INFO:teuthology.orchestra.run.smithi067.stdout:/usr/bin/ceph: stderr
2024-04-22T23:13:50.351+0000 7f9b1f78d700 1 -- --> [v2:172.21.15.67:3300/0,v1:172.21.15.67:6789/0] -- mon_getmap magic: 0 v1 -- 0x7f9b181984e0 con 0x7f9b18105470
2024-04-22T23:13:51.278 INFO:teuthology.orchestra.run.smithi067.stdout:/usr/bin/ceph: stderr
2024-04-22T23:13:50.351+0000 7f9b1d529700 1 --2- >> [v2:172.21.15.67:3300/0,v1:172.21.15.67:6789/0] conn(0x7f9b18105470 0x7f9b18197fa0 unknown :-1 s=BANNER_CONNECTING pgs=0 cs=0 l=1 rev1=0 crypto rx=0 tx=0 comp rx=0 tx=0)._handle_peer_banner_payload supported=3 required=0
2024-04-22T23:13:51.278 INFO:teuthology.orchestra.run.smithi067.stdout:/usr/bin/ceph: stderr
2024-04-22T23:13:50.351+0000 7f9b1d529700 1 --2- >> [v2:172.21.15.67:3300/0,v1:172.21.15.67:6789/0] conn(0x7f9b18105470 0x7f9b18197fa0 unknown :-1 s=HELLO_CONNECTING pgs=0 cs=0 l=1 rev1=1 crypto rx=0 tx=0 comp rx=0 tx=0).handle_hello peer v2:172.21.15.67:3300/0 says I am v2:172.21.15.67:45196/0 (socket says 172.21.15.67:45196)
2024-04-22T23:13:51.278 INFO:teuthology.orchestra.run.smithi067.stdout:/usr/bin/ceph: stderr
2024-04-22T23:13:50.351+0000 7f9b1d529700 1 -- 172.21.15.67:0/541769405 learned_addr learned my addr 172.21.15.67:0/541769405 (peer_addr_for_me v2:172.21.15.67:0/0)
2024-04-22T23:13:51.278 INFO:teuthology.orchestra.run.smithi067.stdout:/usr/bin/ceph: stderr
2024-04-22T23:13:50.352+0000 7f9b1d529700 1 -- 172.21.15.67:0/541769405 --> [v2:172.21.15.67:3300/0,v1:172.21.15.67:6789/0] -- mon_subscribe({config=0+,monmap=0+}) v3 -- 0x7f9b08010810 con 0x7f9b18105470
2024-04-22T23:13:51.278 INFO:teuthology.orchestra.run.smithi067.stdout:/usr/bin/ceph: stderr
2024-04-22T23:13:50.352+0000 7f9b1d529700 1 --2- 172.21.15.67:0/541769405 >> [v2:172.21.15.67:3300/0,v1:172.21.15.67:6789/0] conn(0x7f9b18105470 0x7f9b18197fa0 secure :-1 s=READY pgs=27 cs=0 l=1 rev1=1 crypto rx=0x7f9b08006cb0 tx=0x7f9b0800bd50 comp rx=0 tx=0).ready entity=mon.0 client_cookie=0 server_cookie=0 in_seq=0 out_seq=0
2024-04-22T23:13:51.278 INFO:teuthology.orchestra.run.smithi067.stdout:/usr/bin/ceph: stderr
2024-04-22T23:13:50.352+0000 7f9b0e7fc700 1 -- 172.21.15.67:0/541769405 <== mon.0 v2:172.21.15.67:3300/0 1 ==== mon_map magic: 0 v1 ==== 229+0+0 (secure 0 0 0) 0x7f9b08003f00 con 0x7f9b18105470
2024-04-22T23:13:51.278 INFO:teuthology.orchestra.run.smithi067.stdout:/usr/bin/ceph: stderr
2024-04-22T23:13:50.352+0000 7f9b0e7fc700 1 -- 172.21.15.67:0/541769405 <== mon.0 v2:172.21.15.67:3300/0 2 ==== config(27 keys) v1 ==== 1037+0+0 (secure 0 0 0) 0x7f9b080044d0 con 0x7f9b18105470
2024-04-22T23:13:51.278 INFO:teuthology.orchestra.run.smithi067.stdout:/usr/bin/ceph: stderr
2024-04-22T23:13:50.352+0000 7f9b1f78d700 1 -- 172.21.15.67:0/541769405 --> [v2:172.21.15.67:3300/0,v1:172.21.15.67:6789/0] -- mon_subscribe({mgrmap=0+}) v3 -- 0x7f9b181986e0 con 0x7f9b18105470
2024-04-22T23:13:51.278 INFO:teuthology.orchestra.run.smithi067.stdout:/usr/bin/ceph: stderr
2024-04-22T23:13:50.352+0000 7f9b0e7fc700 1 -- 172.21.15.67:0/541769405 <== mon.0 v2:172.21.15.67:3300/0 3 ==== mon_map magic: 0 v1 ==== 229+0+0 (secure 0 0 0) 0x7f9b08022d50 con 0x7f9b18105470
2024-04-22T23:13:51.278 INFO:teuthology.orchestra.run.smithi067.stdout:/usr/bin/ceph: stderr
2024-04-22T23:13:50.352+0000 7f9b1f78d700 1 -- 172.21.15.67:0/541769405 --> [v2:172.21.15.67:3300/0,v1:172.21.15.67:6789/0] -- mon_subscribe({osdmap=0}) v3 -- 0x7f9b18198b80 con 0x7f9b18105470
2024-04-22T23:13:51.278 INFO:teuthology.orchestra.run.smithi067.stdout:/usr/bin/ceph: stderr
2024-04-22T23:13:50.353+0000 7f9b0e7fc700 1 -- 172.21.15.67:0/541769405 <== mon.0 v2:172.21.15.67:3300/0 4 ==== mgrmap(e 5) v1 ==== 45283+0+0 (secure 0 0 0) 0x7f9b0802b3b0 con 0x7f9b18105470
2024-04-22T23:13:51.278 INFO:teuthology.orchestra.run.smithi067.stdout:/usr/bin/ceph: stderr
2024-04-22T23:13:50.353+0000 7f9b0e7fc700 1 --2- 172.21.15.67:0/541769405 >> [v2:172.21.15.67:6800/2451437776,v1:172.21.15.67:6801/2451437776] conn(0x7f9b040382d0 0x7f9b0403a790 unknown :-1 s=NONE pgs=0 cs=0 l=1 rev1=0 crypto rx=0 tx=0 comp rx=0 tx=0).connect
2024-04-22T23:13:51.278 INFO:teuthology.orchestra.run.smithi067.stdout:/usr/bin/ceph: stderr
2024-04-22T23:13:50.353+0000 7f9b0e7fc700 1 -- 172.21.15.67:0/541769405 <== mon.0 v2:172.21.15.67:3300/0 5 ==== osd_map(1..1 src has 1..1) v4 ==== 725+0+0 (secure 0 0 0) 0x7f9b0804fea0 con 0x7f9b18105470
2024-04-22T23:13:51.279 INFO:teuthology.orchestra.run.smithi067.stdout:/usr/bin/ceph: stderr
2024-04-22T23:13:50.353+0000 7f9b1cd28700 1 -- 172.21.15.67:0/541769405 >> [v2:172.21.15.67:6800/2451437776,v1:172.21.15.67:6801/2451437776] conn(0x7f9b040382d0 msgr2=0x7f9b0403a790 unknown :-1 s=STATE_CONNECTING_RE l=1).process reconnect failed to v2:172.21.15.67:6800/2451437776
2024-04-22T23:13:51.279 INFO:teuthology.orchestra.run.smithi067.stdout:/usr/bin/ceph: stderr
2024-04-22T23:13:50.353+0000 7f9b1cd28700 1 --2- 172.21.15.67:0/541769405 >> [v2:172.21.15.67:6800/2451437776,v1:172.21.15.67:6801/2451437776] conn(0x7f9b040382d0 0x7f9b0403a790 unknown :-1 s=START_CONNECT pgs=0 cs=0 l=1 rev1=0 crypto rx=0 tx=0 comp rx=0 tx=0)._fault waiting 0.200000
2024-04-22T23:13:51.279 INFO:teuthology.orchestra.run.smithi067.stdout:/usr/bin/ceph: stderr
2024-04-22T23:13:50.353+0000 7f9b1f78d700 1 -- 172.21.15.67:0/541769405 --> [v2:172.21.15.67:3300/0,v1:172.21.15.67:6789/0] -- mon_command({"prefix": "get_command_descriptions"} v 0) v1 -- 0x7f9b18191d00 con 0x7f9b18105470
2024-04-22T23:13:51.279 INFO:teuthology.orchestra.run.smithi067.stdout:/usr/bin/ceph: stderr
2024-04-22T23:13:50.358+0000 7f9b0e7fc700 1 -- 172.21.15.67:0/541769405 <== mon.0 v2:172.21.15.67:3300/0 6 ==== mon_command_ack([{"prefix": "get_command_descriptions"}]=0 v0) v1 ==== 72+0+180422 (secure 0 0 0) 0x7f9b08027070 con 0x7f9b18105470
2024-04-22T23:13:51.279 INFO:teuthology.orchestra.run.smithi067.stdout:/usr/bin/ceph: stderr
2024-04-22T23:13:50.554+0000 7f9b1cd28700 1 -- 172.21.15.67:0/541769405 >> [v2:172.21.15.67:6800/2451437776,v1:172.21.15.67:6801/2451437776] conn(0x7f9b040382d0 msgr2=0x7f9b0403a790 unknown :-1 s=STATE_CONNECTING_RE l=1).process reconnect failed to v2:172.21.15.67:6800/2451437776
2024-04-22T23:13:51.279 INFO:teuthology.orchestra.run.smithi067.stdout:/usr/bin/ceph: stderr
2024-04-22T23:13:50.554+0000 7f9b1cd28700 1 --2- 172.21.15.67:0/541769405 >> [v2:172.21.15.67:6800/2451437776,v1:172.21.15.67:6801/2451437776] conn(0x7f9b040382d0 0x7f9b0403a790 unknown :-1 s=START_CONNECT pgs=0 cs=0 l=1 rev1=0 crypto rx=0 tx=0 comp rx=0 tx=0)._fault waiting 0.400000
2024-04-22T23:13:51.279 INFO:teuthology.orchestra.run.smithi067.stdout:/usr/bin/ceph: stderr
2024-04-22T23:13:50.646+0000 7f9b1f78d700 1 -- 172.21.15.67:0/541769405 --> [v2:172.21.15.67:3300/0,v1:172.21.15.67:6789/0] -- mon_command({"prefix": "mgr stat"} v 0) v1 -- 0x7f9b180738e0 con 0x7f9b18105470
2024-04-22T23:13:51.279 INFO:teuthology.orchestra.run.smithi067.stdout:/usr/bin/ceph: stderr
2024-04-22T23:13:50.647+0000 7f9b0e7fc700 1 -- 172.21.15.67:0/541769405 <== mon.0 v2:172.21.15.67:3300/0 7 ==== mon_command_ack([{"prefix": "mgr stat"}]=0 v5) v1 ==== 56+0+103 (secure 0 0 0) 0x7f9b08027030 con 0x7f9b18105470
2024-04-22T23:13:51.279 INFO:teuthology.orchestra.run.smithi067.stdout:/usr/bin/ceph: stderr
2024-04-22T23:13:50.651+0000 7f9b1f78d700 1 -- 172.21.15.67:0/541769405 >> [v2:172.21.15.67:6800/2451437776,v1:172.21.15.67:6801/2451437776] conn(0x7f9b040382d0 msgr2=0x7f9b0403a790 unknown :-1 s=STATE_CONNECTING l=1).mark_down
2024-04-22T23:13:51.279 INFO:teuthology.orchestra.run.smithi067.stdout:/usr/bin/ceph: stderr
2024-04-22T23:13:50.651+0000 7f9b1f78d700 1 --2- 172.21.15.67:0/541769405 >> [v2:172.21.15.67:6800/2451437776,v1:172.21.15.67:6801/2451437776] conn(0x7f9b040382d0 0x7f9b0403a790 unknown :-1 s=START_CONNECT pgs=0 cs=0 l=1 rev1=0 crypto rx=0 tx=0 comp rx=0 tx=0).stop
2024-04-22T23:13:51.279 INFO:teuthology.orchestra.run.smithi067.stdout:/usr/bin/ceph: stderr
2024-04-22T23:13:50.651+0000 7f9b1f78d700 1 -- 172.21.15.67:0/541769405 >> [v2:172.21.15.67:3300/0,v1:172.21.15.67:6789/0] conn(0x7f9b18105470 msgr2=0x7f9b18197fa0 secure :-1 s=STATE_CONNECTION_ESTABLISHED l=1).mark_down
2024-04-22T23:13:51.279 INFO:teuthology.orchestra.run.smithi067.stdout:/usr/bin/ceph: stderr
2024-04-22T23:13:50.651+0000 7f9b1f78d700 1 --2- 172.21.15.67:0/541769405 >> [v2:172.21.15.67:3300/0,v1:172.21.15.67:6789/0] conn(0x7f9b18105470 0x7f9b18197fa0 secure :-1 s=READY pgs=27 cs=0 l=1 rev1=1 crypto rx=0x7f9b08006cb0 tx=0x7f9b0800bd50 comp rx=0 tx=0).stop
2024-04-22T23:13:51.279 INFO:teuthology.orchestra.run.smithi067.stdout:/usr/bin/ceph: stderr
2024-04-22T23:13:50.651+0000 7f9b1f78d700 1 -- 172.21.15.67:0/541769405 shutdown_connections
2024-04-22T23:13:51.280 INFO:teuthology.orchestra.run.smithi067.stdout:/usr/bin/ceph: stderr
2024-04-22T23:13:50.651+0000 7f9b1f78d700 1 --2- 172.21.15.67:0/541769405 >> [v2:172.21.15.67:6800/2451437776,v1:172.21.15.67:6801/2451437776] conn(0x7f9b040382d0 0x7f9b0403a790 unknown :-1 s=CLOSED pgs=0 cs=0 l=1 rev1=0 crypto rx=0 tx=0 comp rx=0 tx=0).stop
2024-04-22T23:13:51.280 INFO:teuthology.orchestra.run.smithi067.stdout:/usr/bin/ceph: stderr
2024-04-22T23:13:50.651+0000 7f9b1f78d700 1 --2- 172.21.15.67:0/541769405 >> [v2:172.21.15.67:3300/0,v1:172.21.15.67:6789/0] conn(0x7f9b18105470 0x7f9b18197fa0 unknown :-1 s=CLOSED pgs=27 cs=0 l=1 rev1=1 crypto rx=0 tx=0 comp rx=0 tx=0).stop
2024-04-22T23:13:51.280 INFO:teuthology.orchestra.run.smithi067.stdout:/usr/bin/ceph: stderr
2024-04-22T23:13:50.651+0000 7f9b1f78d700 1 -- 172.21.15.67:0/541769405 >> 172.21.15.67:0/541769405 conn(0x7f9b181009f0 msgr2=0x7f9b1818ee40 unknown :-1 s=STATE_NONE l=0).mark_down
2024-04-22T23:13:51.280 INFO:teuthology.orchestra.run.smithi067.stdout:/usr/bin/ceph: stderr
2024-04-22T23:13:50.653+0000 7f9b1f78d700 1 -- 172.21.15.67:0/541769405 shutdown_connections
2024-04-22T23:13:51.280 INFO:teuthology.orchestra.run.smithi067.stdout:/usr/bin/ceph: stderr
2024-04-22T23:13:50.653+0000 7f9b1f78d700 1 -- 172.21.15.67:0/541769405 wait complete.
2024-04-22T23:13:51.280 INFO:teuthology.orchestra.run.smithi067.stdout:Waiting for the mgr to restart...
2024-04-22T23:13:51.280 INFO:teuthology.orchestra.run.smithi067.stdout:Waiting for mgr epoch 5...
2024-04-22T23:13:51.545 INFO:journalctl@ceph.mon.smithi067.smithi067.stdout:Apr 22 23:13:51 smithi067 ceph-mon[26453]: from='client.? 172.21.15.67:0/541769405' entity='client.admin' cmd=[{"prefix": "mgr stat"}]: dispatch
2024-04-22T23:13:56.795 INFO:journalctl@ceph.mon.smithi067.smithi067.stdout:Apr 22 23:13:56 smithi067 ceph-mon[26453]: Active manager daemon smithi067.whdcsr restarted
2024-04-22T23:13:56.795 INFO:journalctl@ceph.mon.smithi067.smithi067.stdout:Apr 22 23:13:56 smithi067 ceph-mon[26453]: Activating manager daemon smithi067.whdcsr
2024-04-22T23:13:56.795 INFO:journalctl@ceph.mon.smithi067.smithi067.stdout:Apr 22 23:13:56 smithi067 ceph-mon[26453]: osdmap e2: 0 total, 0 up, 0 in
2024-04-22T23:13:56.795 INFO:journalctl@ceph.mon.smithi067.smithi067.stdout:Apr 22 23:13:56 smithi067 ceph-mon[26453]: mgrmap e6: smithi067.whdcsr(active, starting, since 0.00331414s)
2024-04-22T23:13:56.795 INFO:journalctl@ceph.mon.smithi067.smithi067.stdout:Apr 22 23:13:56 smithi067 ceph-mon[26453]: from='mgr.14120 172.21.15.67:0/1431842859' entity='mgr.smithi067.whdcsr' cmd=[{"prefix": "mon metadata", "id": "smithi067"}]: dispatch
2024-04-22T23:13:56.795 INFO:journalctl@ceph.mon.smithi067.smithi067.stdout:Apr 22 23:13:56 smithi067 ceph-mon[26453]: from='mgr.14120 172.21.15.67:0/1431842859' entity='mgr.smithi067.whdcsr' cmd=[{"prefix": "mgr metadata", "who": "smithi067.whdcsr", "id": "smithi067.whdcsr"}]: dispatch
2024-04-22T23:13:56.795 INFO:journalctl@ceph.mon.smithi067.smithi067.stdout:Apr 22 23:13:56 smithi067 ceph-mon[26453]: from='mgr.14120 172.21.15.67:0/1431842859' entity='mgr.smithi067.whdcsr' cmd=[{"prefix": "mds metadata"}]: dispatch
2024-04-22T23:13:56.796 INFO:journalctl@ceph.mon.smithi067.smithi067.stdout:Apr 22 23:13:56 smithi067 ceph-mon[26453]: from='mgr.14120 172.21.15.67:0/1431842859' entity='mgr.smithi067.whdcsr' cmd=[{"prefix": "osd metadata"}]: dispatch
2024-04-22T23:13:56.796 INFO:journalctl@ceph.mon.smithi067.smithi067.stdout:Apr 22 23:13:56 smithi067 ceph-mon[26453]: from='mgr.14120 172.21.15.67:0/1431842859' entity='mgr.smithi067.whdcsr' cmd=[{"prefix": "mon metadata"}]: dispatch
2024-04-22T23:13:56.796 INFO:journalctl@ceph.mon.smithi067.smithi067.stdout:Apr 22 23:13:56 smithi067 ceph-mon[26453]: Manager daemon smithi067.whdcsr is now available
2024-04-22T23:13:56.796 INFO:journalctl@ceph.mon.smithi067.smithi067.stdout:Apr 22 23:13:56 smithi067 ceph-mon[26453]: from='mgr.14120 172.21.15.67:0/1431842859' entity='mgr.smithi067.whdcsr'
2024-04-22T23:13:56.796 INFO:journalctl@ceph.mon.smithi067.smithi067.stdout:Apr 22 23:13:56 smithi067 ceph-mon[26453]: from='mgr.14120 172.21.15.67:0/1431842859' entity='mgr.smithi067.whdcsr'
2024-04-22T23:13:56.796 INFO:journalctl@ceph.mon.smithi067.smithi067.stdout:Apr 22 23:13:56 smithi067 ceph-mon[26453]: from='mgr.14120 172.21.15.67:0/1431842859' entity='mgr.smithi067.whdcsr' cmd=[{"prefix": "config dump", "format": "json"}]: dispatch
2024-04-22T23:13:56.796 INFO:journalctl@ceph.mon.smithi067.smithi067.stdout:Apr 22 23:13:56 smithi067 ceph-mon[26453]: from='mgr.14120 172.21.15.67:0/1431842859' entity='mgr.smithi067.whdcsr' cmd=[{"prefix": "config dump", "format": "json"}]: dispatch
2024-04-22T23:13:56.796 INFO:journalctl@ceph.mon.smithi067.smithi067.stdout:Apr 22 23:13:56 smithi067 ceph-mon[26453]: from='mgr.14120 172.21.15.67:0/1431842859' entity='mgr.smithi067.whdcsr' cmd=[{"prefix": "config dump", "format": "json"}]: dispatch
2024-04-22T23:13:56.796 INFO:journalctl@ceph.mon.smithi067.smithi067.stdout:Apr 22 23:13:56 smithi067 ceph-mon[26453]: from='mgr.14120 172.21.15.67:0/1431842859' entity='mgr.smithi067.whdcsr' cmd=[{"prefix":"config rm","who":"mgr","name":"mgr/rbd_support/smithi067.whdcsr/mirror_snapshot_schedule"}]: dispatch
2024-04-22T23:13:56.796 INFO:journalctl@ceph.mon.smithi067.smithi067.stdout:Apr 22 23:13:56 smithi067 ceph-mon[26453]: from='mgr.14120 172.21.15.67:0/1431842859' entity='mgr.smithi067.whdcsr' cmd=[{"prefix":"config rm","who":"mgr","name":"mgr/rbd_support/smithi067.whdcsr/trash_purge_schedule"}]: dispatch
2024-04-22T23:13:57.795 INFO:journalctl@ceph.mon.smithi067.smithi067.stdout:Apr 22 23:13:57 smithi067 ceph-mon[26453]: Found migration_current of "None". Setting to last migration.
2024-04-22T23:13:57.795 INFO:journalctl@ceph.mon.smithi067.smithi067.stdout:Apr 22 23:13:57 smithi067 ceph-mon[26453]: from='mgr.14120 172.21.15.67:0/1431842859' entity='mgr.smithi067.whdcsr'
2024-04-22T23:13:57.795 INFO:journalctl@ceph.mon.smithi067.smithi067.stdout:Apr 22 23:13:57 smithi067 ceph-mon[26453]: from='mgr.14120 172.21.15.67:0/1431842859' entity='mgr.smithi067.whdcsr'
2024-04-22T23:13:57.795 INFO:journalctl@ceph.mon.smithi067.smithi067.stdout:Apr 22 23:13:57 smithi067 ceph-mon[26453]: mgrmap e7: smithi067.whdcsr(active, since 1.00521s)
2024-04-22T23:13:58.101 INFO:teuthology.orchestra.run.smithi067.stdout:/usr/bin/ceph: stdout {
2024-04-22T23:13:58.108 INFO:teuthology.orchestra.run.smithi067.stdout:/usr/bin/ceph: stdout "mgrmap_epoch": 7,
2024-04-22T23:13:58.108 INFO:teuthology.orchestra.run.smithi067.stdout:/usr/bin/ceph: stdout "initialized": true
2024-04-22T23:13:58.108 INFO:teuthology.orchestra.run.smithi067.stdout:/usr/bin/ceph: stdout }
2024-04-22T23:13:58.108 INFO:teuthology.orchestra.run.smithi067.stdout:/usr/bin/ceph: stderr
2024-04-22T23:13:51.698+0000 7f3336bb1700 1 Processor -- start
2024-04-22T23:13:58.109 INFO:teuthology.orchestra.run.smithi067.stdout:/usr/bin/ceph: stderr
2024-04-22T23:13:51.698+0000 7f3336bb1700 1 -- start start
2024-04-22T23:13:58.109 INFO:teuthology.orchestra.run.smithi067.stdout:/usr/bin/ceph: stderr
2024-04-22T23:13:51.698+0000 7f3336bb1700 1 --2- >> [v2:172.21.15.67:3300/0,v1:172.21.15.67:6789/0] conn(0x7f3330106fe0 0x7f33301093d0 unknown :-1 s=NONE pgs=0 cs=0 l=0 rev1=0 crypto rx=0 tx=0 comp rx=0 tx=0).connect
2024-04-22T23:13:58.109 INFO:teuthology.orchestra.run.smithi067.stdout:/usr/bin/ceph: stderr
2024-04-22T23:13:51.698+0000 7f3336bb1700 1 -- --> [v2:172.21.15.67:3300/0,v1:172.21.15.67:6789/0] -- mon_getmap magic: 0 v1 -- 0x7f3330074680 con 0x7f3330106fe0
2024-04-22T23:13:58.109 INFO:teuthology.orchestra.run.smithi067.stdout:/usr/bin/ceph: stderr
2024-04-22T23:13:51.699+0000 7f333494d700 1 --2- >> [v2:172.21.15.67:3300/0,v1:172.21.15.67:6789/0] conn(0x7f3330106fe0 0x7f33301093d0 unknown :-1 s=BANNER_CONNECTING pgs=0 cs=0 l=0 rev1=0 crypto rx=0 tx=0 comp rx=0 tx=0)._handle_peer_banner_payload supported=3 required=0
2024-04-22T23:13:58.109 INFO:teuthology.orchestra.run.smithi067.stdout:/usr/bin/ceph: stderr
2024-04-22T23:13:51.699+0000 7f333494d700 1 --2- >> [v2:172.21.15.67:3300/0,v1:172.21.15.67:6789/0] conn(0x7f3330106fe0 0x7f33301093d0 unknown :-1 s=HELLO_CONNECTING pgs=0 cs=0 l=0 rev1=1 crypto rx=0 tx=0 comp rx=0 tx=0).handle_hello peer v2:172.21.15.67:3300/0 says I am v2:172.21.15.67:45212/0 (socket says 172.21.15.67:45212)
2024-04-22T23:13:58.109 INFO:teuthology.orchestra.run.smithi067.stdout:/usr/bin/ceph: stderr
2024-04-22T23:13:51.699+0000 7f333494d700 1 -- 172.21.15.67:0/4256764050 learned_addr learned my addr 172.21.15.67:0/4256764050 (peer_addr_for_me v2:172.21.15.67:0/0)
2024-04-22T23:13:58.109 INFO:teuthology.orchestra.run.smithi067.stdout:/usr/bin/ceph: stderr
2024-04-22T23:13:51.699+0000 7f333494d700 1 -- 172.21.15.67:0/4256764050 --> [v2:172.21.15.67:3300/0,v1:172.21.15.67:6789/0] -- mon_subscribe({config=0+,monmap=0+}) v3 -- 0x7f3330109910 con 0x7f3330106fe0
2024-04-22T23:13:58.109 INFO:teuthology.orchestra.run.smithi067.stdout:/usr/bin/ceph: stderr
2024-04-22T23:13:51.699+0000 7f333494d700 1 --2- 172.21.15.67:0/4256764050 >> [v2:172.21.15.67:3300/0,v1:172.21.15.67:6789/0] conn(0x7f3330106fe0 0x7f33301093d0 secure :-1 s=READY pgs=28 cs=0 l=1 rev1=1 crypto rx=0x7f33240098a0 tx=0x7f3324009bb0 comp rx=0 tx=0).ready entity=mon.0 client_cookie=4bdcf4e4ff314d9c server_cookie=0 in_seq=0 out_seq=0
2024-04-22T23:13:58.109 INFO:teuthology.orchestra.run.smithi067.stdout:/usr/bin/ceph: stderr
2024-04-22T23:13:51.699+0000 7f332f7fe700 1 -- 172.21.15.67:0/4256764050 <== mon.0 v2:172.21.15.67:3300/0 1 ==== mon_map magic: 0 v1 ==== 229+0+0 (secure 0 0 0) 0x7f3324004180 con 0x7f3330106fe0
2024-04-22T23:13:58.109 INFO:teuthology.orchestra.run.smithi067.stdout:/usr/bin/ceph: stderr
2024-04-22T23:13:51.699+0000 7f332f7fe700 1 -- 172.21.15.67:0/4256764050 <== mon.0 v2:172.21.15.67:3300/0 2 ==== config(27 keys) v1 ==== 1037+0+0 (secure 0 0 0) 0x7f33240042e0 con 0x7f3330106fe0
2024-04-22T23:13:58.109 INFO:teuthology.orchestra.run.smithi067.stdout:/usr/bin/ceph: stderr
2024-04-22T23:13:51.699+0000 7f332f7fe700 1 -- 172.21.15.67:0/4256764050 <== mon.0 v2:172.21.15.67:3300/0 3 ==== mon_map magic: 0 v1 ==== 229+0+0 (secure 0 0 0) 0x7f3324011a50 con 0x7f3330106fe0
2024-04-22T23:13:58.109 INFO:teuthology.orchestra.run.smithi067.stdout:/usr/bin/ceph: stderr
2024-04-22T23:13:51.700+0000 7f3336bb1700 1 -- 172.21.15.67:0/4256764050 >> [v2:172.21.15.67:3300/0,v1:172.21.15.67:6789/0] conn(0x7f3330106fe0 msgr2=0x7f33301093d0 secure :-1 s=STATE_CONNECTION_ESTABLISHED l=1).mark_down
2024-04-22T23:13:58.109 INFO:teuthology.orchestra.run.smithi067.stdout:/usr/bin/ceph: stderr
2024-04-22T23:13:51.700+0000 7f3336bb1700 1 --2- 172.21.15.67:0/4256764050 >> [v2:172.21.15.67:3300/0,v1:172.21.15.67:6789/0] conn(0x7f3330106fe0 0x7f33301093d0 secure :-1 s=READY pgs=28 cs=0 l=1 rev1=1 crypto rx=0x7f33240098a0 tx=0x7f3324009bb0 comp rx=0 tx=0).stop
2024-04-22T23:13:58.109 INFO:teuthology.orchestra.run.smithi067.stdout:/usr/bin/ceph: stderr
2024-04-22T23:13:51.700+0000 7f3336bb1700 1 -- 172.21.15.67:0/4256764050 shutdown_connections
2024-04-22T23:13:58.109 INFO:teuthology.orchestra.run.smithi067.stdout:/usr/bin/ceph: stderr
2024-04-22T23:13:51.700+0000 7f3336bb1700 1 --2- 172.21.15.67:0/4256764050 >> [v2:172.21.15.67:3300/0,v1:172.21.15.67:6789/0] conn(0x7f3330106fe0 0x7f33301093d0 unknown :-1 s=CLOSED pgs=28 cs=0 l=1 rev1=1 crypto rx=0 tx=0 comp rx=0 tx=0).stop
2024-04-22T23:13:58.110 INFO:teuthology.orchestra.run.smithi067.stdout:/usr/bin/ceph: stderr
2024-04-22T23:13:51.700+0000 7f3336bb1700 1 -- 172.21.15.67:0/4256764050 >> 172.21.15.67:0/4256764050 conn(0x7f33301009f0 msgr2=0x7f3330102e50 unknown :-1 s=STATE_NONE l=0).mark_down
2024-04-22T23:13:58.110 INFO:teuthology.orchestra.run.smithi067.stdout:/usr/bin/ceph: stderr
2024-04-22T23:13:51.700+0000 7f3336bb1700 1 -- 172.21.15.67:0/4256764050 shutdown_connections
2024-04-22T23:13:58.110 INFO:teuthology.orchestra.run.smithi067.stdout:/usr/bin/ceph: stderr
2024-04-22T23:13:51.700+0000 7f3336bb1700 1 -- 172.21.15.67:0/4256764050 wait complete.
2024-04-22T23:13:58.110 INFO:teuthology.orchestra.run.smithi067.stdout:/usr/bin/ceph: stderr
2024-04-22T23:13:51.701+0000 7f3336bb1700 1 Processor -- start
2024-04-22T23:13:58.110 INFO:teuthology.orchestra.run.smithi067.stdout:/usr/bin/ceph: stderr
2024-04-22T23:13:51.701+0000 7f3336bb1700 1 -- start start
2024-04-22T23:13:58.110 INFO:teuthology.orchestra.run.smithi067.stdout:/usr/bin/ceph: stderr
2024-04-22T23:13:51.701+0000 7f3336bb1700 1 --2- >> [v2:172.21.15.67:3300/0,v1:172.21.15.67:6789/0] conn(0x7f3330106fe0 0x7f333019a130 unknown :-1 s=NONE pgs=0 cs=0 l=1 rev1=0 crypto rx=0 tx=0 comp rx=0 tx=0).connect
2024-04-22T23:13:58.110 INFO:teuthology.orchestra.run.smithi067.stdout:/usr/bin/ceph: stderr
2024-04-22T23:13:51.701+0000 7f3336bb1700 1 -- --> [v2:172.21.15.67:3300/0,v1:172.21.15.67:6789/0] -- mon_getmap magic: 0 v1 -- 0x7f333019a670 con 0x7f3330106fe0
2024-04-22T23:13:58.110 INFO:teuthology.orchestra.run.smithi067.stdout:/usr/bin/ceph: stderr
2024-04-22T23:13:51.701+0000 7f333494d700 1 --2- >> [v2:172.21.15.67:3300/0,v1:172.21.15.67:6789/0] conn(0x7f3330106fe0 0x7f333019a130 unknown :-1 s=BANNER_CONNECTING pgs=0 cs=0 l=1 rev1=0 crypto rx=0 tx=0 comp rx=0 tx=0)._handle_peer_banner_payload supported=3 required=0
2024-04-22T23:13:58.110 INFO:teuthology.orchestra.run.smithi067.stdout:/usr/bin/ceph: stderr
2024-04-22T23:13:51.701+0000 7f333494d700 1 --2- >> [v2:172.21.15.67:3300/0,v1:172.21.15.67:6789/0] conn(0x7f3330106fe0 0x7f333019a130 unknown :-1 s=HELLO_CONNECTING pgs=0 cs=0 l=1 rev1=1 crypto rx=0 tx=0 comp rx=0 tx=0).handle_hello peer v2:172.21.15.67:3300/0 says I am v2:172.21.15.67:45224/0 (socket says 172.21.15.67:45224)
2024-04-22T23:13:58.110 INFO:teuthology.orchestra.run.smithi067.stdout:/usr/bin/ceph: stderr
2024-04-22T23:13:51.701+0000 7f333494d700 1 -- 172.21.15.67:0/2570164240 learned_addr learned my addr 172.21.15.67:0/2570164240 (peer_addr_for_me v2:172.21.15.67:0/0)
2024-04-22T23:13:58.110 INFO:teuthology.orchestra.run.smithi067.stdout:/usr/bin/ceph: stderr
2024-04-22T23:13:51.701+0000 7f333494d700 1 -- 172.21.15.67:0/2570164240 --> [v2:172.21.15.67:3300/0,v1:172.21.15.67:6789/0] -- mon_subscribe({config=0+,monmap=0+}) v3 -- 0x7f3324009550 con 0x7f3330106fe0
2024-04-22T23:13:58.110 INFO:teuthology.orchestra.run.smithi067.stdout:/usr/bin/ceph: stderr
2024-04-22T23:13:51.702+0000 7f333494d700 1 --2- 172.21.15.67:0/2570164240 >> [v2:172.21.15.67:3300/0,v1:172.21.15.67:6789/0] conn(0x7f3330106fe0 0x7f333019a130 secure :-1 s=READY pgs=29 cs=0 l=1 rev1=1 crypto rx=0x7f33240119e0 tx=0x7f3324011ac0 comp rx=0 tx=0).ready entity=mon.0 client_cookie=0 server_cookie=0 in_seq=0 out_seq=0
2024-04-22T23:13:58.110 INFO:teuthology.orchestra.run.smithi067.stdout:/usr/bin/ceph: stderr
2024-04-22T23:13:51.702+0000 7f332dffb700 1 -- 172.21.15.67:0/2570164240 <== mon.0 v2:172.21.15.67:3300/0 1 ==== mon_map magic: 0 v1 ==== 229+0+0 (secure 0 0 0) 0x7f3324003b90 con 0x7f3330106fe0
2024-04-22T23:13:58.111 INFO:teuthology.orchestra.run.smithi067.stdout:/usr/bin/ceph: stderr
2024-04-22T23:13:51.702+0000 7f3336bb1700 1 -- 172.21.15.67:0/2570164240 --> [v2:172.21.15.67:3300/0,v1:172.21.15.67:6789/0] -- mon_subscribe({mgrmap=0+}) v3 -- 0x7f333019a870 con 0x7f3330106fe0
2024-04-22T23:13:58.111 INFO:teuthology.orchestra.run.smithi067.stdout:/usr/bin/ceph: stderr
2024-04-22T23:13:51.702+0000 7f332dffb700 1 -- 172.21.15.67:0/2570164240 <== mon.0 v2:172.21.15.67:3300/0 2 ==== config(27 keys) v1 ==== 1037+0+0 (secure 0 0 0) 0x7f332401a8a0 con 0x7f3330106fe0
2024-04-22T23:13:58.111 INFO:teuthology.orchestra.run.smithi067.stdout:/usr/bin/ceph: stderr
2024-04-22T23:13:51.702+0000 7f332dffb700 1 -- 172.21.15.67:0/2570164240 <== mon.0 v2:172.21.15.67:3300/0 3 ==== mon_map magic: 0 v1 ==== 229+0+0 (secure 0 0 0) 0x7f3324019930 con 0x7f3330106fe0
2024-04-22T23:13:58.111 INFO:teuthology.orchestra.run.smithi067.stdout:/usr/bin/ceph: stderr
2024-04-22T23:13:51.702+0000 7f3336bb1700 1 -- 172.21.15.67:0/2570164240 --> [v2:172.21.15.67:3300/0,v1:172.21.15.67:6789/0] -- mon_subscribe({osdmap=0}) v3 -- 0x7f333019ad10 con 0x7f3330106fe0
2024-04-22T23:13:58.111 INFO:teuthology.orchestra.run.smithi067.stdout:/usr/bin/ceph: stderr
2024-04-22T23:13:51.703+0000 7f332dffb700 1 -- 172.21.15.67:0/2570164240 <== mon.0 v2:172.21.15.67:3300/0 4 ==== mgrmap(e 5) v1 ==== 45283+0+0 (secure 0 0 0) 0x7f3324019bf0 con 0x7f3330106fe0
2024-04-22T23:13:58.111 INFO:teuthology.orchestra.run.smithi067.stdout:/usr/bin/ceph: stderr
2024-04-22T23:13:51.703+0000 7f332dffb700 1 --2- 172.21.15.67:0/2570164240 >> [v2:172.21.15.67:6800/2451437776,v1:172.21.15.67:6801/2451437776] conn(0x7f33200382e0 0x7f332003a7a0 unknown :-1 s=NONE pgs=0 cs=0 l=1 rev1=0 crypto rx=0 tx=0 comp rx=0 tx=0).connect
2024-04-22T23:13:58.111 INFO:teuthology.orchestra.run.smithi067.stdout:/usr/bin/ceph: stderr
2024-04-22T23:13:51.703+0000 7f332dffb700 1 -- 172.21.15.67:0/2570164240 --> [v2:172.21.15.67:6800/2451437776,v1:172.21.15.67:6801/2451437776] -- command(tid 0: {"prefix": "get_command_descriptions"}) v1 -- 0x7f332003aeb0 con 0x7f33200382e0
2024-04-22T23:13:58.111 INFO:teuthology.orchestra.run.smithi067.stdout:/usr/bin/ceph: stderr
2024-04-22T23:13:51.703+0000 7f332dffb700 1 -- 172.21.15.67:0/2570164240 <== mon.0 v2:172.21.15.67:3300/0 5 ==== osd_map(1..1 src has 1..1) v4 ==== 725+0+0 (secure 0 0 0) 0x7f332404c6e0 con 0x7f3330106fe0
2024-04-22T23:13:58.111 INFO:teuthology.orchestra.run.smithi067.stdout:/usr/bin/ceph: stderr
2024-04-22T23:13:51.703+0000 7f332ffff700 1 -- 172.21.15.67:0/2570164240 >> [v2:172.21.15.67:6800/2451437776,v1:172.21.15.67:6801/2451437776] conn(0x7f33200382e0 msgr2=0x7f332003a7a0 unknown :-1 s=STATE_CONNECTING_RE l=1).process reconnect failed to v2:172.21.15.67:6800/2451437776
2024-04-22T23:13:58.111 INFO:teuthology.orchestra.run.smithi067.stdout:/usr/bin/ceph: stderr
2024-04-22T23:13:51.703+0000 7f332ffff700 1 --2- 172.21.15.67:0/2570164240 >> [v2:172.21.15.67:6800/2451437776,v1:172.21.15.67:6801/2451437776] conn(0x7f33200382e0 0x7f332003a7a0 unknown :-1 s=START_CONNECT pgs=0 cs=0 l=1 rev1=0 crypto rx=0 tx=0 comp rx=0 tx=0)._fault waiting 0.200000
2024-04-22T23:13:58.111 INFO:teuthology.orchestra.run.smithi067.stdout:/usr/bin/ceph: stderr
2024-04-22T23:13:51.904+0000 7f332ffff700 1 -- 172.21.15.67:0/2570164240 >> [v2:172.21.15.67:6800/2451437776,v1:172.21.15.67:6801/2451437776] conn(0x7f33200382e0 msgr2=0x7f332003a7a0 unknown :-1 s=STATE_CONNECTING_RE l=1).process reconnect failed to v2:172.21.15.67:6800/2451437776
2024-04-22T23:13:58.111 INFO:teuthology.orchestra.run.smithi067.stdout:/usr/bin/ceph: stderr
2024-04-22T23:13:51.904+0000 7f332ffff700 1 --2- 172.21.15.67:0/2570164240 >> [v2:172.21.15.67:6800/2451437776,v1:172.21.15.67:6801/2451437776] conn(0x7f33200382e0 0x7f332003a7a0 unknown :-1 s=START_CONNECT pgs=0 cs=0 l=1 rev1=0 crypto rx=0 tx=0 comp rx=0 tx=0)._fault waiting 0.400000
2024-04-22T23:13:58.111 INFO:teuthology.orchestra.run.smithi067.stdout:/usr/bin/ceph: stderr
2024-04-22T23:13:52.305+0000 7f332ffff700 1 -- 172.21.15.67:0/2570164240 >> [v2:172.21.15.67:6800/2451437776,v1:172.21.15.67:6801/2451437776] conn(0x7f33200382e0 msgr2=0x7f332003a7a0 unknown :-1 s=STATE_CONNECTING_RE l=1).process reconnect failed to v2:172.21.15.67:6800/2451437776
2024-04-22T23:13:58.111 INFO:teuthology.orchestra.run.smithi067.stdout:/usr/bin/ceph: stderr
2024-04-22T23:13:52.305+0000 7f332ffff700 1 --2- 172.21.15.67:0/2570164240 >> [v2:172.21.15.67:6800/2451437776,v1:172.21.15.67:6801/2451437776] conn(0x7f33200382e0 0x7f332003a7a0 unknown :-1 s=START_CONNECT pgs=0 cs=0 l=1 rev1=0 crypto rx=0 tx=0 comp rx=0 tx=0)._fault waiting 0.800000
2024-04-22T23:13:58.111 INFO:teuthology.orchestra.run.smithi067.stdout:/usr/bin/ceph: stderr
2024-04-22T23:13:53.106+0000 7f332ffff700 1 -- 172.21.15.67:0/2570164240 >> [v2:172.21.15.67:6800/2451437776,v1:172.21.15.67:6801/2451437776] conn(0x7f33200382e0 msgr2=0x7f332003a7a0 unknown :-1 s=STATE_CONNECTING_RE l=1).process reconnect failed to v2:172.21.15.67:6800/2451437776
2024-04-22T23:13:58.112 INFO:teuthology.orchestra.run.smithi067.stdout:/usr/bin/ceph: stderr
2024-04-22T23:13:53.106+0000 7f332ffff700 1 --2- 172.21.15.67:0/2570164240 >> [v2:172.21.15.67:6800/2451437776,v1:172.21.15.67:6801/2451437776] conn(0x7f33200382e0 0x7f332003a7a0 unknown :-1 s=START_CONNECT pgs=0 cs=0 l=1 rev1=0 crypto rx=0 tx=0 comp rx=0 tx=0)._fault waiting 1.600000
2024-04-22T23:13:58.112 INFO:teuthology.orchestra.run.smithi067.stdout:/usr/bin/ceph: stderr
2024-04-22T23:13:54.707+0000 7f332ffff700 1 -- 172.21.15.67:0/2570164240 >> [v2:172.21.15.67:6800/2451437776,v1:172.21.15.67:6801/2451437776] conn(0x7f33200382e0 msgr2=0x7f332003a7a0 unknown :-1 s=STATE_CONNECTING_RE l=1).process reconnect failed to v2:172.21.15.67:6800/2451437776
2024-04-22T23:13:58.112 INFO:teuthology.orchestra.run.smithi067.stdout:/usr/bin/ceph: stderr
2024-04-22T23:13:54.707+0000 7f332ffff700 1 --2- 172.21.15.67:0/2570164240 >> [v2:172.21.15.67:6800/2451437776,v1:172.21.15.67:6801/2451437776] conn(0x7f33200382e0 0x7f332003a7a0 unknown :-1 s=START_CONNECT pgs=0 cs=0 l=1 rev1=0 crypto rx=0 tx=0 comp rx=0 tx=0)._fault waiting 3.200000
2024-04-22T23:13:58.112 INFO:teuthology.orchestra.run.smithi067.stdout:/usr/bin/ceph: stderr
2024-04-22T23:13:56.303+0000 7f332dffb700 1 -- 172.21.15.67:0/2570164240 <== mon.0 v2:172.21.15.67:3300/0 6 ==== mgrmap(e 6) v1 ==== 45050+0+0 (secure 0 0 0) 0x7f332402d620 con 0x7f3330106fe0
2024-04-22T23:13:58.112 INFO:teuthology.orchestra.run.smithi067.stdout:/usr/bin/ceph: stderr
2024-04-22T23:13:56.303+0000 7f332dffb700 1 -- 172.21.15.67:0/2570164240 >> [v2:172.21.15.67:6800/2451437776,v1:172.21.15.67:6801/2451437776] conn(0x7f33200382e0 msgr2=0x7f332003a7a0 unknown :-1 s=STATE_CONNECTING l=1).mark_down
2024-04-22T23:13:58.112 INFO:teuthology.orchestra.run.smithi067.stdout:/usr/bin/ceph: stderr
2024-04-22T23:13:56.303+0000 7f332dffb700 1 --2- 172.21.15.67:0/2570164240 >> [v2:172.21.15.67:6800/2451437776,v1:172.21.15.67:6801/2451437776] conn(0x7f33200382e0 0x7f332003a7a0 unknown :-1 s=START_CONNECT pgs=0 cs=0 l=1 rev1=0 crypto rx=0 tx=0 comp rx=0 tx=0).stop
2024-04-22T23:13:58.112 INFO:teuthology.orchestra.run.smithi067.stdout:/usr/bin/ceph: stderr
2024-04-22T23:13:57.304+0000 7f332dffb700 1 -- 172.21.15.67:0/2570164240 <== mon.0 v2:172.21.15.67:3300/0 7 ==== mgrmap(e 7) v1 ==== 45177+0+0 (secure 0 0 0) 0x7f332401ab60 con 0x7f3330106fe0
2024-04-22T23:13:58.112 INFO:teuthology.orchestra.run.smithi067.stdout:/usr/bin/ceph: stderr
2024-04-22T23:13:57.304+0000 7f332dffb700 1 --2- 172.21.15.67:0/2570164240 >> [v2:172.21.15.67:6800/3568049827,v1:172.21.15.67:6801/3568049827] conn(0x7f332003bc60 0x7f332003e050 unknown :-1 s=NONE pgs=0 cs=0 l=1 rev1=0 crypto rx=0 tx=0 comp rx=0 tx=0).connect
2024-04-22T23:13:58.112 INFO:teuthology.orchestra.run.smithi067.stdout:/usr/bin/ceph: stderr
2024-04-22T23:13:57.304+0000 7f332dffb700 1 -- 172.21.15.67:0/2570164240 --> [v2:172.21.15.67:6800/3568049827,v1:172.21.15.67:6801/3568049827] -- command(tid 0: {"prefix": "get_command_descriptions"}) v1 -- 0x7f332003aeb0 con 0x7f332003bc60
2024-04-22T23:13:58.112 INFO:teuthology.orchestra.run.smithi067.stdout:/usr/bin/ceph: stderr
2024-04-22T23:13:57.304+0000 7f332ffff700 1 --2- 172.21.15.67:0/2570164240 >> [v2:172.21.15.67:6800/3568049827,v1:172.21.15.67:6801/3568049827] conn(0x7f332003bc60 0x7f332003e050 unknown :-1 s=BANNER_CONNECTING pgs=0 cs=0 l=1 rev1=0 crypto rx=0 tx=0 comp rx=0 tx=0)._handle_peer_banner_payload supported=3 required=0
2024-04-22T23:13:58.112 INFO:teuthology.orchestra.run.smithi067.stdout:/usr/bin/ceph: stderr
2024-04-22T23:13:57.305+0000 7f332ffff700 1 --2- 172.21.15.67:0/2570164240 >> [v2:172.21.15.67:6800/3568049827,v1:172.21.15.67:6801/3568049827] conn(0x7f332003bc60 0x7f332003e050 secure :-1 s=READY pgs=3 cs=0 l=1 rev1=1 crypto rx=0x7f331c003a10 tx=0x7f331c009290 comp rx=0 tx=0).ready entity=mgr.14120 client_cookie=0 server_cookie=0 in_seq=0 out_seq=0
2024-04-22T23:13:58.112 INFO:teuthology.orchestra.run.smithi067.stdout:/usr/bin/ceph: stderr
2024-04-22T23:13:57.306+0000 7f332dffb700 1 -- 172.21.15.67:0/2570164240 <== mgr.14120 v2:172.21.15.67:6800/3568049827 1 ==== command_reply(tid 0: 0 ) v1 ==== 8+0+6910 (secure 0 0 0) 0x7f332003aeb0 con 0x7f332003bc60
2024-04-22T23:13:58.112 INFO:teuthology.orchestra.run.smithi067.stdout:/usr/bin/ceph: stderr
2024-04-22T23:13:57.312+0000 7f3336bb1700 1 -- 172.21.15.67:0/2570164240 --> [v2:172.21.15.67:6800/3568049827,v1:172.21.15.67:6801/3568049827] -- command(tid 1: {"prefix": "mgr_status"}) v1 -- 0x7f333019b470 con 0x7f332003bc60
2024-04-22T23:13:58.112 INFO:teuthology.orchestra.run.smithi067.stdout:/usr/bin/ceph: stderr
2024-04-22T23:13:57.312+0000 7f332dffb700 1 -- 172.21.15.67:0/2570164240 <== mgr.14120 v2:172.21.15.67:6800/3568049827 2 ==== command_reply(tid 1: 0 ) v1 ==== 8+0+51 (secure 0 0 0) 0x7f333019b470 con 0x7f332003bc60
2024-04-22T23:13:58.112 INFO:teuthology.orchestra.run.smithi067.stdout:/usr/bin/ceph: stderr
2024-04-22T23:13:57.313+0000 7f3336bb1700 1 -- 172.21.15.67:0/2570164240 >> [v2:172.21.15.67:6800/3568049827,v1:172.21.15.67:6801/3568049827] conn(0x7f332003bc60 msgr2=0x7f332003e050 secure :-1 s=STATE_CONNECTION_ESTABLISHED l=1).mark_down
2024-04-22T23:13:58.113 INFO:teuthology.orchestra.run.smithi067.stdout:/usr/bin/ceph: stderr
2024-04-22T23:13:57.313+0000 7f3336bb1700 1 --2- 172.21.15.67:0/2570164240 >> [v2:172.21.15.67:6800/3568049827,v1:172.21.15.67:6801/3568049827] conn(0x7f332003bc60 0x7f332003e050 secure :-1 s=READY pgs=3 cs=0 l=1 rev1=1 crypto rx=0x7f331c003a10 tx=0x7f331c009290 comp rx=0 tx=0).stop
2024-04-22T23:13:58.113 INFO:teuthology.orchestra.run.smithi067.stdout:/usr/bin/ceph: stderr
2024-04-22T23:13:57.313+0000 7f3336bb1700 1 -- 172.21.15.67:0/2570164240 >> [v2:172.21.15.67:3300/0,v1:172.21.15.67:6789/0] conn(0x7f3330106fe0 msgr2=0x7f333019a130 secure :-1 s=STATE_CONNECTION_ESTABLISHED l=1).mark_down
2024-04-22T23:13:58.113 INFO:teuthology.orchestra.run.smithi067.stdout:/usr/bin/ceph: stderr
2024-04-22T23:13:57.313+0000 7f3336bb1700 1 --2- 172.21.15.67:0/2570164240 >> [v2:172.21.15.67:3300/0,v1:172.21.15.67:6789/0] conn(0x7f3330106fe0 0x7f333019a130 secure :-1 s=READY pgs=29 cs=0 l=1 rev1=1 crypto rx=0x7f33240119e0 tx=0x7f3324011ac0 comp rx=0 tx=0).stop
2024-04-22T23:13:58.113 INFO:teuthology.orchestra.run.smithi067.stdout:/usr/bin/ceph: stderr
2024-04-22T23:13:57.313+0000 7f3336bb1700 1 -- 172.21.15.67:0/2570164240 shutdown_connections
2024-04-22T23:13:58.113 INFO:teuthology.orchestra.run.smithi067.stdout:/usr/bin/ceph: stderr
2024-04-22T23:13:57.313+0000 7f3336bb1700 1 --2- 172.21.15.67:0/2570164240 >> [v2:172.21.15.67:6800/3568049827,v1:172.21.15.67:6801/3568049827] conn(0x7f332003bc60 0x7f332003e050 unknown :-1 s=CLOSED pgs=3 cs=0 l=1 rev1=1 crypto rx=0 tx=0 comp rx=0 tx=0).stop
2024-04-22T23:13:58.113 INFO:teuthology.orchestra.run.smithi067.stdout:/usr/bin/ceph: stderr
2024-04-22T23:13:57.313+0000 7f3336bb1700 1 --2- 172.21.15.67:0/2570164240 >> [v2:172.21.15.67:3300/0,v1:172.21.15.67:6789/0] conn(0x7f3330106fe0 0x7f333019a130 unknown :-1 s=CLOSED pgs=29 cs=0 l=1 rev1=1 crypto rx=0 tx=0 comp rx=0 tx=0).stop
2024-04-22T23:13:58.113 INFO:teuthology.orchestra.run.smithi067.stdout:/usr/bin/ceph: stderr
2024-04-22T23:13:57.313+0000 7f3336bb1700 1 --2- 172.21.15.67:0/2570164240 >> [v2:172.21.15.67:6800/2451437776,v1:172.21.15.67:6801/2451437776] conn(0x7f33200382e0 0x7f332003a7a0 unknown :-1 s=CLOSED pgs=0 cs=0 l=1 rev1=0 crypto rx=0 tx=0 comp rx=0 tx=0).stop
2024-04-22T23:13:58.113 INFO:teuthology.orchestra.run.smithi067.stdout:/usr/bin/ceph: stderr
2024-04-22T23:13:57.313+0000 7f3336bb1700 1 -- 172.21.15.67:0/2570164240 >> 172.21.15.67:0/2570164240 conn(0x7f33301009f0 msgr2=0x7f3330101740 unknown :-1 s=STATE_NONE l=0).mark_down
2024-04-22T23:13:58.113 INFO:teuthology.orchestra.run.smithi067.stdout:/usr/bin/ceph: stderr
2024-04-22T23:13:57.313+0000 7f3336bb1700 1 -- 172.21.15.67:0/2570164240 shutdown_connections
2024-04-22T23:13:58.113 INFO:teuthology.orchestra.run.smithi067.stdout:/usr/bin/ceph: stderr
2024-04-22T23:13:57.313+0000 7f3336bb1700 1 -- 172.21.15.67:0/2570164240 wait complete.
2024-04-22T23:13:58.113 INFO:teuthology.orchestra.run.smithi067.stdout:mgr epoch 5 is available
2024-04-22T23:13:58.113 INFO:teuthology.orchestra.run.smithi067.stdout:Setting orchestrator backend to cephadm...
2024-04-22T23:13:58.484 INFO:journalctl@ceph.mon.smithi067.smithi067.stdout:Apr 22 23:13:58 smithi067 ceph-mon[26453]: from='client.14124 -' entity='client.admin' cmd=[{"prefix": "get_command_descriptions"}]: dispatch
2024-04-22T23:13:58.484 INFO:journalctl@ceph.mon.smithi067.smithi067.stdout:Apr 22 23:13:58 smithi067 ceph-mon[26453]: from='client.14124 -' entity='client.admin' cmd=[{"prefix": "mgr_status"}]: dispatch
2024-04-22T23:13:58.484 INFO:journalctl@ceph.mon.smithi067.smithi067.stdout:Apr 22 23:13:58 smithi067 ceph-mon[26453]: from='mgr.14120 172.21.15.67:0/1431842859' entity='mgr.smithi067.whdcsr' cmd=[{"prefix": "config dump", "format": "json"}]: dispatch
2024-04-22T23:13:59.270 INFO:teuthology.orchestra.run.smithi067.stdout:/usr/bin/ceph: stderr
2024-04-22T23:13:58.542+0000 7fac50655700 1 Processor -- start
2024-04-22T23:13:59.270 INFO:teuthology.orchestra.run.smithi067.stdout:/usr/bin/ceph: stderr
2024-04-22T23:13:58.542+0000 7fac50655700 1 -- start start
2024-04-22T23:13:59.270 INFO:teuthology.orchestra.run.smithi067.stdout:/usr/bin/ceph: stderr
2024-04-22T23:13:58.543+0000 7fac50655700 1 --2- >> [v2:172.21.15.67:3300/0,v1:172.21.15.67:6789/0] conn(0x7fac48105460 0x7fac48105880 unknown :-1 s=NONE pgs=0 cs=0 l=0 rev1=0 crypto rx=0 tx=0 comp rx=0 tx=0).connect
2024-04-22T23:13:59.270 INFO:teuthology.orchestra.run.smithi067.stdout:/usr/bin/ceph: stderr
2024-04-22T23:13:58.543+0000 7fac50655700 1 -- --> [v2:172.21.15.67:3300/0,v1:172.21.15.67:6789/0] -- mon_getmap magic: 0 v1 -- 0x7fac48105e50 con 0x7fac48105460
2024-04-22T23:13:59.270 INFO:teuthology.orchestra.run.smithi067.stdout:/usr/bin/ceph: stderr
2024-04-22T23:13:58.543+0000 7fac4e3f1700 1 --2- >> [v2:172.21.15.67:3300/0,v1:172.21.15.67:6789/0] conn(0x7fac48105460 0x7fac48105880 unknown :-1 s=BANNER_CONNECTING pgs=0 cs=0 l=0 rev1=0 crypto rx=0 tx=0 comp rx=0 tx=0)._handle_peer_banner_payload supported=3 required=0
2024-04-22T23:13:59.270 INFO:teuthology.orchestra.run.smithi067.stdout:/usr/bin/ceph: stderr
2024-04-22T23:13:58.543+0000 7fac4e3f1700 1 --2- >> [v2:172.21.15.67:3300/0,v1:172.21.15.67:6789/0] conn(0x7fac48105460 0x7fac48105880 unknown :-1 s=HELLO_CONNECTING pgs=0 cs=0 l=0 rev1=1 crypto rx=0 tx=0 comp rx=0 tx=0).handle_hello peer v2:172.21.15.67:3300/0 says I am v2:172.21.15.67:45292/0 (socket says 172.21.15.67:45292)
2024-04-22T23:13:59.270 INFO:teuthology.orchestra.run.smithi067.stdout:/usr/bin/ceph: stderr
2024-04-22T23:13:58.543+0000 7fac4e3f1700 1 -- 172.21.15.67:0/3771092993 learned_addr learned my addr 172.21.15.67:0/3771092993 (peer_addr_for_me v2:172.21.15.67:0/0)
2024-04-22T23:13:59.270 INFO:teuthology.orchestra.run.smithi067.stdout:/usr/bin/ceph: stderr
2024-04-22T23:13:58.543+0000 7fac4e3f1700 1 -- 172.21.15.67:0/3771092993 --> [v2:172.21.15.67:3300/0,v1:172.21.15.67:6789/0] -- mon_subscribe({config=0+,monmap=0+}) v3 -- 0x7fac48106660 con 0x7fac48105460
2024-04-22T23:13:59.271 INFO:teuthology.orchestra.run.smithi067.stdout:/usr/bin/ceph: stderr
2024-04-22T23:13:58.543+0000 7fac4e3f1700 1 --2- 172.21.15.67:0/3771092993 >> [v2:172.21.15.67:3300/0,v1:172.21.15.67:6789/0] conn(0x7fac48105460 0x7fac48105880 secure :-1 s=READY pgs=37 cs=0 l=1 rev1=1 crypto rx=0x7fac3800d180 tx=0x7fac3800d490 comp rx=0 tx=0).ready entity=mon.0 client_cookie=5a9afc3dffe20775 server_cookie=0 in_seq=0 out_seq=0
2024-04-22T23:13:59.271 INFO:teuthology.orchestra.run.smithi067.stdout:/usr/bin/ceph: stderr
2024-04-22T23:13:58.543+0000 7fac4d3ef700 1 -- 172.21.15.67:0/3771092993 <== mon.0 v2:172.21.15.67:3300/0 1 ==== mon_map magic: 0 v1 ==== 229+0+0 (secure 0 0 0) 0x7fac38010070 con 0x7fac48105460
2024-04-22T23:13:59.271 INFO:teuthology.orchestra.run.smithi067.stdout:/usr/bin/ceph: stderr
2024-04-22T23:13:58.543+0000 7fac4d3ef700 1 -- 172.21.15.67:0/3771092993 <== mon.0 v2:172.21.15.67:3300/0 2 ==== config(27 keys) v1 ==== 1037+0+0 (secure 0 0 0) 0x7fac3800dcf0 con 0x7fac48105460
2024-04-22T23:13:59.271 INFO:teuthology.orchestra.run.smithi067.stdout:/usr/bin/ceph: stderr
2024-04-22T23:13:58.543+0000 7fac4d3ef700 1 -- 172.21.15.67:0/3771092993 <== mon.0 v2:172.21.15.67:3300/0 3 ==== mon_map magic: 0 v1 ==== 229+0+0 (secure 0 0 0) 0x7fac38009950 con 0x7fac48105460
2024-04-22T23:13:59.271 INFO:teuthology.orchestra.run.smithi067.stdout:/usr/bin/ceph: stderr
2024-04-22T23:13:58.544+0000 7fac50655700 1 -- 172.21.15.67:0/3771092993 >> [v2:172.21.15.67:3300/0,v1:172.21.15.67:6789/0] conn(0x7fac48105460 msgr2=0x7fac48105880 secure :-1 s=STATE_CONNECTION_ESTABLISHED l=1).mark_down
2024-04-22T23:13:59.271 INFO:teuthology.orchestra.run.smithi067.stdout:/usr/bin/ceph: stderr
2024-04-22T23:13:58.544+0000 7fac50655700 1 --2- 172.21.15.67:0/3771092993 >> [v2:172.21.15.67:3300/0,v1:172.21.15.67:6789/0] conn(0x7fac48105460 0x7fac48105880 secure :-1 s=READY pgs=37 cs=0 l=1 rev1=1 crypto rx=0x7fac3800d180 tx=0x7fac3800d490 comp rx=0 tx=0).stop
2024-04-22T23:13:59.271 INFO:teuthology.orchestra.run.smithi067.stdout:/usr/bin/ceph: stderr
2024-04-22T23:13:58.544+0000 7fac50655700 1 -- 172.21.15.67:0/3771092993 shutdown_connections
2024-04-22T23:13:59.271 INFO:teuthology.orchestra.run.smithi067.stdout:/usr/bin/ceph: stderr
2024-04-22T23:13:58.544+0000 7fac50655700 1 --2- 172.21.15.67:0/3771092993 >> [v2:172.21.15.67:3300/0,v1:172.21.15.67:6789/0] conn(0x7fac48105460 0x7fac48105880 unknown :-1 s=CLOSED pgs=37 cs=0 l=1 rev1=1 crypto rx=0 tx=0 comp rx=0 tx=0).stop
2024-04-22T23:13:59.271 INFO:teuthology.orchestra.run.smithi067.stdout:/usr/bin/ceph: stderr
2024-04-22T23:13:58.544+0000 7fac50655700 1 -- 172.21.15.67:0/3771092993 >> 172.21.15.67:0/3771092993 conn(0x7fac48100a20 msgr2=0x7fac48102e40 unknown :-1 s=STATE_NONE l=0).mark_down
2024-04-22T23:13:59.271 INFO:teuthology.orchestra.run.smithi067.stdout:/usr/bin/ceph: stderr
2024-04-22T23:13:58.544+0000 7fac50655700 1 -- 172.21.15.67:0/3771092993 shutdown_connections
2024-04-22T23:13:59.271 INFO:teuthology.orchestra.run.smithi067.stdout:/usr/bin/ceph: stderr
2024-04-22T23:13:58.544+0000 7fac50655700 1 -- 172.21.15.67:0/3771092993 wait complete.
2024-04-22T23:13:59.271 INFO:teuthology.orchestra.run.smithi067.stdout:/usr/bin/ceph: stderr
2024-04-22T23:13:58.545+0000 7fac50655700 1 Processor -- start
2024-04-22T23:13:59.271 INFO:teuthology.orchestra.run.smithi067.stdout:/usr/bin/ceph: stderr
2024-04-22T23:13:58.545+0000 7fac50655700 1 -- start start
2024-04-22T23:13:59.271 INFO:teuthology.orchestra.run.smithi067.stdout:/usr/bin/ceph: stderr
2024-04-22T23:13:58.545+0000 7fac50655700 1 --2- >> [v2:172.21.15.67:3300/0,v1:172.21.15.67:6789/0] conn(0x7fac48105460 0x7fac4819c3c0 unknown :-1 s=NONE pgs=0 cs=0 l=1 rev1=0 crypto rx=0 tx=0 comp rx=0 tx=0).connect
2024-04-22T23:13:59.272 INFO:teuthology.orchestra.run.smithi067.stdout:/usr/bin/ceph: stderr
2024-04-22T23:13:58.545+0000 7fac50655700 1 -- --> [v2:172.21.15.67:3300/0,v1:172.21.15.67:6789/0] -- mon_getmap magic: 0 v1 -- 0x7fac4819c900 con 0x7fac48105460
2024-04-22T23:13:59.272 INFO:teuthology.orchestra.run.smithi067.stdout:/usr/bin/ceph: stderr
2024-04-22T23:13:58.545+0000 7fac4e3f1700 1 --2- >> [v2:172.21.15.67:3300/0,v1:172.21.15.67:6789/0] conn(0x7fac48105460 0x7fac4819c3c0 unknown :-1 s=BANNER_CONNECTING pgs=0 cs=0 l=1 rev1=0 crypto rx=0 tx=0 comp rx=0 tx=0)._handle_peer_banner_payload supported=3 required=0
2024-04-22T23:13:59.272 INFO:teuthology.orchestra.run.smithi067.stdout:/usr/bin/ceph: stderr
2024-04-22T23:13:58.545+0000 7fac4e3f1700 1 --2- >> [v2:172.21.15.67:3300/0,v1:172.21.15.67:6789/0] conn(0x7fac48105460 0x7fac4819c3c0 unknown :-1 s=HELLO_CONNECTING pgs=0 cs=0 l=1 rev1=1 crypto rx=0 tx=0 comp rx=0 tx=0).handle_hello peer v2:172.21.15.67:3300/0 says I am v2:172.21.15.67:45294/0 (socket says 172.21.15.67:45294)
2024-04-22T23:13:59.272 INFO:teuthology.orchestra.run.smithi067.stdout:/usr/bin/ceph: stderr
2024-04-22T23:13:58.545+0000 7fac4e3f1700 1 -- 172.21.15.67:0/1533217283 learned_addr learned my addr 172.21.15.67:0/1533217283 (peer_addr_for_me v2:172.21.15.67:0/0)
2024-04-22T23:13:59.272 INFO:teuthology.orchestra.run.smithi067.stdout:/usr/bin/ceph: stderr
2024-04-22T23:13:58.545+0000 7fac4e3f1700 1 -- 172.21.15.67:0/1533217283 --> [v2:172.21.15.67:3300/0,v1:172.21.15.67:6789/0] -- mon_subscribe({config=0+,monmap=0+}) v3 -- 0x7fac3800bd40 con 0x7fac48105460
2024-04-22T23:13:59.272 INFO:teuthology.orchestra.run.smithi067.stdout:/usr/bin/ceph: stderr
2024-04-22T23:13:58.546+0000 7fac4e3f1700 1 --2- 172.21.15.67:0/1533217283 >> [v2:172.21.15.67:3300/0,v1:172.21.15.67:6789/0] conn(0x7fac48105460 0x7fac4819c3c0 secure :-1 s=READY pgs=38 cs=0 l=1 rev1=1 crypto rx=0x7fac3800d910 tx=0x7fac3800b3b0 comp rx=0 tx=0).ready entity=mon.0 client_cookie=0 server_cookie=0 in_seq=0 out_seq=0
2024-04-22T23:13:59.272 INFO:teuthology.orchestra.run.smithi067.stdout:/usr/bin/ceph: stderr
2024-04-22T23:13:58.546+0000 7fac477fe700 1 -- 172.21.15.67:0/1533217283 <== mon.0 v2:172.21.15.67:3300/0 1 ==== mon_map magic: 0 v1 ==== 229+0+0 (secure 0 0 0) 0x7fac38010050 con 0x7fac48105460
2024-04-22T23:13:59.272 INFO:teuthology.orchestra.run.smithi067.stdout:/usr/bin/ceph: stderr
2024-04-22T23:13:58.546+0000 7fac50655700 1 -- 172.21.15.67:0/1533217283 --> [v2:172.21.15.67:3300/0,v1:172.21.15.67:6789/0] -- mon_subscribe({mgrmap=0+}) v3 -- 0x7fac4819cb00 con 0x7fac48105460
2024-04-22T23:13:59.272 INFO:teuthology.orchestra.run.smithi067.stdout:/usr/bin/ceph: stderr
2024-04-22T23:13:58.546+0000 7fac477fe700 1 -- 172.21.15.67:0/1533217283 <== mon.0 v2:172.21.15.67:3300/0 2 ==== config(27 keys) v1 ==== 1037+0+0 (secure 0 0 0) 0x7fac380045c0 con 0x7fac48105460
2024-04-22T23:13:59.272 INFO:teuthology.orchestra.run.smithi067.stdout:/usr/bin/ceph: stderr
2024-04-22T23:13:58.546+0000 7fac477fe700 1 -- 172.21.15.67:0/1533217283 <== mon.0 v2:172.21.15.67:3300/0 3 ==== mon_map magic: 0 v1 ==== 229+0+0 (secure 0 0 0) 0x7fac3801fa10 con 0x7fac48105460
2024-04-22T23:13:59.272 INFO:teuthology.orchestra.run.smithi067.stdout:/usr/bin/ceph: stderr
2024-04-22T23:13:58.546+0000 7fac50655700 1 -- 172.21.15.67:0/1533217283 --> [v2:172.21.15.67:3300/0,v1:172.21.15.67:6789/0] -- mon_subscribe({osdmap=0}) v3 -- 0x7fac4819d000 con 0x7fac48105460
2024-04-22T23:13:59.272 INFO:teuthology.orchestra.run.smithi067.stdout:/usr/bin/ceph: stderr
2024-04-22T23:13:58.547+0000 7fac477fe700 1 -- 172.21.15.67:0/1533217283 <== mon.0 v2:172.21.15.67:3300/0 4 ==== mgrmap(e 8) v1 ==== 45283+0+0 (secure 0 0 0) 0x7fac38029440 con 0x7fac48105460
