2024-04-22T23:24:11.932+0000 7fc03efd1700 1 --2- >> [v2:172.21.15.121:3300/0,v1:172.21.15.121:6789/0] conn(0x7fc0381070b0 0x7fc0381094a0 unknown :-1 s=NONE pgs=0 cs=0 l=0 rev1=0 crypto rx=0 tx=0 comp rx=0 tx=0).connect
2024-04-22T23:24:12.850 INFO:teuthology.orchestra.run.smithi121.stdout:/usr/bin/ceph: stderr
2024-04-22T23:24:11.932+0000 7fc03efd1700 1 -- --> [v2:172.21.15.121:3300/0,v1:172.21.15.121:6789/0] -- mon_getmap magic: 0 v1 -- 0x7fc038079e70 con 0x7fc0381070b0
2024-04-22T23:24:12.850 INFO:teuthology.orchestra.run.smithi121.stdout:/usr/bin/ceph: stderr
2024-04-22T23:24:11.932+0000 7fc03cd6d700 1 --2- >> [v2:172.21.15.121:3300/0,v1:172.21.15.121:6789/0] conn(0x7fc0381070b0 0x7fc0381094a0 unknown :-1 s=BANNER_CONNECTING pgs=0 cs=0 l=0 rev1=0 crypto rx=0 tx=0 comp rx=0 tx=0)._handle_peer_banner_payload supported=3 required=0
2024-04-22T23:24:12.850 INFO:teuthology.orchestra.run.smithi121.stdout:/usr/bin/ceph: stderr
2024-04-22T23:24:11.932+0000 7fc03cd6d700 1 --2- >> [v2:172.21.15.121:3300/0,v1:172.21.15.121:6789/0] conn(0x7fc0381070b0 0x7fc0381094a0 unknown :-1 s=HELLO_CONNECTING pgs=0 cs=0 l=0 rev1=1 crypto rx=0 tx=0 comp rx=0 tx=0).handle_hello peer v2:172.21.15.121:3300/0 says I am v2:172.21.15.121:58002/0 (socket says 172.21.15.121:58002)
2024-04-22T23:24:12.850 INFO:teuthology.orchestra.run.smithi121.stdout:/usr/bin/ceph: stderr
2024-04-22T23:24:11.932+0000 7fc03cd6d700 1 -- 172.21.15.121:0/938059247 learned_addr learned my addr 172.21.15.121:0/938059247 (peer_addr_for_me v2:172.21.15.121:0/0)
2024-04-22T23:24:12.850 INFO:teuthology.orchestra.run.smithi121.stdout:/usr/bin/ceph: stderr
2024-04-22T23:24:11.933+0000 7fc03cd6d700 1 -- 172.21.15.121:0/938059247 --> [v2:172.21.15.121:3300/0,v1:172.21.15.121:6789/0] -- mon_subscribe({config=0+,monmap=0+}) v3 -- 0x7fc0381099e0 con 0x7fc0381070b0
2024-04-22T23:24:12.850 INFO:teuthology.orchestra.run.smithi121.stdout:/usr/bin/ceph: stderr
2024-04-22T23:24:11.933+0000 7fc03cd6d700 1 --2- 172.21.15.121:0/938059247 >> [v2:172.21.15.121:3300/0,v1:172.21.15.121:6789/0] conn(0x7fc0381070b0 0x7fc0381094a0 secure :-1 s=READY pgs=82 cs=0 l=1 rev1=1 crypto rx=0x7fc02c0098a0 tx=0x7fc02c009bb0 comp rx=0 tx=0).ready entity=mon.0 client_cookie=49b815e2026a4b8b server_cookie=0 in_seq=0 out_seq=0
2024-04-22T23:24:12.850 INFO:teuthology.orchestra.run.smithi121.stdout:/usr/bin/ceph: stderr
2024-04-22T23:24:11.933+0000 7fc0377fe700 1 -- 172.21.15.121:0/938059247 <== mon.0 v2:172.21.15.121:3300/0 1 ==== mon_map magic: 0 v1 ==== 229+0+0 (secure 0 0 0) 0x7fc02c004180 con 0x7fc0381070b0
2024-04-22T23:24:12.850 INFO:teuthology.orchestra.run.smithi121.stdout:/usr/bin/ceph: stderr
2024-04-22T23:24:11.933+0000 7fc0377fe700 1 -- 172.21.15.121:0/938059247 <== mon.0 v2:172.21.15.121:3300/0 2 ==== config(27 keys) v1 ==== 1109+0+0 (secure 0 0 0) 0x7fc02c0042e0 con 0x7fc0381070b0
2024-04-22T23:24:12.850 INFO:teuthology.orchestra.run.smithi121.stdout:/usr/bin/ceph: stderr
2024-04-22T23:24:11.933+0000 7fc0377fe700 1 -- 172.21.15.121:0/938059247 <== mon.0 v2:172.21.15.121:3300/0 3 ==== mon_map magic: 0 v1 ==== 229+0+0 (secure 0 0 0) 0x7fc02c011b10 con 0x7fc0381070b0
2024-04-22T23:24:12.850 INFO:teuthology.orchestra.run.smithi121.stdout:/usr/bin/ceph: stderr
2024-04-22T23:24:11.934+0000 7fc03efd1700 1 -- 172.21.15.121:0/938059247 >> [v2:172.21.15.121:3300/0,v1:172.21.15.121:6789/0] conn(0x7fc0381070b0 msgr2=0x7fc0381094a0 secure :-1 s=STATE_CONNECTION_ESTABLISHED l=1).mark_down
2024-04-22T23:24:12.850 INFO:teuthology.orchestra.run.smithi121.stdout:/usr/bin/ceph: stderr
2024-04-22T23:24:11.934+0000 7fc03efd1700 1 --2- 172.21.15.121:0/938059247 >> [v2:172.21.15.121:3300/0,v1:172.21.15.121:6789/0] conn(0x7fc0381070b0 0x7fc0381094a0 secure :-1 s=READY pgs=82 cs=0 l=1 rev1=1 crypto rx=0x7fc02c0098a0 tx=0x7fc02c009bb0 comp rx=0 tx=0).stop
2024-04-22T23:24:12.850 INFO:teuthology.orchestra.run.smithi121.stdout:/usr/bin/ceph: stderr
2024-04-22T23:24:11.934+0000 7fc03efd1700 1 -- 172.21.15.121:0/938059247 shutdown_connections
2024-04-22T23:24:12.850 INFO:teuthology.orchestra.run.smithi121.stdout:/usr/bin/ceph: stderr
2024-04-22T23:24:11.934+0000 7fc03efd1700 1 --2- 172.21.15.121:0/938059247 >> [v2:172.21.15.121:3300/0,v1:172.21.15.121:6789/0] conn(0x7fc0381070b0 0x7fc0381094a0 unknown :-1 s=CLOSED pgs=82 cs=0 l=1 rev1=1 crypto rx=0 tx=0 comp rx=0 tx=0).stop
2024-04-22T23:24:12.851 INFO:teuthology.orchestra.run.smithi121.stdout:/usr/bin/ceph: stderr
2024-04-22T23:24:11.934+0000 7fc03efd1700 1 -- 172.21.15.121:0/938059247 >> 172.21.15.121:0/938059247 conn(0x7fc038100ae0 msgr2=0x7fc038102f00 unknown :-1 s=STATE_NONE l=0).mark_down
2024-04-22T23:24:12.851 INFO:teuthology.orchestra.run.smithi121.stdout:/usr/bin/ceph: stderr
2024-04-22T23:24:11.934+0000 7fc03efd1700 1 -- 172.21.15.121:0/938059247 shutdown_connections
2024-04-22T23:24:12.851 INFO:teuthology.orchestra.run.smithi121.stdout:/usr/bin/ceph: stderr
2024-04-22T23:24:11.934+0000 7fc03efd1700 1 -- 172.21.15.121:0/938059247 wait complete.
2024-04-22T23:24:12.851 INFO:teuthology.orchestra.run.smithi121.stdout:/usr/bin/ceph: stderr
2024-04-22T23:24:11.935+0000 7fc03efd1700 1 Processor -- start
2024-04-22T23:24:12.851 INFO:teuthology.orchestra.run.smithi121.stdout:/usr/bin/ceph: stderr
2024-04-22T23:24:11.935+0000 7fc03efd1700 1 -- start start
2024-04-22T23:24:12.851 INFO:teuthology.orchestra.run.smithi121.stdout:/usr/bin/ceph: stderr
2024-04-22T23:24:11.935+0000 7fc03efd1700 1 --2- >> [v2:172.21.15.121:3300/0,v1:172.21.15.121:6789/0] conn(0x7fc0381070b0 0x7fc03819a2f0 unknown :-1 s=NONE pgs=0 cs=0 l=1 rev1=0 crypto rx=0 tx=0 comp rx=0 tx=0).connect
2024-04-22T23:24:12.851 INFO:teuthology.orchestra.run.smithi121.stdout:/usr/bin/ceph: stderr
2024-04-22T23:24:11.935+0000 7fc03efd1700 1 -- --> [v2:172.21.15.121:3300/0,v1:172.21.15.121:6789/0] -- mon_getmap magic: 0 v1 -- 0x7fc03819a830 con 0x7fc0381070b0
2024-04-22T23:24:12.851 INFO:teuthology.orchestra.run.smithi121.stdout:/usr/bin/ceph: stderr
2024-04-22T23:24:11.935+0000 7fc03cd6d700 1 --2- >> [v2:172.21.15.121:3300/0,v1:172.21.15.121:6789/0] conn(0x7fc0381070b0 0x7fc03819a2f0 unknown :-1 s=BANNER_CONNECTING pgs=0 cs=0 l=1 rev1=0 crypto rx=0 tx=0 comp rx=0 tx=0)._handle_peer_banner_payload supported=3 required=0
2024-04-22T23:24:12.851 INFO:teuthology.orchestra.run.smithi121.stdout:/usr/bin/ceph: stderr
2024-04-22T23:24:11.935+0000 7fc03cd6d700 1 --2- >> [v2:172.21.15.121:3300/0,v1:172.21.15.121:6789/0] conn(0x7fc0381070b0 0x7fc03819a2f0 unknown :-1 s=HELLO_CONNECTING pgs=0 cs=0 l=1 rev1=1 crypto rx=0 tx=0 comp rx=0 tx=0).handle_hello peer v2:172.21.15.121:3300/0 says I am v2:172.21.15.121:58004/0 (socket says 172.21.15.121:58004)
2024-04-22T23:24:12.851 INFO:teuthology.orchestra.run.smithi121.stdout:/usr/bin/ceph: stderr
2024-04-22T23:24:11.935+0000 7fc03cd6d700 1 -- 172.21.15.121:0/24507163 learned_addr learned my addr 172.21.15.121:0/24507163 (peer_addr_for_me v2:172.21.15.121:0/0)
2024-04-22T23:24:12.851 INFO:teuthology.orchestra.run.smithi121.stdout:/usr/bin/ceph: stderr
2024-04-22T23:24:11.935+0000 7fc03cd6d700 1 -- 172.21.15.121:0/24507163 --> [v2:172.21.15.121:3300/0,v1:172.21.15.121:6789/0] -- mon_subscribe({config=0+,monmap=0+}) v3 -- 0x7fc02c009550 con 0x7fc0381070b0
2024-04-22T23:24:12.851 INFO:teuthology.orchestra.run.smithi121.stdout:/usr/bin/ceph: stderr
2024-04-22T23:24:11.935+0000 7fc03cd6d700 1 --2- 172.21.15.121:0/24507163 >> [v2:172.21.15.121:3300/0,v1:172.21.15.121:6789/0] conn(0x7fc0381070b0 0x7fc03819a2f0 secure :-1 s=READY pgs=83 cs=0 l=1 rev1=1 crypto rx=0x7fc02c009fb0 tx=0x7fc02c011890 comp rx=0 tx=0).ready entity=mon.0 client_cookie=0 server_cookie=0 in_seq=0 out_seq=0
2024-04-22T23:24:12.851 INFO:teuthology.orchestra.run.smithi121.stdout:/usr/bin/ceph: stderr
2024-04-22T23:24:11.936+0000 7fc035ffb700 1 -- 172.21.15.121:0/24507163 <== mon.0 v2:172.21.15.121:3300/0 1 ==== mon_map magic: 0 v1 ==== 229+0+0 (secure 0 0 0) 0x7fc02c0038b0 con 0x7fc0381070b0
2024-04-22T23:24:12.851 INFO:teuthology.orchestra.run.smithi121.stdout:/usr/bin/ceph: stderr
2024-04-22T23:24:11.936+0000 7fc035ffb700 1 -- 172.21.15.121:0/24507163 <== mon.0 v2:172.21.15.121:3300/0 2 ==== config(27 keys) v1 ==== 1109+0+0 (secure 0 0 0) 0x7fc02c003a10 con 0x7fc0381070b0
2024-04-22T23:24:12.851 INFO:teuthology.orchestra.run.smithi121.stdout:/usr/bin/ceph: stderr
2024-04-22T23:24:11.936+0000 7fc03efd1700 1 -- 172.21.15.121:0/24507163 --> [v2:172.21.15.121:3300/0,v1:172.21.15.121:6789/0] -- mon_subscribe({mgrmap=0+}) v3 -- 0x7fc03819aa30 con 0x7fc0381070b0
2024-04-22T23:24:12.851 INFO:teuthology.orchestra.run.smithi121.stdout:/usr/bin/ceph: stderr
2024-04-22T23:24:11.936+0000 7fc035ffb700 1 -- 172.21.15.121:0/24507163 <== mon.0 v2:172.21.15.121:3300/0 3 ==== mon_map magic: 0 v1 ==== 229+0+0 (secure 0 0 0) 0x7fc02c019750 con 0x7fc0381070b0
2024-04-22T23:24:12.852 INFO:teuthology.orchestra.run.smithi121.stdout:/usr/bin/ceph: stderr
2024-04-22T23:24:11.936+0000 7fc03efd1700 1 -- 172.21.15.121:0/24507163 --> [v2:172.21.15.121:3300/0,v1:172.21.15.121:6789/0] -- mon_subscribe({osdmap=0}) v3 -- 0x7fc03819aed0 con 0x7fc0381070b0
2024-04-22T23:24:12.852 INFO:teuthology.orchestra.run.smithi121.stdout:/usr/bin/ceph: stderr
2024-04-22T23:24:11.937+0000 7fc035ffb700 1 -- 172.21.15.121:0/24507163 <== mon.0 v2:172.21.15.121:3300/0 4 ==== mgrmap(e 11) v1 ==== 45463+0+0 (secure 0 0 0) 0x7fc02c0198b0 con 0x7fc0381070b0
2024-04-22T23:24:12.852 INFO:teuthology.orchestra.run.smithi121.stdout:/usr/bin/ceph: stderr
2024-04-22T23:24:11.937+0000 7fc03efd1700 1 -- 172.21.15.121:0/24507163 --> [v2:172.21.15.121:3300/0,v1:172.21.15.121:6789/0] -- mon_command({"prefix": "get_command_descriptions"} v 0) v1 -- 0x7fc03810a770 con 0x7fc0381070b0
2024-04-22T23:24:12.852 INFO:teuthology.orchestra.run.smithi121.stdout:/usr/bin/ceph: stderr
2024-04-22T23:24:11.937+0000 7fc035ffb700 1 --2- 172.21.15.121:0/24507163 >> [v2:172.21.15.121:6800/1941243286,v1:172.21.15.121:6801/1941243286] conn(0x7fc028038660 0x7fc02803ab20 unknown :-1 s=NONE pgs=0 cs=0 l=1 rev1=0 crypto rx=0 tx=0 comp rx=0 tx=0).connect
2024-04-22T23:24:12.852 INFO:teuthology.orchestra.run.smithi121.stdout:/usr/bin/ceph: stderr
2024-04-22T23:24:11.937+0000 7fc035ffb700 1 -- 172.21.15.121:0/24507163 <== mon.0 v2:172.21.15.121:3300/0 5 ==== osd_map(3..3 src has 1..3) v4 ==== 1155+0+0 (secure 0 0 0) 0x7fc02c04c8d0 con 0x7fc0381070b0
2024-04-22T23:24:12.852 INFO:teuthology.orchestra.run.smithi121.stdout:/usr/bin/ceph: stderr
2024-04-22T23:24:11.937+0000 7fc037fff700 1 --2- 172.21.15.121:0/24507163 >> [v2:172.21.15.121:6800/1941243286,v1:172.21.15.121:6801/1941243286] conn(0x7fc028038660 0x7fc02803ab20 unknown :-1 s=BANNER_CONNECTING pgs=0 cs=0 l=1 rev1=0 crypto rx=0 tx=0 comp rx=0 tx=0)._handle_peer_banner_payload supported=3 required=0
2024-04-22T23:24:12.852 INFO:teuthology.orchestra.run.smithi121.stdout:/usr/bin/ceph: stderr
2024-04-22T23:24:11.938+0000 7fc037fff700 1 --2- 172.21.15.121:0/24507163 >> [v2:172.21.15.121:6800/1941243286,v1:172.21.15.121:6801/1941243286] conn(0x7fc028038660 0x7fc02803ab20 secure :-1 s=READY pgs=7 cs=0 l=1 rev1=1 crypto rx=0x7fc024006fd0 tx=0x7fc024006e40 comp rx=0 tx=0).ready entity=mgr.14164 client_cookie=0 server_cookie=0 in_seq=0 out_seq=0
2024-04-22T23:24:12.852 INFO:teuthology.orchestra.run.smithi121.stdout:/usr/bin/ceph: stderr
2024-04-22T23:24:11.942+0000 7fc035ffb700 1 -- 172.21.15.121:0/24507163 <== mon.0 v2:172.21.15.121:3300/0 6 ==== mon_command_ack([{"prefix": "get_command_descriptions"}]=0 v0) v1 ==== 72+0+183351 (secure 0 0 0) 0x7fc02c010380 con 0x7fc0381070b0
2024-04-22T23:24:12.852 INFO:teuthology.orchestra.run.smithi121.stdout:/usr/bin/ceph: stderr
2024-04-22T23:24:12.125+0000 7fc035ffb700 1 -- 172.21.15.121:0/24507163 <== mon.0 v2:172.21.15.121:3300/0 7 ==== mgrmap(e 12) v1 ==== 45569+0+0 (secure 0 0 0) 0x7fc02c01ac10 con 0x7fc0381070b0
2024-04-22T23:24:12.852 INFO:teuthology.orchestra.run.smithi121.stdout:/usr/bin/ceph: stderr
2024-04-22T23:24:12.153+0000 7fc03efd1700 1 -- 172.21.15.121:0/24507163 --> [v2:172.21.15.121:6800/1941243286,v1:172.21.15.121:6801/1941243286] -- mgr_command(tid 0: {"prefix": "dashboard create-self-signed-cert", "target": ["mon-mgr", ""]}) v1 -- 0x7fc038101d90 con 0x7fc028038660
2024-04-22T23:24:12.852 INFO:teuthology.orchestra.run.smithi121.stdout:/usr/bin/ceph: stderr
2024-04-22T23:24:12.280+0000 7fc035ffb700 1 -- 172.21.15.121:0/24507163 <== mgr.14164 v2:172.21.15.121:6800/1941243286 1 ==== mgr_command_reply(tid 0: 0 ) v1 ==== 8+0+32 (secure 0 0 0) 0x7fc038101d90 con 0x7fc028038660
2024-04-22T23:24:12.852 INFO:teuthology.orchestra.run.smithi121.stdout:/usr/bin/ceph: stderr
2024-04-22T23:24:12.282+0000 7fc03efd1700 1 -- 172.21.15.121:0/24507163 >> [v2:172.21.15.121:6800/1941243286,v1:172.21.15.121:6801/1941243286] conn(0x7fc028038660 msgr2=0x7fc02803ab20 secure :-1 s=STATE_CONNECTION_ESTABLISHED l=1).mark_down
2024-04-22T23:24:12.852 INFO:teuthology.orchestra.run.smithi121.stdout:/usr/bin/ceph: stderr
2024-04-22T23:24:12.282+0000 7fc03efd1700 1 --2- 172.21.15.121:0/24507163 >> [v2:172.21.15.121:6800/1941243286,v1:172.21.15.121:6801/1941243286] conn(0x7fc028038660 0x7fc02803ab20 secure :-1 s=READY pgs=7 cs=0 l=1 rev1=1 crypto rx=0x7fc024006fd0 tx=0x7fc024006e40 comp rx=0 tx=0).stop
2024-04-22T23:24:12.852 INFO:teuthology.orchestra.run.smithi121.stdout:/usr/bin/ceph: stderr
2024-04-22T23:24:12.282+0000 7fc03efd1700 1 -- 172.21.15.121:0/24507163 >> [v2:172.21.15.121:3300/0,v1:172.21.15.121:6789/0] conn(0x7fc0381070b0 msgr2=0x7fc03819a2f0 secure :-1 s=STATE_CONNECTION_ESTABLISHED l=1).mark_down
2024-04-22T23:24:12.852 INFO:teuthology.orchestra.run.smithi121.stdout:/usr/bin/ceph: stderr
2024-04-22T23:24:12.282+0000 7fc03efd1700 1 --2- 172.21.15.121:0/24507163 >> [v2:172.21.15.121:3300/0,v1:172.21.15.121:6789/0] conn(0x7fc0381070b0 0x7fc03819a2f0 secure :-1 s=READY pgs=83 cs=0 l=1 rev1=1 crypto rx=0x7fc02c009fb0 tx=0x7fc02c011890 comp rx=0 tx=0).stop
2024-04-22T23:24:12.852 INFO:teuthology.orchestra.run.smithi121.stdout:/usr/bin/ceph: stderr
2024-04-22T23:24:12.282+0000 7fc03efd1700 1 -- 172.21.15.121:0/24507163 shutdown_connections
2024-04-22T23:24:12.853 INFO:teuthology.orchestra.run.smithi121.stdout:/usr/bin/ceph: stderr
2024-04-22T23:24:12.282+0000 7fc03efd1700 1 --2- 172.21.15.121:0/24507163 >> [v2:172.21.15.121:6800/1941243286,v1:172.21.15.121:6801/1941243286] conn(0x7fc028038660 0x7fc02803ab20 unknown :-1 s=CLOSED pgs=7 cs=0 l=1 rev1=1 crypto rx=0 tx=0 comp rx=0 tx=0).stop
2024-04-22T23:24:12.853 INFO:teuthology.orchestra.run.smithi121.stdout:/usr/bin/ceph: stderr
2024-04-22T23:24:12.282+0000 7fc03efd1700 1 --2- 172.21.15.121:0/24507163 >> [v2:172.21.15.121:3300/0,v1:172.21.15.121:6789/0] conn(0x7fc0381070b0 0x7fc03819a2f0 unknown :-1 s=CLOSED pgs=83 cs=0 l=1 rev1=1 crypto rx=0 tx=0 comp rx=0 tx=0).stop
2024-04-22T23:24:12.853 INFO:teuthology.orchestra.run.smithi121.stdout:/usr/bin/ceph: stderr
2024-04-22T23:24:12.282+0000 7fc03efd1700 1 -- 172.21.15.121:0/24507163 >> 172.21.15.121:0/24507163 conn(0x7fc038100ae0 msgr2=0x7fc038101680 unknown :-1 s=STATE_NONE l=0).mark_down
2024-04-22T23:24:12.853 INFO:teuthology.orchestra.run.smithi121.stdout:/usr/bin/ceph: stderr
2024-04-22T23:24:12.282+0000 7fc03efd1700 1 -- 172.21.15.121:0/24507163 shutdown_connections
2024-04-22T23:24:12.853 INFO:teuthology.orchestra.run.smithi121.stdout:/usr/bin/ceph: stderr
2024-04-22T23:24:12.282+0000 7fc03efd1700 1 -- 172.21.15.121:0/24507163 wait complete.
2024-04-22T23:24:12.853 INFO:teuthology.orchestra.run.smithi121.stdout:Creating initial admin user...
2024-04-22T23:24:13.253 INFO:journalctl@ceph.mon.smithi121.smithi121.stdout:Apr 22 23:24:13 smithi121 ceph-mon[26658]: from='mgr.14164 172.21.15.121:0/3685155033' entity='mgr.smithi121.zdcrga'
2024-04-22T23:24:13.253 INFO:journalctl@ceph.mon.smithi121.smithi121.stdout:Apr 22 23:24:13 smithi121 ceph-mon[26658]: mgrmap e12: smithi121.zdcrga(active, since 2s)
2024-04-22T23:24:13.253 INFO:journalctl@ceph.mon.smithi121.smithi121.stdout:Apr 22 23:24:13 smithi121 ceph-mon[26658]: from='client.14176 -' entity='client.admin' cmd=[{"prefix": "dashboard create-self-signed-cert", "target": ["mon-mgr", ""]}]: dispatch
2024-04-22T23:24:13.253 INFO:journalctl@ceph.mon.smithi121.smithi121.stdout:Apr 22 23:24:13 smithi121 ceph-mon[26658]: from='mgr.14164 172.21.15.121:0/3685155033' entity='mgr.smithi121.zdcrga'
2024-04-22T23:24:13.253 INFO:journalctl@ceph.mon.smithi121.smithi121.stdout:Apr 22 23:24:13 smithi121 ceph-mon[26658]: from='mgr.14164 172.21.15.121:0/3685155033' entity='mgr.smithi121.zdcrga'
2024-04-22T23:24:14.627 INFO:teuthology.orchestra.run.smithi121.stdout:/usr/bin/ceph: stdout {"username": "admin", "password": "$2b$12$f2MZCnPnmEeMtVu8AMn/WuZV2wTptBRT8cV8zpd4wUwPXifxlx8YC", "roles": ["administrator"], "name": null, "email": null, "lastUpdate": 1713828253, "enabled": true, "pwdExpirationDate": null, "pwdUpdateRequired": true}
2024-04-22T23:24:14.627 INFO:teuthology.orchestra.run.smithi121.stdout:/usr/bin/ceph: stderr
2024-04-22T23:24:13.271+0000 7fdfe13e1700 1 Processor -- start
2024-04-22T23:24:14.628 INFO:teuthology.orchestra.run.smithi121.stdout:/usr/bin/ceph: stderr
2024-04-22T23:24:13.271+0000 7fdfe13e1700 1 -- start start
2024-04-22T23:24:14.628 INFO:teuthology.orchestra.run.smithi121.stdout:/usr/bin/ceph: stderr
2024-04-22T23:24:13.272+0000 7fdfe13e1700 1 --2- >> [v2:172.21.15.121:3300/0,v1:172.21.15.121:6789/0] conn(0x7fdfdc07bec0 0x7fdfdc07a320 unknown :-1 s=NONE pgs=0 cs=0 l=0 rev1=0 crypto rx=0 tx=0 comp rx=0 tx=0).connect
2024-04-22T23:24:14.628 INFO:teuthology.orchestra.run.smithi121.stdout:/usr/bin/ceph: stderr
2024-04-22T23:24:13.272+0000 7fdfe13e1700 1 -- --> [v2:172.21.15.121:3300/0,v1:172.21.15.121:6789/0] -- mon_getmap magic: 0 v1 -- 0x7fdfdc07a8f0 con 0x7fdfdc07bec0
2024-04-22T23:24:14.628 INFO:teuthology.orchestra.run.smithi121.stdout:/usr/bin/ceph: stderr
2024-04-22T23:24:13.272+0000 7fdfdaffd700 1 --2- >> [v2:172.21.15.121:3300/0,v1:172.21.15.121:6789/0] conn(0x7fdfdc07bec0 0x7fdfdc07a320 unknown :-1 s=BANNER_CONNECTING pgs=0 cs=0 l=0 rev1=0 crypto rx=0 tx=0 comp rx=0 tx=0)._handle_peer_banner_payload supported=3 required=0
2024-04-22T23:24:14.628 INFO:teuthology.orchestra.run.smithi121.stdout:/usr/bin/ceph: stderr
2024-04-22T23:24:13.272+0000 7fdfdaffd700 1 --2- >> [v2:172.21.15.121:3300/0,v1:172.21.15.121:6789/0] conn(0x7fdfdc07bec0 0x7fdfdc07a320 unknown :-1 s=HELLO_CONNECTING pgs=0 cs=0 l=0 rev1=1 crypto rx=0 tx=0 comp rx=0 tx=0).handle_hello peer v2:172.21.15.121:3300/0 says I am v2:172.21.15.121:58016/0 (socket says 172.21.15.121:58016)
2024-04-22T23:24:14.628 INFO:teuthology.orchestra.run.smithi121.stdout:/usr/bin/ceph: stderr
2024-04-22T23:24:13.272+0000 7fdfdaffd700 1 -- 172.21.15.121:0/1577457377 learned_addr learned my addr 172.21.15.121:0/1577457377 (peer_addr_for_me v2:172.21.15.121:0/0)
2024-04-22T23:24:14.628 INFO:teuthology.orchestra.run.smithi121.stdout:/usr/bin/ceph: stderr
2024-04-22T23:24:13.272+0000 7fdfdaffd700 1 -- 172.21.15.121:0/1577457377 --> [v2:172.21.15.121:3300/0,v1:172.21.15.121:6789/0] -- mon_subscribe({config=0+,monmap=0+}) v3 -- 0x7fdfdc07aa30 con 0x7fdfdc07bec0
2024-04-22T23:24:14.628 INFO:teuthology.orchestra.run.smithi121.stdout:/usr/bin/ceph: stderr
2024-04-22T23:24:13.272+0000 7fdfdaffd700 1 --2- 172.21.15.121:0/1577457377 >> [v2:172.21.15.121:3300/0,v1:172.21.15.121:6789/0] conn(0x7fdfdc07bec0 0x7fdfdc07a320 secure :-1 s=READY pgs=84 cs=0 l=1 rev1=1 crypto rx=0x7fdfcc0098a0 tx=0x7fdfcc009bb0 comp rx=0 tx=0).ready entity=mon.0 client_cookie=1f76f36776f0b458 server_cookie=0 in_seq=0 out_seq=0
2024-04-22T23:24:14.628 INFO:teuthology.orchestra.run.smithi121.stdout:/usr/bin/ceph: stderr
2024-04-22T23:24:13.272+0000 7fdfd9ffb700 1 -- 172.21.15.121:0/1577457377 <== mon.0 v2:172.21.15.121:3300/0 1 ==== mon_map magic: 0 v1 ==== 229+0+0 (secure 0 0 0) 0x7fdfcc004180 con 0x7fdfdc07bec0
2024-04-22T23:24:14.628 INFO:teuthology.orchestra.run.smithi121.stdout:/usr/bin/ceph: stderr
2024-04-22T23:24:13.272+0000 7fdfd9ffb700 1 -- 172.21.15.121:0/1577457377 <== mon.0 v2:172.21.15.121:3300/0 2 ==== config(27 keys) v1 ==== 1109+0+0 (secure 0 0 0) 0x7fdfcc0042e0 con 0x7fdfdc07bec0
2024-04-22T23:24:14.628 INFO:teuthology.orchestra.run.smithi121.stdout:/usr/bin/ceph: stderr
2024-04-22T23:24:13.272+0000 7fdfd9ffb700 1 -- 172.21.15.121:0/1577457377 <== mon.0 v2:172.21.15.121:3300/0 3 ==== mon_map magic: 0 v1 ==== 229+0+0 (secure 0 0 0) 0x7fdfcc011b10 con 0x7fdfdc07bec0
2024-04-22T23:24:14.628 INFO:teuthology.orchestra.run.smithi121.stdout:/usr/bin/ceph: stderr
2024-04-22T23:24:13.273+0000 7fdfe13e1700 1 -- 172.21.15.121:0/1577457377 >> [v2:172.21.15.121:3300/0,v1:172.21.15.121:6789/0] conn(0x7fdfdc07bec0 msgr2=0x7fdfdc07a320 secure :-1 s=STATE_CONNECTION_ESTABLISHED l=1).mark_down
2024-04-22T23:24:14.628 INFO:teuthology.orchestra.run.smithi121.stdout:/usr/bin/ceph: stderr
2024-04-22T23:24:13.273+0000 7fdfe13e1700 1 --2- 172.21.15.121:0/1577457377 >> [v2:172.21.15.121:3300/0,v1:172.21.15.121:6789/0] conn(0x7fdfdc07bec0 0x7fdfdc07a320 secure :-1 s=READY pgs=84 cs=0 l=1 rev1=1 crypto rx=0x7fdfcc0098a0 tx=0x7fdfcc009bb0 comp rx=0 tx=0).stop
2024-04-22T23:24:14.628 INFO:teuthology.orchestra.run.smithi121.stdout:/usr/bin/ceph: stderr
2024-04-22T23:24:13.273+0000 7fdfe13e1700 1 -- 172.21.15.121:0/1577457377 shutdown_connections
2024-04-22T23:24:14.629 INFO:teuthology.orchestra.run.smithi121.stdout:/usr/bin/ceph: stderr
2024-04-22T23:24:13.273+0000 7fdfe13e1700 1 --2- 172.21.15.121:0/1577457377 >> [v2:172.21.15.121:3300/0,v1:172.21.15.121:6789/0] conn(0x7fdfdc07bec0 0x7fdfdc07a320 unknown :-1 s=CLOSED pgs=84 cs=0 l=1 rev1=1 crypto rx=0 tx=0 comp rx=0 tx=0).stop
2024-04-22T23:24:14.629 INFO:teuthology.orchestra.run.smithi121.stdout:/usr/bin/ceph: stderr
2024-04-22T23:24:13.273+0000 7fdfe13e1700 1 -- 172.21.15.121:0/1577457377 >> 172.21.15.121:0/1577457377 conn(0x7fdfdc101be0 msgr2=0x7fdfdc104000 unknown :-1 s=STATE_NONE l=0).mark_down
2024-04-22T23:24:14.629 INFO:teuthology.orchestra.run.smithi121.stdout:/usr/bin/ceph: stderr
2024-04-22T23:24:13.273+0000 7fdfe13e1700 1 -- 172.21.15.121:0/1577457377 shutdown_connections
2024-04-22T23:24:14.629 INFO:teuthology.orchestra.run.smithi121.stdout:/usr/bin/ceph: stderr
2024-04-22T23:24:13.273+0000 7fdfe13e1700 1 -- 172.21.15.121:0/1577457377 wait complete.
2024-04-22T23:24:14.629 INFO:teuthology.orchestra.run.smithi121.stdout:/usr/bin/ceph: stderr
2024-04-22T23:24:13.273+0000 7fdfe13e1700 1 Processor -- start
2024-04-22T23:24:14.629 INFO:teuthology.orchestra.run.smithi121.stdout:/usr/bin/ceph: stderr
2024-04-22T23:24:13.274+0000 7fdfe13e1700 1 -- start start
2024-04-22T23:24:14.629 INFO:teuthology.orchestra.run.smithi121.stdout:/usr/bin/ceph: stderr
2024-04-22T23:24:13.274+0000 7fdfe13e1700 1 --2- >> [v2:172.21.15.121:3300/0,v1:172.21.15.121:6789/0] conn(0x7fdfdc07bec0 0x7fdfdc19c570 unknown :-1 s=NONE pgs=0 cs=0 l=1 rev1=0 crypto rx=0 tx=0 comp rx=0 tx=0).connect
2024-04-22T23:24:14.629 INFO:teuthology.orchestra.run.smithi121.stdout:/usr/bin/ceph: stderr
2024-04-22T23:24:13.274+0000 7fdfe13e1700 1 -- --> [v2:172.21.15.121:3300/0,v1:172.21.15.121:6789/0] -- mon_getmap magic: 0 v1 -- 0x7fdfdc19cab0 con 0x7fdfdc07bec0
2024-04-22T23:24:14.629 INFO:teuthology.orchestra.run.smithi121.stdout:/usr/bin/ceph: stderr
2024-04-22T23:24:13.274+0000 7fdfdaffd700 1 --2- >> [v2:172.21.15.121:3300/0,v1:172.21.15.121:6789/0] conn(0x7fdfdc07bec0 0x7fdfdc19c570 unknown :-1 s=BANNER_CONNECTING pgs=0 cs=0 l=1 rev1=0 crypto rx=0 tx=0 comp rx=0 tx=0)._handle_peer_banner_payload supported=3 required=0
2024-04-22T23:24:14.629 INFO:teuthology.orchestra.run.smithi121.stdout:/usr/bin/ceph: stderr
2024-04-22T23:24:13.274+0000 7fdfdaffd700 1 --2- >> [v2:172.21.15.121:3300/0,v1:172.21.15.121:6789/0] conn(0x7fdfdc07bec0 0x7fdfdc19c570 unknown :-1 s=HELLO_CONNECTING pgs=0 cs=0 l=1 rev1=1 crypto rx=0 tx=0 comp rx=0 tx=0).handle_hello peer v2:172.21.15.121:3300/0 says I am v2:172.21.15.121:58022/0 (socket says 172.21.15.121:58022)
2024-04-22T23:24:14.629 INFO:teuthology.orchestra.run.smithi121.stdout:/usr/bin/ceph: stderr
2024-04-22T23:24:13.274+0000 7fdfdaffd700 1 -- 172.21.15.121:0/2187303343 learned_addr learned my addr 172.21.15.121:0/2187303343 (peer_addr_for_me v2:172.21.15.121:0/0)
2024-04-22T23:24:14.629 INFO:teuthology.orchestra.run.smithi121.stdout:/usr/bin/ceph: stderr
2024-04-22T23:24:13.274+0000 7fdfdaffd700 1 -- 172.21.15.121:0/2187303343 --> [v2:172.21.15.121:3300/0,v1:172.21.15.121:6789/0] -- mon_subscribe({config=0+,monmap=0+}) v3 -- 0x7fdfcc009550 con 0x7fdfdc07bec0
2024-04-22T23:24:14.629 INFO:teuthology.orchestra.run.smithi121.stdout:/usr/bin/ceph: stderr
2024-04-22T23:24:13.274+0000 7fdfdaffd700 1 --2- 172.21.15.121:0/2187303343 >> [v2:172.21.15.121:3300/0,v1:172.21.15.121:6789/0] conn(0x7fdfdc07bec0 0x7fdfdc19c570 secure :-1 s=READY pgs=85 cs=0 l=1 rev1=1 crypto rx=0x7fdfcc009fb0 tx=0x7fdfcc011890 comp rx=0 tx=0).ready entity=mon.0 client_cookie=0 server_cookie=0 in_seq=0 out_seq=0
2024-04-22T23:24:14.629 INFO:teuthology.orchestra.run.smithi121.stdout:/usr/bin/ceph: stderr
2024-04-22T23:24:13.274+0000 7fdfc3fff700 1 -- 172.21.15.121:0/2187303343 <== mon.0 v2:172.21.15.121:3300/0 1 ==== mon_map magic: 0 v1 ==== 229+0+0 (secure 0 0 0) 0x7fdfcc0038b0 con 0x7fdfdc07bec0
2024-04-22T23:24:14.630 INFO:teuthology.orchestra.run.smithi121.stdout:/usr/bin/ceph: stderr
2024-04-22T23:24:13.274+0000 7fdfc3fff700 1 -- 172.21.15.121:0/2187303343 <== mon.0 v2:172.21.15.121:3300/0 2 ==== config(27 keys) v1 ==== 1109+0+0 (secure 0 0 0) 0x7fdfcc003a10 con 0x7fdfdc07bec0
2024-04-22T23:24:14.630 INFO:teuthology.orchestra.run.smithi121.stdout:/usr/bin/ceph: stderr
2024-04-22T23:24:13.274+0000 7fdfc3fff700 1 -- 172.21.15.121:0/2187303343 <== mon.0 v2:172.21.15.121:3300/0 3 ==== mon_map magic: 0 v1 ==== 229+0+0 (secure 0 0 0) 0x7fdfcc019770 con 0x7fdfdc07bec0
2024-04-22T23:24:14.630 INFO:teuthology.orchestra.run.smithi121.stdout:/usr/bin/ceph: stderr
2024-04-22T23:24:13.274+0000 7fdfe13e1700 1 -- 172.21.15.121:0/2187303343 --> [v2:172.21.15.121:3300/0,v1:172.21.15.121:6789/0] -- mon_subscribe({mgrmap=0+}) v3 -- 0x7fdfdc19ccb0 con 0x7fdfdc07bec0
2024-04-22T23:24:14.630 INFO:teuthology.orchestra.run.smithi121.stdout:/usr/bin/ceph: stderr
2024-04-22T23:24:13.275+0000 7fdfe13e1700 1 -- 172.21.15.121:0/2187303343 --> [v2:172.21.15.121:3300/0,v1:172.21.15.121:6789/0] -- mon_subscribe({osdmap=0}) v3 -- 0x7fdfdc19d150 con 0x7fdfdc07bec0
2024-04-22T23:24:14.630 INFO:teuthology.orchestra.run.smithi121.stdout:/usr/bin/ceph: stderr
2024-04-22T23:24:13.275+0000 7fdfc3fff700 1 -- 172.21.15.121:0/2187303343 <== mon.0 v2:172.21.15.121:3300/0 4 ==== mgrmap(e 12) v1 ==== 45569+0+0 (secure 0 0 0) 0x7fdfcc0198d0 con 0x7fdfdc07bec0
2024-04-22T23:24:14.630 INFO:teuthology.orchestra.run.smithi121.stdout:/usr/bin/ceph: stderr
2024-04-22T23:24:13.275+0000 7fdfe13e1700 1 -- 172.21.15.121:0/2187303343 --> [v2:172.21.15.121:3300/0,v1:172.21.15.121:6789/0] -- mon_command({"prefix": "get_command_descriptions"} v 0) v1 -- 0x7fdfdc10c980 con 0x7fdfdc07bec0
2024-04-22T23:24:14.630 INFO:teuthology.orchestra.run.smithi121.stdout:/usr/bin/ceph: stderr
2024-04-22T23:24:13.275+0000 7fdfc3fff700 1 --2- 172.21.15.121:0/2187303343 >> [v2:172.21.15.121:6800/1941243286,v1:172.21.15.121:6801/1941243286] conn(0x7fdfc4038730 0x7fdfc403abf0 unknown :-1 s=NONE pgs=0 cs=0 l=1 rev1=0 crypto rx=0 tx=0 comp rx=0 tx=0).connect
2024-04-22T23:24:14.630 INFO:teuthology.orchestra.run.smithi121.stdout:/usr/bin/ceph: stderr
2024-04-22T23:24:13.276+0000 7fdfc3fff700 1 -- 172.21.15.121:0/2187303343 <== mon.0 v2:172.21.15.121:3300/0 5 ==== osd_map(3..3 src has 1..3) v4 ==== 1155+0+0 (secure 0 0 0) 0x7fdfcc04caa0 con 0x7fdfdc07bec0
2024-04-22T23:24:14.630 INFO:teuthology.orchestra.run.smithi121.stdout:/usr/bin/ceph: stderr
2024-04-22T23:24:13.276+0000 7fdfda7fc700 1 --2- 172.21.15.121:0/2187303343 >> [v2:172.21.15.121:6800/1941243286,v1:172.21.15.121:6801/1941243286] conn(0x7fdfc4038730 0x7fdfc403abf0 unknown :-1 s=BANNER_CONNECTING pgs=0 cs=0 l=1 rev1=0 crypto rx=0 tx=0 comp rx=0 tx=0)._handle_peer_banner_payload supported=3 required=0
2024-04-22T23:24:14.630 INFO:teuthology.orchestra.run.smithi121.stdout:/usr/bin/ceph: stderr
2024-04-22T23:24:13.276+0000 7fdfda7fc700 1 --2- 172.21.15.121:0/2187303343 >> [v2:172.21.15.121:6800/1941243286,v1:172.21.15.121:6801/1941243286] conn(0x7fdfc4038730 0x7fdfc403abf0 secure :-1 s=READY pgs=8 cs=0 l=1 rev1=1 crypto rx=0x7fdfd0006fd0 tx=0x7fdfd0006e40 comp rx=0 tx=0).ready entity=mgr.14164 client_cookie=0 server_cookie=0 in_seq=0 out_seq=0
2024-04-22T23:24:14.630 INFO:teuthology.orchestra.run.smithi121.stdout:/usr/bin/ceph: stderr
2024-04-22T23:24:13.280+0000 7fdfc3fff700 1 -- 172.21.15.121:0/2187303343 <== mon.0 v2:172.21.15.121:3300/0 6 ==== mon_command_ack([{"prefix": "get_command_descriptions"}]=0 v0) v1 ==== 72+0+183351 (secure 0 0 0) 0x7fdfcc019e00 con 0x7fdfdc07bec0
2024-04-22T23:24:14.630 INFO:teuthology.orchestra.run.smithi121.stdout:/usr/bin/ceph: stderr
2024-04-22T23:24:13.508+0000 7fdfe13e1700 1 -- 172.21.15.121:0/2187303343 --> [v2:172.21.15.121:6800/1941243286,v1:172.21.15.121:6801/1941243286] -- mgr_command(tid 0: {"prefix": "dashboard ac-user-create", "username": "admin", "rolename": "administrator", "force_password": true, "pwd_update_required": true, "target": ["mon-mgr", ""]}) v1 -- 0x7fdfdc10cbc0 con 0x7fdfc4038730
2024-04-22T23:24:14.630 INFO:teuthology.orchestra.run.smithi121.stdout:/usr/bin/ceph: stderr
2024-04-22T23:24:13.732+0000 7fdfc3fff700 1 -- 172.21.15.121:0/2187303343 <== mgr.14164 v2:172.21.15.121:6800/1941243286 1 ==== mgr_command_reply(tid 0: 0 ) v1 ==== 8+0+252 (secure 0 0 0) 0x7fdfdc10cbc0 con 0x7fdfc4038730
2024-04-22T23:24:14.631 INFO:teuthology.orchestra.run.smithi121.stdout:/usr/bin/ceph: stderr
2024-04-22T23:24:13.734+0000 7fdfe13e1700 1 -- 172.21.15.121:0/2187303343 >> [v2:172.21.15.121:6800/1941243286,v1:172.21.15.121:6801/1941243286] conn(0x7fdfc4038730 msgr2=0x7fdfc403abf0 secure :-1 s=STATE_CONNECTION_ESTABLISHED l=1).mark_down
2024-04-22T23:24:14.631 INFO:teuthology.orchestra.run.smithi121.stdout:/usr/bin/ceph: stderr
2024-04-22T23:24:13.734+0000 7fdfe13e1700 1 --2- 172.21.15.121:0/2187303343 >> [v2:172.21.15.121:6800/1941243286,v1:172.21.15.121:6801/1941243286] conn(0x7fdfc4038730 0x7fdfc403abf0 secure :-1 s=READY pgs=8 cs=0 l=1 rev1=1 crypto rx=0x7fdfd0006fd0 tx=0x7fdfd0006e40 comp rx=0 tx=0).stop
2024-04-22T23:24:14.631 INFO:teuthology.orchestra.run.smithi121.stdout:/usr/bin/ceph: stderr
2024-04-22T23:24:13.734+0000 7fdfe13e1700 1 -- 172.21.15.121:0/2187303343 >> [v2:172.21.15.121:3300/0,v1:172.21.15.121:6789/0] conn(0x7fdfdc07bec0 msgr2=0x7fdfdc19c570 secure :-1 s=STATE_CONNECTION_ESTABLISHED l=1).mark_down
2024-04-22T23:24:14.631 INFO:teuthology.orchestra.run.smithi121.stdout:/usr/bin/ceph: stderr
2024-04-22T23:24:13.734+0000 7fdfe13e1700 1 --2- 172.21.15.121:0/2187303343 >> [v2:172.21.15.121:3300/0,v1:172.21.15.121:6789/0] conn(0x7fdfdc07bec0 0x7fdfdc19c570 secure :-1 s=READY pgs=85 cs=0 l=1 rev1=1 crypto rx=0x7fdfcc009fb0 tx=0x7fdfcc011890 comp rx=0 tx=0).stop
2024-04-22T23:24:14.631 INFO:teuthology.orchestra.run.smithi121.stdout:/usr/bin/ceph: stderr
2024-04-22T23:24:13.734+0000 7fdfe13e1700 1 -- 172.21.15.121:0/2187303343 shutdown_connections
2024-04-22T23:24:14.631 INFO:teuthology.orchestra.run.smithi121.stdout:/usr/bin/ceph: stderr
2024-04-22T23:24:13.734+0000 7fdfe13e1700 1 --2- 172.21.15.121:0/2187303343 >> [v2:172.21.15.121:6800/1941243286,v1:172.21.15.121:6801/1941243286] conn(0x7fdfc4038730 0x7fdfc403abf0 unknown :-1 s=CLOSED pgs=8 cs=0 l=1 rev1=1 crypto rx=0 tx=0 comp rx=0 tx=0).stop
2024-04-22T23:24:14.631 INFO:teuthology.orchestra.run.smithi121.stdout:/usr/bin/ceph: stderr
2024-04-22T23:24:13.734+0000 7fdfe13e1700 1 --2- 172.21.15.121:0/2187303343 >> [v2:172.21.15.121:3300/0,v1:172.21.15.121:6789/0] conn(0x7fdfdc07bec0 0x7fdfdc19c570 unknown :-1 s=CLOSED pgs=85 cs=0 l=1 rev1=1 crypto rx=0 tx=0 comp rx=0 tx=0).stop
2024-04-22T23:24:14.631 INFO:teuthology.orchestra.run.smithi121.stdout:/usr/bin/ceph: stderr
2024-04-22T23:24:13.734+0000 7fdfe13e1700 1 -- 172.21.15.121:0/2187303343 >> 172.21.15.121:0/2187303343 conn(0x7fdfdc101be0 msgr2=0x7fdfdc1026d0 unknown :-1 s=STATE_NONE l=0).mark_down
2024-04-22T23:24:14.631 INFO:teuthology.orchestra.run.smithi121.stdout:/usr/bin/ceph: stderr
2024-04-22T23:24:13.735+0000 7fdfe13e1700 1 -- 172.21.15.121:0/2187303343 shutdown_connections
2024-04-22T23:24:14.631 INFO:teuthology.orchestra.run.smithi121.stdout:/usr/bin/ceph: stderr
2024-04-22T23:24:13.735+0000 7fdfe13e1700 1 -- 172.21.15.121:0/2187303343 wait complete.
2024-04-22T23:24:14.631 INFO:teuthology.orchestra.run.smithi121.stdout:Fetching dashboard port number...
2024-04-22T23:24:14.911 INFO:journalctl@ceph.mon.smithi121.smithi121.stdout:Apr 22 23:24:14 smithi121 ceph-mon[26658]: from='client.14178 -' entity='client.admin' cmd=[{"prefix": "dashboard ac-user-create", "username": "admin", "rolename": "administrator", "force_password": true, "pwd_update_required": true, "target": ["mon-mgr", ""]}]: dispatch
2024-04-22T23:24:14.912 INFO:journalctl@ceph.mon.smithi121.smithi121.stdout:Apr 22 23:24:14 smithi121 ceph-mon[26658]: from='mgr.14164 172.21.15.121:0/3685155033' entity='mgr.smithi121.zdcrga'
2024-04-22T23:24:15.929 INFO:journalctl@ceph.mon.smithi121.smithi121.stdout:Apr 22 23:24:15 smithi121 ceph-mon[26658]: from='client.? 172.21.15.121:0/4060154156' entity='client.admin' cmd=[{"prefix": "config get", "who": "mgr", "key": "mgr/dashboard/ssl_server_port"}]: dispatch
2024-04-22T23:24:16.238 INFO:teuthology.orchestra.run.smithi121.stdout:/usr/bin/ceph: stdout 8443
2024-04-22T23:24:16.238 INFO:teuthology.orchestra.run.smithi121.stdout:/usr/bin/ceph: stderr
2024-04-22T23:24:15.103+0000 7f2529832700 1 Processor -- start
2024-04-22T23:24:16.238 INFO:teuthology.orchestra.run.smithi121.stdout:/usr/bin/ceph: stderr
2024-04-22T23:24:15.103+0000 7f2529832700 1 -- start start
2024-04-22T23:24:16.238 INFO:teuthology.orchestra.run.smithi121.stdout:/usr/bin/ceph: stderr
2024-04-22T23:24:15.103+0000 7f2529832700 1 --2- >> [v2:172.21.15.121:3300/0,v1:172.21.15.121:6789/0] conn(0x7f25241054a0 0x7f25241058c0 unknown :-1 s=NONE pgs=0 cs=0 l=0 rev1=0 crypto rx=0 tx=0 comp rx=0 tx=0).connect
2024-04-22T23:24:16.238 INFO:teuthology.orchestra.run.smithi121.stdout:/usr/bin/ceph: stderr
2024-04-22T23:24:15.103+0000 7f2529832700 1 -- --> [v2:172.21.15.121:3300/0,v1:172.21.15.121:6789/0] -- mon_getmap magic: 0 v1 -- 0x7f2524105e90 con 0x7f25241054a0
2024-04-22T23:24:16.238 INFO:teuthology.orchestra.run.smithi121.stdout:/usr/bin/ceph: stderr
2024-04-22T23:24:15.103+0000 7f2522ffd700 1 --2- >> [v2:172.21.15.121:3300/0,v1:172.21.15.121:6789/0] conn(0x7f25241054a0 0x7f25241058c0 unknown :-1 s=BANNER_CONNECTING pgs=0 cs=0 l=0 rev1=0 crypto rx=0 tx=0 comp rx=0 tx=0)._handle_peer_banner_payload supported=3 required=0
2024-04-22T23:24:16.239 INFO:teuthology.orchestra.run.smithi121.stdout:/usr/bin/ceph: stderr
2024-04-22T23:24:15.103+0000 7f2522ffd700 1 --2- >> [v2:172.21.15.121:3300/0,v1:172.21.15.121:6789/0] conn(0x7f25241054a0 0x7f25241058c0 unknown :-1 s=HELLO_CONNECTING pgs=0 cs=0 l=0 rev1=1 crypto rx=0 tx=0 comp rx=0 tx=0).handle_hello peer v2:172.21.15.121:3300/0 says I am v2:172.21.15.121:58034/0 (socket says 172.21.15.121:58034)
2024-04-22T23:24:16.239 INFO:teuthology.orchestra.run.smithi121.stdout:/usr/bin/ceph: stderr
2024-04-22T23:24:15.103+0000 7f2522ffd700 1 -- 172.21.15.121:0/3445008473 learned_addr learned my addr 172.21.15.121:0/3445008473 (peer_addr_for_me v2:172.21.15.121:0/0)
2024-04-22T23:24:16.239 INFO:teuthology.orchestra.run.smithi121.stdout:/usr/bin/ceph: stderr
2024-04-22T23:24:15.104+0000 7f2522ffd700 1 -- 172.21.15.121:0/3445008473 --> [v2:172.21.15.121:3300/0,v1:172.21.15.121:6789/0] -- mon_subscribe({config=0+,monmap=0+}) v3 -- 0x7f25241066a0 con 0x7f25241054a0
2024-04-22T23:24:16.239 INFO:teuthology.orchestra.run.smithi121.stdout:/usr/bin/ceph: stderr
2024-04-22T23:24:15.104+0000 7f2522ffd700 1 --2- 172.21.15.121:0/3445008473 >> [v2:172.21.15.121:3300/0,v1:172.21.15.121:6789/0] conn(0x7f25241054a0 0x7f25241058c0 secure :-1 s=READY pgs=86 cs=0 l=1 rev1=1 crypto rx=0x7f25140098a0 tx=0x7f2514009bb0 comp rx=0 tx=0).ready entity=mon.0 client_cookie=40e223c779ae75ac server_cookie=0 in_seq=0 out_seq=0
2024-04-22T23:24:16.239 INFO:teuthology.orchestra.run.smithi121.stdout:/usr/bin/ceph: stderr
2024-04-22T23:24:15.104+0000 7f2521ffb700 1 -- 172.21.15.121:0/3445008473 <== mon.0 v2:172.21.15.121:3300/0 1 ==== mon_map magic: 0 v1 ==== 229+0+0 (secure 0 0 0) 0x7f2514004180 con 0x7f25241054a0
2024-04-22T23:24:16.239 INFO:teuthology.orchestra.run.smithi121.stdout:/usr/bin/ceph: stderr
2024-04-22T23:24:15.104+0000 7f2521ffb700 1 -- 172.21.15.121:0/3445008473 <== mon.0 v2:172.21.15.121:3300/0 2 ==== config(27 keys) v1 ==== 1109+0+0 (secure 0 0 0) 0x7f25140042e0 con 0x7f25241054a0
2024-04-22T23:24:16.239 INFO:teuthology.orchestra.run.smithi121.stdout:/usr/bin/ceph: stderr
2024-04-22T23:24:15.104+0000 7f2521ffb700 1 -- 172.21.15.121:0/3445008473 <== mon.0 v2:172.21.15.121:3300/0 3 ==== mon_map magic: 0 v1 ==== 229+0+0 (secure 0 0 0) 0x7f2514011b10 con 0x7f25241054a0
2024-04-22T23:24:16.239 INFO:teuthology.orchestra.run.smithi121.stdout:/usr/bin/ceph: stderr
2024-04-22T23:24:15.104+0000 7f2529832700 1 -- 172.21.15.121:0/3445008473 >> [v2:172.21.15.121:3300/0,v1:172.21.15.121:6789/0] conn(0x7f25241054a0 msgr2=0x7f25241058c0 secure :-1 s=STATE_CONNECTION_ESTABLISHED l=1).mark_down
2024-04-22T23:24:16.240 INFO:teuthology.orchestra.run.smithi121.stdout:/usr/bin/ceph: stderr
2024-04-22T23:24:15.104+0000 7f2529832700 1 --2- 172.21.15.121:0/3445008473 >> [v2:172.21.15.121:3300/0,v1:172.21.15.121:6789/0] conn(0x7f25241054a0 0x7f25241058c0 secure :-1 s=READY pgs=86 cs=0 l=1 rev1=1 crypto rx=0x7f25140098a0 tx=0x7f2514009bb0 comp rx=0 tx=0).stop
2024-04-22T23:24:16.240 INFO:teuthology.orchestra.run.smithi121.stdout:/usr/bin/ceph: stderr
2024-04-22T23:24:15.105+0000 7f2529832700 1 -- 172.21.15.121:0/3445008473 shutdown_connections
2024-04-22T23:24:16.240 INFO:teuthology.orchestra.run.smithi121.stdout:/usr/bin/ceph: stderr
2024-04-22T23:24:15.105+0000 7f2529832700 1 --2- 172.21.15.121:0/3445008473 >> [v2:172.21.15.121:3300/0,v1:172.21.15.121:6789/0] conn(0x7f25241054a0 0x7f25241058c0 unknown :-1 s=CLOSED pgs=86 cs=0 l=1 rev1=1 crypto rx=0 tx=0 comp rx=0 tx=0).stop
2024-04-22T23:24:16.240 INFO:teuthology.orchestra.run.smithi121.stdout:/usr/bin/ceph: stderr
2024-04-22T23:24:15.105+0000 7f2529832700 1 -- 172.21.15.121:0/3445008473 >> 172.21.15.121:0/3445008473 conn(0x7f2524100a60 msgr2=0x7f2524102e80 unknown :-1 s=STATE_NONE l=0).mark_down
2024-04-22T23:24:16.240 INFO:teuthology.orchestra.run.smithi121.stdout:/usr/bin/ceph: stderr
2024-04-22T23:24:15.105+0000 7f2529832700 1 -- 172.21.15.121:0/3445008473 shutdown_connections
2024-04-22T23:24:16.240 INFO:teuthology.orchestra.run.smithi121.stdout:/usr/bin/ceph: stderr
2024-04-22T23:24:15.105+0000 7f2529832700 1 -- 172.21.15.121:0/3445008473 wait complete.
2024-04-22T23:24:16.240 INFO:teuthology.orchestra.run.smithi121.stdout:/usr/bin/ceph: stderr
2024-04-22T23:24:15.105+0000 7f2529832700 1 Processor -- start
2024-04-22T23:24:16.240 INFO:teuthology.orchestra.run.smithi121.stdout:/usr/bin/ceph: stderr
2024-04-22T23:24:15.105+0000 7f2529832700 1 -- start start
2024-04-22T23:24:16.241 INFO:teuthology.orchestra.run.smithi121.stdout:/usr/bin/ceph: stderr
2024-04-22T23:24:15.105+0000 7f2529832700 1 --2- >> [v2:172.21.15.121:3300/0,v1:172.21.15.121:6789/0] conn(0x7f25241054a0 0x7f2524074300 unknown :-1 s=NONE pgs=0 cs=0 l=1 rev1=0 crypto rx=0 tx=0 comp rx=0 tx=0).connect
2024-04-22T23:24:16.241 INFO:teuthology.orchestra.run.smithi121.stdout:/usr/bin/ceph: stderr
2024-04-22T23:24:15.105+0000 7f2529832700 1 -- --> [v2:172.21.15.121:3300/0,v1:172.21.15.121:6789/0] -- mon_getmap magic: 0 v1 -- 0x7f2524074840 con 0x7f25241054a0
2024-04-22T23:24:16.241 INFO:teuthology.orchestra.run.smithi121.stdout:/usr/bin/ceph: stderr
2024-04-22T23:24:15.106+0000 7f2522ffd700 1 --2- >> [v2:172.21.15.121:3300/0,v1:172.21.15.121:6789/0] conn(0x7f25241054a0 0x7f2524074300 unknown :-1 s=BANNER_CONNECTING pgs=0 cs=0 l=1 rev1=0 crypto rx=0 tx=0 comp rx=0 tx=0)._handle_peer_banner_payload supported=3 required=0
2024-04-22T23:24:16.241 INFO:teuthology.orchestra.run.smithi121.stdout:/usr/bin/ceph: stderr
2024-04-22T23:24:15.106+0000 7f2522ffd700 1 --2- >> [v2:172.21.15.121:3300/0,v1:172.21.15.121:6789/0] conn(0x7f25241054a0 0x7f2524074300 unknown :-1 s=HELLO_CONNECTING pgs=0 cs=0 l=1 rev1=1 crypto rx=0 tx=0 comp rx=0 tx=0).handle_hello peer v2:172.21.15.121:3300/0 says I am v2:172.21.15.121:58044/0 (socket says 172.21.15.121:58044)
2024-04-22T23:24:16.241 INFO:teuthology.orchestra.run.smithi121.stdout:/usr/bin/ceph: stderr
2024-04-22T23:24:15.106+0000 7f2522ffd700 1 -- 172.21.15.121:0/4060154156 learned_addr learned my addr 172.21.15.121:0/4060154156 (peer_addr_for_me v2:172.21.15.121:0/0)
2024-04-22T23:24:16.241 INFO:teuthology.orchestra.run.smithi121.stdout:/usr/bin/ceph: stderr
2024-04-22T23:24:15.106+0000 7f2522ffd700 1 -- 172.21.15.121:0/4060154156 --> [v2:172.21.15.121:3300/0,v1:172.21.15.121:6789/0] -- mon_subscribe({config=0+,monmap=0+}) v3 -- 0x7f2514009550 con 0x7f25241054a0
2024-04-22T23:24:16.241 INFO:teuthology.orchestra.run.smithi121.stdout:/usr/bin/ceph: stderr
2024-04-22T23:24:15.106+0000 7f2522ffd700 1 --2- 172.21.15.121:0/4060154156 >> [v2:172.21.15.121:3300/0,v1:172.21.15.121:6789/0] conn(0x7f25241054a0 0x7f2524074300 secure :-1 s=READY pgs=87 cs=0 l=1 rev1=1 crypto rx=0x7f2514009fb0 tx=0x7f2514011890 comp rx=0 tx=0).ready entity=mon.0 client_cookie=0 server_cookie=0 in_seq=0 out_seq=0
2024-04-22T23:24:16.241 INFO:teuthology.orchestra.run.smithi121.stdout:/usr/bin/ceph: stderr
2024-04-22T23:24:15.106+0000 7f2528830700 1 -- 172.21.15.121:0/4060154156 <== mon.0 v2:172.21.15.121:3300/0 1 ==== mon_map magic: 0 v1 ==== 229+0+0 (secure 0 0 0) 0x7f25140038b0 con 0x7f25241054a0
2024-04-22T23:24:16.241 INFO:teuthology.orchestra.run.smithi121.stdout:/usr/bin/ceph: stderr
2024-04-22T23:24:15.106+0000 7f2528830700 1 -- 172.21.15.121:0/4060154156 <== mon.0 v2:172.21.15.121:3300/0 2 ==== config(27 keys) v1 ==== 1109+0+0 (secure 0 0 0) 0x7f2514003a10 con 0x7f25241054a0
2024-04-22T23:24:16.242 INFO:teuthology.orchestra.run.smithi121.stdout:/usr/bin/ceph: stderr
2024-04-22T23:24:15.106+0000 7f2528830700 1 -- 172.21.15.121:0/4060154156 <== mon.0 v2:172.21.15.121:3300/0 3 ==== mon_map magic: 0 v1 ==== 229+0+0 (secure 0 0 0) 0x7f2514019770 con 0x7f25241054a0
2024-04-22T23:24:16.242 INFO:teuthology.orchestra.run.smithi121.stdout:/usr/bin/ceph: stderr
2024-04-22T23:24:15.106+0000 7f2529832700 1 -- 172.21.15.121:0/4060154156 --> [v2:172.21.15.121:3300/0,v1:172.21.15.121:6789/0] -- mon_subscribe({mgrmap=0+}) v3 -- 0x7f252419d0a0 con 0x7f25241054a0
2024-04-22T23:24:16.242 INFO:teuthology.orchestra.run.smithi121.stdout:/usr/bin/ceph: stderr
2024-04-22T23:24:15.106+0000 7f2529832700 1 -- 172.21.15.121:0/4060154156 --> [v2:172.21.15.121:3300/0,v1:172.21.15.121:6789/0] -- mon_subscribe({osdmap=0}) v3 -- 0x7f252419d4e0 con 0x7f25241054a0
2024-04-22T23:24:16.242 INFO:teuthology.orchestra.run.smithi121.stdout:/usr/bin/ceph: stderr
2024-04-22T23:24:15.107+0000 7f2528830700 1 -- 172.21.15.121:0/4060154156 <== mon.0 v2:172.21.15.121:3300/0 4 ==== mgrmap(e 12) v1 ==== 45569+0+0 (secure 0 0 0) 0x7f251401a430 con 0x7f25241054a0
2024-04-22T23:24:16.242 INFO:teuthology.orchestra.run.smithi121.stdout:/usr/bin/ceph: stderr
2024-04-22T23:24:15.107+0000 7f2529832700 1 -- 172.21.15.121:0/4060154156 --> [v2:172.21.15.121:3300/0,v1:172.21.15.121:6789/0] -- mon_command({"prefix": "get_command_descriptions"} v 0) v1 -- 0x7f25241098d0 con 0x7f25241054a0
2024-04-22T23:24:16.242 INFO:teuthology.orchestra.run.smithi121.stdout:/usr/bin/ceph: stderr
2024-04-22T23:24:15.107+0000 7f2528830700 1 --2- 172.21.15.121:0/4060154156 >> [v2:172.21.15.121:6800/1941243286,v1:172.21.15.121:6801/1941243286] conn(0x7f250c038730 0x7f250c03abf0 unknown :-1 s=NONE pgs=0 cs=0 l=1 rev1=0 crypto rx=0 tx=0 comp rx=0 tx=0).connect
2024-04-22T23:24:16.242 INFO:teuthology.orchestra.run.smithi121.stdout:/usr/bin/ceph: stderr
2024-04-22T23:24:15.107+0000 7f2528830700 1 -- 172.21.15.121:0/4060154156 <== mon.0 v2:172.21.15.121:3300/0 5 ==== osd_map(3..3 src has 1..3) v4 ==== 1155+0+0 (secure 0 0 0) 0x7f251404c920 con 0x7f25241054a0
2024-04-22T23:24:16.242 INFO:teuthology.orchestra.run.smithi121.stdout:/usr/bin/ceph: stderr
2024-04-22T23:24:15.107+0000 7f25227fc700 1 --2- 172.21.15.121:0/4060154156 >> [v2:172.21.15.121:6800/1941243286,v1:172.21.15.121:6801/1941243286] conn(0x7f250c038730 0x7f250c03abf0 unknown :-1 s=BANNER_CONNECTING pgs=0 cs=0 l=1 rev1=0 crypto rx=0 tx=0 comp rx=0 tx=0)._handle_peer_banner_payload supported=3 required=0
2024-04-22T23:24:16.243 INFO:teuthology.orchestra.run.smithi121.stdout:/usr/bin/ceph: stderr
2024-04-22T23:24:15.108+0000 7f25227fc700 1 --2- 172.21.15.121:0/4060154156 >> [v2:172.21.15.121:6800/1941243286,v1:172.21.15.121:6801/1941243286] conn(0x7f250c038730 0x7f250c03abf0 secure :-1 s=READY pgs=9 cs=0 l=1 rev1=1 crypto rx=0x7f2518006fd0 tx=0x7f2518006e40 comp rx=0 tx=0).ready entity=mgr.14164 client_cookie=0 server_cookie=0 in_seq=0 out_seq=0
2024-04-22T23:24:16.243 INFO:teuthology.orchestra.run.smithi121.stdout:/usr/bin/ceph: stderr
2024-04-22T23:24:15.112+0000 7f2528830700 1 -- 172.21.15.121:0/4060154156 <== mon.0 v2:172.21.15.121:3300/0 6 ==== mon_command_ack([{"prefix": "get_command_descriptions"}]=0 v0) v1 ==== 72+0+183351 (secure 0 0 0) 0x7f2514019df0 con 0x7f25241054a0
2024-04-22T23:24:16.243 INFO:teuthology.orchestra.run.smithi121.stdout:/usr/bin/ceph: stderr
2024-04-22T23:24:15.310+0000 7f2529832700 1 -- 172.21.15.121:0/4060154156 --> [v2:172.21.15.121:3300/0,v1:172.21.15.121:6789/0] -- mon_command({"prefix": "config get", "who": "mgr", "key": "mgr/dashboard/ssl_server_port"} v 0) v1 -- 0x7f252419d810 con 0x7f25241054a0
2024-04-22T23:24:16.243 INFO:teuthology.orchestra.run.smithi121.stdout:/usr/bin/ceph: stderr
2024-04-22T23:24:15.311+0000 7f2528830700 1 -- 172.21.15.121:0/4060154156 <== mon.0 v2:172.21.15.121:3300/0 7 ==== mon_command_ack([{"prefix": "config get", "who": "mgr", "key": "mgr/dashboard/ssl_server_port"}]=0 v8) v1 ==== 112+0+5 (secure 0 0 0) 0x7f2514022310 con 0x7f25241054a0
2024-04-22T23:24:16.243 INFO:teuthology.orchestra.run.smithi121.stdout:/usr/bin/ceph: stderr
2024-04-22T23:24:15.313+0000 7f2529832700 1 -- 172.21.15.121:0/4060154156 >> [v2:172.21.15.121:6800/1941243286,v1:172.21.15.121:6801/1941243286] conn(0x7f250c038730 msgr2=0x7f250c03abf0 secure :-1 s=STATE_CONNECTION_ESTABLISHED l=1).mark_down
2024-04-22T23:24:16.243 INFO:teuthology.orchestra.run.smithi121.stdout:/usr/bin/ceph: stderr
2024-04-22T23:24:15.313+0000 7f2529832700 1 --2- 172.21.15.121:0/4060154156 >> [v2:172.21.15.121:6800/1941243286,v1:172.21.15.121:6801/1941243286] conn(0x7f250c038730 0x7f250c03abf0 secure :-1 s=READY pgs=9 cs=0 l=1 rev1=1 crypto rx=0x7f2518006fd0 tx=0x7f2518006e40 comp rx=0 tx=0).stop
2024-04-22T23:24:16.243 INFO:teuthology.orchestra.run.smithi121.stdout:/usr/bin/ceph: stderr
2024-04-22T23:24:15.313+0000 7f2529832700 1 -- 172.21.15.121:0/4060154156 >> [v2:172.21.15.121:3300/0,v1:172.21.15.121:6789/0] conn(0x7f25241054a0 msgr2=0x7f2524074300 secure :-1 s=STATE_CONNECTION_ESTABLISHED l=1).mark_down
2024-04-22T23:24:16.243 INFO:teuthology.orchestra.run.smithi121.stdout:/usr/bin/ceph: stderr
2024-04-22T23:24:15.313+0000 7f2529832700 1 --2- 172.21.15.121:0/4060154156 >> [v2:172.21.15.121:3300/0,v1:172.21.15.121:6789/0] conn(0x7f25241054a0 0x7f2524074300 secure :-1 s=READY pgs=87 cs=0 l=1 rev1=1 crypto rx=0x7f2514009fb0 tx=0x7f2514011890 comp rx=0 tx=0).stop
2024-04-22T23:24:16.243 INFO:teuthology.orchestra.run.smithi121.stdout:/usr/bin/ceph: stderr
2024-04-22T23:24:15.313+0000 7f2529832700 1 -- 172.21.15.121:0/4060154156 shutdown_connections
2024-04-22T23:24:16.244 INFO:teuthology.orchestra.run.smithi121.stdout:/usr/bin/ceph: stderr
2024-04-22T23:24:15.313+0000 7f2529832700 1 --2- 172.21.15.121:0/4060154156 >> [v2:172.21.15.121:6800/1941243286,v1:172.21.15.121:6801/1941243286] conn(0x7f250c038730 0x7f250c03abf0 unknown :-1 s=CLOSED pgs=9 cs=0 l=1 rev1=1 crypto rx=0 tx=0 comp rx=0 tx=0).stop
2024-04-22T23:24:16.244 INFO:teuthology.orchestra.run.smithi121.stdout:/usr/bin/ceph: stderr
2024-04-22T23:24:15.313+0000 7f2529832700 1 --2- 172.21.15.121:0/4060154156 >> [v2:172.21.15.121:3300/0,v1:172.21.15.121:6789/0] conn(0x7f25241054a0 0x7f2524074300 unknown :-1 s=CLOSED pgs=87 cs=0 l=1 rev1=1 crypto rx=0 tx=0 comp rx=0 tx=0).stop
2024-04-22T23:24:16.244 INFO:teuthology.orchestra.run.smithi121.stdout:/usr/bin/ceph: stderr
2024-04-22T23:24:15.313+0000 7f2529832700 1 -- 172.21.15.121:0/4060154156 >> 172.21.15.121:0/4060154156 conn(0x7f2524100a60 msgr2=0x7f2524101650 unknown :-1 s=STATE_NONE l=0).mark_down
2024-04-22T23:24:16.244 INFO:teuthology.orchestra.run.smithi121.stdout:/usr/bin/ceph: stderr
2024-04-22T23:24:15.313+0000 7f2529832700 1 -- 172.21.15.121:0/4060154156 shutdown_connections
2024-04-22T23:24:16.244 INFO:teuthology.orchestra.run.smithi121.stdout:/usr/bin/ceph: stderr
2024-04-22T23:24:15.313+0000 7f2529832700 1 -- 172.21.15.121:0/4060154156 wait complete.
2024-04-22T23:24:16.245 INFO:teuthology.orchestra.run.smithi121.stdout:Non-zero exit code 1 from systemctl is-enabled firewalld.service
2024-04-22T23:24:16.245 INFO:teuthology.orchestra.run.smithi121.stdout:systemctl: stdout disabled
2024-04-22T23:24:16.249 INFO:teuthology.orchestra.run.smithi121.stdout:Non-zero exit code 3 from systemctl is-active firewalld.service
2024-04-22T23:24:16.249 INFO:teuthology.orchestra.run.smithi121.stdout:systemctl: stdout inactive
2024-04-22T23:24:16.249 INFO:teuthology.orchestra.run.smithi121.stdout:firewalld.service is not enabled
2024-04-22T23:24:16.249 INFO:teuthology.orchestra.run.smithi121.stdout:Not possible to open ports <[8443]>. firewalld.service is not available
