2024-04-22T23:23:49.410+0000 7fd65d7fa700 1 -- 172.21.15.121:0/4268177249 <== mon.0 v2:172.21.15.121:3300/0 2 ==== config(27 keys) v1 ==== 1109+0+0 (secure 0 0 0) 0x7fd65000de20 con 0x7fd6601059c0
2024-04-22T23:23:50.789 INFO:teuthology.orchestra.run.smithi121.stdout:/usr/bin/ceph: stderr
2024-04-22T23:23:49.410+0000 7fd65d7fa700 1 -- 172.21.15.121:0/4268177249 <== mon.0 v2:172.21.15.121:3300/0 3 ==== mon_map magic: 0 v1 ==== 229+0+0 (secure 0 0 0) 0x7fd650022990 con 0x7fd6601059c0
2024-04-22T23:23:50.789 INFO:teuthology.orchestra.run.smithi121.stdout:/usr/bin/ceph: stderr
2024-04-22T23:23:49.411+0000 7fd65d7fa700 1 -- 172.21.15.121:0/4268177249 <== mon.0 v2:172.21.15.121:3300/0 4 ==== mgrmap(e 8) v1 ==== 45556+0+0 (secure 0 0 0) 0x7fd65002c440 con 0x7fd6601059c0
2024-04-22T23:23:50.789 INFO:teuthology.orchestra.run.smithi121.stdout:/usr/bin/ceph: stderr
2024-04-22T23:23:49.411+0000 7fd65d7fa700 1 --2- 172.21.15.121:0/4268177249 >> [v2:172.21.15.121:6800/2871683971,v1:172.21.15.121:6801/2871683971] conn(0x7fd648038770 0x7fd64803ac30 unknown :-1 s=NONE pgs=0 cs=0 l=1 rev1=0 crypto rx=0 tx=0 comp rx=0 tx=0).connect
2024-04-22T23:23:50.789 INFO:teuthology.orchestra.run.smithi121.stdout:/usr/bin/ceph: stderr
2024-04-22T23:23:49.411+0000 7fd65d7fa700 1 -- 172.21.15.121:0/4268177249 <== mon.0 v2:172.21.15.121:3300/0 5 ==== osd_map(2..2 src has 1..2) v4 ==== 940+0+0 (secure 0 0 0) 0x7fd65004eab0 con 0x7fd6601059c0
2024-04-22T23:23:50.789 INFO:teuthology.orchestra.run.smithi121.stdout:/usr/bin/ceph: stderr
2024-04-22T23:23:49.411+0000 7fd6664d6700 1 -- 172.21.15.121:0/4268177249 --> [v2:172.21.15.121:3300/0,v1:172.21.15.121:6789/0] -- mon_command({"prefix": "get_command_descriptions"} v 0) v1 -- 0x7fd64c005320 con 0x7fd6601059c0
2024-04-22T23:23:50.789 INFO:teuthology.orchestra.run.smithi121.stdout:/usr/bin/ceph: stderr
2024-04-22T23:23:49.411+0000 7fd65f7fe700 1 --2- 172.21.15.121:0/4268177249 >> [v2:172.21.15.121:6800/2871683971,v1:172.21.15.121:6801/2871683971] conn(0x7fd648038770 0x7fd64803ac30 unknown :-1 s=BANNER_CONNECTING pgs=0 cs=0 l=1 rev1=0 crypto rx=0 tx=0 comp rx=0 tx=0)._handle_peer_banner_payload supported=3 required=0
2024-04-22T23:23:50.789 INFO:teuthology.orchestra.run.smithi121.stdout:/usr/bin/ceph: stderr
2024-04-22T23:23:49.412+0000 7fd65f7fe700 1 --2- 172.21.15.121:0/4268177249 >> [v2:172.21.15.121:6800/2871683971,v1:172.21.15.121:6801/2871683971] conn(0x7fd648038770 0x7fd64803ac30 secure :-1 s=READY pgs=13 cs=0 l=1 rev1=1 crypto rx=0x7fd654006fd0 tx=0x7fd654006e40 comp rx=0 tx=0).ready entity=mgr.14120 client_cookie=0 server_cookie=0 in_seq=0 out_seq=0
2024-04-22T23:23:50.789 INFO:teuthology.orchestra.run.smithi121.stdout:/usr/bin/ceph: stderr
2024-04-22T23:23:49.416+0000 7fd65d7fa700 1 -- 172.21.15.121:0/4268177249 <== mon.0 v2:172.21.15.121:3300/0 6 ==== mon_command_ack([{"prefix": "get_command_descriptions"}]=0 v0) v1 ==== 72+0+183351 (secure 0 0 0) 0x7fd650027070 con 0x7fd6601059c0
2024-04-22T23:23:50.789 INFO:teuthology.orchestra.run.smithi121.stdout:/usr/bin/ceph: stderr
2024-04-22T23:23:49.642+0000 7fd6664d6700 1 -- 172.21.15.121:0/4268177249 --> [v2:172.21.15.121:6800/2871683971,v1:172.21.15.121:6801/2871683971] -- mgr_command(tid 0: {"prefix": "orch apply", "service_type": "mgr", "target": ["mon-mgr", ""]}) v1 -- 0x7fd64c000bf0 con 0x7fd648038770
2024-04-22T23:23:50.789 INFO:teuthology.orchestra.run.smithi121.stdout:/usr/bin/ceph: stderr
2024-04-22T23:23:49.648+0000 7fd65d7fa700 1 -- 172.21.15.121:0/4268177249 <== mgr.14120 v2:172.21.15.121:6800/2871683971 1 ==== mgr_command_reply(tid 0: 0 ) v1 ==== 8+0+24 (secure 0 0 0) 0x7fd64c000bf0 con 0x7fd648038770
2024-04-22T23:23:50.789 INFO:teuthology.orchestra.run.smithi121.stdout:/usr/bin/ceph: stderr
2024-04-22T23:23:49.650+0000 7fd6664d6700 1 -- 172.21.15.121:0/4268177249 >> [v2:172.21.15.121:6800/2871683971,v1:172.21.15.121:6801/2871683971] conn(0x7fd648038770 msgr2=0x7fd64803ac30 secure :-1 s=STATE_CONNECTION_ESTABLISHED l=1).mark_down
2024-04-22T23:23:50.789 INFO:teuthology.orchestra.run.smithi121.stdout:/usr/bin/ceph: stderr
2024-04-22T23:23:49.650+0000 7fd6664d6700 1 --2- 172.21.15.121:0/4268177249 >> [v2:172.21.15.121:6800/2871683971,v1:172.21.15.121:6801/2871683971] conn(0x7fd648038770 0x7fd64803ac30 secure :-1 s=READY pgs=13 cs=0 l=1 rev1=1 crypto rx=0x7fd654006fd0 tx=0x7fd654006e40 comp rx=0 tx=0).stop
2024-04-22T23:23:50.789 INFO:teuthology.orchestra.run.smithi121.stdout:/usr/bin/ceph: stderr
2024-04-22T23:23:49.650+0000 7fd6664d6700 1 -- 172.21.15.121:0/4268177249 >> [v2:172.21.15.121:3300/0,v1:172.21.15.121:6789/0] conn(0x7fd6601059c0 msgr2=0x7fd660198120 secure :-1 s=STATE_CONNECTION_ESTABLISHED l=1).mark_down
2024-04-22T23:23:50.789 INFO:teuthology.orchestra.run.smithi121.stdout:/usr/bin/ceph: stderr
2024-04-22T23:23:49.650+0000 7fd6664d6700 1 --2- 172.21.15.121:0/4268177249 >> [v2:172.21.15.121:3300/0,v1:172.21.15.121:6789/0] conn(0x7fd6601059c0 0x7fd660198120 secure :-1 s=READY pgs=50 cs=0 l=1 rev1=1 crypto rx=0x7fd650003cb0 tx=0x7fd650004070 comp rx=0 tx=0).stop
2024-04-22T23:23:50.790 INFO:teuthology.orchestra.run.smithi121.stdout:/usr/bin/ceph: stderr
2024-04-22T23:23:49.650+0000 7fd6664d6700 1 -- 172.21.15.121:0/4268177249 shutdown_connections
2024-04-22T23:23:50.790 INFO:teuthology.orchestra.run.smithi121.stdout:/usr/bin/ceph: stderr
2024-04-22T23:23:49.650+0000 7fd6664d6700 1 --2- 172.21.15.121:0/4268177249 >> [v2:172.21.15.121:6800/2871683971,v1:172.21.15.121:6801/2871683971] conn(0x7fd648038770 0x7fd64803ac30 unknown :-1 s=CLOSED pgs=13 cs=0 l=1 rev1=1 crypto rx=0 tx=0 comp rx=0 tx=0).stop
2024-04-22T23:23:50.790 INFO:teuthology.orchestra.run.smithi121.stdout:/usr/bin/ceph: stderr
2024-04-22T23:23:49.650+0000 7fd6664d6700 1 --2- 172.21.15.121:0/4268177249 >> [v2:172.21.15.121:3300/0,v1:172.21.15.121:6789/0] conn(0x7fd6601059c0 0x7fd660198120 unknown :-1 s=CLOSED pgs=50 cs=0 l=1 rev1=1 crypto rx=0 tx=0 comp rx=0 tx=0).stop
2024-04-22T23:23:50.790 INFO:teuthology.orchestra.run.smithi121.stdout:/usr/bin/ceph: stderr
2024-04-22T23:23:49.650+0000 7fd6664d6700 1 -- 172.21.15.121:0/4268177249 >> 172.21.15.121:0/4268177249 conn(0x7fd6601001c0 msgr2=0x7fd66018e920 unknown :-1 s=STATE_NONE l=0).mark_down
2024-04-22T23:23:50.790 INFO:teuthology.orchestra.run.smithi121.stdout:/usr/bin/ceph: stderr
2024-04-22T23:23:49.650+0000 7fd6664d6700 1 -- 172.21.15.121:0/4268177249 shutdown_connections
2024-04-22T23:23:50.790 INFO:teuthology.orchestra.run.smithi121.stdout:/usr/bin/ceph: stderr
2024-04-22T23:23:49.650+0000 7fd6664d6700 1 -- 172.21.15.121:0/4268177249 wait complete.
2024-04-22T23:23:50.790 INFO:teuthology.orchestra.run.smithi121.stdout:Deploying crash service with default placement...
2024-04-22T23:23:51.429 INFO:journalctl@ceph.mon.smithi121.smithi121.stdout:Apr 22 23:23:51 smithi121 ceph-mon[26658]: from='client.14144 -' entity='client.admin' cmd=[{"prefix": "orch apply", "service_type": "mgr", "target": ["mon-mgr", ""]}]: dispatch
2024-04-22T23:23:51.429 INFO:journalctl@ceph.mon.smithi121.smithi121.stdout:Apr 22 23:23:51 smithi121 ceph-mon[26658]: Saving service mgr spec with placement count:2
2024-04-22T23:23:51.429 INFO:journalctl@ceph.mon.smithi121.smithi121.stdout:Apr 22 23:23:51 smithi121 ceph-mon[26658]: from='mgr.14120 172.21.15.121:0/3231008413' entity='mgr.smithi121.zdcrga'
2024-04-22T23:23:52.034 INFO:teuthology.orchestra.run.smithi121.stdout:/usr/bin/ceph: stdout Scheduled crash update...
2024-04-22T23:23:52.034 INFO:teuthology.orchestra.run.smithi121.stdout:/usr/bin/ceph: stderr
2024-04-22T23:23:51.250+0000 7f98892b1700 1 Processor -- start
2024-04-22T23:23:52.034 INFO:teuthology.orchestra.run.smithi121.stdout:/usr/bin/ceph: stderr
2024-04-22T23:23:51.250+0000 7f98892b1700 1 -- start start
2024-04-22T23:23:52.034 INFO:teuthology.orchestra.run.smithi121.stdout:/usr/bin/ceph: stderr
2024-04-22T23:23:51.250+0000 7f98892b1700 1 --2- >> [v2:172.21.15.121:3300/0,v1:172.21.15.121:6789/0] conn(0x7f9884107060 0x7f9884109450 unknown :-1 s=NONE pgs=0 cs=0 l=0 rev1=0 crypto rx=0 tx=0 comp rx=0 tx=0).connect
2024-04-22T23:23:52.034 INFO:teuthology.orchestra.run.smithi121.stdout:/usr/bin/ceph: stderr
2024-04-22T23:23:51.250+0000 7f98892b1700 1 -- --> [v2:172.21.15.121:3300/0,v1:172.21.15.121:6789/0] -- mon_getmap magic: 0 v1 -- 0x7f9884079e90 con 0x7f9884107060
2024-04-22T23:23:52.034 INFO:teuthology.orchestra.run.smithi121.stdout:/usr/bin/ceph: stderr
2024-04-22T23:23:51.250+0000 7f9882ffd700 1 --2- >> [v2:172.21.15.121:3300/0,v1:172.21.15.121:6789/0] conn(0x7f9884107060 0x7f9884109450 unknown :-1 s=BANNER_CONNECTING pgs=0 cs=0 l=0 rev1=0 crypto rx=0 tx=0 comp rx=0 tx=0)._handle_peer_banner_payload supported=3 required=0
2024-04-22T23:23:52.035 INFO:teuthology.orchestra.run.smithi121.stdout:/usr/bin/ceph: stderr
2024-04-22T23:23:51.250+0000 7f9882ffd700 1 --2- >> [v2:172.21.15.121:3300/0,v1:172.21.15.121:6789/0] conn(0x7f9884107060 0x7f9884109450 unknown :-1 s=HELLO_CONNECTING pgs=0 cs=0 l=0 rev1=1 crypto rx=0 tx=0 comp rx=0 tx=0).handle_hello peer v2:172.21.15.121:3300/0 says I am v2:172.21.15.121:55746/0 (socket says 172.21.15.121:55746)
2024-04-22T23:23:52.035 INFO:teuthology.orchestra.run.smithi121.stdout:/usr/bin/ceph: stderr
2024-04-22T23:23:51.250+0000 7f9882ffd700 1 -- 172.21.15.121:0/2670890597 learned_addr learned my addr 172.21.15.121:0/2670890597 (peer_addr_for_me v2:172.21.15.121:0/0)
2024-04-22T23:23:52.035 INFO:teuthology.orchestra.run.smithi121.stdout:/usr/bin/ceph: stderr
2024-04-22T23:23:51.250+0000 7f9882ffd700 1 -- 172.21.15.121:0/2670890597 --> [v2:172.21.15.121:3300/0,v1:172.21.15.121:6789/0] -- mon_subscribe({config=0+,monmap=0+}) v3 -- 0x7f9884109990 con 0x7f9884107060
2024-04-22T23:23:52.035 INFO:teuthology.orchestra.run.smithi121.stdout:/usr/bin/ceph: stderr
2024-04-22T23:23:51.251+0000 7f9882ffd700 1 --2- 172.21.15.121:0/2670890597 >> [v2:172.21.15.121:3300/0,v1:172.21.15.121:6789/0] conn(0x7f9884107060 0x7f9884109450 secure :-1 s=READY pgs=51 cs=0 l=1 rev1=1 crypto rx=0x7f98740098a0 tx=0x7f9874009bb0 comp rx=0 tx=0).ready entity=mon.0 client_cookie=2c5dd986d971a6d5 server_cookie=0 in_seq=0 out_seq=0
2024-04-22T23:23:52.035 INFO:teuthology.orchestra.run.smithi121.stdout:/usr/bin/ceph: stderr
2024-04-22T23:23:51.251+0000 7f9881ffb700 1 -- 172.21.15.121:0/2670890597 <== mon.0 v2:172.21.15.121:3300/0 1 ==== mon_map magic: 0 v1 ==== 229+0+0 (secure 0 0 0) 0x7f9874004180 con 0x7f9884107060
2024-04-22T23:23:52.035 INFO:teuthology.orchestra.run.smithi121.stdout:/usr/bin/ceph: stderr
2024-04-22T23:23:51.251+0000 7f9881ffb700 1 -- 172.21.15.121:0/2670890597 <== mon.0 v2:172.21.15.121:3300/0 2 ==== config(27 keys) v1 ==== 1109+0+0 (secure 0 0 0) 0x7f98740042e0 con 0x7f9884107060
2024-04-22T23:23:52.035 INFO:teuthology.orchestra.run.smithi121.stdout:/usr/bin/ceph: stderr
2024-04-22T23:23:51.251+0000 7f9881ffb700 1 -- 172.21.15.121:0/2670890597 <== mon.0 v2:172.21.15.121:3300/0 3 ==== mon_map magic: 0 v1 ==== 229+0+0 (secure 0 0 0) 0x7f9874011b10 con 0x7f9884107060
2024-04-22T23:23:52.035 INFO:teuthology.orchestra.run.smithi121.stdout:/usr/bin/ceph: stderr
2024-04-22T23:23:51.252+0000 7f98892b1700 1 -- 172.21.15.121:0/2670890597 >> [v2:172.21.15.121:3300/0,v1:172.21.15.121:6789/0] conn(0x7f9884107060 msgr2=0x7f9884109450 secure :-1 s=STATE_CONNECTION_ESTABLISHED l=1).mark_down
2024-04-22T23:23:52.035 INFO:teuthology.orchestra.run.smithi121.stdout:/usr/bin/ceph: stderr
2024-04-22T23:23:51.252+0000 7f98892b1700 1 --2- 172.21.15.121:0/2670890597 >> [v2:172.21.15.121:3300/0,v1:172.21.15.121:6789/0] conn(0x7f9884107060 0x7f9884109450 secure :-1 s=READY pgs=51 cs=0 l=1 rev1=1 crypto rx=0x7f98740098a0 tx=0x7f9874009bb0 comp rx=0 tx=0).stop
2024-04-22T23:23:52.035 INFO:teuthology.orchestra.run.smithi121.stdout:/usr/bin/ceph: stderr
2024-04-22T23:23:51.252+0000 7f98892b1700 1 -- 172.21.15.121:0/2670890597 shutdown_connections
2024-04-22T23:23:52.035 INFO:teuthology.orchestra.run.smithi121.stdout:/usr/bin/ceph: stderr
2024-04-22T23:23:51.252+0000 7f98892b1700 1 --2- 172.21.15.121:0/2670890597 >> [v2:172.21.15.121:3300/0,v1:172.21.15.121:6789/0] conn(0x7f9884107060 0x7f9884109450 unknown :-1 s=CLOSED pgs=51 cs=0 l=1 rev1=1 crypto rx=0 tx=0 comp rx=0 tx=0).stop
2024-04-22T23:23:52.035 INFO:teuthology.orchestra.run.smithi121.stdout:/usr/bin/ceph: stderr
2024-04-22T23:23:51.252+0000 7f98892b1700 1 -- 172.21.15.121:0/2670890597 >> 172.21.15.121:0/2670890597 conn(0x7f9884100a70 msgr2=0x7f9884102e90 unknown :-1 s=STATE_NONE l=0).mark_down
2024-04-22T23:23:52.036 INFO:teuthology.orchestra.run.smithi121.stdout:/usr/bin/ceph: stderr
2024-04-22T23:23:51.252+0000 7f98892b1700 1 -- 172.21.15.121:0/2670890597 shutdown_connections
2024-04-22T23:23:52.036 INFO:teuthology.orchestra.run.smithi121.stdout:/usr/bin/ceph: stderr
2024-04-22T23:23:51.252+0000 7f98892b1700 1 -- 172.21.15.121:0/2670890597 wait complete.
2024-04-22T23:23:52.036 INFO:teuthology.orchestra.run.smithi121.stdout:/usr/bin/ceph: stderr
2024-04-22T23:23:51.253+0000 7f98892b1700 1 Processor -- start
2024-04-22T23:23:52.036 INFO:teuthology.orchestra.run.smithi121.stdout:/usr/bin/ceph: stderr
2024-04-22T23:23:51.253+0000 7f98892b1700 1 -- start start
2024-04-22T23:23:52.036 INFO:teuthology.orchestra.run.smithi121.stdout:/usr/bin/ceph: stderr
2024-04-22T23:23:51.253+0000 7f98892b1700 1 --2- >> [v2:172.21.15.121:3300/0,v1:172.21.15.121:6789/0] conn(0x7f9884107060 0x7f988419a370 unknown :-1 s=NONE pgs=0 cs=0 l=1 rev1=0 crypto rx=0 tx=0 comp rx=0 tx=0).connect
2024-04-22T23:23:52.036 INFO:teuthology.orchestra.run.smithi121.stdout:/usr/bin/ceph: stderr
2024-04-22T23:23:51.253+0000 7f98892b1700 1 -- --> [v2:172.21.15.121:3300/0,v1:172.21.15.121:6789/0] -- mon_getmap magic: 0 v1 -- 0x7f988419a8b0 con 0x7f9884107060
2024-04-22T23:23:52.036 INFO:teuthology.orchestra.run.smithi121.stdout:/usr/bin/ceph: stderr
2024-04-22T23:23:51.253+0000 7f9882ffd700 1 --2- >> [v2:172.21.15.121:3300/0,v1:172.21.15.121:6789/0] conn(0x7f9884107060 0x7f988419a370 unknown :-1 s=BANNER_CONNECTING pgs=0 cs=0 l=1 rev1=0 crypto rx=0 tx=0 comp rx=0 tx=0)._handle_peer_banner_payload supported=3 required=0
2024-04-22T23:23:52.036 INFO:teuthology.orchestra.run.smithi121.stdout:/usr/bin/ceph: stderr
2024-04-22T23:23:51.253+0000 7f9882ffd700 1 --2- >> [v2:172.21.15.121:3300/0,v1:172.21.15.121:6789/0] conn(0x7f9884107060 0x7f988419a370 unknown :-1 s=HELLO_CONNECTING pgs=0 cs=0 l=1 rev1=1 crypto rx=0 tx=0 comp rx=0 tx=0).handle_hello peer v2:172.21.15.121:3300/0 says I am v2:172.21.15.121:55760/0 (socket says 172.21.15.121:55760)
2024-04-22T23:23:52.036 INFO:teuthology.orchestra.run.smithi121.stdout:/usr/bin/ceph: stderr
2024-04-22T23:23:51.253+0000 7f9882ffd700 1 -- 172.21.15.121:0/2285907710 learned_addr learned my addr 172.21.15.121:0/2285907710 (peer_addr_for_me v2:172.21.15.121:0/0)
2024-04-22T23:23:52.036 INFO:teuthology.orchestra.run.smithi121.stdout:/usr/bin/ceph: stderr
2024-04-22T23:23:51.253+0000 7f9882ffd700 1 -- 172.21.15.121:0/2285907710 --> [v2:172.21.15.121:3300/0,v1:172.21.15.121:6789/0] -- mon_subscribe({config=0+,monmap=0+}) v3 -- 0x7f9874009550 con 0x7f9884107060
2024-04-22T23:23:52.036 INFO:teuthology.orchestra.run.smithi121.stdout:/usr/bin/ceph: stderr
2024-04-22T23:23:51.254+0000 7f9882ffd700 1 --2- 172.21.15.121:0/2285907710 >> [v2:172.21.15.121:3300/0,v1:172.21.15.121:6789/0] conn(0x7f9884107060 0x7f988419a370 secure :-1 s=READY pgs=52 cs=0 l=1 rev1=1 crypto rx=0x7f9874009fb0 tx=0x7f9874011890 comp rx=0 tx=0).ready entity=mon.0 client_cookie=0 server_cookie=0 in_seq=0 out_seq=0
2024-04-22T23:23:52.036 INFO:teuthology.orchestra.run.smithi121.stdout:/usr/bin/ceph: stderr
2024-04-22T23:23:51.254+0000 7f986bfff700 1 -- 172.21.15.121:0/2285907710 <== mon.0 v2:172.21.15.121:3300/0 1 ==== mon_map magic: 0 v1 ==== 229+0+0 (secure 0 0 0) 0x7f98740038b0 con 0x7f9884107060
2024-04-22T23:23:52.036 INFO:teuthology.orchestra.run.smithi121.stdout:/usr/bin/ceph: stderr
2024-04-22T23:23:51.254+0000 7f986bfff700 1 -- 172.21.15.121:0/2285907710 <== mon.0 v2:172.21.15.121:3300/0 2 ==== config(27 keys) v1 ==== 1109+0+0 (secure 0 0 0) 0x7f9874003a10 con 0x7f9884107060
2024-04-22T23:23:52.036 INFO:teuthology.orchestra.run.smithi121.stdout:/usr/bin/ceph: stderr
2024-04-22T23:23:51.254+0000 7f98892b1700 1 -- 172.21.15.121:0/2285907710 --> [v2:172.21.15.121:3300/0,v1:172.21.15.121:6789/0] -- mon_subscribe({mgrmap=0+}) v3 -- 0x7f988419aab0 con 0x7f9884107060
2024-04-22T23:23:52.036 INFO:teuthology.orchestra.run.smithi121.stdout:/usr/bin/ceph: stderr
2024-04-22T23:23:51.254+0000 7f986bfff700 1 -- 172.21.15.121:0/2285907710 <== mon.0 v2:172.21.15.121:3300/0 3 ==== mon_map magic: 0 v1 ==== 229+0+0 (secure 0 0 0) 0x7f9874019750 con 0x7f9884107060
2024-04-22T23:23:52.037 INFO:teuthology.orchestra.run.smithi121.stdout:/usr/bin/ceph: stderr
2024-04-22T23:23:51.254+0000 7f98892b1700 1 -- 172.21.15.121:0/2285907710 --> [v2:172.21.15.121:3300/0,v1:172.21.15.121:6789/0] -- mon_subscribe({osdmap=0}) v3 -- 0x7f988419af50 con 0x7f9884107060
2024-04-22T23:23:52.037 INFO:teuthology.orchestra.run.smithi121.stdout:/usr/bin/ceph: stderr
2024-04-22T23:23:51.255+0000 7f986bfff700 1 -- 172.21.15.121:0/2285907710 <== mon.0 v2:172.21.15.121:3300/0 4 ==== mgrmap(e 8) v1 ==== 45556+0+0 (secure 0 0 0) 0x7f98740198b0 con 0x7f9884107060
2024-04-22T23:23:52.037 INFO:teuthology.orchestra.run.smithi121.stdout:/usr/bin/ceph: stderr
2024-04-22T23:23:51.255+0000 7f98892b1700 1 -- 172.21.15.121:0/2285907710 --> [v2:172.21.15.121:3300/0,v1:172.21.15.121:6789/0] -- mon_command({"prefix": "get_command_descriptions"} v 0) v1 -- 0x7f988410a720 con 0x7f9884107060
2024-04-22T23:23:52.037 INFO:teuthology.orchestra.run.smithi121.stdout:/usr/bin/ceph: stderr
2024-04-22T23:23:51.255+0000 7f986bfff700 1 --2- 172.21.15.121:0/2285907710 >> [v2:172.21.15.121:6800/2871683971,v1:172.21.15.121:6801/2871683971] conn(0x7f986c038730 0x7f986c03abf0 unknown :-1 s=NONE pgs=0 cs=0 l=1 rev1=0 crypto rx=0 tx=0 comp rx=0 tx=0).connect
2024-04-22T23:23:52.037 INFO:teuthology.orchestra.run.smithi121.stdout:/usr/bin/ceph: stderr
2024-04-22T23:23:51.255+0000 7f986bfff700 1 -- 172.21.15.121:0/2285907710 <== mon.0 v2:172.21.15.121:3300/0 5 ==== osd_map(2..2 src has 1..2) v4 ==== 940+0+0 (secure 0 0 0) 0x7f987404c7e0 con 0x7f9884107060
2024-04-22T23:23:52.037 INFO:teuthology.orchestra.run.smithi121.stdout:/usr/bin/ceph: stderr
2024-04-22T23:23:51.255+0000 7f98827fc700 1 --2- 172.21.15.121:0/2285907710 >> [v2:172.21.15.121:6800/2871683971,v1:172.21.15.121:6801/2871683971] conn(0x7f986c038730 0x7f986c03abf0 unknown :-1 s=BANNER_CONNECTING pgs=0 cs=0 l=1 rev1=0 crypto rx=0 tx=0 comp rx=0 tx=0)._handle_peer_banner_payload supported=3 required=0
2024-04-22T23:23:52.037 INFO:teuthology.orchestra.run.smithi121.stdout:/usr/bin/ceph: stderr
2024-04-22T23:23:51.256+0000 7f98827fc700 1 --2- 172.21.15.121:0/2285907710 >> [v2:172.21.15.121:6800/2871683971,v1:172.21.15.121:6801/2871683971] conn(0x7f986c038730 0x7f986c03abf0 secure :-1 s=READY pgs=14 cs=0 l=1 rev1=1 crypto rx=0x7f9878006fd0 tx=0x7f9878006e40 comp rx=0 tx=0).ready entity=mgr.14120 client_cookie=0 server_cookie=0 in_seq=0 out_seq=0
2024-04-22T23:23:52.037 INFO:teuthology.orchestra.run.smithi121.stdout:/usr/bin/ceph: stderr
2024-04-22T23:23:51.260+0000 7f986bfff700 1 -- 172.21.15.121:0/2285907710 <== mon.0 v2:172.21.15.121:3300/0 6 ==== mon_command_ack([{"prefix": "get_command_descriptions"}]=0 v0) v1 ==== 72+0+183351 (secure 0 0 0) 0x7f9874022bd0 con 0x7f9884107060
2024-04-22T23:23:52.037 INFO:teuthology.orchestra.run.smithi121.stdout:/usr/bin/ceph: stderr
2024-04-22T23:23:51.482+0000 7f98892b1700 1 -- 172.21.15.121:0/2285907710 --> [v2:172.21.15.121:6800/2871683971,v1:172.21.15.121:6801/2871683971] -- mgr_command(tid 0: {"prefix": "orch apply", "service_type": "crash", "target": ["mon-mgr", ""]}) v1 -- 0x7f9884101ca0 con 0x7f986c038730
2024-04-22T23:23:52.037 INFO:teuthology.orchestra.run.smithi121.stdout:/usr/bin/ceph: stderr
2024-04-22T23:23:51.490+0000 7f986bfff700 1 -- 172.21.15.121:0/2285907710 <== mgr.14120 v2:172.21.15.121:6800/2871683971 1 ==== mgr_command_reply(tid 0: 0 ) v1 ==== 8+0+26 (secure 0 0 0) 0x7f9884101ca0 con 0x7f986c038730
2024-04-22T23:23:52.037 INFO:teuthology.orchestra.run.smithi121.stdout:/usr/bin/ceph: stderr
2024-04-22T23:23:51.492+0000 7f98892b1700 1 -- 172.21.15.121:0/2285907710 >> [v2:172.21.15.121:6800/2871683971,v1:172.21.15.121:6801/2871683971] conn(0x7f986c038730 msgr2=0x7f986c03abf0 secure :-1 s=STATE_CONNECTION_ESTABLISHED l=1).mark_down
2024-04-22T23:23:52.037 INFO:teuthology.orchestra.run.smithi121.stdout:/usr/bin/ceph: stderr
2024-04-22T23:23:51.492+0000 7f98892b1700 1 --2- 172.21.15.121:0/2285907710 >> [v2:172.21.15.121:6800/2871683971,v1:172.21.15.121:6801/2871683971] conn(0x7f986c038730 0x7f986c03abf0 secure :-1 s=READY pgs=14 cs=0 l=1 rev1=1 crypto rx=0x7f9878006fd0 tx=0x7f9878006e40 comp rx=0 tx=0).stop
2024-04-22T23:23:52.037 INFO:teuthology.orchestra.run.smithi121.stdout:/usr/bin/ceph: stderr
2024-04-22T23:23:51.492+0000 7f98892b1700 1 -- 172.21.15.121:0/2285907710 >> [v2:172.21.15.121:3300/0,v1:172.21.15.121:6789/0] conn(0x7f9884107060 msgr2=0x7f988419a370 secure :-1 s=STATE_CONNECTION_ESTABLISHED l=1).mark_down
2024-04-22T23:23:52.037 INFO:teuthology.orchestra.run.smithi121.stdout:/usr/bin/ceph: stderr
2024-04-22T23:23:51.492+0000 7f98892b1700 1 --2- 172.21.15.121:0/2285907710 >> [v2:172.21.15.121:3300/0,v1:172.21.15.121:6789/0] conn(0x7f9884107060 0x7f988419a370 secure :-1 s=READY pgs=52 cs=0 l=1 rev1=1 crypto rx=0x7f9874009fb0 tx=0x7f9874011890 comp rx=0 tx=0).stop
2024-04-22T23:23:52.037 INFO:teuthology.orchestra.run.smithi121.stdout:/usr/bin/ceph: stderr
2024-04-22T23:23:51.492+0000 7f98892b1700 1 -- 172.21.15.121:0/2285907710 shutdown_connections
2024-04-22T23:23:52.038 INFO:teuthology.orchestra.run.smithi121.stdout:/usr/bin/ceph: stderr
2024-04-22T23:23:51.492+0000 7f98892b1700 1 --2- 172.21.15.121:0/2285907710 >> [v2:172.21.15.121:6800/2871683971,v1:172.21.15.121:6801/2871683971] conn(0x7f986c038730 0x7f986c03abf0 unknown :-1 s=CLOSED pgs=14 cs=0 l=1 rev1=1 crypto rx=0 tx=0 comp rx=0 tx=0).stop
2024-04-22T23:23:52.038 INFO:teuthology.orchestra.run.smithi121.stdout:/usr/bin/ceph: stderr
2024-04-22T23:23:51.492+0000 7f98892b1700 1 --2- 172.21.15.121:0/2285907710 >> [v2:172.21.15.121:3300/0,v1:172.21.15.121:6789/0] conn(0x7f9884107060 0x7f988419a370 unknown :-1 s=CLOSED pgs=52 cs=0 l=1 rev1=1 crypto rx=0 tx=0 comp rx=0 tx=0).stop
2024-04-22T23:23:52.038 INFO:teuthology.orchestra.run.smithi121.stdout:/usr/bin/ceph: stderr
2024-04-22T23:23:51.492+0000 7f98892b1700 1 -- 172.21.15.121:0/2285907710 >> 172.21.15.121:0/2285907710 conn(0x7f9884100a70 msgr2=0x7f9884101590 unknown :-1 s=STATE_NONE l=0).mark_down
2024-04-22T23:23:52.038 INFO:teuthology.orchestra.run.smithi121.stdout:/usr/bin/ceph: stderr
2024-04-22T23:23:51.492+0000 7f98892b1700 1 -- 172.21.15.121:0/2285907710 shutdown_connections
2024-04-22T23:23:52.038 INFO:teuthology.orchestra.run.smithi121.stdout:/usr/bin/ceph: stderr
2024-04-22T23:23:51.492+0000 7f98892b1700 1 -- 172.21.15.121:0/2285907710 wait complete.
2024-04-22T23:23:52.038 INFO:teuthology.orchestra.run.smithi121.stdout:Deploying ceph-exporter service with default placement...
2024-04-22T23:23:52.429 INFO:journalctl@ceph.mon.smithi121.smithi121.stdout:Apr 22 23:23:52 smithi121 ceph-mon[26658]: from='mgr.14120 172.21.15.121:0/3231008413' entity='mgr.smithi121.zdcrga'
2024-04-22T23:23:52.429 INFO:journalctl@ceph.mon.smithi121.smithi121.stdout:Apr 22 23:23:52 smithi121 ceph-mon[26658]: from='client.14146 -' entity='client.admin' cmd=[{"prefix": "orch apply", "service_type": "crash", "target": ["mon-mgr", ""]}]: dispatch
2024-04-22T23:23:52.429 INFO:journalctl@ceph.mon.smithi121.smithi121.stdout:Apr 22 23:23:52 smithi121 ceph-mon[26658]: Saving service crash spec with placement *
2024-04-22T23:23:52.429 INFO:journalctl@ceph.mon.smithi121.smithi121.stdout:Apr 22 23:23:52 smithi121 ceph-mon[26658]: from='mgr.14120 172.21.15.121:0/3231008413' entity='mgr.smithi121.zdcrga'
2024-04-22T23:23:53.696 INFO:teuthology.orchestra.run.smithi121.stdout:/usr/bin/ceph: stdout Scheduled ceph-exporter update...
2024-04-22T23:23:53.696 INFO:teuthology.orchestra.run.smithi121.stdout:/usr/bin/ceph: stderr
2024-04-22T23:23:52.460+0000 7f87496aa700 1 Processor -- start
2024-04-22T23:23:53.696 INFO:teuthology.orchestra.run.smithi121.stdout:/usr/bin/ceph: stderr
2024-04-22T23:23:52.460+0000 7f87496aa700 1 -- start start
2024-04-22T23:23:53.696 INFO:teuthology.orchestra.run.smithi121.stdout:/usr/bin/ceph: stderr
2024-04-22T23:23:52.460+0000 7f87496aa700 1 --2- >> [v2:172.21.15.121:3300/0,v1:172.21.15.121:6789/0] conn(0x7f87441065b0 0x7f87441069d0 unknown :-1 s=NONE pgs=0 cs=0 l=0 rev1=0 crypto rx=0 tx=0 comp rx=0 tx=0).connect
2024-04-22T23:23:53.696 INFO:teuthology.orchestra.run.smithi121.stdout:/usr/bin/ceph: stderr
2024-04-22T23:23:52.460+0000 7f87496aa700 1 -- --> [v2:172.21.15.121:3300/0,v1:172.21.15.121:6789/0] -- mon_getmap magic: 0 v1 -- 0x7f8744106fa0 con 0x7f87441065b0
2024-04-22T23:23:53.696 INFO:teuthology.orchestra.run.smithi121.stdout:/usr/bin/ceph: stderr
2024-04-22T23:23:52.461+0000 7f8742ffd700 1 --2- >> [v2:172.21.15.121:3300/0,v1:172.21.15.121:6789/0] conn(0x7f87441065b0 0x7f87441069d0 unknown :-1 s=BANNER_CONNECTING pgs=0 cs=0 l=0 rev1=0 crypto rx=0 tx=0 comp rx=0 tx=0)._handle_peer_banner_payload supported=3 required=0
2024-04-22T23:23:53.696 INFO:teuthology.orchestra.run.smithi121.stdout:/usr/bin/ceph: stderr
2024-04-22T23:23:52.461+0000 7f8742ffd700 1 --2- >> [v2:172.21.15.121:3300/0,v1:172.21.15.121:6789/0] conn(0x7f87441065b0 0x7f87441069d0 unknown :-1 s=HELLO_CONNECTING pgs=0 cs=0 l=0 rev1=1 crypto rx=0 tx=0 comp rx=0 tx=0).handle_hello peer v2:172.21.15.121:3300/0 says I am v2:172.21.15.121:55768/0 (socket says 172.21.15.121:55768)
2024-04-22T23:23:53.696 INFO:teuthology.orchestra.run.smithi121.stdout:/usr/bin/ceph: stderr
2024-04-22T23:23:52.461+0000 7f8742ffd700 1 -- 172.21.15.121:0/1198902623 learned_addr learned my addr 172.21.15.121:0/1198902623 (peer_addr_for_me v2:172.21.15.121:0/0)
2024-04-22T23:23:53.696 INFO:teuthology.orchestra.run.smithi121.stdout:/usr/bin/ceph: stderr
2024-04-22T23:23:52.461+0000 7f8742ffd700 1 -- 172.21.15.121:0/1198902623 --> [v2:172.21.15.121:3300/0,v1:172.21.15.121:6789/0] -- mon_subscribe({config=0+,monmap=0+}) v3 -- 0x7f87441077b0 con 0x7f87441065b0
2024-04-22T23:23:53.696 INFO:teuthology.orchestra.run.smithi121.stdout:/usr/bin/ceph: stderr
2024-04-22T23:23:52.461+0000 7f8742ffd700 1 --2- 172.21.15.121:0/1198902623 >> [v2:172.21.15.121:3300/0,v1:172.21.15.121:6789/0] conn(0x7f87441065b0 0x7f87441069d0 secure :-1 s=READY pgs=53 cs=0 l=1 rev1=1 crypto rx=0x7f87340098a0 tx=0x7f8734009bb0 comp rx=0 tx=0).ready entity=mon.0 client_cookie=cb09b98aaac4e24a server_cookie=0 in_seq=0 out_seq=0
2024-04-22T23:23:53.697 INFO:teuthology.orchestra.run.smithi121.stdout:/usr/bin/ceph: stderr
2024-04-22T23:23:52.461+0000 7f8741ffb700 1 -- 172.21.15.121:0/1198902623 <== mon.0 v2:172.21.15.121:3300/0 1 ==== mon_map magic: 0 v1 ==== 229+0+0 (secure 0 0 0) 0x7f8734004180 con 0x7f87441065b0
2024-04-22T23:23:53.697 INFO:teuthology.orchestra.run.smithi121.stdout:/usr/bin/ceph: stderr
2024-04-22T23:23:52.461+0000 7f8741ffb700 1 -- 172.21.15.121:0/1198902623 <== mon.0 v2:172.21.15.121:3300/0 2 ==== config(27 keys) v1 ==== 1109+0+0 (secure 0 0 0) 0x7f87340042e0 con 0x7f87441065b0
2024-04-22T23:23:53.697 INFO:teuthology.orchestra.run.smithi121.stdout:/usr/bin/ceph: stderr
2024-04-22T23:23:52.461+0000 7f8741ffb700 1 -- 172.21.15.121:0/1198902623 <== mon.0 v2:172.21.15.121:3300/0 3 ==== mon_map magic: 0 v1 ==== 229+0+0 (secure 0 0 0) 0x7f8734011b10 con 0x7f87441065b0
2024-04-22T23:23:53.697 INFO:teuthology.orchestra.run.smithi121.stdout:/usr/bin/ceph: stderr
2024-04-22T23:23:52.462+0000 7f87496aa700 1 -- 172.21.15.121:0/1198902623 >> [v2:172.21.15.121:3300/0,v1:172.21.15.121:6789/0] conn(0x7f87441065b0 msgr2=0x7f87441069d0 secure :-1 s=STATE_CONNECTION_ESTABLISHED l=1).mark_down
2024-04-22T23:23:53.697 INFO:teuthology.orchestra.run.smithi121.stdout:/usr/bin/ceph: stderr
2024-04-22T23:23:52.462+0000 7f87496aa700 1 --2- 172.21.15.121:0/1198902623 >> [v2:172.21.15.121:3300/0,v1:172.21.15.121:6789/0] conn(0x7f87441065b0 0x7f87441069d0 secure :-1 s=READY pgs=53 cs=0 l=1 rev1=1 crypto rx=0x7f87340098a0 tx=0x7f8734009bb0 comp rx=0 tx=0).stop
2024-04-22T23:23:53.697 INFO:teuthology.orchestra.run.smithi121.stdout:/usr/bin/ceph: stderr
2024-04-22T23:23:52.462+0000 7f87496aa700 1 -- 172.21.15.121:0/1198902623 shutdown_connections
2024-04-22T23:23:53.697 INFO:teuthology.orchestra.run.smithi121.stdout:/usr/bin/ceph: stderr
2024-04-22T23:23:52.462+0000 7f87496aa700 1 --2- 172.21.15.121:0/1198902623 >> [v2:172.21.15.121:3300/0,v1:172.21.15.121:6789/0] conn(0x7f87441065b0 0x7f87441069d0 unknown :-1 s=CLOSED pgs=53 cs=0 l=1 rev1=1 crypto rx=0 tx=0 comp rx=0 tx=0).stop
2024-04-22T23:23:53.697 INFO:teuthology.orchestra.run.smithi121.stdout:/usr/bin/ceph: stderr
2024-04-22T23:23:52.462+0000 7f87496aa700 1 -- 172.21.15.121:0/1198902623 >> 172.21.15.121:0/1198902623 conn(0x7f8744101bd0 msgr2=0x7f8744103ff0 unknown :-1 s=STATE_NONE l=0).mark_down
2024-04-22T23:23:53.697 INFO:teuthology.orchestra.run.smithi121.stdout:/usr/bin/ceph: stderr
2024-04-22T23:23:52.462+0000 7f87496aa700 1 -- 172.21.15.121:0/1198902623 shutdown_connections
2024-04-22T23:23:53.697 INFO:teuthology.orchestra.run.smithi121.stdout:/usr/bin/ceph: stderr
2024-04-22T23:23:52.462+0000 7f87496aa700 1 -- 172.21.15.121:0/1198902623 wait complete.
2024-04-22T23:23:53.697 INFO:teuthology.orchestra.run.smithi121.stdout:/usr/bin/ceph: stderr
2024-04-22T23:23:52.462+0000 7f87496aa700 1 Processor -- start
2024-04-22T23:23:53.697 INFO:teuthology.orchestra.run.smithi121.stdout:/usr/bin/ceph: stderr
2024-04-22T23:23:52.463+0000 7f87496aa700 1 -- start start
2024-04-22T23:23:53.697 INFO:teuthology.orchestra.run.smithi121.stdout:/usr/bin/ceph: stderr
2024-04-22T23:23:52.463+0000 7f87496aa700 1 --2- >> [v2:172.21.15.121:3300/0,v1:172.21.15.121:6789/0] conn(0x7f87441065b0 0x7f874419a360 unknown :-1 s=NONE pgs=0 cs=0 l=1 rev1=0 crypto rx=0 tx=0 comp rx=0 tx=0).connect
2024-04-22T23:23:53.697 INFO:teuthology.orchestra.run.smithi121.stdout:/usr/bin/ceph: stderr
2024-04-22T23:23:52.463+0000 7f87496aa700 1 -- --> [v2:172.21.15.121:3300/0,v1:172.21.15.121:6789/0] -- mon_getmap magic: 0 v1 -- 0x7f874419a8a0 con 0x7f87441065b0
2024-04-22T23:23:53.697 INFO:teuthology.orchestra.run.smithi121.stdout:/usr/bin/ceph: stderr
2024-04-22T23:23:52.463+0000 7f8742ffd700 1 --2- >> [v2:172.21.15.121:3300/0,v1:172.21.15.121:6789/0] conn(0x7f87441065b0 0x7f874419a360 unknown :-1 s=BANNER_CONNECTING pgs=0 cs=0 l=1 rev1=0 crypto rx=0 tx=0 comp rx=0 tx=0)._handle_peer_banner_payload supported=3 required=0
2024-04-22T23:23:53.698 INFO:teuthology.orchestra.run.smithi121.stdout:/usr/bin/ceph: stderr
2024-04-22T23:23:52.463+0000 7f8742ffd700 1 --2- >> [v2:172.21.15.121:3300/0,v1:172.21.15.121:6789/0] conn(0x7f87441065b0 0x7f874419a360 unknown :-1 s=HELLO_CONNECTING pgs=0 cs=0 l=1 rev1=1 crypto rx=0 tx=0 comp rx=0 tx=0).handle_hello peer v2:172.21.15.121:3300/0 says I am v2:172.21.15.121:55778/0 (socket says 172.21.15.121:55778)
2024-04-22T23:23:53.698 INFO:teuthology.orchestra.run.smithi121.stdout:/usr/bin/ceph: stderr
2024-04-22T23:23:52.463+0000 7f8742ffd700 1 -- 172.21.15.121:0/474969289 learned_addr learned my addr 172.21.15.121:0/474969289 (peer_addr_for_me v2:172.21.15.121:0/0)
2024-04-22T23:23:53.698 INFO:teuthology.orchestra.run.smithi121.stdout:/usr/bin/ceph: stderr
2024-04-22T23:23:52.463+0000 7f8742ffd700 1 -- 172.21.15.121:0/474969289 --> [v2:172.21.15.121:3300/0,v1:172.21.15.121:6789/0] -- mon_subscribe({config=0+,monmap=0+}) v3 -- 0x7f8734009550 con 0x7f87441065b0
2024-04-22T23:23:53.698 INFO:teuthology.orchestra.run.smithi121.stdout:/usr/bin/ceph: stderr
2024-04-22T23:23:52.463+0000 7f8742ffd700 1 --2- 172.21.15.121:0/474969289 >> [v2:172.21.15.121:3300/0,v1:172.21.15.121:6789/0] conn(0x7f87441065b0 0x7f874419a360 secure :-1 s=READY pgs=54 cs=0 l=1 rev1=1 crypto rx=0x7f87340117b0 tx=0x7f8734011890 comp rx=0 tx=0).ready entity=mon.0 client_cookie=0 server_cookie=0 in_seq=0 out_seq=0
2024-04-22T23:23:53.698 INFO:teuthology.orchestra.run.smithi121.stdout:/usr/bin/ceph: stderr
2024-04-22T23:23:52.463+0000 7f872bfff700 1 -- 172.21.15.121:0/474969289 <== mon.0 v2:172.21.15.121:3300/0 1 ==== mon_map magic: 0 v1 ==== 229+0+0 (secure 0 0 0) 0x7f87340038b0 con 0x7f87441065b0
2024-04-22T23:23:53.698 INFO:teuthology.orchestra.run.smithi121.stdout:/usr/bin/ceph: stderr
2024-04-22T23:23:52.463+0000 7f872bfff700 1 -- 172.21.15.121:0/474969289 <== mon.0 v2:172.21.15.121:3300/0 2 ==== config(27 keys) v1 ==== 1109+0+0 (secure 0 0 0) 0x7f8734003a10 con 0x7f87441065b0
2024-04-22T23:23:53.698 INFO:teuthology.orchestra.run.smithi121.stdout:/usr/bin/ceph: stderr
2024-04-22T23:23:52.463+0000 7f87496aa700 1 -- 172.21.15.121:0/474969289 --> [v2:172.21.15.121:3300/0,v1:172.21.15.121:6789/0] -- mon_subscribe({mgrmap=0+}) v3 -- 0x7f874419aaa0 con 0x7f87441065b0
2024-04-22T23:23:53.698 INFO:teuthology.orchestra.run.smithi121.stdout:/usr/bin/ceph: stderr
2024-04-22T23:23:52.463+0000 7f872bfff700 1 -- 172.21.15.121:0/474969289 <== mon.0 v2:172.21.15.121:3300/0 3 ==== mon_map magic: 0 v1 ==== 229+0+0 (secure 0 0 0) 0x7f87340246e0 con 0x7f87441065b0
2024-04-22T23:23:53.698 INFO:teuthology.orchestra.run.smithi121.stdout:/usr/bin/ceph: stderr
2024-04-22T23:23:52.463+0000 7f87496aa700 1 -- 172.21.15.121:0/474969289 --> [v2:172.21.15.121:3300/0,v1:172.21.15.121:6789/0] -- mon_subscribe({osdmap=0}) v3 -- 0x7f874419af40 con 0x7f87441065b0
2024-04-22T23:23:53.698 INFO:teuthology.orchestra.run.smithi121.stdout:/usr/bin/ceph: stderr
2024-04-22T23:23:52.464+0000 7f872bfff700 1 -- 172.21.15.121:0/474969289 <== mon.0 v2:172.21.15.121:3300/0 4 ==== mgrmap(e 8) v1 ==== 45556+0+0 (secure 0 0 0) 0x7f873402d3f0 con 0x7f87441065b0
2024-04-22T23:23:53.698 INFO:teuthology.orchestra.run.smithi121.stdout:/usr/bin/ceph: stderr
2024-04-22T23:23:52.464+0000 7f872bfff700 1 --2- 172.21.15.121:0/474969289 >> [v2:172.21.15.121:6800/2871683971,v1:172.21.15.121:6801/2871683971] conn(0x7f872c038770 0x7f872c03ac30 unknown :-1 s=NONE pgs=0 cs=0 l=1 rev1=0 crypto rx=0 tx=0 comp rx=0 tx=0).connect
2024-04-22T23:23:53.698 INFO:teuthology.orchestra.run.smithi121.stdout:/usr/bin/ceph: stderr
2024-04-22T23:23:52.464+0000 7f872bfff700 1 -- 172.21.15.121:0/474969289 <== mon.0 v2:172.21.15.121:3300/0 5 ==== osd_map(2..2 src has 1..2) v4 ==== 940+0+0 (secure 0 0 0) 0x7f873404c9e0 con 0x7f87441065b0
2024-04-22T23:23:53.698 INFO:teuthology.orchestra.run.smithi121.stdout:/usr/bin/ceph: stderr
2024-04-22T23:23:52.464+0000 7f87496aa700 1 -- 172.21.15.121:0/474969289 --> [v2:172.21.15.121:3300/0,v1:172.21.15.121:6789/0] -- mon_command({"prefix": "get_command_descriptions"} v 0) v1 -- 0x7f8744062510 con 0x7f87441065b0
2024-04-22T23:23:53.699 INFO:teuthology.orchestra.run.smithi121.stdout:/usr/bin/ceph: stderr
2024-04-22T23:23:52.464+0000 7f87427fc700 1 --2- 172.21.15.121:0/474969289 >> [v2:172.21.15.121:6800/2871683971,v1:172.21.15.121:6801/2871683971] conn(0x7f872c038770 0x7f872c03ac30 unknown :-1 s=BANNER_CONNECTING pgs=0 cs=0 l=1 rev1=0 crypto rx=0 tx=0 comp rx=0 tx=0)._handle_peer_banner_payload supported=3 required=0
2024-04-22T23:23:53.699 INFO:teuthology.orchestra.run.smithi121.stdout:/usr/bin/ceph: stderr
2024-04-22T23:23:52.465+0000 7f87427fc700 1 --2- 172.21.15.121:0/474969289 >> [v2:172.21.15.121:6800/2871683971,v1:172.21.15.121:6801/2871683971] conn(0x7f872c038770 0x7f872c03ac30 secure :-1 s=READY pgs=15 cs=0 l=1 rev1=1 crypto rx=0x7f8738006fd0 tx=0x7f8738006e40 comp rx=0 tx=0).ready entity=mgr.14120 client_cookie=0 server_cookie=0 in_seq=0 out_seq=0
2024-04-22T23:23:53.699 INFO:teuthology.orchestra.run.smithi121.stdout:/usr/bin/ceph: stderr
2024-04-22T23:23:52.469+0000 7f872bfff700 1 -- 172.21.15.121:0/474969289 <== mon.0 v2:172.21.15.121:3300/0 6 ==== mon_command_ack([{"prefix": "get_command_descriptions"}]=0 v0) v1 ==== 72+0+183351 (secure 0 0 0) 0x7f873402d6f0 con 0x7f87441065b0
2024-04-22T23:23:53.699 INFO:teuthology.orchestra.run.smithi121.stdout:/usr/bin/ceph: stderr
2024-04-22T23:23:52.685+0000 7f87496aa700 1 -- 172.21.15.121:0/474969289 --> [v2:172.21.15.121:6800/2871683971,v1:172.21.15.121:6801/2871683971] -- mgr_command(tid 0: {"prefix": "orch apply", "service_type": "ceph-exporter", "target": ["mon-mgr", ""]}) v1 -- 0x7f874410a980 con 0x7f872c038770
2024-04-22T23:23:53.699 INFO:teuthology.orchestra.run.smithi121.stdout:/usr/bin/ceph: stderr
2024-04-22T23:23:52.692+0000 7f872bfff700 1 -- 172.21.15.121:0/474969289 <== mgr.14120 v2:172.21.15.121:6800/2871683971 1 ==== mgr_command_reply(tid 0: 0 ) v1 ==== 8+0+34 (secure 0 0 0) 0x7f874410a980 con 0x7f872c038770
2024-04-22T23:23:53.699 INFO:teuthology.orchestra.run.smithi121.stdout:/usr/bin/ceph: stderr
2024-04-22T23:23:52.694+0000 7f87496aa700 1 -- 172.21.15.121:0/474969289 >> [v2:172.21.15.121:6800/2871683971,v1:172.21.15.121:6801/2871683971] conn(0x7f872c038770 msgr2=0x7f872c03ac30 secure :-1 s=STATE_CONNECTION_ESTABLISHED l=1).mark_down
2024-04-22T23:23:53.699 INFO:teuthology.orchestra.run.smithi121.stdout:/usr/bin/ceph: stderr
2024-04-22T23:23:52.694+0000 7f87496aa700 1 --2- 172.21.15.121:0/474969289 >> [v2:172.21.15.121:6800/2871683971,v1:172.21.15.121:6801/2871683971] conn(0x7f872c038770 0x7f872c03ac30 secure :-1 s=READY pgs=15 cs=0 l=1 rev1=1 crypto rx=0x7f8738006fd0 tx=0x7f8738006e40 comp rx=0 tx=0).stop
2024-04-22T23:23:53.699 INFO:teuthology.orchestra.run.smithi121.stdout:/usr/bin/ceph: stderr
2024-04-22T23:23:52.694+0000 7f87496aa700 1 -- 172.21.15.121:0/474969289 >> [v2:172.21.15.121:3300/0,v1:172.21.15.121:6789/0] conn(0x7f87441065b0 msgr2=0x7f874419a360 secure :-1 s=STATE_CONNECTION_ESTABLISHED l=1).mark_down
2024-04-22T23:23:53.699 INFO:teuthology.orchestra.run.smithi121.stdout:/usr/bin/ceph: stderr
2024-04-22T23:23:52.694+0000 7f87496aa700 1 --2- 172.21.15.121:0/474969289 >> [v2:172.21.15.121:3300/0,v1:172.21.15.121:6789/0] conn(0x7f87441065b0 0x7f874419a360 secure :-1 s=READY pgs=54 cs=0 l=1 rev1=1 crypto rx=0x7f87340117b0 tx=0x7f8734011890 comp rx=0 tx=0).stop
2024-04-22T23:23:53.699 INFO:teuthology.orchestra.run.smithi121.stdout:/usr/bin/ceph: stderr
2024-04-22T23:23:52.694+0000 7f87496aa700 1 -- 172.21.15.121:0/474969289 shutdown_connections
2024-04-22T23:23:53.699 INFO:teuthology.orchestra.run.smithi121.stdout:/usr/bin/ceph: stderr
2024-04-22T23:23:52.694+0000 7f87496aa700 1 --2- 172.21.15.121:0/474969289 >> [v2:172.21.15.121:6800/2871683971,v1:172.21.15.121:6801/2871683971] conn(0x7f872c038770 0x7f872c03ac30 unknown :-1 s=CLOSED pgs=15 cs=0 l=1 rev1=1 crypto rx=0 tx=0 comp rx=0 tx=0).stop
2024-04-22T23:23:53.699 INFO:teuthology.orchestra.run.smithi121.stdout:/usr/bin/ceph: stderr
2024-04-22T23:23:52.694+0000 7f87496aa700 1 --2- 172.21.15.121:0/474969289 >> [v2:172.21.15.121:3300/0,v1:172.21.15.121:6789/0] conn(0x7f87441065b0 0x7f874419a360 unknown :-1 s=CLOSED pgs=54 cs=0 l=1 rev1=1 crypto rx=0 tx=0 comp rx=0 tx=0).stop
2024-04-22T23:23:53.699 INFO:teuthology.orchestra.run.smithi121.stdout:/usr/bin/ceph: stderr
2024-04-22T23:23:52.694+0000 7f87496aa700 1 -- 172.21.15.121:0/474969289 >> 172.21.15.121:0/474969289 conn(0x7f8744101bd0 msgr2=0x7f8744102780 unknown :-1 s=STATE_NONE l=0).mark_down
2024-04-22T23:23:53.699 INFO:teuthology.orchestra.run.smithi121.stdout:/usr/bin/ceph: stderr
2024-04-22T23:23:52.695+0000 7f87496aa700 1 -- 172.21.15.121:0/474969289 shutdown_connections
2024-04-22T23:23:53.699 INFO:teuthology.orchestra.run.smithi121.stdout:/usr/bin/ceph: stderr
2024-04-22T23:23:52.695+0000 7f87496aa700 1 -- 172.21.15.121:0/474969289 wait complete.
2024-04-22T23:23:53.699 INFO:teuthology.orchestra.run.smithi121.stdout:Deploying prometheus service with default placement...
2024-04-22T23:23:53.818 INFO:journalctl@ceph.mon.smithi121.smithi121.stdout:Apr 22 23:23:53 smithi121 ceph-mon[26658]: from='client.14148 -' entity='client.admin' cmd=[{"prefix": "orch apply", "service_type": "ceph-exporter", "target": ["mon-mgr", ""]}]: dispatch
2024-04-22T23:23:53.819 INFO:journalctl@ceph.mon.smithi121.smithi121.stdout:Apr 22 23:23:53 smithi121 ceph-mon[26658]: Saving service ceph-exporter spec with placement *
2024-04-22T23:23:53.819 INFO:journalctl@ceph.mon.smithi121.smithi121.stdout:Apr 22 23:23:53 smithi121 ceph-mon[26658]: from='mgr.14120 172.21.15.121:0/3231008413' entity='mgr.smithi121.zdcrga'
2024-04-22T23:23:55.045 INFO:teuthology.orchestra.run.smithi121.stdout:/usr/bin/ceph: stdout Scheduled prometheus update...
2024-04-22T23:23:55.045 INFO:teuthology.orchestra.run.smithi121.stdout:/usr/bin/ceph: stderr
2024-04-22T23:23:54.129+0000 7fcdff80f700 1 Processor -- start
2024-04-22T23:23:55.045 INFO:teuthology.orchestra.run.smithi121.stdout:/usr/bin/ceph: stderr
2024-04-22T23:23:54.129+0000 7fcdff80f700 1 -- start start
2024-04-22T23:23:55.045 INFO:teuthology.orchestra.run.smithi121.stdout:/usr/bin/ceph: stderr
2024-04-22T23:23:54.130+0000 7fcdff80f700 1 --2- >> [v2:172.21.15.121:3300/0,v1:172.21.15.121:6789/0] conn(0x7fcdf81054b0 0x7fcdf81058d0 unknown :-1 s=NONE pgs=0 cs=0 l=0 rev1=0 crypto rx=0 tx=0 comp rx=0 tx=0).connect
2024-04-22T23:23:55.046 INFO:teuthology.orchestra.run.smithi121.stdout:/usr/bin/ceph: stderr
2024-04-22T23:23:54.130+0000 7fcdff80f700 1 -- --> [v2:172.21.15.121:3300/0,v1:172.21.15.121:6789/0] -- mon_getmap magic: 0 v1 -- 0x7fcdf8105ea0 con 0x7fcdf81054b0
2024-04-22T23:23:55.046 INFO:teuthology.orchestra.run.smithi121.stdout:/usr/bin/ceph: stderr
2024-04-22T23:23:54.130+0000 7fcdfd5ab700 1 --2- >> [v2:172.21.15.121:3300/0,v1:172.21.15.121:6789/0] conn(0x7fcdf81054b0 0x7fcdf81058d0 unknown :-1 s=BANNER_CONNECTING pgs=0 cs=0 l=0 rev1=0 crypto rx=0 tx=0 comp rx=0 tx=0)._handle_peer_banner_payload supported=3 required=0
2024-04-22T23:23:55.046 INFO:teuthology.orchestra.run.smithi121.stdout:/usr/bin/ceph: stderr
2024-04-22T23:23:54.130+0000 7fcdfd5ab700 1 --2- >> [v2:172.21.15.121:3300/0,v1:172.21.15.121:6789/0] conn(0x7fcdf81054b0 0x7fcdf81058d0 unknown :-1 s=HELLO_CONNECTING pgs=0 cs=0 l=0 rev1=1 crypto rx=0 tx=0 comp rx=0 tx=0).handle_hello peer v2:172.21.15.121:3300/0 says I am v2:172.21.15.121:55780/0 (socket says 172.21.15.121:55780)
2024-04-22T23:23:55.046 INFO:teuthology.orchestra.run.smithi121.stdout:/usr/bin/ceph: stderr
2024-04-22T23:23:54.130+0000 7fcdfd5ab700 1 -- 172.21.15.121:0/2910985601 learned_addr learned my addr 172.21.15.121:0/2910985601 (peer_addr_for_me v2:172.21.15.121:0/0)
2024-04-22T23:23:55.046 INFO:teuthology.orchestra.run.smithi121.stdout:/usr/bin/ceph: stderr
2024-04-22T23:23:54.130+0000 7fcdfd5ab700 1 -- 172.21.15.121:0/2910985601 --> [v2:172.21.15.121:3300/0,v1:172.21.15.121:6789/0] -- mon_subscribe({config=0+,monmap=0+}) v3 -- 0x7fcdf81066b0 con 0x7fcdf81054b0
2024-04-22T23:23:55.046 INFO:teuthology.orchestra.run.smithi121.stdout:/usr/bin/ceph: stderr
2024-04-22T23:23:54.130+0000 7fcdfd5ab700 1 --2- 172.21.15.121:0/2910985601 >> [v2:172.21.15.121:3300/0,v1:172.21.15.121:6789/0] conn(0x7fcdf81054b0 0x7fcdf81058d0 secure :-1 s=READY pgs=55 cs=0 l=1 rev1=1 crypto rx=0x7fcde80098a0 tx=0x7fcde8009bb0 comp rx=0 tx=0).ready entity=mon.0 client_cookie=b85cedc5588b95e4 server_cookie=0 in_seq=0 out_seq=0
2024-04-22T23:23:55.046 INFO:teuthology.orchestra.run.smithi121.stdout:/usr/bin/ceph: stderr
2024-04-22T23:23:54.130+0000 7fcdeffff700 1 -- 172.21.15.121:0/2910985601 <== mon.0 v2:172.21.15.121:3300/0 1 ==== mon_map magic: 0 v1 ==== 229+0+0 (secure 0 0 0) 0x7fcde8004180 con 0x7fcdf81054b0
2024-04-22T23:23:55.046 INFO:teuthology.orchestra.run.smithi121.stdout:/usr/bin/ceph: stderr
2024-04-22T23:23:54.130+0000 7fcdeffff700 1 -- 172.21.15.121:0/2910985601 <== mon.0 v2:172.21.15.121:3300/0 2 ==== config(27 keys) v1 ==== 1109+0+0 (secure 0 0 0) 0x7fcde80042e0 con 0x7fcdf81054b0
2024-04-22T23:23:55.046 INFO:teuthology.orchestra.run.smithi121.stdout:/usr/bin/ceph: stderr
2024-04-22T23:23:54.130+0000 7fcdeffff700 1 -- 172.21.15.121:0/2910985601 <== mon.0 v2:172.21.15.121:3300/0 3 ==== mon_map magic: 0 v1 ==== 229+0+0 (secure 0 0 0) 0x7fcde8011b10 con 0x7fcdf81054b0
2024-04-22T23:23:55.046 INFO:teuthology.orchestra.run.smithi121.stdout:/usr/bin/ceph: stderr
2024-04-22T23:23:54.131+0000 7fcdff80f700 1 -- 172.21.15.121:0/2910985601 >> [v2:172.21.15.121:3300/0,v1:172.21.15.121:6789/0] conn(0x7fcdf81054b0 msgr2=0x7fcdf81058d0 secure :-1 s=STATE_CONNECTION_ESTABLISHED l=1).mark_down
2024-04-22T23:23:55.046 INFO:teuthology.orchestra.run.smithi121.stdout:/usr/bin/ceph: stderr
2024-04-22T23:23:54.131+0000 7fcdff80f700 1 --2- 172.21.15.121:0/2910985601 >> [v2:172.21.15.121:3300/0,v1:172.21.15.121:6789/0] conn(0x7fcdf81054b0 0x7fcdf81058d0 secure :-1 s=READY pgs=55 cs=0 l=1 rev1=1 crypto rx=0x7fcde80098a0 tx=0x7fcde8009bb0 comp rx=0 tx=0).stop
2024-04-22T23:23:55.046 INFO:teuthology.orchestra.run.smithi121.stdout:/usr/bin/ceph: stderr
2024-04-22T23:23:54.131+0000 7fcdff80f700 1 -- 172.21.15.121:0/2910985601 shutdown_connections
2024-04-22T23:23:55.046 INFO:teuthology.orchestra.run.smithi121.stdout:/usr/bin/ceph: stderr
2024-04-22T23:23:54.131+0000 7fcdff80f700 1 --2- 172.21.15.121:0/2910985601 >> [v2:172.21.15.121:3300/0,v1:172.21.15.121:6789/0] conn(0x7fcdf81054b0 0x7fcdf81058d0 unknown :-1 s=CLOSED pgs=55 cs=0 l=1 rev1=1 crypto rx=0 tx=0 comp rx=0 tx=0).stop
2024-04-22T23:23:55.046 INFO:teuthology.orchestra.run.smithi121.stdout:/usr/bin/ceph: stderr
2024-04-22T23:23:54.131+0000 7fcdff80f700 1 -- 172.21.15.121:0/2910985601 >> 172.21.15.121:0/2910985601 conn(0x7fcdf8100a50 msgr2=0x7fcdf8102e90 unknown :-1 s=STATE_NONE l=0).mark_down
2024-04-22T23:23:55.047 INFO:teuthology.orchestra.run.smithi121.stdout:/usr/bin/ceph: stderr
2024-04-22T23:23:54.131+0000 7fcdff80f700 1 -- 172.21.15.121:0/2910985601 shutdown_connections
2024-04-22T23:23:55.047 INFO:teuthology.orchestra.run.smithi121.stdout:/usr/bin/ceph: stderr
2024-04-22T23:23:54.131+0000 7fcdff80f700 1 -- 172.21.15.121:0/2910985601 wait complete.
2024-04-22T23:23:55.047 INFO:teuthology.orchestra.run.smithi121.stdout:/usr/bin/ceph: stderr
2024-04-22T23:23:54.132+0000 7fcdff80f700 1 Processor -- start
2024-04-22T23:23:55.047 INFO:teuthology.orchestra.run.smithi121.stdout:/usr/bin/ceph: stderr
2024-04-22T23:23:54.132+0000 7fcdff80f700 1 -- start start
2024-04-22T23:23:55.047 INFO:teuthology.orchestra.run.smithi121.stdout:/usr/bin/ceph: stderr
2024-04-22T23:23:54.132+0000 7fcdff80f700 1 --2- >> [v2:172.21.15.121:3300/0,v1:172.21.15.121:6789/0] conn(0x7fcdf81054b0 0x7fcdf819a470 unknown :-1 s=NONE pgs=0 cs=0 l=1 rev1=0 crypto rx=0 tx=0 comp rx=0 tx=0).connect
2024-04-22T23:23:55.047 INFO:teuthology.orchestra.run.smithi121.stdout:/usr/bin/ceph: stderr
2024-04-22T23:23:54.132+0000 7fcdff80f700 1 -- --> [v2:172.21.15.121:3300/0,v1:172.21.15.121:6789/0] -- mon_getmap magic: 0 v1 -- 0x7fcdf819a9b0 con 0x7fcdf81054b0
2024-04-22T23:23:55.047 INFO:teuthology.orchestra.run.smithi121.stdout:/usr/bin/ceph: stderr
2024-04-22T23:23:54.132+0000 7fcdfd5ab700 1 --2- >> [v2:172.21.15.121:3300/0,v1:172.21.15.121:6789/0] conn(0x7fcdf81054b0 0x7fcdf819a470 unknown :-1 s=BANNER_CONNECTING pgs=0 cs=0 l=1 rev1=0 crypto rx=0 tx=0 comp rx=0 tx=0)._handle_peer_banner_payload supported=3 required=0
2024-04-22T23:23:55.047 INFO:teuthology.orchestra.run.smithi121.stdout:/usr/bin/ceph: stderr
2024-04-22T23:23:54.132+0000 7fcdfd5ab700 1 --2- >> [v2:172.21.15.121:3300/0,v1:172.21.15.121:6789/0] conn(0x7fcdf81054b0 0x7fcdf819a470 unknown :-1 s=HELLO_CONNECTING pgs=0 cs=0 l=1 rev1=1 crypto rx=0 tx=0 comp rx=0 tx=0).handle_hello peer v2:172.21.15.121:3300/0 says I am v2:172.21.15.121:55784/0 (socket says 172.21.15.121:55784)
2024-04-22T23:23:55.047 INFO:teuthology.orchestra.run.smithi121.stdout:/usr/bin/ceph: stderr
2024-04-22T23:23:54.132+0000 7fcdfd5ab700 1 -- 172.21.15.121:0/1989184361 learned_addr learned my addr 172.21.15.121:0/1989184361 (peer_addr_for_me v2:172.21.15.121:0/0)
2024-04-22T23:23:55.047 INFO:teuthology.orchestra.run.smithi121.stdout:/usr/bin/ceph: stderr
2024-04-22T23:23:54.132+0000 7fcdfd5ab700 1 -- 172.21.15.121:0/1989184361 --> [v2:172.21.15.121:3300/0,v1:172.21.15.121:6789/0] -- mon_subscribe({config=0+,monmap=0+}) v3 -- 0x7fcde8009550 con 0x7fcdf81054b0
2024-04-22T23:23:55.047 INFO:teuthology.orchestra.run.smithi121.stdout:/usr/bin/ceph: stderr
2024-04-22T23:23:54.132+0000 7fcdfd5ab700 1 --2- 172.21.15.121:0/1989184361 >> [v2:172.21.15.121:3300/0,v1:172.21.15.121:6789/0] conn(0x7fcdf81054b0 0x7fcdf819a470 secure :-1 s=READY pgs=56 cs=0 l=1 rev1=1 crypto rx=0x7fcde8009fb0 tx=0x7fcde8011890 comp rx=0 tx=0).ready entity=mon.0 client_cookie=0 server_cookie=0 in_seq=0 out_seq=0
2024-04-22T23:23:55.047 INFO:teuthology.orchestra.run.smithi121.stdout:/usr/bin/ceph: stderr
2024-04-22T23:23:54.133+0000 7fcdee7fc700 1 -- 172.21.15.121:0/1989184361 <== mon.0 v2:172.21.15.121:3300/0 1 ==== mon_map magic: 0 v1 ==== 229+0+0 (secure 0 0 0) 0x7fcde80038b0 con 0x7fcdf81054b0
2024-04-22T23:23:55.047 INFO:teuthology.orchestra.run.smithi121.stdout:/usr/bin/ceph: stderr
2024-04-22T23:23:54.133+0000 7fcdee7fc700 1 -- 172.21.15.121:0/1989184361 <== mon.0 v2:172.21.15.121:3300/0 2 ==== config(27 keys) v1 ==== 1109+0+0 (secure 0 0 0) 0x7fcde8003a10 con 0x7fcdf81054b0
2024-04-22T23:23:55.047 INFO:teuthology.orchestra.run.smithi121.stdout:/usr/bin/ceph: stderr
2024-04-22T23:23:54.133+0000 7fcdff80f700 1 -- 172.21.15.121:0/1989184361 --> [v2:172.21.15.121:3300/0,v1:172.21.15.121:6789/0] -- mon_subscribe({mgrmap=0+}) v3 -- 0x7fcdf819abb0 con 0x7fcdf81054b0
2024-04-22T23:23:55.047 INFO:teuthology.orchestra.run.smithi121.stdout:/usr/bin/ceph: stderr
2024-04-22T23:23:54.133+0000 7fcdee7fc700 1 -- 172.21.15.121:0/1989184361 <== mon.0 v2:172.21.15.121:3300/0 3 ==== mon_map magic: 0 v1 ==== 229+0+0 (secure 0 0 0) 0x7fcde8019770 con 0x7fcdf81054b0
2024-04-22T23:23:55.048 INFO:teuthology.orchestra.run.smithi121.stdout:/usr/bin/ceph: stderr
