2024-04-22T23:26:14.724 INFO:teuthology.orchestra.run.smithi107.stdout:/usr/bin/ceph: stderr
2024-04-22T23:26:13.788+0000 7fb08561f700 1 --2- >> [v2:172.21.15.107:3300/0,v1:172.21.15.107:6789/0] conn(0x7fb080102930 0x7fb080102d40 unknown :-1 s=BANNER_CONNECTING pgs=0 cs=0 l=0 rev1=0 crypto rx=0 tx=0 comp rx=0 tx=0)._handle_peer_banner_payload supported=3 required=0
2024-04-22T23:26:14.724 INFO:teuthology.orchestra.run.smithi107.stdout:/usr/bin/ceph: stderr
2024-04-22T23:26:13.788+0000 7fb08561f700 1 --2- >> [v2:172.21.15.107:3300/0,v1:172.21.15.107:6789/0] conn(0x7fb080102930 0x7fb080102d40 unknown :-1 s=HELLO_CONNECTING pgs=0 cs=0 l=0 rev1=1 crypto rx=0 tx=0 comp rx=0 tx=0).handle_hello peer v2:172.21.15.107:3300/0 says I am v2:172.21.15.107:34094/0 (socket says 172.21.15.107:34094)
2024-04-22T23:26:14.725 INFO:teuthology.orchestra.run.smithi107.stdout:/usr/bin/ceph: stderr
2024-04-22T23:26:13.788+0000 7fb08561f700 1 -- 172.21.15.107:0/2576888696 learned_addr learned my addr 172.21.15.107:0/2576888696 (peer_addr_for_me v2:172.21.15.107:0/0)
2024-04-22T23:26:14.725 INFO:teuthology.orchestra.run.smithi107.stdout:/usr/bin/ceph: stderr
2024-04-22T23:26:13.788+0000 7fb08561f700 1 -- 172.21.15.107:0/2576888696 --> [v2:172.21.15.107:3300/0,v1:172.21.15.107:6789/0] -- mon_subscribe({config=0+,monmap=0+}) v3 -- 0x7fb0801033c0 con 0x7fb080102930
2024-04-22T23:26:14.725 INFO:teuthology.orchestra.run.smithi107.stdout:/usr/bin/ceph: stderr
2024-04-22T23:26:13.789+0000 7fb08561f700 1 --2- 172.21.15.107:0/2576888696 >> [v2:172.21.15.107:3300/0,v1:172.21.15.107:6789/0] conn(0x7fb080102930 0x7fb080102d40 secure :-1 s=READY pgs=51 cs=0 l=1 rev1=1 crypto rx=0x7fb07c0098e0 tx=0x7fb07c009250 comp rx=0 tx=0).ready entity=mon.0 client_cookie=5d2d631ba8d76045 server_cookie=0 in_seq=0 out_seq=0
2024-04-22T23:26:14.725 INFO:teuthology.orchestra.run.smithi107.stdout:/usr/bin/ceph: stderr
2024-04-22T23:26:13.789+0000 7fb077fff700 1 -- 172.21.15.107:0/2576888696 <== mon.0 v2:172.21.15.107:3300/0 1 ==== mon_map magic: 0 v1 ==== 229+0+0 (secure 0 0 0) 0x7fb07c00b8f0 con 0x7fb080102930
2024-04-22T23:26:14.725 INFO:teuthology.orchestra.run.smithi107.stdout:/usr/bin/ceph: stderr
2024-04-22T23:26:13.789+0000 7fb077fff700 1 -- 172.21.15.107:0/2576888696 <== mon.0 v2:172.21.15.107:3300/0 2 ==== config(27 keys) v1 ==== 1109+0+0 (secure 0 0 0) 0x7fb07c011420 con 0x7fb080102930
2024-04-22T23:26:14.725 INFO:teuthology.orchestra.run.smithi107.stdout:/usr/bin/ceph: stderr
2024-04-22T23:26:13.789+0000 7fb077fff700 1 -- 172.21.15.107:0/2576888696 <== mon.0 v2:172.21.15.107:3300/0 3 ==== mon_map magic: 0 v1 ==== 229+0+0 (secure 0 0 0) 0x7fb07c010540 con 0x7fb080102930
2024-04-22T23:26:14.725 INFO:teuthology.orchestra.run.smithi107.stdout:/usr/bin/ceph: stderr
2024-04-22T23:26:13.789+0000 7fb087883700 1 -- 172.21.15.107:0/2576888696 >> [v2:172.21.15.107:3300/0,v1:172.21.15.107:6789/0] conn(0x7fb080102930 msgr2=0x7fb080102d40 secure :-1 s=STATE_CONNECTION_ESTABLISHED l=1).mark_down
2024-04-22T23:26:14.725 INFO:teuthology.orchestra.run.smithi107.stdout:/usr/bin/ceph: stderr
2024-04-22T23:26:13.789+0000 7fb087883700 1 --2- 172.21.15.107:0/2576888696 >> [v2:172.21.15.107:3300/0,v1:172.21.15.107:6789/0] conn(0x7fb080102930 0x7fb080102d40 secure :-1 s=READY pgs=51 cs=0 l=1 rev1=1 crypto rx=0x7fb07c0098e0 tx=0x7fb07c009250 comp rx=0 tx=0).stop
2024-04-22T23:26:14.725 INFO:teuthology.orchestra.run.smithi107.stdout:/usr/bin/ceph: stderr
2024-04-22T23:26:13.789+0000 7fb087883700 1 -- 172.21.15.107:0/2576888696 shutdown_connections
2024-04-22T23:26:14.725 INFO:teuthology.orchestra.run.smithi107.stdout:/usr/bin/ceph: stderr
2024-04-22T23:26:13.789+0000 7fb087883700 1 --2- 172.21.15.107:0/2576888696 >> [v2:172.21.15.107:3300/0,v1:172.21.15.107:6789/0] conn(0x7fb080102930 0x7fb080102d40 unknown :-1 s=CLOSED pgs=51 cs=0 l=1 rev1=1 crypto rx=0 tx=0 comp rx=0 tx=0).stop
2024-04-22T23:26:14.725 INFO:teuthology.orchestra.run.smithi107.stdout:/usr/bin/ceph: stderr
2024-04-22T23:26:13.789+0000 7fb087883700 1 -- 172.21.15.107:0/2576888696 >> 172.21.15.107:0/2576888696 conn(0x7fb0800fe140 msgr2=0x7fb080100550 unknown :-1 s=STATE_NONE l=0).mark_down
2024-04-22T23:26:14.725 INFO:teuthology.orchestra.run.smithi107.stdout:/usr/bin/ceph: stderr
2024-04-22T23:26:13.790+0000 7fb087883700 1 -- 172.21.15.107:0/2576888696 shutdown_connections
2024-04-22T23:26:14.725 INFO:teuthology.orchestra.run.smithi107.stdout:/usr/bin/ceph: stderr
2024-04-22T23:26:13.790+0000 7fb087883700 1 -- 172.21.15.107:0/2576888696 wait complete.
2024-04-22T23:26:14.725 INFO:teuthology.orchestra.run.smithi107.stdout:/usr/bin/ceph: stderr
2024-04-22T23:26:13.790+0000 7fb087883700 1 Processor -- start
2024-04-22T23:26:14.726 INFO:teuthology.orchestra.run.smithi107.stdout:/usr/bin/ceph: stderr
2024-04-22T23:26:13.790+0000 7fb087883700 1 -- start start
2024-04-22T23:26:14.726 INFO:teuthology.orchestra.run.smithi107.stdout:/usr/bin/ceph: stderr
2024-04-22T23:26:13.790+0000 7fb087883700 1 --2- >> [v2:172.21.15.107:3300/0,v1:172.21.15.107:6789/0] conn(0x7fb080102930 0x7fb0801116f0 unknown :-1 s=NONE pgs=0 cs=0 l=1 rev1=0 crypto rx=0 tx=0 comp rx=0 tx=0).connect
2024-04-22T23:26:14.726 INFO:teuthology.orchestra.run.smithi107.stdout:/usr/bin/ceph: stderr
2024-04-22T23:26:13.790+0000 7fb087883700 1 -- --> [v2:172.21.15.107:3300/0,v1:172.21.15.107:6789/0] -- mon_getmap magic: 0 v1 -- 0x7fb080111c30 con 0x7fb080102930
2024-04-22T23:26:14.726 INFO:teuthology.orchestra.run.smithi107.stdout:/usr/bin/ceph: stderr
2024-04-22T23:26:13.790+0000 7fb08561f700 1 --2- >> [v2:172.21.15.107:3300/0,v1:172.21.15.107:6789/0] conn(0x7fb080102930 0x7fb0801116f0 unknown :-1 s=BANNER_CONNECTING pgs=0 cs=0 l=1 rev1=0 crypto rx=0 tx=0 comp rx=0 tx=0)._handle_peer_banner_payload supported=3 required=0
2024-04-22T23:26:14.726 INFO:teuthology.orchestra.run.smithi107.stdout:/usr/bin/ceph: stderr
2024-04-22T23:26:13.790+0000 7fb08561f700 1 --2- >> [v2:172.21.15.107:3300/0,v1:172.21.15.107:6789/0] conn(0x7fb080102930 0x7fb0801116f0 unknown :-1 s=HELLO_CONNECTING pgs=0 cs=0 l=1 rev1=1 crypto rx=0 tx=0 comp rx=0 tx=0).handle_hello peer v2:172.21.15.107:3300/0 says I am v2:172.21.15.107:34110/0 (socket says 172.21.15.107:34110)
2024-04-22T23:26:14.726 INFO:teuthology.orchestra.run.smithi107.stdout:/usr/bin/ceph: stderr
2024-04-22T23:26:13.790+0000 7fb08561f700 1 -- 172.21.15.107:0/4060050595 learned_addr learned my addr 172.21.15.107:0/4060050595 (peer_addr_for_me v2:172.21.15.107:0/0)
2024-04-22T23:26:14.726 INFO:teuthology.orchestra.run.smithi107.stdout:/usr/bin/ceph: stderr
2024-04-22T23:26:13.791+0000 7fb08561f700 1 -- 172.21.15.107:0/4060050595 --> [v2:172.21.15.107:3300/0,v1:172.21.15.107:6789/0] -- mon_subscribe({config=0+,monmap=0+}) v3 -- 0x7fb07c0094f0 con 0x7fb080102930
2024-04-22T23:26:14.726 INFO:teuthology.orchestra.run.smithi107.stdout:/usr/bin/ceph: stderr
2024-04-22T23:26:13.791+0000 7fb08561f700 1 --2- 172.21.15.107:0/4060050595 >> [v2:172.21.15.107:3300/0,v1:172.21.15.107:6789/0] conn(0x7fb080102930 0x7fb0801116f0 secure :-1 s=READY pgs=52 cs=0 l=1 rev1=1 crypto rx=0x7fb07c006b00 tx=0x7fb07c009250 comp rx=0 tx=0).ready entity=mon.0 client_cookie=0 server_cookie=0 in_seq=0 out_seq=0
2024-04-22T23:26:14.726 INFO:teuthology.orchestra.run.smithi107.stdout:/usr/bin/ceph: stderr
2024-04-22T23:26:13.791+0000 7fb075ffb700 1 -- 172.21.15.107:0/4060050595 <== mon.0 v2:172.21.15.107:3300/0 1 ==== mon_map magic: 0 v1 ==== 229+0+0 (secure 0 0 0) 0x7fb07c010800 con 0x7fb080102930
2024-04-22T23:26:14.726 INFO:teuthology.orchestra.run.smithi107.stdout:/usr/bin/ceph: stderr
2024-04-22T23:26:13.791+0000 7fb075ffb700 1 -- 172.21.15.107:0/4060050595 <== mon.0 v2:172.21.15.107:3300/0 2 ==== config(27 keys) v1 ==== 1109+0+0 (secure 0 0 0) 0x7fb07c010e30 con 0x7fb080102930
2024-04-22T23:26:14.726 INFO:teuthology.orchestra.run.smithi107.stdout:/usr/bin/ceph: stderr
2024-04-22T23:26:13.791+0000 7fb087883700 1 -- 172.21.15.107:0/4060050595 --> [v2:172.21.15.107:3300/0,v1:172.21.15.107:6789/0] -- mon_subscribe({mgrmap=0+}) v3 -- 0x7fb080111e30 con 0x7fb080102930
2024-04-22T23:26:14.726 INFO:teuthology.orchestra.run.smithi107.stdout:/usr/bin/ceph: stderr
2024-04-22T23:26:13.791+0000 7fb075ffb700 1 -- 172.21.15.107:0/4060050595 <== mon.0 v2:172.21.15.107:3300/0 3 ==== mon_map magic: 0 v1 ==== 229+0+0 (secure 0 0 0) 0x7fb07c01ae40 con 0x7fb080102930
2024-04-22T23:26:14.726 INFO:teuthology.orchestra.run.smithi107.stdout:/usr/bin/ceph: stderr
2024-04-22T23:26:13.791+0000 7fb087883700 1 -- 172.21.15.107:0/4060050595 --> [v2:172.21.15.107:3300/0,v1:172.21.15.107:6789/0] -- mon_subscribe({osdmap=0}) v3 -- 0x7fb0801129a0 con 0x7fb080102930
2024-04-22T23:26:14.726 INFO:teuthology.orchestra.run.smithi107.stdout:/usr/bin/ceph: stderr
2024-04-22T23:26:13.792+0000 7fb075ffb700 1 -- 172.21.15.107:0/4060050595 <== mon.0 v2:172.21.15.107:3300/0 4 ==== mgrmap(e 8) v1 ==== 43376+0+0 (secure 0 0 0) 0x7fb07c010960 con 0x7fb080102930
2024-04-22T23:26:14.726 INFO:teuthology.orchestra.run.smithi107.stdout:/usr/bin/ceph: stderr
2024-04-22T23:26:13.792+0000 7fb075ffb700 1 --2- 172.21.15.107:0/4060050595 >> [v2:172.21.15.107:6800/307474287,v1:172.21.15.107:6801/307474287] conn(0x7fb06c036720 0x7fb06c038bd0 unknown :-1 s=NONE pgs=0 cs=0 l=1 rev1=0 crypto rx=0 tx=0 comp rx=0 tx=0).connect
2024-04-22T23:26:14.727 INFO:teuthology.orchestra.run.smithi107.stdout:/usr/bin/ceph: stderr
2024-04-22T23:26:13.792+0000 7fb087883700 1 -- 172.21.15.107:0/4060050595 --> [v2:172.21.15.107:3300/0,v1:172.21.15.107:6789/0] -- mon_command({"prefix": "get_command_descriptions"} v 0) v1 -- 0x7fb08005f5f0 con 0x7fb080102930
2024-04-22T23:26:14.727 INFO:teuthology.orchestra.run.smithi107.stdout:/usr/bin/ceph: stderr
2024-04-22T23:26:13.792+0000 7fb075ffb700 1 -- 172.21.15.107:0/4060050595 <== mon.0 v2:172.21.15.107:3300/0 5 ==== osd_map(2..2 src has 1..2) v4 ==== 936+0+0 (secure 0 0 0) 0x7fb07c04a660 con 0x7fb080102930
2024-04-22T23:26:14.727 INFO:teuthology.orchestra.run.smithi107.stdout:/usr/bin/ceph: stderr
2024-04-22T23:26:13.792+0000 7fb084e1e700 1 --2- 172.21.15.107:0/4060050595 >> [v2:172.21.15.107:6800/307474287,v1:172.21.15.107:6801/307474287] conn(0x7fb06c036720 0x7fb06c038bd0 unknown :-1 s=BANNER_CONNECTING pgs=0 cs=0 l=1 rev1=0 crypto rx=0 tx=0 comp rx=0 tx=0)._handle_peer_banner_payload supported=3 required=0
2024-04-22T23:26:14.727 INFO:teuthology.orchestra.run.smithi107.stdout:/usr/bin/ceph: stderr
2024-04-22T23:26:13.793+0000 7fb084e1e700 1 --2- 172.21.15.107:0/4060050595 >> [v2:172.21.15.107:6800/307474287,v1:172.21.15.107:6801/307474287] conn(0x7fb06c036720 0x7fb06c038bd0 secure :-1 s=READY pgs=15 cs=0 l=1 rev1=1 crypto rx=0x7fb070009990 tx=0x7fb070006e40 comp rx=0 tx=0).ready entity=mgr.14118 client_cookie=0 server_cookie=0 in_seq=0 out_seq=0
2024-04-22T23:26:14.727 INFO:teuthology.orchestra.run.smithi107.stdout:/usr/bin/ceph: stderr
2024-04-22T23:26:13.797+0000 7fb075ffb700 1 -- 172.21.15.107:0/4060050595 <== mon.0 v2:172.21.15.107:3300/0 6 ==== mon_command_ack([{"prefix": "get_command_descriptions"}]=0 v0) v1 ==== 72+0+176702 (secure 0 0 0) 0x7fb07c02e440 con 0x7fb080102930
2024-04-22T23:26:14.727 INFO:teuthology.orchestra.run.smithi107.stdout:/usr/bin/ceph: stderr
2024-04-22T23:26:13.996+0000 7fb087883700 1 -- 172.21.15.107:0/4060050595 --> [v2:172.21.15.107:6800/307474287,v1:172.21.15.107:6801/307474287] -- mgr_command(tid 0: {"prefix": "orch apply", "service_type": "prometheus", "target": ["mon-mgr", ""]}) v1 -- 0x7fb0800ff380 con 0x7fb06c036720
2024-04-22T23:26:14.727 INFO:teuthology.orchestra.run.smithi107.stdout:/usr/bin/ceph: stderr
2024-04-22T23:26:14.003+0000 7fb075ffb700 1 -- 172.21.15.107:0/4060050595 <== mgr.14118 v2:172.21.15.107:6800/307474287 1 ==== mgr_command_reply(tid 0: 0 ) v1 ==== 8+0+31 (secure 0 0 0) 0x7fb0800ff380 con 0x7fb06c036720
2024-04-22T23:26:14.727 INFO:teuthology.orchestra.run.smithi107.stdout:/usr/bin/ceph: stderr
2024-04-22T23:26:14.005+0000 7fb087883700 1 -- 172.21.15.107:0/4060050595 >> [v2:172.21.15.107:6800/307474287,v1:172.21.15.107:6801/307474287] conn(0x7fb06c036720 msgr2=0x7fb06c038bd0 secure :-1 s=STATE_CONNECTION_ESTABLISHED l=1).mark_down
2024-04-22T23:26:14.727 INFO:teuthology.orchestra.run.smithi107.stdout:/usr/bin/ceph: stderr
2024-04-22T23:26:14.005+0000 7fb087883700 1 --2- 172.21.15.107:0/4060050595 >> [v2:172.21.15.107:6800/307474287,v1:172.21.15.107:6801/307474287] conn(0x7fb06c036720 0x7fb06c038bd0 secure :-1 s=READY pgs=15 cs=0 l=1 rev1=1 crypto rx=0x7fb070009990 tx=0x7fb070006e40 comp rx=0 tx=0).stop
2024-04-22T23:26:14.727 INFO:teuthology.orchestra.run.smithi107.stdout:/usr/bin/ceph: stderr
2024-04-22T23:26:14.005+0000 7fb087883700 1 -- 172.21.15.107:0/4060050595 >> [v2:172.21.15.107:3300/0,v1:172.21.15.107:6789/0] conn(0x7fb080102930 msgr2=0x7fb0801116f0 secure :-1 s=STATE_CONNECTION_ESTABLISHED l=1).mark_down
2024-04-22T23:26:14.727 INFO:teuthology.orchestra.run.smithi107.stdout:/usr/bin/ceph: stderr
2024-04-22T23:26:14.005+0000 7fb087883700 1 --2- 172.21.15.107:0/4060050595 >> [v2:172.21.15.107:3300/0,v1:172.21.15.107:6789/0] conn(0x7fb080102930 0x7fb0801116f0 secure :-1 s=READY pgs=52 cs=0 l=1 rev1=1 crypto rx=0x7fb07c006b00 tx=0x7fb07c009250 comp rx=0 tx=0).stop
2024-04-22T23:26:14.727 INFO:teuthology.orchestra.run.smithi107.stdout:/usr/bin/ceph: stderr
2024-04-22T23:26:14.005+0000 7fb087883700 1 -- 172.21.15.107:0/4060050595 shutdown_connections
2024-04-22T23:26:14.727 INFO:teuthology.orchestra.run.smithi107.stdout:/usr/bin/ceph: stderr
2024-04-22T23:26:14.005+0000 7fb087883700 1 --2- 172.21.15.107:0/4060050595 >> [v2:172.21.15.107:6800/307474287,v1:172.21.15.107:6801/307474287] conn(0x7fb06c036720 0x7fb06c038bd0 unknown :-1 s=CLOSED pgs=15 cs=0 l=1 rev1=1 crypto rx=0 tx=0 comp rx=0 tx=0).stop
2024-04-22T23:26:14.727 INFO:teuthology.orchestra.run.smithi107.stdout:/usr/bin/ceph: stderr
2024-04-22T23:26:14.005+0000 7fb087883700 1 --2- 172.21.15.107:0/4060050595 >> [v2:172.21.15.107:3300/0,v1:172.21.15.107:6789/0] conn(0x7fb080102930 0x7fb0801116f0 unknown :-1 s=CLOSED pgs=52 cs=0 l=1 rev1=1 crypto rx=0 tx=0 comp rx=0 tx=0).stop
2024-04-22T23:26:14.728 INFO:teuthology.orchestra.run.smithi107.stdout:/usr/bin/ceph: stderr
2024-04-22T23:26:14.005+0000 7fb087883700 1 -- 172.21.15.107:0/4060050595 >> 172.21.15.107:0/4060050595 conn(0x7fb0800fe140 msgr2=0x7fb0800fec70 unknown :-1 s=STATE_NONE l=0).mark_down
2024-04-22T23:26:14.728 INFO:teuthology.orchestra.run.smithi107.stdout:/usr/bin/ceph: stderr
2024-04-22T23:26:14.005+0000 7fb087883700 1 -- 172.21.15.107:0/4060050595 shutdown_connections
2024-04-22T23:26:14.728 INFO:teuthology.orchestra.run.smithi107.stdout:/usr/bin/ceph: stderr
2024-04-22T23:26:14.005+0000 7fb087883700 1 -- 172.21.15.107:0/4060050595 wait complete.
2024-04-22T23:26:14.728 INFO:teuthology.orchestra.run.smithi107.stdout:Deploying grafana service with default placement...
2024-04-22T23:26:15.399 INFO:journalctl@ceph.mon.smithi107.smithi107.stdout:Apr 22 23:26:15 smithi107 ceph-mon[26355]: from='client.14146 -' entity='client.admin' cmd=[{"prefix": "orch apply", "service_type": "prometheus", "target": ["mon-mgr", ""]}]: dispatch
2024-04-22T23:26:15.399 INFO:journalctl@ceph.mon.smithi107.smithi107.stdout:Apr 22 23:26:15 smithi107 ceph-mon[26355]: Saving service prometheus spec with placement count:1
2024-04-22T23:26:15.399 INFO:journalctl@ceph.mon.smithi107.smithi107.stdout:Apr 22 23:26:15 smithi107 ceph-mon[26355]: from='mgr.14118 172.21.15.107:0/4176396201' entity='mgr.smithi107.uipxvm'
2024-04-22T23:26:16.023 INFO:teuthology.orchestra.run.smithi107.stdout:/usr/bin/ceph: stdout Scheduled grafana update...
2024-04-22T23:26:16.023 INFO:teuthology.orchestra.run.smithi107.stdout:/usr/bin/ceph: stderr
2024-04-22T23:26:15.183+0000 7f341226b700 1 Processor -- start
2024-04-22T23:26:16.024 INFO:teuthology.orchestra.run.smithi107.stdout:/usr/bin/ceph: stderr
2024-04-22T23:26:15.183+0000 7f341226b700 1 -- start start
2024-04-22T23:26:16.024 INFO:teuthology.orchestra.run.smithi107.stdout:/usr/bin/ceph: stderr
2024-04-22T23:26:15.183+0000 7f341226b700 1 --2- >> [v2:172.21.15.107:3300/0,v1:172.21.15.107:6789/0] conn(0x7f340c100c90 0x7f340c1010a0 unknown :-1 s=NONE pgs=0 cs=0 l=0 rev1=0 crypto rx=0 tx=0 comp rx=0 tx=0).connect
2024-04-22T23:26:16.024 INFO:teuthology.orchestra.run.smithi107.stdout:/usr/bin/ceph: stderr
2024-04-22T23:26:15.183+0000 7f341226b700 1 -- --> [v2:172.21.15.107:3300/0,v1:172.21.15.107:6789/0] -- mon_getmap magic: 0 v1 -- 0x7f340c1015e0 con 0x7f340c100c90
2024-04-22T23:26:16.024 INFO:teuthology.orchestra.run.smithi107.stdout:/usr/bin/ceph: stderr
2024-04-22T23:26:15.183+0000 7f340bfff700 1 --2- >> [v2:172.21.15.107:3300/0,v1:172.21.15.107:6789/0] conn(0x7f340c100c90 0x7f340c1010a0 unknown :-1 s=BANNER_CONNECTING pgs=0 cs=0 l=0 rev1=0 crypto rx=0 tx=0 comp rx=0 tx=0)._handle_peer_banner_payload supported=3 required=0
2024-04-22T23:26:16.024 INFO:teuthology.orchestra.run.smithi107.stdout:/usr/bin/ceph: stderr
2024-04-22T23:26:15.183+0000 7f340bfff700 1 --2- >> [v2:172.21.15.107:3300/0,v1:172.21.15.107:6789/0] conn(0x7f340c100c90 0x7f340c1010a0 unknown :-1 s=HELLO_CONNECTING pgs=0 cs=0 l=0 rev1=1 crypto rx=0 tx=0 comp rx=0 tx=0).handle_hello peer v2:172.21.15.107:3300/0 says I am v2:172.21.15.107:34114/0 (socket says 172.21.15.107:34114)
2024-04-22T23:26:16.024 INFO:teuthology.orchestra.run.smithi107.stdout:/usr/bin/ceph: stderr
2024-04-22T23:26:15.183+0000 7f340bfff700 1 -- 172.21.15.107:0/1363098582 learned_addr learned my addr 172.21.15.107:0/1363098582 (peer_addr_for_me v2:172.21.15.107:0/0)
2024-04-22T23:26:16.024 INFO:teuthology.orchestra.run.smithi107.stdout:/usr/bin/ceph: stderr
2024-04-22T23:26:15.183+0000 7f340bfff700 1 -- 172.21.15.107:0/1363098582 --> [v2:172.21.15.107:3300/0,v1:172.21.15.107:6789/0] -- mon_subscribe({config=0+,monmap=0+}) v3 -- 0x7f340c101720 con 0x7f340c100c90
2024-04-22T23:26:16.024 INFO:teuthology.orchestra.run.smithi107.stdout:/usr/bin/ceph: stderr
2024-04-22T23:26:15.183+0000 7f340bfff700 1 --2- 172.21.15.107:0/1363098582 >> [v2:172.21.15.107:3300/0,v1:172.21.15.107:6789/0] conn(0x7f340c100c90 0x7f340c1010a0 secure :-1 s=READY pgs=53 cs=0 l=1 rev1=1 crypto rx=0x7f33fc0098e0 tx=0x7f33fc009250 comp rx=0 tx=0).ready entity=mon.0 client_cookie=acb035dc96822590 server_cookie=0 in_seq=0 out_seq=0
2024-04-22T23:26:16.024 INFO:teuthology.orchestra.run.smithi107.stdout:/usr/bin/ceph: stderr
2024-04-22T23:26:15.184+0000 7f340affd700 1 -- 172.21.15.107:0/1363098582 <== mon.0 v2:172.21.15.107:3300/0 1 ==== mon_map magic: 0 v1 ==== 229+0+0 (secure 0 0 0) 0x7f33fc00b860 con 0x7f340c100c90
2024-04-22T23:26:16.024 INFO:teuthology.orchestra.run.smithi107.stdout:/usr/bin/ceph: stderr
2024-04-22T23:26:15.184+0000 7f340affd700 1 -- 172.21.15.107:0/1363098582 <== mon.0 v2:172.21.15.107:3300/0 2 ==== config(27 keys) v1 ==== 1109+0+0 (secure 0 0 0) 0x7f33fc00be90 con 0x7f340c100c90
2024-04-22T23:26:16.024 INFO:teuthology.orchestra.run.smithi107.stdout:/usr/bin/ceph: stderr
2024-04-22T23:26:15.184+0000 7f340affd700 1 -- 172.21.15.107:0/1363098582 <== mon.0 v2:172.21.15.107:3300/0 3 ==== mon_map magic: 0 v1 ==== 229+0+0 (secure 0 0 0) 0x7f33fc0103c0 con 0x7f340c100c90
2024-04-22T23:26:16.024 INFO:teuthology.orchestra.run.smithi107.stdout:/usr/bin/ceph: stderr
2024-04-22T23:26:15.184+0000 7f341226b700 1 -- 172.21.15.107:0/1363098582 >> [v2:172.21.15.107:3300/0,v1:172.21.15.107:6789/0] conn(0x7f340c100c90 msgr2=0x7f340c1010a0 secure :-1 s=STATE_CONNECTION_ESTABLISHED l=1).mark_down
2024-04-22T23:26:16.024 INFO:teuthology.orchestra.run.smithi107.stdout:/usr/bin/ceph: stderr
2024-04-22T23:26:15.184+0000 7f341226b700 1 --2- 172.21.15.107:0/1363098582 >> [v2:172.21.15.107:3300/0,v1:172.21.15.107:6789/0] conn(0x7f340c100c90 0x7f340c1010a0 secure :-1 s=READY pgs=53 cs=0 l=1 rev1=1 crypto rx=0x7f33fc0098e0 tx=0x7f33fc009250 comp rx=0 tx=0).stop
2024-04-22T23:26:16.024 INFO:teuthology.orchestra.run.smithi107.stdout:/usr/bin/ceph: stderr
2024-04-22T23:26:15.184+0000 7f341226b700 1 -- 172.21.15.107:0/1363098582 shutdown_connections
2024-04-22T23:26:16.025 INFO:teuthology.orchestra.run.smithi107.stdout:/usr/bin/ceph: stderr
2024-04-22T23:26:15.184+0000 7f341226b700 1 --2- 172.21.15.107:0/1363098582 >> [v2:172.21.15.107:3300/0,v1:172.21.15.107:6789/0] conn(0x7f340c100c90 0x7f340c1010a0 unknown :-1 s=CLOSED pgs=53 cs=0 l=1 rev1=1 crypto rx=0 tx=0 comp rx=0 tx=0).stop
2024-04-22T23:26:16.025 INFO:teuthology.orchestra.run.smithi107.stdout:/usr/bin/ceph: stderr
2024-04-22T23:26:15.184+0000 7f341226b700 1 -- 172.21.15.107:0/1363098582 >> 172.21.15.107:0/1363098582 conn(0x7f340c0fc6b0 msgr2=0x7f340c0feae0 unknown :-1 s=STATE_NONE l=0).mark_down
2024-04-22T23:26:16.025 INFO:teuthology.orchestra.run.smithi107.stdout:/usr/bin/ceph: stderr
2024-04-22T23:26:15.184+0000 7f341226b700 1 -- 172.21.15.107:0/1363098582 shutdown_connections
2024-04-22T23:26:16.025 INFO:teuthology.orchestra.run.smithi107.stdout:/usr/bin/ceph: stderr
2024-04-22T23:26:15.184+0000 7f341226b700 1 -- 172.21.15.107:0/1363098582 wait complete.
2024-04-22T23:26:16.025 INFO:teuthology.orchestra.run.smithi107.stdout:/usr/bin/ceph: stderr
2024-04-22T23:26:15.185+0000 7f341226b700 1 Processor -- start
2024-04-22T23:26:16.025 INFO:teuthology.orchestra.run.smithi107.stdout:/usr/bin/ceph: stderr
2024-04-22T23:26:15.185+0000 7f341226b700 1 -- start start
2024-04-22T23:26:16.025 INFO:teuthology.orchestra.run.smithi107.stdout:/usr/bin/ceph: stderr
2024-04-22T23:26:15.185+0000 7f341226b700 1 --2- >> [v2:172.21.15.107:3300/0,v1:172.21.15.107:6789/0] conn(0x7f340c100c90 0x7f340c1116c0 unknown :-1 s=NONE pgs=0 cs=0 l=1 rev1=0 crypto rx=0 tx=0 comp rx=0 tx=0).connect
2024-04-22T23:26:16.025 INFO:teuthology.orchestra.run.smithi107.stdout:/usr/bin/ceph: stderr
2024-04-22T23:26:15.185+0000 7f341226b700 1 -- --> [v2:172.21.15.107:3300/0,v1:172.21.15.107:6789/0] -- mon_getmap magic: 0 v1 -- 0x7f340c111c00 con 0x7f340c100c90
2024-04-22T23:26:16.025 INFO:teuthology.orchestra.run.smithi107.stdout:/usr/bin/ceph: stderr
2024-04-22T23:26:15.185+0000 7f340bfff700 1 --2- >> [v2:172.21.15.107:3300/0,v1:172.21.15.107:6789/0] conn(0x7f340c100c90 0x7f340c1116c0 unknown :-1 s=BANNER_CONNECTING pgs=0 cs=0 l=1 rev1=0 crypto rx=0 tx=0 comp rx=0 tx=0)._handle_peer_banner_payload supported=3 required=0
2024-04-22T23:26:16.025 INFO:teuthology.orchestra.run.smithi107.stdout:/usr/bin/ceph: stderr
2024-04-22T23:26:15.185+0000 7f340bfff700 1 --2- >> [v2:172.21.15.107:3300/0,v1:172.21.15.107:6789/0] conn(0x7f340c100c90 0x7f340c1116c0 unknown :-1 s=HELLO_CONNECTING pgs=0 cs=0 l=1 rev1=1 crypto rx=0 tx=0 comp rx=0 tx=0).handle_hello peer v2:172.21.15.107:3300/0 says I am v2:172.21.15.107:34128/0 (socket says 172.21.15.107:34128)
2024-04-22T23:26:16.025 INFO:teuthology.orchestra.run.smithi107.stdout:/usr/bin/ceph: stderr
2024-04-22T23:26:15.185+0000 7f340bfff700 1 -- 172.21.15.107:0/3703318968 learned_addr learned my addr 172.21.15.107:0/3703318968 (peer_addr_for_me v2:172.21.15.107:0/0)
2024-04-22T23:26:16.025 INFO:teuthology.orchestra.run.smithi107.stdout:/usr/bin/ceph: stderr
2024-04-22T23:26:15.185+0000 7f340bfff700 1 -- 172.21.15.107:0/3703318968 --> [v2:172.21.15.107:3300/0,v1:172.21.15.107:6789/0] -- mon_subscribe({config=0+,monmap=0+}) v3 -- 0x7f33fc0094f0 con 0x7f340c100c90
2024-04-22T23:26:16.025 INFO:teuthology.orchestra.run.smithi107.stdout:/usr/bin/ceph: stderr
2024-04-22T23:26:15.186+0000 7f340bfff700 1 --2- 172.21.15.107:0/3703318968 >> [v2:172.21.15.107:3300/0,v1:172.21.15.107:6789/0] conn(0x7f340c100c90 0x7f340c1116c0 secure :-1 s=READY pgs=54 cs=0 l=1 rev1=1 crypto rx=0x7f33fc011650 tx=0x7f33fc009250 comp rx=0 tx=0).ready entity=mon.0 client_cookie=0 server_cookie=0 in_seq=0 out_seq=0
2024-04-22T23:26:16.025 INFO:teuthology.orchestra.run.smithi107.stdout:/usr/bin/ceph: stderr
2024-04-22T23:26:15.186+0000 7f3408ff9700 1 -- 172.21.15.107:0/3703318968 <== mon.0 v2:172.21.15.107:3300/0 1 ==== mon_map magic: 0 v1 ==== 229+0+0 (secure 0 0 0) 0x7f33fc010890 con 0x7f340c100c90
2024-04-22T23:26:16.026 INFO:teuthology.orchestra.run.smithi107.stdout:/usr/bin/ceph: stderr
2024-04-22T23:26:15.186+0000 7f3408ff9700 1 -- 172.21.15.107:0/3703318968 <== mon.0 v2:172.21.15.107:3300/0 2 ==== config(27 keys) v1 ==== 1109+0+0 (secure 0 0 0) 0x7f33fc010ec0 con 0x7f340c100c90
2024-04-22T23:26:16.026 INFO:teuthology.orchestra.run.smithi107.stdout:/usr/bin/ceph: stderr
2024-04-22T23:26:15.186+0000 7f341226b700 1 -- 172.21.15.107:0/3703318968 --> [v2:172.21.15.107:3300/0,v1:172.21.15.107:6789/0] -- mon_subscribe({mgrmap=0+}) v3 -- 0x7f340c111e00 con 0x7f340c100c90
2024-04-22T23:26:16.026 INFO:teuthology.orchestra.run.smithi107.stdout:/usr/bin/ceph: stderr
2024-04-22T23:26:15.186+0000 7f3408ff9700 1 -- 172.21.15.107:0/3703318968 <== mon.0 v2:172.21.15.107:3300/0 3 ==== mon_map magic: 0 v1 ==== 229+0+0 (secure 0 0 0) 0x7f33fc0193c0 con 0x7f340c100c90
2024-04-22T23:26:16.026 INFO:teuthology.orchestra.run.smithi107.stdout:/usr/bin/ceph: stderr
2024-04-22T23:26:15.186+0000 7f341226b700 1 -- 172.21.15.107:0/3703318968 --> [v2:172.21.15.107:3300/0,v1:172.21.15.107:6789/0] -- mon_subscribe({osdmap=0}) v3 -- 0x7f340c112970 con 0x7f340c100c90
2024-04-22T23:26:16.026 INFO:teuthology.orchestra.run.smithi107.stdout:/usr/bin/ceph: stderr
2024-04-22T23:26:15.186+0000 7f3408ff9700 1 -- 172.21.15.107:0/3703318968 <== mon.0 v2:172.21.15.107:3300/0 4 ==== mgrmap(e 8) v1 ==== 43376+0+0 (secure 0 0 0) 0x7f33fc019600 con 0x7f340c100c90
2024-04-22T23:26:16.026 INFO:teuthology.orchestra.run.smithi107.stdout:/usr/bin/ceph: stderr
2024-04-22T23:26:15.187+0000 7f3408ff9700 1 --2- 172.21.15.107:0/3703318968 >> [v2:172.21.15.107:6800/307474287,v1:172.21.15.107:6801/307474287] conn(0x7f33f4036790 0x7f33f4038c40 unknown :-1 s=NONE pgs=0 cs=0 l=1 rev1=0 crypto rx=0 tx=0 comp rx=0 tx=0).connect
2024-04-22T23:26:16.026 INFO:teuthology.orchestra.run.smithi107.stdout:/usr/bin/ceph: stderr
2024-04-22T23:26:15.187+0000 7f341226b700 1 -- 172.21.15.107:0/3703318968 --> [v2:172.21.15.107:3300/0,v1:172.21.15.107:6789/0] -- mon_command({"prefix": "get_command_descriptions"} v 0) v1 -- 0x7f340c05f5f0 con 0x7f340c100c90
2024-04-22T23:26:16.026 INFO:teuthology.orchestra.run.smithi107.stdout:/usr/bin/ceph: stderr
2024-04-22T23:26:15.187+0000 7f3408ff9700 1 -- 172.21.15.107:0/3703318968 <== mon.0 v2:172.21.15.107:3300/0 5 ==== osd_map(2..2 src has 1..2) v4 ==== 936+0+0 (secure 0 0 0) 0x7f33fc04a590 con 0x7f340c100c90
2024-04-22T23:26:16.026 INFO:teuthology.orchestra.run.smithi107.stdout:/usr/bin/ceph: stderr
2024-04-22T23:26:15.187+0000 7f340b7fe700 1 --2- 172.21.15.107:0/3703318968 >> [v2:172.21.15.107:6800/307474287,v1:172.21.15.107:6801/307474287] conn(0x7f33f4036790 0x7f33f4038c40 unknown :-1 s=BANNER_CONNECTING pgs=0 cs=0 l=1 rev1=0 crypto rx=0 tx=0 comp rx=0 tx=0)._handle_peer_banner_payload supported=3 required=0
2024-04-22T23:26:16.026 INFO:teuthology.orchestra.run.smithi107.stdout:/usr/bin/ceph: stderr
2024-04-22T23:26:15.187+0000 7f340b7fe700 1 --2- 172.21.15.107:0/3703318968 >> [v2:172.21.15.107:6800/307474287,v1:172.21.15.107:6801/307474287] conn(0x7f33f4036790 0x7f33f4038c40 secure :-1 s=READY pgs=16 cs=0 l=1 rev1=1 crypto rx=0x7f3400009990 tx=0x7f3400006e40 comp rx=0 tx=0).ready entity=mgr.14118 client_cookie=0 server_cookie=0 in_seq=0 out_seq=0
2024-04-22T23:26:16.027 INFO:teuthology.orchestra.run.smithi107.stdout:/usr/bin/ceph: stderr
2024-04-22T23:26:15.191+0000 7f3408ff9700 1 -- 172.21.15.107:0/3703318968 <== mon.0 v2:172.21.15.107:3300/0 6 ==== mon_command_ack([{"prefix": "get_command_descriptions"}]=0 v0) v1 ==== 72+0+176702 (secure 0 0 0) 0x7f33fc02b950 con 0x7f340c100c90
2024-04-22T23:26:16.027 INFO:teuthology.orchestra.run.smithi107.stdout:/usr/bin/ceph: stderr
2024-04-22T23:26:15.397+0000 7f341226b700 1 -- 172.21.15.107:0/3703318968 --> [v2:172.21.15.107:6800/307474287,v1:172.21.15.107:6801/307474287] -- mgr_command(tid 0: {"prefix": "orch apply", "service_type": "grafana", "target": ["mon-mgr", ""]}) v1 -- 0x7f340c0fd930 con 0x7f33f4036790
2024-04-22T23:26:16.027 INFO:teuthology.orchestra.run.smithi107.stdout:/usr/bin/ceph: stderr
2024-04-22T23:26:15.402+0000 7f3408ff9700 1 -- 172.21.15.107:0/3703318968 <== mgr.14118 v2:172.21.15.107:6800/307474287 1 ==== mgr_command_reply(tid 0: 0 ) v1 ==== 8+0+28 (secure 0 0 0) 0x7f340c0fd930 con 0x7f33f4036790
2024-04-22T23:26:16.027 INFO:teuthology.orchestra.run.smithi107.stdout:/usr/bin/ceph: stderr
2024-04-22T23:26:15.405+0000 7f341226b700 1 -- 172.21.15.107:0/3703318968 >> [v2:172.21.15.107:6800/307474287,v1:172.21.15.107:6801/307474287] conn(0x7f33f4036790 msgr2=0x7f33f4038c40 secure :-1 s=STATE_CONNECTION_ESTABLISHED l=1).mark_down
2024-04-22T23:26:16.027 INFO:teuthology.orchestra.run.smithi107.stdout:/usr/bin/ceph: stderr
2024-04-22T23:26:15.405+0000 7f341226b700 1 --2- 172.21.15.107:0/3703318968 >> [v2:172.21.15.107:6800/307474287,v1:172.21.15.107:6801/307474287] conn(0x7f33f4036790 0x7f33f4038c40 secure :-1 s=READY pgs=16 cs=0 l=1 rev1=1 crypto rx=0x7f3400009990 tx=0x7f3400006e40 comp rx=0 tx=0).stop
2024-04-22T23:26:16.027 INFO:teuthology.orchestra.run.smithi107.stdout:/usr/bin/ceph: stderr
2024-04-22T23:26:15.405+0000 7f341226b700 1 -- 172.21.15.107:0/3703318968 >> [v2:172.21.15.107:3300/0,v1:172.21.15.107:6789/0] conn(0x7f340c100c90 msgr2=0x7f340c1116c0 secure :-1 s=STATE_CONNECTION_ESTABLISHED l=1).mark_down
2024-04-22T23:26:16.027 INFO:teuthology.orchestra.run.smithi107.stdout:/usr/bin/ceph: stderr
2024-04-22T23:26:15.405+0000 7f341226b700 1 --2- 172.21.15.107:0/3703318968 >> [v2:172.21.15.107:3300/0,v1:172.21.15.107:6789/0] conn(0x7f340c100c90 0x7f340c1116c0 secure :-1 s=READY pgs=54 cs=0 l=1 rev1=1 crypto rx=0x7f33fc011650 tx=0x7f33fc009250 comp rx=0 tx=0).stop
2024-04-22T23:26:16.027 INFO:teuthology.orchestra.run.smithi107.stdout:/usr/bin/ceph: stderr
2024-04-22T23:26:15.406+0000 7f341226b700 1 -- 172.21.15.107:0/3703318968 shutdown_connections
2024-04-22T23:26:16.027 INFO:teuthology.orchestra.run.smithi107.stdout:/usr/bin/ceph: stderr
2024-04-22T23:26:15.406+0000 7f341226b700 1 --2- 172.21.15.107:0/3703318968 >> [v2:172.21.15.107:6800/307474287,v1:172.21.15.107:6801/307474287] conn(0x7f33f4036790 0x7f33f4038c40 unknown :-1 s=CLOSED pgs=16 cs=0 l=1 rev1=1 crypto rx=0 tx=0 comp rx=0 tx=0).stop
2024-04-22T23:26:16.027 INFO:teuthology.orchestra.run.smithi107.stdout:/usr/bin/ceph: stderr
2024-04-22T23:26:15.406+0000 7f341226b700 1 --2- 172.21.15.107:0/3703318968 >> [v2:172.21.15.107:3300/0,v1:172.21.15.107:6789/0] conn(0x7f340c100c90 0x7f340c1116c0 unknown :-1 s=CLOSED pgs=54 cs=0 l=1 rev1=1 crypto rx=0 tx=0 comp rx=0 tx=0).stop
2024-04-22T23:26:16.027 INFO:teuthology.orchestra.run.smithi107.stdout:/usr/bin/ceph: stderr
2024-04-22T23:26:15.406+0000 7f341226b700 1 -- 172.21.15.107:0/3703318968 >> 172.21.15.107:0/3703318968 conn(0x7f340c0fc6b0 msgr2=0x7f340c0fd200 unknown :-1 s=STATE_NONE l=0).mark_down
2024-04-22T23:26:16.027 INFO:teuthology.orchestra.run.smithi107.stdout:/usr/bin/ceph: stderr
2024-04-22T23:26:15.406+0000 7f341226b700 1 -- 172.21.15.107:0/3703318968 shutdown_connections
2024-04-22T23:26:16.027 INFO:teuthology.orchestra.run.smithi107.stdout:/usr/bin/ceph: stderr
2024-04-22T23:26:15.406+0000 7f341226b700 1 -- 172.21.15.107:0/3703318968 wait complete.
2024-04-22T23:26:16.027 INFO:teuthology.orchestra.run.smithi107.stdout:Deploying node-exporter service with default placement...
2024-04-22T23:26:16.270 INFO:journalctl@ceph.mon.smithi107.smithi107.stdout:Apr 22 23:26:16 smithi107 ceph-mon[26355]: from='mgr.14118 172.21.15.107:0/4176396201' entity='mgr.smithi107.uipxvm'
2024-04-22T23:26:16.270 INFO:journalctl@ceph.mon.smithi107.smithi107.stdout:Apr 22 23:26:16 smithi107 ceph-mon[26355]: from='client.14148 -' entity='client.admin' cmd=[{"prefix": "orch apply", "service_type": "grafana", "target": ["mon-mgr", ""]}]: dispatch
2024-04-22T23:26:16.270 INFO:journalctl@ceph.mon.smithi107.smithi107.stdout:Apr 22 23:26:16 smithi107 ceph-mon[26355]: Saving service grafana spec with placement count:1
2024-04-22T23:26:16.271 INFO:journalctl@ceph.mon.smithi107.smithi107.stdout:Apr 22 23:26:16 smithi107 ceph-mon[26355]: from='mgr.14118 172.21.15.107:0/4176396201' entity='mgr.smithi107.uipxvm'
2024-04-22T23:26:16.271 INFO:journalctl@ceph.mon.smithi107.smithi107.stdout:Apr 22 23:26:16 smithi107 ceph-mon[26355]: from='mgr.14118 172.21.15.107:0/4176396201' entity='mgr.smithi107.uipxvm'
2024-04-22T23:26:17.827 INFO:teuthology.orchestra.run.smithi107.stdout:/usr/bin/ceph: stdout Scheduled node-exporter update...
2024-04-22T23:26:17.828 INFO:teuthology.orchestra.run.smithi107.stdout:/usr/bin/ceph: stderr
2024-04-22T23:26:16.486+0000 7f61d150f700 1 Processor -- start
2024-04-22T23:26:17.828 INFO:teuthology.orchestra.run.smithi107.stdout:/usr/bin/ceph: stderr
2024-04-22T23:26:16.486+0000 7f61d150f700 1 -- start start
2024-04-22T23:26:17.828 INFO:teuthology.orchestra.run.smithi107.stdout:/usr/bin/ceph: stderr
2024-04-22T23:26:16.486+0000 7f61d150f700 1 --2- >> [v2:172.21.15.107:3300/0,v1:172.21.15.107:6789/0] conn(0x7f61cc101800 0x7f61cc101c10 unknown :-1 s=NONE pgs=0 cs=0 l=0 rev1=0 crypto rx=0 tx=0 comp rx=0 tx=0).connect
2024-04-22T23:26:17.828 INFO:teuthology.orchestra.run.smithi107.stdout:/usr/bin/ceph: stderr
2024-04-22T23:26:16.486+0000 7f61d150f700 1 -- --> [v2:172.21.15.107:3300/0,v1:172.21.15.107:6789/0] -- mon_getmap magic: 0 v1 -- 0x7f61cc102150 con 0x7f61cc101800
2024-04-22T23:26:17.828 INFO:teuthology.orchestra.run.smithi107.stdout:/usr/bin/ceph: stderr
2024-04-22T23:26:16.486+0000 7f61caffd700 1 --2- >> [v2:172.21.15.107:3300/0,v1:172.21.15.107:6789/0] conn(0x7f61cc101800 0x7f61cc101c10 unknown :-1 s=BANNER_CONNECTING pgs=0 cs=0 l=0 rev1=0 crypto rx=0 tx=0 comp rx=0 tx=0)._handle_peer_banner_payload supported=3 required=0
2024-04-22T23:26:17.828 INFO:teuthology.orchestra.run.smithi107.stdout:/usr/bin/ceph: stderr
2024-04-22T23:26:16.486+0000 7f61caffd700 1 --2- >> [v2:172.21.15.107:3300/0,v1:172.21.15.107:6789/0] conn(0x7f61cc101800 0x7f61cc101c10 unknown :-1 s=HELLO_CONNECTING pgs=0 cs=0 l=0 rev1=1 crypto rx=0 tx=0 comp rx=0 tx=0).handle_hello peer v2:172.21.15.107:3300/0 says I am v2:172.21.15.107:34136/0 (socket says 172.21.15.107:34136)
2024-04-22T23:26:17.828 INFO:teuthology.orchestra.run.smithi107.stdout:/usr/bin/ceph: stderr
2024-04-22T23:26:16.486+0000 7f61caffd700 1 -- 172.21.15.107:0/2297637357 learned_addr learned my addr 172.21.15.107:0/2297637357 (peer_addr_for_me v2:172.21.15.107:0/0)
2024-04-22T23:26:17.828 INFO:teuthology.orchestra.run.smithi107.stdout:/usr/bin/ceph: stderr
2024-04-22T23:26:16.487+0000 7f61caffd700 1 -- 172.21.15.107:0/2297637357 --> [v2:172.21.15.107:3300/0,v1:172.21.15.107:6789/0] -- mon_subscribe({config=0+,monmap=0+}) v3 -- 0x7f61cc102290 con 0x7f61cc101800
2024-04-22T23:26:17.828 INFO:teuthology.orchestra.run.smithi107.stdout:/usr/bin/ceph: stderr
2024-04-22T23:26:16.487+0000 7f61caffd700 1 --2- 172.21.15.107:0/2297637357 >> [v2:172.21.15.107:3300/0,v1:172.21.15.107:6789/0] conn(0x7f61cc101800 0x7f61cc101c10 secure :-1 s=READY pgs=55 cs=0 l=1 rev1=1 crypto rx=0x7f61bc0098e0 tx=0x7f61bc009250 comp rx=0 tx=0).ready entity=mon.0 client_cookie=959b75cb4c399454 server_cookie=0 in_seq=0 out_seq=0
2024-04-22T23:26:17.828 INFO:teuthology.orchestra.run.smithi107.stdout:/usr/bin/ceph: stderr
2024-04-22T23:26:16.487+0000 7f61c9ffb700 1 -- 172.21.15.107:0/2297637357 <== mon.0 v2:172.21.15.107:3300/0 1 ==== mon_map magic: 0 v1 ==== 229+0+0 (secure 0 0 0) 0x7f61bc00b860 con 0x7f61cc101800
2024-04-22T23:26:17.828 INFO:teuthology.orchestra.run.smithi107.stdout:/usr/bin/ceph: stderr
2024-04-22T23:26:16.487+0000 7f61c9ffb700 1 -- 172.21.15.107:0/2297637357 <== mon.0 v2:172.21.15.107:3300/0 2 ==== config(27 keys) v1 ==== 1109+0+0 (secure 0 0 0) 0x7f61bc00be90 con 0x7f61cc101800
2024-04-22T23:26:17.828 INFO:teuthology.orchestra.run.smithi107.stdout:/usr/bin/ceph: stderr
2024-04-22T23:26:16.487+0000 7f61c9ffb700 1 -- 172.21.15.107:0/2297637357 <== mon.0 v2:172.21.15.107:3300/0 3 ==== mon_map magic: 0 v1 ==== 229+0+0 (secure 0 0 0) 0x7f61bc0103c0 con 0x7f61cc101800
2024-04-22T23:26:17.828 INFO:teuthology.orchestra.run.smithi107.stdout:/usr/bin/ceph: stderr
2024-04-22T23:26:16.488+0000 7f61d150f700 1 -- 172.21.15.107:0/2297637357 >> [v2:172.21.15.107:3300/0,v1:172.21.15.107:6789/0] conn(0x7f61cc101800 msgr2=0x7f61cc101c10 secure :-1 s=STATE_CONNECTION_ESTABLISHED l=1).mark_down
2024-04-22T23:26:17.828 INFO:teuthology.orchestra.run.smithi107.stdout:/usr/bin/ceph: stderr
2024-04-22T23:26:16.488+0000 7f61d150f700 1 --2- 172.21.15.107:0/2297637357 >> [v2:172.21.15.107:3300/0,v1:172.21.15.107:6789/0] conn(0x7f61cc101800 0x7f61cc101c10 secure :-1 s=READY pgs=55 cs=0 l=1 rev1=1 crypto rx=0x7f61bc0098e0 tx=0x7f61bc009250 comp rx=0 tx=0).stop
2024-04-22T23:26:17.829 INFO:teuthology.orchestra.run.smithi107.stdout:/usr/bin/ceph: stderr
2024-04-22T23:26:16.488+0000 7f61d150f700 1 -- 172.21.15.107:0/2297637357 shutdown_connections
2024-04-22T23:26:17.829 INFO:teuthology.orchestra.run.smithi107.stdout:/usr/bin/ceph: stderr
2024-04-22T23:26:16.488+0000 7f61d150f700 1 --2- 172.21.15.107:0/2297637357 >> [v2:172.21.15.107:3300/0,v1:172.21.15.107:6789/0] conn(0x7f61cc101800 0x7f61cc101c10 unknown :-1 s=CLOSED pgs=55 cs=0 l=1 rev1=1 crypto rx=0 tx=0 comp rx=0 tx=0).stop
2024-04-22T23:26:17.829 INFO:teuthology.orchestra.run.smithi107.stdout:/usr/bin/ceph: stderr
2024-04-22T23:26:16.488+0000 7f61d150f700 1 -- 172.21.15.107:0/2297637357 >> 172.21.15.107:0/2297637357 conn(0x7f61cc0fcf80 msgr2=0x7f61cc0ff390 unknown :-1 s=STATE_NONE l=0).mark_down
2024-04-22T23:26:17.829 INFO:teuthology.orchestra.run.smithi107.stdout:/usr/bin/ceph: stderr
2024-04-22T23:26:16.488+0000 7f61d150f700 1 -- 172.21.15.107:0/2297637357 shutdown_connections
2024-04-22T23:26:17.829 INFO:teuthology.orchestra.run.smithi107.stdout:/usr/bin/ceph: stderr
2024-04-22T23:26:16.488+0000 7f61d150f700 1 -- 172.21.15.107:0/2297637357 wait complete.
2024-04-22T23:26:17.829 INFO:teuthology.orchestra.run.smithi107.stdout:/usr/bin/ceph: stderr
2024-04-22T23:26:16.489+0000 7f61d150f700 1 Processor -- start
2024-04-22T23:26:17.829 INFO:teuthology.orchestra.run.smithi107.stdout:/usr/bin/ceph: stderr
2024-04-22T23:26:16.489+0000 7f61d150f700 1 -- start start
2024-04-22T23:26:17.829 INFO:teuthology.orchestra.run.smithi107.stdout:/usr/bin/ceph: stderr
2024-04-22T23:26:16.489+0000 7f61d150f700 1 --2- >> [v2:172.21.15.107:3300/0,v1:172.21.15.107:6789/0] conn(0x7f61cc101800 0x7f61cc076b50 unknown :-1 s=NONE pgs=0 cs=0 l=1 rev1=0 crypto rx=0 tx=0 comp rx=0 tx=0).connect
2024-04-22T23:26:17.829 INFO:teuthology.orchestra.run.smithi107.stdout:/usr/bin/ceph: stderr
2024-04-22T23:26:16.489+0000 7f61d150f700 1 -- --> [v2:172.21.15.107:3300/0,v1:172.21.15.107:6789/0] -- mon_getmap magic: 0 v1 -- 0x7f61cc1143c0 con 0x7f61cc101800
2024-04-22T23:26:17.829 INFO:teuthology.orchestra.run.smithi107.stdout:/usr/bin/ceph: stderr
2024-04-22T23:26:16.489+0000 7f61caffd700 1 --2- >> [v2:172.21.15.107:3300/0,v1:172.21.15.107:6789/0] conn(0x7f61cc101800 0x7f61cc076b50 unknown :-1 s=BANNER_CONNECTING pgs=0 cs=0 l=1 rev1=0 crypto rx=0 tx=0 comp rx=0 tx=0)._handle_peer_banner_payload supported=3 required=0
2024-04-22T23:26:17.830 INFO:teuthology.orchestra.run.smithi107.stdout:/usr/bin/ceph: stderr
2024-04-22T23:26:16.489+0000 7f61caffd700 1 --2- >> [v2:172.21.15.107:3300/0,v1:172.21.15.107:6789/0] conn(0x7f61cc101800 0x7f61cc076b50 unknown :-1 s=HELLO_CONNECTING pgs=0 cs=0 l=1 rev1=1 crypto rx=0 tx=0 comp rx=0 tx=0).handle_hello peer v2:172.21.15.107:3300/0 says I am v2:172.21.15.107:34138/0 (socket says 172.21.15.107:34138)
2024-04-22T23:26:17.830 INFO:teuthology.orchestra.run.smithi107.stdout:/usr/bin/ceph: stderr
2024-04-22T23:26:16.489+0000 7f61caffd700 1 -- 172.21.15.107:0/3295350909 learned_addr learned my addr 172.21.15.107:0/3295350909 (peer_addr_for_me v2:172.21.15.107:0/0)
2024-04-22T23:26:17.830 INFO:teuthology.orchestra.run.smithi107.stdout:/usr/bin/ceph: stderr
2024-04-22T23:26:16.489+0000 7f61caffd700 1 -- 172.21.15.107:0/3295350909 --> [v2:172.21.15.107:3300/0,v1:172.21.15.107:6789/0] -- mon_subscribe({config=0+,monmap=0+}) v3 -- 0x7f61bc0094f0 con 0x7f61cc101800
2024-04-22T23:26:17.830 INFO:teuthology.orchestra.run.smithi107.stdout:/usr/bin/ceph: stderr
2024-04-22T23:26:16.489+0000 7f61caffd700 1 --2- 172.21.15.107:0/3295350909 >> [v2:172.21.15.107:3300/0,v1:172.21.15.107:6789/0] conn(0x7f61cc101800 0x7f61cc076b50 secure :-1 s=READY pgs=56 cs=0 l=1 rev1=1 crypto rx=0x7f61bc011680 tx=0x7f61bc009250 comp rx=0 tx=0).ready entity=mon.0 client_cookie=0 server_cookie=0 in_seq=0 out_seq=0
2024-04-22T23:26:17.830 INFO:teuthology.orchestra.run.smithi107.stdout:/usr/bin/ceph: stderr
2024-04-22T23:26:16.490+0000 7f61b37fe700 1 -- 172.21.15.107:0/3295350909 <== mon.0 v2:172.21.15.107:3300/0 1 ==== mon_map magic: 0 v1 ==== 229+0+0 (secure 0 0 0) 0x7f61bc010890 con 0x7f61cc101800
2024-04-22T23:26:17.830 INFO:teuthology.orchestra.run.smithi107.stdout:/usr/bin/ceph: stderr
2024-04-22T23:26:16.490+0000 7f61d150f700 1 -- 172.21.15.107:0/3295350909 --> [v2:172.21.15.107:3300/0,v1:172.21.15.107:6789/0] -- mon_subscribe({mgrmap=0+}) v3 -- 0x7f61cc114500 con 0x7f61cc101800
2024-04-22T23:26:17.830 INFO:teuthology.orchestra.run.smithi107.stdout:/usr/bin/ceph: stderr
2024-04-22T23:26:16.490+0000 7f61b37fe700 1 -- 172.21.15.107:0/3295350909 <== mon.0 v2:172.21.15.107:3300/0 2 ==== config(27 keys) v1 ==== 1109+0+0 (secure 0 0 0) 0x7f61bc010ec0 con 0x7f61cc101800
2024-04-22T23:26:17.830 INFO:teuthology.orchestra.run.smithi107.stdout:/usr/bin/ceph: stderr
2024-04-22T23:26:16.490+0000 7f61b37fe700 1 -- 172.21.15.107:0/3295350909 <== mon.0 v2:172.21.15.107:3300/0 3 ==== mon_map magic: 0 v1 ==== 229+0+0 (secure 0 0 0) 0x7f61bc0243f0 con 0x7f61cc101800
2024-04-22T23:26:17.830 INFO:teuthology.orchestra.run.smithi107.stdout:/usr/bin/ceph: stderr
2024-04-22T23:26:16.490+0000 7f61d150f700 1 -- 172.21.15.107:0/3295350909 --> [v2:172.21.15.107:3300/0,v1:172.21.15.107:6789/0] -- mon_subscribe({osdmap=0}) v3 -- 0x7f61cc114990 con 0x7f61cc101800
2024-04-22T23:26:17.830 INFO:teuthology.orchestra.run.smithi107.stdout:/usr/bin/ceph: stderr
2024-04-22T23:26:16.491+0000 7f61d150f700 1 -- 172.21.15.107:0/3295350909 --> [v2:172.21.15.107:3300/0,v1:172.21.15.107:6789/0] -- mon_command({"prefix": "get_command_descriptions"} v 0) v1 -- 0x7f61cc04bed0 con 0x7f61cc101800
2024-04-22T23:26:17.830 INFO:teuthology.orchestra.run.smithi107.stdout:/usr/bin/ceph: stderr
2024-04-22T23:26:16.491+0000 7f61b37fe700 1 -- 172.21.15.107:0/3295350909 <== mon.0 v2:172.21.15.107:3300/0 4 ==== mgrmap(e 8) v1 ==== 43376+0+0 (secure 0 0 0) 0x7f61bc01a8c0 con 0x7f61cc101800
2024-04-22T23:26:17.830 INFO:teuthology.orchestra.run.smithi107.stdout:/usr/bin/ceph: stderr
2024-04-22T23:26:16.492+0000 7f61b37fe700 1 --2- 172.21.15.107:0/3295350909 >> [v2:172.21.15.107:6800/307474287,v1:172.21.15.107:6801/307474287] conn(0x7f61b4036790 0x7f61b4038c40 unknown :-1 s=NONE pgs=0 cs=0 l=1 rev1=0 crypto rx=0 tx=0 comp rx=0 tx=0).connect
2024-04-22T23:26:17.830 INFO:teuthology.orchestra.run.smithi107.stdout:/usr/bin/ceph: stderr
2024-04-22T23:26:16.492+0000 7f61b37fe700 1 -- 172.21.15.107:0/3295350909 <== mon.0 v2:172.21.15.107:3300/0 5 ==== osd_map(2..2 src has 1..2) v4 ==== 936+0+0 (secure 0 0 0) 0x7f61bc04a470 con 0x7f61cc101800
2024-04-22T23:26:17.831 INFO:teuthology.orchestra.run.smithi107.stdout:/usr/bin/ceph: stderr
2024-04-22T23:26:16.492+0000 7f61ca7fc700 1 --2- 172.21.15.107:0/3295350909 >> [v2:172.21.15.107:6800/307474287,v1:172.21.15.107:6801/307474287] conn(0x7f61b4036790 0x7f61b4038c40 unknown :-1 s=BANNER_CONNECTING pgs=0 cs=0 l=1 rev1=0 crypto rx=0 tx=0 comp rx=0 tx=0)._handle_peer_banner_payload supported=3 required=0
2024-04-22T23:26:17.831 INFO:teuthology.orchestra.run.smithi107.stdout:/usr/bin/ceph: stderr
2024-04-22T23:26:16.492+0000 7f61ca7fc700 1 --2- 172.21.15.107:0/3295350909 >> [v2:172.21.15.107:6800/307474287,v1:172.21.15.107:6801/307474287] conn(0x7f61b4036790 0x7f61b4038c40 secure :-1 s=READY pgs=17 cs=0 l=1 rev1=1 crypto rx=0x7f61c0009990 tx=0x7f61c0006e40 comp rx=0 tx=0).ready entity=mgr.14118 client_cookie=0 server_cookie=0 in_seq=0 out_seq=0
2024-04-22T23:26:17.831 INFO:teuthology.orchestra.run.smithi107.stdout:/usr/bin/ceph: stderr
2024-04-22T23:26:16.496+0000 7f61b37fe700 1 -- 172.21.15.107:0/3295350909 <== mon.0 v2:172.21.15.107:3300/0 6 ==== mon_command_ack([{"prefix": "get_command_descriptions"}]=0 v0) v1 ==== 72+0+176702 (secure 0 0 0) 0x7f61bc018760 con 0x7f61cc101800
2024-04-22T23:26:17.831 INFO:teuthology.orchestra.run.smithi107.stdout:/usr/bin/ceph: stderr
2024-04-22T23:26:16.729+0000 7f61d150f700 1 -- 172.21.15.107:0/3295350909 --> [v2:172.21.15.107:6800/307474287,v1:172.21.15.107:6801/307474287] -- mgr_command(tid 0: {"prefix": "orch apply", "service_type": "node-exporter", "target": ["mon-mgr", ""]}) v1 -- 0x7f61cc0fe1e0 con 0x7f61b4036790
2024-04-22T23:26:17.831 INFO:teuthology.orchestra.run.smithi107.stdout:/usr/bin/ceph: stderr
2024-04-22T23:26:16.733+0000 7f61b37fe700 1 -- 172.21.15.107:0/3295350909 <== mgr.14118 v2:172.21.15.107:6800/307474287 1 ==== mgr_command_reply(tid 0: 0 ) v1 ==== 8+0+34 (secure 0 0 0) 0x7f61cc0fe1e0 con 0x7f61b4036790
2024-04-22T23:26:17.831 INFO:teuthology.orchestra.run.smithi107.stdout:/usr/bin/ceph: stderr
2024-04-22T23:26:16.735+0000 7f61d150f700 1 -- 172.21.15.107:0/3295350909 >> [v2:172.21.15.107:6800/307474287,v1:172.21.15.107:6801/307474287] conn(0x7f61b4036790 msgr2=0x7f61b4038c40 secure :-1 s=STATE_CONNECTION_ESTABLISHED l=1).mark_down
2024-04-22T23:26:17.831 INFO:teuthology.orchestra.run.smithi107.stdout:/usr/bin/ceph: stderr
2024-04-22T23:26:16.735+0000 7f61d150f700 1 --2- 172.21.15.107:0/3295350909 >> [v2:172.21.15.107:6800/307474287,v1:172.21.15.107:6801/307474287] conn(0x7f61b4036790 0x7f61b4038c40 secure :-1 s=READY pgs=17 cs=0 l=1 rev1=1 crypto rx=0x7f61c0009990 tx=0x7f61c0006e40 comp rx=0 tx=0).stop
2024-04-22T23:26:17.831 INFO:teuthology.orchestra.run.smithi107.stdout:/usr/bin/ceph: stderr
2024-04-22T23:26:16.735+0000 7f61d150f700 1 -- 172.21.15.107:0/3295350909 >> [v2:172.21.15.107:3300/0,v1:172.21.15.107:6789/0] conn(0x7f61cc101800 msgr2=0x7f61cc076b50 secure :-1 s=STATE_CONNECTION_ESTABLISHED l=1).mark_down
2024-04-22T23:26:17.831 INFO:teuthology.orchestra.run.smithi107.stdout:/usr/bin/ceph: stderr
2024-04-22T23:26:16.735+0000 7f61d150f700 1 --2- 172.21.15.107:0/3295350909 >> [v2:172.21.15.107:3300/0,v1:172.21.15.107:6789/0] conn(0x7f61cc101800 0x7f61cc076b50 secure :-1 s=READY pgs=56 cs=0 l=1 rev1=1 crypto rx=0x7f61bc011680 tx=0x7f61bc009250 comp rx=0 tx=0).stop
2024-04-22T23:26:17.831 INFO:teuthology.orchestra.run.smithi107.stdout:/usr/bin/ceph: stderr
2024-04-22T23:26:16.735+0000 7f61d150f700 1 -- 172.21.15.107:0/3295350909 shutdown_connections
2024-04-22T23:26:17.831 INFO:teuthology.orchestra.run.smithi107.stdout:/usr/bin/ceph: stderr
2024-04-22T23:26:16.735+0000 7f61d150f700 1 --2- 172.21.15.107:0/3295350909 >> [v2:172.21.15.107:6800/307474287,v1:172.21.15.107:6801/307474287] conn(0x7f61b4036790 0x7f61b4038c40 unknown :-1 s=CLOSED pgs=17 cs=0 l=1 rev1=1 crypto rx=0 tx=0 comp rx=0 tx=0).stop
2024-04-22T23:26:17.832 INFO:teuthology.orchestra.run.smithi107.stdout:/usr/bin/ceph: stderr
2024-04-22T23:26:16.735+0000 7f61d150f700 1 --2- 172.21.15.107:0/3295350909 >> [v2:172.21.15.107:3300/0,v1:172.21.15.107:6789/0] conn(0x7f61cc101800 0x7f61cc076b50 unknown :-1 s=CLOSED pgs=56 cs=0 l=1 rev1=1 crypto rx=0 tx=0 comp rx=0 tx=0).stop
2024-04-22T23:26:17.832 INFO:teuthology.orchestra.run.smithi107.stdout:/usr/bin/ceph: stderr
2024-04-22T23:26:16.735+0000 7f61d150f700 1 -- 172.21.15.107:0/3295350909 >> 172.21.15.107:0/3295350909 conn(0x7f61cc0fcf80 msgr2=0x7f61cc0fdad0 unknown :-1 s=STATE_NONE l=0).mark_down
2024-04-22T23:26:17.832 INFO:teuthology.orchestra.run.smithi107.stdout:/usr/bin/ceph: stderr
2024-04-22T23:26:16.735+0000 7f61d150f700 1 -- 172.21.15.107:0/3295350909 shutdown_connections
2024-04-22T23:26:17.832 INFO:teuthology.orchestra.run.smithi107.stdout:/usr/bin/ceph: stderr
2024-04-22T23:26:16.735+0000 7f61d150f700 1 -- 172.21.15.107:0/3295350909 wait complete.
2024-04-22T23:26:17.832 INFO:teuthology.orchestra.run.smithi107.stdout:Deploying alertmanager service with default placement...
2024-04-22T23:26:17.990 INFO:journalctl@ceph.mon.smithi107.smithi107.stdout:Apr 22 23:26:17 smithi107 ceph-mon[26355]: from='client.14150 -' entity='client.admin' cmd=[{"prefix": "orch apply", "service_type": "node-exporter", "target": ["mon-mgr", ""]}]: dispatch
2024-04-22T23:26:17.990 INFO:journalctl@ceph.mon.smithi107.smithi107.stdout:Apr 22 23:26:17 smithi107 ceph-mon[26355]: Saving service node-exporter spec with placement *
2024-04-22T23:26:17.990 INFO:journalctl@ceph.mon.smithi107.smithi107.stdout:Apr 22 23:26:17 smithi107 ceph-mon[26355]: from='mgr.14118 172.21.15.107:0/4176396201' entity='mgr.smithi107.uipxvm'
2024-04-22T23:26:19.437 INFO:teuthology.orchestra.run.smithi107.stdout:/usr/bin/ceph: stdout Scheduled alertmanager update...
2024-04-22T23:26:19.437 INFO:teuthology.orchestra.run.smithi107.stdout:/usr/bin/ceph: stderr
2024-04-22T23:26:18.690+0000 7f207e0f4700 1 Processor -- start
2024-04-22T23:26:19.437 INFO:teuthology.orchestra.run.smithi107.stdout:/usr/bin/ceph: stderr
2024-04-22T23:26:18.690+0000 7f207e0f4700 1 -- start start
2024-04-22T23:26:19.437 INFO:teuthology.orchestra.run.smithi107.stdout:/usr/bin/ceph: stderr
2024-04-22T23:26:18.690+0000 7f207e0f4700 1 --2- >> [v2:172.21.15.107:3300/0,v1:172.21.15.107:6789/0] conn(0x7f20781018b0 0x7f2078101cc0 unknown :-1 s=NONE pgs=0 cs=0 l=0 rev1=0 crypto rx=0 tx=0 comp rx=0 tx=0).connect
2024-04-22T23:26:19.437 INFO:teuthology.orchestra.run.smithi107.stdout:/usr/bin/ceph: stderr
2024-04-22T23:26:18.690+0000 7f207e0f4700 1 -- --> [v2:172.21.15.107:3300/0,v1:172.21.15.107:6789/0] -- mon_getmap magic: 0 v1 -- 0x7f2078102200 con 0x7f20781018b0
2024-04-22T23:26:19.437 INFO:teuthology.orchestra.run.smithi107.stdout:/usr/bin/ceph: stderr
