2024-04-22T23:25:54.860+0000 7f20dc456700 1 -- --> [v2:172.21.15.107:3300/0,v1:172.21.15.107:6789/0] -- mon_getmap magic: 0 v1 -- 0x7f20d4111be0 con 0x7f20d4103f20
2024-04-22T23:26:00.462 INFO:teuthology.orchestra.run.smithi107.stdout:/usr/bin/ceph: stderr
2024-04-22T23:25:54.860+0000 7f20da1f2700 1 --2- >> [v2:172.21.15.107:3300/0,v1:172.21.15.107:6789/0] conn(0x7f20d4103f20 0x7f20d41116a0 unknown :-1 s=BANNER_CONNECTING pgs=0 cs=0 l=1 rev1=0 crypto rx=0 tx=0 comp rx=0 tx=0)._handle_peer_banner_payload supported=3 required=0
2024-04-22T23:26:00.462 INFO:teuthology.orchestra.run.smithi107.stdout:/usr/bin/ceph: stderr
2024-04-22T23:25:54.860+0000 7f20da1f2700 1 --2- >> [v2:172.21.15.107:3300/0,v1:172.21.15.107:6789/0] conn(0x7f20d4103f20 0x7f20d41116a0 unknown :-1 s=HELLO_CONNECTING pgs=0 cs=0 l=1 rev1=1 crypto rx=0 tx=0 comp rx=0 tx=0).handle_hello peer v2:172.21.15.107:3300/0 says I am v2:172.21.15.107:36362/0 (socket says 172.21.15.107:36362)
2024-04-22T23:26:00.462 INFO:teuthology.orchestra.run.smithi107.stdout:/usr/bin/ceph: stderr
2024-04-22T23:25:54.860+0000 7f20da1f2700 1 -- 172.21.15.107:0/4116434970 learned_addr learned my addr 172.21.15.107:0/4116434970 (peer_addr_for_me v2:172.21.15.107:0/0)
2024-04-22T23:26:00.463 INFO:teuthology.orchestra.run.smithi107.stdout:/usr/bin/ceph: stderr
2024-04-22T23:25:54.860+0000 7f20da1f2700 1 -- 172.21.15.107:0/4116434970 --> [v2:172.21.15.107:3300/0,v1:172.21.15.107:6789/0] -- mon_subscribe({config=0+,monmap=0+}) v3 -- 0x7f20c40094f0 con 0x7f20d4103f20
2024-04-22T23:26:00.463 INFO:teuthology.orchestra.run.smithi107.stdout:/usr/bin/ceph: stderr
2024-04-22T23:25:54.860+0000 7f20da1f2700 1 --2- 172.21.15.107:0/4116434970 >> [v2:172.21.15.107:3300/0,v1:172.21.15.107:6789/0] conn(0x7f20d4103f20 0x7f20d41116a0 secure :-1 s=READY pgs=27 cs=0 l=1 rev1=1 crypto rx=0x7f20c400b440 tx=0x7f20c4009250 comp rx=0 tx=0).ready entity=mon.0 client_cookie=0 server_cookie=0 in_seq=0 out_seq=0
2024-04-22T23:26:00.463 INFO:teuthology.orchestra.run.smithi107.stdout:/usr/bin/ceph: stderr
2024-04-22T23:25:54.860+0000 7f20caffd700 1 -- 172.21.15.107:0/4116434970 <== mon.0 v2:172.21.15.107:3300/0 1 ==== mon_map magic: 0 v1 ==== 229+0+0 (secure 0 0 0) 0x7f20c4010760 con 0x7f20d4103f20
2024-04-22T23:26:00.463 INFO:teuthology.orchestra.run.smithi107.stdout:/usr/bin/ceph: stderr
2024-04-22T23:25:54.860+0000 7f20caffd700 1 -- 172.21.15.107:0/4116434970 <== mon.0 v2:172.21.15.107:3300/0 2 ==== config(27 keys) v1 ==== 1044+0+0 (secure 0 0 0) 0x7f20c4010d50 con 0x7f20d4103f20
2024-04-22T23:26:00.463 INFO:teuthology.orchestra.run.smithi107.stdout:/usr/bin/ceph: stderr
2024-04-22T23:25:54.860+0000 7f20dc456700 1 -- 172.21.15.107:0/4116434970 --> [v2:172.21.15.107:3300/0,v1:172.21.15.107:6789/0] -- mon_subscribe({mgrmap=0+}) v3 -- 0x7f20d4111de0 con 0x7f20d4103f20
2024-04-22T23:26:00.463 INFO:teuthology.orchestra.run.smithi107.stdout:/usr/bin/ceph: stderr
2024-04-22T23:25:54.860+0000 7f20caffd700 1 -- 172.21.15.107:0/4116434970 <== mon.0 v2:172.21.15.107:3300/0 3 ==== mon_map magic: 0 v1 ==== 229+0+0 (secure 0 0 0) 0x7f20c401ae20 con 0x7f20d4103f20
2024-04-22T23:26:00.463 INFO:teuthology.orchestra.run.smithi107.stdout:/usr/bin/ceph: stderr
2024-04-22T23:25:54.860+0000 7f20dc456700 1 -- 172.21.15.107:0/4116434970 --> [v2:172.21.15.107:3300/0,v1:172.21.15.107:6789/0] -- mon_subscribe({osdmap=0}) v3 -- 0x7f20d4112950 con 0x7f20d4103f20
2024-04-22T23:26:00.463 INFO:teuthology.orchestra.run.smithi107.stdout:/usr/bin/ceph: stderr
2024-04-22T23:25:54.861+0000 7f20caffd700 1 -- 172.21.15.107:0/4116434970 <== mon.0 v2:172.21.15.107:3300/0 4 ==== mgrmap(e 5) v1 ==== 43376+0+0 (secure 0 0 0) 0x7f20c40108c0 con 0x7f20d4103f20
2024-04-22T23:26:00.463 INFO:teuthology.orchestra.run.smithi107.stdout:/usr/bin/ceph: stderr
2024-04-22T23:25:54.861+0000 7f20caffd700 1 --2- 172.21.15.107:0/4116434970 >> [v2:172.21.15.107:6800/467262774,v1:172.21.15.107:6801/467262774] conn(0x7f20c0036770 0x7f20c0038c20 unknown :-1 s=NONE pgs=0 cs=0 l=1 rev1=0 crypto rx=0 tx=0 comp rx=0 tx=0).connect
2024-04-22T23:26:00.463 INFO:teuthology.orchestra.run.smithi107.stdout:/usr/bin/ceph: stderr
2024-04-22T23:25:54.861+0000 7f20caffd700 1 -- 172.21.15.107:0/4116434970 --> [v2:172.21.15.107:6800/467262774,v1:172.21.15.107:6801/467262774] -- command(tid 0: {"prefix": "get_command_descriptions"}) v1 -- 0x7f20c0039330 con 0x7f20c0036770
2024-04-22T23:26:00.463 INFO:teuthology.orchestra.run.smithi107.stdout:/usr/bin/ceph: stderr
2024-04-22T23:25:54.861+0000 7f20caffd700 1 -- 172.21.15.107:0/4116434970 <== mon.0 v2:172.21.15.107:3300/0 5 ==== osd_map(1..1 src has 1..1) v4 ==== 721+0+0 (secure 0 0 0) 0x7f20c404a5d0 con 0x7f20d4103f20
2024-04-22T23:26:00.463 INFO:teuthology.orchestra.run.smithi107.stdout:/usr/bin/ceph: stderr
2024-04-22T23:25:54.861+0000 7f20d99f1700 1 -- 172.21.15.107:0/4116434970 >> [v2:172.21.15.107:6800/467262774,v1:172.21.15.107:6801/467262774] conn(0x7f20c0036770 msgr2=0x7f20c0038c20 unknown :-1 s=STATE_CONNECTING_RE l=1).process reconnect failed to v2:172.21.15.107:6800/467262774
2024-04-22T23:26:00.463 INFO:teuthology.orchestra.run.smithi107.stdout:/usr/bin/ceph: stderr
2024-04-22T23:25:54.861+0000 7f20d99f1700 1 --2- 172.21.15.107:0/4116434970 >> [v2:172.21.15.107:6800/467262774,v1:172.21.15.107:6801/467262774] conn(0x7f20c0036770 0x7f20c0038c20 unknown :-1 s=START_CONNECT pgs=0 cs=0 l=1 rev1=0 crypto rx=0 tx=0 comp rx=0 tx=0)._fault waiting 0.200000
2024-04-22T23:26:00.463 INFO:teuthology.orchestra.run.smithi107.stdout:/usr/bin/ceph: stderr
2024-04-22T23:25:55.062+0000 7f20d99f1700 1 -- 172.21.15.107:0/4116434970 >> [v2:172.21.15.107:6800/467262774,v1:172.21.15.107:6801/467262774] conn(0x7f20c0036770 msgr2=0x7f20c0038c20 unknown :-1 s=STATE_CONNECTING_RE l=1).process reconnect failed to v2:172.21.15.107:6800/467262774
2024-04-22T23:26:00.464 INFO:teuthology.orchestra.run.smithi107.stdout:/usr/bin/ceph: stderr
2024-04-22T23:25:55.062+0000 7f20d99f1700 1 --2- 172.21.15.107:0/4116434970 >> [v2:172.21.15.107:6800/467262774,v1:172.21.15.107:6801/467262774] conn(0x7f20c0036770 0x7f20c0038c20 unknown :-1 s=START_CONNECT pgs=0 cs=0 l=1 rev1=0 crypto rx=0 tx=0 comp rx=0 tx=0)._fault waiting 0.400000
2024-04-22T23:26:00.464 INFO:teuthology.orchestra.run.smithi107.stdout:/usr/bin/ceph: stderr
2024-04-22T23:25:55.463+0000 7f20d99f1700 1 -- 172.21.15.107:0/4116434970 >> [v2:172.21.15.107:6800/467262774,v1:172.21.15.107:6801/467262774] conn(0x7f20c0036770 msgr2=0x7f20c0038c20 unknown :-1 s=STATE_CONNECTING_RE l=1).process reconnect failed to v2:172.21.15.107:6800/467262774
2024-04-22T23:26:00.464 INFO:teuthology.orchestra.run.smithi107.stdout:/usr/bin/ceph: stderr
2024-04-22T23:25:55.463+0000 7f20d99f1700 1 --2- 172.21.15.107:0/4116434970 >> [v2:172.21.15.107:6800/467262774,v1:172.21.15.107:6801/467262774] conn(0x7f20c0036770 0x7f20c0038c20 unknown :-1 s=START_CONNECT pgs=0 cs=0 l=1 rev1=0 crypto rx=0 tx=0 comp rx=0 tx=0)._fault waiting 0.800000
2024-04-22T23:26:00.464 INFO:teuthology.orchestra.run.smithi107.stdout:/usr/bin/ceph: stderr
2024-04-22T23:25:56.264+0000 7f20d99f1700 1 -- 172.21.15.107:0/4116434970 >> [v2:172.21.15.107:6800/467262774,v1:172.21.15.107:6801/467262774] conn(0x7f20c0036770 msgr2=0x7f20c0038c20 unknown :-1 s=STATE_CONNECTING_RE l=1).process reconnect failed to v2:172.21.15.107:6800/467262774
2024-04-22T23:26:00.464 INFO:teuthology.orchestra.run.smithi107.stdout:/usr/bin/ceph: stderr
2024-04-22T23:25:56.264+0000 7f20d99f1700 1 --2- 172.21.15.107:0/4116434970 >> [v2:172.21.15.107:6800/467262774,v1:172.21.15.107:6801/467262774] conn(0x7f20c0036770 0x7f20c0038c20 unknown :-1 s=START_CONNECT pgs=0 cs=0 l=1 rev1=0 crypto rx=0 tx=0 comp rx=0 tx=0)._fault waiting 1.600000
2024-04-22T23:26:00.464 INFO:teuthology.orchestra.run.smithi107.stdout:/usr/bin/ceph: stderr
2024-04-22T23:25:57.865+0000 7f20d99f1700 1 -- 172.21.15.107:0/4116434970 >> [v2:172.21.15.107:6800/467262774,v1:172.21.15.107:6801/467262774] conn(0x7f20c0036770 msgr2=0x7f20c0038c20 unknown :-1 s=STATE_CONNECTING_RE l=1).process reconnect failed to v2:172.21.15.107:6800/467262774
2024-04-22T23:26:00.464 INFO:teuthology.orchestra.run.smithi107.stdout:/usr/bin/ceph: stderr
2024-04-22T23:25:57.865+0000 7f20d99f1700 1 --2- 172.21.15.107:0/4116434970 >> [v2:172.21.15.107:6800/467262774,v1:172.21.15.107:6801/467262774] conn(0x7f20c0036770 0x7f20c0038c20 unknown :-1 s=START_CONNECT pgs=0 cs=0 l=1 rev1=0 crypto rx=0 tx=0 comp rx=0 tx=0)._fault waiting 3.200000
2024-04-22T23:26:00.464 INFO:teuthology.orchestra.run.smithi107.stdout:/usr/bin/ceph: stderr
2024-04-22T23:25:58.817+0000 7f20caffd700 1 -- 172.21.15.107:0/4116434970 <== mon.0 v2:172.21.15.107:3300/0 6 ==== mgrmap(e 6) v1 ==== 43143+0+0 (secure 0 0 0) 0x7f20c402e7c0 con 0x7f20d4103f20
2024-04-22T23:26:00.464 INFO:teuthology.orchestra.run.smithi107.stdout:/usr/bin/ceph: stderr
2024-04-22T23:25:58.817+0000 7f20caffd700 1 -- 172.21.15.107:0/4116434970 >> [v2:172.21.15.107:6800/467262774,v1:172.21.15.107:6801/467262774] conn(0x7f20c0036770 msgr2=0x7f20c0038c20 unknown :-1 s=STATE_CONNECTING l=1).mark_down
2024-04-22T23:26:00.464 INFO:teuthology.orchestra.run.smithi107.stdout:/usr/bin/ceph: stderr
2024-04-22T23:25:58.817+0000 7f20caffd700 1 --2- 172.21.15.107:0/4116434970 >> [v2:172.21.15.107:6800/467262774,v1:172.21.15.107:6801/467262774] conn(0x7f20c0036770 0x7f20c0038c20 unknown :-1 s=START_CONNECT pgs=0 cs=0 l=1 rev1=0 crypto rx=0 tx=0 comp rx=0 tx=0).stop
2024-04-22T23:26:00.464 INFO:teuthology.orchestra.run.smithi107.stdout:/usr/bin/ceph: stderr
2024-04-22T23:25:59.818+0000 7f20caffd700 1 -- 172.21.15.107:0/4116434970 <== mon.0 v2:172.21.15.107:3300/0 7 ==== mgrmap(e 7) v1 ==== 43270+0+0 (secure 0 0 0) 0x7f20c402dc70 con 0x7f20d4103f20
2024-04-22T23:26:00.464 INFO:teuthology.orchestra.run.smithi107.stdout:/usr/bin/ceph: stderr
2024-04-22T23:25:59.818+0000 7f20caffd700 1 --2- 172.21.15.107:0/4116434970 >> [v2:172.21.15.107:6800/307474287,v1:172.21.15.107:6801/307474287] conn(0x7f20c0039ff0 0x7f20c003c3d0 unknown :-1 s=NONE pgs=0 cs=0 l=1 rev1=0 crypto rx=0 tx=0 comp rx=0 tx=0).connect
2024-04-22T23:26:00.464 INFO:teuthology.orchestra.run.smithi107.stdout:/usr/bin/ceph: stderr
2024-04-22T23:25:59.818+0000 7f20caffd700 1 -- 172.21.15.107:0/4116434970 --> [v2:172.21.15.107:6800/307474287,v1:172.21.15.107:6801/307474287] -- command(tid 0: {"prefix": "get_command_descriptions"}) v1 -- 0x7f20c0039330 con 0x7f20c0039ff0
2024-04-22T23:26:00.464 INFO:teuthology.orchestra.run.smithi107.stdout:/usr/bin/ceph: stderr
2024-04-22T23:25:59.818+0000 7f20d99f1700 1 --2- 172.21.15.107:0/4116434970 >> [v2:172.21.15.107:6800/307474287,v1:172.21.15.107:6801/307474287] conn(0x7f20c0039ff0 0x7f20c003c3d0 unknown :-1 s=BANNER_CONNECTING pgs=0 cs=0 l=1 rev1=0 crypto rx=0 tx=0 comp rx=0 tx=0)._handle_peer_banner_payload supported=3 required=0
2024-04-22T23:26:00.465 INFO:teuthology.orchestra.run.smithi107.stdout:/usr/bin/ceph: stderr
2024-04-22T23:25:59.819+0000 7f20d99f1700 1 --2- 172.21.15.107:0/4116434970 >> [v2:172.21.15.107:6800/307474287,v1:172.21.15.107:6801/307474287] conn(0x7f20c0039ff0 0x7f20c003c3d0 secure :-1 s=READY pgs=2 cs=0 l=1 rev1=1 crypto rx=0x7f20d00039d0 tx=0x7f20d0009350 comp rx=0 tx=0).ready entity=mgr.14118 client_cookie=0 server_cookie=0 in_seq=0 out_seq=0
2024-04-22T23:26:00.465 INFO:teuthology.orchestra.run.smithi107.stdout:/usr/bin/ceph: stderr
2024-04-22T23:25:59.819+0000 7f20caffd700 1 -- 172.21.15.107:0/4116434970 <== mgr.14118 v2:172.21.15.107:6800/307474287 1 ==== command_reply(tid 0: 0 ) v1 ==== 8+0+6549 (secure 0 0 0) 0x7f20c0039330 con 0x7f20c0039ff0
2024-04-22T23:26:00.465 INFO:teuthology.orchestra.run.smithi107.stdout:/usr/bin/ceph: stderr
2024-04-22T23:25:59.825+0000 7f20dc456700 1 -- 172.21.15.107:0/4116434970 --> [v2:172.21.15.107:6800/307474287,v1:172.21.15.107:6801/307474287] -- command(tid 1: {"prefix": "mgr_status"}) v1 -- 0x7f20d4112270 con 0x7f20c0039ff0
2024-04-22T23:26:00.465 INFO:teuthology.orchestra.run.smithi107.stdout:/usr/bin/ceph: stderr
2024-04-22T23:25:59.825+0000 7f20caffd700 1 -- 172.21.15.107:0/4116434970 <== mgr.14118 v2:172.21.15.107:6800/307474287 2 ==== command_reply(tid 1: 0 ) v1 ==== 8+0+51 (secure 0 0 0) 0x7f20d4112270 con 0x7f20c0039ff0
2024-04-22T23:26:00.465 INFO:teuthology.orchestra.run.smithi107.stdout:/usr/bin/ceph: stderr
2024-04-22T23:25:59.826+0000 7f20dc456700 1 -- 172.21.15.107:0/4116434970 >> [v2:172.21.15.107:6800/307474287,v1:172.21.15.107:6801/307474287] conn(0x7f20c0039ff0 msgr2=0x7f20c003c3d0 secure :-1 s=STATE_CONNECTION_ESTABLISHED l=1).mark_down
2024-04-22T23:26:00.465 INFO:teuthology.orchestra.run.smithi107.stdout:/usr/bin/ceph: stderr
2024-04-22T23:25:59.826+0000 7f20dc456700 1 --2- 172.21.15.107:0/4116434970 >> [v2:172.21.15.107:6800/307474287,v1:172.21.15.107:6801/307474287] conn(0x7f20c0039ff0 0x7f20c003c3d0 secure :-1 s=READY pgs=2 cs=0 l=1 rev1=1 crypto rx=0x7f20d00039d0 tx=0x7f20d0009350 comp rx=0 tx=0).stop
2024-04-22T23:26:00.465 INFO:teuthology.orchestra.run.smithi107.stdout:/usr/bin/ceph: stderr
2024-04-22T23:25:59.826+0000 7f20dc456700 1 -- 172.21.15.107:0/4116434970 >> [v2:172.21.15.107:3300/0,v1:172.21.15.107:6789/0] conn(0x7f20d4103f20 msgr2=0x7f20d41116a0 secure :-1 s=STATE_CONNECTION_ESTABLISHED l=1).mark_down
2024-04-22T23:26:00.465 INFO:teuthology.orchestra.run.smithi107.stdout:/usr/bin/ceph: stderr
2024-04-22T23:25:59.826+0000 7f20dc456700 1 --2- 172.21.15.107:0/4116434970 >> [v2:172.21.15.107:3300/0,v1:172.21.15.107:6789/0] conn(0x7f20d4103f20 0x7f20d41116a0 secure :-1 s=READY pgs=27 cs=0 l=1 rev1=1 crypto rx=0x7f20c400b440 tx=0x7f20c4009250 comp rx=0 tx=0).stop
2024-04-22T23:26:00.465 INFO:teuthology.orchestra.run.smithi107.stdout:/usr/bin/ceph: stderr
2024-04-22T23:25:59.826+0000 7f20dc456700 1 -- 172.21.15.107:0/4116434970 shutdown_connections
2024-04-22T23:26:00.465 INFO:teuthology.orchestra.run.smithi107.stdout:/usr/bin/ceph: stderr
2024-04-22T23:25:59.826+0000 7f20dc456700 1 --2- 172.21.15.107:0/4116434970 >> [v2:172.21.15.107:6800/307474287,v1:172.21.15.107:6801/307474287] conn(0x7f20c0039ff0 0x7f20c003c3d0 unknown :-1 s=CLOSED pgs=2 cs=0 l=1 rev1=1 crypto rx=0 tx=0 comp rx=0 tx=0).stop
2024-04-22T23:26:00.465 INFO:teuthology.orchestra.run.smithi107.stdout:/usr/bin/ceph: stderr
2024-04-22T23:25:59.826+0000 7f20dc456700 1 --2- 172.21.15.107:0/4116434970 >> [v2:172.21.15.107:3300/0,v1:172.21.15.107:6789/0] conn(0x7f20d4103f20 0x7f20d41116a0 unknown :-1 s=CLOSED pgs=27 cs=0 l=1 rev1=1 crypto rx=0 tx=0 comp rx=0 tx=0).stop
2024-04-22T23:26:00.465 INFO:teuthology.orchestra.run.smithi107.stdout:/usr/bin/ceph: stderr
2024-04-22T23:25:59.826+0000 7f20dc456700 1 --2- 172.21.15.107:0/4116434970 >> [v2:172.21.15.107:6800/467262774,v1:172.21.15.107:6801/467262774] conn(0x7f20c0036770 0x7f20c0038c20 unknown :-1 s=CLOSED pgs=0 cs=0 l=1 rev1=0 crypto rx=0 tx=0 comp rx=0 tx=0).stop
2024-04-22T23:26:00.465 INFO:teuthology.orchestra.run.smithi107.stdout:/usr/bin/ceph: stderr
2024-04-22T23:25:59.826+0000 7f20dc456700 1 -- 172.21.15.107:0/4116434970 >> 172.21.15.107:0/4116434970 conn(0x7f20d40fc760 msgr2=0x7f20d40fd2a0 unknown :-1 s=STATE_NONE l=0).mark_down
2024-04-22T23:26:00.465 INFO:teuthology.orchestra.run.smithi107.stdout:/usr/bin/ceph: stderr
2024-04-22T23:25:59.826+0000 7f20dc456700 1 -- 172.21.15.107:0/4116434970 shutdown_connections
2024-04-22T23:26:00.466 INFO:teuthology.orchestra.run.smithi107.stdout:/usr/bin/ceph: stderr
2024-04-22T23:25:59.826+0000 7f20dc456700 1 -- 172.21.15.107:0/4116434970 wait complete.
2024-04-22T23:26:00.466 INFO:teuthology.orchestra.run.smithi107.stdout:mgr epoch 5 is available
2024-04-22T23:26:00.466 INFO:teuthology.orchestra.run.smithi107.stdout:Setting orchestrator backend to cephadm...
2024-04-22T23:26:01.100 INFO:journalctl@ceph.mon.smithi107.smithi107.stdout:Apr 22 23:26:00 smithi107 ceph-mon[26355]: [22/Apr/2024:23:25:59] ENGINE Bus STARTING
2024-04-22T23:26:01.100 INFO:journalctl@ceph.mon.smithi107.smithi107.stdout:Apr 22 23:26:00 smithi107 ceph-mon[26355]: [22/Apr/2024:23:25:59] ENGINE Serving on https://172.21.15.107:7150
2024-04-22T23:26:01.100 INFO:journalctl@ceph.mon.smithi107.smithi107.stdout:Apr 22 23:26:00 smithi107 ceph-mon[26355]: [22/Apr/2024:23:25:59] ENGINE Bus STARTED
2024-04-22T23:26:01.100 INFO:journalctl@ceph.mon.smithi107.smithi107.stdout:Apr 22 23:26:00 smithi107 ceph-mon[26355]: from='client.14122 -' entity='client.admin' cmd=[{"prefix": "get_command_descriptions"}]: dispatch
2024-04-22T23:26:01.100 INFO:journalctl@ceph.mon.smithi107.smithi107.stdout:Apr 22 23:26:00 smithi107 ceph-mon[26355]: from='client.14122 -' entity='client.admin' cmd=[{"prefix": "mgr_status"}]: dispatch
2024-04-22T23:26:01.662 INFO:teuthology.orchestra.run.smithi107.stdout:/usr/bin/ceph: stderr
2024-04-22T23:26:00.890+0000 7f8e65db9700 1 Processor -- start
2024-04-22T23:26:01.663 INFO:teuthology.orchestra.run.smithi107.stdout:/usr/bin/ceph: stderr
2024-04-22T23:26:00.890+0000 7f8e65db9700 1 -- start start
2024-04-22T23:26:01.663 INFO:teuthology.orchestra.run.smithi107.stdout:/usr/bin/ceph: stderr
2024-04-22T23:26:00.890+0000 7f8e65db9700 1 --2- >> [v2:172.21.15.107:3300/0,v1:172.21.15.107:6789/0] conn(0x7f8e60102930 0x7f8e60102d40 unknown :-1 s=NONE pgs=0 cs=0 l=0 rev1=0 crypto rx=0 tx=0 comp rx=0 tx=0).connect
2024-04-22T23:26:01.663 INFO:teuthology.orchestra.run.smithi107.stdout:/usr/bin/ceph: stderr
2024-04-22T23:26:00.891+0000 7f8e65db9700 1 -- --> [v2:172.21.15.107:3300/0,v1:172.21.15.107:6789/0] -- mon_getmap magic: 0 v1 -- 0x7f8e60103280 con 0x7f8e60102930
2024-04-22T23:26:01.663 INFO:teuthology.orchestra.run.smithi107.stdout:/usr/bin/ceph: stderr
2024-04-22T23:26:00.891+0000 7f8e5f7fe700 1 --2- >> [v2:172.21.15.107:3300/0,v1:172.21.15.107:6789/0] conn(0x7f8e60102930 0x7f8e60102d40 unknown :-1 s=BANNER_CONNECTING pgs=0 cs=0 l=0 rev1=0 crypto rx=0 tx=0 comp rx=0 tx=0)._handle_peer_banner_payload supported=3 required=0
2024-04-22T23:26:01.663 INFO:teuthology.orchestra.run.smithi107.stdout:/usr/bin/ceph: stderr
2024-04-22T23:26:00.891+0000 7f8e5f7fe700 1 --2- >> [v2:172.21.15.107:3300/0,v1:172.21.15.107:6789/0] conn(0x7f8e60102930 0x7f8e60102d40 unknown :-1 s=HELLO_CONNECTING pgs=0 cs=0 l=0 rev1=1 crypto rx=0 tx=0 comp rx=0 tx=0).handle_hello peer v2:172.21.15.107:3300/0 says I am v2:172.21.15.107:36446/0 (socket says 172.21.15.107:36446)
2024-04-22T23:26:01.663 INFO:teuthology.orchestra.run.smithi107.stdout:/usr/bin/ceph: stderr
2024-04-22T23:26:00.891+0000 7f8e5f7fe700 1 -- 172.21.15.107:0/2160721430 learned_addr learned my addr 172.21.15.107:0/2160721430 (peer_addr_for_me v2:172.21.15.107:0/0)
2024-04-22T23:26:01.663 INFO:teuthology.orchestra.run.smithi107.stdout:/usr/bin/ceph: stderr
2024-04-22T23:26:00.891+0000 7f8e5f7fe700 1 -- 172.21.15.107:0/2160721430 --> [v2:172.21.15.107:3300/0,v1:172.21.15.107:6789/0] -- mon_subscribe({config=0+,monmap=0+}) v3 -- 0x7f8e601033c0 con 0x7f8e60102930
2024-04-22T23:26:01.663 INFO:teuthology.orchestra.run.smithi107.stdout:/usr/bin/ceph: stderr
2024-04-22T23:26:00.891+0000 7f8e5f7fe700 1 --2- 172.21.15.107:0/2160721430 >> [v2:172.21.15.107:3300/0,v1:172.21.15.107:6789/0] conn(0x7f8e60102930 0x7f8e60102d40 secure :-1 s=READY pgs=35 cs=0 l=1 rev1=1 crypto rx=0x7f8e58009e50 tx=0x7f8e58009840 comp rx=0 tx=0).ready entity=mon.0 client_cookie=e85b099e40406225 server_cookie=0 in_seq=0 out_seq=0
2024-04-22T23:26:01.663 INFO:teuthology.orchestra.run.smithi107.stdout:/usr/bin/ceph: stderr
2024-04-22T23:26:00.891+0000 7f8e5e7fc700 1 -- 172.21.15.107:0/2160721430 <== mon.0 v2:172.21.15.107:3300/0 1 ==== mon_map magic: 0 v1 ==== 229+0+0 (secure 0 0 0) 0x7f8e580092e0 con 0x7f8e60102930
2024-04-22T23:26:01.663 INFO:teuthology.orchestra.run.smithi107.stdout:/usr/bin/ceph: stderr
2024-04-22T23:26:00.891+0000 7f8e5e7fc700 1 -- 172.21.15.107:0/2160721430 <== mon.0 v2:172.21.15.107:3300/0 2 ==== config(27 keys) v1 ==== 1044+0+0 (secure 0 0 0) 0x7f8e58012430 con 0x7f8e60102930
2024-04-22T23:26:01.663 INFO:teuthology.orchestra.run.smithi107.stdout:/usr/bin/ceph: stderr
2024-04-22T23:26:00.891+0000 7f8e5e7fc700 1 -- 172.21.15.107:0/2160721430 <== mon.0 v2:172.21.15.107:3300/0 3 ==== mon_map magic: 0 v1 ==== 229+0+0 (secure 0 0 0) 0x7f8e580075c0 con 0x7f8e60102930
2024-04-22T23:26:01.663 INFO:teuthology.orchestra.run.smithi107.stdout:/usr/bin/ceph: stderr
2024-04-22T23:26:00.892+0000 7f8e65db9700 1 -- 172.21.15.107:0/2160721430 >> [v2:172.21.15.107:3300/0,v1:172.21.15.107:6789/0] conn(0x7f8e60102930 msgr2=0x7f8e60102d40 secure :-1 s=STATE_CONNECTION_ESTABLISHED l=1).mark_down
2024-04-22T23:26:01.663 INFO:teuthology.orchestra.run.smithi107.stdout:/usr/bin/ceph: stderr
2024-04-22T23:26:00.892+0000 7f8e65db9700 1 --2- 172.21.15.107:0/2160721430 >> [v2:172.21.15.107:3300/0,v1:172.21.15.107:6789/0] conn(0x7f8e60102930 0x7f8e60102d40 secure :-1 s=READY pgs=35 cs=0 l=1 rev1=1 crypto rx=0x7f8e58009e50 tx=0x7f8e58009840 comp rx=0 tx=0).stop
2024-04-22T23:26:01.663 INFO:teuthology.orchestra.run.smithi107.stdout:/usr/bin/ceph: stderr
2024-04-22T23:26:00.892+0000 7f8e65db9700 1 -- 172.21.15.107:0/2160721430 shutdown_connections
2024-04-22T23:26:01.664 INFO:teuthology.orchestra.run.smithi107.stdout:/usr/bin/ceph: stderr
2024-04-22T23:26:00.892+0000 7f8e65db9700 1 --2- 172.21.15.107:0/2160721430 >> [v2:172.21.15.107:3300/0,v1:172.21.15.107:6789/0] conn(0x7f8e60102930 0x7f8e60102d40 unknown :-1 s=CLOSED pgs=35 cs=0 l=1 rev1=1 crypto rx=0 tx=0 comp rx=0 tx=0).stop
2024-04-22T23:26:01.664 INFO:teuthology.orchestra.run.smithi107.stdout:/usr/bin/ceph: stderr
2024-04-22T23:26:00.892+0000 7f8e65db9700 1 -- 172.21.15.107:0/2160721430 >> 172.21.15.107:0/2160721430 conn(0x7f8e600fe140 msgr2=0x7f8e60100550 unknown :-1 s=STATE_NONE l=0).mark_down
2024-04-22T23:26:01.664 INFO:teuthology.orchestra.run.smithi107.stdout:/usr/bin/ceph: stderr
2024-04-22T23:26:00.892+0000 7f8e65db9700 1 -- 172.21.15.107:0/2160721430 shutdown_connections
2024-04-22T23:26:01.664 INFO:teuthology.orchestra.run.smithi107.stdout:/usr/bin/ceph: stderr
2024-04-22T23:26:00.892+0000 7f8e65db9700 1 -- 172.21.15.107:0/2160721430 wait complete.
2024-04-22T23:26:01.664 INFO:teuthology.orchestra.run.smithi107.stdout:/usr/bin/ceph: stderr
2024-04-22T23:26:00.892+0000 7f8e65db9700 1 Processor -- start
2024-04-22T23:26:01.664 INFO:teuthology.orchestra.run.smithi107.stdout:/usr/bin/ceph: stderr
2024-04-22T23:26:00.893+0000 7f8e65db9700 1 -- start start
2024-04-22T23:26:01.664 INFO:teuthology.orchestra.run.smithi107.stdout:/usr/bin/ceph: stderr
2024-04-22T23:26:00.893+0000 7f8e65db9700 1 --2- >> [v2:172.21.15.107:3300/0,v1:172.21.15.107:6789/0] conn(0x7f8e60102930 0x7f8e601116f0 unknown :-1 s=NONE pgs=0 cs=0 l=1 rev1=0 crypto rx=0 tx=0 comp rx=0 tx=0).connect
2024-04-22T23:26:01.664 INFO:teuthology.orchestra.run.smithi107.stdout:/usr/bin/ceph: stderr
2024-04-22T23:26:00.893+0000 7f8e65db9700 1 -- --> [v2:172.21.15.107:3300/0,v1:172.21.15.107:6789/0] -- mon_getmap magic: 0 v1 -- 0x7f8e60111c30 con 0x7f8e60102930
2024-04-22T23:26:01.664 INFO:teuthology.orchestra.run.smithi107.stdout:/usr/bin/ceph: stderr
2024-04-22T23:26:00.893+0000 7f8e5f7fe700 1 --2- >> [v2:172.21.15.107:3300/0,v1:172.21.15.107:6789/0] conn(0x7f8e60102930 0x7f8e601116f0 unknown :-1 s=BANNER_CONNECTING pgs=0 cs=0 l=1 rev1=0 crypto rx=0 tx=0 comp rx=0 tx=0)._handle_peer_banner_payload supported=3 required=0
2024-04-22T23:26:01.664 INFO:teuthology.orchestra.run.smithi107.stdout:/usr/bin/ceph: stderr
2024-04-22T23:26:00.893+0000 7f8e5f7fe700 1 --2- >> [v2:172.21.15.107:3300/0,v1:172.21.15.107:6789/0] conn(0x7f8e60102930 0x7f8e601116f0 unknown :-1 s=HELLO_CONNECTING pgs=0 cs=0 l=1 rev1=1 crypto rx=0 tx=0 comp rx=0 tx=0).handle_hello peer v2:172.21.15.107:3300/0 says I am v2:172.21.15.107:36460/0 (socket says 172.21.15.107:36460)
2024-04-22T23:26:01.664 INFO:teuthology.orchestra.run.smithi107.stdout:/usr/bin/ceph: stderr
2024-04-22T23:26:00.893+0000 7f8e5f7fe700 1 -- 172.21.15.107:0/4246014109 learned_addr learned my addr 172.21.15.107:0/4246014109 (peer_addr_for_me v2:172.21.15.107:0/0)
2024-04-22T23:26:01.664 INFO:teuthology.orchestra.run.smithi107.stdout:/usr/bin/ceph: stderr
2024-04-22T23:26:00.893+0000 7f8e5f7fe700 1 -- 172.21.15.107:0/4246014109 --> [v2:172.21.15.107:3300/0,v1:172.21.15.107:6789/0] -- mon_subscribe({config=0+,monmap=0+}) v3 -- 0x7f8e58009ae0 con 0x7f8e60102930
2024-04-22T23:26:01.664 INFO:teuthology.orchestra.run.smithi107.stdout:/usr/bin/ceph: stderr
2024-04-22T23:26:00.893+0000 7f8e5f7fe700 1 --2- 172.21.15.107:0/4246014109 >> [v2:172.21.15.107:3300/0,v1:172.21.15.107:6789/0] conn(0x7f8e60102930 0x7f8e601116f0 secure :-1 s=READY pgs=36 cs=0 l=1 rev1=1 crypto rx=0x7f8e58009ab0 tx=0x7f8e58009840 comp rx=0 tx=0).ready entity=mon.0 client_cookie=0 server_cookie=0 in_seq=0 out_seq=0
2024-04-22T23:26:01.665 INFO:teuthology.orchestra.run.smithi107.stdout:/usr/bin/ceph: stderr
2024-04-22T23:26:00.893+0000 7f8e57fff700 1 -- 172.21.15.107:0/4246014109 <== mon.0 v2:172.21.15.107:3300/0 1 ==== mon_map magic: 0 v1 ==== 229+0+0 (secure 0 0 0) 0x7f8e580092e0 con 0x7f8e60102930
2024-04-22T23:26:01.665 INFO:teuthology.orchestra.run.smithi107.stdout:/usr/bin/ceph: stderr
2024-04-22T23:26:00.893+0000 7f8e65db9700 1 -- 172.21.15.107:0/4246014109 --> [v2:172.21.15.107:3300/0,v1:172.21.15.107:6789/0] -- mon_subscribe({mgrmap=0+}) v3 -- 0x7f8e60111e30 con 0x7f8e60102930
2024-04-22T23:26:01.665 INFO:teuthology.orchestra.run.smithi107.stdout:/usr/bin/ceph: stderr
2024-04-22T23:26:00.893+0000 7f8e57fff700 1 -- 172.21.15.107:0/4246014109 <== mon.0 v2:172.21.15.107:3300/0 2 ==== config(27 keys) v1 ==== 1044+0+0 (secure 0 0 0) 0x7f8e58007d10 con 0x7f8e60102930
2024-04-22T23:26:01.665 INFO:teuthology.orchestra.run.smithi107.stdout:/usr/bin/ceph: stderr
2024-04-22T23:26:00.893+0000 7f8e57fff700 1 -- 172.21.15.107:0/4246014109 <== mon.0 v2:172.21.15.107:3300/0 3 ==== mon_map magic: 0 v1 ==== 229+0+0 (secure 0 0 0) 0x7f8e5801c9b0 con 0x7f8e60102930
2024-04-22T23:26:01.665 INFO:teuthology.orchestra.run.smithi107.stdout:/usr/bin/ceph: stderr
2024-04-22T23:26:00.894+0000 7f8e65db9700 1 -- 172.21.15.107:0/4246014109 --> [v2:172.21.15.107:3300/0,v1:172.21.15.107:6789/0] -- mon_subscribe({osdmap=0}) v3 -- 0x7f8e601129a0 con 0x7f8e60102930
2024-04-22T23:26:01.665 INFO:teuthology.orchestra.run.smithi107.stdout:/usr/bin/ceph: stderr
2024-04-22T23:26:00.894+0000 7f8e57fff700 1 -- 172.21.15.107:0/4246014109 <== mon.0 v2:172.21.15.107:3300/0 4 ==== mgrmap(e 8) v1 ==== 43376+0+0 (secure 0 0 0) 0x7f8e58019070 con 0x7f8e60102930
2024-04-22T23:26:01.665 INFO:teuthology.orchestra.run.smithi107.stdout:/usr/bin/ceph: stderr
2024-04-22T23:26:00.894+0000 7f8e57fff700 1 --2- 172.21.15.107:0/4246014109 >> [v2:172.21.15.107:6800/307474287,v1:172.21.15.107:6801/307474287] conn(0x7f8e4c0367e0 0x7f8e4c038c90 unknown :-1 s=NONE pgs=0 cs=0 l=1 rev1=0 crypto rx=0 tx=0 comp rx=0 tx=0).connect
2024-04-22T23:26:01.665 INFO:teuthology.orchestra.run.smithi107.stdout:/usr/bin/ceph: stderr
2024-04-22T23:26:00.894+0000 7f8e57fff700 1 -- 172.21.15.107:0/4246014109 <== mon.0 v2:172.21.15.107:3300/0 5 ==== osd_map(2..2 src has 1..2) v4 ==== 936+0+0 (secure 0 0 0) 0x7f8e58049e10 con 0x7f8e60102930
2024-04-22T23:26:01.665 INFO:teuthology.orchestra.run.smithi107.stdout:/usr/bin/ceph: stderr
2024-04-22T23:26:00.895+0000 7f8e5effd700 1 --2- 172.21.15.107:0/4246014109 >> [v2:172.21.15.107:6800/307474287,v1:172.21.15.107:6801/307474287] conn(0x7f8e4c0367e0 0x7f8e4c038c90 unknown :-1 s=BANNER_CONNECTING pgs=0 cs=0 l=1 rev1=0 crypto rx=0 tx=0 comp rx=0 tx=0)._handle_peer_banner_payload supported=3 required=0
2024-04-22T23:26:01.665 INFO:teuthology.orchestra.run.smithi107.stdout:/usr/bin/ceph: stderr
2024-04-22T23:26:00.895+0000 7f8e65db9700 1 -- 172.21.15.107:0/4246014109 --> [v2:172.21.15.107:3300/0,v1:172.21.15.107:6789/0] -- mon_command({"prefix": "get_command_descriptions"} v 0) v1 -- 0x7f8e6005f5f0 con 0x7f8e60102930
2024-04-22T23:26:01.665 INFO:teuthology.orchestra.run.smithi107.stdout:/usr/bin/ceph: stderr
2024-04-22T23:26:00.895+0000 7f8e5effd700 1 --2- 172.21.15.107:0/4246014109 >> [v2:172.21.15.107:6800/307474287,v1:172.21.15.107:6801/307474287] conn(0x7f8e4c0367e0 0x7f8e4c038c90 secure :-1 s=READY pgs=7 cs=0 l=1 rev1=1 crypto rx=0x7f8e48009990 tx=0x7f8e48006e40 comp rx=0 tx=0).ready entity=mgr.14118 client_cookie=0 server_cookie=0 in_seq=0 out_seq=0
2024-04-22T23:26:01.665 INFO:teuthology.orchestra.run.smithi107.stdout:/usr/bin/ceph: stderr
2024-04-22T23:26:00.900+0000 7f8e57fff700 1 -- 172.21.15.107:0/4246014109 <== mon.0 v2:172.21.15.107:3300/0 6 ==== mon_command_ack([{"prefix": "get_command_descriptions"}]=0 v0) v1 ==== 72+0+176702 (secure 0 0 0) 0x7f8e58017080 con 0x7f8e60102930
2024-04-22T23:26:01.665 INFO:teuthology.orchestra.run.smithi107.stdout:/usr/bin/ceph: stderr
2024-04-22T23:26:01.097+0000 7f8e65db9700 1 -- 172.21.15.107:0/4246014109 --> [v2:172.21.15.107:6800/307474287,v1:172.21.15.107:6801/307474287] -- mgr_command(tid 0: {"prefix": "orch set backend", "module_name": "cephadm", "target": ["mon-mgr", ""]}) v1 -- 0x7f8e600ff3d0 con 0x7f8e4c0367e0
2024-04-22T23:26:01.666 INFO:teuthology.orchestra.run.smithi107.stdout:/usr/bin/ceph: stderr
2024-04-22T23:26:01.106+0000 7f8e57fff700 1 -- 172.21.15.107:0/4246014109 <== mgr.14118 v2:172.21.15.107:6800/307474287 1 ==== mgr_command_reply(tid 0: 0 ) v1 ==== 8+0+0 (secure 0 0 0) 0x7f8e600ff3d0 con 0x7f8e4c0367e0
2024-04-22T23:26:01.666 INFO:teuthology.orchestra.run.smithi107.stdout:/usr/bin/ceph: stderr
2024-04-22T23:26:01.108+0000 7f8e65db9700 1 -- 172.21.15.107:0/4246014109 >> [v2:172.21.15.107:6800/307474287,v1:172.21.15.107:6801/307474287] conn(0x7f8e4c0367e0 msgr2=0x7f8e4c038c90 secure :-1 s=STATE_CONNECTION_ESTABLISHED l=1).mark_down
2024-04-22T23:26:01.666 INFO:teuthology.orchestra.run.smithi107.stdout:/usr/bin/ceph: stderr
2024-04-22T23:26:01.108+0000 7f8e65db9700 1 --2- 172.21.15.107:0/4246014109 >> [v2:172.21.15.107:6800/307474287,v1:172.21.15.107:6801/307474287] conn(0x7f8e4c0367e0 0x7f8e4c038c90 secure :-1 s=READY pgs=7 cs=0 l=1 rev1=1 crypto rx=0x7f8e48009990 tx=0x7f8e48006e40 comp rx=0 tx=0).stop
2024-04-22T23:26:01.666 INFO:teuthology.orchestra.run.smithi107.stdout:/usr/bin/ceph: stderr
2024-04-22T23:26:01.108+0000 7f8e65db9700 1 -- 172.21.15.107:0/4246014109 >> [v2:172.21.15.107:3300/0,v1:172.21.15.107:6789/0] conn(0x7f8e60102930 msgr2=0x7f8e601116f0 secure :-1 s=STATE_CONNECTION_ESTABLISHED l=1).mark_down
2024-04-22T23:26:01.666 INFO:teuthology.orchestra.run.smithi107.stdout:/usr/bin/ceph: stderr
2024-04-22T23:26:01.108+0000 7f8e65db9700 1 --2- 172.21.15.107:0/4246014109 >> [v2:172.21.15.107:3300/0,v1:172.21.15.107:6789/0] conn(0x7f8e60102930 0x7f8e601116f0 secure :-1 s=READY pgs=36 cs=0 l=1 rev1=1 crypto rx=0x7f8e58009ab0 tx=0x7f8e58009840 comp rx=0 tx=0).stop
2024-04-22T23:26:01.666 INFO:teuthology.orchestra.run.smithi107.stdout:/usr/bin/ceph: stderr
2024-04-22T23:26:01.108+0000 7f8e65db9700 1 -- 172.21.15.107:0/4246014109 shutdown_connections
2024-04-22T23:26:01.666 INFO:teuthology.orchestra.run.smithi107.stdout:/usr/bin/ceph: stderr
2024-04-22T23:26:01.108+0000 7f8e65db9700 1 --2- 172.21.15.107:0/4246014109 >> [v2:172.21.15.107:6800/307474287,v1:172.21.15.107:6801/307474287] conn(0x7f8e4c0367e0 0x7f8e4c038c90 unknown :-1 s=CLOSED pgs=7 cs=0 l=1 rev1=1 crypto rx=0 tx=0 comp rx=0 tx=0).stop
2024-04-22T23:26:01.666 INFO:teuthology.orchestra.run.smithi107.stdout:/usr/bin/ceph: stderr
2024-04-22T23:26:01.108+0000 7f8e65db9700 1 --2- 172.21.15.107:0/4246014109 >> [v2:172.21.15.107:3300/0,v1:172.21.15.107:6789/0] conn(0x7f8e60102930 0x7f8e601116f0 unknown :-1 s=CLOSED pgs=36 cs=0 l=1 rev1=1 crypto rx=0 tx=0 comp rx=0 tx=0).stop
2024-04-22T23:26:01.666 INFO:teuthology.orchestra.run.smithi107.stdout:/usr/bin/ceph: stderr
2024-04-22T23:26:01.108+0000 7f8e65db9700 1 -- 172.21.15.107:0/4246014109 >> 172.21.15.107:0/4246014109 conn(0x7f8e600fe140 msgr2=0x7f8e600feca0 unknown :-1 s=STATE_NONE l=0).mark_down
2024-04-22T23:26:01.666 INFO:teuthology.orchestra.run.smithi107.stdout:/usr/bin/ceph: stderr
2024-04-22T23:26:01.109+0000 7f8e65db9700 1 -- 172.21.15.107:0/4246014109 shutdown_connections
2024-04-22T23:26:01.666 INFO:teuthology.orchestra.run.smithi107.stdout:/usr/bin/ceph: stderr
2024-04-22T23:26:01.109+0000 7f8e65db9700 1 -- 172.21.15.107:0/4246014109 wait complete.
2024-04-22T23:26:02.041 INFO:journalctl@ceph.mon.smithi107.smithi107.stdout:Apr 22 23:26:01 smithi107 ceph-mon[26355]: mgrmap e8: smithi107.uipxvm(active, since 2s)
2024-04-22T23:26:02.041 INFO:journalctl@ceph.mon.smithi107.smithi107.stdout:Apr 22 23:26:01 smithi107 ceph-mon[26355]: from='client.14130 -' entity='client.admin' cmd=[{"prefix": "orch set backend", "module_name": "cephadm", "target": ["mon-mgr", ""]}]: dispatch
2024-04-22T23:26:02.041 INFO:journalctl@ceph.mon.smithi107.smithi107.stdout:Apr 22 23:26:01 smithi107 ceph-mon[26355]: from='mgr.14118 172.21.15.107:0/4176396201' entity='mgr.smithi107.uipxvm'
2024-04-22T23:26:02.041 INFO:journalctl@ceph.mon.smithi107.smithi107.stdout:Apr 22 23:26:01 smithi107 ceph-mon[26355]: from='mgr.14118 172.21.15.107:0/4176396201' entity='mgr.smithi107.uipxvm' cmd=[{"prefix": "config dump", "format": "json"}]: dispatch
2024-04-22T23:26:02.877 INFO:teuthology.orchestra.run.smithi107.stdout:/usr/bin/ceph: stdout value unchanged
2024-04-22T23:26:02.877 INFO:teuthology.orchestra.run.smithi107.stdout:/usr/bin/ceph: stderr
2024-04-22T23:26:02.051+0000 7fefa3927700 1 Processor -- start
2024-04-22T23:26:02.878 INFO:teuthology.orchestra.run.smithi107.stdout:/usr/bin/ceph: stderr
2024-04-22T23:26:02.052+0000 7fefa3927700 1 -- start start
2024-04-22T23:26:02.878 INFO:teuthology.orchestra.run.smithi107.stdout:/usr/bin/ceph: stderr
2024-04-22T23:26:02.052+0000 7fefa3927700 1 --2- >> [v2:172.21.15.107:3300/0,v1:172.21.15.107:6789/0] conn(0x7fef9c076ae0 0x7fef9c1055a0 unknown :-1 s=NONE pgs=0 cs=0 l=0 rev1=0 crypto rx=0 tx=0 comp rx=0 tx=0).connect
2024-04-22T23:26:02.878 INFO:teuthology.orchestra.run.smithi107.stdout:/usr/bin/ceph: stderr
2024-04-22T23:26:02.052+0000 7fefa3927700 1 -- --> [v2:172.21.15.107:3300/0,v1:172.21.15.107:6789/0] -- mon_getmap magic: 0 v1 -- 0x7fef9c076ef0 con 0x7fef9c076ae0
2024-04-22T23:26:02.878 INFO:teuthology.orchestra.run.smithi107.stdout:/usr/bin/ceph: stderr
2024-04-22T23:26:02.052+0000 7fefa16c3700 1 --2- >> [v2:172.21.15.107:3300/0,v1:172.21.15.107:6789/0] conn(0x7fef9c076ae0 0x7fef9c1055a0 unknown :-1 s=BANNER_CONNECTING pgs=0 cs=0 l=0 rev1=0 crypto rx=0 tx=0 comp rx=0 tx=0)._handle_peer_banner_payload supported=3 required=0
2024-04-22T23:26:02.878 INFO:teuthology.orchestra.run.smithi107.stdout:/usr/bin/ceph: stderr
2024-04-22T23:26:02.052+0000 7fefa16c3700 1 --2- >> [v2:172.21.15.107:3300/0,v1:172.21.15.107:6789/0] conn(0x7fef9c076ae0 0x7fef9c1055a0 unknown :-1 s=HELLO_CONNECTING pgs=0 cs=0 l=0 rev1=1 crypto rx=0 tx=0 comp rx=0 tx=0).handle_hello peer v2:172.21.15.107:3300/0 says I am v2:172.21.15.107:34296/0 (socket says 172.21.15.107:34296)
2024-04-22T23:26:02.878 INFO:teuthology.orchestra.run.smithi107.stdout:/usr/bin/ceph: stderr
2024-04-22T23:26:02.052+0000 7fefa16c3700 1 -- 172.21.15.107:0/1868815553 learned_addr learned my addr 172.21.15.107:0/1868815553 (peer_addr_for_me v2:172.21.15.107:0/0)
2024-04-22T23:26:02.878 INFO:teuthology.orchestra.run.smithi107.stdout:/usr/bin/ceph: stderr
2024-04-22T23:26:02.052+0000 7fefa16c3700 1 -- 172.21.15.107:0/1868815553 --> [v2:172.21.15.107:3300/0,v1:172.21.15.107:6789/0] -- mon_subscribe({config=0+,monmap=0+}) v3 -- 0x7fef9c105ae0 con 0x7fef9c076ae0
2024-04-22T23:26:02.878 INFO:teuthology.orchestra.run.smithi107.stdout:/usr/bin/ceph: stderr
2024-04-22T23:26:02.053+0000 7fefa16c3700 1 --2- 172.21.15.107:0/1868815553 >> [v2:172.21.15.107:3300/0,v1:172.21.15.107:6789/0] conn(0x7fef9c076ae0 0x7fef9c1055a0 secure :-1 s=READY pgs=37 cs=0 l=1 rev1=1 crypto rx=0x7fef8c0098e0 tx=0x7fef8c009250 comp rx=0 tx=0).ready entity=mon.0 client_cookie=fc879b6463bb2db8 server_cookie=0 in_seq=0 out_seq=0
2024-04-22T23:26:02.878 INFO:teuthology.orchestra.run.smithi107.stdout:/usr/bin/ceph: stderr
2024-04-22T23:26:02.053+0000 7fef93fff700 1 -- 172.21.15.107:0/1868815553 <== mon.0 v2:172.21.15.107:3300/0 1 ==== mon_map magic: 0 v1 ==== 229+0+0 (secure 0 0 0) 0x7fef8c00b8f0 con 0x7fef9c076ae0
2024-04-22T23:26:02.878 INFO:teuthology.orchestra.run.smithi107.stdout:/usr/bin/ceph: stderr
2024-04-22T23:26:02.053+0000 7fef93fff700 1 -- 172.21.15.107:0/1868815553 <== mon.0 v2:172.21.15.107:3300/0 2 ==== config(27 keys) v1 ==== 1044+0+0 (secure 0 0 0) 0x7fef8c011420 con 0x7fef9c076ae0
2024-04-22T23:26:02.878 INFO:teuthology.orchestra.run.smithi107.stdout:/usr/bin/ceph: stderr
2024-04-22T23:26:02.053+0000 7fef93fff700 1 -- 172.21.15.107:0/1868815553 <== mon.0 v2:172.21.15.107:3300/0 3 ==== mon_map magic: 0 v1 ==== 229+0+0 (secure 0 0 0) 0x7fef8c010540 con 0x7fef9c076ae0
2024-04-22T23:26:02.878 INFO:teuthology.orchestra.run.smithi107.stdout:/usr/bin/ceph: stderr
2024-04-22T23:26:02.053+0000 7fefa3927700 1 -- 172.21.15.107:0/1868815553 >> [v2:172.21.15.107:3300/0,v1:172.21.15.107:6789/0] conn(0x7fef9c076ae0 msgr2=0x7fef9c1055a0 secure :-1 s=STATE_CONNECTION_ESTABLISHED l=1).mark_down
2024-04-22T23:26:02.879 INFO:teuthology.orchestra.run.smithi107.stdout:/usr/bin/ceph: stderr
2024-04-22T23:26:02.053+0000 7fefa3927700 1 --2- 172.21.15.107:0/1868815553 >> [v2:172.21.15.107:3300/0,v1:172.21.15.107:6789/0] conn(0x7fef9c076ae0 0x7fef9c1055a0 secure :-1 s=READY pgs=37 cs=0 l=1 rev1=1 crypto rx=0x7fef8c0098e0 tx=0x7fef8c009250 comp rx=0 tx=0).stop
2024-04-22T23:26:02.879 INFO:teuthology.orchestra.run.smithi107.stdout:/usr/bin/ceph: stderr
2024-04-22T23:26:02.053+0000 7fefa3927700 1 -- 172.21.15.107:0/1868815553 shutdown_connections
2024-04-22T23:26:02.879 INFO:teuthology.orchestra.run.smithi107.stdout:/usr/bin/ceph: stderr
2024-04-22T23:26:02.053+0000 7fefa3927700 1 --2- 172.21.15.107:0/1868815553 >> [v2:172.21.15.107:3300/0,v1:172.21.15.107:6789/0] conn(0x7fef9c076ae0 0x7fef9c1055a0 unknown :-1 s=CLOSED pgs=37 cs=0 l=1 rev1=1 crypto rx=0 tx=0 comp rx=0 tx=0).stop
2024-04-22T23:26:02.879 INFO:teuthology.orchestra.run.smithi107.stdout:/usr/bin/ceph: stderr
2024-04-22T23:26:02.053+0000 7fefa3927700 1 -- 172.21.15.107:0/1868815553 >> 172.21.15.107:0/1868815553 conn(0x7fef9c0fcfb0 msgr2=0x7fef9c0ff400 unknown :-1 s=STATE_NONE l=0).mark_down
2024-04-22T23:26:02.879 INFO:teuthology.orchestra.run.smithi107.stdout:/usr/bin/ceph: stderr
2024-04-22T23:26:02.053+0000 7fefa3927700 1 -- 172.21.15.107:0/1868815553 shutdown_connections
2024-04-22T23:26:02.879 INFO:teuthology.orchestra.run.smithi107.stdout:/usr/bin/ceph: stderr
2024-04-22T23:26:02.053+0000 7fefa3927700 1 -- 172.21.15.107:0/1868815553 wait complete.
2024-04-22T23:26:02.879 INFO:teuthology.orchestra.run.smithi107.stdout:/usr/bin/ceph: stderr
2024-04-22T23:26:02.054+0000 7fefa3927700 1 Processor -- start
2024-04-22T23:26:02.879 INFO:teuthology.orchestra.run.smithi107.stdout:/usr/bin/ceph: stderr
2024-04-22T23:26:02.054+0000 7fefa3927700 1 -- start start
2024-04-22T23:26:02.879 INFO:teuthology.orchestra.run.smithi107.stdout:/usr/bin/ceph: stderr
2024-04-22T23:26:02.054+0000 7fefa3927700 1 --2- >> [v2:172.21.15.107:3300/0,v1:172.21.15.107:6789/0] conn(0x7fef9c076ae0 0x7fef9c102ef0 unknown :-1 s=NONE pgs=0 cs=0 l=1 rev1=0 crypto rx=0 tx=0 comp rx=0 tx=0).connect
2024-04-22T23:26:02.880 INFO:teuthology.orchestra.run.smithi107.stdout:/usr/bin/ceph: stderr
2024-04-22T23:26:02.054+0000 7fefa3927700 1 -- --> [v2:172.21.15.107:3300/0,v1:172.21.15.107:6789/0] -- mon_getmap magic: 0 v1 -- 0x7fef9c103430 con 0x7fef9c076ae0
2024-04-22T23:26:02.880 INFO:teuthology.orchestra.run.smithi107.stdout:/usr/bin/ceph: stderr
2024-04-22T23:26:02.054+0000 7fefa16c3700 1 --2- >> [v2:172.21.15.107:3300/0,v1:172.21.15.107:6789/0] conn(0x7fef9c076ae0 0x7fef9c102ef0 unknown :-1 s=BANNER_CONNECTING pgs=0 cs=0 l=1 rev1=0 crypto rx=0 tx=0 comp rx=0 tx=0)._handle_peer_banner_payload supported=3 required=0
2024-04-22T23:26:02.880 INFO:teuthology.orchestra.run.smithi107.stdout:/usr/bin/ceph: stderr
2024-04-22T23:26:02.054+0000 7fefa16c3700 1 --2- >> [v2:172.21.15.107:3300/0,v1:172.21.15.107:6789/0] conn(0x7fef9c076ae0 0x7fef9c102ef0 unknown :-1 s=HELLO_CONNECTING pgs=0 cs=0 l=1 rev1=1 crypto rx=0 tx=0 comp rx=0 tx=0).handle_hello peer v2:172.21.15.107:3300/0 says I am v2:172.21.15.107:34302/0 (socket says 172.21.15.107:34302)
2024-04-22T23:26:02.880 INFO:teuthology.orchestra.run.smithi107.stdout:/usr/bin/ceph: stderr
2024-04-22T23:26:02.054+0000 7fefa16c3700 1 -- 172.21.15.107:0/728363825 learned_addr learned my addr 172.21.15.107:0/728363825 (peer_addr_for_me v2:172.21.15.107:0/0)
2024-04-22T23:26:02.880 INFO:teuthology.orchestra.run.smithi107.stdout:/usr/bin/ceph: stderr
2024-04-22T23:26:02.054+0000 7fefa16c3700 1 -- 172.21.15.107:0/728363825 --> [v2:172.21.15.107:3300/0,v1:172.21.15.107:6789/0] -- mon_subscribe({config=0+,monmap=0+}) v3 -- 0x7fef8c0094f0 con 0x7fef9c076ae0
2024-04-22T23:26:02.880 INFO:teuthology.orchestra.run.smithi107.stdout:/usr/bin/ceph: stderr
2024-04-22T23:26:02.054+0000 7fefa16c3700 1 --2- 172.21.15.107:0/728363825 >> [v2:172.21.15.107:3300/0,v1:172.21.15.107:6789/0] conn(0x7fef9c076ae0 0x7fef9c102ef0 secure :-1 s=READY pgs=38 cs=0 l=1 rev1=1 crypto rx=0x7fef8c0094c0 tx=0x7fef8c009250 comp rx=0 tx=0).ready entity=mon.0 client_cookie=0 server_cookie=0 in_seq=0 out_seq=0
2024-04-22T23:26:02.880 INFO:teuthology.orchestra.run.smithi107.stdout:/usr/bin/ceph: stderr
2024-04-22T23:26:02.055+0000 7fef91ffb700 1 -- 172.21.15.107:0/728363825 <== mon.0 v2:172.21.15.107:3300/0 1 ==== mon_map magic: 0 v1 ==== 229+0+0 (secure 0 0 0) 0x7fef8c010800 con 0x7fef9c076ae0
2024-04-22T23:26:02.880 INFO:teuthology.orchestra.run.smithi107.stdout:/usr/bin/ceph: stderr
2024-04-22T23:26:02.055+0000 7fef91ffb700 1 -- 172.21.15.107:0/728363825 <== mon.0 v2:172.21.15.107:3300/0 2 ==== config(27 keys) v1 ==== 1044+0+0 (secure 0 0 0) 0x7fef8c010df0 con 0x7fef9c076ae0
2024-04-22T23:26:02.880 INFO:teuthology.orchestra.run.smithi107.stdout:/usr/bin/ceph: stderr
2024-04-22T23:26:02.055+0000 7fefa3927700 1 -- 172.21.15.107:0/728363825 --> [v2:172.21.15.107:3300/0,v1:172.21.15.107:6789/0] -- mon_subscribe({mgrmap=0+}) v3 -- 0x7fef9c1014a0 con 0x7fef9c076ae0
2024-04-22T23:26:02.880 INFO:teuthology.orchestra.run.smithi107.stdout:/usr/bin/ceph: stderr
2024-04-22T23:26:02.055+0000 7fef91ffb700 1 -- 172.21.15.107:0/728363825 <== mon.0 v2:172.21.15.107:3300/0 3 ==== mon_map magic: 0 v1 ==== 229+0+0 (secure 0 0 0) 0x7fef8c024e50 con 0x7fef9c076ae0
2024-04-22T23:26:02.880 INFO:teuthology.orchestra.run.smithi107.stdout:/usr/bin/ceph: stderr
2024-04-22T23:26:02.055+0000 7fefa3927700 1 -- 172.21.15.107:0/728363825 --> [v2:172.21.15.107:3300/0,v1:172.21.15.107:6789/0] -- mon_subscribe({osdmap=0}) v3 -- 0x7fef9c101990 con 0x7fef9c076ae0
2024-04-22T23:26:02.880 INFO:teuthology.orchestra.run.smithi107.stdout:/usr/bin/ceph: stderr
2024-04-22T23:26:02.056+0000 7fef91ffb700 1 -- 172.21.15.107:0/728363825 <== mon.0 v2:172.21.15.107:3300/0 4 ==== mgrmap(e 8) v1 ==== 43376+0+0 (secure 0 0 0) 0x7fef8c01a490 con 0x7fef9c076ae0
2024-04-22T23:26:02.880 INFO:teuthology.orchestra.run.smithi107.stdout:/usr/bin/ceph: stderr
2024-04-22T23:26:02.056+0000 7fefa3927700 1 -- 172.21.15.107:0/728363825 --> [v2:172.21.15.107:3300/0,v1:172.21.15.107:6789/0] -- mon_command({"prefix": "get_command_descriptions"} v 0) v1 -- 0x7fef9c04bed0 con 0x7fef9c076ae0
2024-04-22T23:26:02.880 INFO:teuthology.orchestra.run.smithi107.stdout:/usr/bin/ceph: stderr
2024-04-22T23:26:02.056+0000 7fef91ffb700 1 --2- 172.21.15.107:0/728363825 >> [v2:172.21.15.107:6800/307474287,v1:172.21.15.107:6801/307474287] conn(0x7fef88036790 0x7fef88038c40 unknown :-1 s=NONE pgs=0 cs=0 l=1 rev1=0 crypto rx=0 tx=0 comp rx=0 tx=0).connect
2024-04-22T23:26:02.881 INFO:teuthology.orchestra.run.smithi107.stdout:/usr/bin/ceph: stderr
2024-04-22T23:26:02.056+0000 7fef91ffb700 1 -- 172.21.15.107:0/728363825 <== mon.0 v2:172.21.15.107:3300/0 5 ==== osd_map(2..2 src has 1..2) v4 ==== 936+0+0 (secure 0 0 0) 0x7fef8c04a5a0 con 0x7fef9c076ae0
2024-04-22T23:26:02.881 INFO:teuthology.orchestra.run.smithi107.stdout:/usr/bin/ceph: stderr
2024-04-22T23:26:02.056+0000 7fefa0ec2700 1 --2- 172.21.15.107:0/728363825 >> [v2:172.21.15.107:6800/307474287,v1:172.21.15.107:6801/307474287] conn(0x7fef88036790 0x7fef88038c40 unknown :-1 s=BANNER_CONNECTING pgs=0 cs=0 l=1 rev1=0 crypto rx=0 tx=0 comp rx=0 tx=0)._handle_peer_banner_payload supported=3 required=0
2024-04-22T23:26:02.881 INFO:teuthology.orchestra.run.smithi107.stdout:/usr/bin/ceph: stderr
2024-04-22T23:26:02.056+0000 7fefa0ec2700 1 --2- 172.21.15.107:0/728363825 >> [v2:172.21.15.107:6800/307474287,v1:172.21.15.107:6801/307474287] conn(0x7fef88036790 0x7fef88038c40 secure :-1 s=READY pgs=8 cs=0 l=1 rev1=1 crypto rx=0x7fef98009990 tx=0x7fef98006e40 comp rx=0 tx=0).ready entity=mgr.14118 client_cookie=0 server_cookie=0 in_seq=0 out_seq=0
2024-04-22T23:26:02.881 INFO:teuthology.orchestra.run.smithi107.stdout:/usr/bin/ceph: stderr
2024-04-22T23:26:02.060+0000 7fef91ffb700 1 -- 172.21.15.107:0/728363825 <== mon.0 v2:172.21.15.107:3300/0 6 ==== mon_command_ack([{"prefix": "get_command_descriptions"}]=0 v0) v1 ==== 72+0+176702 (secure 0 0 0) 0x7fef8c018940 con 0x7fef9c076ae0
2024-04-22T23:26:02.881 INFO:teuthology.orchestra.run.smithi107.stdout:/usr/bin/ceph: stderr
2024-04-22T23:26:02.249+0000 7fefa3927700 1 -- 172.21.15.107:0/728363825 --> [v2:172.21.15.107:6800/307474287,v1:172.21.15.107:6801/307474287] -- mgr_command(tid 0: {"prefix": "cephadm set-user", "user": "root", "target": ["mon-mgr", ""]}) v1 -- 0x7fef9c1020a0 con 0x7fef88036790
2024-04-22T23:26:02.881 INFO:teuthology.orchestra.run.smithi107.stdout:/usr/bin/ceph: stderr
2024-04-22T23:26:02.250+0000 7fef91ffb700 1 -- 172.21.15.107:0/728363825 <== mgr.14118 v2:172.21.15.107:6800/307474287 1 ==== mgr_command_reply(tid 0: 0 ) v1 ==== 8+0+16 (secure 0 0 0) 0x7fef9c1020a0 con 0x7fef88036790
2024-04-22T23:26:02.881 INFO:teuthology.orchestra.run.smithi107.stdout:/usr/bin/ceph: stderr
2024-04-22T23:26:02.251+0000 7fefa3927700 1 -- 172.21.15.107:0/728363825 >> [v2:172.21.15.107:6800/307474287,v1:172.21.15.107:6801/307474287] conn(0x7fef88036790 msgr2=0x7fef88038c40 secure :-1 s=STATE_CONNECTION_ESTABLISHED l=1).mark_down
2024-04-22T23:26:02.881 INFO:teuthology.orchestra.run.smithi107.stdout:/usr/bin/ceph: stderr
2024-04-22T23:26:02.251+0000 7fefa3927700 1 --2- 172.21.15.107:0/728363825 >> [v2:172.21.15.107:6800/307474287,v1:172.21.15.107:6801/307474287] conn(0x7fef88036790 0x7fef88038c40 secure :-1 s=READY pgs=8 cs=0 l=1 rev1=1 crypto rx=0x7fef98009990 tx=0x7fef98006e40 comp rx=0 tx=0).stop
2024-04-22T23:26:02.881 INFO:teuthology.orchestra.run.smithi107.stdout:/usr/bin/ceph: stderr
2024-04-22T23:26:02.251+0000 7fefa3927700 1 -- 172.21.15.107:0/728363825 >> [v2:172.21.15.107:3300/0,v1:172.21.15.107:6789/0] conn(0x7fef9c076ae0 msgr2=0x7fef9c102ef0 secure :-1 s=STATE_CONNECTION_ESTABLISHED l=1).mark_down
2024-04-22T23:26:02.881 INFO:teuthology.orchestra.run.smithi107.stdout:/usr/bin/ceph: stderr
2024-04-22T23:26:02.251+0000 7fefa3927700 1 --2- 172.21.15.107:0/728363825 >> [v2:172.21.15.107:3300/0,v1:172.21.15.107:6789/0] conn(0x7fef9c076ae0 0x7fef9c102ef0 secure :-1 s=READY pgs=38 cs=0 l=1 rev1=1 crypto rx=0x7fef8c0094c0 tx=0x7fef8c009250 comp rx=0 tx=0).stop
2024-04-22T23:26:02.881 INFO:teuthology.orchestra.run.smithi107.stdout:/usr/bin/ceph: stderr
2024-04-22T23:26:02.252+0000 7fefa3927700 1 -- 172.21.15.107:0/728363825 shutdown_connections
2024-04-22T23:26:02.881 INFO:teuthology.orchestra.run.smithi107.stdout:/usr/bin/ceph: stderr
2024-04-22T23:26:02.252+0000 7fefa3927700 1 --2- 172.21.15.107:0/728363825 >> [v2:172.21.15.107:6800/307474287,v1:172.21.15.107:6801/307474287] conn(0x7fef88036790 0x7fef88038c40 unknown :-1 s=CLOSED pgs=8 cs=0 l=1 rev1=1 crypto rx=0 tx=0 comp rx=0 tx=0).stop
2024-04-22T23:26:02.882 INFO:teuthology.orchestra.run.smithi107.stdout:/usr/bin/ceph: stderr
2024-04-22T23:26:02.252+0000 7fefa3927700 1 --2- 172.21.15.107:0/728363825 >> [v2:172.21.15.107:3300/0,v1:172.21.15.107:6789/0] conn(0x7fef9c076ae0 0x7fef9c102ef0 unknown :-1 s=CLOSED pgs=38 cs=0 l=1 rev1=1 crypto rx=0 tx=0 comp rx=0 tx=0).stop
2024-04-22T23:26:02.882 INFO:teuthology.orchestra.run.smithi107.stdout:/usr/bin/ceph: stderr
2024-04-22T23:26:02.252+0000 7fefa3927700 1 -- 172.21.15.107:0/728363825 >> 172.21.15.107:0/728363825 conn(0x7fef9c0fcfb0 msgr2=0x7fef9c0fdc60 unknown :-1 s=STATE_NONE l=0).mark_down
2024-04-22T23:26:02.882 INFO:teuthology.orchestra.run.smithi107.stdout:/usr/bin/ceph: stderr
2024-04-22T23:26:02.252+0000 7fefa3927700 1 -- 172.21.15.107:0/728363825 shutdown_connections
2024-04-22T23:26:02.882 INFO:teuthology.orchestra.run.smithi107.stdout:/usr/bin/ceph: stderr
2024-04-22T23:26:02.252+0000 7fefa3927700 1 -- 172.21.15.107:0/728363825 wait complete.
2024-04-22T23:26:02.882 INFO:teuthology.orchestra.run.smithi107.stdout:Generating ssh key...
2024-04-22T23:26:03.198 INFO:journalctl@ceph.mon.smithi107.smithi107.stdout:Apr 22 23:26:02 smithi107 ceph-mon[26355]: from='client.14132 -' entity='client.admin' cmd=[{"prefix": "cephadm set-user", "user": "root", "target": ["mon-mgr", ""]}]: dispatch
2024-04-22T23:26:04.276 INFO:teuthology.orchestra.run.smithi107.stdout:/usr/bin/ceph: stderr
2024-04-22T23:26:03.289+0000 7f47dd8ee700 1 Processor -- start
2024-04-22T23:26:04.277 INFO:teuthology.orchestra.run.smithi107.stdout:/usr/bin/ceph: stderr
2024-04-22T23:26:03.289+0000 7f47dd8ee700 1 -- start start
2024-04-22T23:26:04.277 INFO:teuthology.orchestra.run.smithi107.stdout:/usr/bin/ceph: stderr
2024-04-22T23:26:03.289+0000 7f47dd8ee700 1 --2- >> [v2:172.21.15.107:3300/0,v1:172.21.15.107:6789/0] conn(0x7f47d80712e0 0x7f47d8105510 unknown :-1 s=NONE pgs=0 cs=0 l=0 rev1=0 crypto rx=0 tx=0 comp rx=0 tx=0).connect
2024-04-22T23:26:04.277 INFO:teuthology.orchestra.run.smithi107.stdout:/usr/bin/ceph: stderr
2024-04-22T23:26:03.289+0000 7f47dd8ee700 1 -- --> [v2:172.21.15.107:3300/0,v1:172.21.15.107:6789/0] -- mon_getmap magic: 0 v1 -- 0x7f47d80716f0 con 0x7f47d80712e0
