2024-04-24T16:34:20.993 INFO:teuthology.orchestra.run.smithi071.stdout:mgr epoch 9 is available
2024-04-24T16:34:20.993 INFO:teuthology.orchestra.run.smithi071.stdout:Generating a dashboard self-signed certificate...
2024-04-24T16:34:21.415 INFO:journalctl@ceph.mon.smithi071.smithi071.stdout:Apr 24 16:34:21 smithi071 ceph-mon[26691]: [24/Apr/2024:16:34:20] ENGINE Bus STARTING
2024-04-24T16:34:21.416 INFO:journalctl@ceph.mon.smithi071.smithi071.stdout:Apr 24 16:34:21 smithi071 ceph-mon[26691]: [24/Apr/2024:16:34:20] ENGINE Serving on https://172.21.15.71:7150
2024-04-24T16:34:21.416 INFO:journalctl@ceph.mon.smithi071.smithi071.stdout:Apr 24 16:34:21 smithi071 ceph-mon[26691]: [24/Apr/2024:16:34:20] ENGINE Serving on http://172.21.15.71:8765
2024-04-24T16:34:21.416 INFO:journalctl@ceph.mon.smithi071.smithi071.stdout:Apr 24 16:34:21 smithi071 ceph-mon[26691]: [24/Apr/2024:16:34:20] ENGINE Bus STARTED
2024-04-24T16:34:21.416 INFO:journalctl@ceph.mon.smithi071.smithi071.stdout:Apr 24 16:34:21 smithi071 ceph-mon[26691]: from='client.14168 -' entity='client.admin' cmd=[{"prefix": "get_command_descriptions"}]: dispatch
2024-04-24T16:34:21.416 INFO:journalctl@ceph.mon.smithi071.smithi071.stdout:Apr 24 16:34:21 smithi071 ceph-mon[26691]: mgrmap e11: smithi071.tvdkgb(active, since 1.00559s)
2024-04-24T16:34:21.416 INFO:journalctl@ceph.mon.smithi071.smithi071.stdout:Apr 24 16:34:21 smithi071 ceph-mon[26691]: from='client.14168 -' entity='client.admin' cmd=[{"prefix": "mgr_status"}]: dispatch
2024-04-24T16:34:21.416 INFO:journalctl@ceph.mon.smithi071.smithi071.stdout:Apr 24 16:34:21 smithi071 ceph-mon[26691]: from='mgr.14164 172.21.15.71:0/2361451799' entity='mgr.smithi071.tvdkgb'
2024-04-24T16:34:22.300 INFO:teuthology.orchestra.run.smithi071.stdout:/usr/bin/ceph: stdout Self-signed certificate created
2024-04-24T16:34:22.300 INFO:teuthology.orchestra.run.smithi071.stdout:/usr/bin/ceph: stderr
2024-04-24T16:34:21.416+0000 7f5fb7511700 1 Processor -- start
2024-04-24T16:34:22.300 INFO:teuthology.orchestra.run.smithi071.stdout:/usr/bin/ceph: stderr
2024-04-24T16:34:21.417+0000 7f5fb7511700 1 -- start start
2024-04-24T16:34:22.300 INFO:teuthology.orchestra.run.smithi071.stdout:/usr/bin/ceph: stderr
2024-04-24T16:34:21.417+0000 7f5fb7511700 1 --2- >> [v2:172.21.15.71:3300/0,v1:172.21.15.71:6789/0] conn(0x7f5fb01054b0 0x7f5fb01058d0 unknown :-1 s=NONE pgs=0 cs=0 l=0 rev1=0 crypto rx=0 tx=0 comp rx=0 tx=0).connect
2024-04-24T16:34:22.301 INFO:teuthology.orchestra.run.smithi071.stdout:/usr/bin/ceph: stderr
2024-04-24T16:34:21.417+0000 7f5fb7511700 1 -- --> [v2:172.21.15.71:3300/0,v1:172.21.15.71:6789/0] -- mon_getmap magic: 0 v1 -- 0x7f5fb0105ea0 con 0x7f5fb01054b0
2024-04-24T16:34:22.301 INFO:teuthology.orchestra.run.smithi071.stdout:/usr/bin/ceph: stderr
2024-04-24T16:34:21.417+0000 7f5fb52ad700 1 --2- >> [v2:172.21.15.71:3300/0,v1:172.21.15.71:6789/0] conn(0x7f5fb01054b0 0x7f5fb01058d0 unknown :-1 s=BANNER_CONNECTING pgs=0 cs=0 l=0 rev1=0 crypto rx=0 tx=0 comp rx=0 tx=0)._handle_peer_banner_payload supported=3 required=0
2024-04-24T16:34:22.301 INFO:teuthology.orchestra.run.smithi071.stdout:/usr/bin/ceph: stderr
2024-04-24T16:34:21.417+0000 7f5fb52ad700 1 --2- >> [v2:172.21.15.71:3300/0,v1:172.21.15.71:6789/0] conn(0x7f5fb01054b0 0x7f5fb01058d0 unknown :-1 s=HELLO_CONNECTING pgs=0 cs=0 l=0 rev1=1 crypto rx=0 tx=0 comp rx=0 tx=0).handle_hello peer v2:172.21.15.71:3300/0 says I am v2:172.21.15.71:36448/0 (socket says 172.21.15.71:36448)
2024-04-24T16:34:22.301 INFO:teuthology.orchestra.run.smithi071.stdout:/usr/bin/ceph: stderr
2024-04-24T16:34:21.417+0000 7f5fb52ad700 1 -- 172.21.15.71:0/3307279040 learned_addr learned my addr 172.21.15.71:0/3307279040 (peer_addr_for_me v2:172.21.15.71:0/0)
2024-04-24T16:34:22.301 INFO:teuthology.orchestra.run.smithi071.stdout:/usr/bin/ceph: stderr
2024-04-24T16:34:21.418+0000 7f5fb52ad700 1 -- 172.21.15.71:0/3307279040 --> [v2:172.21.15.71:3300/0,v1:172.21.15.71:6789/0] -- mon_subscribe({config=0+,monmap=0+}) v3 -- 0x7f5fb01066b0 con 0x7f5fb01054b0
2024-04-24T16:34:22.301 INFO:teuthology.orchestra.run.smithi071.stdout:/usr/bin/ceph: stderr
2024-04-24T16:34:21.418+0000 7f5fb52ad700 1 --2- 172.21.15.71:0/3307279040 >> [v2:172.21.15.71:3300/0,v1:172.21.15.71:6789/0] conn(0x7f5fb01054b0 0x7f5fb01058d0 secure :-1 s=READY pgs=82 cs=0 l=1 rev1=1 crypto rx=0x7f5fac0098a0 tx=0x7f5fac009bb0 comp rx=0 tx=0).ready entity=mon.0 client_cookie=1bd92767abeffa48 server_cookie=0 in_seq=0 out_seq=0
2024-04-24T16:34:22.301 INFO:teuthology.orchestra.run.smithi071.stdout:/usr/bin/ceph: stderr
2024-04-24T16:34:21.418+0000 7f5fa7fff700 1 -- 172.21.15.71:0/3307279040 <== mon.0 v2:172.21.15.71:3300/0 1 ==== mon_map magic: 0 v1 ==== 229+0+0 (secure 0 0 0) 0x7f5fac004180 con 0x7f5fb01054b0
2024-04-24T16:34:22.301 INFO:teuthology.orchestra.run.smithi071.stdout:/usr/bin/ceph: stderr
2024-04-24T16:34:21.418+0000 7f5fa7fff700 1 -- 172.21.15.71:0/3307279040 <== mon.0 v2:172.21.15.71:3300/0 2 ==== config(27 keys) v1 ==== 1109+0+0 (secure 0 0 0) 0x7f5fac0042e0 con 0x7f5fb01054b0
2024-04-24T16:34:22.301 INFO:teuthology.orchestra.run.smithi071.stdout:/usr/bin/ceph: stderr
2024-04-24T16:34:21.418+0000 7f5fa7fff700 1 -- 172.21.15.71:0/3307279040 <== mon.0 v2:172.21.15.71:3300/0 3 ==== mon_map magic: 0 v1 ==== 229+0+0 (secure 0 0 0) 0x7f5fac011b10 con 0x7f5fb01054b0
2024-04-24T16:34:22.301 INFO:teuthology.orchestra.run.smithi071.stdout:/usr/bin/ceph: stderr
2024-04-24T16:34:21.419+0000 7f5fb7511700 1 -- 172.21.15.71:0/3307279040 >> [v2:172.21.15.71:3300/0,v1:172.21.15.71:6789/0] conn(0x7f5fb01054b0 msgr2=0x7f5fb01058d0 secure :-1 s=STATE_CONNECTION_ESTABLISHED l=1).mark_down
2024-04-24T16:34:22.301 INFO:teuthology.orchestra.run.smithi071.stdout:/usr/bin/ceph: stderr
2024-04-24T16:34:21.419+0000 7f5fb7511700 1 --2- 172.21.15.71:0/3307279040 >> [v2:172.21.15.71:3300/0,v1:172.21.15.71:6789/0] conn(0x7f5fb01054b0 0x7f5fb01058d0 secure :-1 s=READY pgs=82 cs=0 l=1 rev1=1 crypto rx=0x7f5fac0098a0 tx=0x7f5fac009bb0 comp rx=0 tx=0).stop
2024-04-24T16:34:22.301 INFO:teuthology.orchestra.run.smithi071.stdout:/usr/bin/ceph: stderr
2024-04-24T16:34:21.419+0000 7f5fb7511700 1 -- 172.21.15.71:0/3307279040 shutdown_connections
2024-04-24T16:34:22.302 INFO:teuthology.orchestra.run.smithi071.stdout:/usr/bin/ceph: stderr
2024-04-24T16:34:21.419+0000 7f5fb7511700 1 --2- 172.21.15.71:0/3307279040 >> [v2:172.21.15.71:3300/0,v1:172.21.15.71:6789/0] conn(0x7f5fb01054b0 0x7f5fb01058d0 unknown :-1 s=CLOSED pgs=82 cs=0 l=1 rev1=1 crypto rx=0 tx=0 comp rx=0 tx=0).stop
2024-04-24T16:34:22.302 INFO:teuthology.orchestra.run.smithi071.stdout:/usr/bin/ceph: stderr
2024-04-24T16:34:21.419+0000 7f5fb7511700 1 -- 172.21.15.71:0/3307279040 >> 172.21.15.71:0/3307279040 conn(0x7f5fb0100ab0 msgr2=0x7f5fb0102ed0 unknown :-1 s=STATE_NONE l=0).mark_down
2024-04-24T16:34:22.302 INFO:teuthology.orchestra.run.smithi071.stdout:/usr/bin/ceph: stderr
2024-04-24T16:34:21.419+0000 7f5fb7511700 1 -- 172.21.15.71:0/3307279040 shutdown_connections
2024-04-24T16:34:22.302 INFO:teuthology.orchestra.run.smithi071.stdout:/usr/bin/ceph: stderr
2024-04-24T16:34:21.419+0000 7f5fb7511700 1 -- 172.21.15.71:0/3307279040 wait complete.
2024-04-24T16:34:22.302 INFO:teuthology.orchestra.run.smithi071.stdout:/usr/bin/ceph: stderr
2024-04-24T16:34:21.419+0000 7f5fb7511700 1 Processor -- start
2024-04-24T16:34:22.302 INFO:teuthology.orchestra.run.smithi071.stdout:/usr/bin/ceph: stderr
2024-04-24T16:34:21.419+0000 7f5fb7511700 1 -- start start
2024-04-24T16:34:22.302 INFO:teuthology.orchestra.run.smithi071.stdout:/usr/bin/ceph: stderr
2024-04-24T16:34:21.419+0000 7f5fb7511700 1 --2- >> [v2:172.21.15.71:3300/0,v1:172.21.15.71:6789/0] conn(0x7f5fb01054b0 0x7f5fb019a360 unknown :-1 s=NONE pgs=0 cs=0 l=1 rev1=0 crypto rx=0 tx=0 comp rx=0 tx=0).connect
2024-04-24T16:34:22.302 INFO:teuthology.orchestra.run.smithi071.stdout:/usr/bin/ceph: stderr
2024-04-24T16:34:21.419+0000 7f5fb7511700 1 -- --> [v2:172.21.15.71:3300/0,v1:172.21.15.71:6789/0] -- mon_getmap magic: 0 v1 -- 0x7f5fb019a8a0 con 0x7f5fb01054b0
2024-04-24T16:34:22.302 INFO:teuthology.orchestra.run.smithi071.stdout:/usr/bin/ceph: stderr
2024-04-24T16:34:21.420+0000 7f5fb52ad700 1 --2- >> [v2:172.21.15.71:3300/0,v1:172.21.15.71:6789/0] conn(0x7f5fb01054b0 0x7f5fb019a360 unknown :-1 s=BANNER_CONNECTING pgs=0 cs=0 l=1 rev1=0 crypto rx=0 tx=0 comp rx=0 tx=0)._handle_peer_banner_payload supported=3 required=0
2024-04-24T16:34:22.302 INFO:teuthology.orchestra.run.smithi071.stdout:/usr/bin/ceph: stderr
2024-04-24T16:34:21.420+0000 7f5fb52ad700 1 --2- >> [v2:172.21.15.71:3300/0,v1:172.21.15.71:6789/0] conn(0x7f5fb01054b0 0x7f5fb019a360 unknown :-1 s=HELLO_CONNECTING pgs=0 cs=0 l=1 rev1=1 crypto rx=0 tx=0 comp rx=0 tx=0).handle_hello peer v2:172.21.15.71:3300/0 says I am v2:172.21.15.71:36460/0 (socket says 172.21.15.71:36460)
2024-04-24T16:34:22.302 INFO:teuthology.orchestra.run.smithi071.stdout:/usr/bin/ceph: stderr
2024-04-24T16:34:21.420+0000 7f5fb52ad700 1 -- 172.21.15.71:0/2832193625 learned_addr learned my addr 172.21.15.71:0/2832193625 (peer_addr_for_me v2:172.21.15.71:0/0)
2024-04-24T16:34:22.302 INFO:teuthology.orchestra.run.smithi071.stdout:/usr/bin/ceph: stderr
2024-04-24T16:34:21.420+0000 7f5fb52ad700 1 -- 172.21.15.71:0/2832193625 --> [v2:172.21.15.71:3300/0,v1:172.21.15.71:6789/0] -- mon_subscribe({config=0+,monmap=0+}) v3 -- 0x7f5fac009550 con 0x7f5fb01054b0
2024-04-24T16:34:22.302 INFO:teuthology.orchestra.run.smithi071.stdout:/usr/bin/ceph: stderr
2024-04-24T16:34:21.420+0000 7f5fb52ad700 1 --2- 172.21.15.71:0/2832193625 >> [v2:172.21.15.71:3300/0,v1:172.21.15.71:6789/0] conn(0x7f5fb01054b0 0x7f5fb019a360 secure :-1 s=READY pgs=83 cs=0 l=1 rev1=1 crypto rx=0x7f5fac0117b0 tx=0x7f5fac011890 comp rx=0 tx=0).ready entity=mon.0 client_cookie=0 server_cookie=0 in_seq=0 out_seq=0
2024-04-24T16:34:22.303 INFO:teuthology.orchestra.run.smithi071.stdout:/usr/bin/ceph: stderr
2024-04-24T16:34:21.420+0000 7f5fa67fc700 1 -- 172.21.15.71:0/2832193625 <== mon.0 v2:172.21.15.71:3300/0 1 ==== mon_map magic: 0 v1 ==== 229+0+0 (secure 0 0 0) 0x7f5fac0038b0 con 0x7f5fb01054b0
2024-04-24T16:34:22.303 INFO:teuthology.orchestra.run.smithi071.stdout:/usr/bin/ceph: stderr
2024-04-24T16:34:21.420+0000 7f5fa67fc700 1 -- 172.21.15.71:0/2832193625 <== mon.0 v2:172.21.15.71:3300/0 2 ==== config(27 keys) v1 ==== 1109+0+0 (secure 0 0 0) 0x7f5fac003a10 con 0x7f5fb01054b0
2024-04-24T16:34:22.303 INFO:teuthology.orchestra.run.smithi071.stdout:/usr/bin/ceph: stderr
2024-04-24T16:34:21.420+0000 7f5fb7511700 1 -- 172.21.15.71:0/2832193625 --> [v2:172.21.15.71:3300/0,v1:172.21.15.71:6789/0] -- mon_subscribe({mgrmap=0+}) v3 -- 0x7f5fb019aaa0 con 0x7f5fb01054b0
2024-04-24T16:34:22.303 INFO:teuthology.orchestra.run.smithi071.stdout:/usr/bin/ceph: stderr
2024-04-24T16:34:21.420+0000 7f5fa67fc700 1 -- 172.21.15.71:0/2832193625 <== mon.0 v2:172.21.15.71:3300/0 3 ==== mon_map magic: 0 v1 ==== 229+0+0 (secure 0 0 0) 0x7f5fac0246e0 con 0x7f5fb01054b0
2024-04-24T16:34:22.303 INFO:teuthology.orchestra.run.smithi071.stdout:/usr/bin/ceph: stderr
2024-04-24T16:34:21.420+0000 7f5fb7511700 1 -- 172.21.15.71:0/2832193625 --> [v2:172.21.15.71:3300/0,v1:172.21.15.71:6789/0] -- mon_subscribe({osdmap=0}) v3 -- 0x7f5fb019af40 con 0x7f5fb01054b0
2024-04-24T16:34:22.303 INFO:teuthology.orchestra.run.smithi071.stdout:/usr/bin/ceph: stderr
2024-04-24T16:34:21.421+0000 7f5fa67fc700 1 -- 172.21.15.71:0/2832193625 <== mon.0 v2:172.21.15.71:3300/0 4 ==== mgrmap(e 11) v1 ==== 45463+0+0 (secure 0 0 0) 0x7f5fac02d3f0 con 0x7f5fb01054b0
2024-04-24T16:34:22.303 INFO:teuthology.orchestra.run.smithi071.stdout:/usr/bin/ceph: stderr
2024-04-24T16:34:21.421+0000 7f5fb7511700 1 -- 172.21.15.71:0/2832193625 --> [v2:172.21.15.71:3300/0,v1:172.21.15.71:6789/0] -- mon_command({"prefix": "get_command_descriptions"} v 0) v1 -- 0x7f5fb01944f0 con 0x7f5fb01054b0
2024-04-24T16:34:22.303 INFO:teuthology.orchestra.run.smithi071.stdout:/usr/bin/ceph: stderr
2024-04-24T16:34:21.421+0000 7f5fa67fc700 1 --2- 172.21.15.71:0/2832193625 >> [v2:172.21.15.71:6800/3615245052,v1:172.21.15.71:6801/3615245052] conn(0x7f5f9c038650 0x7f5f9c03ab10 unknown :-1 s=NONE pgs=0 cs=0 l=1 rev1=0 crypto rx=0 tx=0 comp rx=0 tx=0).connect
2024-04-24T16:34:22.303 INFO:teuthology.orchestra.run.smithi071.stdout:/usr/bin/ceph: stderr
2024-04-24T16:34:21.421+0000 7f5fa67fc700 1 -- 172.21.15.71:0/2832193625 <== mon.0 v2:172.21.15.71:3300/0 5 ==== osd_map(3..3 src has 1..3) v4 ==== 1155+0+0 (secure 0 0 0) 0x7f5fac04c790 con 0x7f5fb01054b0
2024-04-24T16:34:22.303 INFO:teuthology.orchestra.run.smithi071.stdout:/usr/bin/ceph: stderr
2024-04-24T16:34:21.421+0000 7f5fb4aac700 1 --2- 172.21.15.71:0/2832193625 >> [v2:172.21.15.71:6800/3615245052,v1:172.21.15.71:6801/3615245052] conn(0x7f5f9c038650 0x7f5f9c03ab10 unknown :-1 s=BANNER_CONNECTING pgs=0 cs=0 l=1 rev1=0 crypto rx=0 tx=0 comp rx=0 tx=0)._handle_peer_banner_payload supported=3 required=0
2024-04-24T16:34:22.303 INFO:teuthology.orchestra.run.smithi071.stdout:/usr/bin/ceph: stderr
2024-04-24T16:34:21.422+0000 7f5fb4aac700 1 --2- 172.21.15.71:0/2832193625 >> [v2:172.21.15.71:6800/3615245052,v1:172.21.15.71:6801/3615245052] conn(0x7f5f9c038650 0x7f5f9c03ab10 secure :-1 s=READY pgs=7 cs=0 l=1 rev1=1 crypto rx=0x7f5fa0006fd0 tx=0x7f5fa0006e40 comp rx=0 tx=0).ready entity=mgr.14164 client_cookie=0 server_cookie=0 in_seq=0 out_seq=0
2024-04-24T16:34:22.303 INFO:teuthology.orchestra.run.smithi071.stdout:/usr/bin/ceph: stderr
2024-04-24T16:34:21.428+0000 7f5fa67fc700 1 -- 172.21.15.71:0/2832193625 <== mon.0 v2:172.21.15.71:3300/0 6 ==== mon_command_ack([{"prefix": "get_command_descriptions"}]=0 v0) v1 ==== 72+0+183351 (secure 0 0 0) 0x7f5fac010c00 con 0x7f5fb01054b0
2024-04-24T16:34:22.303 INFO:teuthology.orchestra.run.smithi071.stdout:/usr/bin/ceph: stderr
2024-04-24T16:34:21.635+0000 7f5fb7511700 1 -- 172.21.15.71:0/2832193625 --> [v2:172.21.15.71:6800/3615245052,v1:172.21.15.71:6801/3615245052] -- mgr_command(tid 0: {"prefix": "dashboard create-self-signed-cert", "target": ["mon-mgr", ""]}) v1 -- 0x7f5fb0061320 con 0x7f5f9c038650
2024-04-24T16:34:22.304 INFO:teuthology.orchestra.run.smithi071.stdout:/usr/bin/ceph: stderr
2024-04-24T16:34:21.704+0000 7f5fa67fc700 1 -- 172.21.15.71:0/2832193625 <== mon.0 v2:172.21.15.71:3300/0 7 ==== mgrmap(e 12) v1 ==== 45569+0+0 (secure 0 0 0) 0x7f5fac021d60 con 0x7f5fb01054b0
2024-04-24T16:34:22.304 INFO:teuthology.orchestra.run.smithi071.stdout:/usr/bin/ceph: stderr
2024-04-24T16:34:21.729+0000 7f5fa67fc700 1 -- 172.21.15.71:0/2832193625 <== mgr.14164 v2:172.21.15.71:6800/3615245052 1 ==== mgr_command_reply(tid 0: 0 ) v1 ==== 8+0+32 (secure 0 0 0) 0x7f5fb0061320 con 0x7f5f9c038650
2024-04-24T16:34:22.304 INFO:teuthology.orchestra.run.smithi071.stdout:/usr/bin/ceph: stderr
2024-04-24T16:34:21.731+0000 7f5fb7511700 1 -- 172.21.15.71:0/2832193625 >> [v2:172.21.15.71:6800/3615245052,v1:172.21.15.71:6801/3615245052] conn(0x7f5f9c038650 msgr2=0x7f5f9c03ab10 secure :-1 s=STATE_CONNECTION_ESTABLISHED l=1).mark_down
2024-04-24T16:34:22.304 INFO:teuthology.orchestra.run.smithi071.stdout:/usr/bin/ceph: stderr
2024-04-24T16:34:21.731+0000 7f5fb7511700 1 --2- 172.21.15.71:0/2832193625 >> [v2:172.21.15.71:6800/3615245052,v1:172.21.15.71:6801/3615245052] conn(0x7f5f9c038650 0x7f5f9c03ab10 secure :-1 s=READY pgs=7 cs=0 l=1 rev1=1 crypto rx=0x7f5fa0006fd0 tx=0x7f5fa0006e40 comp rx=0 tx=0).stop
2024-04-24T16:34:22.304 INFO:teuthology.orchestra.run.smithi071.stdout:/usr/bin/ceph: stderr
2024-04-24T16:34:21.731+0000 7f5fb7511700 1 -- 172.21.15.71:0/2832193625 >> [v2:172.21.15.71:3300/0,v1:172.21.15.71:6789/0] conn(0x7f5fb01054b0 msgr2=0x7f5fb019a360 secure :-1 s=STATE_CONNECTION_ESTABLISHED l=1).mark_down
2024-04-24T16:34:22.304 INFO:teuthology.orchestra.run.smithi071.stdout:/usr/bin/ceph: stderr
2024-04-24T16:34:21.731+0000 7f5fb7511700 1 --2- 172.21.15.71:0/2832193625 >> [v2:172.21.15.71:3300/0,v1:172.21.15.71:6789/0] conn(0x7f5fb01054b0 0x7f5fb019a360 secure :-1 s=READY pgs=83 cs=0 l=1 rev1=1 crypto rx=0x7f5fac0117b0 tx=0x7f5fac011890 comp rx=0 tx=0).stop
2024-04-24T16:34:22.304 INFO:teuthology.orchestra.run.smithi071.stdout:/usr/bin/ceph: stderr
2024-04-24T16:34:21.731+0000 7f5fb7511700 1 -- 172.21.15.71:0/2832193625 shutdown_connections
2024-04-24T16:34:22.304 INFO:teuthology.orchestra.run.smithi071.stdout:/usr/bin/ceph: stderr
2024-04-24T16:34:21.731+0000 7f5fb7511700 1 --2- 172.21.15.71:0/2832193625 >> [v2:172.21.15.71:6800/3615245052,v1:172.21.15.71:6801/3615245052] conn(0x7f5f9c038650 0x7f5f9c03ab10 unknown :-1 s=CLOSED pgs=7 cs=0 l=1 rev1=1 crypto rx=0 tx=0 comp rx=0 tx=0).stop
2024-04-24T16:34:22.304 INFO:teuthology.orchestra.run.smithi071.stdout:/usr/bin/ceph: stderr
2024-04-24T16:34:21.731+0000 7f5fb7511700 1 --2- 172.21.15.71:0/2832193625 >> [v2:172.21.15.71:3300/0,v1:172.21.15.71:6789/0] conn(0x7f5fb01054b0 0x7f5fb019a360 unknown :-1 s=CLOSED pgs=83 cs=0 l=1 rev1=1 crypto rx=0 tx=0 comp rx=0 tx=0).stop
2024-04-24T16:34:22.304 INFO:teuthology.orchestra.run.smithi071.stdout:/usr/bin/ceph: stderr
2024-04-24T16:34:21.731+0000 7f5fb7511700 1 -- 172.21.15.71:0/2832193625 >> 172.21.15.71:0/2832193625 conn(0x7f5fb0100ab0 msgr2=0x7f5fb0101980 unknown :-1 s=STATE_NONE l=0).mark_down
2024-04-24T16:34:22.304 INFO:teuthology.orchestra.run.smithi071.stdout:/usr/bin/ceph: stderr
2024-04-24T16:34:21.731+0000 7f5fb7511700 1 -- 172.21.15.71:0/2832193625 shutdown_connections
2024-04-24T16:34:22.304 INFO:teuthology.orchestra.run.smithi071.stdout:/usr/bin/ceph: stderr
2024-04-24T16:34:21.731+0000 7f5fb7511700 1 -- 172.21.15.71:0/2832193625 wait complete.
2024-04-24T16:34:22.304 INFO:teuthology.orchestra.run.smithi071.stdout:Creating initial admin user...
2024-04-24T16:34:22.728 INFO:journalctl@ceph.mon.smithi071.smithi071.stdout:Apr 24 16:34:22 smithi071 ceph-mon[26691]: from='mgr.14164 172.21.15.71:0/2361451799' entity='mgr.smithi071.tvdkgb'
2024-04-24T16:34:22.728 INFO:journalctl@ceph.mon.smithi071.smithi071.stdout:Apr 24 16:34:22 smithi071 ceph-mon[26691]: mgrmap e12: smithi071.tvdkgb(active, since 2s)
2024-04-24T16:34:22.728 INFO:journalctl@ceph.mon.smithi071.smithi071.stdout:Apr 24 16:34:22 smithi071 ceph-mon[26691]: from='mgr.14164 172.21.15.71:0/2361451799' entity='mgr.smithi071.tvdkgb'
2024-04-24T16:34:22.728 INFO:journalctl@ceph.mon.smithi071.smithi071.stdout:Apr 24 16:34:22 smithi071 ceph-mon[26691]: from='mgr.14164 172.21.15.71:0/2361451799' entity='mgr.smithi071.tvdkgb'
2024-04-24T16:34:23.760 INFO:journalctl@ceph.mon.smithi071.smithi071.stdout:Apr 24 16:34:23 smithi071 ceph-mon[26691]: from='client.14176 -' entity='client.admin' cmd=[{"prefix": "dashboard create-self-signed-cert", "target": ["mon-mgr", ""]}]: dispatch
2024-04-24T16:34:23.760 INFO:journalctl@ceph.mon.smithi071.smithi071.stdout:Apr 24 16:34:23 smithi071 ceph-mon[26691]: from='mgr.14164 172.21.15.71:0/2361451799' entity='mgr.smithi071.tvdkgb'
2024-04-24T16:34:24.018 INFO:teuthology.orchestra.run.smithi071.stdout:/usr/bin/ceph: stdout {"username": "admin", "password": "$2b$12$XXePK/8OMi3qrvTu6LzMb.vbgLJTOiD.YpUR1bQEf9cUJzz60Ygbi", "roles": ["administrator"], "name": null, "email": null, "lastUpdate": 1713976463, "enabled": true, "pwdExpirationDate": null, "pwdUpdateRequired": true}
2024-04-24T16:34:24.018 INFO:teuthology.orchestra.run.smithi071.stdout:/usr/bin/ceph: stderr
2024-04-24T16:34:22.730+0000 7f8613ab9700 1 Processor -- start
2024-04-24T16:34:24.018 INFO:teuthology.orchestra.run.smithi071.stdout:/usr/bin/ceph: stderr
2024-04-24T16:34:22.731+0000 7f8613ab9700 1 -- start start
2024-04-24T16:34:24.018 INFO:teuthology.orchestra.run.smithi071.stdout:/usr/bin/ceph: stderr
2024-04-24T16:34:22.731+0000 7f8613ab9700 1 --2- >> [v2:172.21.15.71:3300/0,v1:172.21.15.71:6789/0] conn(0x7f860c107050 0x7f860c109440 unknown :-1 s=NONE pgs=0 cs=0 l=0 rev1=0 crypto rx=0 tx=0 comp rx=0 tx=0).connect
2024-04-24T16:34:24.018 INFO:teuthology.orchestra.run.smithi071.stdout:/usr/bin/ceph: stderr
2024-04-24T16:34:22.731+0000 7f8613ab9700 1 -- --> [v2:172.21.15.71:3300/0,v1:172.21.15.71:6789/0] -- mon_getmap magic: 0 v1 -- 0x7f860c079e70 con 0x7f860c107050
2024-04-24T16:34:24.018 INFO:teuthology.orchestra.run.smithi071.stdout:/usr/bin/ceph: stderr
2024-04-24T16:34:22.731+0000 7f8611855700 1 --2- >> [v2:172.21.15.71:3300/0,v1:172.21.15.71:6789/0] conn(0x7f860c107050 0x7f860c109440 unknown :-1 s=BANNER_CONNECTING pgs=0 cs=0 l=0 rev1=0 crypto rx=0 tx=0 comp rx=0 tx=0)._handle_peer_banner_payload supported=3 required=0
2024-04-24T16:34:24.019 INFO:teuthology.orchestra.run.smithi071.stdout:/usr/bin/ceph: stderr
2024-04-24T16:34:22.731+0000 7f8611855700 1 --2- >> [v2:172.21.15.71:3300/0,v1:172.21.15.71:6789/0] conn(0x7f860c107050 0x7f860c109440 unknown :-1 s=HELLO_CONNECTING pgs=0 cs=0 l=0 rev1=1 crypto rx=0 tx=0 comp rx=0 tx=0).handle_hello peer v2:172.21.15.71:3300/0 says I am v2:172.21.15.71:36464/0 (socket says 172.21.15.71:36464)
2024-04-24T16:34:24.019 INFO:teuthology.orchestra.run.smithi071.stdout:/usr/bin/ceph: stderr
2024-04-24T16:34:22.731+0000 7f8611855700 1 -- 172.21.15.71:0/2596257896 learned_addr learned my addr 172.21.15.71:0/2596257896 (peer_addr_for_me v2:172.21.15.71:0/0)
2024-04-24T16:34:24.019 INFO:teuthology.orchestra.run.smithi071.stdout:/usr/bin/ceph: stderr
2024-04-24T16:34:22.731+0000 7f8611855700 1 -- 172.21.15.71:0/2596257896 --> [v2:172.21.15.71:3300/0,v1:172.21.15.71:6789/0] -- mon_subscribe({config=0+,monmap=0+}) v3 -- 0x7f860c109980 con 0x7f860c107050
2024-04-24T16:34:24.019 INFO:teuthology.orchestra.run.smithi071.stdout:/usr/bin/ceph: stderr
2024-04-24T16:34:22.731+0000 7f8611855700 1 --2- 172.21.15.71:0/2596257896 >> [v2:172.21.15.71:3300/0,v1:172.21.15.71:6789/0] conn(0x7f860c107050 0x7f860c109440 secure :-1 s=READY pgs=84 cs=0 l=1 rev1=1 crypto rx=0x7f86080098a0 tx=0x7f8608009bb0 comp rx=0 tx=0).ready entity=mon.0 client_cookie=69a364db25d8ece8 server_cookie=0 in_seq=0 out_seq=0
2024-04-24T16:34:24.019 INFO:teuthology.orchestra.run.smithi071.stdout:/usr/bin/ceph: stderr
2024-04-24T16:34:22.732+0000 7f8610853700 1 -- 172.21.15.71:0/2596257896 <== mon.0 v2:172.21.15.71:3300/0 1 ==== mon_map magic: 0 v1 ==== 229+0+0 (secure 0 0 0) 0x7f8608004180 con 0x7f860c107050
2024-04-24T16:34:24.019 INFO:teuthology.orchestra.run.smithi071.stdout:/usr/bin/ceph: stderr
2024-04-24T16:34:22.732+0000 7f8610853700 1 -- 172.21.15.71:0/2596257896 <== mon.0 v2:172.21.15.71:3300/0 2 ==== config(27 keys) v1 ==== 1109+0+0 (secure 0 0 0) 0x7f86080042e0 con 0x7f860c107050
2024-04-24T16:34:24.019 INFO:teuthology.orchestra.run.smithi071.stdout:/usr/bin/ceph: stderr
2024-04-24T16:34:22.732+0000 7f8610853700 1 -- 172.21.15.71:0/2596257896 <== mon.0 v2:172.21.15.71:3300/0 3 ==== mon_map magic: 0 v1 ==== 229+0+0 (secure 0 0 0) 0x7f8608011b10 con 0x7f860c107050
2024-04-24T16:34:24.019 INFO:teuthology.orchestra.run.smithi071.stdout:/usr/bin/ceph: stderr
2024-04-24T16:34:22.732+0000 7f8613ab9700 1 -- 172.21.15.71:0/2596257896 >> [v2:172.21.15.71:3300/0,v1:172.21.15.71:6789/0] conn(0x7f860c107050 msgr2=0x7f860c109440 secure :-1 s=STATE_CONNECTION_ESTABLISHED l=1).mark_down
2024-04-24T16:34:24.019 INFO:teuthology.orchestra.run.smithi071.stdout:/usr/bin/ceph: stderr
2024-04-24T16:34:22.732+0000 7f8613ab9700 1 --2- 172.21.15.71:0/2596257896 >> [v2:172.21.15.71:3300/0,v1:172.21.15.71:6789/0] conn(0x7f860c107050 0x7f860c109440 secure :-1 s=READY pgs=84 cs=0 l=1 rev1=1 crypto rx=0x7f86080098a0 tx=0x7f8608009bb0 comp rx=0 tx=0).stop
2024-04-24T16:34:24.019 INFO:teuthology.orchestra.run.smithi071.stdout:/usr/bin/ceph: stderr
2024-04-24T16:34:22.732+0000 7f8613ab9700 1 -- 172.21.15.71:0/2596257896 shutdown_connections
2024-04-24T16:34:24.019 INFO:teuthology.orchestra.run.smithi071.stdout:/usr/bin/ceph: stderr
2024-04-24T16:34:22.732+0000 7f8613ab9700 1 --2- 172.21.15.71:0/2596257896 >> [v2:172.21.15.71:3300/0,v1:172.21.15.71:6789/0] conn(0x7f860c107050 0x7f860c109440 unknown :-1 s=CLOSED pgs=84 cs=0 l=1 rev1=1 crypto rx=0 tx=0 comp rx=0 tx=0).stop
2024-04-24T16:34:24.019 INFO:teuthology.orchestra.run.smithi071.stdout:/usr/bin/ceph: stderr
2024-04-24T16:34:22.732+0000 7f8613ab9700 1 -- 172.21.15.71:0/2596257896 >> 172.21.15.71:0/2596257896 conn(0x7f860c100a80 msgr2=0x7f860c102ea0 unknown :-1 s=STATE_NONE l=0).mark_down
2024-04-24T16:34:24.019 INFO:teuthology.orchestra.run.smithi071.stdout:/usr/bin/ceph: stderr
2024-04-24T16:34:22.732+0000 7f8613ab9700 1 -- 172.21.15.71:0/2596257896 shutdown_connections
2024-04-24T16:34:24.019 INFO:teuthology.orchestra.run.smithi071.stdout:/usr/bin/ceph: stderr
2024-04-24T16:34:22.732+0000 7f8613ab9700 1 -- 172.21.15.71:0/2596257896 wait complete.
2024-04-24T16:34:24.020 INFO:teuthology.orchestra.run.smithi071.stdout:/usr/bin/ceph: stderr
2024-04-24T16:34:22.733+0000 7f8613ab9700 1 Processor -- start
2024-04-24T16:34:24.020 INFO:teuthology.orchestra.run.smithi071.stdout:/usr/bin/ceph: stderr
2024-04-24T16:34:22.733+0000 7f8613ab9700 1 -- start start
2024-04-24T16:34:24.020 INFO:teuthology.orchestra.run.smithi071.stdout:/usr/bin/ceph: stderr
2024-04-24T16:34:22.733+0000 7f8613ab9700 1 --2- >> [v2:172.21.15.71:3300/0,v1:172.21.15.71:6789/0] conn(0x7f860c107050 0x7f860c19a330 unknown :-1 s=NONE pgs=0 cs=0 l=1 rev1=0 crypto rx=0 tx=0 comp rx=0 tx=0).connect
2024-04-24T16:34:24.020 INFO:teuthology.orchestra.run.smithi071.stdout:/usr/bin/ceph: stderr
2024-04-24T16:34:22.733+0000 7f8613ab9700 1 -- --> [v2:172.21.15.71:3300/0,v1:172.21.15.71:6789/0] -- mon_getmap magic: 0 v1 -- 0x7f860c19a870 con 0x7f860c107050
2024-04-24T16:34:24.020 INFO:teuthology.orchestra.run.smithi071.stdout:/usr/bin/ceph: stderr
2024-04-24T16:34:22.733+0000 7f8611855700 1 --2- >> [v2:172.21.15.71:3300/0,v1:172.21.15.71:6789/0] conn(0x7f860c107050 0x7f860c19a330 unknown :-1 s=BANNER_CONNECTING pgs=0 cs=0 l=1 rev1=0 crypto rx=0 tx=0 comp rx=0 tx=0)._handle_peer_banner_payload supported=3 required=0
2024-04-24T16:34:24.020 INFO:teuthology.orchestra.run.smithi071.stdout:/usr/bin/ceph: stderr
2024-04-24T16:34:22.733+0000 7f8611855700 1 --2- >> [v2:172.21.15.71:3300/0,v1:172.21.15.71:6789/0] conn(0x7f860c107050 0x7f860c19a330 unknown :-1 s=HELLO_CONNECTING pgs=0 cs=0 l=1 rev1=1 crypto rx=0 tx=0 comp rx=0 tx=0).handle_hello peer v2:172.21.15.71:3300/0 says I am v2:172.21.15.71:36468/0 (socket says 172.21.15.71:36468)
2024-04-24T16:34:24.020 INFO:teuthology.orchestra.run.smithi071.stdout:/usr/bin/ceph: stderr
2024-04-24T16:34:22.733+0000 7f8611855700 1 -- 172.21.15.71:0/3215359462 learned_addr learned my addr 172.21.15.71:0/3215359462 (peer_addr_for_me v2:172.21.15.71:0/0)
2024-04-24T16:34:24.020 INFO:teuthology.orchestra.run.smithi071.stdout:/usr/bin/ceph: stderr
2024-04-24T16:34:22.733+0000 7f8611855700 1 -- 172.21.15.71:0/3215359462 --> [v2:172.21.15.71:3300/0,v1:172.21.15.71:6789/0] -- mon_subscribe({config=0+,monmap=0+}) v3 -- 0x7f8608009550 con 0x7f860c107050
2024-04-24T16:34:24.020 INFO:teuthology.orchestra.run.smithi071.stdout:/usr/bin/ceph: stderr
2024-04-24T16:34:22.734+0000 7f8611855700 1 --2- 172.21.15.71:0/3215359462 >> [v2:172.21.15.71:3300/0,v1:172.21.15.71:6789/0] conn(0x7f860c107050 0x7f860c19a330 secure :-1 s=READY pgs=85 cs=0 l=1 rev1=1 crypto rx=0x7f8608009fb0 tx=0x7f8608011890 comp rx=0 tx=0).ready entity=mon.0 client_cookie=0 server_cookie=0 in_seq=0 out_seq=0
2024-04-24T16:34:24.020 INFO:teuthology.orchestra.run.smithi071.stdout:/usr/bin/ceph: stderr
2024-04-24T16:34:22.734+0000 7f8602ffd700 1 -- 172.21.15.71:0/3215359462 <== mon.0 v2:172.21.15.71:3300/0 1 ==== mon_map magic: 0 v1 ==== 229+0+0 (secure 0 0 0) 0x7f86080038b0 con 0x7f860c107050
2024-04-24T16:34:24.020 INFO:teuthology.orchestra.run.smithi071.stdout:/usr/bin/ceph: stderr
2024-04-24T16:34:22.734+0000 7f8602ffd700 1 -- 172.21.15.71:0/3215359462 <== mon.0 v2:172.21.15.71:3300/0 2 ==== config(27 keys) v1 ==== 1109+0+0 (secure 0 0 0) 0x7f8608003a10 con 0x7f860c107050
2024-04-24T16:34:24.020 INFO:teuthology.orchestra.run.smithi071.stdout:/usr/bin/ceph: stderr
2024-04-24T16:34:22.734+0000 7f8613ab9700 1 -- 172.21.15.71:0/3215359462 --> [v2:172.21.15.71:3300/0,v1:172.21.15.71:6789/0] -- mon_subscribe({mgrmap=0+}) v3 -- 0x7f860c19aa70 con 0x7f860c107050
2024-04-24T16:34:24.020 INFO:teuthology.orchestra.run.smithi071.stdout:/usr/bin/ceph: stderr
2024-04-24T16:34:22.734+0000 7f8602ffd700 1 -- 172.21.15.71:0/3215359462 <== mon.0 v2:172.21.15.71:3300/0 3 ==== mon_map magic: 0 v1 ==== 229+0+0 (secure 0 0 0) 0x7f8608019750 con 0x7f860c107050
2024-04-24T16:34:24.020 INFO:teuthology.orchestra.run.smithi071.stdout:/usr/bin/ceph: stderr
2024-04-24T16:34:22.734+0000 7f8613ab9700 1 -- 172.21.15.71:0/3215359462 --> [v2:172.21.15.71:3300/0,v1:172.21.15.71:6789/0] -- mon_subscribe({osdmap=0}) v3 -- 0x7f860c19af10 con 0x7f860c107050
2024-04-24T16:34:24.021 INFO:teuthology.orchestra.run.smithi071.stdout:/usr/bin/ceph: stderr
2024-04-24T16:34:22.735+0000 7f8602ffd700 1 -- 172.21.15.71:0/3215359462 <== mon.0 v2:172.21.15.71:3300/0 4 ==== mgrmap(e 12) v1 ==== 45569+0+0 (secure 0 0 0) 0x7f860801a430 con 0x7f860c107050
2024-04-24T16:34:24.021 INFO:teuthology.orchestra.run.smithi071.stdout:/usr/bin/ceph: stderr
2024-04-24T16:34:22.735+0000 7f8602ffd700 1 --2- 172.21.15.71:0/3215359462 >> [v2:172.21.15.71:6800/3615245052,v1:172.21.15.71:6801/3615245052] conn(0x7f85f8038730 0x7f85f803abf0 unknown :-1 s=NONE pgs=0 cs=0 l=1 rev1=0 crypto rx=0 tx=0 comp rx=0 tx=0).connect
2024-04-24T16:34:24.021 INFO:teuthology.orchestra.run.smithi071.stdout:/usr/bin/ceph: stderr
2024-04-24T16:34:22.735+0000 7f8613ab9700 1 -- 172.21.15.71:0/3215359462 --> [v2:172.21.15.71:3300/0,v1:172.21.15.71:6789/0] -- mon_command({"prefix": "get_command_descriptions"} v 0) v1 -- 0x7f860c10a710 con 0x7f860c107050
2024-04-24T16:34:24.021 INFO:teuthology.orchestra.run.smithi071.stdout:/usr/bin/ceph: stderr
2024-04-24T16:34:22.735+0000 7f8602ffd700 1 -- 172.21.15.71:0/3215359462 <== mon.0 v2:172.21.15.71:3300/0 5 ==== osd_map(3..3 src has 1..3) v4 ==== 1155+0+0 (secure 0 0 0) 0x7f860804c930 con 0x7f860c107050
2024-04-24T16:34:24.021 INFO:teuthology.orchestra.run.smithi071.stdout:/usr/bin/ceph: stderr
2024-04-24T16:34:22.735+0000 7f8611054700 1 --2- 172.21.15.71:0/3215359462 >> [v2:172.21.15.71:6800/3615245052,v1:172.21.15.71:6801/3615245052] conn(0x7f85f8038730 0x7f85f803abf0 unknown :-1 s=BANNER_CONNECTING pgs=0 cs=0 l=1 rev1=0 crypto rx=0 tx=0 comp rx=0 tx=0)._handle_peer_banner_payload supported=3 required=0
2024-04-24T16:34:24.021 INFO:teuthology.orchestra.run.smithi071.stdout:/usr/bin/ceph: stderr
2024-04-24T16:34:22.735+0000 7f8611054700 1 --2- 172.21.15.71:0/3215359462 >> [v2:172.21.15.71:6800/3615245052,v1:172.21.15.71:6801/3615245052] conn(0x7f85f8038730 0x7f85f803abf0 secure :-1 s=READY pgs=8 cs=0 l=1 rev1=1 crypto rx=0x7f85fc006fd0 tx=0x7f85fc006e40 comp rx=0 tx=0).ready entity=mgr.14164 client_cookie=0 server_cookie=0 in_seq=0 out_seq=0
2024-04-24T16:34:24.021 INFO:teuthology.orchestra.run.smithi071.stdout:/usr/bin/ceph: stderr
2024-04-24T16:34:22.740+0000 7f8602ffd700 1 -- 172.21.15.71:0/3215359462 <== mon.0 v2:172.21.15.71:3300/0 6 ==== mon_command_ack([{"prefix": "get_command_descriptions"}]=0 v0) v1 ==== 72+0+183351 (secure 0 0 0) 0x7f86080224f0 con 0x7f860c107050
2024-04-24T16:34:24.021 INFO:teuthology.orchestra.run.smithi071.stdout:/usr/bin/ceph: stderr
2024-04-24T16:34:22.954+0000 7f8613ab9700 1 -- 172.21.15.71:0/3215359462 --> [v2:172.21.15.71:6800/3615245052,v1:172.21.15.71:6801/3615245052] -- mgr_command(tid 0: {"prefix": "dashboard ac-user-create", "username": "admin", "rolename": "administrator", "force_password": true, "pwd_update_required": true, "target": ["mon-mgr", ""]}) v1 -- 0x7f860c10a950 con 0x7f85f8038730
2024-04-24T16:34:24.021 INFO:teuthology.orchestra.run.smithi071.stdout:/usr/bin/ceph: stderr
2024-04-24T16:34:23.179+0000 7f8602ffd700 1 -- 172.21.15.71:0/3215359462 <== mgr.14164 v2:172.21.15.71:6800/3615245052 1 ==== mgr_command_reply(tid 0: 0 ) v1 ==== 8+0+252 (secure 0 0 0) 0x7f860c10a950 con 0x7f85f8038730
2024-04-24T16:34:24.021 INFO:teuthology.orchestra.run.smithi071.stdout:/usr/bin/ceph: stderr
2024-04-24T16:34:23.181+0000 7f8613ab9700 1 -- 172.21.15.71:0/3215359462 >> [v2:172.21.15.71:6800/3615245052,v1:172.21.15.71:6801/3615245052] conn(0x7f85f8038730 msgr2=0x7f85f803abf0 secure :-1 s=STATE_CONNECTION_ESTABLISHED l=1).mark_down
2024-04-24T16:34:24.021 INFO:teuthology.orchestra.run.smithi071.stdout:/usr/bin/ceph: stderr
2024-04-24T16:34:23.181+0000 7f8613ab9700 1 --2- 172.21.15.71:0/3215359462 >> [v2:172.21.15.71:6800/3615245052,v1:172.21.15.71:6801/3615245052] conn(0x7f85f8038730 0x7f85f803abf0 secure :-1 s=READY pgs=8 cs=0 l=1 rev1=1 crypto rx=0x7f85fc006fd0 tx=0x7f85fc006e40 comp rx=0 tx=0).stop
2024-04-24T16:34:24.021 INFO:teuthology.orchestra.run.smithi071.stdout:/usr/bin/ceph: stderr
2024-04-24T16:34:23.181+0000 7f8613ab9700 1 -- 172.21.15.71:0/3215359462 >> [v2:172.21.15.71:3300/0,v1:172.21.15.71:6789/0] conn(0x7f860c107050 msgr2=0x7f860c19a330 secure :-1 s=STATE_CONNECTION_ESTABLISHED l=1).mark_down
2024-04-24T16:34:24.021 INFO:teuthology.orchestra.run.smithi071.stdout:/usr/bin/ceph: stderr
2024-04-24T16:34:23.181+0000 7f8613ab9700 1 --2- 172.21.15.71:0/3215359462 >> [v2:172.21.15.71:3300/0,v1:172.21.15.71:6789/0] conn(0x7f860c107050 0x7f860c19a330 secure :-1 s=READY pgs=85 cs=0 l=1 rev1=1 crypto rx=0x7f8608009fb0 tx=0x7f8608011890 comp rx=0 tx=0).stop
2024-04-24T16:34:24.021 INFO:teuthology.orchestra.run.smithi071.stdout:/usr/bin/ceph: stderr
2024-04-24T16:34:23.181+0000 7f8613ab9700 1 -- 172.21.15.71:0/3215359462 shutdown_connections
2024-04-24T16:34:24.022 INFO:teuthology.orchestra.run.smithi071.stdout:/usr/bin/ceph: stderr
2024-04-24T16:34:23.181+0000 7f8613ab9700 1 --2- 172.21.15.71:0/3215359462 >> [v2:172.21.15.71:6800/3615245052,v1:172.21.15.71:6801/3615245052] conn(0x7f85f8038730 0x7f85f803abf0 unknown :-1 s=CLOSED pgs=8 cs=0 l=1 rev1=1 crypto rx=0 tx=0 comp rx=0 tx=0).stop
2024-04-24T16:34:24.022 INFO:teuthology.orchestra.run.smithi071.stdout:/usr/bin/ceph: stderr
2024-04-24T16:34:23.181+0000 7f8613ab9700 1 --2- 172.21.15.71:0/3215359462 >> [v2:172.21.15.71:3300/0,v1:172.21.15.71:6789/0] conn(0x7f860c107050 0x7f860c19a330 unknown :-1 s=CLOSED pgs=85 cs=0 l=1 rev1=1 crypto rx=0 tx=0 comp rx=0 tx=0).stop
2024-04-24T16:34:24.022 INFO:teuthology.orchestra.run.smithi071.stdout:/usr/bin/ceph: stderr
2024-04-24T16:34:23.181+0000 7f8613ab9700 1 -- 172.21.15.71:0/3215359462 >> 172.21.15.71:0/3215359462 conn(0x7f860c100a80 msgr2=0x7f860c101630 unknown :-1 s=STATE_NONE l=0).mark_down
2024-04-24T16:34:24.022 INFO:teuthology.orchestra.run.smithi071.stdout:/usr/bin/ceph: stderr
2024-04-24T16:34:23.181+0000 7f8613ab9700 1 -- 172.21.15.71:0/3215359462 shutdown_connections
2024-04-24T16:34:24.022 INFO:teuthology.orchestra.run.smithi071.stdout:/usr/bin/ceph: stderr
2024-04-24T16:34:23.181+0000 7f8613ab9700 1 -- 172.21.15.71:0/3215359462 wait complete.
2024-04-24T16:34:24.022 INFO:teuthology.orchestra.run.smithi071.stdout:Fetching dashboard port number...
2024-04-24T16:34:24.663 INFO:journalctl@ceph.mon.smithi071.smithi071.stdout:Apr 24 16:34:24 smithi071 ceph-mon[26691]: from='client.14178 -' entity='client.admin' cmd=[{"prefix": "dashboard ac-user-create", "username": "admin", "rolename": "administrator", "force_password": true, "pwd_update_required": true, "target": ["mon-mgr", ""]}]: dispatch
2024-04-24T16:34:25.367 INFO:teuthology.orchestra.run.smithi071.stdout:/usr/bin/ceph: stdout 8443
2024-04-24T16:34:25.368 INFO:teuthology.orchestra.run.smithi071.stdout:/usr/bin/ceph: stderr
2024-04-24T16:34:24.451+0000 7fe00b10a700 1 Processor -- start
2024-04-24T16:34:25.368 INFO:teuthology.orchestra.run.smithi071.stdout:/usr/bin/ceph: stderr
2024-04-24T16:34:24.451+0000 7fe00b10a700 1 -- start start
2024-04-24T16:34:25.368 INFO:teuthology.orchestra.run.smithi071.stdout:/usr/bin/ceph: stderr
2024-04-24T16:34:24.451+0000 7fe00b10a700 1 --2- >> [v2:172.21.15.71:3300/0,v1:172.21.15.71:6789/0] conn(0x7fe004106a90 0x7fe004106eb0 unknown :-1 s=NONE pgs=0 cs=0 l=0 rev1=0 crypto rx=0 tx=0 comp rx=0 tx=0).connect
2024-04-24T16:34:25.368 INFO:teuthology.orchestra.run.smithi071.stdout:/usr/bin/ceph: stderr
2024-04-24T16:34:24.451+0000 7fe00b10a700 1 -- --> [v2:172.21.15.71:3300/0,v1:172.21.15.71:6789/0] -- mon_getmap magic: 0 v1 -- 0x7fe004107480 con 0x7fe004106a90
2024-04-24T16:34:25.368 INFO:teuthology.orchestra.run.smithi071.stdout:/usr/bin/ceph: stderr
2024-04-24T16:34:24.451+0000 7fe008ea6700 1 --2- >> [v2:172.21.15.71:3300/0,v1:172.21.15.71:6789/0] conn(0x7fe004106a90 0x7fe004106eb0 unknown :-1 s=BANNER_CONNECTING pgs=0 cs=0 l=0 rev1=0 crypto rx=0 tx=0 comp rx=0 tx=0)._handle_peer_banner_payload supported=3 required=0
2024-04-24T16:34:25.368 INFO:teuthology.orchestra.run.smithi071.stdout:/usr/bin/ceph: stderr
2024-04-24T16:34:24.451+0000 7fe008ea6700 1 --2- >> [v2:172.21.15.71:3300/0,v1:172.21.15.71:6789/0] conn(0x7fe004106a90 0x7fe004106eb0 unknown :-1 s=HELLO_CONNECTING pgs=0 cs=0 l=0 rev1=1 crypto rx=0 tx=0 comp rx=0 tx=0).handle_hello peer v2:172.21.15.71:3300/0 says I am v2:172.21.15.71:36478/0 (socket says 172.21.15.71:36478)
2024-04-24T16:34:25.368 INFO:teuthology.orchestra.run.smithi071.stdout:/usr/bin/ceph: stderr
2024-04-24T16:34:24.451+0000 7fe008ea6700 1 -- 172.21.15.71:0/3929658293 learned_addr learned my addr 172.21.15.71:0/3929658293 (peer_addr_for_me v2:172.21.15.71:0/0)
2024-04-24T16:34:25.368 INFO:teuthology.orchestra.run.smithi071.stdout:/usr/bin/ceph: stderr
2024-04-24T16:34:24.452+0000 7fe008ea6700 1 -- 172.21.15.71:0/3929658293 --> [v2:172.21.15.71:3300/0,v1:172.21.15.71:6789/0] -- mon_subscribe({config=0+,monmap=0+}) v3 -- 0x7fe0041056f0 con 0x7fe004106a90
2024-04-24T16:34:25.368 INFO:teuthology.orchestra.run.smithi071.stdout:/usr/bin/ceph: stderr
2024-04-24T16:34:24.452+0000 7fe008ea6700 1 --2- 172.21.15.71:0/3929658293 >> [v2:172.21.15.71:3300/0,v1:172.21.15.71:6789/0] conn(0x7fe004106a90 0x7fe004106eb0 secure :-1 s=READY pgs=86 cs=0 l=1 rev1=1 crypto rx=0x7fdff80098a0 tx=0x7fdff8009bb0 comp rx=0 tx=0).ready entity=mon.0 client_cookie=e636bc870e4f524d server_cookie=0 in_seq=0 out_seq=0
2024-04-24T16:34:25.368 INFO:teuthology.orchestra.run.smithi071.stdout:/usr/bin/ceph: stderr
2024-04-24T16:34:24.452+0000 7fe0037fe700 1 -- 172.21.15.71:0/3929658293 <== mon.0 v2:172.21.15.71:3300/0 1 ==== mon_map magic: 0 v1 ==== 229+0+0 (secure 0 0 0) 0x7fdff8004180 con 0x7fe004106a90
2024-04-24T16:34:25.368 INFO:teuthology.orchestra.run.smithi071.stdout:/usr/bin/ceph: stderr
2024-04-24T16:34:24.452+0000 7fe0037fe700 1 -- 172.21.15.71:0/3929658293 <== mon.0 v2:172.21.15.71:3300/0 2 ==== config(27 keys) v1 ==== 1109+0+0 (secure 0 0 0) 0x7fdff80042e0 con 0x7fe004106a90
2024-04-24T16:34:25.368 INFO:teuthology.orchestra.run.smithi071.stdout:/usr/bin/ceph: stderr
2024-04-24T16:34:24.452+0000 7fe0037fe700 1 -- 172.21.15.71:0/3929658293 <== mon.0 v2:172.21.15.71:3300/0 3 ==== mon_map magic: 0 v1 ==== 229+0+0 (secure 0 0 0) 0x7fdff8011b10 con 0x7fe004106a90
2024-04-24T16:34:25.368 INFO:teuthology.orchestra.run.smithi071.stdout:/usr/bin/ceph: stderr
2024-04-24T16:34:24.453+0000 7fe00b10a700 1 -- 172.21.15.71:0/3929658293 >> [v2:172.21.15.71:3300/0,v1:172.21.15.71:6789/0] conn(0x7fe004106a90 msgr2=0x7fe004106eb0 secure :-1 s=STATE_CONNECTION_ESTABLISHED l=1).mark_down
2024-04-24T16:34:25.369 INFO:teuthology.orchestra.run.smithi071.stdout:/usr/bin/ceph: stderr
2024-04-24T16:34:24.453+0000 7fe00b10a700 1 --2- 172.21.15.71:0/3929658293 >> [v2:172.21.15.71:3300/0,v1:172.21.15.71:6789/0] conn(0x7fe004106a90 0x7fe004106eb0 secure :-1 s=READY pgs=86 cs=0 l=1 rev1=1 crypto rx=0x7fdff80098a0 tx=0x7fdff8009bb0 comp rx=0 tx=0).stop
2024-04-24T16:34:25.369 INFO:teuthology.orchestra.run.smithi071.stdout:/usr/bin/ceph: stderr
2024-04-24T16:34:24.453+0000 7fe00b10a700 1 -- 172.21.15.71:0/3929658293 shutdown_connections
2024-04-24T16:34:25.369 INFO:teuthology.orchestra.run.smithi071.stdout:/usr/bin/ceph: stderr
2024-04-24T16:34:24.453+0000 7fe00b10a700 1 --2- 172.21.15.71:0/3929658293 >> [v2:172.21.15.71:3300/0,v1:172.21.15.71:6789/0] conn(0x7fe004106a90 0x7fe004106eb0 unknown :-1 s=CLOSED pgs=86 cs=0 l=1 rev1=1 crypto rx=0 tx=0 comp rx=0 tx=0).stop
2024-04-24T16:34:25.369 INFO:teuthology.orchestra.run.smithi071.stdout:/usr/bin/ceph: stderr
2024-04-24T16:34:24.453+0000 7fe00b10a700 1 -- 172.21.15.71:0/3929658293 >> 172.21.15.71:0/3929658293 conn(0x7fe0041001c0 msgr2=0x7fe004102620 unknown :-1 s=STATE_NONE l=0).mark_down
2024-04-24T16:34:25.369 INFO:teuthology.orchestra.run.smithi071.stdout:/usr/bin/ceph: stderr
2024-04-24T16:34:24.453+0000 7fe00b10a700 1 -- 172.21.15.71:0/3929658293 shutdown_connections
2024-04-24T16:34:25.369 INFO:teuthology.orchestra.run.smithi071.stdout:/usr/bin/ceph: stderr
2024-04-24T16:34:24.453+0000 7fe00b10a700 1 -- 172.21.15.71:0/3929658293 wait complete.
2024-04-24T16:34:25.369 INFO:teuthology.orchestra.run.smithi071.stdout:/usr/bin/ceph: stderr
2024-04-24T16:34:24.454+0000 7fe00b10a700 1 Processor -- start
2024-04-24T16:34:25.369 INFO:teuthology.orchestra.run.smithi071.stdout:/usr/bin/ceph: stderr
2024-04-24T16:34:24.454+0000 7fe00b10a700 1 -- start start
2024-04-24T16:34:25.369 INFO:teuthology.orchestra.run.smithi071.stdout:/usr/bin/ceph: stderr
2024-04-24T16:34:24.454+0000 7fe00b10a700 1 --2- >> [v2:172.21.15.71:3300/0,v1:172.21.15.71:6789/0] conn(0x7fe004106a90 0x7fe004199290 unknown :-1 s=NONE pgs=0 cs=0 l=1 rev1=0 crypto rx=0 tx=0 comp rx=0 tx=0).connect
2024-04-24T16:34:25.369 INFO:teuthology.orchestra.run.smithi071.stdout:/usr/bin/ceph: stderr
2024-04-24T16:34:24.454+0000 7fe00b10a700 1 -- --> [v2:172.21.15.71:3300/0,v1:172.21.15.71:6789/0] -- mon_getmap magic: 0 v1 -- 0x7fe0041997d0 con 0x7fe004106a90
2024-04-24T16:34:25.369 INFO:teuthology.orchestra.run.smithi071.stdout:/usr/bin/ceph: stderr
2024-04-24T16:34:24.454+0000 7fe008ea6700 1 --2- >> [v2:172.21.15.71:3300/0,v1:172.21.15.71:6789/0] conn(0x7fe004106a90 0x7fe004199290 unknown :-1 s=BANNER_CONNECTING pgs=0 cs=0 l=1 rev1=0 crypto rx=0 tx=0 comp rx=0 tx=0)._handle_peer_banner_payload supported=3 required=0
2024-04-24T16:34:25.369 INFO:teuthology.orchestra.run.smithi071.stdout:/usr/bin/ceph: stderr
2024-04-24T16:34:24.454+0000 7fe008ea6700 1 --2- >> [v2:172.21.15.71:3300/0,v1:172.21.15.71:6789/0] conn(0x7fe004106a90 0x7fe004199290 unknown :-1 s=HELLO_CONNECTING pgs=0 cs=0 l=1 rev1=1 crypto rx=0 tx=0 comp rx=0 tx=0).handle_hello peer v2:172.21.15.71:3300/0 says I am v2:172.21.15.71:36488/0 (socket says 172.21.15.71:36488)
2024-04-24T16:34:25.369 INFO:teuthology.orchestra.run.smithi071.stdout:/usr/bin/ceph: stderr
2024-04-24T16:34:24.454+0000 7fe008ea6700 1 -- 172.21.15.71:0/1597560495 learned_addr learned my addr 172.21.15.71:0/1597560495 (peer_addr_for_me v2:172.21.15.71:0/0)
2024-04-24T16:34:25.369 INFO:teuthology.orchestra.run.smithi071.stdout:/usr/bin/ceph: stderr
2024-04-24T16:34:24.454+0000 7fe008ea6700 1 -- 172.21.15.71:0/1597560495 --> [v2:172.21.15.71:3300/0,v1:172.21.15.71:6789/0] -- mon_subscribe({config=0+,monmap=0+}) v3 -- 0x7fdff8009550 con 0x7fe004106a90
2024-04-24T16:34:25.370 INFO:teuthology.orchestra.run.smithi071.stdout:/usr/bin/ceph: stderr
2024-04-24T16:34:24.454+0000 7fe008ea6700 1 --2- 172.21.15.71:0/1597560495 >> [v2:172.21.15.71:3300/0,v1:172.21.15.71:6789/0] conn(0x7fe004106a90 0x7fe004199290 secure :-1 s=READY pgs=87 cs=0 l=1 rev1=1 crypto rx=0x7fdff80117b0 tx=0x7fdff8011890 comp rx=0 tx=0).ready entity=mon.0 client_cookie=0 server_cookie=0 in_seq=0 out_seq=0
2024-04-24T16:34:25.370 INFO:teuthology.orchestra.run.smithi071.stdout:/usr/bin/ceph: stderr
2024-04-24T16:34:24.454+0000 7fe001ffb700 1 -- 172.21.15.71:0/1597560495 <== mon.0 v2:172.21.15.71:3300/0 1 ==== mon_map magic: 0 v1 ==== 229+0+0 (secure 0 0 0) 0x7fdff80038b0 con 0x7fe004106a90
2024-04-24T16:34:25.370 INFO:teuthology.orchestra.run.smithi071.stdout:/usr/bin/ceph: stderr
2024-04-24T16:34:24.455+0000 7fe001ffb700 1 -- 172.21.15.71:0/1597560495 <== mon.0 v2:172.21.15.71:3300/0 2 ==== config(27 keys) v1 ==== 1109+0+0 (secure 0 0 0) 0x7fdff8003a10 con 0x7fe004106a90
2024-04-24T16:34:25.370 INFO:teuthology.orchestra.run.smithi071.stdout:/usr/bin/ceph: stderr
2024-04-24T16:34:24.455+0000 7fe00b10a700 1 -- 172.21.15.71:0/1597560495 --> [v2:172.21.15.71:3300/0,v1:172.21.15.71:6789/0] -- mon_subscribe({mgrmap=0+}) v3 -- 0x7fe0041999d0 con 0x7fe004106a90
2024-04-24T16:34:25.370 INFO:teuthology.orchestra.run.smithi071.stdout:/usr/bin/ceph: stderr
2024-04-24T16:34:24.455+0000 7fe001ffb700 1 -- 172.21.15.71:0/1597560495 <== mon.0 v2:172.21.15.71:3300/0 3 ==== mon_map magic: 0 v1 ==== 229+0+0 (secure 0 0 0) 0x7fdff80246e0 con 0x7fe004106a90
2024-04-24T16:34:25.370 INFO:teuthology.orchestra.run.smithi071.stdout:/usr/bin/ceph: stderr
2024-04-24T16:34:24.455+0000 7fe00b10a700 1 -- 172.21.15.71:0/1597560495 --> [v2:172.21.15.71:3300/0,v1:172.21.15.71:6789/0] -- mon_subscribe({osdmap=0}) v3 -- 0x7fe004199e70 con 0x7fe004106a90
2024-04-24T16:34:25.370 INFO:teuthology.orchestra.run.smithi071.stdout:/usr/bin/ceph: stderr
2024-04-24T16:34:24.456+0000 7fe001ffb700 1 -- 172.21.15.71:0/1597560495 <== mon.0 v2:172.21.15.71:3300/0 4 ==== mgrmap(e 12) v1 ==== 45569+0+0 (secure 0 0 0) 0x7fdff802d3f0 con 0x7fe004106a90
2024-04-24T16:34:25.370 INFO:teuthology.orchestra.run.smithi071.stdout:/usr/bin/ceph: stderr
2024-04-24T16:34:24.456+0000 7fe00b10a700 1 -- 172.21.15.71:0/1597560495 --> [v2:172.21.15.71:3300/0,v1:172.21.15.71:6789/0] -- mon_command({"prefix": "get_command_descriptions"} v 0) v1 -- 0x7fe004109930 con 0x7fe004106a90
2024-04-24T16:34:25.370 INFO:teuthology.orchestra.run.smithi071.stdout:/usr/bin/ceph: stderr
2024-04-24T16:34:24.456+0000 7fe001ffb700 1 --2- 172.21.15.71:0/1597560495 >> [v2:172.21.15.71:6800/3615245052,v1:172.21.15.71:6801/3615245052] conn(0x7fdff40387c0 0x7fdff403ac80 unknown :-1 s=NONE pgs=0 cs=0 l=1 rev1=0 crypto rx=0 tx=0 comp rx=0 tx=0).connect
2024-04-24T16:34:25.370 INFO:teuthology.orchestra.run.smithi071.stdout:/usr/bin/ceph: stderr
2024-04-24T16:34:24.456+0000 7fe001ffb700 1 -- 172.21.15.71:0/1597560495 <== mon.0 v2:172.21.15.71:3300/0 5 ==== osd_map(3..3 src has 1..3) v4 ==== 1155+0+0 (secure 0 0 0) 0x7fdff804cac0 con 0x7fe004106a90
2024-04-24T16:34:25.370 INFO:teuthology.orchestra.run.smithi071.stdout:/usr/bin/ceph: stderr
2024-04-24T16:34:24.456+0000 7fe003fff700 1 --2- 172.21.15.71:0/1597560495 >> [v2:172.21.15.71:6800/3615245052,v1:172.21.15.71:6801/3615245052] conn(0x7fdff40387c0 0x7fdff403ac80 unknown :-1 s=BANNER_CONNECTING pgs=0 cs=0 l=1 rev1=0 crypto rx=0 tx=0 comp rx=0 tx=0)._handle_peer_banner_payload supported=3 required=0
2024-04-24T16:34:25.370 INFO:teuthology.orchestra.run.smithi071.stdout:/usr/bin/ceph: stderr
2024-04-24T16:34:24.457+0000 7fe003fff700 1 --2- 172.21.15.71:0/1597560495 >> [v2:172.21.15.71:6800/3615245052,v1:172.21.15.71:6801/3615245052] conn(0x7fdff40387c0 0x7fdff403ac80 secure :-1 s=READY pgs=9 cs=0 l=1 rev1=1 crypto rx=0x7fdff0006fd0 tx=0x7fdff0006e40 comp rx=0 tx=0).ready entity=mgr.14164 client_cookie=0 server_cookie=0 in_seq=0 out_seq=0
2024-04-24T16:34:25.370 INFO:teuthology.orchestra.run.smithi071.stdout:/usr/bin/ceph: stderr
2024-04-24T16:34:24.461+0000 7fe001ffb700 1 -- 172.21.15.71:0/1597560495 <== mon.0 v2:172.21.15.71:3300/0 6 ==== mon_command_ack([{"prefix": "get_command_descriptions"}]=0 v0) v1 ==== 72+0+183351 (secure 0 0 0) 0x7fdff804ee60 con 0x7fe004106a90
2024-04-24T16:34:25.370 INFO:teuthology.orchestra.run.smithi071.stdout:/usr/bin/ceph: stderr
2024-04-24T16:34:24.663+0000 7fe00b10a700 1 -- 172.21.15.71:0/1597560495 --> [v2:172.21.15.71:3300/0,v1:172.21.15.71:6789/0] -- mon_command({"prefix": "config get", "who": "mgr", "key": "mgr/dashboard/ssl_server_port"} v 0) v1 -- 0x7fe00419c700 con 0x7fe004106a90
2024-04-24T16:34:25.371 INFO:teuthology.orchestra.run.smithi071.stdout:/usr/bin/ceph: stderr
2024-04-24T16:34:24.663+0000 7fe001ffb700 1 -- 172.21.15.71:0/1597560495 <== mon.0 v2:172.21.15.71:3300/0 7 ==== mon_command_ack([{"prefix": "config get", "who": "mgr", "key": "mgr/dashboard/ssl_server_port"}]=0 v8) v1 ==== 112+0+5 (secure 0 0 0) 0x7fdff8010c00 con 0x7fe004106a90
2024-04-24T16:34:25.371 INFO:teuthology.orchestra.run.smithi071.stdout:/usr/bin/ceph: stderr
2024-04-24T16:34:24.666+0000 7fe00b10a700 1 -- 172.21.15.71:0/1597560495 >> [v2:172.21.15.71:6800/3615245052,v1:172.21.15.71:6801/3615245052] conn(0x7fdff40387c0 msgr2=0x7fdff403ac80 secure :-1 s=STATE_CONNECTION_ESTABLISHED l=1).mark_down
2024-04-24T16:34:25.371 INFO:teuthology.orchestra.run.smithi071.stdout:/usr/bin/ceph: stderr
2024-04-24T16:34:24.666+0000 7fe00b10a700 1 --2- 172.21.15.71:0/1597560495 >> [v2:172.21.15.71:6800/3615245052,v1:172.21.15.71:6801/3615245052] conn(0x7fdff40387c0 0x7fdff403ac80 secure :-1 s=READY pgs=9 cs=0 l=1 rev1=1 crypto rx=0x7fdff0006fd0 tx=0x7fdff0006e40 comp rx=0 tx=0).stop
2024-04-24T16:34:25.371 INFO:teuthology.orchestra.run.smithi071.stdout:/usr/bin/ceph: stderr
2024-04-24T16:34:24.666+0000 7fe00b10a700 1 -- 172.21.15.71:0/1597560495 >> [v2:172.21.15.71:3300/0,v1:172.21.15.71:6789/0] conn(0x7fe004106a90 msgr2=0x7fe004199290 secure :-1 s=STATE_CONNECTION_ESTABLISHED l=1).mark_down
2024-04-24T16:34:25.371 INFO:teuthology.orchestra.run.smithi071.stdout:/usr/bin/ceph: stderr
2024-04-24T16:34:24.666+0000 7fe00b10a700 1 --2- 172.21.15.71:0/1597560495 >> [v2:172.21.15.71:3300/0,v1:172.21.15.71:6789/0] conn(0x7fe004106a90 0x7fe004199290 secure :-1 s=READY pgs=87 cs=0 l=1 rev1=1 crypto rx=0x7fdff80117b0 tx=0x7fdff8011890 comp rx=0 tx=0).stop
2024-04-24T16:34:25.371 INFO:teuthology.orchestra.run.smithi071.stdout:/usr/bin/ceph: stderr
2024-04-24T16:34:24.667+0000 7fe00b10a700 1 -- 172.21.15.71:0/1597560495 shutdown_connections
2024-04-24T16:34:25.371 INFO:teuthology.orchestra.run.smithi071.stdout:/usr/bin/ceph: stderr
2024-04-24T16:34:24.667+0000 7fe00b10a700 1 --2- 172.21.15.71:0/1597560495 >> [v2:172.21.15.71:6800/3615245052,v1:172.21.15.71:6801/3615245052] conn(0x7fdff40387c0 0x7fdff403ac80 unknown :-1 s=CLOSED pgs=9 cs=0 l=1 rev1=1 crypto rx=0 tx=0 comp rx=0 tx=0).stop
