2024-04-24T16:33:52.376+0000 7f55a0d2d700 1 --2- 172.21.15.71:0/1377598287 >> [v2:172.21.15.71:3300/0,v1:172.21.15.71:6789/0] conn(0x7f559c1070b0 0x7f559c1094a0 unknown :-1 s=CLOSED pgs=43 cs=0 l=1 rev1=1 crypto rx=0 tx=0 comp rx=0 tx=0).stop
2024-04-24T16:33:53.164 INFO:teuthology.orchestra.run.smithi071.stdout:/usr/bin/ceph: stderr
2024-04-24T16:33:52.376+0000 7f55a0d2d700 1 -- 172.21.15.71:0/1377598287 >> 172.21.15.71:0/1377598287 conn(0x7f559c100ac0 msgr2=0x7f559c102ee0 unknown :-1 s=STATE_NONE l=0).mark_down
2024-04-24T16:33:53.164 INFO:teuthology.orchestra.run.smithi071.stdout:/usr/bin/ceph: stderr
2024-04-24T16:33:52.376+0000 7f55a0d2d700 1 -- 172.21.15.71:0/1377598287 shutdown_connections
2024-04-24T16:33:53.164 INFO:teuthology.orchestra.run.smithi071.stdout:/usr/bin/ceph: stderr
2024-04-24T16:33:52.376+0000 7f55a0d2d700 1 -- 172.21.15.71:0/1377598287 wait complete.
2024-04-24T16:33:53.165 INFO:teuthology.orchestra.run.smithi071.stdout:/usr/bin/ceph: stderr
2024-04-24T16:33:52.377+0000 7f55a0d2d700 1 Processor -- start
2024-04-24T16:33:53.165 INFO:teuthology.orchestra.run.smithi071.stdout:/usr/bin/ceph: stderr
2024-04-24T16:33:52.377+0000 7f55a0d2d700 1 -- start start
2024-04-24T16:33:53.165 INFO:teuthology.orchestra.run.smithi071.stdout:/usr/bin/ceph: stderr
2024-04-24T16:33:52.377+0000 7f55a0d2d700 1 --2- >> [v2:172.21.15.71:3300/0,v1:172.21.15.71:6789/0] conn(0x7f559c1070b0 0x7f559c19a310 unknown :-1 s=NONE pgs=0 cs=0 l=1 rev1=0 crypto rx=0 tx=0 comp rx=0 tx=0).connect
2024-04-24T16:33:53.165 INFO:teuthology.orchestra.run.smithi071.stdout:/usr/bin/ceph: stderr
2024-04-24T16:33:52.377+0000 7f55a0d2d700 1 -- --> [v2:172.21.15.71:3300/0,v1:172.21.15.71:6789/0] -- mon_getmap magic: 0 v1 -- 0x7f559c19a850 con 0x7f559c1070b0
2024-04-24T16:33:53.165 INFO:teuthology.orchestra.run.smithi071.stdout:/usr/bin/ceph: stderr
2024-04-24T16:33:52.378+0000 7f559a59c700 1 --2- >> [v2:172.21.15.71:3300/0,v1:172.21.15.71:6789/0] conn(0x7f559c1070b0 0x7f559c19a310 unknown :-1 s=BANNER_CONNECTING pgs=0 cs=0 l=1 rev1=0 crypto rx=0 tx=0 comp rx=0 tx=0)._handle_peer_banner_payload supported=3 required=0
2024-04-24T16:33:53.165 INFO:teuthology.orchestra.run.smithi071.stdout:/usr/bin/ceph: stderr
2024-04-24T16:33:52.378+0000 7f559a59c700 1 --2- >> [v2:172.21.15.71:3300/0,v1:172.21.15.71:6789/0] conn(0x7f559c1070b0 0x7f559c19a310 unknown :-1 s=HELLO_CONNECTING pgs=0 cs=0 l=1 rev1=1 crypto rx=0 tx=0 comp rx=0 tx=0).handle_hello peer v2:172.21.15.71:3300/0 says I am v2:172.21.15.71:36452/0 (socket says 172.21.15.71:36452)
2024-04-24T16:33:53.165 INFO:teuthology.orchestra.run.smithi071.stdout:/usr/bin/ceph: stderr
2024-04-24T16:33:52.378+0000 7f559a59c700 1 -- 172.21.15.71:0/2608599074 learned_addr learned my addr 172.21.15.71:0/2608599074 (peer_addr_for_me v2:172.21.15.71:0/0)
2024-04-24T16:33:53.165 INFO:teuthology.orchestra.run.smithi071.stdout:/usr/bin/ceph: stderr
2024-04-24T16:33:52.378+0000 7f559a59c700 1 -- 172.21.15.71:0/2608599074 --> [v2:172.21.15.71:3300/0,v1:172.21.15.71:6789/0] -- mon_subscribe({config=0+,monmap=0+}) v3 -- 0x7f5590009550 con 0x7f559c1070b0
2024-04-24T16:33:53.165 INFO:teuthology.orchestra.run.smithi071.stdout:/usr/bin/ceph: stderr
2024-04-24T16:33:52.378+0000 7f559a59c700 1 --2- 172.21.15.71:0/2608599074 >> [v2:172.21.15.71:3300/0,v1:172.21.15.71:6789/0] conn(0x7f559c1070b0 0x7f559c19a310 secure :-1 s=READY pgs=44 cs=0 l=1 rev1=1 crypto rx=0x7f5590011710 tx=0x7f55900047c0 comp rx=0 tx=0).ready entity=mon.0 client_cookie=0 server_cookie=0 in_seq=0 out_seq=0
2024-04-24T16:33:53.165 INFO:teuthology.orchestra.run.smithi071.stdout:/usr/bin/ceph: stderr
2024-04-24T16:33:52.378+0000 7f558b7fe700 1 -- 172.21.15.71:0/2608599074 <== mon.0 v2:172.21.15.71:3300/0 1 ==== mon_map magic: 0 v1 ==== 229+0+0 (secure 0 0 0) 0x7f5590003b10 con 0x7f559c1070b0
2024-04-24T16:33:53.165 INFO:teuthology.orchestra.run.smithi071.stdout:/usr/bin/ceph: stderr
2024-04-24T16:33:52.378+0000 7f558b7fe700 1 -- 172.21.15.71:0/2608599074 <== mon.0 v2:172.21.15.71:3300/0 2 ==== config(27 keys) v1 ==== 1042+0+0 (secure 0 0 0) 0x7f559001b8c0 con 0x7f559c1070b0
2024-04-24T16:33:53.165 INFO:teuthology.orchestra.run.smithi071.stdout:/usr/bin/ceph: stderr
2024-04-24T16:33:52.378+0000 7f55a0d2d700 1 -- 172.21.15.71:0/2608599074 --> [v2:172.21.15.71:3300/0,v1:172.21.15.71:6789/0] -- mon_subscribe({mgrmap=0+}) v3 -- 0x7f559c19aa50 con 0x7f559c1070b0
2024-04-24T16:33:53.165 INFO:teuthology.orchestra.run.smithi071.stdout:/usr/bin/ceph: stderr
2024-04-24T16:33:52.378+0000 7f558b7fe700 1 -- 172.21.15.71:0/2608599074 <== mon.0 v2:172.21.15.71:3300/0 3 ==== mon_map magic: 0 v1 ==== 229+0+0 (secure 0 0 0) 0x7f55900197e0 con 0x7f559c1070b0
2024-04-24T16:33:53.166 INFO:teuthology.orchestra.run.smithi071.stdout:/usr/bin/ceph: stderr
2024-04-24T16:33:52.378+0000 7f55a0d2d700 1 -- 172.21.15.71:0/2608599074 --> [v2:172.21.15.71:3300/0,v1:172.21.15.71:6789/0] -- mon_subscribe({osdmap=0}) v3 -- 0x7f559c19aef0 con 0x7f559c1070b0
2024-04-24T16:33:53.166 INFO:teuthology.orchestra.run.smithi071.stdout:/usr/bin/ceph: stderr
2024-04-24T16:33:52.379+0000 7f558b7fe700 1 -- 172.21.15.71:0/2608599074 <== mon.0 v2:172.21.15.71:3300/0 4 ==== mgrmap(e 8) v1 ==== 45556+0+0 (secure 0 0 0) 0x7f5590019a20 con 0x7f559c1070b0
2024-04-24T16:33:53.166 INFO:teuthology.orchestra.run.smithi071.stdout:/usr/bin/ceph: stderr
2024-04-24T16:33:52.379+0000 7f558b7fe700 1 --2- 172.21.15.71:0/2608599074 >> [v2:172.21.15.71:6800/32699560,v1:172.21.15.71:6801/32699560] conn(0x7f5584038720 0x7f558403abe0 unknown :-1 s=NONE pgs=0 cs=0 l=1 rev1=0 crypto rx=0 tx=0 comp rx=0 tx=0).connect
2024-04-24T16:33:53.166 INFO:teuthology.orchestra.run.smithi071.stdout:/usr/bin/ceph: stderr
2024-04-24T16:33:52.379+0000 7f55a0d2d700 1 -- 172.21.15.71:0/2608599074 --> [v2:172.21.15.71:3300/0,v1:172.21.15.71:6789/0] -- mon_command({"prefix": "get_command_descriptions"} v 0) v1 -- 0x7f559c10a730 con 0x7f559c1070b0
2024-04-24T16:33:53.166 INFO:teuthology.orchestra.run.smithi071.stdout:/usr/bin/ceph: stderr
2024-04-24T16:33:52.379+0000 7f558b7fe700 1 -- 172.21.15.71:0/2608599074 <== mon.0 v2:172.21.15.71:3300/0 5 ==== osd_map(2..2 src has 1..2) v4 ==== 940+0+0 (secure 0 0 0) 0x7f559004cb20 con 0x7f559c1070b0
2024-04-24T16:33:53.166 INFO:teuthology.orchestra.run.smithi071.stdout:/usr/bin/ceph: stderr
2024-04-24T16:33:52.379+0000 7f5599d9b700 1 --2- 172.21.15.71:0/2608599074 >> [v2:172.21.15.71:6800/32699560,v1:172.21.15.71:6801/32699560] conn(0x7f5584038720 0x7f558403abe0 unknown :-1 s=BANNER_CONNECTING pgs=0 cs=0 l=1 rev1=0 crypto rx=0 tx=0 comp rx=0 tx=0)._handle_peer_banner_payload supported=3 required=0
2024-04-24T16:33:53.166 INFO:teuthology.orchestra.run.smithi071.stdout:/usr/bin/ceph: stderr
2024-04-24T16:33:52.380+0000 7f5599d9b700 1 --2- 172.21.15.71:0/2608599074 >> [v2:172.21.15.71:6800/32699560,v1:172.21.15.71:6801/32699560] conn(0x7f5584038720 0x7f558403abe0 secure :-1 s=READY pgs=10 cs=0 l=1 rev1=1 crypto rx=0x7f558c006fd0 tx=0x7f558c006e40 comp rx=0 tx=0).ready entity=mgr.14120 client_cookie=0 server_cookie=0 in_seq=0 out_seq=0
2024-04-24T16:33:53.166 INFO:teuthology.orchestra.run.smithi071.stdout:/usr/bin/ceph: stderr
2024-04-24T16:33:52.384+0000 7f558b7fe700 1 -- 172.21.15.71:0/2608599074 <== mon.0 v2:172.21.15.71:3300/0 6 ==== mon_command_ack([{"prefix": "get_command_descriptions"}]=0 v0) v1 ==== 72+0+183351 (secure 0 0 0) 0x7f5590018710 con 0x7f559c1070b0
2024-04-24T16:33:53.166 INFO:teuthology.orchestra.run.smithi071.stdout:/usr/bin/ceph: stderr
2024-04-24T16:33:52.579+0000 7f55a0d2d700 1 -- 172.21.15.71:0/2608599074 --> [v2:172.21.15.71:6800/32699560,v1:172.21.15.71:6801/32699560] -- mgr_command(tid 0: {"prefix": "cephadm get-pub-key", "target": ["mon-mgr", ""]}) v1 -- 0x7f559c101cf0 con 0x7f5584038720
2024-04-24T16:33:53.166 INFO:teuthology.orchestra.run.smithi071.stdout:/usr/bin/ceph: stderr
2024-04-24T16:33:52.579+0000 7f558b7fe700 1 -- 172.21.15.71:0/2608599074 <== mgr.14120 v2:172.21.15.71:6800/32699560 1 ==== mgr_command_reply(tid 0: 0 ) v1 ==== 8+0+595 (secure 0 0 0) 0x7f559c101cf0 con 0x7f5584038720
2024-04-24T16:33:53.166 INFO:teuthology.orchestra.run.smithi071.stdout:/usr/bin/ceph: stderr
2024-04-24T16:33:52.581+0000 7f55a0d2d700 1 -- 172.21.15.71:0/2608599074 >> [v2:172.21.15.71:6800/32699560,v1:172.21.15.71:6801/32699560] conn(0x7f5584038720 msgr2=0x7f558403abe0 secure :-1 s=STATE_CONNECTION_ESTABLISHED l=1).mark_down
2024-04-24T16:33:53.166 INFO:teuthology.orchestra.run.smithi071.stdout:/usr/bin/ceph: stderr
2024-04-24T16:33:52.581+0000 7f55a0d2d700 1 --2- 172.21.15.71:0/2608599074 >> [v2:172.21.15.71:6800/32699560,v1:172.21.15.71:6801/32699560] conn(0x7f5584038720 0x7f558403abe0 secure :-1 s=READY pgs=10 cs=0 l=1 rev1=1 crypto rx=0x7f558c006fd0 tx=0x7f558c006e40 comp rx=0 tx=0).stop
2024-04-24T16:33:53.166 INFO:teuthology.orchestra.run.smithi071.stdout:/usr/bin/ceph: stderr
2024-04-24T16:33:52.581+0000 7f55a0d2d700 1 -- 172.21.15.71:0/2608599074 >> [v2:172.21.15.71:3300/0,v1:172.21.15.71:6789/0] conn(0x7f559c1070b0 msgr2=0x7f559c19a310 secure :-1 s=STATE_CONNECTION_ESTABLISHED l=1).mark_down
2024-04-24T16:33:53.167 INFO:teuthology.orchestra.run.smithi071.stdout:/usr/bin/ceph: stderr
2024-04-24T16:33:52.581+0000 7f55a0d2d700 1 --2- 172.21.15.71:0/2608599074 >> [v2:172.21.15.71:3300/0,v1:172.21.15.71:6789/0] conn(0x7f559c1070b0 0x7f559c19a310 secure :-1 s=READY pgs=44 cs=0 l=1 rev1=1 crypto rx=0x7f5590011710 tx=0x7f55900047c0 comp rx=0 tx=0).stop
2024-04-24T16:33:53.167 INFO:teuthology.orchestra.run.smithi071.stdout:/usr/bin/ceph: stderr
2024-04-24T16:33:52.582+0000 7f55a0d2d700 1 -- 172.21.15.71:0/2608599074 shutdown_connections
2024-04-24T16:33:53.167 INFO:teuthology.orchestra.run.smithi071.stdout:/usr/bin/ceph: stderr
2024-04-24T16:33:52.582+0000 7f55a0d2d700 1 --2- 172.21.15.71:0/2608599074 >> [v2:172.21.15.71:6800/32699560,v1:172.21.15.71:6801/32699560] conn(0x7f5584038720 0x7f558403abe0 unknown :-1 s=CLOSED pgs=10 cs=0 l=1 rev1=1 crypto rx=0 tx=0 comp rx=0 tx=0).stop
2024-04-24T16:33:53.167 INFO:teuthology.orchestra.run.smithi071.stdout:/usr/bin/ceph: stderr
2024-04-24T16:33:52.582+0000 7f55a0d2d700 1 --2- 172.21.15.71:0/2608599074 >> [v2:172.21.15.71:3300/0,v1:172.21.15.71:6789/0] conn(0x7f559c1070b0 0x7f559c19a310 unknown :-1 s=CLOSED pgs=44 cs=0 l=1 rev1=1 crypto rx=0 tx=0 comp rx=0 tx=0).stop
2024-04-24T16:33:53.167 INFO:teuthology.orchestra.run.smithi071.stdout:/usr/bin/ceph: stderr
2024-04-24T16:33:52.582+0000 7f55a0d2d700 1 -- 172.21.15.71:0/2608599074 >> 172.21.15.71:0/2608599074 conn(0x7f559c100ac0 msgr2=0x7f559c1015e0 unknown :-1 s=STATE_NONE l=0).mark_down
2024-04-24T16:33:53.167 INFO:teuthology.orchestra.run.smithi071.stdout:/usr/bin/ceph: stderr
2024-04-24T16:33:52.582+0000 7f55a0d2d700 1 -- 172.21.15.71:0/2608599074 shutdown_connections
2024-04-24T16:33:53.167 INFO:teuthology.orchestra.run.smithi071.stdout:/usr/bin/ceph: stderr
2024-04-24T16:33:52.582+0000 7f55a0d2d700 1 -- 172.21.15.71:0/2608599074 wait complete.
2024-04-24T16:33:53.167 INFO:teuthology.orchestra.run.smithi071.stdout:Wrote public SSH key to /home/ubuntu/cephtest/ceph.pub
2024-04-24T16:33:53.167 INFO:teuthology.orchestra.run.smithi071.stdout:Adding key to root@localhost authorized_keys...
2024-04-24T16:33:53.167 INFO:teuthology.orchestra.run.smithi071.stdout:Adding host smithi071...
2024-04-24T16:33:53.760 INFO:journalctl@ceph.mon.smithi071.smithi071.stdout:Apr 24 16:33:53 smithi071 ceph-mon[26691]: from='client.14138 -' entity='client.admin' cmd=[{"prefix": "cephadm get-pub-key", "target": ["mon-mgr", ""]}]: dispatch
2024-04-24T16:33:54.624 INFO:journalctl@ceph.mon.smithi071.smithi071.stdout:Apr 24 16:33:54 smithi071 ceph-mon[26691]: from='client.14140 -' entity='client.admin' cmd=[{"prefix": "orch host add", "hostname": "smithi071", "addr": "172.21.15.71", "target": ["mon-mgr", ""]}]: dispatch
2024-04-24T16:33:55.724 INFO:journalctl@ceph.mon.smithi071.smithi071.stdout:Apr 24 16:33:55 smithi071 ceph-mon[26691]: Deploying cephadm binary to smithi071
2024-04-24T16:33:56.812 INFO:teuthology.orchestra.run.smithi071.stdout:/usr/bin/ceph: stdout Added host 'smithi071' with addr '172.21.15.71'
2024-04-24T16:33:56.813 INFO:teuthology.orchestra.run.smithi071.stdout:/usr/bin/ceph: stderr
2024-04-24T16:33:53.587+0000 7f580e19b700 1 Processor -- start
2024-04-24T16:33:56.813 INFO:teuthology.orchestra.run.smithi071.stdout:/usr/bin/ceph: stderr
2024-04-24T16:33:53.587+0000 7f580e19b700 1 -- start start
2024-04-24T16:33:56.813 INFO:teuthology.orchestra.run.smithi071.stdout:/usr/bin/ceph: stderr
2024-04-24T16:33:53.587+0000 7f580e19b700 1 --2- >> [v2:172.21.15.71:3300/0,v1:172.21.15.71:6789/0] conn(0x7f580807be90 0x7f580807a340 unknown :-1 s=NONE pgs=0 cs=0 l=0 rev1=0 crypto rx=0 tx=0 comp rx=0 tx=0).connect
2024-04-24T16:33:56.813 INFO:teuthology.orchestra.run.smithi071.stdout:/usr/bin/ceph: stderr
2024-04-24T16:33:53.587+0000 7f580e19b700 1 -- --> [v2:172.21.15.71:3300/0,v1:172.21.15.71:6789/0] -- mon_getmap magic: 0 v1 -- 0x7f580807a910 con 0x7f580807be90
2024-04-24T16:33:56.813 INFO:teuthology.orchestra.run.smithi071.stdout:/usr/bin/ceph: stderr
2024-04-24T16:33:53.587+0000 7f58077fe700 1 --2- >> [v2:172.21.15.71:3300/0,v1:172.21.15.71:6789/0] conn(0x7f580807be90 0x7f580807a340 unknown :-1 s=BANNER_CONNECTING pgs=0 cs=0 l=0 rev1=0 crypto rx=0 tx=0 comp rx=0 tx=0)._handle_peer_banner_payload supported=3 required=0
2024-04-24T16:33:56.813 INFO:teuthology.orchestra.run.smithi071.stdout:/usr/bin/ceph: stderr
2024-04-24T16:33:53.587+0000 7f58077fe700 1 --2- >> [v2:172.21.15.71:3300/0,v1:172.21.15.71:6789/0] conn(0x7f580807be90 0x7f580807a340 unknown :-1 s=HELLO_CONNECTING pgs=0 cs=0 l=0 rev1=1 crypto rx=0 tx=0 comp rx=0 tx=0).handle_hello peer v2:172.21.15.71:3300/0 says I am v2:172.21.15.71:36454/0 (socket says 172.21.15.71:36454)
2024-04-24T16:33:56.813 INFO:teuthology.orchestra.run.smithi071.stdout:/usr/bin/ceph: stderr
2024-04-24T16:33:53.587+0000 7f58077fe700 1 -- 172.21.15.71:0/4234644852 learned_addr learned my addr 172.21.15.71:0/4234644852 (peer_addr_for_me v2:172.21.15.71:0/0)
2024-04-24T16:33:56.813 INFO:teuthology.orchestra.run.smithi071.stdout:/usr/bin/ceph: stderr
2024-04-24T16:33:53.587+0000 7f58077fe700 1 -- 172.21.15.71:0/4234644852 --> [v2:172.21.15.71:3300/0,v1:172.21.15.71:6789/0] -- mon_subscribe({config=0+,monmap=0+}) v3 -- 0x7f580807aa50 con 0x7f580807be90
2024-04-24T16:33:56.813 INFO:teuthology.orchestra.run.smithi071.stdout:/usr/bin/ceph: stderr
2024-04-24T16:33:53.587+0000 7f58077fe700 1 --2- 172.21.15.71:0/4234644852 >> [v2:172.21.15.71:3300/0,v1:172.21.15.71:6789/0] conn(0x7f580807be90 0x7f580807a340 secure :-1 s=READY pgs=45 cs=0 l=1 rev1=1 crypto rx=0x7f57f80098a0 tx=0x7f57f8009bb0 comp rx=0 tx=0).ready entity=mon.0 client_cookie=7d7c0d4d40ac49dd server_cookie=0 in_seq=0 out_seq=0
2024-04-24T16:33:56.813 INFO:teuthology.orchestra.run.smithi071.stdout:/usr/bin/ceph: stderr
2024-04-24T16:33:53.587+0000 7f58067fc700 1 -- 172.21.15.71:0/4234644852 <== mon.0 v2:172.21.15.71:3300/0 1 ==== mon_map magic: 0 v1 ==== 229+0+0 (secure 0 0 0) 0x7f57f8004180 con 0x7f580807be90
2024-04-24T16:33:56.814 INFO:teuthology.orchestra.run.smithi071.stdout:/usr/bin/ceph: stderr
2024-04-24T16:33:53.587+0000 7f58067fc700 1 -- 172.21.15.71:0/4234644852 <== mon.0 v2:172.21.15.71:3300/0 2 ==== config(27 keys) v1 ==== 1042+0+0 (secure 0 0 0) 0x7f57f80042e0 con 0x7f580807be90
2024-04-24T16:33:56.814 INFO:teuthology.orchestra.run.smithi071.stdout:/usr/bin/ceph: stderr
2024-04-24T16:33:53.588+0000 7f58067fc700 1 -- 172.21.15.71:0/4234644852 <== mon.0 v2:172.21.15.71:3300/0 3 ==== mon_map magic: 0 v1 ==== 229+0+0 (secure 0 0 0) 0x7f57f8011a70 con 0x7f580807be90
2024-04-24T16:33:56.814 INFO:teuthology.orchestra.run.smithi071.stdout:/usr/bin/ceph: stderr
2024-04-24T16:33:53.588+0000 7f580e19b700 1 -- 172.21.15.71:0/4234644852 >> [v2:172.21.15.71:3300/0,v1:172.21.15.71:6789/0] conn(0x7f580807be90 msgr2=0x7f580807a340 secure :-1 s=STATE_CONNECTION_ESTABLISHED l=1).mark_down
2024-04-24T16:33:56.814 INFO:teuthology.orchestra.run.smithi071.stdout:/usr/bin/ceph: stderr
2024-04-24T16:33:53.588+0000 7f580e19b700 1 --2- 172.21.15.71:0/4234644852 >> [v2:172.21.15.71:3300/0,v1:172.21.15.71:6789/0] conn(0x7f580807be90 0x7f580807a340 secure :-1 s=READY pgs=45 cs=0 l=1 rev1=1 crypto rx=0x7f57f80098a0 tx=0x7f57f8009bb0 comp rx=0 tx=0).stop
2024-04-24T16:33:56.814 INFO:teuthology.orchestra.run.smithi071.stdout:/usr/bin/ceph: stderr
2024-04-24T16:33:53.588+0000 7f580e19b700 1 -- 172.21.15.71:0/4234644852 shutdown_connections
2024-04-24T16:33:56.814 INFO:teuthology.orchestra.run.smithi071.stdout:/usr/bin/ceph: stderr
2024-04-24T16:33:53.588+0000 7f580e19b700 1 --2- 172.21.15.71:0/4234644852 >> [v2:172.21.15.71:3300/0,v1:172.21.15.71:6789/0] conn(0x7f580807be90 0x7f580807a340 unknown :-1 s=CLOSED pgs=45 cs=0 l=1 rev1=1 crypto rx=0 tx=0 comp rx=0 tx=0).stop
2024-04-24T16:33:56.814 INFO:teuthology.orchestra.run.smithi071.stdout:/usr/bin/ceph: stderr
2024-04-24T16:33:53.588+0000 7f580e19b700 1 -- 172.21.15.71:0/4234644852 >> 172.21.15.71:0/4234644852 conn(0x7f5808101bd0 msgr2=0x7f5808103ff0 unknown :-1 s=STATE_NONE l=0).mark_down
2024-04-24T16:33:56.814 INFO:teuthology.orchestra.run.smithi071.stdout:/usr/bin/ceph: stderr
2024-04-24T16:33:53.588+0000 7f580e19b700 1 -- 172.21.15.71:0/4234644852 shutdown_connections
2024-04-24T16:33:56.814 INFO:teuthology.orchestra.run.smithi071.stdout:/usr/bin/ceph: stderr
2024-04-24T16:33:53.588+0000 7f580e19b700 1 -- 172.21.15.71:0/4234644852 wait complete.
2024-04-24T16:33:56.814 INFO:teuthology.orchestra.run.smithi071.stdout:/usr/bin/ceph: stderr
2024-04-24T16:33:53.589+0000 7f580e19b700 1 Processor -- start
2024-04-24T16:33:56.814 INFO:teuthology.orchestra.run.smithi071.stdout:/usr/bin/ceph: stderr
2024-04-24T16:33:53.589+0000 7f580e19b700 1 -- start start
2024-04-24T16:33:56.814 INFO:teuthology.orchestra.run.smithi071.stdout:/usr/bin/ceph: stderr
2024-04-24T16:33:53.589+0000 7f580e19b700 1 --2- >> [v2:172.21.15.71:3300/0,v1:172.21.15.71:6789/0] conn(0x7f580807be90 0x7f580819c500 unknown :-1 s=NONE pgs=0 cs=0 l=1 rev1=0 crypto rx=0 tx=0 comp rx=0 tx=0).connect
2024-04-24T16:33:56.814 INFO:teuthology.orchestra.run.smithi071.stdout:/usr/bin/ceph: stderr
2024-04-24T16:33:53.589+0000 7f580e19b700 1 -- --> [v2:172.21.15.71:3300/0,v1:172.21.15.71:6789/0] -- mon_getmap magic: 0 v1 -- 0x7f580819ca40 con 0x7f580807be90
2024-04-24T16:33:56.815 INFO:teuthology.orchestra.run.smithi071.stdout:/usr/bin/ceph: stderr
2024-04-24T16:33:53.589+0000 7f58077fe700 1 --2- >> [v2:172.21.15.71:3300/0,v1:172.21.15.71:6789/0] conn(0x7f580807be90 0x7f580819c500 unknown :-1 s=BANNER_CONNECTING pgs=0 cs=0 l=1 rev1=0 crypto rx=0 tx=0 comp rx=0 tx=0)._handle_peer_banner_payload supported=3 required=0
2024-04-24T16:33:56.815 INFO:teuthology.orchestra.run.smithi071.stdout:/usr/bin/ceph: stderr
2024-04-24T16:33:53.589+0000 7f58077fe700 1 --2- >> [v2:172.21.15.71:3300/0,v1:172.21.15.71:6789/0] conn(0x7f580807be90 0x7f580819c500 unknown :-1 s=HELLO_CONNECTING pgs=0 cs=0 l=1 rev1=1 crypto rx=0 tx=0 comp rx=0 tx=0).handle_hello peer v2:172.21.15.71:3300/0 says I am v2:172.21.15.71:36462/0 (socket says 172.21.15.71:36462)
2024-04-24T16:33:56.815 INFO:teuthology.orchestra.run.smithi071.stdout:/usr/bin/ceph: stderr
2024-04-24T16:33:53.589+0000 7f58077fe700 1 -- 172.21.15.71:0/1497716081 learned_addr learned my addr 172.21.15.71:0/1497716081 (peer_addr_for_me v2:172.21.15.71:0/0)
2024-04-24T16:33:56.815 INFO:teuthology.orchestra.run.smithi071.stdout:/usr/bin/ceph: stderr
2024-04-24T16:33:53.589+0000 7f58077fe700 1 -- 172.21.15.71:0/1497716081 --> [v2:172.21.15.71:3300/0,v1:172.21.15.71:6789/0] -- mon_subscribe({config=0+,monmap=0+}) v3 -- 0x7f57f8009550 con 0x7f580807be90
2024-04-24T16:33:56.815 INFO:teuthology.orchestra.run.smithi071.stdout:/usr/bin/ceph: stderr
2024-04-24T16:33:53.590+0000 7f58077fe700 1 --2- 172.21.15.71:0/1497716081 >> [v2:172.21.15.71:3300/0,v1:172.21.15.71:6789/0] conn(0x7f580807be90 0x7f580819c500 secure :-1 s=READY pgs=46 cs=0 l=1 rev1=1 crypto rx=0x7f57f8011710 tx=0x7f57f80047c0 comp rx=0 tx=0).ready entity=mon.0 client_cookie=0 server_cookie=0 in_seq=0 out_seq=0
2024-04-24T16:33:56.815 INFO:teuthology.orchestra.run.smithi071.stdout:/usr/bin/ceph: stderr
2024-04-24T16:33:53.590+0000 7f5804ff9700 1 -- 172.21.15.71:0/1497716081 <== mon.0 v2:172.21.15.71:3300/0 1 ==== mon_map magic: 0 v1 ==== 229+0+0 (secure 0 0 0) 0x7f57f8003b10 con 0x7f580807be90
2024-04-24T16:33:56.815 INFO:teuthology.orchestra.run.smithi071.stdout:/usr/bin/ceph: stderr
2024-04-24T16:33:53.590+0000 7f5804ff9700 1 -- 172.21.15.71:0/1497716081 <== mon.0 v2:172.21.15.71:3300/0 2 ==== config(27 keys) v1 ==== 1042+0+0 (secure 0 0 0) 0x7f57f801b8c0 con 0x7f580807be90
2024-04-24T16:33:56.815 INFO:teuthology.orchestra.run.smithi071.stdout:/usr/bin/ceph: stderr
2024-04-24T16:33:53.590+0000 7f580e19b700 1 -- 172.21.15.71:0/1497716081 --> [v2:172.21.15.71:3300/0,v1:172.21.15.71:6789/0] -- mon_subscribe({mgrmap=0+}) v3 -- 0x7f580819cc40 con 0x7f580807be90
2024-04-24T16:33:56.815 INFO:teuthology.orchestra.run.smithi071.stdout:/usr/bin/ceph: stderr
2024-04-24T16:33:53.590+0000 7f5804ff9700 1 -- 172.21.15.71:0/1497716081 <== mon.0 v2:172.21.15.71:3300/0 3 ==== mon_map magic: 0 v1 ==== 229+0+0 (secure 0 0 0) 0x7f57f80197e0 con 0x7f580807be90
2024-04-24T16:33:56.815 INFO:teuthology.orchestra.run.smithi071.stdout:/usr/bin/ceph: stderr
2024-04-24T16:33:53.590+0000 7f580e19b700 1 -- 172.21.15.71:0/1497716081 --> [v2:172.21.15.71:3300/0,v1:172.21.15.71:6789/0] -- mon_subscribe({osdmap=0}) v3 -- 0x7f580819d0e0 con 0x7f580807be90
2024-04-24T16:33:56.815 INFO:teuthology.orchestra.run.smithi071.stdout:/usr/bin/ceph: stderr
2024-04-24T16:33:53.590+0000 7f5804ff9700 1 -- 172.21.15.71:0/1497716081 <== mon.0 v2:172.21.15.71:3300/0 4 ==== mgrmap(e 8) v1 ==== 45556+0+0 (secure 0 0 0) 0x7f57f8019a20 con 0x7f580807be90
2024-04-24T16:33:56.815 INFO:teuthology.orchestra.run.smithi071.stdout:/usr/bin/ceph: stderr
2024-04-24T16:33:53.591+0000 7f580e19b700 1 -- 172.21.15.71:0/1497716081 --> [v2:172.21.15.71:3300/0,v1:172.21.15.71:6789/0] -- mon_command({"prefix": "get_command_descriptions"} v 0) v1 -- 0x7f580810c8d0 con 0x7f580807be90
2024-04-24T16:33:56.815 INFO:teuthology.orchestra.run.smithi071.stdout:/usr/bin/ceph: stderr
2024-04-24T16:33:53.591+0000 7f5804ff9700 1 --2- 172.21.15.71:0/1497716081 >> [v2:172.21.15.71:6800/32699560,v1:172.21.15.71:6801/32699560] conn(0x7f57f0038720 0x7f57f003abe0 unknown :-1 s=NONE pgs=0 cs=0 l=1 rev1=0 crypto rx=0 tx=0 comp rx=0 tx=0).connect
2024-04-24T16:33:56.815 INFO:teuthology.orchestra.run.smithi071.stdout:/usr/bin/ceph: stderr
2024-04-24T16:33:53.591+0000 7f5804ff9700 1 -- 172.21.15.71:0/1497716081 <== mon.0 v2:172.21.15.71:3300/0 5 ==== osd_map(2..2 src has 1..2) v4 ==== 940+0+0 (secure 0 0 0) 0x7f57f804caf0 con 0x7f580807be90
2024-04-24T16:33:56.816 INFO:teuthology.orchestra.run.smithi071.stdout:/usr/bin/ceph: stderr
2024-04-24T16:33:53.591+0000 7f5806ffd700 1 --2- 172.21.15.71:0/1497716081 >> [v2:172.21.15.71:6800/32699560,v1:172.21.15.71:6801/32699560] conn(0x7f57f0038720 0x7f57f003abe0 unknown :-1 s=BANNER_CONNECTING pgs=0 cs=0 l=1 rev1=0 crypto rx=0 tx=0 comp rx=0 tx=0)._handle_peer_banner_payload supported=3 required=0
2024-04-24T16:33:56.816 INFO:teuthology.orchestra.run.smithi071.stdout:/usr/bin/ceph: stderr
2024-04-24T16:33:53.591+0000 7f5806ffd700 1 --2- 172.21.15.71:0/1497716081 >> [v2:172.21.15.71:6800/32699560,v1:172.21.15.71:6801/32699560] conn(0x7f57f0038720 0x7f57f003abe0 secure :-1 s=READY pgs=11 cs=0 l=1 rev1=1 crypto rx=0x7f57fc006fd0 tx=0x7f57fc006e40 comp rx=0 tx=0).ready entity=mgr.14120 client_cookie=0 server_cookie=0 in_seq=0 out_seq=0
2024-04-24T16:33:56.816 INFO:teuthology.orchestra.run.smithi071.stdout:/usr/bin/ceph: stderr
2024-04-24T16:33:53.596+0000 7f5804ff9700 1 -- 172.21.15.71:0/1497716081 <== mon.0 v2:172.21.15.71:3300/0 6 ==== mon_command_ack([{"prefix": "get_command_descriptions"}]=0 v0) v1 ==== 72+0+183351 (secure 0 0 0) 0x7f57f801a750 con 0x7f580807be90
2024-04-24T16:33:56.816 INFO:teuthology.orchestra.run.smithi071.stdout:/usr/bin/ceph: stderr
2024-04-24T16:33:53.791+0000 7f580e19b700 1 -- 172.21.15.71:0/1497716081 --> [v2:172.21.15.71:6800/32699560,v1:172.21.15.71:6801/32699560] -- mgr_command(tid 0: {"prefix": "orch host add", "hostname": "smithi071", "addr": "172.21.15.71", "target": ["mon-mgr", ""]}) v1 -- 0x7f5808102e00 con 0x7f57f0038720
2024-04-24T16:33:56.816 INFO:teuthology.orchestra.run.smithi071.stdout:/usr/bin/ceph: stderr
2024-04-24T16:33:56.163+0000 7f5804ff9700 1 -- 172.21.15.71:0/1497716081 <== mgr.14120 v2:172.21.15.71:6800/32699560 1 ==== mgr_command_reply(tid 0: 0 ) v1 ==== 8+0+48 (secure 0 0 0) 0x7f5808102e00 con 0x7f57f0038720
2024-04-24T16:33:56.816 INFO:teuthology.orchestra.run.smithi071.stdout:/usr/bin/ceph: stderr
2024-04-24T16:33:56.166+0000 7f580e19b700 1 -- 172.21.15.71:0/1497716081 >> [v2:172.21.15.71:6800/32699560,v1:172.21.15.71:6801/32699560] conn(0x7f57f0038720 msgr2=0x7f57f003abe0 secure :-1 s=STATE_CONNECTION_ESTABLISHED l=1).mark_down
2024-04-24T16:33:56.816 INFO:teuthology.orchestra.run.smithi071.stdout:/usr/bin/ceph: stderr
2024-04-24T16:33:56.166+0000 7f580e19b700 1 --2- 172.21.15.71:0/1497716081 >> [v2:172.21.15.71:6800/32699560,v1:172.21.15.71:6801/32699560] conn(0x7f57f0038720 0x7f57f003abe0 secure :-1 s=READY pgs=11 cs=0 l=1 rev1=1 crypto rx=0x7f57fc006fd0 tx=0x7f57fc006e40 comp rx=0 tx=0).stop
2024-04-24T16:33:56.816 INFO:teuthology.orchestra.run.smithi071.stdout:/usr/bin/ceph: stderr
2024-04-24T16:33:56.166+0000 7f580e19b700 1 -- 172.21.15.71:0/1497716081 >> [v2:172.21.15.71:3300/0,v1:172.21.15.71:6789/0] conn(0x7f580807be90 msgr2=0x7f580819c500 secure :-1 s=STATE_CONNECTION_ESTABLISHED l=1).mark_down
2024-04-24T16:33:56.816 INFO:teuthology.orchestra.run.smithi071.stdout:/usr/bin/ceph: stderr
2024-04-24T16:33:56.166+0000 7f580e19b700 1 --2- 172.21.15.71:0/1497716081 >> [v2:172.21.15.71:3300/0,v1:172.21.15.71:6789/0] conn(0x7f580807be90 0x7f580819c500 secure :-1 s=READY pgs=46 cs=0 l=1 rev1=1 crypto rx=0x7f57f8011710 tx=0x7f57f80047c0 comp rx=0 tx=0).stop
2024-04-24T16:33:56.816 INFO:teuthology.orchestra.run.smithi071.stdout:/usr/bin/ceph: stderr
2024-04-24T16:33:56.166+0000 7f580e19b700 1 -- 172.21.15.71:0/1497716081 shutdown_connections
2024-04-24T16:33:56.816 INFO:teuthology.orchestra.run.smithi071.stdout:/usr/bin/ceph: stderr
2024-04-24T16:33:56.166+0000 7f580e19b700 1 --2- 172.21.15.71:0/1497716081 >> [v2:172.21.15.71:6800/32699560,v1:172.21.15.71:6801/32699560] conn(0x7f57f0038720 0x7f57f003abe0 unknown :-1 s=CLOSED pgs=11 cs=0 l=1 rev1=1 crypto rx=0 tx=0 comp rx=0 tx=0).stop
2024-04-24T16:33:56.816 INFO:teuthology.orchestra.run.smithi071.stdout:/usr/bin/ceph: stderr
2024-04-24T16:33:56.166+0000 7f580e19b700 1 --2- 172.21.15.71:0/1497716081 >> [v2:172.21.15.71:3300/0,v1:172.21.15.71:6789/0] conn(0x7f580807be90 0x7f580819c500 unknown :-1 s=CLOSED pgs=46 cs=0 l=1 rev1=1 crypto rx=0 tx=0 comp rx=0 tx=0).stop
2024-04-24T16:33:56.816 INFO:teuthology.orchestra.run.smithi071.stdout:/usr/bin/ceph: stderr
2024-04-24T16:33:56.166+0000 7f580e19b700 1 -- 172.21.15.71:0/1497716081 >> 172.21.15.71:0/1497716081 conn(0x7f5808101bd0 msgr2=0x7f58081026f0 unknown :-1 s=STATE_NONE l=0).mark_down
2024-04-24T16:33:56.816 INFO:teuthology.orchestra.run.smithi071.stdout:/usr/bin/ceph: stderr
2024-04-24T16:33:56.166+0000 7f580e19b700 1 -- 172.21.15.71:0/1497716081 shutdown_connections
2024-04-24T16:33:56.816 INFO:teuthology.orchestra.run.smithi071.stdout:/usr/bin/ceph: stderr
2024-04-24T16:33:56.166+0000 7f580e19b700 1 -- 172.21.15.71:0/1497716081 wait complete.
2024-04-24T16:33:56.817 INFO:teuthology.orchestra.run.smithi071.stdout:Deploying mon service with default placement...
2024-04-24T16:33:57.414 INFO:journalctl@ceph.mon.smithi071.smithi071.stdout:Apr 24 16:33:57 smithi071 ceph-mon[26691]: from='mgr.14120 172.21.15.71:0/3172790378' entity='mgr.smithi071.tvdkgb'
2024-04-24T16:33:57.414 INFO:journalctl@ceph.mon.smithi071.smithi071.stdout:Apr 24 16:33:57 smithi071 ceph-mon[26691]: Added host smithi071
2024-04-24T16:33:57.415 INFO:journalctl@ceph.mon.smithi071.smithi071.stdout:Apr 24 16:33:57 smithi071 ceph-mon[26691]: from='mgr.14120 172.21.15.71:0/3172790378' entity='mgr.smithi071.tvdkgb' cmd=[{"prefix": "config dump", "format": "json"}]: dispatch
2024-04-24T16:33:58.078 INFO:teuthology.orchestra.run.smithi071.stdout:/usr/bin/ceph: stdout Scheduled mon update...
2024-04-24T16:33:58.078 INFO:teuthology.orchestra.run.smithi071.stdout:/usr/bin/ceph: stderr
2024-04-24T16:33:57.219+0000 7fe44a81a700 1 Processor -- start
2024-04-24T16:33:58.078 INFO:teuthology.orchestra.run.smithi071.stdout:/usr/bin/ceph: stderr
2024-04-24T16:33:57.219+0000 7fe44a81a700 1 -- start start
2024-04-24T16:33:58.079 INFO:teuthology.orchestra.run.smithi071.stdout:/usr/bin/ceph: stderr
2024-04-24T16:33:57.219+0000 7fe44a81a700 1 --2- >> [v2:172.21.15.71:3300/0,v1:172.21.15.71:6789/0] conn(0x7fe444106a90 0x7fe444106eb0 unknown :-1 s=NONE pgs=0 cs=0 l=0 rev1=0 crypto rx=0 tx=0 comp rx=0 tx=0).connect
2024-04-24T16:33:58.079 INFO:teuthology.orchestra.run.smithi071.stdout:/usr/bin/ceph: stderr
2024-04-24T16:33:57.219+0000 7fe44a81a700 1 -- --> [v2:172.21.15.71:3300/0,v1:172.21.15.71:6789/0] -- mon_getmap magic: 0 v1 -- 0x7fe444107480 con 0x7fe444106a90
2024-04-24T16:33:58.079 INFO:teuthology.orchestra.run.smithi071.stdout:/usr/bin/ceph: stderr
2024-04-24T16:33:57.219+0000 7fe443fff700 1 --2- >> [v2:172.21.15.71:3300/0,v1:172.21.15.71:6789/0] conn(0x7fe444106a90 0x7fe444106eb0 unknown :-1 s=BANNER_CONNECTING pgs=0 cs=0 l=0 rev1=0 crypto rx=0 tx=0 comp rx=0 tx=0)._handle_peer_banner_payload supported=3 required=0
2024-04-24T16:33:58.079 INFO:teuthology.orchestra.run.smithi071.stdout:/usr/bin/ceph: stderr
2024-04-24T16:33:57.219+0000 7fe443fff700 1 --2- >> [v2:172.21.15.71:3300/0,v1:172.21.15.71:6789/0] conn(0x7fe444106a90 0x7fe444106eb0 unknown :-1 s=HELLO_CONNECTING pgs=0 cs=0 l=0 rev1=1 crypto rx=0 tx=0 comp rx=0 tx=0).handle_hello peer v2:172.21.15.71:3300/0 says I am v2:172.21.15.71:36466/0 (socket says 172.21.15.71:36466)
2024-04-24T16:33:58.079 INFO:teuthology.orchestra.run.smithi071.stdout:/usr/bin/ceph: stderr
2024-04-24T16:33:57.219+0000 7fe443fff700 1 -- 172.21.15.71:0/393254574 learned_addr learned my addr 172.21.15.71:0/393254574 (peer_addr_for_me v2:172.21.15.71:0/0)
2024-04-24T16:33:58.079 INFO:teuthology.orchestra.run.smithi071.stdout:/usr/bin/ceph: stderr
2024-04-24T16:33:57.219+0000 7fe443fff700 1 -- 172.21.15.71:0/393254574 --> [v2:172.21.15.71:3300/0,v1:172.21.15.71:6789/0] -- mon_subscribe({config=0+,monmap=0+}) v3 -- 0x7fe4441075c0 con 0x7fe444106a90
2024-04-24T16:33:58.079 INFO:teuthology.orchestra.run.smithi071.stdout:/usr/bin/ceph: stderr
2024-04-24T16:33:57.219+0000 7fe443fff700 1 --2- 172.21.15.71:0/393254574 >> [v2:172.21.15.71:3300/0,v1:172.21.15.71:6789/0] conn(0x7fe444106a90 0x7fe444106eb0 secure :-1 s=READY pgs=47 cs=0 l=1 rev1=1 crypto rx=0x7fe4340098a0 tx=0x7fe434009bb0 comp rx=0 tx=0).ready entity=mon.0 client_cookie=a48c0d873b6ab3ff server_cookie=0 in_seq=0 out_seq=0
2024-04-24T16:33:58.079 INFO:teuthology.orchestra.run.smithi071.stdout:/usr/bin/ceph: stderr
2024-04-24T16:33:57.220+0000 7fe442ffd700 1 -- 172.21.15.71:0/393254574 <== mon.0 v2:172.21.15.71:3300/0 1 ==== mon_map magic: 0 v1 ==== 229+0+0 (secure 0 0 0) 0x7fe434004180 con 0x7fe444106a90
2024-04-24T16:33:58.079 INFO:teuthology.orchestra.run.smithi071.stdout:/usr/bin/ceph: stderr
2024-04-24T16:33:57.220+0000 7fe442ffd700 1 -- 172.21.15.71:0/393254574 <== mon.0 v2:172.21.15.71:3300/0 2 ==== config(27 keys) v1 ==== 1042+0+0 (secure 0 0 0) 0x7fe4340042e0 con 0x7fe444106a90
2024-04-24T16:33:58.079 INFO:teuthology.orchestra.run.smithi071.stdout:/usr/bin/ceph: stderr
2024-04-24T16:33:57.220+0000 7fe442ffd700 1 -- 172.21.15.71:0/393254574 <== mon.0 v2:172.21.15.71:3300/0 3 ==== mon_map magic: 0 v1 ==== 229+0+0 (secure 0 0 0) 0x7fe434011a70 con 0x7fe444106a90
2024-04-24T16:33:58.079 INFO:teuthology.orchestra.run.smithi071.stdout:/usr/bin/ceph: stderr
2024-04-24T16:33:57.220+0000 7fe44a81a700 1 -- 172.21.15.71:0/393254574 >> [v2:172.21.15.71:3300/0,v1:172.21.15.71:6789/0] conn(0x7fe444106a90 msgr2=0x7fe444106eb0 secure :-1 s=STATE_CONNECTION_ESTABLISHED l=1).mark_down
2024-04-24T16:33:58.079 INFO:teuthology.orchestra.run.smithi071.stdout:/usr/bin/ceph: stderr
2024-04-24T16:33:57.220+0000 7fe44a81a700 1 --2- 172.21.15.71:0/393254574 >> [v2:172.21.15.71:3300/0,v1:172.21.15.71:6789/0] conn(0x7fe444106a90 0x7fe444106eb0 secure :-1 s=READY pgs=47 cs=0 l=1 rev1=1 crypto rx=0x7fe4340098a0 tx=0x7fe434009bb0 comp rx=0 tx=0).stop
2024-04-24T16:33:58.079 INFO:teuthology.orchestra.run.smithi071.stdout:/usr/bin/ceph: stderr
2024-04-24T16:33:57.220+0000 7fe44a81a700 1 -- 172.21.15.71:0/393254574 shutdown_connections
2024-04-24T16:33:58.080 INFO:teuthology.orchestra.run.smithi071.stdout:/usr/bin/ceph: stderr
2024-04-24T16:33:57.220+0000 7fe44a81a700 1 --2- 172.21.15.71:0/393254574 >> [v2:172.21.15.71:3300/0,v1:172.21.15.71:6789/0] conn(0x7fe444106a90 0x7fe444106eb0 unknown :-1 s=CLOSED pgs=47 cs=0 l=1 rev1=1 crypto rx=0 tx=0 comp rx=0 tx=0).stop
2024-04-24T16:33:58.080 INFO:teuthology.orchestra.run.smithi071.stdout:/usr/bin/ceph: stderr
2024-04-24T16:33:57.220+0000 7fe44a81a700 1 -- 172.21.15.71:0/393254574 >> 172.21.15.71:0/393254574 conn(0x7fe4441001a0 msgr2=0x7fe444102620 unknown :-1 s=STATE_NONE l=0).mark_down
2024-04-24T16:33:58.080 INFO:teuthology.orchestra.run.smithi071.stdout:/usr/bin/ceph: stderr
2024-04-24T16:33:57.220+0000 7fe44a81a700 1 -- 172.21.15.71:0/393254574 shutdown_connections
2024-04-24T16:33:58.080 INFO:teuthology.orchestra.run.smithi071.stdout:/usr/bin/ceph: stderr
2024-04-24T16:33:57.220+0000 7fe44a81a700 1 -- 172.21.15.71:0/393254574 wait complete.
2024-04-24T16:33:58.080 INFO:teuthology.orchestra.run.smithi071.stdout:/usr/bin/ceph: stderr
2024-04-24T16:33:57.221+0000 7fe44a81a700 1 Processor -- start
2024-04-24T16:33:58.080 INFO:teuthology.orchestra.run.smithi071.stdout:/usr/bin/ceph: stderr
2024-04-24T16:33:57.221+0000 7fe44a81a700 1 -- start start
2024-04-24T16:33:58.080 INFO:teuthology.orchestra.run.smithi071.stdout:/usr/bin/ceph: stderr
2024-04-24T16:33:57.221+0000 7fe44a81a700 1 --2- >> [v2:172.21.15.71:3300/0,v1:172.21.15.71:6789/0] conn(0x7fe444106a90 0x7fe44419c550 unknown :-1 s=NONE pgs=0 cs=0 l=1 rev1=0 crypto rx=0 tx=0 comp rx=0 tx=0).connect
2024-04-24T16:33:58.080 INFO:teuthology.orchestra.run.smithi071.stdout:/usr/bin/ceph: stderr
2024-04-24T16:33:57.221+0000 7fe44a81a700 1 -- --> [v2:172.21.15.71:3300/0,v1:172.21.15.71:6789/0] -- mon_getmap magic: 0 v1 -- 0x7fe44419ca90 con 0x7fe444106a90
2024-04-24T16:33:58.080 INFO:teuthology.orchestra.run.smithi071.stdout:/usr/bin/ceph: stderr
2024-04-24T16:33:57.221+0000 7fe443fff700 1 --2- >> [v2:172.21.15.71:3300/0,v1:172.21.15.71:6789/0] conn(0x7fe444106a90 0x7fe44419c550 unknown :-1 s=BANNER_CONNECTING pgs=0 cs=0 l=1 rev1=0 crypto rx=0 tx=0 comp rx=0 tx=0)._handle_peer_banner_payload supported=3 required=0
2024-04-24T16:33:58.080 INFO:teuthology.orchestra.run.smithi071.stdout:/usr/bin/ceph: stderr
2024-04-24T16:33:57.221+0000 7fe443fff700 1 --2- >> [v2:172.21.15.71:3300/0,v1:172.21.15.71:6789/0] conn(0x7fe444106a90 0x7fe44419c550 unknown :-1 s=HELLO_CONNECTING pgs=0 cs=0 l=1 rev1=1 crypto rx=0 tx=0 comp rx=0 tx=0).handle_hello peer v2:172.21.15.71:3300/0 says I am v2:172.21.15.71:36476/0 (socket says 172.21.15.71:36476)
2024-04-24T16:33:58.080 INFO:teuthology.orchestra.run.smithi071.stdout:/usr/bin/ceph: stderr
2024-04-24T16:33:57.221+0000 7fe443fff700 1 -- 172.21.15.71:0/2143555712 learned_addr learned my addr 172.21.15.71:0/2143555712 (peer_addr_for_me v2:172.21.15.71:0/0)
2024-04-24T16:33:58.080 INFO:teuthology.orchestra.run.smithi071.stdout:/usr/bin/ceph: stderr
2024-04-24T16:33:57.221+0000 7fe443fff700 1 -- 172.21.15.71:0/2143555712 --> [v2:172.21.15.71:3300/0,v1:172.21.15.71:6789/0] -- mon_subscribe({config=0+,monmap=0+}) v3 -- 0x7fe434009550 con 0x7fe444106a90
2024-04-24T16:33:58.080 INFO:teuthology.orchestra.run.smithi071.stdout:/usr/bin/ceph: stderr
2024-04-24T16:33:57.222+0000 7fe443fff700 1 --2- 172.21.15.71:0/2143555712 >> [v2:172.21.15.71:3300/0,v1:172.21.15.71:6789/0] conn(0x7fe444106a90 0x7fe44419c550 secure :-1 s=READY pgs=48 cs=0 l=1 rev1=1 crypto rx=0x7fe434011a20 tx=0x7fe4340047c0 comp rx=0 tx=0).ready entity=mon.0 client_cookie=0 server_cookie=0 in_seq=0 out_seq=0
2024-04-24T16:33:58.080 INFO:teuthology.orchestra.run.smithi071.stdout:/usr/bin/ceph: stderr
2024-04-24T16:33:57.222+0000 7fe4417fa700 1 -- 172.21.15.71:0/2143555712 <== mon.0 v2:172.21.15.71:3300/0 1 ==== mon_map magic: 0 v1 ==== 229+0+0 (secure 0 0 0) 0x7fe434003b10 con 0x7fe444106a90
2024-04-24T16:33:58.080 INFO:teuthology.orchestra.run.smithi071.stdout:/usr/bin/ceph: stderr
2024-04-24T16:33:57.222+0000 7fe4417fa700 1 -- 172.21.15.71:0/2143555712 <== mon.0 v2:172.21.15.71:3300/0 2 ==== config(27 keys) v1 ==== 1042+0+0 (secure 0 0 0) 0x7fe43401b8c0 con 0x7fe444106a90
2024-04-24T16:33:58.081 INFO:teuthology.orchestra.run.smithi071.stdout:/usr/bin/ceph: stderr
2024-04-24T16:33:57.222+0000 7fe44a81a700 1 -- 172.21.15.71:0/2143555712 --> [v2:172.21.15.71:3300/0,v1:172.21.15.71:6789/0] -- mon_subscribe({mgrmap=0+}) v3 -- 0x7fe44419cc90 con 0x7fe444106a90
2024-04-24T16:33:58.081 INFO:teuthology.orchestra.run.smithi071.stdout:/usr/bin/ceph: stderr
2024-04-24T16:33:57.222+0000 7fe4417fa700 1 -- 172.21.15.71:0/2143555712 <== mon.0 v2:172.21.15.71:3300/0 3 ==== mon_map magic: 0 v1 ==== 229+0+0 (secure 0 0 0) 0x7fe4340237b0 con 0x7fe444106a90
2024-04-24T16:33:58.081 INFO:teuthology.orchestra.run.smithi071.stdout:/usr/bin/ceph: stderr
2024-04-24T16:33:57.222+0000 7fe44a81a700 1 -- 172.21.15.71:0/2143555712 --> [v2:172.21.15.71:3300/0,v1:172.21.15.71:6789/0] -- mon_subscribe({osdmap=0}) v3 -- 0x7fe44419d130 con 0x7fe444106a90
2024-04-24T16:33:58.081 INFO:teuthology.orchestra.run.smithi071.stdout:/usr/bin/ceph: stderr
2024-04-24T16:33:57.223+0000 7fe4417fa700 1 -- 172.21.15.71:0/2143555712 <== mon.0 v2:172.21.15.71:3300/0 4 ==== mgrmap(e 8) v1 ==== 45556+0+0 (secure 0 0 0) 0x7fe434023a30 con 0x7fe444106a90
2024-04-24T16:33:58.081 INFO:teuthology.orchestra.run.smithi071.stdout:/usr/bin/ceph: stderr
2024-04-24T16:33:57.223+0000 7fe44a81a700 1 -- 172.21.15.71:0/2143555712 --> [v2:172.21.15.71:3300/0,v1:172.21.15.71:6789/0] -- mon_command({"prefix": "get_command_descriptions"} v 0) v1 -- 0x7fe4441051e0 con 0x7fe444106a90
2024-04-24T16:33:58.081 INFO:teuthology.orchestra.run.smithi071.stdout:/usr/bin/ceph: stderr
2024-04-24T16:33:57.223+0000 7fe4417fa700 1 --2- 172.21.15.71:0/2143555712 >> [v2:172.21.15.71:6800/32699560,v1:172.21.15.71:6801/32699560] conn(0x7fe42c0386e0 0x7fe42c03aba0 unknown :-1 s=NONE pgs=0 cs=0 l=1 rev1=0 crypto rx=0 tx=0 comp rx=0 tx=0).connect
2024-04-24T16:33:58.081 INFO:teuthology.orchestra.run.smithi071.stdout:/usr/bin/ceph: stderr
2024-04-24T16:33:57.223+0000 7fe4417fa700 1 -- 172.21.15.71:0/2143555712 <== mon.0 v2:172.21.15.71:3300/0 5 ==== osd_map(2..2 src has 1..2) v4 ==== 940+0+0 (secure 0 0 0) 0x7fe43404cb00 con 0x7fe444106a90
2024-04-24T16:33:58.081 INFO:teuthology.orchestra.run.smithi071.stdout:/usr/bin/ceph: stderr
2024-04-24T16:33:57.223+0000 7fe4437fe700 1 --2- 172.21.15.71:0/2143555712 >> [v2:172.21.15.71:6800/32699560,v1:172.21.15.71:6801/32699560] conn(0x7fe42c0386e0 0x7fe42c03aba0 unknown :-1 s=BANNER_CONNECTING pgs=0 cs=0 l=1 rev1=0 crypto rx=0 tx=0 comp rx=0 tx=0)._handle_peer_banner_payload supported=3 required=0
2024-04-24T16:33:58.081 INFO:teuthology.orchestra.run.smithi071.stdout:/usr/bin/ceph: stderr
2024-04-24T16:33:57.223+0000 7fe4437fe700 1 --2- 172.21.15.71:0/2143555712 >> [v2:172.21.15.71:6800/32699560,v1:172.21.15.71:6801/32699560] conn(0x7fe42c0386e0 0x7fe42c03aba0 secure :-1 s=READY pgs=12 cs=0 l=1 rev1=1 crypto rx=0x7fe438006fd0 tx=0x7fe438006e40 comp rx=0 tx=0).ready entity=mgr.14120 client_cookie=0 server_cookie=0 in_seq=0 out_seq=0
2024-04-24T16:33:58.081 INFO:teuthology.orchestra.run.smithi071.stdout:/usr/bin/ceph: stderr
2024-04-24T16:33:57.228+0000 7fe4417fa700 1 -- 172.21.15.71:0/2143555712 <== mon.0 v2:172.21.15.71:3300/0 6 ==== mon_command_ack([{"prefix": "get_command_descriptions"}]=0 v0) v1 ==== 72+0+183351 (secure 0 0 0) 0x7fe43404ee60 con 0x7fe444106a90
2024-04-24T16:33:58.081 INFO:teuthology.orchestra.run.smithi071.stdout:/usr/bin/ceph: stderr
2024-04-24T16:33:57.442+0000 7fe44a81a700 1 -- 172.21.15.71:0/2143555712 --> [v2:172.21.15.71:6800/32699560,v1:172.21.15.71:6801/32699560] -- mgr_command(tid 0: {"prefix": "orch apply", "service_type": "mon", "target": ["mon-mgr", ""]}) v1 -- 0x7fe444061320 con 0x7fe42c0386e0
2024-04-24T16:33:58.081 INFO:teuthology.orchestra.run.smithi071.stdout:/usr/bin/ceph: stderr
2024-04-24T16:33:57.446+0000 7fe4417fa700 1 -- 172.21.15.71:0/2143555712 <== mgr.14120 v2:172.21.15.71:6800/32699560 1 ==== mgr_command_reply(tid 0: 0 ) v1 ==== 8+0+24 (secure 0 0 0) 0x7fe444061320 con 0x7fe42c0386e0
2024-04-24T16:33:58.081 INFO:teuthology.orchestra.run.smithi071.stdout:/usr/bin/ceph: stderr
2024-04-24T16:33:57.448+0000 7fe44a81a700 1 -- 172.21.15.71:0/2143555712 >> [v2:172.21.15.71:6800/32699560,v1:172.21.15.71:6801/32699560] conn(0x7fe42c0386e0 msgr2=0x7fe42c03aba0 secure :-1 s=STATE_CONNECTION_ESTABLISHED l=1).mark_down
2024-04-24T16:33:58.081 INFO:teuthology.orchestra.run.smithi071.stdout:/usr/bin/ceph: stderr
2024-04-24T16:33:57.448+0000 7fe44a81a700 1 --2- 172.21.15.71:0/2143555712 >> [v2:172.21.15.71:6800/32699560,v1:172.21.15.71:6801/32699560] conn(0x7fe42c0386e0 0x7fe42c03aba0 secure :-1 s=READY pgs=12 cs=0 l=1 rev1=1 crypto rx=0x7fe438006fd0 tx=0x7fe438006e40 comp rx=0 tx=0).stop
2024-04-24T16:33:58.082 INFO:teuthology.orchestra.run.smithi071.stdout:/usr/bin/ceph: stderr
2024-04-24T16:33:57.448+0000 7fe44a81a700 1 -- 172.21.15.71:0/2143555712 >> [v2:172.21.15.71:3300/0,v1:172.21.15.71:6789/0] conn(0x7fe444106a90 msgr2=0x7fe44419c550 secure :-1 s=STATE_CONNECTION_ESTABLISHED l=1).mark_down
2024-04-24T16:33:58.082 INFO:teuthology.orchestra.run.smithi071.stdout:/usr/bin/ceph: stderr
2024-04-24T16:33:57.448+0000 7fe44a81a700 1 --2- 172.21.15.71:0/2143555712 >> [v2:172.21.15.71:3300/0,v1:172.21.15.71:6789/0] conn(0x7fe444106a90 0x7fe44419c550 secure :-1 s=READY pgs=48 cs=0 l=1 rev1=1 crypto rx=0x7fe434011a20 tx=0x7fe4340047c0 comp rx=0 tx=0).stop
2024-04-24T16:33:58.082 INFO:teuthology.orchestra.run.smithi071.stdout:/usr/bin/ceph: stderr
2024-04-24T16:33:57.449+0000 7fe44a81a700 1 -- 172.21.15.71:0/2143555712 shutdown_connections
2024-04-24T16:33:58.082 INFO:teuthology.orchestra.run.smithi071.stdout:/usr/bin/ceph: stderr
2024-04-24T16:33:57.449+0000 7fe44a81a700 1 --2- 172.21.15.71:0/2143555712 >> [v2:172.21.15.71:6800/32699560,v1:172.21.15.71:6801/32699560] conn(0x7fe42c0386e0 0x7fe42c03aba0 unknown :-1 s=CLOSED pgs=12 cs=0 l=1 rev1=1 crypto rx=0 tx=0 comp rx=0 tx=0).stop
2024-04-24T16:33:58.082 INFO:teuthology.orchestra.run.smithi071.stdout:/usr/bin/ceph: stderr
2024-04-24T16:33:57.449+0000 7fe44a81a700 1 --2- 172.21.15.71:0/2143555712 >> [v2:172.21.15.71:3300/0,v1:172.21.15.71:6789/0] conn(0x7fe444106a90 0x7fe44419c550 unknown :-1 s=CLOSED pgs=48 cs=0 l=1 rev1=1 crypto rx=0 tx=0 comp rx=0 tx=0).stop
2024-04-24T16:33:58.082 INFO:teuthology.orchestra.run.smithi071.stdout:/usr/bin/ceph: stderr
2024-04-24T16:33:57.449+0000 7fe44a81a700 1 -- 172.21.15.71:0/2143555712 >> 172.21.15.71:0/2143555712 conn(0x7fe4441001a0 msgr2=0x7fe444192d70 unknown :-1 s=STATE_NONE l=0).mark_down
2024-04-24T16:33:58.082 INFO:teuthology.orchestra.run.smithi071.stdout:/usr/bin/ceph: stderr
2024-04-24T16:33:57.449+0000 7fe44a81a700 1 -- 172.21.15.71:0/2143555712 shutdown_connections
2024-04-24T16:33:58.082 INFO:teuthology.orchestra.run.smithi071.stdout:/usr/bin/ceph: stderr
2024-04-24T16:33:57.449+0000 7fe44a81a700 1 -- 172.21.15.71:0/2143555712 wait complete.
2024-04-24T16:33:58.082 INFO:teuthology.orchestra.run.smithi071.stdout:Deploying mgr service with default placement...
2024-04-24T16:33:58.760 INFO:journalctl@ceph.mon.smithi071.smithi071.stdout:Apr 24 16:33:58 smithi071 ceph-mon[26691]: from='client.14142 -' entity='client.admin' cmd=[{"prefix": "orch apply", "service_type": "mon", "target": ["mon-mgr", ""]}]: dispatch
2024-04-24T16:33:58.760 INFO:journalctl@ceph.mon.smithi071.smithi071.stdout:Apr 24 16:33:58 smithi071 ceph-mon[26691]: Saving service mon spec with placement count:5
2024-04-24T16:33:58.761 INFO:journalctl@ceph.mon.smithi071.smithi071.stdout:Apr 24 16:33:58 smithi071 ceph-mon[26691]: from='mgr.14120 172.21.15.71:0/3172790378' entity='mgr.smithi071.tvdkgb'
2024-04-24T16:34:00.038 INFO:teuthology.orchestra.run.smithi071.stdout:/usr/bin/ceph: stdout Scheduled mgr update...
2024-04-24T16:34:00.038 INFO:teuthology.orchestra.run.smithi071.stdout:/usr/bin/ceph: stderr
2024-04-24T16:33:59.230+0000 7f13ab135700 1 Processor -- start
2024-04-24T16:34:00.038 INFO:teuthology.orchestra.run.smithi071.stdout:/usr/bin/ceph: stderr
2024-04-24T16:33:59.230+0000 7f13ab135700 1 -- start start
2024-04-24T16:34:00.038 INFO:teuthology.orchestra.run.smithi071.stdout:/usr/bin/ceph: stderr
2024-04-24T16:33:59.230+0000 7f13ab135700 1 --2- >> [v2:172.21.15.71:3300/0,v1:172.21.15.71:6789/0] conn(0x7f13a4107030 0x7f13a4109420 unknown :-1 s=NONE pgs=0 cs=0 l=0 rev1=0 crypto rx=0 tx=0 comp rx=0 tx=0).connect
2024-04-24T16:34:00.038 INFO:teuthology.orchestra.run.smithi071.stdout:/usr/bin/ceph: stderr
2024-04-24T16:33:59.230+0000 7f13ab135700 1 -- --> [v2:172.21.15.71:3300/0,v1:172.21.15.71:6789/0] -- mon_getmap magic: 0 v1 -- 0x7f13a4079e90 con 0x7f13a4107030
2024-04-24T16:34:00.039 INFO:teuthology.orchestra.run.smithi071.stdout:/usr/bin/ceph: stderr
2024-04-24T16:33:59.230+0000 7f13a8ed1700 1 --2- >> [v2:172.21.15.71:3300/0,v1:172.21.15.71:6789/0] conn(0x7f13a4107030 0x7f13a4109420 unknown :-1 s=BANNER_CONNECTING pgs=0 cs=0 l=0 rev1=0 crypto rx=0 tx=0 comp rx=0 tx=0)._handle_peer_banner_payload supported=3 required=0
2024-04-24T16:34:00.039 INFO:teuthology.orchestra.run.smithi071.stdout:/usr/bin/ceph: stderr
2024-04-24T16:33:59.230+0000 7f13a8ed1700 1 --2- >> [v2:172.21.15.71:3300/0,v1:172.21.15.71:6789/0] conn(0x7f13a4107030 0x7f13a4109420 unknown :-1 s=HELLO_CONNECTING pgs=0 cs=0 l=0 rev1=1 crypto rx=0 tx=0 comp rx=0 tx=0).handle_hello peer v2:172.21.15.71:3300/0 says I am v2:172.21.15.71:36484/0 (socket says 172.21.15.71:36484)
2024-04-24T16:34:00.039 INFO:teuthology.orchestra.run.smithi071.stdout:/usr/bin/ceph: stderr
2024-04-24T16:33:59.230+0000 7f13a8ed1700 1 -- 172.21.15.71:0/467144195 learned_addr learned my addr 172.21.15.71:0/467144195 (peer_addr_for_me v2:172.21.15.71:0/0)
2024-04-24T16:34:00.039 INFO:teuthology.orchestra.run.smithi071.stdout:/usr/bin/ceph: stderr
2024-04-24T16:33:59.231+0000 7f13a8ed1700 1 -- 172.21.15.71:0/467144195 --> [v2:172.21.15.71:3300/0,v1:172.21.15.71:6789/0] -- mon_subscribe({config=0+,monmap=0+}) v3 -- 0x7f13a4109960 con 0x7f13a4107030
2024-04-24T16:34:00.039 INFO:teuthology.orchestra.run.smithi071.stdout:/usr/bin/ceph: stderr
2024-04-24T16:33:59.231+0000 7f13a8ed1700 1 --2- 172.21.15.71:0/467144195 >> [v2:172.21.15.71:3300/0,v1:172.21.15.71:6789/0] conn(0x7f13a4107030 0x7f13a4109420 secure :-1 s=READY pgs=49 cs=0 l=1 rev1=1 crypto rx=0x7f13980098a0 tx=0x7f1398009bb0 comp rx=0 tx=0).ready entity=mon.0 client_cookie=572ce10d2a24566c server_cookie=0 in_seq=0 out_seq=0
2024-04-24T16:34:00.039 INFO:teuthology.orchestra.run.smithi071.stdout:/usr/bin/ceph: stderr
2024-04-24T16:33:59.231+0000 7f13a37fe700 1 -- 172.21.15.71:0/467144195 <== mon.0 v2:172.21.15.71:3300/0 1 ==== mon_map magic: 0 v1 ==== 229+0+0 (secure 0 0 0) 0x7f1398004180 con 0x7f13a4107030
2024-04-24T16:34:00.039 INFO:teuthology.orchestra.run.smithi071.stdout:/usr/bin/ceph: stderr
2024-04-24T16:33:59.231+0000 7f13a37fe700 1 -- 172.21.15.71:0/467144195 <== mon.0 v2:172.21.15.71:3300/0 2 ==== config(27 keys) v1 ==== 1109+0+0 (secure 0 0 0) 0x7f13980042e0 con 0x7f13a4107030
2024-04-24T16:34:00.039 INFO:teuthology.orchestra.run.smithi071.stdout:/usr/bin/ceph: stderr
2024-04-24T16:33:59.231+0000 7f13a37fe700 1 -- 172.21.15.71:0/467144195 <== mon.0 v2:172.21.15.71:3300/0 3 ==== mon_map magic: 0 v1 ==== 229+0+0 (secure 0 0 0) 0x7f1398011b10 con 0x7f13a4107030
2024-04-24T16:34:00.039 INFO:teuthology.orchestra.run.smithi071.stdout:/usr/bin/ceph: stderr
2024-04-24T16:33:59.232+0000 7f13ab135700 1 -- 172.21.15.71:0/467144195 >> [v2:172.21.15.71:3300/0,v1:172.21.15.71:6789/0] conn(0x7f13a4107030 msgr2=0x7f13a4109420 secure :-1 s=STATE_CONNECTION_ESTABLISHED l=1).mark_down
2024-04-24T16:34:00.039 INFO:teuthology.orchestra.run.smithi071.stdout:/usr/bin/ceph: stderr
2024-04-24T16:33:59.232+0000 7f13ab135700 1 --2- 172.21.15.71:0/467144195 >> [v2:172.21.15.71:3300/0,v1:172.21.15.71:6789/0] conn(0x7f13a4107030 0x7f13a4109420 secure :-1 s=READY pgs=49 cs=0 l=1 rev1=1 crypto rx=0x7f13980098a0 tx=0x7f1398009bb0 comp rx=0 tx=0).stop
2024-04-24T16:34:00.039 INFO:teuthology.orchestra.run.smithi071.stdout:/usr/bin/ceph: stderr
2024-04-24T16:33:59.232+0000 7f13ab135700 1 -- 172.21.15.71:0/467144195 shutdown_connections
2024-04-24T16:34:00.039 INFO:teuthology.orchestra.run.smithi071.stdout:/usr/bin/ceph: stderr
2024-04-24T16:33:59.232+0000 7f13ab135700 1 --2- 172.21.15.71:0/467144195 >> [v2:172.21.15.71:3300/0,v1:172.21.15.71:6789/0] conn(0x7f13a4107030 0x7f13a4109420 unknown :-1 s=CLOSED pgs=49 cs=0 l=1 rev1=1 crypto rx=0 tx=0 comp rx=0 tx=0).stop
2024-04-24T16:34:00.040 INFO:teuthology.orchestra.run.smithi071.stdout:/usr/bin/ceph: stderr
2024-04-24T16:33:59.232+0000 7f13ab135700 1 -- 172.21.15.71:0/467144195 >> 172.21.15.71:0/467144195 conn(0x7f13a4100a80 msgr2=0x7f13a4102ea0 unknown :-1 s=STATE_NONE l=0).mark_down
2024-04-24T16:34:00.040 INFO:teuthology.orchestra.run.smithi071.stdout:/usr/bin/ceph: stderr
2024-04-24T16:33:59.232+0000 7f13ab135700 1 -- 172.21.15.71:0/467144195 shutdown_connections
2024-04-24T16:34:00.040 INFO:teuthology.orchestra.run.smithi071.stdout:/usr/bin/ceph: stderr
