2024-04-24T16:34:03.736+0000 7f6de333b700 1 -- 172.21.15.71:0/3699896949 >> 172.21.15.71:0/3699896949 conn(0x7f6ddc101be0 msgr2=0x7f6ddc104000 unknown :-1 s=STATE_NONE l=0).mark_down
2024-04-24T16:34:05.177 INFO:teuthology.orchestra.run.smithi071.stdout:/usr/bin/ceph: stderr
2024-04-24T16:34:03.736+0000 7f6de333b700 1 -- 172.21.15.71:0/3699896949 shutdown_connections
2024-04-24T16:34:05.177 INFO:teuthology.orchestra.run.smithi071.stdout:/usr/bin/ceph: stderr
2024-04-24T16:34:03.736+0000 7f6de333b700 1 -- 172.21.15.71:0/3699896949 wait complete.
2024-04-24T16:34:05.177 INFO:teuthology.orchestra.run.smithi071.stdout:/usr/bin/ceph: stderr
2024-04-24T16:34:03.736+0000 7f6de333b700 1 Processor -- start
2024-04-24T16:34:05.177 INFO:teuthology.orchestra.run.smithi071.stdout:/usr/bin/ceph: stderr
2024-04-24T16:34:03.736+0000 7f6de333b700 1 -- start start
2024-04-24T16:34:05.177 INFO:teuthology.orchestra.run.smithi071.stdout:/usr/bin/ceph: stderr
2024-04-24T16:34:03.737+0000 7f6de333b700 1 --2- >> [v2:172.21.15.71:3300/0,v1:172.21.15.71:6789/0] conn(0x7f6ddc1065c0 0x7f6ddc19a300 unknown :-1 s=NONE pgs=0 cs=0 l=1 rev1=0 crypto rx=0 tx=0 comp rx=0 tx=0).connect
2024-04-24T16:34:05.177 INFO:teuthology.orchestra.run.smithi071.stdout:/usr/bin/ceph: stderr
2024-04-24T16:34:03.737+0000 7f6de333b700 1 -- --> [v2:172.21.15.71:3300/0,v1:172.21.15.71:6789/0] -- mon_getmap magic: 0 v1 -- 0x7f6ddc19a840 con 0x7f6ddc1065c0
2024-04-24T16:34:05.177 INFO:teuthology.orchestra.run.smithi071.stdout:/usr/bin/ceph: stderr
2024-04-24T16:34:03.737+0000 7f6de10d7700 1 --2- >> [v2:172.21.15.71:3300/0,v1:172.21.15.71:6789/0] conn(0x7f6ddc1065c0 0x7f6ddc19a300 unknown :-1 s=BANNER_CONNECTING pgs=0 cs=0 l=1 rev1=0 crypto rx=0 tx=0 comp rx=0 tx=0)._handle_peer_banner_payload supported=3 required=0
2024-04-24T16:34:05.177 INFO:teuthology.orchestra.run.smithi071.stdout:/usr/bin/ceph: stderr
2024-04-24T16:34:03.737+0000 7f6de10d7700 1 --2- >> [v2:172.21.15.71:3300/0,v1:172.21.15.71:6789/0] conn(0x7f6ddc1065c0 0x7f6ddc19a300 unknown :-1 s=HELLO_CONNECTING pgs=0 cs=0 l=1 rev1=1 crypto rx=0 tx=0 comp rx=0 tx=0).handle_hello peer v2:172.21.15.71:3300/0 says I am v2:172.21.15.71:34458/0 (socket says 172.21.15.71:34458)
2024-04-24T16:34:05.177 INFO:teuthology.orchestra.run.smithi071.stdout:/usr/bin/ceph: stderr
2024-04-24T16:34:03.737+0000 7f6de10d7700 1 -- 172.21.15.71:0/365719804 learned_addr learned my addr 172.21.15.71:0/365719804 (peer_addr_for_me v2:172.21.15.71:0/0)
2024-04-24T16:34:05.177 INFO:teuthology.orchestra.run.smithi071.stdout:/usr/bin/ceph: stderr
2024-04-24T16:34:03.737+0000 7f6de10d7700 1 -- 172.21.15.71:0/365719804 --> [v2:172.21.15.71:3300/0,v1:172.21.15.71:6789/0] -- mon_subscribe({config=0+,monmap=0+}) v3 -- 0x7f6dd4009b30 con 0x7f6ddc1065c0
2024-04-24T16:34:05.177 INFO:teuthology.orchestra.run.smithi071.stdout:/usr/bin/ceph: stderr
2024-04-24T16:34:03.737+0000 7f6de10d7700 1 --2- 172.21.15.71:0/365719804 >> [v2:172.21.15.71:3300/0,v1:172.21.15.71:6789/0] conn(0x7f6ddc1065c0 0x7f6ddc19a300 secure :-1 s=READY pgs=56 cs=0 l=1 rev1=1 crypto rx=0x7f6dd40072a0 tx=0x7f6dd400bf70 comp rx=0 tx=0).ready entity=mon.0 client_cookie=0 server_cookie=0 in_seq=0 out_seq=0
2024-04-24T16:34:05.177 INFO:teuthology.orchestra.run.smithi071.stdout:/usr/bin/ceph: stderr
2024-04-24T16:34:03.737+0000 7f6dce7fc700 1 -- 172.21.15.71:0/365719804 <== mon.0 v2:172.21.15.71:3300/0 1 ==== mon_map magic: 0 v1 ==== 229+0+0 (secure 0 0 0) 0x7f6dd400e040 con 0x7f6ddc1065c0
2024-04-24T16:34:05.178 INFO:teuthology.orchestra.run.smithi071.stdout:/usr/bin/ceph: stderr
2024-04-24T16:34:03.737+0000 7f6dce7fc700 1 -- 172.21.15.71:0/365719804 <== mon.0 v2:172.21.15.71:3300/0 2 ==== config(27 keys) v1 ==== 1109+0+0 (secure 0 0 0) 0x7f6dd4003dc0 con 0x7f6ddc1065c0
2024-04-24T16:34:05.178 INFO:teuthology.orchestra.run.smithi071.stdout:/usr/bin/ceph: stderr
2024-04-24T16:34:03.737+0000 7f6de333b700 1 -- 172.21.15.71:0/365719804 --> [v2:172.21.15.71:3300/0,v1:172.21.15.71:6789/0] -- mon_subscribe({mgrmap=0+}) v3 -- 0x7f6ddc19aa40 con 0x7f6ddc1065c0
2024-04-24T16:34:05.178 INFO:teuthology.orchestra.run.smithi071.stdout:/usr/bin/ceph: stderr
2024-04-24T16:34:03.737+0000 7f6dce7fc700 1 -- 172.21.15.71:0/365719804 <== mon.0 v2:172.21.15.71:3300/0 3 ==== mon_map magic: 0 v1 ==== 229+0+0 (secure 0 0 0) 0x7f6dd4012600 con 0x7f6ddc1065c0
2024-04-24T16:34:05.178 INFO:teuthology.orchestra.run.smithi071.stdout:/usr/bin/ceph: stderr
2024-04-24T16:34:03.737+0000 7f6de333b700 1 -- 172.21.15.71:0/365719804 --> [v2:172.21.15.71:3300/0,v1:172.21.15.71:6789/0] -- mon_subscribe({osdmap=0}) v3 -- 0x7f6ddc19af40 con 0x7f6ddc1065c0
2024-04-24T16:34:05.178 INFO:teuthology.orchestra.run.smithi071.stdout:/usr/bin/ceph: stderr
2024-04-24T16:34:03.738+0000 7f6dce7fc700 1 -- 172.21.15.71:0/365719804 <== mon.0 v2:172.21.15.71:3300/0 4 ==== mgrmap(e 8) v1 ==== 45556+0+0 (secure 0 0 0) 0x7f6dd4019040 con 0x7f6ddc1065c0
2024-04-24T16:34:05.178 INFO:teuthology.orchestra.run.smithi071.stdout:/usr/bin/ceph: stderr
2024-04-24T16:34:03.738+0000 7f6de333b700 1 -- 172.21.15.71:0/365719804 --> [v2:172.21.15.71:3300/0,v1:172.21.15.71:6789/0] -- mon_command({"prefix": "get_command_descriptions"} v 0) v1 -- 0x7f6ddc10a9f0 con 0x7f6ddc1065c0
2024-04-24T16:34:05.178 INFO:teuthology.orchestra.run.smithi071.stdout:/usr/bin/ceph: stderr
2024-04-24T16:34:03.738+0000 7f6dce7fc700 1 --2- 172.21.15.71:0/365719804 >> [v2:172.21.15.71:6800/32699560,v1:172.21.15.71:6801/32699560] conn(0x7f6dc8038710 0x7f6dc803abd0 unknown :-1 s=NONE pgs=0 cs=0 l=1 rev1=0 crypto rx=0 tx=0 comp rx=0 tx=0).connect
2024-04-24T16:34:05.178 INFO:teuthology.orchestra.run.smithi071.stdout:/usr/bin/ceph: stderr
2024-04-24T16:34:03.738+0000 7f6dce7fc700 1 -- 172.21.15.71:0/365719804 <== mon.0 v2:172.21.15.71:3300/0 5 ==== osd_map(2..2 src has 1..2) v4 ==== 940+0+0 (secure 0 0 0) 0x7f6dd404c4f0 con 0x7f6ddc1065c0
2024-04-24T16:34:05.178 INFO:teuthology.orchestra.run.smithi071.stdout:/usr/bin/ceph: stderr
2024-04-24T16:34:03.738+0000 7f6de08d6700 1 --2- 172.21.15.71:0/365719804 >> [v2:172.21.15.71:6800/32699560,v1:172.21.15.71:6801/32699560] conn(0x7f6dc8038710 0x7f6dc803abd0 unknown :-1 s=BANNER_CONNECTING pgs=0 cs=0 l=1 rev1=0 crypto rx=0 tx=0 comp rx=0 tx=0)._handle_peer_banner_payload supported=3 required=0
2024-04-24T16:34:05.178 INFO:teuthology.orchestra.run.smithi071.stdout:/usr/bin/ceph: stderr
2024-04-24T16:34:03.739+0000 7f6de08d6700 1 --2- 172.21.15.71:0/365719804 >> [v2:172.21.15.71:6800/32699560,v1:172.21.15.71:6801/32699560] conn(0x7f6dc8038710 0x7f6dc803abd0 secure :-1 s=READY pgs=16 cs=0 l=1 rev1=1 crypto rx=0x7f6dd8006fd0 tx=0x7f6dd8006e40 comp rx=0 tx=0).ready entity=mgr.14120 client_cookie=0 server_cookie=0 in_seq=0 out_seq=0
2024-04-24T16:34:05.178 INFO:teuthology.orchestra.run.smithi071.stdout:/usr/bin/ceph: stderr
2024-04-24T16:34:03.743+0000 7f6dce7fc700 1 -- 172.21.15.71:0/365719804 <== mon.0 v2:172.21.15.71:3300/0 6 ==== mon_command_ack([{"prefix": "get_command_descriptions"}]=0 v0) v1 ==== 72+0+183351 (secure 0 0 0) 0x7f6dd4011750 con 0x7f6ddc1065c0
2024-04-24T16:34:05.178 INFO:teuthology.orchestra.run.smithi071.stdout:/usr/bin/ceph: stderr
2024-04-24T16:34:03.953+0000 7f6de333b700 1 -- 172.21.15.71:0/365719804 --> [v2:172.21.15.71:6800/32699560,v1:172.21.15.71:6801/32699560] -- mgr_command(tid 0: {"prefix": "orch apply", "service_type": "prometheus", "target": ["mon-mgr", ""]}) v1 -- 0x7f6ddc19d770 con 0x7f6dc8038710
2024-04-24T16:34:05.178 INFO:teuthology.orchestra.run.smithi071.stdout:/usr/bin/ceph: stderr
2024-04-24T16:34:03.957+0000 7f6dce7fc700 1 -- 172.21.15.71:0/365719804 <== mgr.14120 v2:172.21.15.71:6800/32699560 1 ==== mgr_command_reply(tid 0: 0 ) v1 ==== 8+0+31 (secure 0 0 0) 0x7f6ddc19d770 con 0x7f6dc8038710
2024-04-24T16:34:05.179 INFO:teuthology.orchestra.run.smithi071.stdout:/usr/bin/ceph: stderr
2024-04-24T16:34:03.959+0000 7f6de333b700 1 -- 172.21.15.71:0/365719804 >> [v2:172.21.15.71:6800/32699560,v1:172.21.15.71:6801/32699560] conn(0x7f6dc8038710 msgr2=0x7f6dc803abd0 secure :-1 s=STATE_CONNECTION_ESTABLISHED l=1).mark_down
2024-04-24T16:34:05.179 INFO:teuthology.orchestra.run.smithi071.stdout:/usr/bin/ceph: stderr
2024-04-24T16:34:03.959+0000 7f6de333b700 1 --2- 172.21.15.71:0/365719804 >> [v2:172.21.15.71:6800/32699560,v1:172.21.15.71:6801/32699560] conn(0x7f6dc8038710 0x7f6dc803abd0 secure :-1 s=READY pgs=16 cs=0 l=1 rev1=1 crypto rx=0x7f6dd8006fd0 tx=0x7f6dd8006e40 comp rx=0 tx=0).stop
2024-04-24T16:34:05.179 INFO:teuthology.orchestra.run.smithi071.stdout:/usr/bin/ceph: stderr
2024-04-24T16:34:03.959+0000 7f6de333b700 1 -- 172.21.15.71:0/365719804 >> [v2:172.21.15.71:3300/0,v1:172.21.15.71:6789/0] conn(0x7f6ddc1065c0 msgr2=0x7f6ddc19a300 secure :-1 s=STATE_CONNECTION_ESTABLISHED l=1).mark_down
2024-04-24T16:34:05.179 INFO:teuthology.orchestra.run.smithi071.stdout:/usr/bin/ceph: stderr
2024-04-24T16:34:03.959+0000 7f6de333b700 1 --2- 172.21.15.71:0/365719804 >> [v2:172.21.15.71:3300/0,v1:172.21.15.71:6789/0] conn(0x7f6ddc1065c0 0x7f6ddc19a300 secure :-1 s=READY pgs=56 cs=0 l=1 rev1=1 crypto rx=0x7f6dd40072a0 tx=0x7f6dd400bf70 comp rx=0 tx=0).stop
2024-04-24T16:34:05.179 INFO:teuthology.orchestra.run.smithi071.stdout:/usr/bin/ceph: stderr
2024-04-24T16:34:03.960+0000 7f6de333b700 1 -- 172.21.15.71:0/365719804 shutdown_connections
2024-04-24T16:34:05.179 INFO:teuthology.orchestra.run.smithi071.stdout:/usr/bin/ceph: stderr
2024-04-24T16:34:03.960+0000 7f6de333b700 1 --2- 172.21.15.71:0/365719804 >> [v2:172.21.15.71:6800/32699560,v1:172.21.15.71:6801/32699560] conn(0x7f6dc8038710 0x7f6dc803abd0 unknown :-1 s=CLOSED pgs=16 cs=0 l=1 rev1=1 crypto rx=0 tx=0 comp rx=0 tx=0).stop
2024-04-24T16:34:05.179 INFO:teuthology.orchestra.run.smithi071.stdout:/usr/bin/ceph: stderr
2024-04-24T16:34:03.960+0000 7f6de333b700 1 --2- 172.21.15.71:0/365719804 >> [v2:172.21.15.71:3300/0,v1:172.21.15.71:6789/0] conn(0x7f6ddc1065c0 0x7f6ddc19a300 unknown :-1 s=CLOSED pgs=56 cs=0 l=1 rev1=1 crypto rx=0 tx=0 comp rx=0 tx=0).stop
2024-04-24T16:34:05.179 INFO:teuthology.orchestra.run.smithi071.stdout:/usr/bin/ceph: stderr
2024-04-24T16:34:03.960+0000 7f6de333b700 1 -- 172.21.15.71:0/365719804 >> 172.21.15.71:0/365719804 conn(0x7f6ddc101be0 msgr2=0x7f6ddc102730 unknown :-1 s=STATE_NONE l=0).mark_down
2024-04-24T16:34:05.179 INFO:teuthology.orchestra.run.smithi071.stdout:/usr/bin/ceph: stderr
2024-04-24T16:34:03.960+0000 7f6de333b700 1 -- 172.21.15.71:0/365719804 shutdown_connections
2024-04-24T16:34:05.179 INFO:teuthology.orchestra.run.smithi071.stdout:/usr/bin/ceph: stderr
2024-04-24T16:34:03.960+0000 7f6de333b700 1 -- 172.21.15.71:0/365719804 wait complete.
2024-04-24T16:34:05.179 INFO:teuthology.orchestra.run.smithi071.stdout:Deploying grafana service with default placement...
2024-04-24T16:34:06.350 INFO:teuthology.orchestra.run.smithi071.stdout:/usr/bin/ceph: stdout Scheduled grafana update...
2024-04-24T16:34:06.350 INFO:teuthology.orchestra.run.smithi071.stdout:/usr/bin/ceph: stderr
2024-04-24T16:34:05.577+0000 7f653ab53700 1 Processor -- start
2024-04-24T16:34:06.356 INFO:teuthology.orchestra.run.smithi071.stdout:/usr/bin/ceph: stderr
2024-04-24T16:34:05.577+0000 7f653ab53700 1 -- start start
2024-04-24T16:34:06.356 INFO:teuthology.orchestra.run.smithi071.stdout:/usr/bin/ceph: stderr
2024-04-24T16:34:05.577+0000 7f653ab53700 1 --2- >> [v2:172.21.15.71:3300/0,v1:172.21.15.71:6789/0] conn(0x7f6534106600 0x7f6534106a20 unknown :-1 s=NONE pgs=0 cs=0 l=0 rev1=0 crypto rx=0 tx=0 comp rx=0 tx=0).connect
2024-04-24T16:34:06.356 INFO:teuthology.orchestra.run.smithi071.stdout:/usr/bin/ceph: stderr
2024-04-24T16:34:05.577+0000 7f653ab53700 1 -- --> [v2:172.21.15.71:3300/0,v1:172.21.15.71:6789/0] -- mon_getmap magic: 0 v1 -- 0x7f6534106ff0 con 0x7f6534106600
2024-04-24T16:34:06.356 INFO:teuthology.orchestra.run.smithi071.stdout:/usr/bin/ceph: stderr
2024-04-24T16:34:05.578+0000 7f65388ef700 1 --2- >> [v2:172.21.15.71:3300/0,v1:172.21.15.71:6789/0] conn(0x7f6534106600 0x7f6534106a20 unknown :-1 s=BANNER_CONNECTING pgs=0 cs=0 l=0 rev1=0 crypto rx=0 tx=0 comp rx=0 tx=0)._handle_peer_banner_payload supported=3 required=0
2024-04-24T16:34:06.356 INFO:teuthology.orchestra.run.smithi071.stdout:/usr/bin/ceph: stderr
2024-04-24T16:34:05.578+0000 7f65388ef700 1 --2- >> [v2:172.21.15.71:3300/0,v1:172.21.15.71:6789/0] conn(0x7f6534106600 0x7f6534106a20 unknown :-1 s=HELLO_CONNECTING pgs=0 cs=0 l=0 rev1=1 crypto rx=0 tx=0 comp rx=0 tx=0).handle_hello peer v2:172.21.15.71:3300/0 says I am v2:172.21.15.71:34462/0 (socket says 172.21.15.71:34462)
2024-04-24T16:34:06.356 INFO:teuthology.orchestra.run.smithi071.stdout:/usr/bin/ceph: stderr
2024-04-24T16:34:05.578+0000 7f65388ef700 1 -- 172.21.15.71:0/1513043973 learned_addr learned my addr 172.21.15.71:0/1513043973 (peer_addr_for_me v2:172.21.15.71:0/0)
2024-04-24T16:34:06.356 INFO:teuthology.orchestra.run.smithi071.stdout:/usr/bin/ceph: stderr
2024-04-24T16:34:05.578+0000 7f65388ef700 1 -- 172.21.15.71:0/1513043973 --> [v2:172.21.15.71:3300/0,v1:172.21.15.71:6789/0] -- mon_subscribe({config=0+,monmap=0+}) v3 -- 0x7f65341077b0 con 0x7f6534106600
2024-04-24T16:34:06.356 INFO:teuthology.orchestra.run.smithi071.stdout:/usr/bin/ceph: stderr
2024-04-24T16:34:05.578+0000 7f65388ef700 1 --2- 172.21.15.71:0/1513043973 >> [v2:172.21.15.71:3300/0,v1:172.21.15.71:6789/0] conn(0x7f6534106600 0x7f6534106a20 secure :-1 s=READY pgs=57 cs=0 l=1 rev1=1 crypto rx=0x7f6530009e80 tx=0x7f653000b330 comp rx=0 tx=0).ready entity=mon.0 client_cookie=c64cfd6ab7f21c2e server_cookie=0 in_seq=0 out_seq=0
2024-04-24T16:34:06.356 INFO:teuthology.orchestra.run.smithi071.stdout:/usr/bin/ceph: stderr
2024-04-24T16:34:05.578+0000 7f652b7fe700 1 -- 172.21.15.71:0/1513043973 <== mon.0 v2:172.21.15.71:3300/0 1 ==== mon_map magic: 0 v1 ==== 229+0+0 (secure 0 0 0) 0x7f653000e070 con 0x7f6534106600
2024-04-24T16:34:06.356 INFO:teuthology.orchestra.run.smithi071.stdout:/usr/bin/ceph: stderr
2024-04-24T16:34:05.578+0000 7f652b7fe700 1 -- 172.21.15.71:0/1513043973 <== mon.0 v2:172.21.15.71:3300/0 2 ==== config(27 keys) v1 ==== 1109+0+0 (secure 0 0 0) 0x7f653000b8c0 con 0x7f6534106600
2024-04-24T16:34:06.356 INFO:teuthology.orchestra.run.smithi071.stdout:/usr/bin/ceph: stderr
2024-04-24T16:34:05.578+0000 7f652b7fe700 1 -- 172.21.15.71:0/1513043973 <== mon.0 v2:172.21.15.71:3300/0 3 ==== mon_map magic: 0 v1 ==== 229+0+0 (secure 0 0 0) 0x7f65300044d0 con 0x7f6534106600
2024-04-24T16:34:06.356 INFO:teuthology.orchestra.run.smithi071.stdout:/usr/bin/ceph: stderr
2024-04-24T16:34:05.579+0000 7f653ab53700 1 -- 172.21.15.71:0/1513043973 >> [v2:172.21.15.71:3300/0,v1:172.21.15.71:6789/0] conn(0x7f6534106600 msgr2=0x7f6534106a20 secure :-1 s=STATE_CONNECTION_ESTABLISHED l=1).mark_down
2024-04-24T16:34:06.356 INFO:teuthology.orchestra.run.smithi071.stdout:/usr/bin/ceph: stderr
2024-04-24T16:34:05.579+0000 7f653ab53700 1 --2- 172.21.15.71:0/1513043973 >> [v2:172.21.15.71:3300/0,v1:172.21.15.71:6789/0] conn(0x7f6534106600 0x7f6534106a20 secure :-1 s=READY pgs=57 cs=0 l=1 rev1=1 crypto rx=0x7f6530009e80 tx=0x7f653000b330 comp rx=0 tx=0).stop
2024-04-24T16:34:06.357 INFO:teuthology.orchestra.run.smithi071.stdout:/usr/bin/ceph: stderr
2024-04-24T16:34:05.579+0000 7f653ab53700 1 -- 172.21.15.71:0/1513043973 shutdown_connections
2024-04-24T16:34:06.357 INFO:teuthology.orchestra.run.smithi071.stdout:/usr/bin/ceph: stderr
2024-04-24T16:34:05.579+0000 7f653ab53700 1 --2- 172.21.15.71:0/1513043973 >> [v2:172.21.15.71:3300/0,v1:172.21.15.71:6789/0] conn(0x7f6534106600 0x7f6534106a20 unknown :-1 s=CLOSED pgs=57 cs=0 l=1 rev1=1 crypto rx=0 tx=0 comp rx=0 tx=0).stop
2024-04-24T16:34:06.357 INFO:teuthology.orchestra.run.smithi071.stdout:/usr/bin/ceph: stderr
2024-04-24T16:34:05.579+0000 7f653ab53700 1 -- 172.21.15.71:0/1513043973 >> 172.21.15.71:0/1513043973 conn(0x7f6534101be0 msgr2=0x7f6534104000 unknown :-1 s=STATE_NONE l=0).mark_down
2024-04-24T16:34:06.357 INFO:teuthology.orchestra.run.smithi071.stdout:/usr/bin/ceph: stderr
2024-04-24T16:34:05.579+0000 7f653ab53700 1 -- 172.21.15.71:0/1513043973 shutdown_connections
2024-04-24T16:34:06.357 INFO:teuthology.orchestra.run.smithi071.stdout:/usr/bin/ceph: stderr
2024-04-24T16:34:05.579+0000 7f653ab53700 1 -- 172.21.15.71:0/1513043973 wait complete.
2024-04-24T16:34:06.357 INFO:teuthology.orchestra.run.smithi071.stdout:/usr/bin/ceph: stderr
2024-04-24T16:34:05.579+0000 7f653ab53700 1 Processor -- start
2024-04-24T16:34:06.357 INFO:teuthology.orchestra.run.smithi071.stdout:/usr/bin/ceph: stderr
2024-04-24T16:34:05.579+0000 7f653ab53700 1 -- start start
2024-04-24T16:34:06.357 INFO:teuthology.orchestra.run.smithi071.stdout:/usr/bin/ceph: stderr
2024-04-24T16:34:05.580+0000 7f653ab53700 1 --2- >> [v2:172.21.15.71:3300/0,v1:172.21.15.71:6789/0] conn(0x7f6534106600 0x7f653407bb40 unknown :-1 s=NONE pgs=0 cs=0 l=1 rev1=0 crypto rx=0 tx=0 comp rx=0 tx=0).connect
2024-04-24T16:34:06.357 INFO:teuthology.orchestra.run.smithi071.stdout:/usr/bin/ceph: stderr
2024-04-24T16:34:05.580+0000 7f653ab53700 1 -- --> [v2:172.21.15.71:3300/0,v1:172.21.15.71:6789/0] -- mon_getmap magic: 0 v1 -- 0x7f653407c080 con 0x7f6534106600
2024-04-24T16:34:06.357 INFO:teuthology.orchestra.run.smithi071.stdout:/usr/bin/ceph: stderr
2024-04-24T16:34:05.580+0000 7f65388ef700 1 --2- >> [v2:172.21.15.71:3300/0,v1:172.21.15.71:6789/0] conn(0x7f6534106600 0x7f653407bb40 unknown :-1 s=BANNER_CONNECTING pgs=0 cs=0 l=1 rev1=0 crypto rx=0 tx=0 comp rx=0 tx=0)._handle_peer_banner_payload supported=3 required=0
2024-04-24T16:34:06.357 INFO:teuthology.orchestra.run.smithi071.stdout:/usr/bin/ceph: stderr
2024-04-24T16:34:05.580+0000 7f65388ef700 1 --2- >> [v2:172.21.15.71:3300/0,v1:172.21.15.71:6789/0] conn(0x7f6534106600 0x7f653407bb40 unknown :-1 s=HELLO_CONNECTING pgs=0 cs=0 l=1 rev1=1 crypto rx=0 tx=0 comp rx=0 tx=0).handle_hello peer v2:172.21.15.71:3300/0 says I am v2:172.21.15.71:34478/0 (socket says 172.21.15.71:34478)
2024-04-24T16:34:06.358 INFO:teuthology.orchestra.run.smithi071.stdout:/usr/bin/ceph: stderr
2024-04-24T16:34:05.580+0000 7f65388ef700 1 -- 172.21.15.71:0/3107628288 learned_addr learned my addr 172.21.15.71:0/3107628288 (peer_addr_for_me v2:172.21.15.71:0/0)
2024-04-24T16:34:06.358 INFO:teuthology.orchestra.run.smithi071.stdout:/usr/bin/ceph: stderr
2024-04-24T16:34:05.580+0000 7f65388ef700 1 -- 172.21.15.71:0/3107628288 --> [v2:172.21.15.71:3300/0,v1:172.21.15.71:6789/0] -- mon_subscribe({config=0+,monmap=0+}) v3 -- 0x7f6530009b30 con 0x7f6534106600
2024-04-24T16:34:06.358 INFO:teuthology.orchestra.run.smithi071.stdout:/usr/bin/ceph: stderr
2024-04-24T16:34:05.580+0000 7f65388ef700 1 --2- 172.21.15.71:0/3107628288 >> [v2:172.21.15.71:3300/0,v1:172.21.15.71:6789/0] conn(0x7f6534106600 0x7f653407bb40 secure :-1 s=READY pgs=58 cs=0 l=1 rev1=1 crypto rx=0x7f65300072a0 tx=0x7f653000bf70 comp rx=0 tx=0).ready entity=mon.0 client_cookie=0 server_cookie=0 in_seq=0 out_seq=0
2024-04-24T16:34:06.358 INFO:teuthology.orchestra.run.smithi071.stdout:/usr/bin/ceph: stderr
2024-04-24T16:34:05.580+0000 7f6529ffb700 1 -- 172.21.15.71:0/3107628288 <== mon.0 v2:172.21.15.71:3300/0 1 ==== mon_map magic: 0 v1 ==== 229+0+0 (secure 0 0 0) 0x7f653000e040 con 0x7f6534106600
2024-04-24T16:34:06.358 INFO:teuthology.orchestra.run.smithi071.stdout:/usr/bin/ceph: stderr
2024-04-24T16:34:05.580+0000 7f6529ffb700 1 -- 172.21.15.71:0/3107628288 <== mon.0 v2:172.21.15.71:3300/0 2 ==== config(27 keys) v1 ==== 1109+0+0 (secure 0 0 0) 0x7f6530003dc0 con 0x7f6534106600
2024-04-24T16:34:06.358 INFO:teuthology.orchestra.run.smithi071.stdout:/usr/bin/ceph: stderr
2024-04-24T16:34:05.580+0000 7f6529ffb700 1 -- 172.21.15.71:0/3107628288 <== mon.0 v2:172.21.15.71:3300/0 3 ==== mon_map magic: 0 v1 ==== 229+0+0 (secure 0 0 0) 0x7f6530012600 con 0x7f6534106600
2024-04-24T16:34:06.358 INFO:teuthology.orchestra.run.smithi071.stdout:/usr/bin/ceph: stderr
2024-04-24T16:34:05.580+0000 7f653ab53700 1 -- 172.21.15.71:0/3107628288 --> [v2:172.21.15.71:3300/0,v1:172.21.15.71:6789/0] -- mon_subscribe({mgrmap=0+}) v3 -- 0x7f653407a2c0 con 0x7f6534106600
2024-04-24T16:34:06.358 INFO:teuthology.orchestra.run.smithi071.stdout:/usr/bin/ceph: stderr
2024-04-24T16:34:05.581+0000 7f653ab53700 1 -- 172.21.15.71:0/3107628288 --> [v2:172.21.15.71:3300/0,v1:172.21.15.71:6789/0] -- mon_subscribe({osdmap=0}) v3 -- 0x7f653407a7c0 con 0x7f6534106600
2024-04-24T16:34:06.358 INFO:teuthology.orchestra.run.smithi071.stdout:/usr/bin/ceph: stderr
2024-04-24T16:34:05.581+0000 7f6529ffb700 1 -- 172.21.15.71:0/3107628288 <== mon.0 v2:172.21.15.71:3300/0 4 ==== mgrmap(e 8) v1 ==== 45556+0+0 (secure 0 0 0) 0x7f6530019040 con 0x7f6534106600
2024-04-24T16:34:06.358 INFO:teuthology.orchestra.run.smithi071.stdout:/usr/bin/ceph: stderr
2024-04-24T16:34:05.581+0000 7f653ab53700 1 -- 172.21.15.71:0/3107628288 --> [v2:172.21.15.71:3300/0,v1:172.21.15.71:6789/0] -- mon_command({"prefix": "get_command_descriptions"} v 0) v1 -- 0x7f6534062510 con 0x7f6534106600
2024-04-24T16:34:06.358 INFO:teuthology.orchestra.run.smithi071.stdout:/usr/bin/ceph: stderr
2024-04-24T16:34:05.582+0000 7f6529ffb700 1 --2- 172.21.15.71:0/3107628288 >> [v2:172.21.15.71:6800/32699560,v1:172.21.15.71:6801/32699560] conn(0x7f651c038710 0x7f651c03abd0 unknown :-1 s=NONE pgs=0 cs=0 l=1 rev1=0 crypto rx=0 tx=0 comp rx=0 tx=0).connect
2024-04-24T16:34:06.358 INFO:teuthology.orchestra.run.smithi071.stdout:/usr/bin/ceph: stderr
2024-04-24T16:34:05.582+0000 7f6529ffb700 1 -- 172.21.15.71:0/3107628288 <== mon.0 v2:172.21.15.71:3300/0 5 ==== osd_map(2..2 src has 1..2) v4 ==== 940+0+0 (secure 0 0 0) 0x7f653004c210 con 0x7f6534106600
2024-04-24T16:34:06.358 INFO:teuthology.orchestra.run.smithi071.stdout:/usr/bin/ceph: stderr
2024-04-24T16:34:05.582+0000 7f652bfff700 1 --2- 172.21.15.71:0/3107628288 >> [v2:172.21.15.71:6800/32699560,v1:172.21.15.71:6801/32699560] conn(0x7f651c038710 0x7f651c03abd0 unknown :-1 s=BANNER_CONNECTING pgs=0 cs=0 l=1 rev1=0 crypto rx=0 tx=0 comp rx=0 tx=0)._handle_peer_banner_payload supported=3 required=0
2024-04-24T16:34:06.359 INFO:teuthology.orchestra.run.smithi071.stdout:/usr/bin/ceph: stderr
2024-04-24T16:34:05.582+0000 7f652bfff700 1 --2- 172.21.15.71:0/3107628288 >> [v2:172.21.15.71:6800/32699560,v1:172.21.15.71:6801/32699560] conn(0x7f651c038710 0x7f651c03abd0 secure :-1 s=READY pgs=17 cs=0 l=1 rev1=1 crypto rx=0x7f6524006fd0 tx=0x7f6524006e40 comp rx=0 tx=0).ready entity=mgr.14120 client_cookie=0 server_cookie=0 in_seq=0 out_seq=0
2024-04-24T16:34:06.359 INFO:teuthology.orchestra.run.smithi071.stdout:/usr/bin/ceph: stderr
2024-04-24T16:34:05.587+0000 7f6529ffb700 1 -- 172.21.15.71:0/3107628288 <== mon.0 v2:172.21.15.71:3300/0 6 ==== mon_command_ack([{"prefix": "get_command_descriptions"}]=0 v0) v1 ==== 72+0+183351 (secure 0 0 0) 0x7f653001b430 con 0x7f6534106600
2024-04-24T16:34:06.359 INFO:teuthology.orchestra.run.smithi071.stdout:/usr/bin/ceph: stderr
2024-04-24T16:34:05.791+0000 7f653ab53700 1 -- 172.21.15.71:0/3107628288 --> [v2:172.21.15.71:6800/32699560,v1:172.21.15.71:6801/32699560] -- mgr_command(tid 0: {"prefix": "orch apply", "service_type": "grafana", "target": ["mon-mgr", ""]}) v1 -- 0x7f653407af50 con 0x7f651c038710
2024-04-24T16:34:06.359 INFO:teuthology.orchestra.run.smithi071.stdout:/usr/bin/ceph: stderr
2024-04-24T16:34:05.796+0000 7f6529ffb700 1 -- 172.21.15.71:0/3107628288 <== mgr.14120 v2:172.21.15.71:6800/32699560 1 ==== mgr_command_reply(tid 0: 0 ) v1 ==== 8+0+28 (secure 0 0 0) 0x7f653407af50 con 0x7f651c038710
2024-04-24T16:34:06.359 INFO:teuthology.orchestra.run.smithi071.stdout:/usr/bin/ceph: stderr
2024-04-24T16:34:05.798+0000 7f653ab53700 1 -- 172.21.15.71:0/3107628288 >> [v2:172.21.15.71:6800/32699560,v1:172.21.15.71:6801/32699560] conn(0x7f651c038710 msgr2=0x7f651c03abd0 secure :-1 s=STATE_CONNECTION_ESTABLISHED l=1).mark_down
2024-04-24T16:34:06.359 INFO:teuthology.orchestra.run.smithi071.stdout:/usr/bin/ceph: stderr
2024-04-24T16:34:05.798+0000 7f653ab53700 1 --2- 172.21.15.71:0/3107628288 >> [v2:172.21.15.71:6800/32699560,v1:172.21.15.71:6801/32699560] conn(0x7f651c038710 0x7f651c03abd0 secure :-1 s=READY pgs=17 cs=0 l=1 rev1=1 crypto rx=0x7f6524006fd0 tx=0x7f6524006e40 comp rx=0 tx=0).stop
2024-04-24T16:34:06.359 INFO:teuthology.orchestra.run.smithi071.stdout:/usr/bin/ceph: stderr
2024-04-24T16:34:05.798+0000 7f653ab53700 1 -- 172.21.15.71:0/3107628288 >> [v2:172.21.15.71:3300/0,v1:172.21.15.71:6789/0] conn(0x7f6534106600 msgr2=0x7f653407bb40 secure :-1 s=STATE_CONNECTION_ESTABLISHED l=1).mark_down
2024-04-24T16:34:06.359 INFO:teuthology.orchestra.run.smithi071.stdout:/usr/bin/ceph: stderr
2024-04-24T16:34:05.798+0000 7f653ab53700 1 --2- 172.21.15.71:0/3107628288 >> [v2:172.21.15.71:3300/0,v1:172.21.15.71:6789/0] conn(0x7f6534106600 0x7f653407bb40 secure :-1 s=READY pgs=58 cs=0 l=1 rev1=1 crypto rx=0x7f65300072a0 tx=0x7f653000bf70 comp rx=0 tx=0).stop
2024-04-24T16:34:06.359 INFO:teuthology.orchestra.run.smithi071.stdout:/usr/bin/ceph: stderr
2024-04-24T16:34:05.798+0000 7f653ab53700 1 -- 172.21.15.71:0/3107628288 shutdown_connections
2024-04-24T16:34:06.359 INFO:teuthology.orchestra.run.smithi071.stdout:/usr/bin/ceph: stderr
2024-04-24T16:34:05.798+0000 7f653ab53700 1 --2- 172.21.15.71:0/3107628288 >> [v2:172.21.15.71:6800/32699560,v1:172.21.15.71:6801/32699560] conn(0x7f651c038710 0x7f651c03abd0 unknown :-1 s=CLOSED pgs=17 cs=0 l=1 rev1=1 crypto rx=0 tx=0 comp rx=0 tx=0).stop
2024-04-24T16:34:06.359 INFO:teuthology.orchestra.run.smithi071.stdout:/usr/bin/ceph: stderr
2024-04-24T16:34:05.798+0000 7f653ab53700 1 --2- 172.21.15.71:0/3107628288 >> [v2:172.21.15.71:3300/0,v1:172.21.15.71:6789/0] conn(0x7f6534106600 0x7f653407bb40 unknown :-1 s=CLOSED pgs=58 cs=0 l=1 rev1=1 crypto rx=0 tx=0 comp rx=0 tx=0).stop
2024-04-24T16:34:06.359 INFO:teuthology.orchestra.run.smithi071.stdout:/usr/bin/ceph: stderr
2024-04-24T16:34:05.798+0000 7f653ab53700 1 -- 172.21.15.71:0/3107628288 >> 172.21.15.71:0/3107628288 conn(0x7f6534101be0 msgr2=0x7f65341026c0 unknown :-1 s=STATE_NONE l=0).mark_down
2024-04-24T16:34:06.359 INFO:teuthology.orchestra.run.smithi071.stdout:/usr/bin/ceph: stderr
2024-04-24T16:34:05.798+0000 7f653ab53700 1 -- 172.21.15.71:0/3107628288 shutdown_connections
2024-04-24T16:34:06.359 INFO:teuthology.orchestra.run.smithi071.stdout:/usr/bin/ceph: stderr
2024-04-24T16:34:05.798+0000 7f653ab53700 1 -- 172.21.15.71:0/3107628288 wait complete.
2024-04-24T16:34:06.359 INFO:teuthology.orchestra.run.smithi071.stdout:Deploying node-exporter service with default placement...
2024-04-24T16:34:06.959 INFO:journalctl@ceph.mon.smithi071.smithi071.stdout:Apr 24 16:34:06 smithi071 ceph-mon[26691]: from='client.14152 -' entity='client.admin' cmd=[{"prefix": "orch apply", "service_type": "grafana", "target": ["mon-mgr", ""]}]: dispatch
2024-04-24T16:34:06.959 INFO:journalctl@ceph.mon.smithi071.smithi071.stdout:Apr 24 16:34:06 smithi071 ceph-mon[26691]: Saving service grafana spec with placement count:1
2024-04-24T16:34:06.959 INFO:journalctl@ceph.mon.smithi071.smithi071.stdout:Apr 24 16:34:06 smithi071 ceph-mon[26691]: from='mgr.14120 172.21.15.71:0/3172790378' entity='mgr.smithi071.tvdkgb'
2024-04-24T16:34:07.527 INFO:teuthology.orchestra.run.smithi071.stdout:/usr/bin/ceph: stdout Scheduled node-exporter update...
2024-04-24T16:34:07.528 INFO:teuthology.orchestra.run.smithi071.stdout:/usr/bin/ceph: stderr
2024-04-24T16:34:06.742+0000 7fb9a1fe2700 1 Processor -- start
2024-04-24T16:34:07.528 INFO:teuthology.orchestra.run.smithi071.stdout:/usr/bin/ceph: stderr
2024-04-24T16:34:06.742+0000 7fb9a1fe2700 1 -- start start
2024-04-24T16:34:07.528 INFO:teuthology.orchestra.run.smithi071.stdout:/usr/bin/ceph: stderr
2024-04-24T16:34:06.742+0000 7fb9a1fe2700 1 --2- >> [v2:172.21.15.71:3300/0,v1:172.21.15.71:6789/0] conn(0x7fb99c104e90 0x7fb99c1052b0 unknown :-1 s=NONE pgs=0 cs=0 l=0 rev1=0 crypto rx=0 tx=0 comp rx=0 tx=0).connect
2024-04-24T16:34:07.528 INFO:teuthology.orchestra.run.smithi071.stdout:/usr/bin/ceph: stderr
2024-04-24T16:34:06.742+0000 7fb9a1fe2700 1 -- --> [v2:172.21.15.71:3300/0,v1:172.21.15.71:6789/0] -- mon_getmap magic: 0 v1 -- 0x7fb99c079e70 con 0x7fb99c104e90
2024-04-24T16:34:07.528 INFO:teuthology.orchestra.run.smithi071.stdout:/usr/bin/ceph: stderr
2024-04-24T16:34:06.742+0000 7fb99b7fe700 1 --2- >> [v2:172.21.15.71:3300/0,v1:172.21.15.71:6789/0] conn(0x7fb99c104e90 0x7fb99c1052b0 unknown :-1 s=BANNER_CONNECTING pgs=0 cs=0 l=0 rev1=0 crypto rx=0 tx=0 comp rx=0 tx=0)._handle_peer_banner_payload supported=3 required=0
2024-04-24T16:34:07.528 INFO:teuthology.orchestra.run.smithi071.stdout:/usr/bin/ceph: stderr
2024-04-24T16:34:06.742+0000 7fb99b7fe700 1 --2- >> [v2:172.21.15.71:3300/0,v1:172.21.15.71:6789/0] conn(0x7fb99c104e90 0x7fb99c1052b0 unknown :-1 s=HELLO_CONNECTING pgs=0 cs=0 l=0 rev1=1 crypto rx=0 tx=0 comp rx=0 tx=0).handle_hello peer v2:172.21.15.71:3300/0 says I am v2:172.21.15.71:34482/0 (socket says 172.21.15.71:34482)
2024-04-24T16:34:07.528 INFO:teuthology.orchestra.run.smithi071.stdout:/usr/bin/ceph: stderr
2024-04-24T16:34:06.742+0000 7fb99b7fe700 1 -- 172.21.15.71:0/2136293917 learned_addr learned my addr 172.21.15.71:0/2136293917 (peer_addr_for_me v2:172.21.15.71:0/0)
2024-04-24T16:34:07.528 INFO:teuthology.orchestra.run.smithi071.stdout:/usr/bin/ceph: stderr
2024-04-24T16:34:06.743+0000 7fb99b7fe700 1 -- 172.21.15.71:0/2136293917 --> [v2:172.21.15.71:3300/0,v1:172.21.15.71:6789/0] -- mon_subscribe({config=0+,monmap=0+}) v3 -- 0x7fb99c1057f0 con 0x7fb99c104e90
2024-04-24T16:34:07.528 INFO:teuthology.orchestra.run.smithi071.stdout:/usr/bin/ceph: stderr
2024-04-24T16:34:06.743+0000 7fb99b7fe700 1 --2- 172.21.15.71:0/2136293917 >> [v2:172.21.15.71:3300/0,v1:172.21.15.71:6789/0] conn(0x7fb99c104e90 0x7fb99c1052b0 secure :-1 s=READY pgs=59 cs=0 l=1 rev1=1 crypto rx=0x7fb98c0098a0 tx=0x7fb98c009bb0 comp rx=0 tx=0).ready entity=mon.0 client_cookie=d18847d64e2aeeec server_cookie=0 in_seq=0 out_seq=0
2024-04-24T16:34:07.528 INFO:teuthology.orchestra.run.smithi071.stdout:/usr/bin/ceph: stderr
2024-04-24T16:34:06.743+0000 7fb99affd700 1 -- 172.21.15.71:0/2136293917 <== mon.0 v2:172.21.15.71:3300/0 1 ==== mon_map magic: 0 v1 ==== 229+0+0 (secure 0 0 0) 0x7fb98c004180 con 0x7fb99c104e90
2024-04-24T16:34:07.528 INFO:teuthology.orchestra.run.smithi071.stdout:/usr/bin/ceph: stderr
2024-04-24T16:34:06.743+0000 7fb99affd700 1 -- 172.21.15.71:0/2136293917 <== mon.0 v2:172.21.15.71:3300/0 2 ==== config(27 keys) v1 ==== 1109+0+0 (secure 0 0 0) 0x7fb98c0042e0 con 0x7fb99c104e90
2024-04-24T16:34:07.528 INFO:teuthology.orchestra.run.smithi071.stdout:/usr/bin/ceph: stderr
2024-04-24T16:34:06.743+0000 7fb99affd700 1 -- 172.21.15.71:0/2136293917 <== mon.0 v2:172.21.15.71:3300/0 3 ==== mon_map magic: 0 v1 ==== 229+0+0 (secure 0 0 0) 0x7fb98c011b10 con 0x7fb99c104e90
2024-04-24T16:34:07.528 INFO:teuthology.orchestra.run.smithi071.stdout:/usr/bin/ceph: stderr
2024-04-24T16:34:06.744+0000 7fb9a1fe2700 1 -- 172.21.15.71:0/2136293917 >> [v2:172.21.15.71:3300/0,v1:172.21.15.71:6789/0] conn(0x7fb99c104e90 msgr2=0x7fb99c1052b0 secure :-1 s=STATE_CONNECTION_ESTABLISHED l=1).mark_down
2024-04-24T16:34:07.528 INFO:teuthology.orchestra.run.smithi071.stdout:/usr/bin/ceph: stderr
2024-04-24T16:34:06.744+0000 7fb9a1fe2700 1 --2- 172.21.15.71:0/2136293917 >> [v2:172.21.15.71:3300/0,v1:172.21.15.71:6789/0] conn(0x7fb99c104e90 0x7fb99c1052b0 secure :-1 s=READY pgs=59 cs=0 l=1 rev1=1 crypto rx=0x7fb98c0098a0 tx=0x7fb98c009bb0 comp rx=0 tx=0).stop
2024-04-24T16:34:07.529 INFO:teuthology.orchestra.run.smithi071.stdout:/usr/bin/ceph: stderr
2024-04-24T16:34:06.744+0000 7fb9a1fe2700 1 -- 172.21.15.71:0/2136293917 shutdown_connections
2024-04-24T16:34:07.529 INFO:teuthology.orchestra.run.smithi071.stdout:/usr/bin/ceph: stderr
2024-04-24T16:34:06.744+0000 7fb9a1fe2700 1 --2- 172.21.15.71:0/2136293917 >> [v2:172.21.15.71:3300/0,v1:172.21.15.71:6789/0] conn(0x7fb99c104e90 0x7fb99c1052b0 unknown :-1 s=CLOSED pgs=59 cs=0 l=1 rev1=1 crypto rx=0 tx=0 comp rx=0 tx=0).stop
2024-04-24T16:34:07.529 INFO:teuthology.orchestra.run.smithi071.stdout:/usr/bin/ceph: stderr
2024-04-24T16:34:06.744+0000 7fb9a1fe2700 1 -- 172.21.15.71:0/2136293917 >> 172.21.15.71:0/2136293917 conn(0x7fb99c100ab0 msgr2=0x7fb99c102ed0 unknown :-1 s=STATE_NONE l=0).mark_down
2024-04-24T16:34:07.529 INFO:teuthology.orchestra.run.smithi071.stdout:/usr/bin/ceph: stderr
2024-04-24T16:34:06.744+0000 7fb9a1fe2700 1 -- 172.21.15.71:0/2136293917 shutdown_connections
2024-04-24T16:34:07.529 INFO:teuthology.orchestra.run.smithi071.stdout:/usr/bin/ceph: stderr
2024-04-24T16:34:06.744+0000 7fb9a1fe2700 1 -- 172.21.15.71:0/2136293917 wait complete.
2024-04-24T16:34:07.529 INFO:teuthology.orchestra.run.smithi071.stdout:/usr/bin/ceph: stderr
2024-04-24T16:34:06.744+0000 7fb9a1fe2700 1 Processor -- start
2024-04-24T16:34:07.529 INFO:teuthology.orchestra.run.smithi071.stdout:/usr/bin/ceph: stderr
2024-04-24T16:34:06.744+0000 7fb9a1fe2700 1 -- start start
2024-04-24T16:34:07.529 INFO:teuthology.orchestra.run.smithi071.stdout:/usr/bin/ceph: stderr
2024-04-24T16:34:06.745+0000 7fb9a1fe2700 1 --2- >> [v2:172.21.15.71:3300/0,v1:172.21.15.71:6789/0] conn(0x7fb99c104e90 0x7fb99c19c510 unknown :-1 s=NONE pgs=0 cs=0 l=1 rev1=0 crypto rx=0 tx=0 comp rx=0 tx=0).connect
2024-04-24T16:34:07.529 INFO:teuthology.orchestra.run.smithi071.stdout:/usr/bin/ceph: stderr
2024-04-24T16:34:06.745+0000 7fb9a1fe2700 1 -- --> [v2:172.21.15.71:3300/0,v1:172.21.15.71:6789/0] -- mon_getmap magic: 0 v1 -- 0x7fb99c19ca50 con 0x7fb99c104e90
2024-04-24T16:34:07.529 INFO:teuthology.orchestra.run.smithi071.stdout:/usr/bin/ceph: stderr
2024-04-24T16:34:06.745+0000 7fb99b7fe700 1 --2- >> [v2:172.21.15.71:3300/0,v1:172.21.15.71:6789/0] conn(0x7fb99c104e90 0x7fb99c19c510 unknown :-1 s=BANNER_CONNECTING pgs=0 cs=0 l=1 rev1=0 crypto rx=0 tx=0 comp rx=0 tx=0)._handle_peer_banner_payload supported=3 required=0
2024-04-24T16:34:07.529 INFO:teuthology.orchestra.run.smithi071.stdout:/usr/bin/ceph: stderr
2024-04-24T16:34:06.745+0000 7fb99b7fe700 1 --2- >> [v2:172.21.15.71:3300/0,v1:172.21.15.71:6789/0] conn(0x7fb99c104e90 0x7fb99c19c510 unknown :-1 s=HELLO_CONNECTING pgs=0 cs=0 l=1 rev1=1 crypto rx=0 tx=0 comp rx=0 tx=0).handle_hello peer v2:172.21.15.71:3300/0 says I am v2:172.21.15.71:34492/0 (socket says 172.21.15.71:34492)
2024-04-24T16:34:07.529 INFO:teuthology.orchestra.run.smithi071.stdout:/usr/bin/ceph: stderr
2024-04-24T16:34:06.745+0000 7fb99b7fe700 1 -- 172.21.15.71:0/1888926751 learned_addr learned my addr 172.21.15.71:0/1888926751 (peer_addr_for_me v2:172.21.15.71:0/0)
2024-04-24T16:34:07.529 INFO:teuthology.orchestra.run.smithi071.stdout:/usr/bin/ceph: stderr
2024-04-24T16:34:06.745+0000 7fb99b7fe700 1 -- 172.21.15.71:0/1888926751 --> [v2:172.21.15.71:3300/0,v1:172.21.15.71:6789/0] -- mon_subscribe({config=0+,monmap=0+}) v3 -- 0x7fb98c009550 con 0x7fb99c104e90
2024-04-24T16:34:07.529 INFO:teuthology.orchestra.run.smithi071.stdout:/usr/bin/ceph: stderr
2024-04-24T16:34:06.745+0000 7fb99b7fe700 1 --2- 172.21.15.71:0/1888926751 >> [v2:172.21.15.71:3300/0,v1:172.21.15.71:6789/0] conn(0x7fb99c104e90 0x7fb99c19c510 secure :-1 s=READY pgs=60 cs=0 l=1 rev1=1 crypto rx=0x7fb98c009fb0 tx=0x7fb98c011890 comp rx=0 tx=0).ready entity=mon.0 client_cookie=0 server_cookie=0 in_seq=0 out_seq=0
2024-04-24T16:34:07.530 INFO:teuthology.orchestra.run.smithi071.stdout:/usr/bin/ceph: stderr
2024-04-24T16:34:06.745+0000 7fb9997fa700 1 -- 172.21.15.71:0/1888926751 <== mon.0 v2:172.21.15.71:3300/0 1 ==== mon_map magic: 0 v1 ==== 229+0+0 (secure 0 0 0) 0x7fb98c0038b0 con 0x7fb99c104e90
2024-04-24T16:34:07.530 INFO:teuthology.orchestra.run.smithi071.stdout:/usr/bin/ceph: stderr
2024-04-24T16:34:06.745+0000 7fb9997fa700 1 -- 172.21.15.71:0/1888926751 <== mon.0 v2:172.21.15.71:3300/0 2 ==== config(27 keys) v1 ==== 1109+0+0 (secure 0 0 0) 0x7fb98c003a10 con 0x7fb99c104e90
2024-04-24T16:34:07.530 INFO:teuthology.orchestra.run.smithi071.stdout:/usr/bin/ceph: stderr
2024-04-24T16:34:06.745+0000 7fb9a1fe2700 1 -- 172.21.15.71:0/1888926751 --> [v2:172.21.15.71:3300/0,v1:172.21.15.71:6789/0] -- mon_subscribe({mgrmap=0+}) v3 -- 0x7fb99c19cc50 con 0x7fb99c104e90
2024-04-24T16:34:07.530 INFO:teuthology.orchestra.run.smithi071.stdout:/usr/bin/ceph: stderr
2024-04-24T16:34:06.745+0000 7fb9997fa700 1 -- 172.21.15.71:0/1888926751 <== mon.0 v2:172.21.15.71:3300/0 3 ==== mon_map magic: 0 v1 ==== 229+0+0 (secure 0 0 0) 0x7fb98c019750 con 0x7fb99c104e90
2024-04-24T16:34:07.530 INFO:teuthology.orchestra.run.smithi071.stdout:/usr/bin/ceph: stderr
2024-04-24T16:34:06.745+0000 7fb9a1fe2700 1 -- 172.21.15.71:0/1888926751 --> [v2:172.21.15.71:3300/0,v1:172.21.15.71:6789/0] -- mon_subscribe({osdmap=0}) v3 -- 0x7fb99c19d0f0 con 0x7fb99c104e90
2024-04-24T16:34:07.530 INFO:teuthology.orchestra.run.smithi071.stdout:/usr/bin/ceph: stderr
2024-04-24T16:34:06.746+0000 7fb9997fa700 1 -- 172.21.15.71:0/1888926751 <== mon.0 v2:172.21.15.71:3300/0 4 ==== mgrmap(e 8) v1 ==== 45556+0+0 (secure 0 0 0) 0x7fb98c0198b0 con 0x7fb99c104e90
2024-04-24T16:34:07.530 INFO:teuthology.orchestra.run.smithi071.stdout:/usr/bin/ceph: stderr
2024-04-24T16:34:06.746+0000 7fb9a1fe2700 1 -- 172.21.15.71:0/1888926751 --> [v2:172.21.15.71:3300/0,v1:172.21.15.71:6789/0] -- mon_command({"prefix": "get_command_descriptions"} v 0) v1 -- 0x7fb99c196260 con 0x7fb99c104e90
2024-04-24T16:34:07.530 INFO:teuthology.orchestra.run.smithi071.stdout:/usr/bin/ceph: stderr
2024-04-24T16:34:06.746+0000 7fb9997fa700 1 --2- 172.21.15.71:0/1888926751 >> [v2:172.21.15.71:6800/32699560,v1:172.21.15.71:6801/32699560] conn(0x7fb988038730 0x7fb98803abf0 unknown :-1 s=NONE pgs=0 cs=0 l=1 rev1=0 crypto rx=0 tx=0 comp rx=0 tx=0).connect
2024-04-24T16:34:07.530 INFO:teuthology.orchestra.run.smithi071.stdout:/usr/bin/ceph: stderr
2024-04-24T16:34:06.746+0000 7fb9997fa700 1 -- 172.21.15.71:0/1888926751 <== mon.0 v2:172.21.15.71:3300/0 5 ==== osd_map(2..2 src has 1..2) v4 ==== 940+0+0 (secure 0 0 0) 0x7fb98c04cab0 con 0x7fb99c104e90
2024-04-24T16:34:07.530 INFO:teuthology.orchestra.run.smithi071.stdout:/usr/bin/ceph: stderr
2024-04-24T16:34:06.746+0000 7fb992ffd700 1 --2- 172.21.15.71:0/1888926751 >> [v2:172.21.15.71:6800/32699560,v1:172.21.15.71:6801/32699560] conn(0x7fb988038730 0x7fb98803abf0 unknown :-1 s=BANNER_CONNECTING pgs=0 cs=0 l=1 rev1=0 crypto rx=0 tx=0 comp rx=0 tx=0)._handle_peer_banner_payload supported=3 required=0
2024-04-24T16:34:07.530 INFO:teuthology.orchestra.run.smithi071.stdout:/usr/bin/ceph: stderr
2024-04-24T16:34:06.747+0000 7fb992ffd700 1 --2- 172.21.15.71:0/1888926751 >> [v2:172.21.15.71:6800/32699560,v1:172.21.15.71:6801/32699560] conn(0x7fb988038730 0x7fb98803abf0 secure :-1 s=READY pgs=18 cs=0 l=1 rev1=1 crypto rx=0x7fb984006fd0 tx=0x7fb984006e40 comp rx=0 tx=0).ready entity=mgr.14120 client_cookie=0 server_cookie=0 in_seq=0 out_seq=0
2024-04-24T16:34:07.530 INFO:teuthology.orchestra.run.smithi071.stdout:/usr/bin/ceph: stderr
2024-04-24T16:34:06.751+0000 7fb9997fa700 1 -- 172.21.15.71:0/1888926751 <== mon.0 v2:172.21.15.71:3300/0 6 ==== mon_command_ack([{"prefix": "get_command_descriptions"}]=0 v0) v1 ==== 72+0+183351 (secure 0 0 0) 0x7fb98c022bd0 con 0x7fb99c104e90
2024-04-24T16:34:07.530 INFO:teuthology.orchestra.run.smithi071.stdout:/usr/bin/ceph: stderr
2024-04-24T16:34:06.960+0000 7fb9a1fe2700 1 -- 172.21.15.71:0/1888926751 --> [v2:172.21.15.71:6800/32699560,v1:172.21.15.71:6801/32699560] -- mgr_command(tid 0: {"prefix": "orch apply", "service_type": "node-exporter", "target": ["mon-mgr", ""]}) v1 -- 0x7fb99c02cfb0 con 0x7fb988038730
2024-04-24T16:34:07.531 INFO:teuthology.orchestra.run.smithi071.stdout:/usr/bin/ceph: stderr
2024-04-24T16:34:06.965+0000 7fb9997fa700 1 -- 172.21.15.71:0/1888926751 <== mgr.14120 v2:172.21.15.71:6800/32699560 1 ==== mgr_command_reply(tid 0: 0 ) v1 ==== 8+0+34 (secure 0 0 0) 0x7fb99c02cfb0 con 0x7fb988038730
2024-04-24T16:34:07.531 INFO:teuthology.orchestra.run.smithi071.stdout:/usr/bin/ceph: stderr
2024-04-24T16:34:06.967+0000 7fb9a1fe2700 1 -- 172.21.15.71:0/1888926751 >> [v2:172.21.15.71:6800/32699560,v1:172.21.15.71:6801/32699560] conn(0x7fb988038730 msgr2=0x7fb98803abf0 secure :-1 s=STATE_CONNECTION_ESTABLISHED l=1).mark_down
2024-04-24T16:34:07.531 INFO:teuthology.orchestra.run.smithi071.stdout:/usr/bin/ceph: stderr
2024-04-24T16:34:06.967+0000 7fb9a1fe2700 1 --2- 172.21.15.71:0/1888926751 >> [v2:172.21.15.71:6800/32699560,v1:172.21.15.71:6801/32699560] conn(0x7fb988038730 0x7fb98803abf0 secure :-1 s=READY pgs=18 cs=0 l=1 rev1=1 crypto rx=0x7fb984006fd0 tx=0x7fb984006e40 comp rx=0 tx=0).stop
2024-04-24T16:34:07.531 INFO:teuthology.orchestra.run.smithi071.stdout:/usr/bin/ceph: stderr
2024-04-24T16:34:06.967+0000 7fb9a1fe2700 1 -- 172.21.15.71:0/1888926751 >> [v2:172.21.15.71:3300/0,v1:172.21.15.71:6789/0] conn(0x7fb99c104e90 msgr2=0x7fb99c19c510 secure :-1 s=STATE_CONNECTION_ESTABLISHED l=1).mark_down
2024-04-24T16:34:07.531 INFO:teuthology.orchestra.run.smithi071.stdout:/usr/bin/ceph: stderr
2024-04-24T16:34:06.967+0000 7fb9a1fe2700 1 --2- 172.21.15.71:0/1888926751 >> [v2:172.21.15.71:3300/0,v1:172.21.15.71:6789/0] conn(0x7fb99c104e90 0x7fb99c19c510 secure :-1 s=READY pgs=60 cs=0 l=1 rev1=1 crypto rx=0x7fb98c009fb0 tx=0x7fb98c011890 comp rx=0 tx=0).stop
2024-04-24T16:34:07.531 INFO:teuthology.orchestra.run.smithi071.stdout:/usr/bin/ceph: stderr
2024-04-24T16:34:06.968+0000 7fb9a1fe2700 1 -- 172.21.15.71:0/1888926751 shutdown_connections
2024-04-24T16:34:07.531 INFO:teuthology.orchestra.run.smithi071.stdout:/usr/bin/ceph: stderr
2024-04-24T16:34:06.968+0000 7fb9a1fe2700 1 --2- 172.21.15.71:0/1888926751 >> [v2:172.21.15.71:6800/32699560,v1:172.21.15.71:6801/32699560] conn(0x7fb988038730 0x7fb98803abf0 unknown :-1 s=CLOSED pgs=18 cs=0 l=1 rev1=1 crypto rx=0 tx=0 comp rx=0 tx=0).stop
2024-04-24T16:34:07.531 INFO:teuthology.orchestra.run.smithi071.stdout:/usr/bin/ceph: stderr
2024-04-24T16:34:06.968+0000 7fb9a1fe2700 1 --2- 172.21.15.71:0/1888926751 >> [v2:172.21.15.71:3300/0,v1:172.21.15.71:6789/0] conn(0x7fb99c104e90 0x7fb99c19c510 unknown :-1 s=CLOSED pgs=60 cs=0 l=1 rev1=1 crypto rx=0 tx=0 comp rx=0 tx=0).stop
2024-04-24T16:34:07.531 INFO:teuthology.orchestra.run.smithi071.stdout:/usr/bin/ceph: stderr
2024-04-24T16:34:06.968+0000 7fb9a1fe2700 1 -- 172.21.15.71:0/1888926751 >> 172.21.15.71:0/1888926751 conn(0x7fb99c100ab0 msgr2=0x7fb99c1933a0 unknown :-1 s=STATE_NONE l=0).mark_down
2024-04-24T16:34:07.531 INFO:teuthology.orchestra.run.smithi071.stdout:/usr/bin/ceph: stderr
2024-04-24T16:34:06.968+0000 7fb9a1fe2700 1 -- 172.21.15.71:0/1888926751 shutdown_connections
2024-04-24T16:34:07.531 INFO:teuthology.orchestra.run.smithi071.stdout:/usr/bin/ceph: stderr
2024-04-24T16:34:06.968+0000 7fb9a1fe2700 1 -- 172.21.15.71:0/1888926751 wait complete.
2024-04-24T16:34:07.531 INFO:teuthology.orchestra.run.smithi071.stdout:Deploying alertmanager service with default placement...
2024-04-24T16:34:08.010 INFO:journalctl@ceph.mon.smithi071.smithi071.stdout:Apr 24 16:34:07 smithi071 ceph-mon[26691]: pgmap v3: 0 pgs: ; 0 B data, 0 B used, 0 B / 0 B avail
2024-04-24T16:34:08.010 INFO:journalctl@ceph.mon.smithi071.smithi071.stdout:Apr 24 16:34:07 smithi071 ceph-mon[26691]: from='client.14154 -' entity='client.admin' cmd=[{"prefix": "orch apply", "service_type": "node-exporter", "target": ["mon-mgr", ""]}]: dispatch
2024-04-24T16:34:08.010 INFO:journalctl@ceph.mon.smithi071.smithi071.stdout:Apr 24 16:34:07 smithi071 ceph-mon[26691]: Saving service node-exporter spec with placement *
2024-04-24T16:34:08.010 INFO:journalctl@ceph.mon.smithi071.smithi071.stdout:Apr 24 16:34:07 smithi071 ceph-mon[26691]: from='mgr.14120 172.21.15.71:0/3172790378' entity='mgr.smithi071.tvdkgb'
2024-04-24T16:34:08.675 INFO:teuthology.orchestra.run.smithi071.stdout:/usr/bin/ceph: stdout Scheduled alertmanager update...
2024-04-24T16:34:08.676 INFO:teuthology.orchestra.run.smithi071.stdout:/usr/bin/ceph: stderr
2024-04-24T16:34:07.945+0000 7f49bbca6700 1 Processor -- start
2024-04-24T16:34:08.676 INFO:teuthology.orchestra.run.smithi071.stdout:/usr/bin/ceph: stderr
2024-04-24T16:34:07.945+0000 7f49bbca6700 1 -- start start
2024-04-24T16:34:08.676 INFO:teuthology.orchestra.run.smithi071.stdout:/usr/bin/ceph: stderr
2024-04-24T16:34:07.946+0000 7f49bbca6700 1 --2- >> [v2:172.21.15.71:3300/0,v1:172.21.15.71:6789/0] conn(0x7f49b4107080 0x7f49b4109470 unknown :-1 s=NONE pgs=0 cs=0 l=0 rev1=0 crypto rx=0 tx=0 comp rx=0 tx=0).connect
2024-04-24T16:34:08.676 INFO:teuthology.orchestra.run.smithi071.stdout:/usr/bin/ceph: stderr
2024-04-24T16:34:07.946+0000 7f49bbca6700 1 -- --> [v2:172.21.15.71:3300/0,v1:172.21.15.71:6789/0] -- mon_getmap magic: 0 v1 -- 0x7f49b4074750 con 0x7f49b4107080
2024-04-24T16:34:08.676 INFO:teuthology.orchestra.run.smithi071.stdout:/usr/bin/ceph: stderr
2024-04-24T16:34:07.946+0000 7f49b9a42700 1 --2- >> [v2:172.21.15.71:3300/0,v1:172.21.15.71:6789/0] conn(0x7f49b4107080 0x7f49b4109470 unknown :-1 s=BANNER_CONNECTING pgs=0 cs=0 l=0 rev1=0 crypto rx=0 tx=0 comp rx=0 tx=0)._handle_peer_banner_payload supported=3 required=0
2024-04-24T16:34:08.676 INFO:teuthology.orchestra.run.smithi071.stdout:/usr/bin/ceph: stderr
2024-04-24T16:34:07.946+0000 7f49b9a42700 1 --2- >> [v2:172.21.15.71:3300/0,v1:172.21.15.71:6789/0] conn(0x7f49b4107080 0x7f49b4109470 unknown :-1 s=HELLO_CONNECTING pgs=0 cs=0 l=0 rev1=1 crypto rx=0 tx=0 comp rx=0 tx=0).handle_hello peer v2:172.21.15.71:3300/0 says I am v2:172.21.15.71:34504/0 (socket says 172.21.15.71:34504)
2024-04-24T16:34:08.676 INFO:teuthology.orchestra.run.smithi071.stdout:/usr/bin/ceph: stderr
2024-04-24T16:34:07.946+0000 7f49b9a42700 1 -- 172.21.15.71:0/552817687 learned_addr learned my addr 172.21.15.71:0/552817687 (peer_addr_for_me v2:172.21.15.71:0/0)
2024-04-24T16:34:08.676 INFO:teuthology.orchestra.run.smithi071.stdout:/usr/bin/ceph: stderr
2024-04-24T16:34:07.946+0000 7f49b9a42700 1 -- 172.21.15.71:0/552817687 --> [v2:172.21.15.71:3300/0,v1:172.21.15.71:6789/0] -- mon_subscribe({config=0+,monmap=0+}) v3 -- 0x7f49b41099b0 con 0x7f49b4107080
2024-04-24T16:34:08.676 INFO:teuthology.orchestra.run.smithi071.stdout:/usr/bin/ceph: stderr
2024-04-24T16:34:07.946+0000 7f49b9a42700 1 --2- 172.21.15.71:0/552817687 >> [v2:172.21.15.71:3300/0,v1:172.21.15.71:6789/0] conn(0x7f49b4107080 0x7f49b4109470 secure :-1 s=READY pgs=61 cs=0 l=1 rev1=1 crypto rx=0x7f49a40098a0 tx=0x7f49a4009bb0 comp rx=0 tx=0).ready entity=mon.0 client_cookie=d1698050852bb010 server_cookie=0 in_seq=0 out_seq=0
2024-04-24T16:34:08.676 INFO:teuthology.orchestra.run.smithi071.stdout:/usr/bin/ceph: stderr
2024-04-24T16:34:07.946+0000 7f49b8a40700 1 -- 172.21.15.71:0/552817687 <== mon.0 v2:172.21.15.71:3300/0 1 ==== mon_map magic: 0 v1 ==== 229+0+0 (secure 0 0 0) 0x7f49a4004180 con 0x7f49b4107080
2024-04-24T16:34:08.676 INFO:teuthology.orchestra.run.smithi071.stdout:/usr/bin/ceph: stderr
2024-04-24T16:34:07.946+0000 7f49b8a40700 1 -- 172.21.15.71:0/552817687 <== mon.0 v2:172.21.15.71:3300/0 2 ==== config(27 keys) v1 ==== 1109+0+0 (secure 0 0 0) 0x7f49a40042e0 con 0x7f49b4107080
2024-04-24T16:34:08.677 INFO:teuthology.orchestra.run.smithi071.stdout:/usr/bin/ceph: stderr
2024-04-24T16:34:07.946+0000 7f49b8a40700 1 -- 172.21.15.71:0/552817687 <== mon.0 v2:172.21.15.71:3300/0 3 ==== mon_map magic: 0 v1 ==== 229+0+0 (secure 0 0 0) 0x7f49a4011b10 con 0x7f49b4107080
2024-04-24T16:34:08.677 INFO:teuthology.orchestra.run.smithi071.stdout:/usr/bin/ceph: stderr
2024-04-24T16:34:07.947+0000 7f49bbca6700 1 -- 172.21.15.71:0/552817687 >> [v2:172.21.15.71:3300/0,v1:172.21.15.71:6789/0] conn(0x7f49b4107080 msgr2=0x7f49b4109470 secure :-1 s=STATE_CONNECTION_ESTABLISHED l=1).mark_down
2024-04-24T16:34:08.677 INFO:teuthology.orchestra.run.smithi071.stdout:/usr/bin/ceph: stderr
2024-04-24T16:34:07.947+0000 7f49bbca6700 1 --2- 172.21.15.71:0/552817687 >> [v2:172.21.15.71:3300/0,v1:172.21.15.71:6789/0] conn(0x7f49b4107080 0x7f49b4109470 secure :-1 s=READY pgs=61 cs=0 l=1 rev1=1 crypto rx=0x7f49a40098a0 tx=0x7f49a4009bb0 comp rx=0 tx=0).stop
2024-04-24T16:34:08.677 INFO:teuthology.orchestra.run.smithi071.stdout:/usr/bin/ceph: stderr
2024-04-24T16:34:07.947+0000 7f49bbca6700 1 -- 172.21.15.71:0/552817687 shutdown_connections
2024-04-24T16:34:08.677 INFO:teuthology.orchestra.run.smithi071.stdout:/usr/bin/ceph: stderr
2024-04-24T16:34:07.947+0000 7f49bbca6700 1 --2- 172.21.15.71:0/552817687 >> [v2:172.21.15.71:3300/0,v1:172.21.15.71:6789/0] conn(0x7f49b4107080 0x7f49b4109470 unknown :-1 s=CLOSED pgs=61 cs=0 l=1 rev1=1 crypto rx=0 tx=0 comp rx=0 tx=0).stop
2024-04-24T16:34:08.677 INFO:teuthology.orchestra.run.smithi071.stdout:/usr/bin/ceph: stderr
2024-04-24T16:34:07.947+0000 7f49bbca6700 1 -- 172.21.15.71:0/552817687 >> 172.21.15.71:0/552817687 conn(0x7f49b4100a50 msgr2=0x7f49b4102e90 unknown :-1 s=STATE_NONE l=0).mark_down
2024-04-24T16:34:08.677 INFO:teuthology.orchestra.run.smithi071.stdout:/usr/bin/ceph: stderr
2024-04-24T16:34:07.947+0000 7f49bbca6700 1 -- 172.21.15.71:0/552817687 shutdown_connections
2024-04-24T16:34:08.677 INFO:teuthology.orchestra.run.smithi071.stdout:/usr/bin/ceph: stderr
2024-04-24T16:34:07.947+0000 7f49bbca6700 1 -- 172.21.15.71:0/552817687 wait complete.
2024-04-24T16:34:08.677 INFO:teuthology.orchestra.run.smithi071.stdout:/usr/bin/ceph: stderr
2024-04-24T16:34:07.948+0000 7f49bbca6700 1 Processor -- start
2024-04-24T16:34:08.677 INFO:teuthology.orchestra.run.smithi071.stdout:/usr/bin/ceph: stderr
2024-04-24T16:34:07.948+0000 7f49bbca6700 1 -- start start
2024-04-24T16:34:08.677 INFO:teuthology.orchestra.run.smithi071.stdout:/usr/bin/ceph: stderr
2024-04-24T16:34:07.948+0000 7f49bbca6700 1 --2- >> [v2:172.21.15.71:3300/0,v1:172.21.15.71:6789/0] conn(0x7f49b4107080 0x7f49b419a320 unknown :-1 s=NONE pgs=0 cs=0 l=1 rev1=0 crypto rx=0 tx=0 comp rx=0 tx=0).connect
2024-04-24T16:34:08.677 INFO:teuthology.orchestra.run.smithi071.stdout:/usr/bin/ceph: stderr
2024-04-24T16:34:07.948+0000 7f49bbca6700 1 -- --> [v2:172.21.15.71:3300/0,v1:172.21.15.71:6789/0] -- mon_getmap magic: 0 v1 -- 0x7f49b419a860 con 0x7f49b4107080
