2024-04-24T16:49:23.596+0000 7f3cfa4e4700 1 --2- 172.21.15.55:0/2617186469 >> [v2:172.21.15.55:3300/0,v1:172.21.15.55:6789/0] conn(0x7f3cf4101da0 0x7f3cf4107960 secure :-1 s=READY pgs=70 cs=0 l=1 rev1=1 crypto rx=0x7f3ce40090b0 tx=0x7f3ce4009250 comp rx=0 tx=0).stop
2024-04-24T16:49:24.090 INFO:teuthology.orchestra.run.smithi055.stdout:/usr/bin/ceph: stderr
2024-04-24T16:49:23.597+0000 7f3cfa4e4700 1 -- 172.21.15.55:0/2617186469 shutdown_connections
2024-04-24T16:49:24.090 INFO:teuthology.orchestra.run.smithi055.stdout:/usr/bin/ceph: stderr
2024-04-24T16:49:23.597+0000 7f3cfa4e4700 1 --2- 172.21.15.55:0/2617186469 >> [v2:172.21.15.55:6800/1510578219,v1:172.21.15.55:6801/1510578219] conn(0x7f3cdc036850 0x7f3cdc038d00 unknown :-1 s=CLOSED pgs=0 cs=0 l=1 rev1=0 crypto rx=0 tx=0 comp rx=0 tx=0).stop
2024-04-24T16:49:24.090 INFO:teuthology.orchestra.run.smithi055.stdout:/usr/bin/ceph: stderr
2024-04-24T16:49:23.597+0000 7f3cfa4e4700 1 --2- 172.21.15.55:0/2617186469 >> [v2:172.21.15.55:3300/0,v1:172.21.15.55:6789/0] conn(0x7f3cf4101da0 0x7f3cf4107960 unknown :-1 s=CLOSED pgs=70 cs=0 l=1 rev1=1 crypto rx=0 tx=0 comp rx=0 tx=0).stop
2024-04-24T16:49:24.090 INFO:teuthology.orchestra.run.smithi055.stdout:/usr/bin/ceph: stderr
2024-04-24T16:49:23.597+0000 7f3cfa4e4700 1 -- 172.21.15.55:0/2617186469 >> 172.21.15.55:0/2617186469 conn(0x7f3cf40fc6b0 msgr2=0x7f3cf40fd4b0 unknown :-1 s=STATE_NONE l=0).mark_down
2024-04-24T16:49:24.090 INFO:teuthology.orchestra.run.smithi055.stdout:/usr/bin/ceph: stderr
2024-04-24T16:49:23.597+0000 7f3cfa4e4700 1 -- 172.21.15.55:0/2617186469 shutdown_connections
2024-04-24T16:49:24.090 INFO:teuthology.orchestra.run.smithi055.stdout:/usr/bin/ceph: stderr
2024-04-24T16:49:23.597+0000 7f3cfa4e4700 1 -- 172.21.15.55:0/2617186469 wait complete.
2024-04-24T16:49:24.090 INFO:teuthology.orchestra.run.smithi055.stdout:Waiting for the mgr to restart...
2024-04-24T16:49:24.090 INFO:teuthology.orchestra.run.smithi055.stdout:Waiting for mgr epoch 9...
2024-04-24T16:49:24.486 INFO:journalctl@ceph.mon.smithi055.smithi055.stdout:Apr 24 16:49:24 smithi055 ceph-mon[26429]: from='client.? 172.21.15.55:0/2617186469' entity='client.admin' cmd=[{"prefix": "mgr stat"}]: dispatch
2024-04-24T16:49:29.492 INFO:journalctl@ceph.mon.smithi055.smithi055.stdout:Apr 24 16:49:29 smithi055 ceph-mon[26429]: Active manager daemon smithi055.ihoiaa restarted
2024-04-24T16:49:29.492 INFO:journalctl@ceph.mon.smithi055.smithi055.stdout:Apr 24 16:49:29 smithi055 ceph-mon[26429]: Activating manager daemon smithi055.ihoiaa
2024-04-24T16:49:29.492 INFO:journalctl@ceph.mon.smithi055.smithi055.stdout:Apr 24 16:49:29 smithi055 ceph-mon[26429]: osdmap e3: 0 total, 0 up, 0 in
2024-04-24T16:49:29.492 INFO:journalctl@ceph.mon.smithi055.smithi055.stdout:Apr 24 16:49:29 smithi055 ceph-mon[26429]: mgrmap e10: smithi055.ihoiaa(active, starting, since 0.00915696s)
2024-04-24T16:49:29.492 INFO:journalctl@ceph.mon.smithi055.smithi055.stdout:Apr 24 16:49:29 smithi055 ceph-mon[26429]: from='mgr.14162 172.21.15.55:0/2843450423' entity='mgr.smithi055.ihoiaa' cmd=[{"prefix": "mon metadata", "id": "smithi055"}]: dispatch
2024-04-24T16:49:29.493 INFO:journalctl@ceph.mon.smithi055.smithi055.stdout:Apr 24 16:49:29 smithi055 ceph-mon[26429]: from='mgr.14162 172.21.15.55:0/2843450423' entity='mgr.smithi055.ihoiaa' cmd=[{"prefix": "mgr metadata", "who": "smithi055.ihoiaa", "id": "smithi055.ihoiaa"}]: dispatch
2024-04-24T16:49:29.493 INFO:journalctl@ceph.mon.smithi055.smithi055.stdout:Apr 24 16:49:29 smithi055 ceph-mon[26429]: from='mgr.14162 172.21.15.55:0/2843450423' entity='mgr.smithi055.ihoiaa' cmd=[{"prefix": "mds metadata"}]: dispatch
2024-04-24T16:49:29.493 INFO:journalctl@ceph.mon.smithi055.smithi055.stdout:Apr 24 16:49:29 smithi055 ceph-mon[26429]: from='mgr.14162 172.21.15.55:0/2843450423' entity='mgr.smithi055.ihoiaa' cmd=[{"prefix": "osd metadata"}]: dispatch
2024-04-24T16:49:29.493 INFO:journalctl@ceph.mon.smithi055.smithi055.stdout:Apr 24 16:49:29 smithi055 ceph-mon[26429]: from='mgr.14162 172.21.15.55:0/2843450423' entity='mgr.smithi055.ihoiaa' cmd=[{"prefix": "mon metadata"}]: dispatch
2024-04-24T16:49:29.493 INFO:journalctl@ceph.mon.smithi055.smithi055.stdout:Apr 24 16:49:29 smithi055 ceph-mon[26429]: Manager daemon smithi055.ihoiaa is now available
2024-04-24T16:49:29.493 INFO:journalctl@ceph.mon.smithi055.smithi055.stdout:Apr 24 16:49:29 smithi055 ceph-mon[26429]: from='mgr.14162 172.21.15.55:0/2843450423' entity='mgr.smithi055.ihoiaa' cmd=[{"prefix": "config dump", "format": "json"}]: dispatch
2024-04-24T16:49:29.493 INFO:journalctl@ceph.mon.smithi055.smithi055.stdout:Apr 24 16:49:29 smithi055 ceph-mon[26429]: from='mgr.14162 172.21.15.55:0/2843450423' entity='mgr.smithi055.ihoiaa' cmd=[{"prefix": "config dump", "format": "json"}]: dispatch
2024-04-24T16:49:30.491 INFO:journalctl@ceph.mon.smithi055.smithi055.stdout:Apr 24 16:49:30 smithi055 ceph-mon[26429]: from='mgr.14162 172.21.15.55:0/2843450423' entity='mgr.smithi055.ihoiaa' cmd=[{"prefix":"config rm","who":"mgr","name":"mgr/rbd_support/smithi055.ihoiaa/mirror_snapshot_schedule"}]: dispatch
2024-04-24T16:49:30.492 INFO:journalctl@ceph.mon.smithi055.smithi055.stdout:Apr 24 16:49:30 smithi055 ceph-mon[26429]: from='mgr.14162 172.21.15.55:0/2843450423' entity='mgr.smithi055.ihoiaa' cmd=[{"prefix":"config rm","who":"mgr","name":"mgr/rbd_support/smithi055.ihoiaa/trash_purge_schedule"}]: dispatch
2024-04-24T16:49:30.492 INFO:journalctl@ceph.mon.smithi055.smithi055.stdout:Apr 24 16:49:30 smithi055 ceph-mon[26429]: from='mgr.14162 172.21.15.55:0/2843450423' entity='mgr.smithi055.ihoiaa'
2024-04-24T16:49:30.492 INFO:journalctl@ceph.mon.smithi055.smithi055.stdout:Apr 24 16:49:30 smithi055 ceph-mon[26429]: mgrmap e11: smithi055.ihoiaa(active, since 1.00755s)
2024-04-24T16:49:30.754 INFO:teuthology.orchestra.run.smithi055.stdout:/usr/bin/ceph: stdout {
2024-04-24T16:49:30.754 INFO:teuthology.orchestra.run.smithi055.stdout:/usr/bin/ceph: stdout "mgrmap_epoch": 11,
2024-04-24T16:49:30.754 INFO:teuthology.orchestra.run.smithi055.stdout:/usr/bin/ceph: stdout "initialized": true
2024-04-24T16:49:30.754 INFO:teuthology.orchestra.run.smithi055.stdout:/usr/bin/ceph: stdout }
2024-04-24T16:49:30.754 INFO:teuthology.orchestra.run.smithi055.stdout:/usr/bin/ceph: stderr
2024-04-24T16:49:24.502+0000 7f2982c59700 1 Processor -- start
2024-04-24T16:49:30.754 INFO:teuthology.orchestra.run.smithi055.stdout:/usr/bin/ceph: stderr
2024-04-24T16:49:24.502+0000 7f2982c59700 1 -- start start
2024-04-24T16:49:30.755 INFO:teuthology.orchestra.run.smithi055.stdout:/usr/bin/ceph: stderr
2024-04-24T16:49:24.503+0000 7f2982c59700 1 --2- >> [v2:172.21.15.55:3300/0,v1:172.21.15.55:6789/0] conn(0x7f297c101750 0x7f297c101b60 unknown :-1 s=NONE pgs=0 cs=0 l=0 rev1=0 crypto rx=0 tx=0 comp rx=0 tx=0).connect
2024-04-24T16:49:30.755 INFO:teuthology.orchestra.run.smithi055.stdout:/usr/bin/ceph: stderr
2024-04-24T16:49:24.503+0000 7f2982c59700 1 -- --> [v2:172.21.15.55:3300/0,v1:172.21.15.55:6789/0] -- mon_getmap magic: 0 v1 -- 0x7f297c1020a0 con 0x7f297c101750
2024-04-24T16:49:30.755 INFO:teuthology.orchestra.run.smithi055.stdout:/usr/bin/ceph: stderr
2024-04-24T16:49:24.503+0000 7f29809f5700 1 --2- >> [v2:172.21.15.55:3300/0,v1:172.21.15.55:6789/0] conn(0x7f297c101750 0x7f297c101b60 unknown :-1 s=BANNER_CONNECTING pgs=0 cs=0 l=0 rev1=0 crypto rx=0 tx=0 comp rx=0 tx=0)._handle_peer_banner_payload supported=3 required=0
2024-04-24T16:49:30.755 INFO:teuthology.orchestra.run.smithi055.stdout:/usr/bin/ceph: stderr
2024-04-24T16:49:24.503+0000 7f29809f5700 1 --2- >> [v2:172.21.15.55:3300/0,v1:172.21.15.55:6789/0] conn(0x7f297c101750 0x7f297c101b60 unknown :-1 s=HELLO_CONNECTING pgs=0 cs=0 l=0 rev1=1 crypto rx=0 tx=0 comp rx=0 tx=0).handle_hello peer v2:172.21.15.55:3300/0 says I am v2:172.21.15.55:38380/0 (socket says 172.21.15.55:38380)
2024-04-24T16:49:30.755 INFO:teuthology.orchestra.run.smithi055.stdout:/usr/bin/ceph: stderr
2024-04-24T16:49:24.503+0000 7f29809f5700 1 -- 172.21.15.55:0/4083929792 learned_addr learned my addr 172.21.15.55:0/4083929792 (peer_addr_for_me v2:172.21.15.55:0/0)
2024-04-24T16:49:30.755 INFO:teuthology.orchestra.run.smithi055.stdout:/usr/bin/ceph: stderr
2024-04-24T16:49:24.503+0000 7f29809f5700 1 -- 172.21.15.55:0/4083929792 --> [v2:172.21.15.55:3300/0,v1:172.21.15.55:6789/0] -- mon_subscribe({config=0+,monmap=0+}) v3 -- 0x7f297c1021e0 con 0x7f297c101750
2024-04-24T16:49:30.755 INFO:teuthology.orchestra.run.smithi055.stdout:/usr/bin/ceph: stderr
2024-04-24T16:49:24.503+0000 7f29809f5700 1 --2- 172.21.15.55:0/4083929792 >> [v2:172.21.15.55:3300/0,v1:172.21.15.55:6789/0] conn(0x7f297c101750 0x7f297c101b60 secure :-1 s=READY pgs=71 cs=0 l=1 rev1=1 crypto rx=0x7f297000bb80 tx=0x7f297000b4f0 comp rx=0 tx=0).ready entity=mon.0 client_cookie=119d6bb725a01b9e server_cookie=0 in_seq=0 out_seq=0
2024-04-24T16:49:30.755 INFO:teuthology.orchestra.run.smithi055.stdout:/usr/bin/ceph: stderr
2024-04-24T16:49:24.504+0000 7f297b7fe700 1 -- 172.21.15.55:0/4083929792 <== mon.0 v2:172.21.15.55:3300/0 1 ==== mon_map magic: 0 v1 ==== 229+0+0 (secure 0 0 0) 0x7f297000dd00 con 0x7f297c101750
2024-04-24T16:49:30.755 INFO:teuthology.orchestra.run.smithi055.stdout:/usr/bin/ceph: stderr
2024-04-24T16:49:24.504+0000 7f297b7fe700 1 -- 172.21.15.55:0/4083929792 <== mon.0 v2:172.21.15.55:3300/0 2 ==== config(27 keys) v1 ==== 1109+0+0 (secure 0 0 0) 0x7f297000de60 con 0x7f297c101750
2024-04-24T16:49:30.755 INFO:teuthology.orchestra.run.smithi055.stdout:/usr/bin/ceph: stderr
2024-04-24T16:49:24.504+0000 7f297b7fe700 1 -- 172.21.15.55:0/4083929792 <== mon.0 v2:172.21.15.55:3300/0 3 ==== mon_map magic: 0 v1 ==== 229+0+0 (secure 0 0 0) 0x7f2970018920 con 0x7f297c101750
2024-04-24T16:49:30.755 INFO:teuthology.orchestra.run.smithi055.stdout:/usr/bin/ceph: stderr
2024-04-24T16:49:24.504+0000 7f2982c59700 1 -- 172.21.15.55:0/4083929792 >> [v2:172.21.15.55:3300/0,v1:172.21.15.55:6789/0] conn(0x7f297c101750 msgr2=0x7f297c101b60 secure :-1 s=STATE_CONNECTION_ESTABLISHED l=1).mark_down
2024-04-24T16:49:30.755 INFO:teuthology.orchestra.run.smithi055.stdout:/usr/bin/ceph: stderr
2024-04-24T16:49:24.504+0000 7f2982c59700 1 --2- 172.21.15.55:0/4083929792 >> [v2:172.21.15.55:3300/0,v1:172.21.15.55:6789/0] conn(0x7f297c101750 0x7f297c101b60 secure :-1 s=READY pgs=71 cs=0 l=1 rev1=1 crypto rx=0x7f297000bb80 tx=0x7f297000b4f0 comp rx=0 tx=0).stop
2024-04-24T16:49:30.755 INFO:teuthology.orchestra.run.smithi055.stdout:/usr/bin/ceph: stderr
2024-04-24T16:49:24.504+0000 7f2982c59700 1 -- 172.21.15.55:0/4083929792 shutdown_connections
2024-04-24T16:49:30.756 INFO:teuthology.orchestra.run.smithi055.stdout:/usr/bin/ceph: stderr
2024-04-24T16:49:24.504+0000 7f2982c59700 1 --2- 172.21.15.55:0/4083929792 >> [v2:172.21.15.55:3300/0,v1:172.21.15.55:6789/0] conn(0x7f297c101750 0x7f297c101b60 unknown :-1 s=CLOSED pgs=71 cs=0 l=1 rev1=1 crypto rx=0 tx=0 comp rx=0 tx=0).stop
2024-04-24T16:49:30.756 INFO:teuthology.orchestra.run.smithi055.stdout:/usr/bin/ceph: stderr
2024-04-24T16:49:24.504+0000 7f2982c59700 1 -- 172.21.15.55:0/4083929792 >> 172.21.15.55:0/4083929792 conn(0x7f297c0fcf30 msgr2=0x7f297c0ff340 unknown :-1 s=STATE_NONE l=0).mark_down
2024-04-24T16:49:30.756 INFO:teuthology.orchestra.run.smithi055.stdout:/usr/bin/ceph: stderr
2024-04-24T16:49:24.504+0000 7f2982c59700 1 -- 172.21.15.55:0/4083929792 shutdown_connections
2024-04-24T16:49:30.756 INFO:teuthology.orchestra.run.smithi055.stdout:/usr/bin/ceph: stderr
2024-04-24T16:49:24.504+0000 7f2982c59700 1 -- 172.21.15.55:0/4083929792 wait complete.
2024-04-24T16:49:30.756 INFO:teuthology.orchestra.run.smithi055.stdout:/usr/bin/ceph: stderr
2024-04-24T16:49:24.505+0000 7f2982c59700 1 Processor -- start
2024-04-24T16:49:30.756 INFO:teuthology.orchestra.run.smithi055.stdout:/usr/bin/ceph: stderr
2024-04-24T16:49:24.505+0000 7f2982c59700 1 -- start start
2024-04-24T16:49:30.756 INFO:teuthology.orchestra.run.smithi055.stdout:/usr/bin/ceph: stderr
2024-04-24T16:49:24.505+0000 7f2982c59700 1 --2- >> [v2:172.21.15.55:3300/0,v1:172.21.15.55:6789/0] conn(0x7f297c101750 0x7f297c10f390 unknown :-1 s=NONE pgs=0 cs=0 l=1 rev1=0 crypto rx=0 tx=0 comp rx=0 tx=0).connect
2024-04-24T16:49:30.756 INFO:teuthology.orchestra.run.smithi055.stdout:/usr/bin/ceph: stderr
2024-04-24T16:49:24.505+0000 7f2982c59700 1 -- --> [v2:172.21.15.55:3300/0,v1:172.21.15.55:6789/0] -- mon_getmap magic: 0 v1 -- 0x7f297c10f8d0 con 0x7f297c101750
2024-04-24T16:49:30.756 INFO:teuthology.orchestra.run.smithi055.stdout:/usr/bin/ceph: stderr
2024-04-24T16:49:24.505+0000 7f29809f5700 1 --2- >> [v2:172.21.15.55:3300/0,v1:172.21.15.55:6789/0] conn(0x7f297c101750 0x7f297c10f390 unknown :-1 s=BANNER_CONNECTING pgs=0 cs=0 l=1 rev1=0 crypto rx=0 tx=0 comp rx=0 tx=0)._handle_peer_banner_payload supported=3 required=0
2024-04-24T16:49:30.756 INFO:teuthology.orchestra.run.smithi055.stdout:/usr/bin/ceph: stderr
2024-04-24T16:49:24.505+0000 7f29809f5700 1 --2- >> [v2:172.21.15.55:3300/0,v1:172.21.15.55:6789/0] conn(0x7f297c101750 0x7f297c10f390 unknown :-1 s=HELLO_CONNECTING pgs=0 cs=0 l=1 rev1=1 crypto rx=0 tx=0 comp rx=0 tx=0).handle_hello peer v2:172.21.15.55:3300/0 says I am v2:172.21.15.55:38396/0 (socket says 172.21.15.55:38396)
2024-04-24T16:49:30.756 INFO:teuthology.orchestra.run.smithi055.stdout:/usr/bin/ceph: stderr
2024-04-24T16:49:24.505+0000 7f29809f5700 1 -- 172.21.15.55:0/84265254 learned_addr learned my addr 172.21.15.55:0/84265254 (peer_addr_for_me v2:172.21.15.55:0/0)
2024-04-24T16:49:30.756 INFO:teuthology.orchestra.run.smithi055.stdout:/usr/bin/ceph: stderr
2024-04-24T16:49:24.506+0000 7f29809f5700 1 -- 172.21.15.55:0/84265254 --> [v2:172.21.15.55:3300/0,v1:172.21.15.55:6789/0] -- mon_subscribe({config=0+,monmap=0+}) v3 -- 0x7f297000b790 con 0x7f297c101750
2024-04-24T16:49:30.756 INFO:teuthology.orchestra.run.smithi055.stdout:/usr/bin/ceph: stderr
2024-04-24T16:49:24.506+0000 7f29809f5700 1 --2- 172.21.15.55:0/84265254 >> [v2:172.21.15.55:3300/0,v1:172.21.15.55:6789/0] conn(0x7f297c101750 0x7f297c10f390 secure :-1 s=READY pgs=72 cs=0 l=1 rev1=1 crypto rx=0x7f2970006d40 tx=0x7f297000b4f0 comp rx=0 tx=0).ready entity=mon.0 client_cookie=0 server_cookie=0 in_seq=0 out_seq=0
2024-04-24T16:49:30.756 INFO:teuthology.orchestra.run.smithi055.stdout:/usr/bin/ceph: stderr
2024-04-24T16:49:24.506+0000 7f29797fa700 1 -- 172.21.15.55:0/84265254 <== mon.0 v2:172.21.15.55:3300/0 1 ==== mon_map magic: 0 v1 ==== 229+0+0 (secure 0 0 0) 0x7f297000dc70 con 0x7f297c101750
2024-04-24T16:49:30.756 INFO:teuthology.orchestra.run.smithi055.stdout:/usr/bin/ceph: stderr
2024-04-24T16:49:24.506+0000 7f29797fa700 1 -- 172.21.15.55:0/84265254 <== mon.0 v2:172.21.15.55:3300/0 2 ==== config(27 keys) v1 ==== 1109+0+0 (secure 0 0 0) 0x7f297001d050 con 0x7f297c101750
2024-04-24T16:49:30.757 INFO:teuthology.orchestra.run.smithi055.stdout:/usr/bin/ceph: stderr
2024-04-24T16:49:24.506+0000 7f2982c59700 1 -- 172.21.15.55:0/84265254 --> [v2:172.21.15.55:3300/0,v1:172.21.15.55:6789/0] -- mon_subscribe({mgrmap=0+}) v3 -- 0x7f297c10fad0 con 0x7f297c101750
2024-04-24T16:49:30.757 INFO:teuthology.orchestra.run.smithi055.stdout:/usr/bin/ceph: stderr
2024-04-24T16:49:24.506+0000 7f29797fa700 1 -- 172.21.15.55:0/84265254 <== mon.0 v2:172.21.15.55:3300/0 3 ==== mon_map magic: 0 v1 ==== 229+0+0 (secure 0 0 0) 0x7f29700223d0 con 0x7f297c101750
2024-04-24T16:49:30.757 INFO:teuthology.orchestra.run.smithi055.stdout:/usr/bin/ceph: stderr
2024-04-24T16:49:24.506+0000 7f2982c59700 1 -- 172.21.15.55:0/84265254 --> [v2:172.21.15.55:3300/0,v1:172.21.15.55:6789/0] -- mon_subscribe({osdmap=0}) v3 -- 0x7f297c110640 con 0x7f297c101750
2024-04-24T16:49:30.757 INFO:teuthology.orchestra.run.smithi055.stdout:/usr/bin/ceph: stderr
2024-04-24T16:49:24.507+0000 7f29797fa700 1 -- 172.21.15.55:0/84265254 <== mon.0 v2:172.21.15.55:3300/0 4 ==== mgrmap(e 9) v1 ==== 43389+0+0 (secure 0 0 0) 0x7f2970022650 con 0x7f297c101750
2024-04-24T16:49:30.757 INFO:teuthology.orchestra.run.smithi055.stdout:/usr/bin/ceph: stderr
2024-04-24T16:49:24.507+0000 7f29797fa700 1 --2- 172.21.15.55:0/84265254 >> [v2:172.21.15.55:6800/1510578219,v1:172.21.15.55:6801/1510578219] conn(0x7f296c0368a0 0x7f296c038d50 unknown :-1 s=NONE pgs=0 cs=0 l=1 rev1=0 crypto rx=0 tx=0 comp rx=0 tx=0).connect
2024-04-24T16:49:30.757 INFO:teuthology.orchestra.run.smithi055.stdout:/usr/bin/ceph: stderr
2024-04-24T16:49:24.507+0000 7f29797fa700 1 -- 172.21.15.55:0/84265254 --> [v2:172.21.15.55:6800/1510578219,v1:172.21.15.55:6801/1510578219] -- command(tid 0: {"prefix": "get_command_descriptions"}) v1 -- 0x7f2970023e90 con 0x7f296c0368a0
2024-04-24T16:49:30.757 INFO:teuthology.orchestra.run.smithi055.stdout:/usr/bin/ceph: stderr
2024-04-24T16:49:24.507+0000 7f29797fa700 1 -- 172.21.15.55:0/84265254 <== mon.0 v2:172.21.15.55:3300/0 5 ==== osd_map(2..2 src has 1..2) v4 ==== 936+0+0 (secure 0 0 0) 0x7f2970014070 con 0x7f297c101750
2024-04-24T16:49:30.757 INFO:teuthology.orchestra.run.smithi055.stdout:/usr/bin/ceph: stderr
2024-04-24T16:49:24.507+0000 7f297bfff700 1 -- 172.21.15.55:0/84265254 >> [v2:172.21.15.55:6800/1510578219,v1:172.21.15.55:6801/1510578219] conn(0x7f296c0368a0 msgr2=0x7f296c038d50 unknown :-1 s=STATE_CONNECTING_RE l=1).process reconnect failed to v2:172.21.15.55:6800/1510578219
2024-04-24T16:49:30.757 INFO:teuthology.orchestra.run.smithi055.stdout:/usr/bin/ceph: stderr
2024-04-24T16:49:24.507+0000 7f297bfff700 1 --2- 172.21.15.55:0/84265254 >> [v2:172.21.15.55:6800/1510578219,v1:172.21.15.55:6801/1510578219] conn(0x7f296c0368a0 0x7f296c038d50 unknown :-1 s=START_CONNECT pgs=0 cs=0 l=1 rev1=0 crypto rx=0 tx=0 comp rx=0 tx=0)._fault waiting 0.200000
2024-04-24T16:49:30.757 INFO:teuthology.orchestra.run.smithi055.stdout:/usr/bin/ceph: stderr
2024-04-24T16:49:24.708+0000 7f297bfff700 1 -- 172.21.15.55:0/84265254 >> [v2:172.21.15.55:6800/1510578219,v1:172.21.15.55:6801/1510578219] conn(0x7f296c0368a0 msgr2=0x7f296c038d50 unknown :-1 s=STATE_CONNECTING_RE l=1).process reconnect failed to v2:172.21.15.55:6800/1510578219
2024-04-24T16:49:30.757 INFO:teuthology.orchestra.run.smithi055.stdout:/usr/bin/ceph: stderr
2024-04-24T16:49:24.708+0000 7f297bfff700 1 --2- 172.21.15.55:0/84265254 >> [v2:172.21.15.55:6800/1510578219,v1:172.21.15.55:6801/1510578219] conn(0x7f296c0368a0 0x7f296c038d50 unknown :-1 s=START_CONNECT pgs=0 cs=0 l=1 rev1=0 crypto rx=0 tx=0 comp rx=0 tx=0)._fault waiting 0.400000
2024-04-24T16:49:30.757 INFO:teuthology.orchestra.run.smithi055.stdout:/usr/bin/ceph: stderr
2024-04-24T16:49:25.109+0000 7f297bfff700 1 -- 172.21.15.55:0/84265254 >> [v2:172.21.15.55:6800/1510578219,v1:172.21.15.55:6801/1510578219] conn(0x7f296c0368a0 msgr2=0x7f296c038d50 unknown :-1 s=STATE_CONNECTING_RE l=1).process reconnect failed to v2:172.21.15.55:6800/1510578219
2024-04-24T16:49:30.757 INFO:teuthology.orchestra.run.smithi055.stdout:/usr/bin/ceph: stderr
2024-04-24T16:49:25.109+0000 7f297bfff700 1 --2- 172.21.15.55:0/84265254 >> [v2:172.21.15.55:6800/1510578219,v1:172.21.15.55:6801/1510578219] conn(0x7f296c0368a0 0x7f296c038d50 unknown :-1 s=START_CONNECT pgs=0 cs=0 l=1 rev1=0 crypto rx=0 tx=0 comp rx=0 tx=0)._fault waiting 0.800000
2024-04-24T16:49:30.757 INFO:teuthology.orchestra.run.smithi055.stdout:/usr/bin/ceph: stderr
2024-04-24T16:49:25.910+0000 7f297bfff700 1 -- 172.21.15.55:0/84265254 >> [v2:172.21.15.55:6800/1510578219,v1:172.21.15.55:6801/1510578219] conn(0x7f296c0368a0 msgr2=0x7f296c038d50 unknown :-1 s=STATE_CONNECTING_RE l=1).process reconnect failed to v2:172.21.15.55:6800/1510578219
2024-04-24T16:49:30.758 INFO:teuthology.orchestra.run.smithi055.stdout:/usr/bin/ceph: stderr
2024-04-24T16:49:25.910+0000 7f297bfff700 1 --2- 172.21.15.55:0/84265254 >> [v2:172.21.15.55:6800/1510578219,v1:172.21.15.55:6801/1510578219] conn(0x7f296c0368a0 0x7f296c038d50 unknown :-1 s=START_CONNECT pgs=0 cs=0 l=1 rev1=0 crypto rx=0 tx=0 comp rx=0 tx=0)._fault waiting 1.600000
2024-04-24T16:49:30.758 INFO:teuthology.orchestra.run.smithi055.stdout:/usr/bin/ceph: stderr
2024-04-24T16:49:27.511+0000 7f297bfff700 1 -- 172.21.15.55:0/84265254 >> [v2:172.21.15.55:6800/1510578219,v1:172.21.15.55:6801/1510578219] conn(0x7f296c0368a0 msgr2=0x7f296c038d50 unknown :-1 s=STATE_CONNECTING_RE l=1).process reconnect failed to v2:172.21.15.55:6800/1510578219
2024-04-24T16:49:30.758 INFO:teuthology.orchestra.run.smithi055.stdout:/usr/bin/ceph: stderr
2024-04-24T16:49:27.511+0000 7f297bfff700 1 --2- 172.21.15.55:0/84265254 >> [v2:172.21.15.55:6800/1510578219,v1:172.21.15.55:6801/1510578219] conn(0x7f296c0368a0 0x7f296c038d50 unknown :-1 s=START_CONNECT pgs=0 cs=0 l=1 rev1=0 crypto rx=0 tx=0 comp rx=0 tx=0)._fault waiting 3.200000
2024-04-24T16:49:30.758 INFO:teuthology.orchestra.run.smithi055.stdout:/usr/bin/ceph: stderr
2024-04-24T16:49:29.075+0000 7f29797fa700 1 -- 172.21.15.55:0/84265254 <== mon.0 v2:172.21.15.55:3300/0 6 ==== mgrmap(e 10) v1 ==== 43156+0+0 (secure 0 0 0) 0x7f297002c930 con 0x7f297c101750
2024-04-24T16:49:30.758 INFO:teuthology.orchestra.run.smithi055.stdout:/usr/bin/ceph: stderr
2024-04-24T16:49:29.076+0000 7f29797fa700 1 -- 172.21.15.55:0/84265254 >> [v2:172.21.15.55:6800/1510578219,v1:172.21.15.55:6801/1510578219] conn(0x7f296c0368a0 msgr2=0x7f296c038d50 unknown :-1 s=STATE_CONNECTING l=1).mark_down
2024-04-24T16:49:30.758 INFO:teuthology.orchestra.run.smithi055.stdout:/usr/bin/ceph: stderr
2024-04-24T16:49:29.076+0000 7f29797fa700 1 --2- 172.21.15.55:0/84265254 >> [v2:172.21.15.55:6800/1510578219,v1:172.21.15.55:6801/1510578219] conn(0x7f296c0368a0 0x7f296c038d50 unknown :-1 s=START_CONNECT pgs=0 cs=0 l=1 rev1=0 crypto rx=0 tx=0 comp rx=0 tx=0).stop
2024-04-24T16:49:30.758 INFO:teuthology.orchestra.run.smithi055.stdout:/usr/bin/ceph: stderr
2024-04-24T16:49:30.073+0000 7f29797fa700 1 -- 172.21.15.55:0/84265254 <== mon.0 v2:172.21.15.55:3300/0 7 ==== mgrmap(e 11) v1 ==== 43283+0+0 (secure 0 0 0) 0x7f297000fbe0 con 0x7f297c101750
2024-04-24T16:49:30.758 INFO:teuthology.orchestra.run.smithi055.stdout:/usr/bin/ceph: stderr
2024-04-24T16:49:30.074+0000 7f29797fa700 1 --2- 172.21.15.55:0/84265254 >> [v2:172.21.15.55:6800/2553941224,v1:172.21.15.55:6801/2553941224] conn(0x7f296c039fc0 0x7f296c03c3a0 unknown :-1 s=NONE pgs=0 cs=0 l=1 rev1=0 crypto rx=0 tx=0 comp rx=0 tx=0).connect
2024-04-24T16:49:30.758 INFO:teuthology.orchestra.run.smithi055.stdout:/usr/bin/ceph: stderr
2024-04-24T16:49:30.074+0000 7f29797fa700 1 -- 172.21.15.55:0/84265254 --> [v2:172.21.15.55:6800/2553941224,v1:172.21.15.55:6801/2553941224] -- command(tid 0: {"prefix": "get_command_descriptions"}) v1 -- 0x7f2970023e90 con 0x7f296c039fc0
2024-04-24T16:49:30.758 INFO:teuthology.orchestra.run.smithi055.stdout:/usr/bin/ceph: stderr
2024-04-24T16:49:30.074+0000 7f297bfff700 1 --2- 172.21.15.55:0/84265254 >> [v2:172.21.15.55:6800/2553941224,v1:172.21.15.55:6801/2553941224] conn(0x7f296c039fc0 0x7f296c03c3a0 unknown :-1 s=BANNER_CONNECTING pgs=0 cs=0 l=1 rev1=0 crypto rx=0 tx=0 comp rx=0 tx=0)._handle_peer_banner_payload supported=3 required=0
2024-04-24T16:49:30.758 INFO:teuthology.orchestra.run.smithi055.stdout:/usr/bin/ceph: stderr
2024-04-24T16:49:30.075+0000 7f297bfff700 1 --2- 172.21.15.55:0/84265254 >> [v2:172.21.15.55:6800/2553941224,v1:172.21.15.55:6801/2553941224] conn(0x7f296c039fc0 0x7f296c03c3a0 secure :-1 s=READY pgs=2 cs=0 l=1 rev1=1 crypto rx=0x7f29680039d0 tx=0x7f29680092f0 comp rx=0 tx=0).ready entity=mgr.14162 client_cookie=0 server_cookie=0 in_seq=0 out_seq=0
2024-04-24T16:49:30.758 INFO:teuthology.orchestra.run.smithi055.stdout:/usr/bin/ceph: stderr
2024-04-24T16:49:30.075+0000 7f29797fa700 1 -- 172.21.15.55:0/84265254 <== mgr.14162 v2:172.21.15.55:6800/2553941224 1 ==== command_reply(tid 0: 0 ) v1 ==== 8+0+6549 (secure 0 0 0) 0x7f2970023e90 con 0x7f296c039fc0
2024-04-24T16:49:30.759 INFO:teuthology.orchestra.run.smithi055.stdout:/usr/bin/ceph: stderr
2024-04-24T16:49:30.081+0000 7f2982c59700 1 -- 172.21.15.55:0/84265254 --> [v2:172.21.15.55:6800/2553941224,v1:172.21.15.55:6801/2553941224] -- command(tid 1: {"prefix": "mgr_status"}) v1 -- 0x7f297c10ff60 con 0x7f296c039fc0
2024-04-24T16:49:30.759 INFO:teuthology.orchestra.run.smithi055.stdout:/usr/bin/ceph: stderr
2024-04-24T16:49:30.082+0000 7f29797fa700 1 -- 172.21.15.55:0/84265254 <== mgr.14162 v2:172.21.15.55:6800/2553941224 2 ==== command_reply(tid 1: 0 ) v1 ==== 8+0+52 (secure 0 0 0) 0x7f297c10ff60 con 0x7f296c039fc0
2024-04-24T16:49:30.759 INFO:teuthology.orchestra.run.smithi055.stdout:/usr/bin/ceph: stderr
2024-04-24T16:49:30.082+0000 7f2982c59700 1 -- 172.21.15.55:0/84265254 >> [v2:172.21.15.55:6800/2553941224,v1:172.21.15.55:6801/2553941224] conn(0x7f296c039fc0 msgr2=0x7f296c03c3a0 secure :-1 s=STATE_CONNECTION_ESTABLISHED l=1).mark_down
2024-04-24T16:49:30.759 INFO:teuthology.orchestra.run.smithi055.stdout:/usr/bin/ceph: stderr
2024-04-24T16:49:30.082+0000 7f2982c59700 1 --2- 172.21.15.55:0/84265254 >> [v2:172.21.15.55:6800/2553941224,v1:172.21.15.55:6801/2553941224] conn(0x7f296c039fc0 0x7f296c03c3a0 secure :-1 s=READY pgs=2 cs=0 l=1 rev1=1 crypto rx=0x7f29680039d0 tx=0x7f29680092f0 comp rx=0 tx=0).stop
2024-04-24T16:49:30.759 INFO:teuthology.orchestra.run.smithi055.stdout:/usr/bin/ceph: stderr
2024-04-24T16:49:30.082+0000 7f2982c59700 1 -- 172.21.15.55:0/84265254 >> [v2:172.21.15.55:3300/0,v1:172.21.15.55:6789/0] conn(0x7f297c101750 msgr2=0x7f297c10f390 secure :-1 s=STATE_CONNECTION_ESTABLISHED l=1).mark_down
2024-04-24T16:49:30.759 INFO:teuthology.orchestra.run.smithi055.stdout:/usr/bin/ceph: stderr
2024-04-24T16:49:30.082+0000 7f2982c59700 1 --2- 172.21.15.55:0/84265254 >> [v2:172.21.15.55:3300/0,v1:172.21.15.55:6789/0] conn(0x7f297c101750 0x7f297c10f390 secure :-1 s=READY pgs=72 cs=0 l=1 rev1=1 crypto rx=0x7f2970006d40 tx=0x7f297000b4f0 comp rx=0 tx=0).stop
2024-04-24T16:49:30.759 INFO:teuthology.orchestra.run.smithi055.stdout:/usr/bin/ceph: stderr
2024-04-24T16:49:30.082+0000 7f2982c59700 1 -- 172.21.15.55:0/84265254 shutdown_connections
2024-04-24T16:49:30.759 INFO:teuthology.orchestra.run.smithi055.stdout:/usr/bin/ceph: stderr
2024-04-24T16:49:30.082+0000 7f2982c59700 1 --2- 172.21.15.55:0/84265254 >> [v2:172.21.15.55:6800/2553941224,v1:172.21.15.55:6801/2553941224] conn(0x7f296c039fc0 0x7f296c03c3a0 unknown :-1 s=CLOSED pgs=2 cs=0 l=1 rev1=1 crypto rx=0 tx=0 comp rx=0 tx=0).stop
2024-04-24T16:49:30.759 INFO:teuthology.orchestra.run.smithi055.stdout:/usr/bin/ceph: stderr
2024-04-24T16:49:30.082+0000 7f2982c59700 1 --2- 172.21.15.55:0/84265254 >> [v2:172.21.15.55:3300/0,v1:172.21.15.55:6789/0] conn(0x7f297c101750 0x7f297c10f390 unknown :-1 s=CLOSED pgs=72 cs=0 l=1 rev1=1 crypto rx=0 tx=0 comp rx=0 tx=0).stop
2024-04-24T16:49:30.759 INFO:teuthology.orchestra.run.smithi055.stdout:/usr/bin/ceph: stderr
2024-04-24T16:49:30.082+0000 7f2982c59700 1 --2- 172.21.15.55:0/84265254 >> [v2:172.21.15.55:6800/1510578219,v1:172.21.15.55:6801/1510578219] conn(0x7f296c0368a0 0x7f296c038d50 unknown :-1 s=CLOSED pgs=0 cs=0 l=1 rev1=0 crypto rx=0 tx=0 comp rx=0 tx=0).stop
2024-04-24T16:49:30.759 INFO:teuthology.orchestra.run.smithi055.stdout:/usr/bin/ceph: stderr
2024-04-24T16:49:30.082+0000 7f2982c59700 1 -- 172.21.15.55:0/84265254 >> 172.21.15.55:0/84265254 conn(0x7f297c0fcf30 msgr2=0x7f297c105be0 unknown :-1 s=STATE_NONE l=0).mark_down
2024-04-24T16:49:30.759 INFO:teuthology.orchestra.run.smithi055.stdout:/usr/bin/ceph: stderr
2024-04-24T16:49:30.082+0000 7f2982c59700 1 -- 172.21.15.55:0/84265254 shutdown_connections
2024-04-24T16:49:30.759 INFO:teuthology.orchestra.run.smithi055.stdout:/usr/bin/ceph: stderr
2024-04-24T16:49:30.082+0000 7f2982c59700 1 -- 172.21.15.55:0/84265254 wait complete.
2024-04-24T16:49:30.759 INFO:teuthology.orchestra.run.smithi055.stdout:mgr epoch 9 is available
2024-04-24T16:49:30.760 INFO:teuthology.orchestra.run.smithi055.stdout:Generating a dashboard self-signed certificate...
2024-04-24T16:49:31.490 INFO:journalctl@ceph.mon.smithi055.smithi055.stdout:Apr 24 16:49:31 smithi055 ceph-mon[26429]: [24/Apr/2024:16:49:29] ENGINE Bus STARTING
2024-04-24T16:49:31.490 INFO:journalctl@ceph.mon.smithi055.smithi055.stdout:Apr 24 16:49:31 smithi055 ceph-mon[26429]: [24/Apr/2024:16:49:29] ENGINE Serving on https://172.21.15.55:7150
2024-04-24T16:49:31.490 INFO:journalctl@ceph.mon.smithi055.smithi055.stdout:Apr 24 16:49:31 smithi055 ceph-mon[26429]: [24/Apr/2024:16:49:29] ENGINE Bus STARTED
2024-04-24T16:49:31.490 INFO:journalctl@ceph.mon.smithi055.smithi055.stdout:Apr 24 16:49:31 smithi055 ceph-mon[26429]: from='client.14166 -' entity='client.admin' cmd=[{"prefix": "get_command_descriptions"}]: dispatch
2024-04-24T16:49:31.490 INFO:journalctl@ceph.mon.smithi055.smithi055.stdout:Apr 24 16:49:31 smithi055 ceph-mon[26429]: from='client.14166 -' entity='client.admin' cmd=[{"prefix": "mgr_status"}]: dispatch
2024-04-24T16:49:31.490 INFO:journalctl@ceph.mon.smithi055.smithi055.stdout:Apr 24 16:49:31 smithi055 ceph-mon[26429]: from='mgr.14162 172.21.15.55:0/2843450423' entity='mgr.smithi055.ihoiaa'
2024-04-24T16:49:32.492 INFO:journalctl@ceph.mon.smithi055.smithi055.stdout:Apr 24 16:49:32 smithi055 ceph-mon[26429]: from='mgr.14162 172.21.15.55:0/2843450423' entity='mgr.smithi055.ihoiaa'
2024-04-24T16:49:32.492 INFO:journalctl@ceph.mon.smithi055.smithi055.stdout:Apr 24 16:49:32 smithi055 ceph-mon[26429]: mgrmap e12: smithi055.ihoiaa(active, since 2s)
2024-04-24T16:49:32.492 INFO:journalctl@ceph.mon.smithi055.smithi055.stdout:Apr 24 16:49:32 smithi055 ceph-mon[26429]: from='mgr.14162 172.21.15.55:0/2843450423' entity='mgr.smithi055.ihoiaa'
2024-04-24T16:49:32.492 INFO:journalctl@ceph.mon.smithi055.smithi055.stdout:Apr 24 16:49:32 smithi055 ceph-mon[26429]: from='mgr.14162 172.21.15.55:0/2843450423' entity='mgr.smithi055.ihoiaa'
2024-04-24T16:49:32.734 INFO:teuthology.orchestra.run.smithi055.stdout:/usr/bin/ceph: stdout Self-signed certificate created
2024-04-24T16:49:32.740 INFO:teuthology.orchestra.run.smithi055.stdout:/usr/bin/ceph: stderr
2024-04-24T16:49:31.144+0000 7fdc584af700 1 Processor -- start
2024-04-24T16:49:32.740 INFO:teuthology.orchestra.run.smithi055.stdout:/usr/bin/ceph: stderr
2024-04-24T16:49:31.144+0000 7fdc584af700 1 -- start start
2024-04-24T16:49:32.740 INFO:teuthology.orchestra.run.smithi055.stdout:/usr/bin/ceph: stderr
2024-04-24T16:49:31.144+0000 7fdc584af700 1 --2- >> [v2:172.21.15.55:3300/0,v1:172.21.15.55:6789/0] conn(0x7fdc501028b0 0x7fdc50102cc0 unknown :-1 s=NONE pgs=0 cs=0 l=0 rev1=0 crypto rx=0 tx=0 comp rx=0 tx=0).connect
2024-04-24T16:49:32.740 INFO:teuthology.orchestra.run.smithi055.stdout:/usr/bin/ceph: stderr
2024-04-24T16:49:31.144+0000 7fdc584af700 1 -- --> [v2:172.21.15.55:3300/0,v1:172.21.15.55:6789/0] -- mon_getmap magic: 0 v1 -- 0x7fdc50103200 con 0x7fdc501028b0
2024-04-24T16:49:32.740 INFO:teuthology.orchestra.run.smithi055.stdout:/usr/bin/ceph: stderr
2024-04-24T16:49:31.144+0000 7fdc5624b700 1 --2- >> [v2:172.21.15.55:3300/0,v1:172.21.15.55:6789/0] conn(0x7fdc501028b0 0x7fdc50102cc0 unknown :-1 s=BANNER_CONNECTING pgs=0 cs=0 l=0 rev1=0 crypto rx=0 tx=0 comp rx=0 tx=0)._handle_peer_banner_payload supported=3 required=0
2024-04-24T16:49:32.740 INFO:teuthology.orchestra.run.smithi055.stdout:/usr/bin/ceph: stderr
2024-04-24T16:49:31.144+0000 7fdc5624b700 1 --2- >> [v2:172.21.15.55:3300/0,v1:172.21.15.55:6789/0] conn(0x7fdc501028b0 0x7fdc50102cc0 unknown :-1 s=HELLO_CONNECTING pgs=0 cs=0 l=0 rev1=1 crypto rx=0 tx=0 comp rx=0 tx=0).handle_hello peer v2:172.21.15.55:3300/0 says I am v2:172.21.15.55:51090/0 (socket says 172.21.15.55:51090)
2024-04-24T16:49:32.740 INFO:teuthology.orchestra.run.smithi055.stdout:/usr/bin/ceph: stderr
2024-04-24T16:49:31.144+0000 7fdc5624b700 1 -- 172.21.15.55:0/1936431271 learned_addr learned my addr 172.21.15.55:0/1936431271 (peer_addr_for_me v2:172.21.15.55:0/0)
2024-04-24T16:49:32.740 INFO:teuthology.orchestra.run.smithi055.stdout:/usr/bin/ceph: stderr
2024-04-24T16:49:31.145+0000 7fdc5624b700 1 -- 172.21.15.55:0/1936431271 --> [v2:172.21.15.55:3300/0,v1:172.21.15.55:6789/0] -- mon_subscribe({config=0+,monmap=0+}) v3 -- 0x7fdc50103340 con 0x7fdc501028b0
2024-04-24T16:49:32.741 INFO:teuthology.orchestra.run.smithi055.stdout:/usr/bin/ceph: stderr
2024-04-24T16:49:31.145+0000 7fdc5624b700 1 --2- 172.21.15.55:0/1936431271 >> [v2:172.21.15.55:3300/0,v1:172.21.15.55:6789/0] conn(0x7fdc501028b0 0x7fdc50102cc0 secure :-1 s=READY pgs=80 cs=0 l=1 rev1=1 crypto rx=0x7fdc4c0098e0 tx=0x7fdc4c009250 comp rx=0 tx=0).ready entity=mon.0 client_cookie=d9f77eb0a762a23c server_cookie=0 in_seq=0 out_seq=0
2024-04-24T16:49:32.741 INFO:teuthology.orchestra.run.smithi055.stdout:/usr/bin/ceph: stderr
2024-04-24T16:49:31.145+0000 7fdc55249700 1 -- 172.21.15.55:0/1936431271 <== mon.0 v2:172.21.15.55:3300/0 1 ==== mon_map magic: 0 v1 ==== 229+0+0 (secure 0 0 0) 0x7fdc4c00b860 con 0x7fdc501028b0
2024-04-24T16:49:32.741 INFO:teuthology.orchestra.run.smithi055.stdout:/usr/bin/ceph: stderr
2024-04-24T16:49:31.145+0000 7fdc55249700 1 -- 172.21.15.55:0/1936431271 <== mon.0 v2:172.21.15.55:3300/0 2 ==== config(27 keys) v1 ==== 1109+0+0 (secure 0 0 0) 0x7fdc4c00be90 con 0x7fdc501028b0
2024-04-24T16:49:32.741 INFO:teuthology.orchestra.run.smithi055.stdout:/usr/bin/ceph: stderr
2024-04-24T16:49:31.145+0000 7fdc55249700 1 -- 172.21.15.55:0/1936431271 <== mon.0 v2:172.21.15.55:3300/0 3 ==== mon_map magic: 0 v1 ==== 229+0+0 (secure 0 0 0) 0x7fdc4c0103c0 con 0x7fdc501028b0
2024-04-24T16:49:32.741 INFO:teuthology.orchestra.run.smithi055.stdout:/usr/bin/ceph: stderr
2024-04-24T16:49:31.146+0000 7fdc584af700 1 -- 172.21.15.55:0/1936431271 >> [v2:172.21.15.55:3300/0,v1:172.21.15.55:6789/0] conn(0x7fdc501028b0 msgr2=0x7fdc50102cc0 secure :-1 s=STATE_CONNECTION_ESTABLISHED l=1).mark_down
2024-04-24T16:49:32.741 INFO:teuthology.orchestra.run.smithi055.stdout:/usr/bin/ceph: stderr
2024-04-24T16:49:31.146+0000 7fdc584af700 1 --2- 172.21.15.55:0/1936431271 >> [v2:172.21.15.55:3300/0,v1:172.21.15.55:6789/0] conn(0x7fdc501028b0 0x7fdc50102cc0 secure :-1 s=READY pgs=80 cs=0 l=1 rev1=1 crypto rx=0x7fdc4c0098e0 tx=0x7fdc4c009250 comp rx=0 tx=0).stop
2024-04-24T16:49:32.741 INFO:teuthology.orchestra.run.smithi055.stdout:/usr/bin/ceph: stderr
2024-04-24T16:49:31.146+0000 7fdc584af700 1 -- 172.21.15.55:0/1936431271 shutdown_connections
2024-04-24T16:49:32.741 INFO:teuthology.orchestra.run.smithi055.stdout:/usr/bin/ceph: stderr
2024-04-24T16:49:31.146+0000 7fdc584af700 1 --2- 172.21.15.55:0/1936431271 >> [v2:172.21.15.55:3300/0,v1:172.21.15.55:6789/0] conn(0x7fdc501028b0 0x7fdc50102cc0 unknown :-1 s=CLOSED pgs=80 cs=0 l=1 rev1=1 crypto rx=0 tx=0 comp rx=0 tx=0).stop
2024-04-24T16:49:32.741 INFO:teuthology.orchestra.run.smithi055.stdout:/usr/bin/ceph: stderr
2024-04-24T16:49:31.146+0000 7fdc584af700 1 -- 172.21.15.55:0/1936431271 >> 172.21.15.55:0/1936431271 conn(0x7fdc500fe070 msgr2=0x7fdc50100480 unknown :-1 s=STATE_NONE l=0).mark_down
2024-04-24T16:49:32.741 INFO:teuthology.orchestra.run.smithi055.stdout:/usr/bin/ceph: stderr
2024-04-24T16:49:31.146+0000 7fdc584af700 1 -- 172.21.15.55:0/1936431271 shutdown_connections
2024-04-24T16:49:32.741 INFO:teuthology.orchestra.run.smithi055.stdout:/usr/bin/ceph: stderr
2024-04-24T16:49:31.146+0000 7fdc584af700 1 -- 172.21.15.55:0/1936431271 wait complete.
2024-04-24T16:49:32.741 INFO:teuthology.orchestra.run.smithi055.stdout:/usr/bin/ceph: stderr
2024-04-24T16:49:31.147+0000 7fdc584af700 1 Processor -- start
2024-04-24T16:49:32.741 INFO:teuthology.orchestra.run.smithi055.stdout:/usr/bin/ceph: stderr
2024-04-24T16:49:31.147+0000 7fdc584af700 1 -- start start
2024-04-24T16:49:32.741 INFO:teuthology.orchestra.run.smithi055.stdout:/usr/bin/ceph: stderr
2024-04-24T16:49:31.147+0000 7fdc584af700 1 --2- >> [v2:172.21.15.55:3300/0,v1:172.21.15.55:6789/0] conn(0x7fdc501028b0 0x7fdc501115d0 unknown :-1 s=NONE pgs=0 cs=0 l=1 rev1=0 crypto rx=0 tx=0 comp rx=0 tx=0).connect
2024-04-24T16:49:32.742 INFO:teuthology.orchestra.run.smithi055.stdout:/usr/bin/ceph: stderr
2024-04-24T16:49:31.147+0000 7fdc584af700 1 -- --> [v2:172.21.15.55:3300/0,v1:172.21.15.55:6789/0] -- mon_getmap magic: 0 v1 -- 0x7fdc50111b10 con 0x7fdc501028b0
2024-04-24T16:49:32.742 INFO:teuthology.orchestra.run.smithi055.stdout:/usr/bin/ceph: stderr
2024-04-24T16:49:31.147+0000 7fdc5624b700 1 --2- >> [v2:172.21.15.55:3300/0,v1:172.21.15.55:6789/0] conn(0x7fdc501028b0 0x7fdc501115d0 unknown :-1 s=BANNER_CONNECTING pgs=0 cs=0 l=1 rev1=0 crypto rx=0 tx=0 comp rx=0 tx=0)._handle_peer_banner_payload supported=3 required=0
2024-04-24T16:49:32.742 INFO:teuthology.orchestra.run.smithi055.stdout:/usr/bin/ceph: stderr
2024-04-24T16:49:31.147+0000 7fdc5624b700 1 --2- >> [v2:172.21.15.55:3300/0,v1:172.21.15.55:6789/0] conn(0x7fdc501028b0 0x7fdc501115d0 unknown :-1 s=HELLO_CONNECTING pgs=0 cs=0 l=1 rev1=1 crypto rx=0 tx=0 comp rx=0 tx=0).handle_hello peer v2:172.21.15.55:3300/0 says I am v2:172.21.15.55:51106/0 (socket says 172.21.15.55:51106)
2024-04-24T16:49:32.742 INFO:teuthology.orchestra.run.smithi055.stdout:/usr/bin/ceph: stderr
2024-04-24T16:49:31.147+0000 7fdc5624b700 1 -- 172.21.15.55:0/1978438160 learned_addr learned my addr 172.21.15.55:0/1978438160 (peer_addr_for_me v2:172.21.15.55:0/0)
2024-04-24T16:49:32.742 INFO:teuthology.orchestra.run.smithi055.stdout:/usr/bin/ceph: stderr
2024-04-24T16:49:31.147+0000 7fdc5624b700 1 -- 172.21.15.55:0/1978438160 --> [v2:172.21.15.55:3300/0,v1:172.21.15.55:6789/0] -- mon_subscribe({config=0+,monmap=0+}) v3 -- 0x7fdc4c0094f0 con 0x7fdc501028b0
2024-04-24T16:49:32.742 INFO:teuthology.orchestra.run.smithi055.stdout:/usr/bin/ceph: stderr
2024-04-24T16:49:31.147+0000 7fdc5624b700 1 --2- 172.21.15.55:0/1978438160 >> [v2:172.21.15.55:3300/0,v1:172.21.15.55:6789/0] conn(0x7fdc501028b0 0x7fdc501115d0 secure :-1 s=READY pgs=81 cs=0 l=1 rev1=1 crypto rx=0x7fdc4c011680 tx=0x7fdc4c009250 comp rx=0 tx=0).ready entity=mon.0 client_cookie=0 server_cookie=0 in_seq=0 out_seq=0
2024-04-24T16:49:32.742 INFO:teuthology.orchestra.run.smithi055.stdout:/usr/bin/ceph: stderr
2024-04-24T16:49:31.148+0000 7fdc46ffd700 1 -- 172.21.15.55:0/1978438160 <== mon.0 v2:172.21.15.55:3300/0 1 ==== mon_map magic: 0 v1 ==== 229+0+0 (secure 0 0 0) 0x7fdc4c010890 con 0x7fdc501028b0
2024-04-24T16:49:32.742 INFO:teuthology.orchestra.run.smithi055.stdout:/usr/bin/ceph: stderr
2024-04-24T16:49:31.148+0000 7fdc46ffd700 1 -- 172.21.15.55:0/1978438160 <== mon.0 v2:172.21.15.55:3300/0 2 ==== config(27 keys) v1 ==== 1109+0+0 (secure 0 0 0) 0x7fdc4c010ec0 con 0x7fdc501028b0
2024-04-24T16:49:32.742 INFO:teuthology.orchestra.run.smithi055.stdout:/usr/bin/ceph: stderr
2024-04-24T16:49:31.148+0000 7fdc584af700 1 -- 172.21.15.55:0/1978438160 --> [v2:172.21.15.55:3300/0,v1:172.21.15.55:6789/0] -- mon_subscribe({mgrmap=0+}) v3 -- 0x7fdc50111d10 con 0x7fdc501028b0
2024-04-24T16:49:32.742 INFO:teuthology.orchestra.run.smithi055.stdout:/usr/bin/ceph: stderr
2024-04-24T16:49:31.148+0000 7fdc46ffd700 1 -- 172.21.15.55:0/1978438160 <== mon.0 v2:172.21.15.55:3300/0 3 ==== mon_map magic: 0 v1 ==== 229+0+0 (secure 0 0 0) 0x7fdc4c0243f0 con 0x7fdc501028b0
2024-04-24T16:49:32.742 INFO:teuthology.orchestra.run.smithi055.stdout:/usr/bin/ceph: stderr
2024-04-24T16:49:31.148+0000 7fdc584af700 1 -- 172.21.15.55:0/1978438160 --> [v2:172.21.15.55:3300/0,v1:172.21.15.55:6789/0] -- mon_subscribe({osdmap=0}) v3 -- 0x7fdc50112880 con 0x7fdc501028b0
2024-04-24T16:49:32.742 INFO:teuthology.orchestra.run.smithi055.stdout:/usr/bin/ceph: stderr
2024-04-24T16:49:31.148+0000 7fdc46ffd700 1 -- 172.21.15.55:0/1978438160 <== mon.0 v2:172.21.15.55:3300/0 4 ==== mgrmap(e 11) v1 ==== 43283+0+0 (secure 0 0 0) 0x7fdc4c02d3f0 con 0x7fdc501028b0
2024-04-24T16:49:32.742 INFO:teuthology.orchestra.run.smithi055.stdout:/usr/bin/ceph: stderr
2024-04-24T16:49:31.149+0000 7fdc46ffd700 1 --2- 172.21.15.55:0/1978438160 >> [v2:172.21.15.55:6800/2553941224,v1:172.21.15.55:6801/2553941224] conn(0x7fdc3c0367d0 0x7fdc3c038c80 unknown :-1 s=NONE pgs=0 cs=0 l=1 rev1=0 crypto rx=0 tx=0 comp rx=0 tx=0).connect
2024-04-24T16:49:32.742 INFO:teuthology.orchestra.run.smithi055.stdout:/usr/bin/ceph: stderr
2024-04-24T16:49:31.149+0000 7fdc46ffd700 1 -- 172.21.15.55:0/1978438160 <== mon.0 v2:172.21.15.55:3300/0 5 ==== osd_map(3..3 src has 1..3) v4 ==== 1151+0+0 (secure 0 0 0) 0x7fdc4c04a190 con 0x7fdc501028b0
2024-04-24T16:49:32.743 INFO:teuthology.orchestra.run.smithi055.stdout:/usr/bin/ceph: stderr
2024-04-24T16:49:31.149+0000 7fdc55a4a700 1 --2- 172.21.15.55:0/1978438160 >> [v2:172.21.15.55:6800/2553941224,v1:172.21.15.55:6801/2553941224] conn(0x7fdc3c0367d0 0x7fdc3c038c80 unknown :-1 s=BANNER_CONNECTING pgs=0 cs=0 l=1 rev1=0 crypto rx=0 tx=0 comp rx=0 tx=0)._handle_peer_banner_payload supported=3 required=0
2024-04-24T16:49:32.743 INFO:teuthology.orchestra.run.smithi055.stdout:/usr/bin/ceph: stderr
2024-04-24T16:49:31.149+0000 7fdc584af700 1 -- 172.21.15.55:0/1978438160 --> [v2:172.21.15.55:3300/0,v1:172.21.15.55:6789/0] -- mon_command({"prefix": "get_command_descriptions"} v 0) v1 -- 0x7fdc5005f5c0 con 0x7fdc501028b0
2024-04-24T16:49:32.743 INFO:teuthology.orchestra.run.smithi055.stdout:/usr/bin/ceph: stderr
2024-04-24T16:49:31.149+0000 7fdc55a4a700 1 --2- 172.21.15.55:0/1978438160 >> [v2:172.21.15.55:6800/2553941224,v1:172.21.15.55:6801/2553941224] conn(0x7fdc3c0367d0 0x7fdc3c038c80 secure :-1 s=READY pgs=7 cs=0 l=1 rev1=1 crypto rx=0x7fdc40009990 tx=0x7fdc40006e40 comp rx=0 tx=0).ready entity=mgr.14162 client_cookie=0 server_cookie=0 in_seq=0 out_seq=0
2024-04-24T16:49:32.743 INFO:teuthology.orchestra.run.smithi055.stdout:/usr/bin/ceph: stderr
2024-04-24T16:49:31.154+0000 7fdc46ffd700 1 -- 172.21.15.55:0/1978438160 <== mon.0 v2:172.21.15.55:3300/0 6 ==== mon_command_ack([{"prefix": "get_command_descriptions"}]=0 v0) v1 ==== 72+0+176702 (secure 0 0 0) 0x7fdc4c02b8e0 con 0x7fdc501028b0
2024-04-24T16:49:32.743 INFO:teuthology.orchestra.run.smithi055.stdout:/usr/bin/ceph: stderr
2024-04-24T16:49:31.368+0000 7fdc584af700 1 -- 172.21.15.55:0/1978438160 --> [v2:172.21.15.55:6800/2553941224,v1:172.21.15.55:6801/2553941224] -- mgr_command(tid 0: {"prefix": "dashboard create-self-signed-cert", "target": ["mon-mgr", ""]}) v1 -- 0x7fdc500ff1f0 con 0x7fdc3c0367d0
2024-04-24T16:49:32.743 INFO:teuthology.orchestra.run.smithi055.stdout:/usr/bin/ceph: stderr
2024-04-24T16:49:31.489+0000 7fdc46ffd700 1 -- 172.21.15.55:0/1978438160 <== mon.0 v2:172.21.15.55:3300/0 7 ==== mgrmap(e 12) v1 ==== 43389+0+0 (secure 0 0 0) 0x7fdc4c01a8c0 con 0x7fdc501028b0
2024-04-24T16:49:32.743 INFO:teuthology.orchestra.run.smithi055.stdout:/usr/bin/ceph: stderr
2024-04-24T16:49:31.529+0000 7fdc46ffd700 1 -- 172.21.15.55:0/1978438160 <== mgr.14162 v2:172.21.15.55:6800/2553941224 1 ==== mgr_command_reply(tid 0: 0 ) v1 ==== 8+0+32 (secure 0 0 0) 0x7fdc500ff1f0 con 0x7fdc3c0367d0
2024-04-24T16:49:32.743 INFO:teuthology.orchestra.run.smithi055.stdout:/usr/bin/ceph: stderr
2024-04-24T16:49:31.531+0000 7fdc584af700 1 -- 172.21.15.55:0/1978438160 >> [v2:172.21.15.55:6800/2553941224,v1:172.21.15.55:6801/2553941224] conn(0x7fdc3c0367d0 msgr2=0x7fdc3c038c80 secure :-1 s=STATE_CONNECTION_ESTABLISHED l=1).mark_down
2024-04-24T16:49:32.743 INFO:teuthology.orchestra.run.smithi055.stdout:/usr/bin/ceph: stderr
2024-04-24T16:49:31.531+0000 7fdc584af700 1 --2- 172.21.15.55:0/1978438160 >> [v2:172.21.15.55:6800/2553941224,v1:172.21.15.55:6801/2553941224] conn(0x7fdc3c0367d0 0x7fdc3c038c80 secure :-1 s=READY pgs=7 cs=0 l=1 rev1=1 crypto rx=0x7fdc40009990 tx=0x7fdc40006e40 comp rx=0 tx=0).stop
2024-04-24T16:49:32.743 INFO:teuthology.orchestra.run.smithi055.stdout:/usr/bin/ceph: stderr
2024-04-24T16:49:31.531+0000 7fdc584af700 1 -- 172.21.15.55:0/1978438160 >> [v2:172.21.15.55:3300/0,v1:172.21.15.55:6789/0] conn(0x7fdc501028b0 msgr2=0x7fdc501115d0 secure :-1 s=STATE_CONNECTION_ESTABLISHED l=1).mark_down
2024-04-24T16:49:32.743 INFO:teuthology.orchestra.run.smithi055.stdout:/usr/bin/ceph: stderr
2024-04-24T16:49:31.531+0000 7fdc584af700 1 --2- 172.21.15.55:0/1978438160 >> [v2:172.21.15.55:3300/0,v1:172.21.15.55:6789/0] conn(0x7fdc501028b0 0x7fdc501115d0 secure :-1 s=READY pgs=81 cs=0 l=1 rev1=1 crypto rx=0x7fdc4c011680 tx=0x7fdc4c009250 comp rx=0 tx=0).stop
2024-04-24T16:49:32.743 INFO:teuthology.orchestra.run.smithi055.stdout:/usr/bin/ceph: stderr
2024-04-24T16:49:31.531+0000 7fdc584af700 1 -- 172.21.15.55:0/1978438160 shutdown_connections
2024-04-24T16:49:32.743 INFO:teuthology.orchestra.run.smithi055.stdout:/usr/bin/ceph: stderr
2024-04-24T16:49:31.531+0000 7fdc584af700 1 --2- 172.21.15.55:0/1978438160 >> [v2:172.21.15.55:6800/2553941224,v1:172.21.15.55:6801/2553941224] conn(0x7fdc3c0367d0 0x7fdc3c038c80 unknown :-1 s=CLOSED pgs=7 cs=0 l=1 rev1=1 crypto rx=0 tx=0 comp rx=0 tx=0).stop
2024-04-24T16:49:32.743 INFO:teuthology.orchestra.run.smithi055.stdout:/usr/bin/ceph: stderr
2024-04-24T16:49:31.531+0000 7fdc584af700 1 --2- 172.21.15.55:0/1978438160 >> [v2:172.21.15.55:3300/0,v1:172.21.15.55:6789/0] conn(0x7fdc501028b0 0x7fdc501115d0 unknown :-1 s=CLOSED pgs=81 cs=0 l=1 rev1=1 crypto rx=0 tx=0 comp rx=0 tx=0).stop
2024-04-24T16:49:32.744 INFO:teuthology.orchestra.run.smithi055.stdout:/usr/bin/ceph: stderr
2024-04-24T16:49:31.532+0000 7fdc584af700 1 -- 172.21.15.55:0/1978438160 >> 172.21.15.55:0/1978438160 conn(0x7fdc500fe070 msgr2=0x7fdc500feae0 unknown :-1 s=STATE_NONE l=0).mark_down
2024-04-24T16:49:32.744 INFO:teuthology.orchestra.run.smithi055.stdout:/usr/bin/ceph: stderr
2024-04-24T16:49:31.532+0000 7fdc584af700 1 -- 172.21.15.55:0/1978438160 shutdown_connections
2024-04-24T16:49:32.744 INFO:teuthology.orchestra.run.smithi055.stdout:/usr/bin/ceph: stderr
2024-04-24T16:49:31.532+0000 7fdc584af700 1 -- 172.21.15.55:0/1978438160 wait complete.
2024-04-24T16:49:32.744 INFO:teuthology.orchestra.run.smithi055.stdout:Creating initial admin user...
2024-04-24T16:49:33.278 INFO:journalctl@ceph.mon.smithi055.smithi055.stdout:Apr 24 16:49:33 smithi055 ceph-mon[26429]: from='client.14174 -' entity='client.admin' cmd=[{"prefix": "dashboard create-self-signed-cert", "target": ["mon-mgr", ""]}]: dispatch
2024-04-24T16:49:34.575 INFO:teuthology.orchestra.run.smithi055.stdout:/usr/bin/ceph: stdout {"username": "admin", "password": "$2b$12$pMp2qg/fNXEKv32eGu.7NuNyWaZn8gMx5a4uS1Bm2T4f8qF5WG4ou", "roles": ["administrator"], "name": null, "email": null, "lastUpdate": 1713977373, "enabled": true, "pwdExpirationDate": null, "pwdUpdateRequired": true}
2024-04-24T16:49:34.575 INFO:teuthology.orchestra.run.smithi055.stdout:/usr/bin/ceph: stderr
2024-04-24T16:49:33.494+0000 7f18f8007700 1 Processor -- start
2024-04-24T16:49:34.575 INFO:teuthology.orchestra.run.smithi055.stdout:/usr/bin/ceph: stderr
2024-04-24T16:49:33.494+0000 7f18f8007700 1 -- start start
2024-04-24T16:49:34.575 INFO:teuthology.orchestra.run.smithi055.stdout:/usr/bin/ceph: stderr
2024-04-24T16:49:33.495+0000 7f18f8007700 1 --2- >> [v2:172.21.15.55:3300/0,v1:172.21.15.55:6789/0] conn(0x7f18f0078c60 0x7f18f0077210 unknown :-1 s=NONE pgs=0 cs=0 l=0 rev1=0 crypto rx=0 tx=0 comp rx=0 tx=0).connect
2024-04-24T16:49:34.575 INFO:teuthology.orchestra.run.smithi055.stdout:/usr/bin/ceph: stderr
2024-04-24T16:49:33.495+0000 7f18f8007700 1 -- --> [v2:172.21.15.55:3300/0,v1:172.21.15.55:6789/0] -- mon_getmap magic: 0 v1 -- 0x7f18f0079070 con 0x7f18f0078c60
2024-04-24T16:49:34.576 INFO:teuthology.orchestra.run.smithi055.stdout:/usr/bin/ceph: stderr
2024-04-24T16:49:33.495+0000 7f18f5da3700 1 --2- >> [v2:172.21.15.55:3300/0,v1:172.21.15.55:6789/0] conn(0x7f18f0078c60 0x7f18f0077210 unknown :-1 s=BANNER_CONNECTING pgs=0 cs=0 l=0 rev1=0 crypto rx=0 tx=0 comp rx=0 tx=0)._handle_peer_banner_payload supported=3 required=0
2024-04-24T16:49:34.576 INFO:teuthology.orchestra.run.smithi055.stdout:/usr/bin/ceph: stderr
2024-04-24T16:49:33.495+0000 7f18f5da3700 1 --2- >> [v2:172.21.15.55:3300/0,v1:172.21.15.55:6789/0] conn(0x7f18f0078c60 0x7f18f0077210 unknown :-1 s=HELLO_CONNECTING pgs=0 cs=0 l=0 rev1=1 crypto rx=0 tx=0 comp rx=0 tx=0).handle_hello peer v2:172.21.15.55:3300/0 says I am v2:172.21.15.55:51118/0 (socket says 172.21.15.55:51118)
2024-04-24T16:49:34.576 INFO:teuthology.orchestra.run.smithi055.stdout:/usr/bin/ceph: stderr
2024-04-24T16:49:33.495+0000 7f18f5da3700 1 -- 172.21.15.55:0/1023666056 learned_addr learned my addr 172.21.15.55:0/1023666056 (peer_addr_for_me v2:172.21.15.55:0/0)
2024-04-24T16:49:34.576 INFO:teuthology.orchestra.run.smithi055.stdout:/usr/bin/ceph: stderr
2024-04-24T16:49:33.495+0000 7f18f5da3700 1 -- 172.21.15.55:0/1023666056 --> [v2:172.21.15.55:3300/0,v1:172.21.15.55:6789/0] -- mon_subscribe({config=0+,monmap=0+}) v3 -- 0x7f18f0077750 con 0x7f18f0078c60
2024-04-24T16:49:34.576 INFO:teuthology.orchestra.run.smithi055.stdout:/usr/bin/ceph: stderr
2024-04-24T16:49:33.495+0000 7f18f5da3700 1 --2- 172.21.15.55:0/1023666056 >> [v2:172.21.15.55:3300/0,v1:172.21.15.55:6789/0] conn(0x7f18f0078c60 0x7f18f0077210 secure :-1 s=READY pgs=82 cs=0 l=1 rev1=1 crypto rx=0x7f18e8009e50 tx=0x7f18e8009840 comp rx=0 tx=0).ready entity=mon.0 client_cookie=8d52671184921c10 server_cookie=0 in_seq=0 out_seq=0
2024-04-24T16:49:34.576 INFO:teuthology.orchestra.run.smithi055.stdout:/usr/bin/ceph: stderr
2024-04-24T16:49:33.495+0000 7f18f4da1700 1 -- 172.21.15.55:0/1023666056 <== mon.0 v2:172.21.15.55:3300/0 1 ==== mon_map magic: 0 v1 ==== 229+0+0 (secure 0 0 0) 0x7f18e80092e0 con 0x7f18f0078c60
2024-04-24T16:49:34.576 INFO:teuthology.orchestra.run.smithi055.stdout:/usr/bin/ceph: stderr
2024-04-24T16:49:33.495+0000 7f18f4da1700 1 -- 172.21.15.55:0/1023666056 <== mon.0 v2:172.21.15.55:3300/0 2 ==== config(27 keys) v1 ==== 1109+0+0 (secure 0 0 0) 0x7f18e8012430 con 0x7f18f0078c60
2024-04-24T16:49:34.576 INFO:teuthology.orchestra.run.smithi055.stdout:/usr/bin/ceph: stderr
2024-04-24T16:49:33.495+0000 7f18f4da1700 1 -- 172.21.15.55:0/1023666056 <== mon.0 v2:172.21.15.55:3300/0 3 ==== mon_map magic: 0 v1 ==== 229+0+0 (secure 0 0 0) 0x7f18e80075a0 con 0x7f18f0078c60
2024-04-24T16:49:34.576 INFO:teuthology.orchestra.run.smithi055.stdout:/usr/bin/ceph: stderr
