2024-04-24T16:49:14.278+0000 7f89ea7fc700 1 -- 172.21.15.55:0/610309062 <== mgr.14120 v2:172.21.15.55:6800/1510578219 1 ==== mgr_command_reply(tid 0: 0 ) v1 ==== 8+0+28 (secure 0 0 0) 0x7f89f40ff230 con 0x7f89e00368a0
2024-04-24T16:49:14.894 INFO:teuthology.orchestra.run.smithi055.stdout:/usr/bin/ceph: stderr
2024-04-24T16:49:14.281+0000 7f89fbdd3700 1 -- 172.21.15.55:0/610309062 >> [v2:172.21.15.55:6800/1510578219,v1:172.21.15.55:6801/1510578219] conn(0x7f89e00368a0 msgr2=0x7f89e0038d50 secure :-1 s=STATE_CONNECTION_ESTABLISHED l=1).mark_down
2024-04-24T16:49:14.894 INFO:teuthology.orchestra.run.smithi055.stdout:/usr/bin/ceph: stderr
2024-04-24T16:49:14.281+0000 7f89fbdd3700 1 --2- 172.21.15.55:0/610309062 >> [v2:172.21.15.55:6800/1510578219,v1:172.21.15.55:6801/1510578219] conn(0x7f89e00368a0 0x7f89e0038d50 secure :-1 s=READY pgs=16 cs=0 l=1 rev1=1 crypto rx=0x7f89f0009990 tx=0x7f89f0006e40 comp rx=0 tx=0).stop
2024-04-24T16:49:14.894 INFO:teuthology.orchestra.run.smithi055.stdout:/usr/bin/ceph: stderr
2024-04-24T16:49:14.281+0000 7f89fbdd3700 1 -- 172.21.15.55:0/610309062 >> [v2:172.21.15.55:3300/0,v1:172.21.15.55:6789/0] conn(0x7f89f4102810 msgr2=0x7f89f41116c0 secure :-1 s=STATE_CONNECTION_ESTABLISHED l=1).mark_down
2024-04-24T16:49:14.894 INFO:teuthology.orchestra.run.smithi055.stdout:/usr/bin/ceph: stderr
2024-04-24T16:49:14.281+0000 7f89fbdd3700 1 --2- 172.21.15.55:0/610309062 >> [v2:172.21.15.55:3300/0,v1:172.21.15.55:6789/0] conn(0x7f89f4102810 0x7f89f41116c0 secure :-1 s=READY pgs=56 cs=0 l=1 rev1=1 crypto rx=0x7f89e4011c10 tx=0x7f89e4009250 comp rx=0 tx=0).stop
2024-04-24T16:49:14.894 INFO:teuthology.orchestra.run.smithi055.stdout:/usr/bin/ceph: stderr
2024-04-24T16:49:14.281+0000 7f89fbdd3700 1 -- 172.21.15.55:0/610309062 shutdown_connections
2024-04-24T16:49:14.894 INFO:teuthology.orchestra.run.smithi055.stdout:/usr/bin/ceph: stderr
2024-04-24T16:49:14.281+0000 7f89fbdd3700 1 --2- 172.21.15.55:0/610309062 >> [v2:172.21.15.55:6800/1510578219,v1:172.21.15.55:6801/1510578219] conn(0x7f89e00368a0 0x7f89e0038d50 unknown :-1 s=CLOSED pgs=16 cs=0 l=1 rev1=1 crypto rx=0 tx=0 comp rx=0 tx=0).stop
2024-04-24T16:49:14.894 INFO:teuthology.orchestra.run.smithi055.stdout:/usr/bin/ceph: stderr
2024-04-24T16:49:14.281+0000 7f89fbdd3700 1 --2- 172.21.15.55:0/610309062 >> [v2:172.21.15.55:3300/0,v1:172.21.15.55:6789/0] conn(0x7f89f4102810 0x7f89f41116c0 unknown :-1 s=CLOSED pgs=56 cs=0 l=1 rev1=1 crypto rx=0 tx=0 comp rx=0 tx=0).stop
2024-04-24T16:49:14.894 INFO:teuthology.orchestra.run.smithi055.stdout:/usr/bin/ceph: stderr
2024-04-24T16:49:14.281+0000 7f89fbdd3700 1 -- 172.21.15.55:0/610309062 >> 172.21.15.55:0/610309062 conn(0x7f89f40fdfd0 msgr2=0x7f89f40feb20 unknown :-1 s=STATE_NONE l=0).mark_down
2024-04-24T16:49:14.894 INFO:teuthology.orchestra.run.smithi055.stdout:/usr/bin/ceph: stderr
2024-04-24T16:49:14.281+0000 7f89fbdd3700 1 -- 172.21.15.55:0/610309062 shutdown_connections
2024-04-24T16:49:14.894 INFO:teuthology.orchestra.run.smithi055.stdout:/usr/bin/ceph: stderr
2024-04-24T16:49:14.281+0000 7f89fbdd3700 1 -- 172.21.15.55:0/610309062 wait complete.
2024-04-24T16:49:14.894 INFO:teuthology.orchestra.run.smithi055.stdout:Deploying node-exporter service with default placement...
2024-04-24T16:49:15.058 INFO:journalctl@ceph.mon.smithi055.smithi055.stdout:Apr 24 16:49:14 smithi055 ceph-mon[26429]: from='client.14150 -' entity='client.admin' cmd=[{"prefix": "orch apply", "service_type": "grafana", "target": ["mon-mgr", ""]}]: dispatch
2024-04-24T16:49:15.059 INFO:journalctl@ceph.mon.smithi055.smithi055.stdout:Apr 24 16:49:14 smithi055 ceph-mon[26429]: from='mgr.14120 172.21.15.55:0/4147282340' entity='mgr.smithi055.ihoiaa'
2024-04-24T16:49:15.889 INFO:journalctl@ceph.mon.smithi055.smithi055.stdout:Apr 24 16:49:15 smithi055 ceph-mon[26429]: Saving service grafana spec with placement count:1
2024-04-24T16:49:16.911 INFO:teuthology.orchestra.run.smithi055.stdout:/usr/bin/ceph: stdout Scheduled node-exporter update...
2024-04-24T16:49:16.911 INFO:teuthology.orchestra.run.smithi055.stdout:/usr/bin/ceph: stderr
2024-04-24T16:49:15.998+0000 7ff245869700 1 Processor -- start
2024-04-24T16:49:16.911 INFO:teuthology.orchestra.run.smithi055.stdout:/usr/bin/ceph: stderr
2024-04-24T16:49:15.998+0000 7ff245869700 1 -- start start
2024-04-24T16:49:16.911 INFO:teuthology.orchestra.run.smithi055.stdout:/usr/bin/ceph: stderr
2024-04-24T16:49:15.998+0000 7ff245869700 1 --2- >> [v2:172.21.15.55:3300/0,v1:172.21.15.55:6789/0] conn(0x7ff240102810 0x7ff240102c20 unknown :-1 s=NONE pgs=0 cs=0 l=0 rev1=0 crypto rx=0 tx=0 comp rx=0 tx=0).connect
2024-04-24T16:49:16.911 INFO:teuthology.orchestra.run.smithi055.stdout:/usr/bin/ceph: stderr
2024-04-24T16:49:15.998+0000 7ff245869700 1 -- --> [v2:172.21.15.55:3300/0,v1:172.21.15.55:6789/0] -- mon_getmap magic: 0 v1 -- 0x7ff240103160 con 0x7ff240102810
2024-04-24T16:49:16.911 INFO:teuthology.orchestra.run.smithi055.stdout:/usr/bin/ceph: stderr
2024-04-24T16:49:15.998+0000 7ff23effd700 1 --2- >> [v2:172.21.15.55:3300/0,v1:172.21.15.55:6789/0] conn(0x7ff240102810 0x7ff240102c20 unknown :-1 s=BANNER_CONNECTING pgs=0 cs=0 l=0 rev1=0 crypto rx=0 tx=0 comp rx=0 tx=0)._handle_peer_banner_payload supported=3 required=0
2024-04-24T16:49:16.912 INFO:teuthology.orchestra.run.smithi055.stdout:/usr/bin/ceph: stderr
2024-04-24T16:49:15.998+0000 7ff23effd700 1 --2- >> [v2:172.21.15.55:3300/0,v1:172.21.15.55:6789/0] conn(0x7ff240102810 0x7ff240102c20 unknown :-1 s=HELLO_CONNECTING pgs=0 cs=0 l=0 rev1=1 crypto rx=0 tx=0 comp rx=0 tx=0).handle_hello peer v2:172.21.15.55:3300/0 says I am v2:172.21.15.55:43176/0 (socket says 172.21.15.55:43176)
2024-04-24T16:49:16.912 INFO:teuthology.orchestra.run.smithi055.stdout:/usr/bin/ceph: stderr
2024-04-24T16:49:15.999+0000 7ff23effd700 1 -- 172.21.15.55:0/3366794919 learned_addr learned my addr 172.21.15.55:0/3366794919 (peer_addr_for_me v2:172.21.15.55:0/0)
2024-04-24T16:49:16.912 INFO:teuthology.orchestra.run.smithi055.stdout:/usr/bin/ceph: stderr
2024-04-24T16:49:15.999+0000 7ff23effd700 1 -- 172.21.15.55:0/3366794919 --> [v2:172.21.15.55:3300/0,v1:172.21.15.55:6789/0] -- mon_subscribe({config=0+,monmap=0+}) v3 -- 0x7ff2401032a0 con 0x7ff240102810
2024-04-24T16:49:16.912 INFO:teuthology.orchestra.run.smithi055.stdout:/usr/bin/ceph: stderr
2024-04-24T16:49:15.999+0000 7ff23effd700 1 --2- 172.21.15.55:0/3366794919 >> [v2:172.21.15.55:3300/0,v1:172.21.15.55:6789/0] conn(0x7ff240102810 0x7ff240102c20 secure :-1 s=READY pgs=57 cs=0 l=1 rev1=1 crypto rx=0x7ff2300098e0 tx=0x7ff230009250 comp rx=0 tx=0).ready entity=mon.0 client_cookie=5efb17d5f1c8cde2 server_cookie=0 in_seq=0 out_seq=0
2024-04-24T16:49:16.912 INFO:teuthology.orchestra.run.smithi055.stdout:/usr/bin/ceph: stderr
2024-04-24T16:49:15.999+0000 7ff23dffb700 1 -- 172.21.15.55:0/3366794919 <== mon.0 v2:172.21.15.55:3300/0 1 ==== mon_map magic: 0 v1 ==== 229+0+0 (secure 0 0 0) 0x7ff23000b860 con 0x7ff240102810
2024-04-24T16:49:16.912 INFO:teuthology.orchestra.run.smithi055.stdout:/usr/bin/ceph: stderr
2024-04-24T16:49:15.999+0000 7ff23dffb700 1 -- 172.21.15.55:0/3366794919 <== mon.0 v2:172.21.15.55:3300/0 2 ==== config(27 keys) v1 ==== 1109+0+0 (secure 0 0 0) 0x7ff23000be90 con 0x7ff240102810
2024-04-24T16:49:16.912 INFO:teuthology.orchestra.run.smithi055.stdout:/usr/bin/ceph: stderr
2024-04-24T16:49:15.999+0000 7ff23dffb700 1 -- 172.21.15.55:0/3366794919 <== mon.0 v2:172.21.15.55:3300/0 3 ==== mon_map magic: 0 v1 ==== 229+0+0 (secure 0 0 0) 0x7ff2300103c0 con 0x7ff240102810
2024-04-24T16:49:16.912 INFO:teuthology.orchestra.run.smithi055.stdout:/usr/bin/ceph: stderr
2024-04-24T16:49:16.000+0000 7ff245869700 1 -- 172.21.15.55:0/3366794919 >> [v2:172.21.15.55:3300/0,v1:172.21.15.55:6789/0] conn(0x7ff240102810 msgr2=0x7ff240102c20 secure :-1 s=STATE_CONNECTION_ESTABLISHED l=1).mark_down
2024-04-24T16:49:16.912 INFO:teuthology.orchestra.run.smithi055.stdout:/usr/bin/ceph: stderr
2024-04-24T16:49:16.000+0000 7ff245869700 1 --2- 172.21.15.55:0/3366794919 >> [v2:172.21.15.55:3300/0,v1:172.21.15.55:6789/0] conn(0x7ff240102810 0x7ff240102c20 secure :-1 s=READY pgs=57 cs=0 l=1 rev1=1 crypto rx=0x7ff2300098e0 tx=0x7ff230009250 comp rx=0 tx=0).stop
2024-04-24T16:49:16.912 INFO:teuthology.orchestra.run.smithi055.stdout:/usr/bin/ceph: stderr
2024-04-24T16:49:16.000+0000 7ff245869700 1 -- 172.21.15.55:0/3366794919 shutdown_connections
2024-04-24T16:49:16.912 INFO:teuthology.orchestra.run.smithi055.stdout:/usr/bin/ceph: stderr
2024-04-24T16:49:16.000+0000 7ff245869700 1 --2- 172.21.15.55:0/3366794919 >> [v2:172.21.15.55:3300/0,v1:172.21.15.55:6789/0] conn(0x7ff240102810 0x7ff240102c20 unknown :-1 s=CLOSED pgs=57 cs=0 l=1 rev1=1 crypto rx=0 tx=0 comp rx=0 tx=0).stop
2024-04-24T16:49:16.912 INFO:teuthology.orchestra.run.smithi055.stdout:/usr/bin/ceph: stderr
2024-04-24T16:49:16.000+0000 7ff245869700 1 -- 172.21.15.55:0/3366794919 >> 172.21.15.55:0/3366794919 conn(0x7ff2400fdfd0 msgr2=0x7ff2401003e0 unknown :-1 s=STATE_NONE l=0).mark_down
2024-04-24T16:49:16.912 INFO:teuthology.orchestra.run.smithi055.stdout:/usr/bin/ceph: stderr
2024-04-24T16:49:16.000+0000 7ff245869700 1 -- 172.21.15.55:0/3366794919 shutdown_connections
2024-04-24T16:49:16.912 INFO:teuthology.orchestra.run.smithi055.stdout:/usr/bin/ceph: stderr
2024-04-24T16:49:16.000+0000 7ff245869700 1 -- 172.21.15.55:0/3366794919 wait complete.
2024-04-24T16:49:16.912 INFO:teuthology.orchestra.run.smithi055.stdout:/usr/bin/ceph: stderr
2024-04-24T16:49:16.001+0000 7ff245869700 1 Processor -- start
2024-04-24T16:49:16.913 INFO:teuthology.orchestra.run.smithi055.stdout:/usr/bin/ceph: stderr
2024-04-24T16:49:16.001+0000 7ff245869700 1 -- start start
2024-04-24T16:49:16.913 INFO:teuthology.orchestra.run.smithi055.stdout:/usr/bin/ceph: stderr
2024-04-24T16:49:16.001+0000 7ff245869700 1 --2- >> [v2:172.21.15.55:3300/0,v1:172.21.15.55:6789/0] conn(0x7ff240102810 0x7ff2401116c0 unknown :-1 s=NONE pgs=0 cs=0 l=1 rev1=0 crypto rx=0 tx=0 comp rx=0 tx=0).connect
2024-04-24T16:49:16.913 INFO:teuthology.orchestra.run.smithi055.stdout:/usr/bin/ceph: stderr
2024-04-24T16:49:16.001+0000 7ff245869700 1 -- --> [v2:172.21.15.55:3300/0,v1:172.21.15.55:6789/0] -- mon_getmap magic: 0 v1 -- 0x7ff240111c00 con 0x7ff240102810
2024-04-24T16:49:16.913 INFO:teuthology.orchestra.run.smithi055.stdout:/usr/bin/ceph: stderr
2024-04-24T16:49:16.001+0000 7ff23effd700 1 --2- >> [v2:172.21.15.55:3300/0,v1:172.21.15.55:6789/0] conn(0x7ff240102810 0x7ff2401116c0 unknown :-1 s=BANNER_CONNECTING pgs=0 cs=0 l=1 rev1=0 crypto rx=0 tx=0 comp rx=0 tx=0)._handle_peer_banner_payload supported=3 required=0
2024-04-24T16:49:16.913 INFO:teuthology.orchestra.run.smithi055.stdout:/usr/bin/ceph: stderr
2024-04-24T16:49:16.001+0000 7ff23effd700 1 --2- >> [v2:172.21.15.55:3300/0,v1:172.21.15.55:6789/0] conn(0x7ff240102810 0x7ff2401116c0 unknown :-1 s=HELLO_CONNECTING pgs=0 cs=0 l=1 rev1=1 crypto rx=0 tx=0 comp rx=0 tx=0).handle_hello peer v2:172.21.15.55:3300/0 says I am v2:172.21.15.55:43182/0 (socket says 172.21.15.55:43182)
2024-04-24T16:49:16.913 INFO:teuthology.orchestra.run.smithi055.stdout:/usr/bin/ceph: stderr
2024-04-24T16:49:16.001+0000 7ff23effd700 1 -- 172.21.15.55:0/710079073 learned_addr learned my addr 172.21.15.55:0/710079073 (peer_addr_for_me v2:172.21.15.55:0/0)
2024-04-24T16:49:16.913 INFO:teuthology.orchestra.run.smithi055.stdout:/usr/bin/ceph: stderr
2024-04-24T16:49:16.001+0000 7ff23effd700 1 -- 172.21.15.55:0/710079073 --> [v2:172.21.15.55:3300/0,v1:172.21.15.55:6789/0] -- mon_subscribe({config=0+,monmap=0+}) v3 -- 0x7ff2300094f0 con 0x7ff240102810
2024-04-24T16:49:16.913 INFO:teuthology.orchestra.run.smithi055.stdout:/usr/bin/ceph: stderr
2024-04-24T16:49:16.001+0000 7ff23effd700 1 --2- 172.21.15.55:0/710079073 >> [v2:172.21.15.55:3300/0,v1:172.21.15.55:6789/0] conn(0x7ff240102810 0x7ff2401116c0 secure :-1 s=READY pgs=58 cs=0 l=1 rev1=1 crypto rx=0x7ff230011c10 tx=0x7ff230009250 comp rx=0 tx=0).ready entity=mon.0 client_cookie=0 server_cookie=0 in_seq=0 out_seq=0
2024-04-24T16:49:16.913 INFO:teuthology.orchestra.run.smithi055.stdout:/usr/bin/ceph: stderr
2024-04-24T16:49:16.002+0000 7ff2277fe700 1 -- 172.21.15.55:0/710079073 <== mon.0 v2:172.21.15.55:3300/0 1 ==== mon_map magic: 0 v1 ==== 229+0+0 (secure 0 0 0) 0x7ff230010890 con 0x7ff240102810
2024-04-24T16:49:16.913 INFO:teuthology.orchestra.run.smithi055.stdout:/usr/bin/ceph: stderr
2024-04-24T16:49:16.002+0000 7ff245869700 1 -- 172.21.15.55:0/710079073 --> [v2:172.21.15.55:3300/0,v1:172.21.15.55:6789/0] -- mon_subscribe({mgrmap=0+}) v3 -- 0x7ff240111e00 con 0x7ff240102810
2024-04-24T16:49:16.913 INFO:teuthology.orchestra.run.smithi055.stdout:/usr/bin/ceph: stderr
2024-04-24T16:49:16.002+0000 7ff2277fe700 1 -- 172.21.15.55:0/710079073 <== mon.0 v2:172.21.15.55:3300/0 2 ==== config(27 keys) v1 ==== 1109+0+0 (secure 0 0 0) 0x7ff230010ec0 con 0x7ff240102810
2024-04-24T16:49:16.913 INFO:teuthology.orchestra.run.smithi055.stdout:/usr/bin/ceph: stderr
2024-04-24T16:49:16.002+0000 7ff2277fe700 1 -- 172.21.15.55:0/710079073 <== mon.0 v2:172.21.15.55:3300/0 3 ==== mon_map magic: 0 v1 ==== 229+0+0 (secure 0 0 0) 0x7ff2300243f0 con 0x7ff240102810
2024-04-24T16:49:16.913 INFO:teuthology.orchestra.run.smithi055.stdout:/usr/bin/ceph: stderr
2024-04-24T16:49:16.002+0000 7ff245869700 1 -- 172.21.15.55:0/710079073 --> [v2:172.21.15.55:3300/0,v1:172.21.15.55:6789/0] -- mon_subscribe({osdmap=0}) v3 -- 0x7ff240112970 con 0x7ff240102810
2024-04-24T16:49:16.913 INFO:teuthology.orchestra.run.smithi055.stdout:/usr/bin/ceph: stderr
2024-04-24T16:49:16.002+0000 7ff2277fe700 1 -- 172.21.15.55:0/710079073 <== mon.0 v2:172.21.15.55:3300/0 4 ==== mgrmap(e 8) v1 ==== 43376+0+0 (secure 0 0 0) 0x7ff23002d3f0 con 0x7ff240102810
2024-04-24T16:49:16.914 INFO:teuthology.orchestra.run.smithi055.stdout:/usr/bin/ceph: stderr
2024-04-24T16:49:16.003+0000 7ff245869700 1 -- 172.21.15.55:0/710079073 --> [v2:172.21.15.55:3300/0,v1:172.21.15.55:6789/0] -- mon_command({"prefix": "get_command_descriptions"} v 0) v1 -- 0x7ff24005f5c0 con 0x7ff240102810
2024-04-24T16:49:16.914 INFO:teuthology.orchestra.run.smithi055.stdout:/usr/bin/ceph: stderr
2024-04-24T16:49:16.003+0000 7ff2277fe700 1 --2- 172.21.15.55:0/710079073 >> [v2:172.21.15.55:6800/1510578219,v1:172.21.15.55:6801/1510578219] conn(0x7ff228036850 0x7ff228038d00 unknown :-1 s=NONE pgs=0 cs=0 l=1 rev1=0 crypto rx=0 tx=0 comp rx=0 tx=0).connect
2024-04-24T16:49:16.914 INFO:teuthology.orchestra.run.smithi055.stdout:/usr/bin/ceph: stderr
2024-04-24T16:49:16.003+0000 7ff2277fe700 1 -- 172.21.15.55:0/710079073 <== mon.0 v2:172.21.15.55:3300/0 5 ==== osd_map(2..2 src has 1..2) v4 ==== 936+0+0 (secure 0 0 0) 0x7ff23004a3d0 con 0x7ff240102810
2024-04-24T16:49:16.914 INFO:teuthology.orchestra.run.smithi055.stdout:/usr/bin/ceph: stderr
2024-04-24T16:49:16.003+0000 7ff23e7fc700 1 --2- 172.21.15.55:0/710079073 >> [v2:172.21.15.55:6800/1510578219,v1:172.21.15.55:6801/1510578219] conn(0x7ff228036850 0x7ff228038d00 unknown :-1 s=BANNER_CONNECTING pgs=0 cs=0 l=1 rev1=0 crypto rx=0 tx=0 comp rx=0 tx=0)._handle_peer_banner_payload supported=3 required=0
2024-04-24T16:49:16.914 INFO:teuthology.orchestra.run.smithi055.stdout:/usr/bin/ceph: stderr
2024-04-24T16:49:16.003+0000 7ff23e7fc700 1 --2- 172.21.15.55:0/710079073 >> [v2:172.21.15.55:6800/1510578219,v1:172.21.15.55:6801/1510578219] conn(0x7ff228036850 0x7ff228038d00 secure :-1 s=READY pgs=17 cs=0 l=1 rev1=1 crypto rx=0x7ff234009990 tx=0x7ff234006e40 comp rx=0 tx=0).ready entity=mgr.14120 client_cookie=0 server_cookie=0 in_seq=0 out_seq=0
2024-04-24T16:49:16.914 INFO:teuthology.orchestra.run.smithi055.stdout:/usr/bin/ceph: stderr
2024-04-24T16:49:16.007+0000 7ff2277fe700 1 -- 172.21.15.55:0/710079073 <== mon.0 v2:172.21.15.55:3300/0 6 ==== mon_command_ack([{"prefix": "get_command_descriptions"}]=0 v0) v1 ==== 72+0+176702 (secure 0 0 0) 0x7ff23002b8e0 con 0x7ff240102810
2024-04-24T16:49:16.914 INFO:teuthology.orchestra.run.smithi055.stdout:/usr/bin/ceph: stderr
2024-04-24T16:49:16.213+0000 7ff245869700 1 -- 172.21.15.55:0/710079073 --> [v2:172.21.15.55:6800/1510578219,v1:172.21.15.55:6801/1510578219] -- mgr_command(tid 0: {"prefix": "orch apply", "service_type": "node-exporter", "target": ["mon-mgr", ""]}) v1 -- 0x7ff2400ff230 con 0x7ff228036850
2024-04-24T16:49:16.914 INFO:teuthology.orchestra.run.smithi055.stdout:/usr/bin/ceph: stderr
2024-04-24T16:49:16.218+0000 7ff2277fe700 1 -- 172.21.15.55:0/710079073 <== mgr.14120 v2:172.21.15.55:6800/1510578219 1 ==== mgr_command_reply(tid 0: 0 ) v1 ==== 8+0+34 (secure 0 0 0) 0x7ff2400ff230 con 0x7ff228036850
2024-04-24T16:49:16.914 INFO:teuthology.orchestra.run.smithi055.stdout:/usr/bin/ceph: stderr
2024-04-24T16:49:16.220+0000 7ff245869700 1 -- 172.21.15.55:0/710079073 >> [v2:172.21.15.55:6800/1510578219,v1:172.21.15.55:6801/1510578219] conn(0x7ff228036850 msgr2=0x7ff228038d00 secure :-1 s=STATE_CONNECTION_ESTABLISHED l=1).mark_down
2024-04-24T16:49:16.914 INFO:teuthology.orchestra.run.smithi055.stdout:/usr/bin/ceph: stderr
2024-04-24T16:49:16.220+0000 7ff245869700 1 --2- 172.21.15.55:0/710079073 >> [v2:172.21.15.55:6800/1510578219,v1:172.21.15.55:6801/1510578219] conn(0x7ff228036850 0x7ff228038d00 secure :-1 s=READY pgs=17 cs=0 l=1 rev1=1 crypto rx=0x7ff234009990 tx=0x7ff234006e40 comp rx=0 tx=0).stop
2024-04-24T16:49:16.914 INFO:teuthology.orchestra.run.smithi055.stdout:/usr/bin/ceph: stderr
2024-04-24T16:49:16.220+0000 7ff245869700 1 -- 172.21.15.55:0/710079073 >> [v2:172.21.15.55:3300/0,v1:172.21.15.55:6789/0] conn(0x7ff240102810 msgr2=0x7ff2401116c0 secure :-1 s=STATE_CONNECTION_ESTABLISHED l=1).mark_down
2024-04-24T16:49:16.914 INFO:teuthology.orchestra.run.smithi055.stdout:/usr/bin/ceph: stderr
2024-04-24T16:49:16.220+0000 7ff245869700 1 --2- 172.21.15.55:0/710079073 >> [v2:172.21.15.55:3300/0,v1:172.21.15.55:6789/0] conn(0x7ff240102810 0x7ff2401116c0 secure :-1 s=READY pgs=58 cs=0 l=1 rev1=1 crypto rx=0x7ff230011c10 tx=0x7ff230009250 comp rx=0 tx=0).stop
2024-04-24T16:49:16.914 INFO:teuthology.orchestra.run.smithi055.stdout:/usr/bin/ceph: stderr
2024-04-24T16:49:16.220+0000 7ff245869700 1 -- 172.21.15.55:0/710079073 shutdown_connections
2024-04-24T16:49:16.915 INFO:teuthology.orchestra.run.smithi055.stdout:/usr/bin/ceph: stderr
2024-04-24T16:49:16.220+0000 7ff245869700 1 --2- 172.21.15.55:0/710079073 >> [v2:172.21.15.55:6800/1510578219,v1:172.21.15.55:6801/1510578219] conn(0x7ff228036850 0x7ff228038d00 unknown :-1 s=CLOSED pgs=17 cs=0 l=1 rev1=1 crypto rx=0 tx=0 comp rx=0 tx=0).stop
2024-04-24T16:49:16.915 INFO:teuthology.orchestra.run.smithi055.stdout:/usr/bin/ceph: stderr
2024-04-24T16:49:16.220+0000 7ff245869700 1 --2- 172.21.15.55:0/710079073 >> [v2:172.21.15.55:3300/0,v1:172.21.15.55:6789/0] conn(0x7ff240102810 0x7ff2401116c0 unknown :-1 s=CLOSED pgs=58 cs=0 l=1 rev1=1 crypto rx=0 tx=0 comp rx=0 tx=0).stop
2024-04-24T16:49:16.915 INFO:teuthology.orchestra.run.smithi055.stdout:/usr/bin/ceph: stderr
2024-04-24T16:49:16.220+0000 7ff245869700 1 -- 172.21.15.55:0/710079073 >> 172.21.15.55:0/710079073 conn(0x7ff2400fdfd0 msgr2=0x7ff2400feb20 unknown :-1 s=STATE_NONE l=0).mark_down
2024-04-24T16:49:16.915 INFO:teuthology.orchestra.run.smithi055.stdout:/usr/bin/ceph: stderr
2024-04-24T16:49:16.220+0000 7ff245869700 1 -- 172.21.15.55:0/710079073 shutdown_connections
2024-04-24T16:49:16.915 INFO:teuthology.orchestra.run.smithi055.stdout:/usr/bin/ceph: stderr
2024-04-24T16:49:16.220+0000 7ff245869700 1 -- 172.21.15.55:0/710079073 wait complete.
2024-04-24T16:49:16.915 INFO:teuthology.orchestra.run.smithi055.stdout:Deploying alertmanager service with default placement...
2024-04-24T16:49:17.307 INFO:journalctl@ceph.mon.smithi055.smithi055.stdout:Apr 24 16:49:17 smithi055 ceph-mon[26429]: from='client.14152 -' entity='client.admin' cmd=[{"prefix": "orch apply", "service_type": "node-exporter", "target": ["mon-mgr", ""]}]: dispatch
2024-04-24T16:49:17.307 INFO:journalctl@ceph.mon.smithi055.smithi055.stdout:Apr 24 16:49:17 smithi055 ceph-mon[26429]: Saving service node-exporter spec with placement *
2024-04-24T16:49:17.307 INFO:journalctl@ceph.mon.smithi055.smithi055.stdout:Apr 24 16:49:17 smithi055 ceph-mon[26429]: from='mgr.14120 172.21.15.55:0/4147282340' entity='mgr.smithi055.ihoiaa'
2024-04-24T16:49:18.135 INFO:teuthology.orchestra.run.smithi055.stdout:/usr/bin/ceph: stdout Scheduled alertmanager update...
2024-04-24T16:49:18.136 INFO:teuthology.orchestra.run.smithi055.stdout:/usr/bin/ceph: stderr
2024-04-24T16:49:17.325+0000 7fa08bd48700 1 Processor -- start
2024-04-24T16:49:18.136 INFO:teuthology.orchestra.run.smithi055.stdout:/usr/bin/ceph: stderr
2024-04-24T16:49:17.325+0000 7fa08bd48700 1 -- start start
2024-04-24T16:49:18.136 INFO:teuthology.orchestra.run.smithi055.stdout:/usr/bin/ceph: stderr
2024-04-24T16:49:17.325+0000 7fa08bd48700 1 --2- >> [v2:172.21.15.55:3300/0,v1:172.21.15.55:6789/0] conn(0x7fa084102810 0x7fa084102c20 unknown :-1 s=NONE pgs=0 cs=0 l=0 rev1=0 crypto rx=0 tx=0 comp rx=0 tx=0).connect
2024-04-24T16:49:18.136 INFO:teuthology.orchestra.run.smithi055.stdout:/usr/bin/ceph: stderr
2024-04-24T16:49:17.325+0000 7fa08bd48700 1 -- --> [v2:172.21.15.55:3300/0,v1:172.21.15.55:6789/0] -- mon_getmap magic: 0 v1 -- 0x7fa084103160 con 0x7fa084102810
2024-04-24T16:49:18.136 INFO:teuthology.orchestra.run.smithi055.stdout:/usr/bin/ceph: stderr
2024-04-24T16:49:17.325+0000 7fa089ae4700 1 --2- >> [v2:172.21.15.55:3300/0,v1:172.21.15.55:6789/0] conn(0x7fa084102810 0x7fa084102c20 unknown :-1 s=BANNER_CONNECTING pgs=0 cs=0 l=0 rev1=0 crypto rx=0 tx=0 comp rx=0 tx=0)._handle_peer_banner_payload supported=3 required=0
2024-04-24T16:49:18.136 INFO:teuthology.orchestra.run.smithi055.stdout:/usr/bin/ceph: stderr
2024-04-24T16:49:17.325+0000 7fa089ae4700 1 --2- >> [v2:172.21.15.55:3300/0,v1:172.21.15.55:6789/0] conn(0x7fa084102810 0x7fa084102c20 unknown :-1 s=HELLO_CONNECTING pgs=0 cs=0 l=0 rev1=1 crypto rx=0 tx=0 comp rx=0 tx=0).handle_hello peer v2:172.21.15.55:3300/0 says I am v2:172.21.15.55:43198/0 (socket says 172.21.15.55:43198)
2024-04-24T16:49:18.136 INFO:teuthology.orchestra.run.smithi055.stdout:/usr/bin/ceph: stderr
2024-04-24T16:49:17.325+0000 7fa089ae4700 1 -- 172.21.15.55:0/1415131991 learned_addr learned my addr 172.21.15.55:0/1415131991 (peer_addr_for_me v2:172.21.15.55:0/0)
2024-04-24T16:49:18.136 INFO:teuthology.orchestra.run.smithi055.stdout:/usr/bin/ceph: stderr
2024-04-24T16:49:17.326+0000 7fa089ae4700 1 -- 172.21.15.55:0/1415131991 --> [v2:172.21.15.55:3300/0,v1:172.21.15.55:6789/0] -- mon_subscribe({config=0+,monmap=0+}) v3 -- 0x7fa0841032a0 con 0x7fa084102810
2024-04-24T16:49:18.136 INFO:teuthology.orchestra.run.smithi055.stdout:/usr/bin/ceph: stderr
2024-04-24T16:49:17.326+0000 7fa089ae4700 1 --2- 172.21.15.55:0/1415131991 >> [v2:172.21.15.55:3300/0,v1:172.21.15.55:6789/0] conn(0x7fa084102810 0x7fa084102c20 secure :-1 s=READY pgs=59 cs=0 l=1 rev1=1 crypto rx=0x7fa0800098e0 tx=0x7fa080009250 comp rx=0 tx=0).ready entity=mon.0 client_cookie=c5453504f0263d49 server_cookie=0 in_seq=0 out_seq=0
2024-04-24T16:49:18.136 INFO:teuthology.orchestra.run.smithi055.stdout:/usr/bin/ceph: stderr
2024-04-24T16:49:17.326+0000 7fa088ae2700 1 -- 172.21.15.55:0/1415131991 <== mon.0 v2:172.21.15.55:3300/0 1 ==== mon_map magic: 0 v1 ==== 229+0+0 (secure 0 0 0) 0x7fa08000b860 con 0x7fa084102810
2024-04-24T16:49:18.136 INFO:teuthology.orchestra.run.smithi055.stdout:/usr/bin/ceph: stderr
2024-04-24T16:49:17.326+0000 7fa088ae2700 1 -- 172.21.15.55:0/1415131991 <== mon.0 v2:172.21.15.55:3300/0 2 ==== config(27 keys) v1 ==== 1109+0+0 (secure 0 0 0) 0x7fa08000be90 con 0x7fa084102810
2024-04-24T16:49:18.137 INFO:teuthology.orchestra.run.smithi055.stdout:/usr/bin/ceph: stderr
2024-04-24T16:49:17.326+0000 7fa088ae2700 1 -- 172.21.15.55:0/1415131991 <== mon.0 v2:172.21.15.55:3300/0 3 ==== mon_map magic: 0 v1 ==== 229+0+0 (secure 0 0 0) 0x7fa0800103c0 con 0x7fa084102810
2024-04-24T16:49:18.137 INFO:teuthology.orchestra.run.smithi055.stdout:/usr/bin/ceph: stderr
2024-04-24T16:49:17.326+0000 7fa08bd48700 1 -- 172.21.15.55:0/1415131991 >> [v2:172.21.15.55:3300/0,v1:172.21.15.55:6789/0] conn(0x7fa084102810 msgr2=0x7fa084102c20 secure :-1 s=STATE_CONNECTION_ESTABLISHED l=1).mark_down
2024-04-24T16:49:18.137 INFO:teuthology.orchestra.run.smithi055.stdout:/usr/bin/ceph: stderr
2024-04-24T16:49:17.326+0000 7fa08bd48700 1 --2- 172.21.15.55:0/1415131991 >> [v2:172.21.15.55:3300/0,v1:172.21.15.55:6789/0] conn(0x7fa084102810 0x7fa084102c20 secure :-1 s=READY pgs=59 cs=0 l=1 rev1=1 crypto rx=0x7fa0800098e0 tx=0x7fa080009250 comp rx=0 tx=0).stop
2024-04-24T16:49:18.137 INFO:teuthology.orchestra.run.smithi055.stdout:/usr/bin/ceph: stderr
2024-04-24T16:49:17.326+0000 7fa08bd48700 1 -- 172.21.15.55:0/1415131991 shutdown_connections
2024-04-24T16:49:18.137 INFO:teuthology.orchestra.run.smithi055.stdout:/usr/bin/ceph: stderr
2024-04-24T16:49:17.326+0000 7fa08bd48700 1 --2- 172.21.15.55:0/1415131991 >> [v2:172.21.15.55:3300/0,v1:172.21.15.55:6789/0] conn(0x7fa084102810 0x7fa084102c20 unknown :-1 s=CLOSED pgs=59 cs=0 l=1 rev1=1 crypto rx=0 tx=0 comp rx=0 tx=0).stop
2024-04-24T16:49:18.137 INFO:teuthology.orchestra.run.smithi055.stdout:/usr/bin/ceph: stderr
2024-04-24T16:49:17.327+0000 7fa08bd48700 1 -- 172.21.15.55:0/1415131991 >> 172.21.15.55:0/1415131991 conn(0x7fa0840fdfd0 msgr2=0x7fa0841003e0 unknown :-1 s=STATE_NONE l=0).mark_down
2024-04-24T16:49:18.137 INFO:teuthology.orchestra.run.smithi055.stdout:/usr/bin/ceph: stderr
2024-04-24T16:49:17.327+0000 7fa08bd48700 1 -- 172.21.15.55:0/1415131991 shutdown_connections
2024-04-24T16:49:18.137 INFO:teuthology.orchestra.run.smithi055.stdout:/usr/bin/ceph: stderr
2024-04-24T16:49:17.327+0000 7fa08bd48700 1 -- 172.21.15.55:0/1415131991 wait complete.
2024-04-24T16:49:18.137 INFO:teuthology.orchestra.run.smithi055.stdout:/usr/bin/ceph: stderr
2024-04-24T16:49:17.327+0000 7fa08bd48700 1 Processor -- start
2024-04-24T16:49:18.137 INFO:teuthology.orchestra.run.smithi055.stdout:/usr/bin/ceph: stderr
2024-04-24T16:49:17.327+0000 7fa08bd48700 1 -- start start
2024-04-24T16:49:18.137 INFO:teuthology.orchestra.run.smithi055.stdout:/usr/bin/ceph: stderr
2024-04-24T16:49:17.327+0000 7fa08bd48700 1 --2- >> [v2:172.21.15.55:3300/0,v1:172.21.15.55:6789/0] conn(0x7fa084102810 0x7fa084078c20 unknown :-1 s=NONE pgs=0 cs=0 l=1 rev1=0 crypto rx=0 tx=0 comp rx=0 tx=0).connect
2024-04-24T16:49:18.137 INFO:teuthology.orchestra.run.smithi055.stdout:/usr/bin/ceph: stderr
2024-04-24T16:49:17.327+0000 7fa08bd48700 1 -- --> [v2:172.21.15.55:3300/0,v1:172.21.15.55:6789/0] -- mon_getmap magic: 0 v1 -- 0x7fa084079160 con 0x7fa084102810
2024-04-24T16:49:18.137 INFO:teuthology.orchestra.run.smithi055.stdout:/usr/bin/ceph: stderr
2024-04-24T16:49:17.327+0000 7fa089ae4700 1 --2- >> [v2:172.21.15.55:3300/0,v1:172.21.15.55:6789/0] conn(0x7fa084102810 0x7fa084078c20 unknown :-1 s=BANNER_CONNECTING pgs=0 cs=0 l=1 rev1=0 crypto rx=0 tx=0 comp rx=0 tx=0)._handle_peer_banner_payload supported=3 required=0
2024-04-24T16:49:18.137 INFO:teuthology.orchestra.run.smithi055.stdout:/usr/bin/ceph: stderr
2024-04-24T16:49:17.328+0000 7fa089ae4700 1 --2- >> [v2:172.21.15.55:3300/0,v1:172.21.15.55:6789/0] conn(0x7fa084102810 0x7fa084078c20 unknown :-1 s=HELLO_CONNECTING pgs=0 cs=0 l=1 rev1=1 crypto rx=0 tx=0 comp rx=0 tx=0).handle_hello peer v2:172.21.15.55:3300/0 says I am v2:172.21.15.55:43200/0 (socket says 172.21.15.55:43200)
2024-04-24T16:49:18.138 INFO:teuthology.orchestra.run.smithi055.stdout:/usr/bin/ceph: stderr
2024-04-24T16:49:17.328+0000 7fa089ae4700 1 -- 172.21.15.55:0/922514637 learned_addr learned my addr 172.21.15.55:0/922514637 (peer_addr_for_me v2:172.21.15.55:0/0)
2024-04-24T16:49:18.138 INFO:teuthology.orchestra.run.smithi055.stdout:/usr/bin/ceph: stderr
2024-04-24T16:49:17.328+0000 7fa089ae4700 1 -- 172.21.15.55:0/922514637 --> [v2:172.21.15.55:3300/0,v1:172.21.15.55:6789/0] -- mon_subscribe({config=0+,monmap=0+}) v3 -- 0x7fa0800094f0 con 0x7fa084102810
2024-04-24T16:49:18.138 INFO:teuthology.orchestra.run.smithi055.stdout:/usr/bin/ceph: stderr
2024-04-24T16:49:17.328+0000 7fa089ae4700 1 --2- 172.21.15.55:0/922514637 >> [v2:172.21.15.55:3300/0,v1:172.21.15.55:6789/0] conn(0x7fa084102810 0x7fa084078c20 secure :-1 s=READY pgs=60 cs=0 l=1 rev1=1 crypto rx=0x7fa080011c10 tx=0x7fa080009250 comp rx=0 tx=0).ready entity=mon.0 client_cookie=0 server_cookie=0 in_seq=0 out_seq=0
2024-04-24T16:49:18.138 INFO:teuthology.orchestra.run.smithi055.stdout:/usr/bin/ceph: stderr
2024-04-24T16:49:17.328+0000 7fa07a7fc700 1 -- 172.21.15.55:0/922514637 <== mon.0 v2:172.21.15.55:3300/0 1 ==== mon_map magic: 0 v1 ==== 229+0+0 (secure 0 0 0) 0x7fa080010890 con 0x7fa084102810
2024-04-24T16:49:18.138 INFO:teuthology.orchestra.run.smithi055.stdout:/usr/bin/ceph: stderr
2024-04-24T16:49:17.328+0000 7fa07a7fc700 1 -- 172.21.15.55:0/922514637 <== mon.0 v2:172.21.15.55:3300/0 2 ==== config(27 keys) v1 ==== 1109+0+0 (secure 0 0 0) 0x7fa080010ec0 con 0x7fa084102810
2024-04-24T16:49:18.138 INFO:teuthology.orchestra.run.smithi055.stdout:/usr/bin/ceph: stderr
2024-04-24T16:49:17.328+0000 7fa08bd48700 1 -- 172.21.15.55:0/922514637 --> [v2:172.21.15.55:3300/0,v1:172.21.15.55:6789/0] -- mon_subscribe({mgrmap=0+}) v3 -- 0x7fa0840771d0 con 0x7fa084102810
2024-04-24T16:49:18.138 INFO:teuthology.orchestra.run.smithi055.stdout:/usr/bin/ceph: stderr
2024-04-24T16:49:17.328+0000 7fa07a7fc700 1 -- 172.21.15.55:0/922514637 <== mon.0 v2:172.21.15.55:3300/0 3 ==== mon_map magic: 0 v1 ==== 229+0+0 (secure 0 0 0) 0x7fa0800243f0 con 0x7fa084102810
2024-04-24T16:49:18.138 INFO:teuthology.orchestra.run.smithi055.stdout:/usr/bin/ceph: stderr
2024-04-24T16:49:17.328+0000 7fa08bd48700 1 -- 172.21.15.55:0/922514637 --> [v2:172.21.15.55:3300/0,v1:172.21.15.55:6789/0] -- mon_subscribe({osdmap=0}) v3 -- 0x7fa0840776c0 con 0x7fa084102810
2024-04-24T16:49:18.138 INFO:teuthology.orchestra.run.smithi055.stdout:/usr/bin/ceph: stderr
2024-04-24T16:49:17.329+0000 7fa07a7fc700 1 -- 172.21.15.55:0/922514637 <== mon.0 v2:172.21.15.55:3300/0 4 ==== mgrmap(e 8) v1 ==== 43376+0+0 (secure 0 0 0) 0x7fa08002d3f0 con 0x7fa084102810
2024-04-24T16:49:18.138 INFO:teuthology.orchestra.run.smithi055.stdout:/usr/bin/ceph: stderr
2024-04-24T16:49:17.329+0000 7fa08bd48700 1 -- 172.21.15.55:0/922514637 --> [v2:172.21.15.55:3300/0,v1:172.21.15.55:6789/0] -- mon_command({"prefix": "get_command_descriptions"} v 0) v1 -- 0x7fa08404bed0 con 0x7fa084102810
2024-04-24T16:49:18.138 INFO:teuthology.orchestra.run.smithi055.stdout:/usr/bin/ceph: stderr
2024-04-24T16:49:17.329+0000 7fa07a7fc700 1 --2- 172.21.15.55:0/922514637 >> [v2:172.21.15.55:6800/1510578219,v1:172.21.15.55:6801/1510578219] conn(0x7fa070036850 0x7fa070038d00 unknown :-1 s=NONE pgs=0 cs=0 l=1 rev1=0 crypto rx=0 tx=0 comp rx=0 tx=0).connect
2024-04-24T16:49:18.139 INFO:teuthology.orchestra.run.smithi055.stdout:/usr/bin/ceph: stderr
2024-04-24T16:49:17.329+0000 7fa07a7fc700 1 -- 172.21.15.55:0/922514637 <== mon.0 v2:172.21.15.55:3300/0 5 ==== osd_map(2..2 src has 1..2) v4 ==== 936+0+0 (secure 0 0 0) 0x7fa08004a3e0 con 0x7fa084102810
2024-04-24T16:49:18.139 INFO:teuthology.orchestra.run.smithi055.stdout:/usr/bin/ceph: stderr
2024-04-24T16:49:17.329+0000 7fa0892e3700 1 --2- 172.21.15.55:0/922514637 >> [v2:172.21.15.55:6800/1510578219,v1:172.21.15.55:6801/1510578219] conn(0x7fa070036850 0x7fa070038d00 unknown :-1 s=BANNER_CONNECTING pgs=0 cs=0 l=1 rev1=0 crypto rx=0 tx=0 comp rx=0 tx=0)._handle_peer_banner_payload supported=3 required=0
2024-04-24T16:49:18.139 INFO:teuthology.orchestra.run.smithi055.stdout:/usr/bin/ceph: stderr
2024-04-24T16:49:17.330+0000 7fa0892e3700 1 --2- 172.21.15.55:0/922514637 >> [v2:172.21.15.55:6800/1510578219,v1:172.21.15.55:6801/1510578219] conn(0x7fa070036850 0x7fa070038d00 secure :-1 s=READY pgs=18 cs=0 l=1 rev1=1 crypto rx=0x7fa074009990 tx=0x7fa074006e40 comp rx=0 tx=0).ready entity=mgr.14120 client_cookie=0 server_cookie=0 in_seq=0 out_seq=0
2024-04-24T16:49:18.139 INFO:teuthology.orchestra.run.smithi055.stdout:/usr/bin/ceph: stderr
2024-04-24T16:49:17.334+0000 7fa07a7fc700 1 -- 172.21.15.55:0/922514637 <== mon.0 v2:172.21.15.55:3300/0 6 ==== mon_command_ack([{"prefix": "get_command_descriptions"}]=0 v0) v1 ==== 72+0+176702 (secure 0 0 0) 0x7fa080018b40 con 0x7fa084102810
2024-04-24T16:49:18.139 INFO:teuthology.orchestra.run.smithi055.stdout:/usr/bin/ceph: stderr
2024-04-24T16:49:17.543+0000 7fa08bd48700 1 -- 172.21.15.55:0/922514637 --> [v2:172.21.15.55:6800/1510578219,v1:172.21.15.55:6801/1510578219] -- mgr_command(tid 0: {"prefix": "orch apply", "service_type": "alertmanager", "target": ["mon-mgr", ""]}) v1 -- 0x7fa084077e80 con 0x7fa070036850
2024-04-24T16:49:18.139 INFO:teuthology.orchestra.run.smithi055.stdout:/usr/bin/ceph: stderr
2024-04-24T16:49:17.547+0000 7fa07a7fc700 1 -- 172.21.15.55:0/922514637 <== mgr.14120 v2:172.21.15.55:6800/1510578219 1 ==== mgr_command_reply(tid 0: 0 ) v1 ==== 8+0+33 (secure 0 0 0) 0x7fa084077e80 con 0x7fa070036850
2024-04-24T16:49:18.139 INFO:teuthology.orchestra.run.smithi055.stdout:/usr/bin/ceph: stderr
2024-04-24T16:49:17.549+0000 7fa08bd48700 1 -- 172.21.15.55:0/922514637 >> [v2:172.21.15.55:6800/1510578219,v1:172.21.15.55:6801/1510578219] conn(0x7fa070036850 msgr2=0x7fa070038d00 secure :-1 s=STATE_CONNECTION_ESTABLISHED l=1).mark_down
2024-04-24T16:49:18.139 INFO:teuthology.orchestra.run.smithi055.stdout:/usr/bin/ceph: stderr
2024-04-24T16:49:17.549+0000 7fa08bd48700 1 --2- 172.21.15.55:0/922514637 >> [v2:172.21.15.55:6800/1510578219,v1:172.21.15.55:6801/1510578219] conn(0x7fa070036850 0x7fa070038d00 secure :-1 s=READY pgs=18 cs=0 l=1 rev1=1 crypto rx=0x7fa074009990 tx=0x7fa074006e40 comp rx=0 tx=0).stop
2024-04-24T16:49:18.139 INFO:teuthology.orchestra.run.smithi055.stdout:/usr/bin/ceph: stderr
2024-04-24T16:49:17.549+0000 7fa08bd48700 1 -- 172.21.15.55:0/922514637 >> [v2:172.21.15.55:3300/0,v1:172.21.15.55:6789/0] conn(0x7fa084102810 msgr2=0x7fa084078c20 secure :-1 s=STATE_CONNECTION_ESTABLISHED l=1).mark_down
2024-04-24T16:49:18.139 INFO:teuthology.orchestra.run.smithi055.stdout:/usr/bin/ceph: stderr
2024-04-24T16:49:17.549+0000 7fa08bd48700 1 --2- 172.21.15.55:0/922514637 >> [v2:172.21.15.55:3300/0,v1:172.21.15.55:6789/0] conn(0x7fa084102810 0x7fa084078c20 secure :-1 s=READY pgs=60 cs=0 l=1 rev1=1 crypto rx=0x7fa080011c10 tx=0x7fa080009250 comp rx=0 tx=0).stop
2024-04-24T16:49:18.139 INFO:teuthology.orchestra.run.smithi055.stdout:/usr/bin/ceph: stderr
2024-04-24T16:49:17.549+0000 7fa08bd48700 1 -- 172.21.15.55:0/922514637 shutdown_connections
2024-04-24T16:49:18.139 INFO:teuthology.orchestra.run.smithi055.stdout:/usr/bin/ceph: stderr
2024-04-24T16:49:17.549+0000 7fa08bd48700 1 --2- 172.21.15.55:0/922514637 >> [v2:172.21.15.55:6800/1510578219,v1:172.21.15.55:6801/1510578219] conn(0x7fa070036850 0x7fa070038d00 unknown :-1 s=CLOSED pgs=18 cs=0 l=1 rev1=1 crypto rx=0 tx=0 comp rx=0 tx=0).stop
2024-04-24T16:49:18.139 INFO:teuthology.orchestra.run.smithi055.stdout:/usr/bin/ceph: stderr
2024-04-24T16:49:17.549+0000 7fa08bd48700 1 --2- 172.21.15.55:0/922514637 >> [v2:172.21.15.55:3300/0,v1:172.21.15.55:6789/0] conn(0x7fa084102810 0x7fa084078c20 unknown :-1 s=CLOSED pgs=60 cs=0 l=1 rev1=1 crypto rx=0 tx=0 comp rx=0 tx=0).stop
2024-04-24T16:49:18.140 INFO:teuthology.orchestra.run.smithi055.stdout:/usr/bin/ceph: stderr
2024-04-24T16:49:17.549+0000 7fa08bd48700 1 -- 172.21.15.55:0/922514637 >> 172.21.15.55:0/922514637 conn(0x7fa0840fdfd0 msgr2=0x7fa0840feb20 unknown :-1 s=STATE_NONE l=0).mark_down
2024-04-24T16:49:18.140 INFO:teuthology.orchestra.run.smithi055.stdout:/usr/bin/ceph: stderr
2024-04-24T16:49:17.549+0000 7fa08bd48700 1 -- 172.21.15.55:0/922514637 shutdown_connections
2024-04-24T16:49:18.140 INFO:teuthology.orchestra.run.smithi055.stdout:/usr/bin/ceph: stderr
2024-04-24T16:49:17.549+0000 7fa08bd48700 1 -- 172.21.15.55:0/922514637 wait complete.
2024-04-24T16:49:18.414 INFO:journalctl@ceph.mon.smithi055.smithi055.stdout:Apr 24 16:49:18 smithi055 ceph-mon[26429]: pgmap v3: 0 pgs: ; 0 B data, 0 B used, 0 B / 0 B avail
2024-04-24T16:49:18.414 INFO:journalctl@ceph.mon.smithi055.smithi055.stdout:Apr 24 16:49:18 smithi055 ceph-mon[26429]: from='mgr.14120 172.21.15.55:0/4147282340' entity='mgr.smithi055.ihoiaa'
2024-04-24T16:49:19.360 INFO:journalctl@ceph.mon.smithi055.smithi055.stdout:Apr 24 16:49:19 smithi055 ceph-mon[26429]: from='client.14154 -' entity='client.admin' cmd=[{"prefix": "orch apply", "service_type": "alertmanager", "target": ["mon-mgr", ""]}]: dispatch
2024-04-24T16:49:19.360 INFO:journalctl@ceph.mon.smithi055.smithi055.stdout:Apr 24 16:49:19 smithi055 ceph-mon[26429]: Saving service alertmanager spec with placement count:1
2024-04-24T16:49:19.360 INFO:journalctl@ceph.mon.smithi055.smithi055.stdout:Apr 24 16:49:19 smithi055 ceph-mon[26429]: from='client.? 172.21.15.55:0/2947398241' entity='client.admin'
2024-04-24T16:49:19.368 INFO:teuthology.orchestra.run.smithi055.stdout:/usr/bin/ceph: stderr
2024-04-24T16:49:18.521+0000 7f0ef7545700 1 Processor -- start
2024-04-24T16:49:19.368 INFO:teuthology.orchestra.run.smithi055.stdout:/usr/bin/ceph: stderr
2024-04-24T16:49:18.522+0000 7f0ef7545700 1 -- start start
2024-04-24T16:49:19.368 INFO:teuthology.orchestra.run.smithi055.stdout:/usr/bin/ceph: stderr
2024-04-24T16:49:18.522+0000 7f0ef7545700 1 --2- >> [v2:172.21.15.55:3300/0,v1:172.21.15.55:6789/0] conn(0x7f0ef0102880 0x7f0ef0102c90 unknown :-1 s=NONE pgs=0 cs=0 l=0 rev1=0 crypto rx=0 tx=0 comp rx=0 tx=0).connect
2024-04-24T16:49:19.368 INFO:teuthology.orchestra.run.smithi055.stdout:/usr/bin/ceph: stderr
2024-04-24T16:49:18.522+0000 7f0ef7545700 1 -- --> [v2:172.21.15.55:3300/0,v1:172.21.15.55:6789/0] -- mon_getmap magic: 0 v1 -- 0x7f0ef01031d0 con 0x7f0ef0102880
2024-04-24T16:49:19.368 INFO:teuthology.orchestra.run.smithi055.stdout:/usr/bin/ceph: stderr
2024-04-24T16:49:18.522+0000 7f0ef52e1700 1 --2- >> [v2:172.21.15.55:3300/0,v1:172.21.15.55:6789/0] conn(0x7f0ef0102880 0x7f0ef0102c90 unknown :-1 s=BANNER_CONNECTING pgs=0 cs=0 l=0 rev1=0 crypto rx=0 tx=0 comp rx=0 tx=0)._handle_peer_banner_payload supported=3 required=0
2024-04-24T16:49:19.368 INFO:teuthology.orchestra.run.smithi055.stdout:/usr/bin/ceph: stderr
2024-04-24T16:49:18.522+0000 7f0ef52e1700 1 --2- >> [v2:172.21.15.55:3300/0,v1:172.21.15.55:6789/0] conn(0x7f0ef0102880 0x7f0ef0102c90 unknown :-1 s=HELLO_CONNECTING pgs=0 cs=0 l=0 rev1=1 crypto rx=0 tx=0 comp rx=0 tx=0).handle_hello peer v2:172.21.15.55:3300/0 says I am v2:172.21.15.55:43202/0 (socket says 172.21.15.55:43202)
2024-04-24T16:49:19.368 INFO:teuthology.orchestra.run.smithi055.stdout:/usr/bin/ceph: stderr
2024-04-24T16:49:18.522+0000 7f0ef52e1700 1 -- 172.21.15.55:0/840342855 learned_addr learned my addr 172.21.15.55:0/840342855 (peer_addr_for_me v2:172.21.15.55:0/0)
2024-04-24T16:49:19.368 INFO:teuthology.orchestra.run.smithi055.stdout:/usr/bin/ceph: stderr
2024-04-24T16:49:18.522+0000 7f0ef52e1700 1 -- 172.21.15.55:0/840342855 --> [v2:172.21.15.55:3300/0,v1:172.21.15.55:6789/0] -- mon_subscribe({config=0+,monmap=0+}) v3 -- 0x7f0ef0103310 con 0x7f0ef0102880
2024-04-24T16:49:19.369 INFO:teuthology.orchestra.run.smithi055.stdout:/usr/bin/ceph: stderr
2024-04-24T16:49:18.522+0000 7f0ef52e1700 1 --2- 172.21.15.55:0/840342855 >> [v2:172.21.15.55:3300/0,v1:172.21.15.55:6789/0] conn(0x7f0ef0102880 0x7f0ef0102c90 secure :-1 s=READY pgs=61 cs=0 l=1 rev1=1 crypto rx=0x7f0eec0098e0 tx=0x7f0eec009250 comp rx=0 tx=0).ready entity=mon.0 client_cookie=5d24797796b4ead4 server_cookie=0 in_seq=0 out_seq=0
2024-04-24T16:49:19.369 INFO:teuthology.orchestra.run.smithi055.stdout:/usr/bin/ceph: stderr
2024-04-24T16:49:18.523+0000 7f0ee7fff700 1 -- 172.21.15.55:0/840342855 <== mon.0 v2:172.21.15.55:3300/0 1 ==== mon_map magic: 0 v1 ==== 229+0+0 (secure 0 0 0) 0x7f0eec00b860 con 0x7f0ef0102880
2024-04-24T16:49:19.369 INFO:teuthology.orchestra.run.smithi055.stdout:/usr/bin/ceph: stderr
2024-04-24T16:49:18.523+0000 7f0ee7fff700 1 -- 172.21.15.55:0/840342855 <== mon.0 v2:172.21.15.55:3300/0 2 ==== config(27 keys) v1 ==== 1109+0+0 (secure 0 0 0) 0x7f0eec00be90 con 0x7f0ef0102880
2024-04-24T16:49:19.369 INFO:teuthology.orchestra.run.smithi055.stdout:/usr/bin/ceph: stderr
2024-04-24T16:49:18.523+0000 7f0ee7fff700 1 -- 172.21.15.55:0/840342855 <== mon.0 v2:172.21.15.55:3300/0 3 ==== mon_map magic: 0 v1 ==== 229+0+0 (secure 0 0 0) 0x7f0eec0103c0 con 0x7f0ef0102880
2024-04-24T16:49:19.369 INFO:teuthology.orchestra.run.smithi055.stdout:/usr/bin/ceph: stderr
2024-04-24T16:49:18.523+0000 7f0ef7545700 1 -- 172.21.15.55:0/840342855 >> [v2:172.21.15.55:3300/0,v1:172.21.15.55:6789/0] conn(0x7f0ef0102880 msgr2=0x7f0ef0102c90 secure :-1 s=STATE_CONNECTION_ESTABLISHED l=1).mark_down
2024-04-24T16:49:19.369 INFO:teuthology.orchestra.run.smithi055.stdout:/usr/bin/ceph: stderr
2024-04-24T16:49:18.523+0000 7f0ef7545700 1 --2- 172.21.15.55:0/840342855 >> [v2:172.21.15.55:3300/0,v1:172.21.15.55:6789/0] conn(0x7f0ef0102880 0x7f0ef0102c90 secure :-1 s=READY pgs=61 cs=0 l=1 rev1=1 crypto rx=0x7f0eec0098e0 tx=0x7f0eec009250 comp rx=0 tx=0).stop
2024-04-24T16:49:19.369 INFO:teuthology.orchestra.run.smithi055.stdout:/usr/bin/ceph: stderr
2024-04-24T16:49:18.523+0000 7f0ef7545700 1 -- 172.21.15.55:0/840342855 shutdown_connections
2024-04-24T16:49:19.369 INFO:teuthology.orchestra.run.smithi055.stdout:/usr/bin/ceph: stderr
2024-04-24T16:49:18.523+0000 7f0ef7545700 1 --2- 172.21.15.55:0/840342855 >> [v2:172.21.15.55:3300/0,v1:172.21.15.55:6789/0] conn(0x7f0ef0102880 0x7f0ef0102c90 unknown :-1 s=CLOSED pgs=61 cs=0 l=1 rev1=1 crypto rx=0 tx=0 comp rx=0 tx=0).stop
2024-04-24T16:49:19.369 INFO:teuthology.orchestra.run.smithi055.stdout:/usr/bin/ceph: stderr
2024-04-24T16:49:18.523+0000 7f0ef7545700 1 -- 172.21.15.55:0/840342855 >> 172.21.15.55:0/840342855 conn(0x7f0ef00fe060 msgr2=0x7f0ef0100470 unknown :-1 s=STATE_NONE l=0).mark_down
2024-04-24T16:49:19.369 INFO:teuthology.orchestra.run.smithi055.stdout:/usr/bin/ceph: stderr
2024-04-24T16:49:18.523+0000 7f0ef7545700 1 -- 172.21.15.55:0/840342855 shutdown_connections
2024-04-24T16:49:19.369 INFO:teuthology.orchestra.run.smithi055.stdout:/usr/bin/ceph: stderr
2024-04-24T16:49:18.523+0000 7f0ef7545700 1 -- 172.21.15.55:0/840342855 wait complete.
2024-04-24T16:49:19.369 INFO:teuthology.orchestra.run.smithi055.stdout:/usr/bin/ceph: stderr
2024-04-24T16:49:18.524+0000 7f0ef7545700 1 Processor -- start
2024-04-24T16:49:19.369 INFO:teuthology.orchestra.run.smithi055.stdout:/usr/bin/ceph: stderr
2024-04-24T16:49:18.524+0000 7f0ef7545700 1 -- start start
2024-04-24T16:49:19.369 INFO:teuthology.orchestra.run.smithi055.stdout:/usr/bin/ceph: stderr
2024-04-24T16:49:18.524+0000 7f0ef7545700 1 --2- >> [v2:172.21.15.55:3300/0,v1:172.21.15.55:6789/0] conn(0x7f0ef0102880 0x7f0ef0078c20 unknown :-1 s=NONE pgs=0 cs=0 l=1 rev1=0 crypto rx=0 tx=0 comp rx=0 tx=0).connect
2024-04-24T16:49:19.369 INFO:teuthology.orchestra.run.smithi055.stdout:/usr/bin/ceph: stderr
2024-04-24T16:49:18.524+0000 7f0ef7545700 1 -- --> [v2:172.21.15.55:3300/0,v1:172.21.15.55:6789/0] -- mon_getmap magic: 0 v1 -- 0x7f0ef0079160 con 0x7f0ef0102880
2024-04-24T16:49:19.370 INFO:teuthology.orchestra.run.smithi055.stdout:/usr/bin/ceph: stderr
2024-04-24T16:49:18.524+0000 7f0ef52e1700 1 --2- >> [v2:172.21.15.55:3300/0,v1:172.21.15.55:6789/0] conn(0x7f0ef0102880 0x7f0ef0078c20 unknown :-1 s=BANNER_CONNECTING pgs=0 cs=0 l=1 rev1=0 crypto rx=0 tx=0 comp rx=0 tx=0)._handle_peer_banner_payload supported=3 required=0
2024-04-24T16:49:19.370 INFO:teuthology.orchestra.run.smithi055.stdout:/usr/bin/ceph: stderr
2024-04-24T16:49:18.524+0000 7f0ef52e1700 1 --2- >> [v2:172.21.15.55:3300/0,v1:172.21.15.55:6789/0] conn(0x7f0ef0102880 0x7f0ef0078c20 unknown :-1 s=HELLO_CONNECTING pgs=0 cs=0 l=1 rev1=1 crypto rx=0 tx=0 comp rx=0 tx=0).handle_hello peer v2:172.21.15.55:3300/0 says I am v2:172.21.15.55:43204/0 (socket says 172.21.15.55:43204)
2024-04-24T16:49:19.370 INFO:teuthology.orchestra.run.smithi055.stdout:/usr/bin/ceph: stderr
2024-04-24T16:49:18.524+0000 7f0ef52e1700 1 -- 172.21.15.55:0/2947398241 learned_addr learned my addr 172.21.15.55:0/2947398241 (peer_addr_for_me v2:172.21.15.55:0/0)
2024-04-24T16:49:19.370 INFO:teuthology.orchestra.run.smithi055.stdout:/usr/bin/ceph: stderr
2024-04-24T16:49:18.524+0000 7f0ef52e1700 1 -- 172.21.15.55:0/2947398241 --> [v2:172.21.15.55:3300/0,v1:172.21.15.55:6789/0] -- mon_subscribe({config=0+,monmap=0+}) v3 -- 0x7f0eec0094f0 con 0x7f0ef0102880
2024-04-24T16:49:19.370 INFO:teuthology.orchestra.run.smithi055.stdout:/usr/bin/ceph: stderr
2024-04-24T16:49:18.525+0000 7f0ef52e1700 1 --2- 172.21.15.55:0/2947398241 >> [v2:172.21.15.55:3300/0,v1:172.21.15.55:6789/0] conn(0x7f0ef0102880 0x7f0ef0078c20 secure :-1 s=READY pgs=62 cs=0 l=1 rev1=1 crypto rx=0x7f0eec011680 tx=0x7f0eec009250 comp rx=0 tx=0).ready entity=mon.0 client_cookie=0 server_cookie=0 in_seq=0 out_seq=0
2024-04-24T16:49:19.370 INFO:teuthology.orchestra.run.smithi055.stdout:/usr/bin/ceph: stderr
2024-04-24T16:49:18.525+0000 7f0ee5ffb700 1 -- 172.21.15.55:0/2947398241 <== mon.0 v2:172.21.15.55:3300/0 1 ==== mon_map magic: 0 v1 ==== 229+0+0 (secure 0 0 0) 0x7f0eec010890 con 0x7f0ef0102880
2024-04-24T16:49:19.370 INFO:teuthology.orchestra.run.smithi055.stdout:/usr/bin/ceph: stderr
2024-04-24T16:49:18.525+0000 7f0ee5ffb700 1 -- 172.21.15.55:0/2947398241 <== mon.0 v2:172.21.15.55:3300/0 2 ==== config(27 keys) v1 ==== 1109+0+0 (secure 0 0 0) 0x7f0eec010ec0 con 0x7f0ef0102880
2024-04-24T16:49:19.370 INFO:teuthology.orchestra.run.smithi055.stdout:/usr/bin/ceph: stderr
2024-04-24T16:49:18.525+0000 7f0ef7545700 1 -- 172.21.15.55:0/2947398241 --> [v2:172.21.15.55:3300/0,v1:172.21.15.55:6789/0] -- mon_subscribe({mgrmap=0+}) v3 -- 0x7f0ef00771d0 con 0x7f0ef0102880
2024-04-24T16:49:19.370 INFO:teuthology.orchestra.run.smithi055.stdout:/usr/bin/ceph: stderr
2024-04-24T16:49:18.525+0000 7f0ee5ffb700 1 -- 172.21.15.55:0/2947398241 <== mon.0 v2:172.21.15.55:3300/0 3 ==== mon_map magic: 0 v1 ==== 229+0+0 (secure 0 0 0) 0x7f0eec0243f0 con 0x7f0ef0102880
2024-04-24T16:49:19.370 INFO:teuthology.orchestra.run.smithi055.stdout:/usr/bin/ceph: stderr
2024-04-24T16:49:18.525+0000 7f0ef7545700 1 -- 172.21.15.55:0/2947398241 --> [v2:172.21.15.55:3300/0,v1:172.21.15.55:6789/0] -- mon_subscribe({osdmap=0}) v3 -- 0x7f0ef00776c0 con 0x7f0ef0102880
2024-04-24T16:49:19.370 INFO:teuthology.orchestra.run.smithi055.stdout:/usr/bin/ceph: stderr
2024-04-24T16:49:18.526+0000 7f0ee5ffb700 1 -- 172.21.15.55:0/2947398241 <== mon.0 v2:172.21.15.55:3300/0 4 ==== mgrmap(e 8) v1 ==== 43376+0+0 (secure 0 0 0) 0x7f0eec02d3f0 con 0x7f0ef0102880
2024-04-24T16:49:19.370 INFO:teuthology.orchestra.run.smithi055.stdout:/usr/bin/ceph: stderr
2024-04-24T16:49:18.526+0000 7f0ee5ffb700 1 --2- 172.21.15.55:0/2947398241 >> [v2:172.21.15.55:6800/1510578219,v1:172.21.15.55:6801/1510578219] conn(0x7f0edc0368a0 0x7f0edc038d50 unknown :-1 s=NONE pgs=0 cs=0 l=1 rev1=0 crypto rx=0 tx=0 comp rx=0 tx=0).connect
2024-04-24T16:49:19.370 INFO:teuthology.orchestra.run.smithi055.stdout:/usr/bin/ceph: stderr
2024-04-24T16:49:18.526+0000 7f0ee5ffb700 1 -- 172.21.15.55:0/2947398241 <== mon.0 v2:172.21.15.55:3300/0 5 ==== osd_map(2..2 src has 1..2) v4 ==== 936+0+0 (secure 0 0 0) 0x7f0eec04a360 con 0x7f0ef0102880
2024-04-24T16:49:19.370 INFO:teuthology.orchestra.run.smithi055.stdout:/usr/bin/ceph: stderr
2024-04-24T16:49:18.526+0000 7f0ef7545700 1 -- 172.21.15.55:0/2947398241 --> [v2:172.21.15.55:3300/0,v1:172.21.15.55:6789/0] -- mon_command({"prefix": "get_command_descriptions"} v 0) v1 -- 0x7f0ef004bed0 con 0x7f0ef0102880
2024-04-24T16:49:19.371 INFO:teuthology.orchestra.run.smithi055.stdout:/usr/bin/ceph: stderr
2024-04-24T16:49:18.526+0000 7f0ef4ae0700 1 --2- 172.21.15.55:0/2947398241 >> [v2:172.21.15.55:6800/1510578219,v1:172.21.15.55:6801/1510578219] conn(0x7f0edc0368a0 0x7f0edc038d50 unknown :-1 s=BANNER_CONNECTING pgs=0 cs=0 l=1 rev1=0 crypto rx=0 tx=0 comp rx=0 tx=0)._handle_peer_banner_payload supported=3 required=0
2024-04-24T16:49:19.371 INFO:teuthology.orchestra.run.smithi055.stdout:/usr/bin/ceph: stderr
2024-04-24T16:49:18.527+0000 7f0ef4ae0700 1 --2- 172.21.15.55:0/2947398241 >> [v2:172.21.15.55:6800/1510578219,v1:172.21.15.55:6801/1510578219] conn(0x7f0edc0368a0 0x7f0edc038d50 secure :-1 s=READY pgs=19 cs=0 l=1 rev1=1 crypto rx=0x7f0ee0009990 tx=0x7f0ee0006e40 comp rx=0 tx=0).ready entity=mgr.14120 client_cookie=0 server_cookie=0 in_seq=0 out_seq=0
2024-04-24T16:49:19.371 INFO:teuthology.orchestra.run.smithi055.stdout:/usr/bin/ceph: stderr
2024-04-24T16:49:18.531+0000 7f0ee5ffb700 1 -- 172.21.15.55:0/2947398241 <== mon.0 v2:172.21.15.55:3300/0 6 ==== mon_command_ack([{"prefix": "get_command_descriptions"}]=0 v0) v1 ==== 72+0+176702 (secure 0 0 0) 0x7f0eec02b8e0 con 0x7f0ef0102880
2024-04-24T16:49:19.371 INFO:teuthology.orchestra.run.smithi055.stdout:/usr/bin/ceph: stderr
2024-04-24T16:49:18.728+0000 7f0ef7545700 1 -- 172.21.15.55:0/2947398241 --> [v2:172.21.15.55:3300/0,v1:172.21.15.55:6789/0] -- mon_command([{prefix=config set, name=mgr/cephadm/container_init}] v 0) v1 -- 0x7f0ef0104620 con 0x7f0ef0102880
2024-04-24T16:49:19.371 INFO:teuthology.orchestra.run.smithi055.stdout:/usr/bin/ceph: stderr
2024-04-24T16:49:18.731+0000 7f0ee5ffb700 1 -- 172.21.15.55:0/2947398241 <== mon.0 v2:172.21.15.55:3300/0 7 ==== mon_command_ack([{prefix=config set, name=mgr/cephadm/container_init}]=0 v7)=0 v7) v1 ==== 142+0+0 (secure 0 0 0) 0x7f0eec006d70 con 0x7f0ef0102880
2024-04-24T16:49:19.371 INFO:teuthology.orchestra.run.smithi055.stdout:/usr/bin/ceph: stderr
2024-04-24T16:49:18.733+0000 7f0ef7545700 1 -- 172.21.15.55:0/2947398241 >> [v2:172.21.15.55:6800/1510578219,v1:172.21.15.55:6801/1510578219] conn(0x7f0edc0368a0 msgr2=0x7f0edc038d50 secure :-1 s=STATE_CONNECTION_ESTABLISHED l=1).mark_down
2024-04-24T16:49:19.371 INFO:teuthology.orchestra.run.smithi055.stdout:/usr/bin/ceph: stderr
