2024-04-24T16:49:02.905+0000 7fb8b5ffb700 1 -- 172.21.15.55:0/86663522 <== mon.0 v2:172.21.15.55:3300/0 6 ==== mon_command_ack([{"prefix": "get_command_descriptions"}]=0 v0) v1 ==== 72+0+176702 (secure 0 0 0) 0x7fb8b001a430 con 0x7fb8c0071310
2024-04-24T16:49:03.672 INFO:teuthology.orchestra.run.smithi055.stdout:/usr/bin/ceph: stderr
2024-04-24T16:49:03.104+0000 7fb8c7976700 1 -- 172.21.15.55:0/86663522 --> [v2:172.21.15.55:6800/1510578219,v1:172.21.15.55:6801/1510578219] -- mgr_command(tid 0: {"prefix": "cephadm get-pub-key", "target": ["mon-mgr", ""]}) v1 -- 0x7fb8c0101f10 con 0x7fb8ac036830
2024-04-24T16:49:03.672 INFO:teuthology.orchestra.run.smithi055.stdout:/usr/bin/ceph: stderr
2024-04-24T16:49:03.104+0000 7fb8b5ffb700 1 -- 172.21.15.55:0/86663522 <== mgr.14120 v2:172.21.15.55:6800/1510578219 1 ==== mgr_command_reply(tid 0: 0 ) v1 ==== 8+0+595 (secure 0 0 0) 0x7fb8c0101f10 con 0x7fb8ac036830
2024-04-24T16:49:03.672 INFO:teuthology.orchestra.run.smithi055.stdout:/usr/bin/ceph: stderr
2024-04-24T16:49:03.106+0000 7fb8c7976700 1 -- 172.21.15.55:0/86663522 >> [v2:172.21.15.55:6800/1510578219,v1:172.21.15.55:6801/1510578219] conn(0x7fb8ac036830 msgr2=0x7fb8ac038ce0 secure :-1 s=STATE_CONNECTION_ESTABLISHED l=1).mark_down
2024-04-24T16:49:03.672 INFO:teuthology.orchestra.run.smithi055.stdout:/usr/bin/ceph: stderr
2024-04-24T16:49:03.106+0000 7fb8c7976700 1 --2- 172.21.15.55:0/86663522 >> [v2:172.21.15.55:6800/1510578219,v1:172.21.15.55:6801/1510578219] conn(0x7fb8ac036830 0x7fb8ac038ce0 secure :-1 s=READY pgs=10 cs=0 l=1 rev1=1 crypto rx=0x7fb8bc009990 tx=0x7fb8bc006e40 comp rx=0 tx=0).stop
2024-04-24T16:49:03.672 INFO:teuthology.orchestra.run.smithi055.stdout:/usr/bin/ceph: stderr
2024-04-24T16:49:03.106+0000 7fb8c7976700 1 -- 172.21.15.55:0/86663522 >> [v2:172.21.15.55:3300/0,v1:172.21.15.55:6789/0] conn(0x7fb8c0071310 msgr2=0x7fb8c0102d60 secure :-1 s=STATE_CONNECTION_ESTABLISHED l=1).mark_down
2024-04-24T16:49:03.672 INFO:teuthology.orchestra.run.smithi055.stdout:/usr/bin/ceph: stderr
2024-04-24T16:49:03.106+0000 7fb8c7976700 1 --2- 172.21.15.55:0/86663522 >> [v2:172.21.15.55:3300/0,v1:172.21.15.55:6789/0] conn(0x7fb8c0071310 0x7fb8c0102d60 secure :-1 s=READY pgs=44 cs=0 l=1 rev1=1 crypto rx=0x7fb8b0003050 tx=0x7fb8b0009250 comp rx=0 tx=0).stop
2024-04-24T16:49:03.672 INFO:teuthology.orchestra.run.smithi055.stdout:/usr/bin/ceph: stderr
2024-04-24T16:49:03.107+0000 7fb8c7976700 1 -- 172.21.15.55:0/86663522 shutdown_connections
2024-04-24T16:49:03.672 INFO:teuthology.orchestra.run.smithi055.stdout:/usr/bin/ceph: stderr
2024-04-24T16:49:03.107+0000 7fb8c7976700 1 --2- 172.21.15.55:0/86663522 >> [v2:172.21.15.55:6800/1510578219,v1:172.21.15.55:6801/1510578219] conn(0x7fb8ac036830 0x7fb8ac038ce0 unknown :-1 s=CLOSED pgs=10 cs=0 l=1 rev1=1 crypto rx=0 tx=0 comp rx=0 tx=0).stop
2024-04-24T16:49:03.673 INFO:teuthology.orchestra.run.smithi055.stdout:/usr/bin/ceph: stderr
2024-04-24T16:49:03.107+0000 7fb8c7976700 1 --2- 172.21.15.55:0/86663522 >> [v2:172.21.15.55:3300/0,v1:172.21.15.55:6789/0] conn(0x7fb8c0071310 0x7fb8c0102d60 unknown :-1 s=CLOSED pgs=44 cs=0 l=1 rev1=1 crypto rx=0 tx=0 comp rx=0 tx=0).stop
2024-04-24T16:49:03.673 INFO:teuthology.orchestra.run.smithi055.stdout:/usr/bin/ceph: stderr
2024-04-24T16:49:03.107+0000 7fb8c7976700 1 -- 172.21.15.55:0/86663522 >> 172.21.15.55:0/86663522 conn(0x7fb8c00fcec0 msgr2=0x7fb8c00fd9a0 unknown :-1 s=STATE_NONE l=0).mark_down
2024-04-24T16:49:03.673 INFO:teuthology.orchestra.run.smithi055.stdout:/usr/bin/ceph: stderr
2024-04-24T16:49:03.107+0000 7fb8c7976700 1 -- 172.21.15.55:0/86663522 shutdown_connections
2024-04-24T16:49:03.673 INFO:teuthology.orchestra.run.smithi055.stdout:/usr/bin/ceph: stderr
2024-04-24T16:49:03.107+0000 7fb8c7976700 1 -- 172.21.15.55:0/86663522 wait complete.
2024-04-24T16:49:03.673 INFO:teuthology.orchestra.run.smithi055.stdout:Wrote public SSH key to /home/ubuntu/cephtest/ceph.pub
2024-04-24T16:49:03.673 INFO:teuthology.orchestra.run.smithi055.stdout:Adding key to root@localhost authorized_keys...
2024-04-24T16:49:03.673 INFO:teuthology.orchestra.run.smithi055.stdout:Adding host smithi055...
2024-04-24T16:49:04.241 INFO:journalctl@ceph.mon.smithi055.smithi055.stdout:Apr 24 16:49:03 smithi055 ceph-mon[26429]: from='client.14138 -' entity='client.admin' cmd=[{"prefix": "cephadm get-pub-key", "target": ["mon-mgr", ""]}]: dispatch
2024-04-24T16:49:05.491 INFO:journalctl@ceph.mon.smithi055.smithi055.stdout:Apr 24 16:49:05 smithi055 ceph-mon[26429]: from='client.14140 -' entity='client.admin' cmd=[{"prefix": "orch host add", "hostname": "smithi055", "addr": "172.21.15.55", "target": ["mon-mgr", ""]}]: dispatch
2024-04-24T16:49:05.492 INFO:journalctl@ceph.mon.smithi055.smithi055.stdout:Apr 24 16:49:05 smithi055 ceph-mon[26429]: Deploying cephadm binary to smithi055
2024-04-24T16:49:06.787 INFO:teuthology.orchestra.run.smithi055.stdout:/usr/bin/ceph: stdout Added host 'smithi055' with addr '172.21.15.55'
2024-04-24T16:49:06.787 INFO:teuthology.orchestra.run.smithi055.stdout:/usr/bin/ceph: stderr
2024-04-24T16:49:04.097+0000 7f7253f15700 1 Processor -- start
2024-04-24T16:49:06.787 INFO:teuthology.orchestra.run.smithi055.stdout:/usr/bin/ceph: stderr
2024-04-24T16:49:04.097+0000 7f7253f15700 1 -- start start
2024-04-24T16:49:06.787 INFO:teuthology.orchestra.run.smithi055.stdout:/usr/bin/ceph: stderr
2024-04-24T16:49:04.098+0000 7f7253f15700 1 --2- >> [v2:172.21.15.55:3300/0,v1:172.21.15.55:6789/0] conn(0x7f724c1028b0 0x7f724c102cc0 unknown :-1 s=NONE pgs=0 cs=0 l=0 rev1=0 crypto rx=0 tx=0 comp rx=0 tx=0).connect
2024-04-24T16:49:06.787 INFO:teuthology.orchestra.run.smithi055.stdout:/usr/bin/ceph: stderr
2024-04-24T16:49:04.098+0000 7f7253f15700 1 -- --> [v2:172.21.15.55:3300/0,v1:172.21.15.55:6789/0] -- mon_getmap magic: 0 v1 -- 0x7f724c103200 con 0x7f724c1028b0
2024-04-24T16:49:06.787 INFO:teuthology.orchestra.run.smithi055.stdout:/usr/bin/ceph: stderr
2024-04-24T16:49:04.098+0000 7f7251cb1700 1 --2- >> [v2:172.21.15.55:3300/0,v1:172.21.15.55:6789/0] conn(0x7f724c1028b0 0x7f724c102cc0 unknown :-1 s=BANNER_CONNECTING pgs=0 cs=0 l=0 rev1=0 crypto rx=0 tx=0 comp rx=0 tx=0)._handle_peer_banner_payload supported=3 required=0
2024-04-24T16:49:06.787 INFO:teuthology.orchestra.run.smithi055.stdout:/usr/bin/ceph: stderr
2024-04-24T16:49:04.098+0000 7f7251cb1700 1 --2- >> [v2:172.21.15.55:3300/0,v1:172.21.15.55:6789/0] conn(0x7f724c1028b0 0x7f724c102cc0 unknown :-1 s=HELLO_CONNECTING pgs=0 cs=0 l=0 rev1=1 crypto rx=0 tx=0 comp rx=0 tx=0).handle_hello peer v2:172.21.15.55:3300/0 says I am v2:172.21.15.55:36612/0 (socket says 172.21.15.55:36612)
2024-04-24T16:49:06.787 INFO:teuthology.orchestra.run.smithi055.stdout:/usr/bin/ceph: stderr
2024-04-24T16:49:04.098+0000 7f7251cb1700 1 -- 172.21.15.55:0/533657423 learned_addr learned my addr 172.21.15.55:0/533657423 (peer_addr_for_me v2:172.21.15.55:0/0)
2024-04-24T16:49:06.787 INFO:teuthology.orchestra.run.smithi055.stdout:/usr/bin/ceph: stderr
2024-04-24T16:49:04.098+0000 7f7251cb1700 1 -- 172.21.15.55:0/533657423 --> [v2:172.21.15.55:3300/0,v1:172.21.15.55:6789/0] -- mon_subscribe({config=0+,monmap=0+}) v3 -- 0x7f724c103340 con 0x7f724c1028b0
2024-04-24T16:49:06.788 INFO:teuthology.orchestra.run.smithi055.stdout:/usr/bin/ceph: stderr
2024-04-24T16:49:04.098+0000 7f7251cb1700 1 --2- 172.21.15.55:0/533657423 >> [v2:172.21.15.55:3300/0,v1:172.21.15.55:6789/0] conn(0x7f724c1028b0 0x7f724c102cc0 secure :-1 s=READY pgs=45 cs=0 l=1 rev1=1 crypto rx=0x7f72480098e0 tx=0x7f7248009250 comp rx=0 tx=0).ready entity=mon.0 client_cookie=20cfbead4aa049f6 server_cookie=0 in_seq=0 out_seq=0
2024-04-24T16:49:06.788 INFO:teuthology.orchestra.run.smithi055.stdout:/usr/bin/ceph: stderr
2024-04-24T16:49:04.098+0000 7f7250caf700 1 -- 172.21.15.55:0/533657423 <== mon.0 v2:172.21.15.55:3300/0 1 ==== mon_map magic: 0 v1 ==== 229+0+0 (secure 0 0 0) 0x7f724800b860 con 0x7f724c1028b0
2024-04-24T16:49:06.788 INFO:teuthology.orchestra.run.smithi055.stdout:/usr/bin/ceph: stderr
2024-04-24T16:49:04.098+0000 7f7250caf700 1 -- 172.21.15.55:0/533657423 <== mon.0 v2:172.21.15.55:3300/0 2 ==== config(27 keys) v1 ==== 1044+0+0 (secure 0 0 0) 0x7f724800be50 con 0x7f724c1028b0
2024-04-24T16:49:06.788 INFO:teuthology.orchestra.run.smithi055.stdout:/usr/bin/ceph: stderr
2024-04-24T16:49:04.098+0000 7f7250caf700 1 -- 172.21.15.55:0/533657423 <== mon.0 v2:172.21.15.55:3300/0 3 ==== mon_map magic: 0 v1 ==== 229+0+0 (secure 0 0 0) 0x7f7248010380 con 0x7f724c1028b0
2024-04-24T16:49:06.788 INFO:teuthology.orchestra.run.smithi055.stdout:/usr/bin/ceph: stderr
2024-04-24T16:49:04.099+0000 7f7253f15700 1 -- 172.21.15.55:0/533657423 >> [v2:172.21.15.55:3300/0,v1:172.21.15.55:6789/0] conn(0x7f724c1028b0 msgr2=0x7f724c102cc0 secure :-1 s=STATE_CONNECTION_ESTABLISHED l=1).mark_down
2024-04-24T16:49:06.788 INFO:teuthology.orchestra.run.smithi055.stdout:/usr/bin/ceph: stderr
2024-04-24T16:49:04.099+0000 7f7253f15700 1 --2- 172.21.15.55:0/533657423 >> [v2:172.21.15.55:3300/0,v1:172.21.15.55:6789/0] conn(0x7f724c1028b0 0x7f724c102cc0 secure :-1 s=READY pgs=45 cs=0 l=1 rev1=1 crypto rx=0x7f72480098e0 tx=0x7f7248009250 comp rx=0 tx=0).stop
2024-04-24T16:49:06.788 INFO:teuthology.orchestra.run.smithi055.stdout:/usr/bin/ceph: stderr
2024-04-24T16:49:04.099+0000 7f7253f15700 1 -- 172.21.15.55:0/533657423 shutdown_connections
2024-04-24T16:49:06.788 INFO:teuthology.orchestra.run.smithi055.stdout:/usr/bin/ceph: stderr
2024-04-24T16:49:04.099+0000 7f7253f15700 1 --2- 172.21.15.55:0/533657423 >> [v2:172.21.15.55:3300/0,v1:172.21.15.55:6789/0] conn(0x7f724c1028b0 0x7f724c102cc0 unknown :-1 s=CLOSED pgs=45 cs=0 l=1 rev1=1 crypto rx=0 tx=0 comp rx=0 tx=0).stop
2024-04-24T16:49:06.788 INFO:teuthology.orchestra.run.smithi055.stdout:/usr/bin/ceph: stderr
2024-04-24T16:49:04.099+0000 7f7253f15700 1 -- 172.21.15.55:0/533657423 >> 172.21.15.55:0/533657423 conn(0x7f724c0fdff0 msgr2=0x7f724c100440 unknown :-1 s=STATE_NONE l=0).mark_down
2024-04-24T16:49:06.788 INFO:teuthology.orchestra.run.smithi055.stdout:/usr/bin/ceph: stderr
2024-04-24T16:49:04.099+0000 7f7253f15700 1 -- 172.21.15.55:0/533657423 shutdown_connections
2024-04-24T16:49:06.789 INFO:teuthology.orchestra.run.smithi055.stdout:/usr/bin/ceph: stderr
2024-04-24T16:49:04.099+0000 7f7253f15700 1 -- 172.21.15.55:0/533657423 wait complete.
2024-04-24T16:49:06.789 INFO:teuthology.orchestra.run.smithi055.stdout:/usr/bin/ceph: stderr
2024-04-24T16:49:04.100+0000 7f7253f15700 1 Processor -- start
2024-04-24T16:49:06.789 INFO:teuthology.orchestra.run.smithi055.stdout:/usr/bin/ceph: stderr
2024-04-24T16:49:04.100+0000 7f7253f15700 1 -- start start
2024-04-24T16:49:06.789 INFO:teuthology.orchestra.run.smithi055.stdout:/usr/bin/ceph: stderr
2024-04-24T16:49:04.100+0000 7f7253f15700 1 --2- >> [v2:172.21.15.55:3300/0,v1:172.21.15.55:6789/0] conn(0x7f724c1028b0 0x7f724c077b10 unknown :-1 s=NONE pgs=0 cs=0 l=1 rev1=0 crypto rx=0 tx=0 comp rx=0 tx=0).connect
2024-04-24T16:49:06.789 INFO:teuthology.orchestra.run.smithi055.stdout:/usr/bin/ceph: stderr
2024-04-24T16:49:04.100+0000 7f7253f15700 1 -- --> [v2:172.21.15.55:3300/0,v1:172.21.15.55:6789/0] -- mon_getmap magic: 0 v1 -- 0x7f724c078050 con 0x7f724c1028b0
2024-04-24T16:49:06.789 INFO:teuthology.orchestra.run.smithi055.stdout:/usr/bin/ceph: stderr
2024-04-24T16:49:04.100+0000 7f7251cb1700 1 --2- >> [v2:172.21.15.55:3300/0,v1:172.21.15.55:6789/0] conn(0x7f724c1028b0 0x7f724c077b10 unknown :-1 s=BANNER_CONNECTING pgs=0 cs=0 l=1 rev1=0 crypto rx=0 tx=0 comp rx=0 tx=0)._handle_peer_banner_payload supported=3 required=0
2024-04-24T16:49:06.789 INFO:teuthology.orchestra.run.smithi055.stdout:/usr/bin/ceph: stderr
2024-04-24T16:49:04.100+0000 7f7251cb1700 1 --2- >> [v2:172.21.15.55:3300/0,v1:172.21.15.55:6789/0] conn(0x7f724c1028b0 0x7f724c077b10 unknown :-1 s=HELLO_CONNECTING pgs=0 cs=0 l=1 rev1=1 crypto rx=0 tx=0 comp rx=0 tx=0).handle_hello peer v2:172.21.15.55:3300/0 says I am v2:172.21.15.55:36628/0 (socket says 172.21.15.55:36628)
2024-04-24T16:49:06.789 INFO:teuthology.orchestra.run.smithi055.stdout:/usr/bin/ceph: stderr
2024-04-24T16:49:04.100+0000 7f7251cb1700 1 -- 172.21.15.55:0/3203257303 learned_addr learned my addr 172.21.15.55:0/3203257303 (peer_addr_for_me v2:172.21.15.55:0/0)
2024-04-24T16:49:06.789 INFO:teuthology.orchestra.run.smithi055.stdout:/usr/bin/ceph: stderr
2024-04-24T16:49:04.100+0000 7f7251cb1700 1 -- 172.21.15.55:0/3203257303 --> [v2:172.21.15.55:3300/0,v1:172.21.15.55:6789/0] -- mon_subscribe({config=0+,monmap=0+}) v3 -- 0x7f72480094f0 con 0x7f724c1028b0
2024-04-24T16:49:06.789 INFO:teuthology.orchestra.run.smithi055.stdout:/usr/bin/ceph: stderr
2024-04-24T16:49:04.101+0000 7f7251cb1700 1 --2- 172.21.15.55:0/3203257303 >> [v2:172.21.15.55:3300/0,v1:172.21.15.55:6789/0] conn(0x7f724c1028b0 0x7f724c077b10 secure :-1 s=READY pgs=46 cs=0 l=1 rev1=1 crypto rx=0x7f7248000c00 tx=0x7f7248009250 comp rx=0 tx=0).ready entity=mon.0 client_cookie=0 server_cookie=0 in_seq=0 out_seq=0
2024-04-24T16:49:06.789 INFO:teuthology.orchestra.run.smithi055.stdout:/usr/bin/ceph: stderr
2024-04-24T16:49:04.101+0000 7f72427fc700 1 -- 172.21.15.55:0/3203257303 <== mon.0 v2:172.21.15.55:3300/0 1 ==== mon_map magic: 0 v1 ==== 229+0+0 (secure 0 0 0) 0x7f72480107c0 con 0x7f724c1028b0
2024-04-24T16:49:06.789 INFO:teuthology.orchestra.run.smithi055.stdout:/usr/bin/ceph: stderr
2024-04-24T16:49:04.101+0000 7f72427fc700 1 -- 172.21.15.55:0/3203257303 <== mon.0 v2:172.21.15.55:3300/0 2 ==== config(27 keys) v1 ==== 1044+0+0 (secure 0 0 0) 0x7f7248010db0 con 0x7f724c1028b0
2024-04-24T16:49:06.790 INFO:teuthology.orchestra.run.smithi055.stdout:/usr/bin/ceph: stderr
2024-04-24T16:49:04.101+0000 7f7253f15700 1 -- 172.21.15.55:0/3203257303 --> [v2:172.21.15.55:3300/0,v1:172.21.15.55:6789/0] -- mon_subscribe({mgrmap=0+}) v3 -- 0x7f724c0760c0 con 0x7f724c1028b0
2024-04-24T16:49:06.790 INFO:teuthology.orchestra.run.smithi055.stdout:/usr/bin/ceph: stderr
2024-04-24T16:49:04.101+0000 7f72427fc700 1 -- 172.21.15.55:0/3203257303 <== mon.0 v2:172.21.15.55:3300/0 3 ==== mon_map magic: 0 v1 ==== 229+0+0 (secure 0 0 0) 0x7f724801ad00 con 0x7f724c1028b0
2024-04-24T16:49:06.790 INFO:teuthology.orchestra.run.smithi055.stdout:/usr/bin/ceph: stderr
2024-04-24T16:49:04.101+0000 7f7253f15700 1 -- 172.21.15.55:0/3203257303 --> [v2:172.21.15.55:3300/0,v1:172.21.15.55:6789/0] -- mon_subscribe({osdmap=0}) v3 -- 0x7f724c0765b0 con 0x7f724c1028b0
2024-04-24T16:49:06.790 INFO:teuthology.orchestra.run.smithi055.stdout:/usr/bin/ceph: stderr
2024-04-24T16:49:04.102+0000 7f72427fc700 1 -- 172.21.15.55:0/3203257303 <== mon.0 v2:172.21.15.55:3300/0 4 ==== mgrmap(e 8) v1 ==== 43376+0+0 (secure 0 0 0) 0x7f72480193c0 con 0x7f724c1028b0
2024-04-24T16:49:06.790 INFO:teuthology.orchestra.run.smithi055.stdout:/usr/bin/ceph: stderr
2024-04-24T16:49:04.102+0000 7f7253f15700 1 -- 172.21.15.55:0/3203257303 --> [v2:172.21.15.55:3300/0,v1:172.21.15.55:6789/0] -- mon_command({"prefix": "get_command_descriptions"} v 0) v1 -- 0x7f724c04bed0 con 0x7f724c1028b0
2024-04-24T16:49:06.790 INFO:teuthology.orchestra.run.smithi055.stdout:/usr/bin/ceph: stderr
2024-04-24T16:49:04.102+0000 7f72427fc700 1 --2- 172.21.15.55:0/3203257303 >> [v2:172.21.15.55:6800/1510578219,v1:172.21.15.55:6801/1510578219] conn(0x7f72380368a0 0x7f7238038d50 unknown :-1 s=NONE pgs=0 cs=0 l=1 rev1=0 crypto rx=0 tx=0 comp rx=0 tx=0).connect
2024-04-24T16:49:06.790 INFO:teuthology.orchestra.run.smithi055.stdout:/usr/bin/ceph: stderr
2024-04-24T16:49:04.102+0000 7f72427fc700 1 -- 172.21.15.55:0/3203257303 <== mon.0 v2:172.21.15.55:3300/0 5 ==== osd_map(2..2 src has 1..2) v4 ==== 936+0+0 (secure 0 0 0) 0x7f724804a760 con 0x7f724c1028b0
2024-04-24T16:49:06.790 INFO:teuthology.orchestra.run.smithi055.stdout:/usr/bin/ceph: stderr
2024-04-24T16:49:04.102+0000 7f72514b0700 1 --2- 172.21.15.55:0/3203257303 >> [v2:172.21.15.55:6800/1510578219,v1:172.21.15.55:6801/1510578219] conn(0x7f72380368a0 0x7f7238038d50 unknown :-1 s=BANNER_CONNECTING pgs=0 cs=0 l=1 rev1=0 crypto rx=0 tx=0 comp rx=0 tx=0)._handle_peer_banner_payload supported=3 required=0
2024-04-24T16:49:06.790 INFO:teuthology.orchestra.run.smithi055.stdout:/usr/bin/ceph: stderr
2024-04-24T16:49:04.102+0000 7f72514b0700 1 --2- 172.21.15.55:0/3203257303 >> [v2:172.21.15.55:6800/1510578219,v1:172.21.15.55:6801/1510578219] conn(0x7f72380368a0 0x7f7238038d50 secure :-1 s=READY pgs=11 cs=0 l=1 rev1=1 crypto rx=0x7f723c009990 tx=0x7f723c006e40 comp rx=0 tx=0).ready entity=mgr.14120 client_cookie=0 server_cookie=0 in_seq=0 out_seq=0
2024-04-24T16:49:06.790 INFO:teuthology.orchestra.run.smithi055.stdout:/usr/bin/ceph: stderr
2024-04-24T16:49:04.106+0000 7f72427fc700 1 -- 172.21.15.55:0/3203257303 <== mon.0 v2:172.21.15.55:3300/0 6 ==== mon_command_ack([{"prefix": "get_command_descriptions"}]=0 v0) v1 ==== 72+0+176702 (secure 0 0 0) 0x7f7248022930 con 0x7f724c1028b0
2024-04-24T16:49:06.790 INFO:teuthology.orchestra.run.smithi055.stdout:/usr/bin/ceph: stderr
2024-04-24T16:49:04.306+0000 7f7253f15700 1 -- 172.21.15.55:0/3203257303 --> [v2:172.21.15.55:6800/1510578219,v1:172.21.15.55:6801/1510578219] -- mgr_command(tid 0: {"prefix": "orch host add", "hostname": "smithi055", "addr": "172.21.15.55", "target": ["mon-mgr", ""]}) v1 -- 0x7f724c076cb0 con 0x7f72380368a0
2024-04-24T16:49:06.790 INFO:teuthology.orchestra.run.smithi055.stdout:/usr/bin/ceph: stderr
2024-04-24T16:49:06.242+0000 7f72427fc700 1 -- 172.21.15.55:0/3203257303 <== mgr.14120 v2:172.21.15.55:6800/1510578219 1 ==== mgr_command_reply(tid 0: 0 ) v1 ==== 8+0+48 (secure 0 0 0) 0x7f724c076cb0 con 0x7f72380368a0
2024-04-24T16:49:06.790 INFO:teuthology.orchestra.run.smithi055.stdout:/usr/bin/ceph: stderr
2024-04-24T16:49:06.245+0000 7f7253f15700 1 -- 172.21.15.55:0/3203257303 >> [v2:172.21.15.55:6800/1510578219,v1:172.21.15.55:6801/1510578219] conn(0x7f72380368a0 msgr2=0x7f7238038d50 secure :-1 s=STATE_CONNECTION_ESTABLISHED l=1).mark_down
2024-04-24T16:49:06.790 INFO:teuthology.orchestra.run.smithi055.stdout:/usr/bin/ceph: stderr
2024-04-24T16:49:06.245+0000 7f7253f15700 1 --2- 172.21.15.55:0/3203257303 >> [v2:172.21.15.55:6800/1510578219,v1:172.21.15.55:6801/1510578219] conn(0x7f72380368a0 0x7f7238038d50 secure :-1 s=READY pgs=11 cs=0 l=1 rev1=1 crypto rx=0x7f723c009990 tx=0x7f723c006e40 comp rx=0 tx=0).stop
2024-04-24T16:49:06.791 INFO:teuthology.orchestra.run.smithi055.stdout:/usr/bin/ceph: stderr
2024-04-24T16:49:06.245+0000 7f7253f15700 1 -- 172.21.15.55:0/3203257303 >> [v2:172.21.15.55:3300/0,v1:172.21.15.55:6789/0] conn(0x7f724c1028b0 msgr2=0x7f724c077b10 secure :-1 s=STATE_CONNECTION_ESTABLISHED l=1).mark_down
2024-04-24T16:49:06.791 INFO:teuthology.orchestra.run.smithi055.stdout:/usr/bin/ceph: stderr
2024-04-24T16:49:06.245+0000 7f7253f15700 1 --2- 172.21.15.55:0/3203257303 >> [v2:172.21.15.55:3300/0,v1:172.21.15.55:6789/0] conn(0x7f724c1028b0 0x7f724c077b10 secure :-1 s=READY pgs=46 cs=0 l=1 rev1=1 crypto rx=0x7f7248000c00 tx=0x7f7248009250 comp rx=0 tx=0).stop
2024-04-24T16:49:06.791 INFO:teuthology.orchestra.run.smithi055.stdout:/usr/bin/ceph: stderr
2024-04-24T16:49:06.245+0000 7f7253f15700 1 -- 172.21.15.55:0/3203257303 shutdown_connections
2024-04-24T16:49:06.791 INFO:teuthology.orchestra.run.smithi055.stdout:/usr/bin/ceph: stderr
2024-04-24T16:49:06.245+0000 7f7253f15700 1 --2- 172.21.15.55:0/3203257303 >> [v2:172.21.15.55:6800/1510578219,v1:172.21.15.55:6801/1510578219] conn(0x7f72380368a0 0x7f7238038d50 unknown :-1 s=CLOSED pgs=11 cs=0 l=1 rev1=1 crypto rx=0 tx=0 comp rx=0 tx=0).stop
2024-04-24T16:49:06.791 INFO:teuthology.orchestra.run.smithi055.stdout:/usr/bin/ceph: stderr
2024-04-24T16:49:06.245+0000 7f7253f15700 1 --2- 172.21.15.55:0/3203257303 >> [v2:172.21.15.55:3300/0,v1:172.21.15.55:6789/0] conn(0x7f724c1028b0 0x7f724c077b10 unknown :-1 s=CLOSED pgs=46 cs=0 l=1 rev1=1 crypto rx=0 tx=0 comp rx=0 tx=0).stop
2024-04-24T16:49:06.791 INFO:teuthology.orchestra.run.smithi055.stdout:/usr/bin/ceph: stderr
2024-04-24T16:49:06.245+0000 7f7253f15700 1 -- 172.21.15.55:0/3203257303 >> 172.21.15.55:0/3203257303 conn(0x7f724c0fdff0 msgr2=0x7f724c0fea70 unknown :-1 s=STATE_NONE l=0).mark_down
2024-04-24T16:49:06.791 INFO:teuthology.orchestra.run.smithi055.stdout:/usr/bin/ceph: stderr
2024-04-24T16:49:06.245+0000 7f7253f15700 1 -- 172.21.15.55:0/3203257303 shutdown_connections
2024-04-24T16:49:06.791 INFO:teuthology.orchestra.run.smithi055.stdout:/usr/bin/ceph: stderr
2024-04-24T16:49:06.245+0000 7f7253f15700 1 -- 172.21.15.55:0/3203257303 wait complete.
2024-04-24T16:49:06.791 INFO:teuthology.orchestra.run.smithi055.stdout:Deploying mon service with default placement...
2024-04-24T16:49:07.420 INFO:journalctl@ceph.mon.smithi055.smithi055.stdout:Apr 24 16:49:07 smithi055 ceph-mon[26429]: from='mgr.14120 172.21.15.55:0/4147282340' entity='mgr.smithi055.ihoiaa'
2024-04-24T16:49:07.421 INFO:journalctl@ceph.mon.smithi055.smithi055.stdout:Apr 24 16:49:07 smithi055 ceph-mon[26429]: Added host smithi055
2024-04-24T16:49:07.421 INFO:journalctl@ceph.mon.smithi055.smithi055.stdout:Apr 24 16:49:07 smithi055 ceph-mon[26429]: from='mgr.14120 172.21.15.55:0/4147282340' entity='mgr.smithi055.ihoiaa' cmd=[{"prefix": "config dump", "format": "json"}]: dispatch
2024-04-24T16:49:08.136 INFO:teuthology.orchestra.run.smithi055.stdout:/usr/bin/ceph: stdout Scheduled mon update...
2024-04-24T16:49:08.136 INFO:teuthology.orchestra.run.smithi055.stdout:/usr/bin/ceph: stderr
2024-04-24T16:49:07.188+0000 7f44f5d3c700 1 Processor -- start
2024-04-24T16:49:08.136 INFO:teuthology.orchestra.run.smithi055.stdout:/usr/bin/ceph: stderr
2024-04-24T16:49:07.188+0000 7f44f5d3c700 1 -- start start
2024-04-24T16:49:08.136 INFO:teuthology.orchestra.run.smithi055.stdout:/usr/bin/ceph: stderr
2024-04-24T16:49:07.188+0000 7f44f5d3c700 1 --2- >> [v2:172.21.15.55:3300/0,v1:172.21.15.55:6789/0] conn(0x7f44f0102810 0x7f44f0102c20 unknown :-1 s=NONE pgs=0 cs=0 l=0 rev1=0 crypto rx=0 tx=0 comp rx=0 tx=0).connect
2024-04-24T16:49:08.136 INFO:teuthology.orchestra.run.smithi055.stdout:/usr/bin/ceph: stderr
2024-04-24T16:49:07.188+0000 7f44f5d3c700 1 -- --> [v2:172.21.15.55:3300/0,v1:172.21.15.55:6789/0] -- mon_getmap magic: 0 v1 -- 0x7f44f0103160 con 0x7f44f0102810
2024-04-24T16:49:08.136 INFO:teuthology.orchestra.run.smithi055.stdout:/usr/bin/ceph: stderr
2024-04-24T16:49:07.189+0000 7f44ef7fe700 1 --2- >> [v2:172.21.15.55:3300/0,v1:172.21.15.55:6789/0] conn(0x7f44f0102810 0x7f44f0102c20 unknown :-1 s=BANNER_CONNECTING pgs=0 cs=0 l=0 rev1=0 crypto rx=0 tx=0 comp rx=0 tx=0)._handle_peer_banner_payload supported=3 required=0
2024-04-24T16:49:08.136 INFO:teuthology.orchestra.run.smithi055.stdout:/usr/bin/ceph: stderr
2024-04-24T16:49:07.189+0000 7f44ef7fe700 1 --2- >> [v2:172.21.15.55:3300/0,v1:172.21.15.55:6789/0] conn(0x7f44f0102810 0x7f44f0102c20 unknown :-1 s=HELLO_CONNECTING pgs=0 cs=0 l=0 rev1=1 crypto rx=0 tx=0 comp rx=0 tx=0).handle_hello peer v2:172.21.15.55:3300/0 says I am v2:172.21.15.55:36636/0 (socket says 172.21.15.55:36636)
2024-04-24T16:49:08.136 INFO:teuthology.orchestra.run.smithi055.stdout:/usr/bin/ceph: stderr
2024-04-24T16:49:07.189+0000 7f44ef7fe700 1 -- 172.21.15.55:0/2151288201 learned_addr learned my addr 172.21.15.55:0/2151288201 (peer_addr_for_me v2:172.21.15.55:0/0)
2024-04-24T16:49:08.137 INFO:teuthology.orchestra.run.smithi055.stdout:/usr/bin/ceph: stderr
2024-04-24T16:49:07.189+0000 7f44ef7fe700 1 -- 172.21.15.55:0/2151288201 --> [v2:172.21.15.55:3300/0,v1:172.21.15.55:6789/0] -- mon_subscribe({config=0+,monmap=0+}) v3 -- 0x7f44f01032a0 con 0x7f44f0102810
2024-04-24T16:49:08.137 INFO:teuthology.orchestra.run.smithi055.stdout:/usr/bin/ceph: stderr
2024-04-24T16:49:07.189+0000 7f44ef7fe700 1 --2- 172.21.15.55:0/2151288201 >> [v2:172.21.15.55:3300/0,v1:172.21.15.55:6789/0] conn(0x7f44f0102810 0x7f44f0102c20 secure :-1 s=READY pgs=47 cs=0 l=1 rev1=1 crypto rx=0x7f44d80098e0 tx=0x7f44d8009250 comp rx=0 tx=0).ready entity=mon.0 client_cookie=28064574475b1be2 server_cookie=0 in_seq=0 out_seq=0
2024-04-24T16:49:08.137 INFO:teuthology.orchestra.run.smithi055.stdout:/usr/bin/ceph: stderr
2024-04-24T16:49:07.189+0000 7f44ee7fc700 1 -- 172.21.15.55:0/2151288201 <== mon.0 v2:172.21.15.55:3300/0 1 ==== mon_map magic: 0 v1 ==== 229+0+0 (secure 0 0 0) 0x7f44d800b860 con 0x7f44f0102810
2024-04-24T16:49:08.137 INFO:teuthology.orchestra.run.smithi055.stdout:/usr/bin/ceph: stderr
2024-04-24T16:49:07.189+0000 7f44ee7fc700 1 -- 172.21.15.55:0/2151288201 <== mon.0 v2:172.21.15.55:3300/0 2 ==== config(27 keys) v1 ==== 1044+0+0 (secure 0 0 0) 0x7f44d800be50 con 0x7f44f0102810
2024-04-24T16:49:08.137 INFO:teuthology.orchestra.run.smithi055.stdout:/usr/bin/ceph: stderr
2024-04-24T16:49:07.189+0000 7f44ee7fc700 1 -- 172.21.15.55:0/2151288201 <== mon.0 v2:172.21.15.55:3300/0 3 ==== mon_map magic: 0 v1 ==== 229+0+0 (secure 0 0 0) 0x7f44d8010380 con 0x7f44f0102810
2024-04-24T16:49:08.137 INFO:teuthology.orchestra.run.smithi055.stdout:/usr/bin/ceph: stderr
2024-04-24T16:49:07.190+0000 7f44f5d3c700 1 -- 172.21.15.55:0/2151288201 >> [v2:172.21.15.55:3300/0,v1:172.21.15.55:6789/0] conn(0x7f44f0102810 msgr2=0x7f44f0102c20 secure :-1 s=STATE_CONNECTION_ESTABLISHED l=1).mark_down
2024-04-24T16:49:08.137 INFO:teuthology.orchestra.run.smithi055.stdout:/usr/bin/ceph: stderr
2024-04-24T16:49:07.190+0000 7f44f5d3c700 1 --2- 172.21.15.55:0/2151288201 >> [v2:172.21.15.55:3300/0,v1:172.21.15.55:6789/0] conn(0x7f44f0102810 0x7f44f0102c20 secure :-1 s=READY pgs=47 cs=0 l=1 rev1=1 crypto rx=0x7f44d80098e0 tx=0x7f44d8009250 comp rx=0 tx=0).stop
2024-04-24T16:49:08.137 INFO:teuthology.orchestra.run.smithi055.stdout:/usr/bin/ceph: stderr
2024-04-24T16:49:07.190+0000 7f44f5d3c700 1 -- 172.21.15.55:0/2151288201 shutdown_connections
2024-04-24T16:49:08.137 INFO:teuthology.orchestra.run.smithi055.stdout:/usr/bin/ceph: stderr
2024-04-24T16:49:07.190+0000 7f44f5d3c700 1 --2- 172.21.15.55:0/2151288201 >> [v2:172.21.15.55:3300/0,v1:172.21.15.55:6789/0] conn(0x7f44f0102810 0x7f44f0102c20 unknown :-1 s=CLOSED pgs=47 cs=0 l=1 rev1=1 crypto rx=0 tx=0 comp rx=0 tx=0).stop
2024-04-24T16:49:08.137 INFO:teuthology.orchestra.run.smithi055.stdout:/usr/bin/ceph: stderr
2024-04-24T16:49:07.190+0000 7f44f5d3c700 1 -- 172.21.15.55:0/2151288201 >> 172.21.15.55:0/2151288201 conn(0x7f44f00fdfd0 msgr2=0x7f44f01003e0 unknown :-1 s=STATE_NONE l=0).mark_down
2024-04-24T16:49:08.137 INFO:teuthology.orchestra.run.smithi055.stdout:/usr/bin/ceph: stderr
2024-04-24T16:49:07.190+0000 7f44f5d3c700 1 -- 172.21.15.55:0/2151288201 shutdown_connections
2024-04-24T16:49:08.137 INFO:teuthology.orchestra.run.smithi055.stdout:/usr/bin/ceph: stderr
2024-04-24T16:49:07.190+0000 7f44f5d3c700 1 -- 172.21.15.55:0/2151288201 wait complete.
2024-04-24T16:49:08.137 INFO:teuthology.orchestra.run.smithi055.stdout:/usr/bin/ceph: stderr
2024-04-24T16:49:07.191+0000 7f44f5d3c700 1 Processor -- start
2024-04-24T16:49:08.137 INFO:teuthology.orchestra.run.smithi055.stdout:/usr/bin/ceph: stderr
2024-04-24T16:49:07.191+0000 7f44f5d3c700 1 -- start start
2024-04-24T16:49:08.138 INFO:teuthology.orchestra.run.smithi055.stdout:/usr/bin/ceph: stderr
2024-04-24T16:49:07.191+0000 7f44f5d3c700 1 --2- >> [v2:172.21.15.55:3300/0,v1:172.21.15.55:6789/0] conn(0x7f44f0102810 0x7f44f0078c20 unknown :-1 s=NONE pgs=0 cs=0 l=1 rev1=0 crypto rx=0 tx=0 comp rx=0 tx=0).connect
2024-04-24T16:49:08.138 INFO:teuthology.orchestra.run.smithi055.stdout:/usr/bin/ceph: stderr
2024-04-24T16:49:07.191+0000 7f44f5d3c700 1 -- --> [v2:172.21.15.55:3300/0,v1:172.21.15.55:6789/0] -- mon_getmap magic: 0 v1 -- 0x7f44f0079160 con 0x7f44f0102810
2024-04-24T16:49:08.138 INFO:teuthology.orchestra.run.smithi055.stdout:/usr/bin/ceph: stderr
2024-04-24T16:49:07.192+0000 7f44ef7fe700 1 --2- >> [v2:172.21.15.55:3300/0,v1:172.21.15.55:6789/0] conn(0x7f44f0102810 0x7f44f0078c20 unknown :-1 s=BANNER_CONNECTING pgs=0 cs=0 l=1 rev1=0 crypto rx=0 tx=0 comp rx=0 tx=0)._handle_peer_banner_payload supported=3 required=0
2024-04-24T16:49:08.138 INFO:teuthology.orchestra.run.smithi055.stdout:/usr/bin/ceph: stderr
2024-04-24T16:49:07.192+0000 7f44ef7fe700 1 --2- >> [v2:172.21.15.55:3300/0,v1:172.21.15.55:6789/0] conn(0x7f44f0102810 0x7f44f0078c20 unknown :-1 s=HELLO_CONNECTING pgs=0 cs=0 l=1 rev1=1 crypto rx=0 tx=0 comp rx=0 tx=0).handle_hello peer v2:172.21.15.55:3300/0 says I am v2:172.21.15.55:36644/0 (socket says 172.21.15.55:36644)
2024-04-24T16:49:08.138 INFO:teuthology.orchestra.run.smithi055.stdout:/usr/bin/ceph: stderr
2024-04-24T16:49:07.192+0000 7f44ef7fe700 1 -- 172.21.15.55:0/4212807040 learned_addr learned my addr 172.21.15.55:0/4212807040 (peer_addr_for_me v2:172.21.15.55:0/0)
2024-04-24T16:49:08.138 INFO:teuthology.orchestra.run.smithi055.stdout:/usr/bin/ceph: stderr
2024-04-24T16:49:07.192+0000 7f44ef7fe700 1 -- 172.21.15.55:0/4212807040 --> [v2:172.21.15.55:3300/0,v1:172.21.15.55:6789/0] -- mon_subscribe({config=0+,monmap=0+}) v3 -- 0x7f44d80094f0 con 0x7f44f0102810
2024-04-24T16:49:08.138 INFO:teuthology.orchestra.run.smithi055.stdout:/usr/bin/ceph: stderr
2024-04-24T16:49:07.192+0000 7f44ef7fe700 1 --2- 172.21.15.55:0/4212807040 >> [v2:172.21.15.55:3300/0,v1:172.21.15.55:6789/0] conn(0x7f44f0102810 0x7f44f0078c20 secure :-1 s=READY pgs=48 cs=0 l=1 rev1=1 crypto rx=0x7f44d8006b00 tx=0x7f44d8009250 comp rx=0 tx=0).ready entity=mon.0 client_cookie=0 server_cookie=0 in_seq=0 out_seq=0
2024-04-24T16:49:08.138 INFO:teuthology.orchestra.run.smithi055.stdout:/usr/bin/ceph: stderr
2024-04-24T16:49:07.192+0000 7f44e7fff700 1 -- 172.21.15.55:0/4212807040 <== mon.0 v2:172.21.15.55:3300/0 1 ==== mon_map magic: 0 v1 ==== 229+0+0 (secure 0 0 0) 0x7f44d8010760 con 0x7f44f0102810
2024-04-24T16:49:08.138 INFO:teuthology.orchestra.run.smithi055.stdout:/usr/bin/ceph: stderr
2024-04-24T16:49:07.193+0000 7f44e7fff700 1 -- 172.21.15.55:0/4212807040 <== mon.0 v2:172.21.15.55:3300/0 2 ==== config(27 keys) v1 ==== 1044+0+0 (secure 0 0 0) 0x7f44d8010d50 con 0x7f44f0102810
2024-04-24T16:49:08.138 INFO:teuthology.orchestra.run.smithi055.stdout:/usr/bin/ceph: stderr
2024-04-24T16:49:07.193+0000 7f44f5d3c700 1 -- 172.21.15.55:0/4212807040 --> [v2:172.21.15.55:3300/0,v1:172.21.15.55:6789/0] -- mon_subscribe({mgrmap=0+}) v3 -- 0x7f44f00771d0 con 0x7f44f0102810
2024-04-24T16:49:08.138 INFO:teuthology.orchestra.run.smithi055.stdout:/usr/bin/ceph: stderr
2024-04-24T16:49:07.193+0000 7f44e7fff700 1 -- 172.21.15.55:0/4212807040 <== mon.0 v2:172.21.15.55:3300/0 3 ==== mon_map magic: 0 v1 ==== 229+0+0 (secure 0 0 0) 0x7f44d801ad40 con 0x7f44f0102810
2024-04-24T16:49:08.138 INFO:teuthology.orchestra.run.smithi055.stdout:/usr/bin/ceph: stderr
2024-04-24T16:49:07.193+0000 7f44f5d3c700 1 -- 172.21.15.55:0/4212807040 --> [v2:172.21.15.55:3300/0,v1:172.21.15.55:6789/0] -- mon_subscribe({osdmap=0}) v3 -- 0x7f44f00776c0 con 0x7f44f0102810
2024-04-24T16:49:08.138 INFO:teuthology.orchestra.run.smithi055.stdout:/usr/bin/ceph: stderr
2024-04-24T16:49:07.193+0000 7f44e7fff700 1 -- 172.21.15.55:0/4212807040 <== mon.0 v2:172.21.15.55:3300/0 4 ==== mgrmap(e 8) v1 ==== 43376+0+0 (secure 0 0 0) 0x7f44d802e440 con 0x7f44f0102810
2024-04-24T16:49:08.138 INFO:teuthology.orchestra.run.smithi055.stdout:/usr/bin/ceph: stderr
2024-04-24T16:49:07.194+0000 7f44f5d3c700 1 -- 172.21.15.55:0/4212807040 --> [v2:172.21.15.55:3300/0,v1:172.21.15.55:6789/0] -- mon_command({"prefix": "get_command_descriptions"} v 0) v1 -- 0x7f44f004bed0 con 0x7f44f0102810
2024-04-24T16:49:08.139 INFO:teuthology.orchestra.run.smithi055.stdout:/usr/bin/ceph: stderr
2024-04-24T16:49:07.194+0000 7f44e7fff700 1 --2- 172.21.15.55:0/4212807040 >> [v2:172.21.15.55:6800/1510578219,v1:172.21.15.55:6801/1510578219] conn(0x7f44dc036850 0x7f44dc038d00 unknown :-1 s=NONE pgs=0 cs=0 l=1 rev1=0 crypto rx=0 tx=0 comp rx=0 tx=0).connect
2024-04-24T16:49:08.139 INFO:teuthology.orchestra.run.smithi055.stdout:/usr/bin/ceph: stderr
2024-04-24T16:49:07.194+0000 7f44e7fff700 1 -- 172.21.15.55:0/4212807040 <== mon.0 v2:172.21.15.55:3300/0 5 ==== osd_map(2..2 src has 1..2) v4 ==== 936+0+0 (secure 0 0 0) 0x7f44d804a5f0 con 0x7f44f0102810
2024-04-24T16:49:08.139 INFO:teuthology.orchestra.run.smithi055.stdout:/usr/bin/ceph: stderr
2024-04-24T16:49:07.194+0000 7f44eeffd700 1 --2- 172.21.15.55:0/4212807040 >> [v2:172.21.15.55:6800/1510578219,v1:172.21.15.55:6801/1510578219] conn(0x7f44dc036850 0x7f44dc038d00 unknown :-1 s=BANNER_CONNECTING pgs=0 cs=0 l=1 rev1=0 crypto rx=0 tx=0 comp rx=0 tx=0)._handle_peer_banner_payload supported=3 required=0
2024-04-24T16:49:08.139 INFO:teuthology.orchestra.run.smithi055.stdout:/usr/bin/ceph: stderr
2024-04-24T16:49:07.194+0000 7f44eeffd700 1 --2- 172.21.15.55:0/4212807040 >> [v2:172.21.15.55:6800/1510578219,v1:172.21.15.55:6801/1510578219] conn(0x7f44dc036850 0x7f44dc038d00 secure :-1 s=READY pgs=12 cs=0 l=1 rev1=1 crypto rx=0x7f44e0009990 tx=0x7f44e0006e40 comp rx=0 tx=0).ready entity=mgr.14120 client_cookie=0 server_cookie=0 in_seq=0 out_seq=0
2024-04-24T16:49:08.140 INFO:teuthology.orchestra.run.smithi055.stdout:/usr/bin/ceph: stderr
2024-04-24T16:49:07.199+0000 7f44e7fff700 1 -- 172.21.15.55:0/4212807040 <== mon.0 v2:172.21.15.55:3300/0 6 ==== mon_command_ack([{"prefix": "get_command_descriptions"}]=0 v0) v1 ==== 72+0+176702 (secure 0 0 0) 0x7f44d80243f0 con 0x7f44f0102810
2024-04-24T16:49:08.140 INFO:teuthology.orchestra.run.smithi055.stdout:/usr/bin/ceph: stderr
2024-04-24T16:49:07.420+0000 7f44f5d3c700 1 -- 172.21.15.55:0/4212807040 --> [v2:172.21.15.55:6800/1510578219,v1:172.21.15.55:6801/1510578219] -- mgr_command(tid 0: {"prefix": "orch apply", "service_type": "mon", "target": ["mon-mgr", ""]}) v1 -- 0x7f44f0077dd0 con 0x7f44dc036850
2024-04-24T16:49:08.140 INFO:teuthology.orchestra.run.smithi055.stdout:/usr/bin/ceph: stderr
2024-04-24T16:49:07.427+0000 7f44e7fff700 1 -- 172.21.15.55:0/4212807040 <== mgr.14120 v2:172.21.15.55:6800/1510578219 1 ==== mgr_command_reply(tid 0: 0 ) v1 ==== 8+0+24 (secure 0 0 0) 0x7f44f0077dd0 con 0x7f44dc036850
2024-04-24T16:49:08.140 INFO:teuthology.orchestra.run.smithi055.stdout:/usr/bin/ceph: stderr
2024-04-24T16:49:07.429+0000 7f44f5d3c700 1 -- 172.21.15.55:0/4212807040 >> [v2:172.21.15.55:6800/1510578219,v1:172.21.15.55:6801/1510578219] conn(0x7f44dc036850 msgr2=0x7f44dc038d00 secure :-1 s=STATE_CONNECTION_ESTABLISHED l=1).mark_down
2024-04-24T16:49:08.140 INFO:teuthology.orchestra.run.smithi055.stdout:/usr/bin/ceph: stderr
2024-04-24T16:49:07.429+0000 7f44f5d3c700 1 --2- 172.21.15.55:0/4212807040 >> [v2:172.21.15.55:6800/1510578219,v1:172.21.15.55:6801/1510578219] conn(0x7f44dc036850 0x7f44dc038d00 secure :-1 s=READY pgs=12 cs=0 l=1 rev1=1 crypto rx=0x7f44e0009990 tx=0x7f44e0006e40 comp rx=0 tx=0).stop
2024-04-24T16:49:08.140 INFO:teuthology.orchestra.run.smithi055.stdout:/usr/bin/ceph: stderr
2024-04-24T16:49:07.429+0000 7f44f5d3c700 1 -- 172.21.15.55:0/4212807040 >> [v2:172.21.15.55:3300/0,v1:172.21.15.55:6789/0] conn(0x7f44f0102810 msgr2=0x7f44f0078c20 secure :-1 s=STATE_CONNECTION_ESTABLISHED l=1).mark_down
2024-04-24T16:49:08.140 INFO:teuthology.orchestra.run.smithi055.stdout:/usr/bin/ceph: stderr
2024-04-24T16:49:07.429+0000 7f44f5d3c700 1 --2- 172.21.15.55:0/4212807040 >> [v2:172.21.15.55:3300/0,v1:172.21.15.55:6789/0] conn(0x7f44f0102810 0x7f44f0078c20 secure :-1 s=READY pgs=48 cs=0 l=1 rev1=1 crypto rx=0x7f44d8006b00 tx=0x7f44d8009250 comp rx=0 tx=0).stop
2024-04-24T16:49:08.140 INFO:teuthology.orchestra.run.smithi055.stdout:/usr/bin/ceph: stderr
2024-04-24T16:49:07.429+0000 7f44f5d3c700 1 -- 172.21.15.55:0/4212807040 shutdown_connections
2024-04-24T16:49:08.140 INFO:teuthology.orchestra.run.smithi055.stdout:/usr/bin/ceph: stderr
2024-04-24T16:49:07.429+0000 7f44f5d3c700 1 --2- 172.21.15.55:0/4212807040 >> [v2:172.21.15.55:6800/1510578219,v1:172.21.15.55:6801/1510578219] conn(0x7f44dc036850 0x7f44dc038d00 unknown :-1 s=CLOSED pgs=12 cs=0 l=1 rev1=1 crypto rx=0 tx=0 comp rx=0 tx=0).stop
2024-04-24T16:49:08.140 INFO:teuthology.orchestra.run.smithi055.stdout:/usr/bin/ceph: stderr
2024-04-24T16:49:07.429+0000 7f44f5d3c700 1 --2- 172.21.15.55:0/4212807040 >> [v2:172.21.15.55:3300/0,v1:172.21.15.55:6789/0] conn(0x7f44f0102810 0x7f44f0078c20 unknown :-1 s=CLOSED pgs=48 cs=0 l=1 rev1=1 crypto rx=0 tx=0 comp rx=0 tx=0).stop
2024-04-24T16:49:08.140 INFO:teuthology.orchestra.run.smithi055.stdout:/usr/bin/ceph: stderr
2024-04-24T16:49:07.429+0000 7f44f5d3c700 1 -- 172.21.15.55:0/4212807040 >> 172.21.15.55:0/4212807040 conn(0x7f44f00fdfd0 msgr2=0x7f44f00feaf0 unknown :-1 s=STATE_NONE l=0).mark_down
2024-04-24T16:49:08.140 INFO:teuthology.orchestra.run.smithi055.stdout:/usr/bin/ceph: stderr
2024-04-24T16:49:07.429+0000 7f44f5d3c700 1 -- 172.21.15.55:0/4212807040 shutdown_connections
2024-04-24T16:49:08.140 INFO:teuthology.orchestra.run.smithi055.stdout:/usr/bin/ceph: stderr
2024-04-24T16:49:07.429+0000 7f44f5d3c700 1 -- 172.21.15.55:0/4212807040 wait complete.
2024-04-24T16:49:08.140 INFO:teuthology.orchestra.run.smithi055.stdout:Deploying mgr service with default placement...
2024-04-24T16:49:08.741 INFO:journalctl@ceph.mon.smithi055.smithi055.stdout:Apr 24 16:49:08 smithi055 ceph-mon[26429]: from='client.14142 -' entity='client.admin' cmd=[{"prefix": "orch apply", "service_type": "mon", "target": ["mon-mgr", ""]}]: dispatch
2024-04-24T16:49:08.742 INFO:journalctl@ceph.mon.smithi055.smithi055.stdout:Apr 24 16:49:08 smithi055 ceph-mon[26429]: Saving service mon spec with placement count:5
2024-04-24T16:49:08.742 INFO:journalctl@ceph.mon.smithi055.smithi055.stdout:Apr 24 16:49:08 smithi055 ceph-mon[26429]: from='mgr.14120 172.21.15.55:0/4147282340' entity='mgr.smithi055.ihoiaa'
2024-04-24T16:49:10.489 INFO:teuthology.orchestra.run.smithi055.stdout:/usr/bin/ceph: stdout Scheduled mgr update...
2024-04-24T16:49:10.489 INFO:teuthology.orchestra.run.smithi055.stdout:/usr/bin/ceph: stderr
2024-04-24T16:49:09.685+0000 7f07a3c29700 1 Processor -- start
2024-04-24T16:49:10.490 INFO:teuthology.orchestra.run.smithi055.stdout:/usr/bin/ceph: stderr
2024-04-24T16:49:09.685+0000 7f07a3c29700 1 -- start start
2024-04-24T16:49:10.490 INFO:teuthology.orchestra.run.smithi055.stdout:/usr/bin/ceph: stderr
2024-04-24T16:49:09.685+0000 7f07a3c29700 1 --2- >> [v2:172.21.15.55:3300/0,v1:172.21.15.55:6789/0] conn(0x7f079c100cd0 0x7f079c1010e0 unknown :-1 s=NONE pgs=0 cs=0 l=0 rev1=0 crypto rx=0 tx=0 comp rx=0 tx=0).connect
2024-04-24T16:49:10.490 INFO:teuthology.orchestra.run.smithi055.stdout:/usr/bin/ceph: stderr
2024-04-24T16:49:09.685+0000 7f07a3c29700 1 -- --> [v2:172.21.15.55:3300/0,v1:172.21.15.55:6789/0] -- mon_getmap magic: 0 v1 -- 0x7f079c103b80 con 0x7f079c100cd0
2024-04-24T16:49:10.490 INFO:teuthology.orchestra.run.smithi055.stdout:/usr/bin/ceph: stderr
2024-04-24T16:49:09.686+0000 7f07a19c5700 1 --2- >> [v2:172.21.15.55:3300/0,v1:172.21.15.55:6789/0] conn(0x7f079c100cd0 0x7f079c1010e0 unknown :-1 s=BANNER_CONNECTING pgs=0 cs=0 l=0 rev1=0 crypto rx=0 tx=0 comp rx=0 tx=0)._handle_peer_banner_payload supported=3 required=0
2024-04-24T16:49:10.490 INFO:teuthology.orchestra.run.smithi055.stdout:/usr/bin/ceph: stderr
2024-04-24T16:49:09.686+0000 7f07a19c5700 1 --2- >> [v2:172.21.15.55:3300/0,v1:172.21.15.55:6789/0] conn(0x7f079c100cd0 0x7f079c1010e0 unknown :-1 s=HELLO_CONNECTING pgs=0 cs=0 l=0 rev1=1 crypto rx=0 tx=0 comp rx=0 tx=0).handle_hello peer v2:172.21.15.55:3300/0 says I am v2:172.21.15.55:43094/0 (socket says 172.21.15.55:43094)
2024-04-24T16:49:10.490 INFO:teuthology.orchestra.run.smithi055.stdout:/usr/bin/ceph: stderr
2024-04-24T16:49:09.686+0000 7f07a19c5700 1 -- 172.21.15.55:0/2846405718 learned_addr learned my addr 172.21.15.55:0/2846405718 (peer_addr_for_me v2:172.21.15.55:0/0)
2024-04-24T16:49:10.490 INFO:teuthology.orchestra.run.smithi055.stdout:/usr/bin/ceph: stderr
2024-04-24T16:49:09.686+0000 7f07a19c5700 1 -- 172.21.15.55:0/2846405718 --> [v2:172.21.15.55:3300/0,v1:172.21.15.55:6789/0] -- mon_subscribe({config=0+,monmap=0+}) v3 -- 0x7f079c101620 con 0x7f079c100cd0
2024-04-24T16:49:10.490 INFO:teuthology.orchestra.run.smithi055.stdout:/usr/bin/ceph: stderr
2024-04-24T16:49:09.686+0000 7f07a19c5700 1 --2- 172.21.15.55:0/2846405718 >> [v2:172.21.15.55:3300/0,v1:172.21.15.55:6789/0] conn(0x7f079c100cd0 0x7f079c1010e0 secure :-1 s=READY pgs=49 cs=0 l=1 rev1=1 crypto rx=0x7f07980098e0 tx=0x7f0798009250 comp rx=0 tx=0).ready entity=mon.0 client_cookie=94bf7f537d84ecc2 server_cookie=0 in_seq=0 out_seq=0
2024-04-24T16:49:10.490 INFO:teuthology.orchestra.run.smithi055.stdout:/usr/bin/ceph: stderr
2024-04-24T16:49:09.686+0000 7f07a09c3700 1 -- 172.21.15.55:0/2846405718 <== mon.0 v2:172.21.15.55:3300/0 1 ==== mon_map magic: 0 v1 ==== 229+0+0 (secure 0 0 0) 0x7f079800b860 con 0x7f079c100cd0
2024-04-24T16:49:10.490 INFO:teuthology.orchestra.run.smithi055.stdout:/usr/bin/ceph: stderr
2024-04-24T16:49:09.686+0000 7f07a09c3700 1 -- 172.21.15.55:0/2846405718 <== mon.0 v2:172.21.15.55:3300/0 2 ==== config(27 keys) v1 ==== 1109+0+0 (secure 0 0 0) 0x7f079800be90 con 0x7f079c100cd0
2024-04-24T16:49:10.490 INFO:teuthology.orchestra.run.smithi055.stdout:/usr/bin/ceph: stderr
2024-04-24T16:49:09.686+0000 7f07a09c3700 1 -- 172.21.15.55:0/2846405718 <== mon.0 v2:172.21.15.55:3300/0 3 ==== mon_map magic: 0 v1 ==== 229+0+0 (secure 0 0 0) 0x7f07980103c0 con 0x7f079c100cd0
2024-04-24T16:49:10.490 INFO:teuthology.orchestra.run.smithi055.stdout:/usr/bin/ceph: stderr
2024-04-24T16:49:09.687+0000 7f07a3c29700 1 -- 172.21.15.55:0/2846405718 >> [v2:172.21.15.55:3300/0,v1:172.21.15.55:6789/0] conn(0x7f079c100cd0 msgr2=0x7f079c1010e0 secure :-1 s=STATE_CONNECTION_ESTABLISHED l=1).mark_down
2024-04-24T16:49:10.490 INFO:teuthology.orchestra.run.smithi055.stdout:/usr/bin/ceph: stderr
2024-04-24T16:49:09.687+0000 7f07a3c29700 1 --2- 172.21.15.55:0/2846405718 >> [v2:172.21.15.55:3300/0,v1:172.21.15.55:6789/0] conn(0x7f079c100cd0 0x7f079c1010e0 secure :-1 s=READY pgs=49 cs=0 l=1 rev1=1 crypto rx=0x7f07980098e0 tx=0x7f0798009250 comp rx=0 tx=0).stop
2024-04-24T16:49:10.490 INFO:teuthology.orchestra.run.smithi055.stdout:/usr/bin/ceph: stderr
2024-04-24T16:49:09.687+0000 7f07a3c29700 1 -- 172.21.15.55:0/2846405718 shutdown_connections
2024-04-24T16:49:10.491 INFO:teuthology.orchestra.run.smithi055.stdout:/usr/bin/ceph: stderr
2024-04-24T16:49:09.687+0000 7f07a3c29700 1 --2- 172.21.15.55:0/2846405718 >> [v2:172.21.15.55:3300/0,v1:172.21.15.55:6789/0] conn(0x7f079c100cd0 0x7f079c1010e0 unknown :-1 s=CLOSED pgs=49 cs=0 l=1 rev1=1 crypto rx=0 tx=0 comp rx=0 tx=0).stop
2024-04-24T16:49:10.491 INFO:teuthology.orchestra.run.smithi055.stdout:/usr/bin/ceph: stderr
2024-04-24T16:49:09.687+0000 7f07a3c29700 1 -- 172.21.15.55:0/2846405718 >> 172.21.15.55:0/2846405718 conn(0x7f079c0fc6f0 msgr2=0x7f079c0feb00 unknown :-1 s=STATE_NONE l=0).mark_down
2024-04-24T16:49:10.491 INFO:teuthology.orchestra.run.smithi055.stdout:/usr/bin/ceph: stderr
2024-04-24T16:49:09.687+0000 7f07a3c29700 1 -- 172.21.15.55:0/2846405718 shutdown_connections
2024-04-24T16:49:10.491 INFO:teuthology.orchestra.run.smithi055.stdout:/usr/bin/ceph: stderr
2024-04-24T16:49:09.687+0000 7f07a3c29700 1 -- 172.21.15.55:0/2846405718 wait complete.
2024-04-24T16:49:10.491 INFO:teuthology.orchestra.run.smithi055.stdout:/usr/bin/ceph: stderr
2024-04-24T16:49:09.688+0000 7f07a3c29700 1 Processor -- start
2024-04-24T16:49:10.491 INFO:teuthology.orchestra.run.smithi055.stdout:/usr/bin/ceph: stderr
2024-04-24T16:49:09.688+0000 7f07a3c29700 1 -- start start
2024-04-24T16:49:10.491 INFO:teuthology.orchestra.run.smithi055.stdout:/usr/bin/ceph: stderr
2024-04-24T16:49:09.688+0000 7f07a3c29700 1 --2- >> [v2:172.21.15.55:3300/0,v1:172.21.15.55:6789/0] conn(0x7f079c100cd0 0x7f079c113810 unknown :-1 s=NONE pgs=0 cs=0 l=1 rev1=0 crypto rx=0 tx=0 comp rx=0 tx=0).connect
2024-04-24T16:49:10.491 INFO:teuthology.orchestra.run.smithi055.stdout:/usr/bin/ceph: stderr
2024-04-24T16:49:09.688+0000 7f07a3c29700 1 -- --> [v2:172.21.15.55:3300/0,v1:172.21.15.55:6789/0] -- mon_getmap magic: 0 v1 -- 0x7f079c113d50 con 0x7f079c100cd0
2024-04-24T16:49:10.491 INFO:teuthology.orchestra.run.smithi055.stdout:/usr/bin/ceph: stderr
2024-04-24T16:49:09.688+0000 7f07a19c5700 1 --2- >> [v2:172.21.15.55:3300/0,v1:172.21.15.55:6789/0] conn(0x7f079c100cd0 0x7f079c113810 unknown :-1 s=BANNER_CONNECTING pgs=0 cs=0 l=1 rev1=0 crypto rx=0 tx=0 comp rx=0 tx=0)._handle_peer_banner_payload supported=3 required=0
2024-04-24T16:49:10.491 INFO:teuthology.orchestra.run.smithi055.stdout:/usr/bin/ceph: stderr
2024-04-24T16:49:09.688+0000 7f07a19c5700 1 --2- >> [v2:172.21.15.55:3300/0,v1:172.21.15.55:6789/0] conn(0x7f079c100cd0 0x7f079c113810 unknown :-1 s=HELLO_CONNECTING pgs=0 cs=0 l=1 rev1=1 crypto rx=0 tx=0 comp rx=0 tx=0).handle_hello peer v2:172.21.15.55:3300/0 says I am v2:172.21.15.55:43098/0 (socket says 172.21.15.55:43098)
2024-04-24T16:49:10.491 INFO:teuthology.orchestra.run.smithi055.stdout:/usr/bin/ceph: stderr
2024-04-24T16:49:09.688+0000 7f07a19c5700 1 -- 172.21.15.55:0/2819850167 learned_addr learned my addr 172.21.15.55:0/2819850167 (peer_addr_for_me v2:172.21.15.55:0/0)
2024-04-24T16:49:10.491 INFO:teuthology.orchestra.run.smithi055.stdout:/usr/bin/ceph: stderr
2024-04-24T16:49:09.688+0000 7f07a19c5700 1 -- 172.21.15.55:0/2819850167 --> [v2:172.21.15.55:3300/0,v1:172.21.15.55:6789/0] -- mon_subscribe({config=0+,monmap=0+}) v3 -- 0x7f07980094f0 con 0x7f079c100cd0
2024-04-24T16:49:10.491 INFO:teuthology.orchestra.run.smithi055.stdout:/usr/bin/ceph: stderr
2024-04-24T16:49:09.688+0000 7f07a19c5700 1 --2- 172.21.15.55:0/2819850167 >> [v2:172.21.15.55:3300/0,v1:172.21.15.55:6789/0] conn(0x7f079c100cd0 0x7f079c113810 secure :-1 s=READY pgs=50 cs=0 l=1 rev1=1 crypto rx=0x7f07980090b0 tx=0x7f0798009250 comp rx=0 tx=0).ready entity=mon.0 client_cookie=0 server_cookie=0 in_seq=0 out_seq=0
2024-04-24T16:49:10.491 INFO:teuthology.orchestra.run.smithi055.stdout:/usr/bin/ceph: stderr
2024-04-24T16:49:09.689+0000 7f07927fc700 1 -- 172.21.15.55:0/2819850167 <== mon.0 v2:172.21.15.55:3300/0 1 ==== mon_map magic: 0 v1 ==== 229+0+0 (secure 0 0 0) 0x7f0798010840 con 0x7f079c100cd0
2024-04-24T16:49:10.492 INFO:teuthology.orchestra.run.smithi055.stdout:/usr/bin/ceph: stderr
2024-04-24T16:49:09.689+0000 7f07927fc700 1 -- 172.21.15.55:0/2819850167 <== mon.0 v2:172.21.15.55:3300/0 2 ==== config(27 keys) v1 ==== 1109+0+0 (secure 0 0 0) 0x7f0798010e70 con 0x7f079c100cd0
2024-04-24T16:49:10.492 INFO:teuthology.orchestra.run.smithi055.stdout:/usr/bin/ceph: stderr
2024-04-24T16:49:09.689+0000 7f07a3c29700 1 -- 172.21.15.55:0/2819850167 --> [v2:172.21.15.55:3300/0,v1:172.21.15.55:6789/0] -- mon_subscribe({mgrmap=0+}) v3 -- 0x7f079c113f50 con 0x7f079c100cd0
2024-04-24T16:49:10.492 INFO:teuthology.orchestra.run.smithi055.stdout:/usr/bin/ceph: stderr
2024-04-24T16:49:09.689+0000 7f07927fc700 1 -- 172.21.15.55:0/2819850167 <== mon.0 v2:172.21.15.55:3300/0 3 ==== mon_map magic: 0 v1 ==== 229+0+0 (secure 0 0 0) 0x7f0798024e40 con 0x7f079c100cd0
2024-04-24T16:49:10.492 INFO:teuthology.orchestra.run.smithi055.stdout:/usr/bin/ceph: stderr
2024-04-24T16:49:09.689+0000 7f07a3c29700 1 -- 172.21.15.55:0/2819850167 --> [v2:172.21.15.55:3300/0,v1:172.21.15.55:6789/0] -- mon_subscribe({osdmap=0}) v3 -- 0x7f079c114ac0 con 0x7f079c100cd0
2024-04-24T16:49:10.492 INFO:teuthology.orchestra.run.smithi055.stdout:/usr/bin/ceph: stderr
2024-04-24T16:49:09.690+0000 7f07927fc700 1 -- 172.21.15.55:0/2819850167 <== mon.0 v2:172.21.15.55:3300/0 4 ==== mgrmap(e 8) v1 ==== 43376+0+0 (secure 0 0 0) 0x7f079801a4c0 con 0x7f079c100cd0
2024-04-24T16:49:10.492 INFO:teuthology.orchestra.run.smithi055.stdout:/usr/bin/ceph: stderr
2024-04-24T16:49:09.690+0000 7f07a3c29700 1 -- 172.21.15.55:0/2819850167 --> [v2:172.21.15.55:3300/0,v1:172.21.15.55:6789/0] -- mon_command({"prefix": "get_command_descriptions"} v 0) v1 -- 0x7f079c05f5c0 con 0x7f079c100cd0
2024-04-24T16:49:10.492 INFO:teuthology.orchestra.run.smithi055.stdout:/usr/bin/ceph: stderr
2024-04-24T16:49:09.690+0000 7f07927fc700 1 --2- 172.21.15.55:0/2819850167 >> [v2:172.21.15.55:6800/1510578219,v1:172.21.15.55:6801/1510578219] conn(0x7f0788036850 0x7f0788038d00 unknown :-1 s=NONE pgs=0 cs=0 l=1 rev1=0 crypto rx=0 tx=0 comp rx=0 tx=0).connect
2024-04-24T16:49:10.492 INFO:teuthology.orchestra.run.smithi055.stdout:/usr/bin/ceph: stderr
2024-04-24T16:49:09.690+0000 7f07927fc700 1 -- 172.21.15.55:0/2819850167 <== mon.0 v2:172.21.15.55:3300/0 5 ==== osd_map(2..2 src has 1..2) v4 ==== 936+0+0 (secure 0 0 0) 0x7f079804a8c0 con 0x7f079c100cd0
2024-04-24T16:49:10.492 INFO:teuthology.orchestra.run.smithi055.stdout:/usr/bin/ceph: stderr
2024-04-24T16:49:09.690+0000 7f07a11c4700 1 --2- 172.21.15.55:0/2819850167 >> [v2:172.21.15.55:6800/1510578219,v1:172.21.15.55:6801/1510578219] conn(0x7f0788036850 0x7f0788038d00 unknown :-1 s=BANNER_CONNECTING pgs=0 cs=0 l=1 rev1=0 crypto rx=0 tx=0 comp rx=0 tx=0)._handle_peer_banner_payload supported=3 required=0
2024-04-24T16:49:10.492 INFO:teuthology.orchestra.run.smithi055.stdout:/usr/bin/ceph: stderr
2024-04-24T16:49:09.691+0000 7f07a11c4700 1 --2- 172.21.15.55:0/2819850167 >> [v2:172.21.15.55:6800/1510578219,v1:172.21.15.55:6801/1510578219] conn(0x7f0788036850 0x7f0788038d00 secure :-1 s=READY pgs=13 cs=0 l=1 rev1=1 crypto rx=0x7f078c009990 tx=0x7f078c006e40 comp rx=0 tx=0).ready entity=mgr.14120 client_cookie=0 server_cookie=0 in_seq=0 out_seq=0
2024-04-24T16:49:10.492 INFO:teuthology.orchestra.run.smithi055.stdout:/usr/bin/ceph: stderr
2024-04-24T16:49:09.695+0000 7f07927fc700 1 -- 172.21.15.55:0/2819850167 <== mon.0 v2:172.21.15.55:3300/0 6 ==== mon_command_ack([{"prefix": "get_command_descriptions"}]=0 v0) v1 ==== 72+0+176702 (secure 0 0 0) 0x7f0798023d60 con 0x7f079c100cd0
2024-04-24T16:49:10.492 INFO:teuthology.orchestra.run.smithi055.stdout:/usr/bin/ceph: stderr
2024-04-24T16:49:09.927+0000 7f07a3c29700 1 -- 172.21.15.55:0/2819850167 --> [v2:172.21.15.55:6800/1510578219,v1:172.21.15.55:6801/1510578219] -- mgr_command(tid 0: {"prefix": "orch apply", "service_type": "mgr", "target": ["mon-mgr", ""]}) v1 -- 0x7f079c0fd890 con 0x7f0788036850
2024-04-24T16:49:10.492 INFO:teuthology.orchestra.run.smithi055.stdout:/usr/bin/ceph: stderr
