2024-04-24T16:48:47.241+0000 7f00a8a5f700 1 --2- >> [v2:172.21.15.55:3300/0,v1:172.21.15.55:6789/0] conn(0x7f00a4101730 0x7f00a410f3d0 unknown :-1 s=NONE pgs=0 cs=0 l=1 rev1=0 crypto rx=0 tx=0 comp rx=0 tx=0).connect
2024-04-24T16:48:48.248 INFO:teuthology.orchestra.run.smithi055.stdout:/usr/bin/ceph: stderr
2024-04-24T16:48:47.241+0000 7f00a8a5f700 1 -- --> [v2:172.21.15.55:3300/0,v1:172.21.15.55:6789/0] -- mon_getmap magic: 0 v1 -- 0x7f00a410f910 con 0x7f00a4101730
2024-04-24T16:48:48.248 INFO:teuthology.orchestra.run.smithi055.stdout:/usr/bin/ceph: stderr
2024-04-24T16:48:47.241+0000 7f00a259c700 1 --2- >> [v2:172.21.15.55:3300/0,v1:172.21.15.55:6789/0] conn(0x7f00a4101730 0x7f00a410f3d0 unknown :-1 s=BANNER_CONNECTING pgs=0 cs=0 l=1 rev1=0 crypto rx=0 tx=0 comp rx=0 tx=0)._handle_peer_banner_payload supported=3 required=0
2024-04-24T16:48:48.248 INFO:teuthology.orchestra.run.smithi055.stdout:/usr/bin/ceph: stderr
2024-04-24T16:48:47.241+0000 7f00a259c700 1 --2- >> [v2:172.21.15.55:3300/0,v1:172.21.15.55:6789/0] conn(0x7f00a4101730 0x7f00a410f3d0 unknown :-1 s=HELLO_CONNECTING pgs=0 cs=0 l=1 rev1=1 crypto rx=0 tx=0 comp rx=0 tx=0).handle_hello peer v2:172.21.15.55:3300/0 says I am v2:172.21.15.55:38958/0 (socket says 172.21.15.55:38958)
2024-04-24T16:48:48.248 INFO:teuthology.orchestra.run.smithi055.stdout:/usr/bin/ceph: stderr
2024-04-24T16:48:47.241+0000 7f00a259c700 1 -- 172.21.15.55:0/2874943168 learned_addr learned my addr 172.21.15.55:0/2874943168 (peer_addr_for_me v2:172.21.15.55:0/0)
2024-04-24T16:48:48.248 INFO:teuthology.orchestra.run.smithi055.stdout:/usr/bin/ceph: stderr
2024-04-24T16:48:47.242+0000 7f00a259c700 1 -- 172.21.15.55:0/2874943168 --> [v2:172.21.15.55:3300/0,v1:172.21.15.55:6789/0] -- mon_subscribe({config=0+,monmap=0+}) v3 -- 0x7f00940094f0 con 0x7f00a4101730
2024-04-24T16:48:48.248 INFO:teuthology.orchestra.run.smithi055.stdout:/usr/bin/ceph: stderr
2024-04-24T16:48:47.242+0000 7f00a259c700 1 --2- 172.21.15.55:0/2874943168 >> [v2:172.21.15.55:3300/0,v1:172.21.15.55:6789/0] conn(0x7f00a4101730 0x7f00a410f3d0 secure :-1 s=READY pgs=19 cs=0 l=1 rev1=1 crypto rx=0x7f0094000c00 tx=0x7f0094009250 comp rx=0 tx=0).ready entity=mon.0 client_cookie=0 server_cookie=0 in_seq=0 out_seq=0
2024-04-24T16:48:48.248 INFO:teuthology.orchestra.run.smithi055.stdout:/usr/bin/ceph: stderr
2024-04-24T16:48:47.242+0000 7f0092ffd700 1 -- 172.21.15.55:0/2874943168 <== mon.0 v2:172.21.15.55:3300/0 1 ==== mon_map magic: 0 v1 ==== 229+0+0 (secure 0 0 0) 0x7f00940107c0 con 0x7f00a4101730
2024-04-24T16:48:48.249 INFO:teuthology.orchestra.run.smithi055.stdout:/usr/bin/ceph: stderr
2024-04-24T16:48:47.242+0000 7f00a8a5f700 1 -- 172.21.15.55:0/2874943168 --> [v2:172.21.15.55:3300/0,v1:172.21.15.55:6789/0] -- mon_subscribe({mgrmap=0+}) v3 -- 0x7f00a410fb10 con 0x7f00a4101730
2024-04-24T16:48:48.249 INFO:teuthology.orchestra.run.smithi055.stdout:/usr/bin/ceph: stderr
2024-04-24T16:48:47.242+0000 7f0092ffd700 1 -- 172.21.15.55:0/2874943168 <== mon.0 v2:172.21.15.55:3300/0 2 ==== config(27 keys) v1 ==== 1044+0+0 (secure 0 0 0) 0x7f0094010db0 con 0x7f00a4101730
2024-04-24T16:48:48.249 INFO:teuthology.orchestra.run.smithi055.stdout:/usr/bin/ceph: stderr
2024-04-24T16:48:47.242+0000 7f0092ffd700 1 -- 172.21.15.55:0/2874943168 <== mon.0 v2:172.21.15.55:3300/0 3 ==== mon_map magic: 0 v1 ==== 229+0+0 (secure 0 0 0) 0x7f009401ad00 con 0x7f00a4101730
2024-04-24T16:48:48.249 INFO:teuthology.orchestra.run.smithi055.stdout:/usr/bin/ceph: stderr
2024-04-24T16:48:47.242+0000 7f00a8a5f700 1 -- 172.21.15.55:0/2874943168 --> [v2:172.21.15.55:3300/0,v1:172.21.15.55:6789/0] -- mon_subscribe({osdmap=0}) v3 -- 0x7f00a4110680 con 0x7f00a4101730
2024-04-24T16:48:48.249 INFO:teuthology.orchestra.run.smithi055.stdout:/usr/bin/ceph: stderr
2024-04-24T16:48:47.243+0000 7f0092ffd700 1 -- 172.21.15.55:0/2874943168 <== mon.0 v2:172.21.15.55:3300/0 4 ==== mgrmap(e 4) v1 ==== 43365+0+0 (secure 0 0 0) 0x7f00940193c0 con 0x7f00a4101730
2024-04-24T16:48:48.249 INFO:teuthology.orchestra.run.smithi055.stdout:/usr/bin/ceph: stderr
2024-04-24T16:48:47.243+0000 7f0092ffd700 1 --2- 172.21.15.55:0/2874943168 >> [v2:172.21.15.55:6800/4119241460,v1:172.21.15.55:6801/4119241460] conn(0x7f008c038a40 0x7f008c03aef0 unknown :-1 s=NONE pgs=0 cs=0 l=1 rev1=0 crypto rx=0 tx=0 comp rx=0 tx=0).connect
2024-04-24T16:48:48.249 INFO:teuthology.orchestra.run.smithi055.stdout:/usr/bin/ceph: stderr
2024-04-24T16:48:47.243+0000 7f0092ffd700 1 -- 172.21.15.55:0/2874943168 <== mon.0 v2:172.21.15.55:3300/0 5 ==== osd_map(1..1 src has 1..1) v4 ==== 721+0+0 (secure 0 0 0) 0x7f009404a770 con 0x7f00a4101730
2024-04-24T16:48:48.249 INFO:teuthology.orchestra.run.smithi055.stdout:/usr/bin/ceph: stderr
2024-04-24T16:48:47.243+0000 7f00a1d9b700 1 --2- 172.21.15.55:0/2874943168 >> [v2:172.21.15.55:6800/4119241460,v1:172.21.15.55:6801/4119241460] conn(0x7f008c038a40 0x7f008c03aef0 unknown :-1 s=BANNER_CONNECTING pgs=0 cs=0 l=1 rev1=0 crypto rx=0 tx=0 comp rx=0 tx=0)._handle_peer_banner_payload supported=3 required=0
2024-04-24T16:48:48.249 INFO:teuthology.orchestra.run.smithi055.stdout:/usr/bin/ceph: stderr
2024-04-24T16:48:47.243+0000 7f00a8a5f700 1 -- 172.21.15.55:0/2874943168 --> [v2:172.21.15.55:3300/0,v1:172.21.15.55:6789/0] -- mon_command({"prefix": "get_command_descriptions"} v 0) v1 -- 0x7f00a405f5c0 con 0x7f00a4101730
2024-04-24T16:48:48.249 INFO:teuthology.orchestra.run.smithi055.stdout:/usr/bin/ceph: stderr
2024-04-24T16:48:47.244+0000 7f00a1d9b700 1 --2- 172.21.15.55:0/2874943168 >> [v2:172.21.15.55:6800/4119241460,v1:172.21.15.55:6801/4119241460] conn(0x7f008c038a40 0x7f008c03aef0 secure :-1 s=READY pgs=6 cs=0 l=1 rev1=1 crypto rx=0x7f0098009990 tx=0x7f0098006e40 comp rx=0 tx=0).ready entity=mgr.14100 client_cookie=0 server_cookie=0 in_seq=0 out_seq=0
2024-04-24T16:48:48.249 INFO:teuthology.orchestra.run.smithi055.stdout:/usr/bin/ceph: stderr
2024-04-24T16:48:47.248+0000 7f0092ffd700 1 -- 172.21.15.55:0/2874943168 <== mon.0 v2:172.21.15.55:3300/0 6 ==== mon_command_ack([{"prefix": "get_command_descriptions"}]=0 v0) v1 ==== 72+0+176702 (secure 0 0 0) 0x7f0094022930 con 0x7f00a4101730
2024-04-24T16:48:48.249 INFO:teuthology.orchestra.run.smithi055.stdout:/usr/bin/ceph: stderr
2024-04-24T16:48:47.527+0000 7f00a8a5f700 1 -- 172.21.15.55:0/2874943168 --> [v2:172.21.15.55:3300/0,v1:172.21.15.55:6789/0] -- mon_command({"prefix": "status", "format": "json-pretty"} v 0) v1 -- 0x7f00a4111090 con 0x7f00a4101730
2024-04-24T16:48:48.249 INFO:teuthology.orchestra.run.smithi055.stdout:/usr/bin/ceph: stderr
2024-04-24T16:48:47.527+0000 7f0092ffd700 1 -- 172.21.15.55:0/2874943168 <== mon.0 v2:172.21.15.55:3300/0 7 ==== mon_command_ack([{"prefix": "status", "format": "json-pretty"}]=0 v0) v1 ==== 79+0+1248 (secure 0 0 0) 0x7f0094031020 con 0x7f00a4101730
2024-04-24T16:48:48.249 INFO:teuthology.orchestra.run.smithi055.stdout:/usr/bin/ceph: stderr
2024-04-24T16:48:47.529+0000 7f00a8a5f700 1 -- 172.21.15.55:0/2874943168 >> [v2:172.21.15.55:6800/4119241460,v1:172.21.15.55:6801/4119241460] conn(0x7f008c038a40 msgr2=0x7f008c03aef0 secure :-1 s=STATE_CONNECTION_ESTABLISHED l=1).mark_down
2024-04-24T16:48:48.250 INFO:teuthology.orchestra.run.smithi055.stdout:/usr/bin/ceph: stderr
2024-04-24T16:48:47.529+0000 7f00a8a5f700 1 --2- 172.21.15.55:0/2874943168 >> [v2:172.21.15.55:6800/4119241460,v1:172.21.15.55:6801/4119241460] conn(0x7f008c038a40 0x7f008c03aef0 secure :-1 s=READY pgs=6 cs=0 l=1 rev1=1 crypto rx=0x7f0098009990 tx=0x7f0098006e40 comp rx=0 tx=0).stop
2024-04-24T16:48:48.250 INFO:teuthology.orchestra.run.smithi055.stdout:/usr/bin/ceph: stderr
2024-04-24T16:48:47.529+0000 7f00a8a5f700 1 -- 172.21.15.55:0/2874943168 >> [v2:172.21.15.55:3300/0,v1:172.21.15.55:6789/0] conn(0x7f00a4101730 msgr2=0x7f00a410f3d0 secure :-1 s=STATE_CONNECTION_ESTABLISHED l=1).mark_down
2024-04-24T16:48:48.250 INFO:teuthology.orchestra.run.smithi055.stdout:/usr/bin/ceph: stderr
2024-04-24T16:48:47.529+0000 7f00a8a5f700 1 --2- 172.21.15.55:0/2874943168 >> [v2:172.21.15.55:3300/0,v1:172.21.15.55:6789/0] conn(0x7f00a4101730 0x7f00a410f3d0 secure :-1 s=READY pgs=19 cs=0 l=1 rev1=1 crypto rx=0x7f0094000c00 tx=0x7f0094009250 comp rx=0 tx=0).stop
2024-04-24T16:48:48.250 INFO:teuthology.orchestra.run.smithi055.stdout:/usr/bin/ceph: stderr
2024-04-24T16:48:47.529+0000 7f00a8a5f700 1 -- 172.21.15.55:0/2874943168 shutdown_connections
2024-04-24T16:48:48.250 INFO:teuthology.orchestra.run.smithi055.stdout:/usr/bin/ceph: stderr
2024-04-24T16:48:47.529+0000 7f00a8a5f700 1 --2- 172.21.15.55:0/2874943168 >> [v2:172.21.15.55:6800/4119241460,v1:172.21.15.55:6801/4119241460] conn(0x7f008c038a40 0x7f008c03aef0 unknown :-1 s=CLOSED pgs=6 cs=0 l=1 rev1=1 crypto rx=0 tx=0 comp rx=0 tx=0).stop
2024-04-24T16:48:48.250 INFO:teuthology.orchestra.run.smithi055.stdout:/usr/bin/ceph: stderr
2024-04-24T16:48:47.529+0000 7f00a8a5f700 1 --2- 172.21.15.55:0/2874943168 >> [v2:172.21.15.55:3300/0,v1:172.21.15.55:6789/0] conn(0x7f00a4101730 0x7f00a410f3d0 unknown :-1 s=CLOSED pgs=19 cs=0 l=1 rev1=1 crypto rx=0 tx=0 comp rx=0 tx=0).stop
2024-04-24T16:48:48.250 INFO:teuthology.orchestra.run.smithi055.stdout:/usr/bin/ceph: stderr
2024-04-24T16:48:47.529+0000 7f00a8a5f700 1 -- 172.21.15.55:0/2874943168 >> 172.21.15.55:0/2874943168 conn(0x7f00a40fcef0 msgr2=0x7f00a4105bc0 unknown :-1 s=STATE_NONE l=0).mark_down
2024-04-24T16:48:48.250 INFO:teuthology.orchestra.run.smithi055.stdout:/usr/bin/ceph: stderr
2024-04-24T16:48:47.530+0000 7f00a8a5f700 1 -- 172.21.15.55:0/2874943168 shutdown_connections
2024-04-24T16:48:48.250 INFO:teuthology.orchestra.run.smithi055.stdout:/usr/bin/ceph: stderr
2024-04-24T16:48:47.530+0000 7f00a8a5f700 1 -- 172.21.15.55:0/2874943168 wait complete.
2024-04-24T16:48:48.250 INFO:teuthology.orchestra.run.smithi055.stdout:mgr is available
2024-04-24T16:48:49.131 INFO:journalctl@ceph.mon.smithi055.smithi055.stdout:Apr 24 16:48:48 smithi055 ceph-mon[26429]: from='client.? 172.21.15.55:0/2021013442' entity='client.admin' cmd=[{"prefix": "config assimilate-conf"}]: dispatch
2024-04-24T16:48:49.517 INFO:teuthology.orchestra.run.smithi055.stdout:/usr/bin/ceph: stdout
2024-04-24T16:48:49.517 INFO:teuthology.orchestra.run.smithi055.stdout:/usr/bin/ceph: stdout [global]
2024-04-24T16:48:49.517 INFO:teuthology.orchestra.run.smithi055.stdout:/usr/bin/ceph: stdout fsid = 50ceee9a-025a-11ef-bc93-c7b262605968
2024-04-24T16:48:49.517 INFO:teuthology.orchestra.run.smithi055.stdout:/usr/bin/ceph: stdout mon_osd_allow_pg_remap = true
2024-04-24T16:48:49.517 INFO:teuthology.orchestra.run.smithi055.stdout:/usr/bin/ceph: stdout mon_osd_allow_primary_affinity = true
2024-04-24T16:48:49.517 INFO:teuthology.orchestra.run.smithi055.stdout:/usr/bin/ceph: stdout mon_warn_on_no_sortbitwise = false
2024-04-24T16:48:49.517 INFO:teuthology.orchestra.run.smithi055.stdout:/usr/bin/ceph: stdout osd_crush_chooseleaf_type = 0
2024-04-24T16:48:49.517 INFO:teuthology.orchestra.run.smithi055.stdout:/usr/bin/ceph: stdout
2024-04-24T16:48:49.517 INFO:teuthology.orchestra.run.smithi055.stdout:/usr/bin/ceph: stdout [mgr]
2024-04-24T16:48:49.518 INFO:teuthology.orchestra.run.smithi055.stdout:/usr/bin/ceph: stdout mgr/telemetry/nag = false
2024-04-24T16:48:49.518 INFO:teuthology.orchestra.run.smithi055.stdout:/usr/bin/ceph: stdout
2024-04-24T16:48:49.518 INFO:teuthology.orchestra.run.smithi055.stdout:/usr/bin/ceph: stdout [osd]
2024-04-24T16:48:49.518 INFO:teuthology.orchestra.run.smithi055.stdout:/usr/bin/ceph: stdout mon_osd_backfillfull_ratio = 0.85
2024-04-24T16:48:49.518 INFO:teuthology.orchestra.run.smithi055.stdout:/usr/bin/ceph: stdout mon_osd_full_ratio = 0.9
2024-04-24T16:48:49.518 INFO:teuthology.orchestra.run.smithi055.stdout:/usr/bin/ceph: stdout mon_osd_nearfull_ratio = 0.8
2024-04-24T16:48:49.518 INFO:teuthology.orchestra.run.smithi055.stdout:/usr/bin/ceph: stdout osd_map_max_advance = 10
2024-04-24T16:48:49.518 INFO:teuthology.orchestra.run.smithi055.stdout:/usr/bin/ceph: stdout osd_sloppy_crc = true
2024-04-24T16:48:49.518 INFO:teuthology.orchestra.run.smithi055.stdout:/usr/bin/ceph: stderr
2024-04-24T16:48:48.616+0000 7f48f2340700 1 Processor -- start
2024-04-24T16:48:49.518 INFO:teuthology.orchestra.run.smithi055.stdout:/usr/bin/ceph: stderr
2024-04-24T16:48:48.616+0000 7f48f2340700 1 -- start start
2024-04-24T16:48:49.518 INFO:teuthology.orchestra.run.smithi055.stdout:/usr/bin/ceph: stderr
2024-04-24T16:48:48.617+0000 7f48f2340700 1 --2- >> [v2:172.21.15.55:3300/0,v1:172.21.15.55:6789/0] conn(0x7f48ec1028b0 0x7f48ec102cc0 unknown :-1 s=NONE pgs=0 cs=0 l=0 rev1=0 crypto rx=0 tx=0 comp rx=0 tx=0).connect
2024-04-24T16:48:49.518 INFO:teuthology.orchestra.run.smithi055.stdout:/usr/bin/ceph: stderr
2024-04-24T16:48:48.617+0000 7f48f2340700 1 -- --> [v2:172.21.15.55:3300/0,v1:172.21.15.55:6789/0] -- mon_getmap magic: 0 v1 -- 0x7f48ec103200 con 0x7f48ec1028b0
2024-04-24T16:48:49.519 INFO:teuthology.orchestra.run.smithi055.stdout:/usr/bin/ceph: stderr
2024-04-24T16:48:48.617+0000 7f48ebfff700 1 --2- >> [v2:172.21.15.55:3300/0,v1:172.21.15.55:6789/0] conn(0x7f48ec1028b0 0x7f48ec102cc0 unknown :-1 s=BANNER_CONNECTING pgs=0 cs=0 l=0 rev1=0 crypto rx=0 tx=0 comp rx=0 tx=0)._handle_peer_banner_payload supported=3 required=0
2024-04-24T16:48:49.519 INFO:teuthology.orchestra.run.smithi055.stdout:/usr/bin/ceph: stderr
2024-04-24T16:48:48.617+0000 7f48ebfff700 1 --2- >> [v2:172.21.15.55:3300/0,v1:172.21.15.55:6789/0] conn(0x7f48ec1028b0 0x7f48ec102cc0 unknown :-1 s=HELLO_CONNECTING pgs=0 cs=0 l=0 rev1=1 crypto rx=0 tx=0 comp rx=0 tx=0).handle_hello peer v2:172.21.15.55:3300/0 says I am v2:172.21.15.55:38964/0 (socket says 172.21.15.55:38964)
2024-04-24T16:48:49.519 INFO:teuthology.orchestra.run.smithi055.stdout:/usr/bin/ceph: stderr
2024-04-24T16:48:48.617+0000 7f48ebfff700 1 -- 172.21.15.55:0/3200456931 learned_addr learned my addr 172.21.15.55:0/3200456931 (peer_addr_for_me v2:172.21.15.55:0/0)
2024-04-24T16:48:49.519 INFO:teuthology.orchestra.run.smithi055.stdout:/usr/bin/ceph: stderr
2024-04-24T16:48:48.617+0000 7f48ebfff700 1 -- 172.21.15.55:0/3200456931 --> [v2:172.21.15.55:3300/0,v1:172.21.15.55:6789/0] -- mon_subscribe({config=0+,monmap=0+}) v3 -- 0x7f48ec103340 con 0x7f48ec1028b0
2024-04-24T16:48:49.519 INFO:teuthology.orchestra.run.smithi055.stdout:/usr/bin/ceph: stderr
2024-04-24T16:48:48.617+0000 7f48ebfff700 1 --2- 172.21.15.55:0/3200456931 >> [v2:172.21.15.55:3300/0,v1:172.21.15.55:6789/0] conn(0x7f48ec1028b0 0x7f48ec102cc0 secure :-1 s=READY pgs=20 cs=0 l=1 rev1=1 crypto rx=0x7f48dc0098e0 tx=0x7f48dc009250 comp rx=0 tx=0).ready entity=mon.0 client_cookie=589e6fe63110ada1 server_cookie=0 in_seq=0 out_seq=0
2024-04-24T16:48:49.519 INFO:teuthology.orchestra.run.smithi055.stdout:/usr/bin/ceph: stderr
2024-04-24T16:48:48.617+0000 7f48eaffd700 1 -- 172.21.15.55:0/3200456931 <== mon.0 v2:172.21.15.55:3300/0 1 ==== mon_map magic: 0 v1 ==== 229+0+0 (secure 0 0 0) 0x7f48dc00b860 con 0x7f48ec1028b0
2024-04-24T16:48:49.519 INFO:teuthology.orchestra.run.smithi055.stdout:/usr/bin/ceph: stderr
2024-04-24T16:48:48.617+0000 7f48eaffd700 1 -- 172.21.15.55:0/3200456931 <== mon.0 v2:172.21.15.55:3300/0 2 ==== config(27 keys) v1 ==== 1044+0+0 (secure 0 0 0) 0x7f48dc00be50 con 0x7f48ec1028b0
2024-04-24T16:48:49.519 INFO:teuthology.orchestra.run.smithi055.stdout:/usr/bin/ceph: stderr
2024-04-24T16:48:48.617+0000 7f48eaffd700 1 -- 172.21.15.55:0/3200456931 <== mon.0 v2:172.21.15.55:3300/0 3 ==== mon_map magic: 0 v1 ==== 229+0+0 (secure 0 0 0) 0x7f48dc010380 con 0x7f48ec1028b0
2024-04-24T16:48:49.519 INFO:teuthology.orchestra.run.smithi055.stdout:/usr/bin/ceph: stderr
2024-04-24T16:48:48.618+0000 7f48f2340700 1 -- 172.21.15.55:0/3200456931 >> [v2:172.21.15.55:3300/0,v1:172.21.15.55:6789/0] conn(0x7f48ec1028b0 msgr2=0x7f48ec102cc0 secure :-1 s=STATE_CONNECTION_ESTABLISHED l=1).mark_down
2024-04-24T16:48:49.519 INFO:teuthology.orchestra.run.smithi055.stdout:/usr/bin/ceph: stderr
2024-04-24T16:48:48.618+0000 7f48f2340700 1 --2- 172.21.15.55:0/3200456931 >> [v2:172.21.15.55:3300/0,v1:172.21.15.55:6789/0] conn(0x7f48ec1028b0 0x7f48ec102cc0 secure :-1 s=READY pgs=20 cs=0 l=1 rev1=1 crypto rx=0x7f48dc0098e0 tx=0x7f48dc009250 comp rx=0 tx=0).stop
2024-04-24T16:48:49.519 INFO:teuthology.orchestra.run.smithi055.stdout:/usr/bin/ceph: stderr
2024-04-24T16:48:48.618+0000 7f48f2340700 1 -- 172.21.15.55:0/3200456931 shutdown_connections
2024-04-24T16:48:49.519 INFO:teuthology.orchestra.run.smithi055.stdout:/usr/bin/ceph: stderr
2024-04-24T16:48:48.618+0000 7f48f2340700 1 --2- 172.21.15.55:0/3200456931 >> [v2:172.21.15.55:3300/0,v1:172.21.15.55:6789/0] conn(0x7f48ec1028b0 0x7f48ec102cc0 unknown :-1 s=CLOSED pgs=20 cs=0 l=1 rev1=1 crypto rx=0 tx=0 comp rx=0 tx=0).stop
2024-04-24T16:48:49.519 INFO:teuthology.orchestra.run.smithi055.stdout:/usr/bin/ceph: stderr
2024-04-24T16:48:48.618+0000 7f48f2340700 1 -- 172.21.15.55:0/3200456931 >> 172.21.15.55:0/3200456931 conn(0x7f48ec0fdff0 msgr2=0x7f48ec100440 unknown :-1 s=STATE_NONE l=0).mark_down
2024-04-24T16:48:49.519 INFO:teuthology.orchestra.run.smithi055.stdout:/usr/bin/ceph: stderr
2024-04-24T16:48:48.618+0000 7f48f2340700 1 -- 172.21.15.55:0/3200456931 shutdown_connections
2024-04-24T16:48:49.520 INFO:teuthology.orchestra.run.smithi055.stdout:/usr/bin/ceph: stderr
2024-04-24T16:48:48.618+0000 7f48f2340700 1 -- 172.21.15.55:0/3200456931 wait complete.
2024-04-24T16:48:49.520 INFO:teuthology.orchestra.run.smithi055.stdout:/usr/bin/ceph: stderr
2024-04-24T16:48:48.619+0000 7f48f2340700 1 Processor -- start
2024-04-24T16:48:49.520 INFO:teuthology.orchestra.run.smithi055.stdout:/usr/bin/ceph: stderr
2024-04-24T16:48:48.619+0000 7f48f2340700 1 -- start start
2024-04-24T16:48:49.520 INFO:teuthology.orchestra.run.smithi055.stdout:/usr/bin/ceph: stderr
2024-04-24T16:48:48.619+0000 7f48f2340700 1 --2- >> [v2:172.21.15.55:3300/0,v1:172.21.15.55:6789/0] conn(0x7f48ec1028b0 0x7f48ec1115b0 unknown :-1 s=NONE pgs=0 cs=0 l=1 rev1=0 crypto rx=0 tx=0 comp rx=0 tx=0).connect
2024-04-24T16:48:49.520 INFO:teuthology.orchestra.run.smithi055.stdout:/usr/bin/ceph: stderr
2024-04-24T16:48:48.619+0000 7f48f2340700 1 -- --> [v2:172.21.15.55:3300/0,v1:172.21.15.55:6789/0] -- mon_getmap magic: 0 v1 -- 0x7f48ec111af0 con 0x7f48ec1028b0
2024-04-24T16:48:49.520 INFO:teuthology.orchestra.run.smithi055.stdout:/usr/bin/ceph: stderr
2024-04-24T16:48:48.619+0000 7f48ebfff700 1 --2- >> [v2:172.21.15.55:3300/0,v1:172.21.15.55:6789/0] conn(0x7f48ec1028b0 0x7f48ec1115b0 unknown :-1 s=BANNER_CONNECTING pgs=0 cs=0 l=1 rev1=0 crypto rx=0 tx=0 comp rx=0 tx=0)._handle_peer_banner_payload supported=3 required=0
2024-04-24T16:48:49.520 INFO:teuthology.orchestra.run.smithi055.stdout:/usr/bin/ceph: stderr
2024-04-24T16:48:48.619+0000 7f48ebfff700 1 --2- >> [v2:172.21.15.55:3300/0,v1:172.21.15.55:6789/0] conn(0x7f48ec1028b0 0x7f48ec1115b0 unknown :-1 s=HELLO_CONNECTING pgs=0 cs=0 l=1 rev1=1 crypto rx=0 tx=0 comp rx=0 tx=0).handle_hello peer v2:172.21.15.55:3300/0 says I am v2:172.21.15.55:38968/0 (socket says 172.21.15.55:38968)
2024-04-24T16:48:49.520 INFO:teuthology.orchestra.run.smithi055.stdout:/usr/bin/ceph: stderr
2024-04-24T16:48:48.619+0000 7f48ebfff700 1 -- 172.21.15.55:0/2021013442 learned_addr learned my addr 172.21.15.55:0/2021013442 (peer_addr_for_me v2:172.21.15.55:0/0)
2024-04-24T16:48:49.520 INFO:teuthology.orchestra.run.smithi055.stdout:/usr/bin/ceph: stderr
2024-04-24T16:48:48.619+0000 7f48ebfff700 1 -- 172.21.15.55:0/2021013442 --> [v2:172.21.15.55:3300/0,v1:172.21.15.55:6789/0] -- mon_subscribe({config=0+,monmap=0+}) v3 -- 0x7f48dc0094f0 con 0x7f48ec1028b0
2024-04-24T16:48:49.520 INFO:teuthology.orchestra.run.smithi055.stdout:/usr/bin/ceph: stderr
2024-04-24T16:48:48.620+0000 7f48ebfff700 1 --2- 172.21.15.55:0/2021013442 >> [v2:172.21.15.55:3300/0,v1:172.21.15.55:6789/0] conn(0x7f48ec1028b0 0x7f48ec1115b0 secure :-1 s=READY pgs=21 cs=0 l=1 rev1=1 crypto rx=0x7f48dc000c00 tx=0x7f48dc009250 comp rx=0 tx=0).ready entity=mon.0 client_cookie=0 server_cookie=0 in_seq=0 out_seq=0
2024-04-24T16:48:49.520 INFO:teuthology.orchestra.run.smithi055.stdout:/usr/bin/ceph: stderr
2024-04-24T16:48:48.620+0000 7f48e8ff9700 1 -- 172.21.15.55:0/2021013442 <== mon.0 v2:172.21.15.55:3300/0 1 ==== mon_map magic: 0 v1 ==== 229+0+0 (secure 0 0 0) 0x7f48dc0107c0 con 0x7f48ec1028b0
2024-04-24T16:48:49.520 INFO:teuthology.orchestra.run.smithi055.stdout:/usr/bin/ceph: stderr
2024-04-24T16:48:48.620+0000 7f48e8ff9700 1 -- 172.21.15.55:0/2021013442 <== mon.0 v2:172.21.15.55:3300/0 2 ==== config(27 keys) v1 ==== 1044+0+0 (secure 0 0 0) 0x7f48dc010db0 con 0x7f48ec1028b0
2024-04-24T16:48:49.520 INFO:teuthology.orchestra.run.smithi055.stdout:/usr/bin/ceph: stderr
2024-04-24T16:48:48.620+0000 7f48f2340700 1 -- 172.21.15.55:0/2021013442 --> [v2:172.21.15.55:3300/0,v1:172.21.15.55:6789/0] -- mon_subscribe({mgrmap=0+}) v3 -- 0x7f48ec111cf0 con 0x7f48ec1028b0
2024-04-24T16:48:49.520 INFO:teuthology.orchestra.run.smithi055.stdout:/usr/bin/ceph: stderr
2024-04-24T16:48:48.620+0000 7f48e8ff9700 1 -- 172.21.15.55:0/2021013442 <== mon.0 v2:172.21.15.55:3300/0 3 ==== mon_map magic: 0 v1 ==== 229+0+0 (secure 0 0 0) 0x7f48dc01ad00 con 0x7f48ec1028b0
2024-04-24T16:48:49.521 INFO:teuthology.orchestra.run.smithi055.stdout:/usr/bin/ceph: stderr
2024-04-24T16:48:48.620+0000 7f48f2340700 1 -- 172.21.15.55:0/2021013442 --> [v2:172.21.15.55:3300/0,v1:172.21.15.55:6789/0] -- mon_subscribe({osdmap=0}) v3 -- 0x7f48ec112860 con 0x7f48ec1028b0
2024-04-24T16:48:49.521 INFO:teuthology.orchestra.run.smithi055.stdout:/usr/bin/ceph: stderr
2024-04-24T16:48:48.621+0000 7f48e8ff9700 1 -- 172.21.15.55:0/2021013442 <== mon.0 v2:172.21.15.55:3300/0 4 ==== mgrmap(e 4) v1 ==== 43365+0+0 (secure 0 0 0) 0x7f48dc0193c0 con 0x7f48ec1028b0
2024-04-24T16:48:49.521 INFO:teuthology.orchestra.run.smithi055.stdout:/usr/bin/ceph: stderr
2024-04-24T16:48:48.621+0000 7f48e8ff9700 1 --2- 172.21.15.55:0/2021013442 >> [v2:172.21.15.55:6800/4119241460,v1:172.21.15.55:6801/4119241460] conn(0x7f48d4036850 0x7f48d4038d00 unknown :-1 s=NONE pgs=0 cs=0 l=1 rev1=0 crypto rx=0 tx=0 comp rx=0 tx=0).connect
2024-04-24T16:48:49.521 INFO:teuthology.orchestra.run.smithi055.stdout:/usr/bin/ceph: stderr
2024-04-24T16:48:48.621+0000 7f48e8ff9700 1 -- 172.21.15.55:0/2021013442 <== mon.0 v2:172.21.15.55:3300/0 5 ==== osd_map(1..1 src has 1..1) v4 ==== 721+0+0 (secure 0 0 0) 0x7f48dc04a5c0 con 0x7f48ec1028b0
2024-04-24T16:48:49.521 INFO:teuthology.orchestra.run.smithi055.stdout:/usr/bin/ceph: stderr
2024-04-24T16:48:48.621+0000 7f48f2340700 1 -- 172.21.15.55:0/2021013442 --> [v2:172.21.15.55:3300/0,v1:172.21.15.55:6789/0] -- mon_command({"prefix": "get_command_descriptions"} v 0) v1 -- 0x7f48ec112180 con 0x7f48ec1028b0
2024-04-24T16:48:49.521 INFO:teuthology.orchestra.run.smithi055.stdout:/usr/bin/ceph: stderr
2024-04-24T16:48:48.621+0000 7f48eb7fe700 1 --2- 172.21.15.55:0/2021013442 >> [v2:172.21.15.55:6800/4119241460,v1:172.21.15.55:6801/4119241460] conn(0x7f48d4036850 0x7f48d4038d00 unknown :-1 s=BANNER_CONNECTING pgs=0 cs=0 l=1 rev1=0 crypto rx=0 tx=0 comp rx=0 tx=0)._handle_peer_banner_payload supported=3 required=0
2024-04-24T16:48:49.521 INFO:teuthology.orchestra.run.smithi055.stdout:/usr/bin/ceph: stderr
2024-04-24T16:48:48.621+0000 7f48eb7fe700 1 --2- 172.21.15.55:0/2021013442 >> [v2:172.21.15.55:6800/4119241460,v1:172.21.15.55:6801/4119241460] conn(0x7f48d4036850 0x7f48d4038d00 secure :-1 s=READY pgs=7 cs=0 l=1 rev1=1 crypto rx=0x7f48e0009990 tx=0x7f48e0006e40 comp rx=0 tx=0).ready entity=mgr.14100 client_cookie=0 server_cookie=0 in_seq=0 out_seq=0
2024-04-24T16:48:49.521 INFO:teuthology.orchestra.run.smithi055.stdout:/usr/bin/ceph: stderr
2024-04-24T16:48:48.626+0000 7f48e8ff9700 1 -- 172.21.15.55:0/2021013442 <== mon.0 v2:172.21.15.55:3300/0 6 ==== mon_command_ack([{"prefix": "get_command_descriptions"}]=0 v0) v1 ==== 72+0+176702 (secure 0 0 0) 0x7f48dc019670 con 0x7f48ec1028b0
2024-04-24T16:48:49.522 INFO:teuthology.orchestra.run.smithi055.stdout:/usr/bin/ceph: stderr
2024-04-24T16:48:48.819+0000 7f48f2340700 1 -- 172.21.15.55:0/2021013442 --> [v2:172.21.15.55:3300/0,v1:172.21.15.55:6789/0] -- mon_command({"prefix": "config assimilate-conf"} v 0) v1 -- 0x7f48ec05f5c0 con 0x7f48ec1028b0
2024-04-24T16:48:49.522 INFO:teuthology.orchestra.run.smithi055.stdout:/usr/bin/ceph: stderr
2024-04-24T16:48:48.820+0000 7f48e8ff9700 1 -- 172.21.15.55:0/2021013442 <== mon.0 v2:172.21.15.55:3300/0 7 ==== mon_command_ack([{"prefix": "config assimilate-conf"}]=0 v3) v1 ==== 70+0+373 (secure 0 0 0) 0x7f48dc022340 con 0x7f48ec1028b0
2024-04-24T16:48:49.522 INFO:teuthology.orchestra.run.smithi055.stdout:/usr/bin/ceph: stderr
2024-04-24T16:48:48.822+0000 7f48f2340700 1 -- 172.21.15.55:0/2021013442 >> [v2:172.21.15.55:6800/4119241460,v1:172.21.15.55:6801/4119241460] conn(0x7f48d4036850 msgr2=0x7f48d4038d00 secure :-1 s=STATE_CONNECTION_ESTABLISHED l=1).mark_down
2024-04-24T16:48:49.522 INFO:teuthology.orchestra.run.smithi055.stdout:/usr/bin/ceph: stderr
2024-04-24T16:48:48.822+0000 7f48f2340700 1 --2- 172.21.15.55:0/2021013442 >> [v2:172.21.15.55:6800/4119241460,v1:172.21.15.55:6801/4119241460] conn(0x7f48d4036850 0x7f48d4038d00 secure :-1 s=READY pgs=7 cs=0 l=1 rev1=1 crypto rx=0x7f48e0009990 tx=0x7f48e0006e40 comp rx=0 tx=0).stop
2024-04-24T16:48:49.522 INFO:teuthology.orchestra.run.smithi055.stdout:/usr/bin/ceph: stderr
2024-04-24T16:48:48.822+0000 7f48f2340700 1 -- 172.21.15.55:0/2021013442 >> [v2:172.21.15.55:3300/0,v1:172.21.15.55:6789/0] conn(0x7f48ec1028b0 msgr2=0x7f48ec1115b0 secure :-1 s=STATE_CONNECTION_ESTABLISHED l=1).mark_down
2024-04-24T16:48:49.522 INFO:teuthology.orchestra.run.smithi055.stdout:/usr/bin/ceph: stderr
2024-04-24T16:48:48.822+0000 7f48f2340700 1 --2- 172.21.15.55:0/2021013442 >> [v2:172.21.15.55:3300/0,v1:172.21.15.55:6789/0] conn(0x7f48ec1028b0 0x7f48ec1115b0 secure :-1 s=READY pgs=21 cs=0 l=1 rev1=1 crypto rx=0x7f48dc000c00 tx=0x7f48dc009250 comp rx=0 tx=0).stop
2024-04-24T16:48:49.522 INFO:teuthology.orchestra.run.smithi055.stdout:/usr/bin/ceph: stderr
2024-04-24T16:48:48.822+0000 7f48f2340700 1 -- 172.21.15.55:0/2021013442 shutdown_connections
2024-04-24T16:48:49.523 INFO:teuthology.orchestra.run.smithi055.stdout:/usr/bin/ceph: stderr
2024-04-24T16:48:48.822+0000 7f48f2340700 1 --2- 172.21.15.55:0/2021013442 >> [v2:172.21.15.55:6800/4119241460,v1:172.21.15.55:6801/4119241460] conn(0x7f48d4036850 0x7f48d4038d00 unknown :-1 s=CLOSED pgs=7 cs=0 l=1 rev1=1 crypto rx=0 tx=0 comp rx=0 tx=0).stop
2024-04-24T16:48:49.523 INFO:teuthology.orchestra.run.smithi055.stdout:/usr/bin/ceph: stderr
2024-04-24T16:48:48.822+0000 7f48f2340700 1 --2- 172.21.15.55:0/2021013442 >> [v2:172.21.15.55:3300/0,v1:172.21.15.55:6789/0] conn(0x7f48ec1028b0 0x7f48ec1115b0 unknown :-1 s=CLOSED pgs=21 cs=0 l=1 rev1=1 crypto rx=0 tx=0 comp rx=0 tx=0).stop
2024-04-24T16:48:49.523 INFO:teuthology.orchestra.run.smithi055.stdout:/usr/bin/ceph: stderr
2024-04-24T16:48:48.822+0000 7f48f2340700 1 -- 172.21.15.55:0/2021013442 >> 172.21.15.55:0/2021013442 conn(0x7f48ec0fdff0 msgr2=0x7f48ec0fea70 unknown :-1 s=STATE_NONE l=0).mark_down
2024-04-24T16:48:49.523 INFO:teuthology.orchestra.run.smithi055.stdout:/usr/bin/ceph: stderr
2024-04-24T16:48:48.822+0000 7f48f2340700 1 -- 172.21.15.55:0/2021013442 shutdown_connections
2024-04-24T16:48:49.524 INFO:teuthology.orchestra.run.smithi055.stdout:/usr/bin/ceph: stderr
2024-04-24T16:48:48.822+0000 7f48f2340700 1 -- 172.21.15.55:0/2021013442 wait complete.
2024-04-24T16:48:49.524 INFO:teuthology.orchestra.run.smithi055.stdout:Enabling cephadm module...
2024-04-24T16:48:50.493 INFO:journalctl@ceph.mon.smithi055.smithi055.stdout:Apr 24 16:48:50 smithi055 ceph-mon[26429]: from='client.? 172.21.15.55:0/2215792833' entity='client.admin' cmd=[{"prefix": "mgr module enable", "module": "cephadm"}]: dispatch
2024-04-24T16:48:50.847 INFO:teuthology.orchestra.run.smithi055.stdout:/usr/bin/ceph: stderr
2024-04-24T16:48:49.912+0000 7f1501c05700 1 Processor -- start
2024-04-24T16:48:50.847 INFO:teuthology.orchestra.run.smithi055.stdout:/usr/bin/ceph: stderr
2024-04-24T16:48:49.912+0000 7f1501c05700 1 -- start start
2024-04-24T16:48:50.847 INFO:teuthology.orchestra.run.smithi055.stdout:/usr/bin/ceph: stderr
2024-04-24T16:48:49.913+0000 7f1501c05700 1 --2- >> [v2:172.21.15.55:3300/0,v1:172.21.15.55:6789/0] conn(0x7f14fc0712d0 0x7f14fc105450 unknown :-1 s=NONE pgs=0 cs=0 l=0 rev1=0 crypto rx=0 tx=0 comp rx=0 tx=0).connect
2024-04-24T16:48:50.847 INFO:teuthology.orchestra.run.smithi055.stdout:/usr/bin/ceph: stderr
2024-04-24T16:48:49.913+0000 7f1501c05700 1 -- --> [v2:172.21.15.55:3300/0,v1:172.21.15.55:6789/0] -- mon_getmap magic: 0 v1 -- 0x7f14fc105990 con 0x7f14fc0712d0
2024-04-24T16:48:50.847 INFO:teuthology.orchestra.run.smithi055.stdout:/usr/bin/ceph: stderr
2024-04-24T16:48:49.913+0000 7f14fb7fe700 1 --2- >> [v2:172.21.15.55:3300/0,v1:172.21.15.55:6789/0] conn(0x7f14fc0712d0 0x7f14fc105450 unknown :-1 s=BANNER_CONNECTING pgs=0 cs=0 l=0 rev1=0 crypto rx=0 tx=0 comp rx=0 tx=0)._handle_peer_banner_payload supported=3 required=0
2024-04-24T16:48:50.847 INFO:teuthology.orchestra.run.smithi055.stdout:/usr/bin/ceph: stderr
2024-04-24T16:48:49.913+0000 7f14fb7fe700 1 --2- >> [v2:172.21.15.55:3300/0,v1:172.21.15.55:6789/0] conn(0x7f14fc0712d0 0x7f14fc105450 unknown :-1 s=HELLO_CONNECTING pgs=0 cs=0 l=0 rev1=1 crypto rx=0 tx=0 comp rx=0 tx=0).handle_hello peer v2:172.21.15.55:3300/0 says I am v2:172.21.15.55:50602/0 (socket says 172.21.15.55:50602)
2024-04-24T16:48:50.847 INFO:teuthology.orchestra.run.smithi055.stdout:/usr/bin/ceph: stderr
2024-04-24T16:48:49.913+0000 7f14fb7fe700 1 -- 172.21.15.55:0/46340928 learned_addr learned my addr 172.21.15.55:0/46340928 (peer_addr_for_me v2:172.21.15.55:0/0)
2024-04-24T16:48:50.847 INFO:teuthology.orchestra.run.smithi055.stdout:/usr/bin/ceph: stderr
2024-04-24T16:48:49.913+0000 7f14fb7fe700 1 -- 172.21.15.55:0/46340928 --> [v2:172.21.15.55:3300/0,v1:172.21.15.55:6789/0] -- mon_subscribe({config=0+,monmap=0+}) v3 -- 0x7f14fc105ad0 con 0x7f14fc0712d0
2024-04-24T16:48:50.848 INFO:teuthology.orchestra.run.smithi055.stdout:/usr/bin/ceph: stderr
2024-04-24T16:48:49.913+0000 7f14fb7fe700 1 --2- 172.21.15.55:0/46340928 >> [v2:172.21.15.55:3300/0,v1:172.21.15.55:6789/0] conn(0x7f14fc0712d0 0x7f14fc105450 secure :-1 s=READY pgs=22 cs=0 l=1 rev1=1 crypto rx=0x7f14ec0098e0 tx=0x7f14ec009250 comp rx=0 tx=0).ready entity=mon.0 client_cookie=a40a8d80d17a29b server_cookie=0 in_seq=0 out_seq=0
2024-04-24T16:48:50.848 INFO:teuthology.orchestra.run.smithi055.stdout:/usr/bin/ceph: stderr
2024-04-24T16:48:49.913+0000 7f14fa7fc700 1 -- 172.21.15.55:0/46340928 <== mon.0 v2:172.21.15.55:3300/0 1 ==== mon_map magic: 0 v1 ==== 229+0+0 (secure 0 0 0) 0x7f14ec00b860 con 0x7f14fc0712d0
2024-04-24T16:48:50.848 INFO:teuthology.orchestra.run.smithi055.stdout:/usr/bin/ceph: stderr
2024-04-24T16:48:49.913+0000 7f14fa7fc700 1 -- 172.21.15.55:0/46340928 <== mon.0 v2:172.21.15.55:3300/0 2 ==== config(27 keys) v1 ==== 1044+0+0 (secure 0 0 0) 0x7f14ec00be50 con 0x7f14fc0712d0
2024-04-24T16:48:50.848 INFO:teuthology.orchestra.run.smithi055.stdout:/usr/bin/ceph: stderr
2024-04-24T16:48:49.913+0000 7f14fa7fc700 1 -- 172.21.15.55:0/46340928 <== mon.0 v2:172.21.15.55:3300/0 3 ==== mon_map magic: 0 v1 ==== 229+0+0 (secure 0 0 0) 0x7f14ec010380 con 0x7f14fc0712d0
2024-04-24T16:48:50.848 INFO:teuthology.orchestra.run.smithi055.stdout:/usr/bin/ceph: stderr
2024-04-24T16:48:49.914+0000 7f1501c05700 1 -- 172.21.15.55:0/46340928 >> [v2:172.21.15.55:3300/0,v1:172.21.15.55:6789/0] conn(0x7f14fc0712d0 msgr2=0x7f14fc105450 secure :-1 s=STATE_CONNECTION_ESTABLISHED l=1).mark_down
2024-04-24T16:48:50.848 INFO:teuthology.orchestra.run.smithi055.stdout:/usr/bin/ceph: stderr
2024-04-24T16:48:49.914+0000 7f1501c05700 1 --2- 172.21.15.55:0/46340928 >> [v2:172.21.15.55:3300/0,v1:172.21.15.55:6789/0] conn(0x7f14fc0712d0 0x7f14fc105450 secure :-1 s=READY pgs=22 cs=0 l=1 rev1=1 crypto rx=0x7f14ec0098e0 tx=0x7f14ec009250 comp rx=0 tx=0).stop
2024-04-24T16:48:50.848 INFO:teuthology.orchestra.run.smithi055.stdout:/usr/bin/ceph: stderr
2024-04-24T16:48:49.914+0000 7f1501c05700 1 -- 172.21.15.55:0/46340928 shutdown_connections
2024-04-24T16:48:50.848 INFO:teuthology.orchestra.run.smithi055.stdout:/usr/bin/ceph: stderr
2024-04-24T16:48:49.914+0000 7f1501c05700 1 --2- 172.21.15.55:0/46340928 >> [v2:172.21.15.55:3300/0,v1:172.21.15.55:6789/0] conn(0x7f14fc0712d0 0x7f14fc105450 unknown :-1 s=CLOSED pgs=22 cs=0 l=1 rev1=1 crypto rx=0 tx=0 comp rx=0 tx=0).stop
2024-04-24T16:48:50.848 INFO:teuthology.orchestra.run.smithi055.stdout:/usr/bin/ceph: stderr
2024-04-24T16:48:49.914+0000 7f1501c05700 1 -- 172.21.15.55:0/46340928 >> 172.21.15.55:0/46340928 conn(0x7f14fc0fcec0 msgr2=0x7f14fc0ff2d0 unknown :-1 s=STATE_NONE l=0).mark_down
2024-04-24T16:48:50.848 INFO:teuthology.orchestra.run.smithi055.stdout:/usr/bin/ceph: stderr
2024-04-24T16:48:49.914+0000 7f1501c05700 1 -- 172.21.15.55:0/46340928 shutdown_connections
2024-04-24T16:48:50.848 INFO:teuthology.orchestra.run.smithi055.stdout:/usr/bin/ceph: stderr
2024-04-24T16:48:49.914+0000 7f1501c05700 1 -- 172.21.15.55:0/46340928 wait complete.
2024-04-24T16:48:50.848 INFO:teuthology.orchestra.run.smithi055.stdout:/usr/bin/ceph: stderr
2024-04-24T16:48:49.915+0000 7f1501c05700 1 Processor -- start
2024-04-24T16:48:50.848 INFO:teuthology.orchestra.run.smithi055.stdout:/usr/bin/ceph: stderr
2024-04-24T16:48:49.915+0000 7f1501c05700 1 -- start start
2024-04-24T16:48:50.848 INFO:teuthology.orchestra.run.smithi055.stdout:/usr/bin/ceph: stderr
2024-04-24T16:48:49.915+0000 7f1501c05700 1 --2- >> [v2:172.21.15.55:3300/0,v1:172.21.15.55:6789/0] conn(0x7f14fc0712d0 0x7f14fc1115a0 unknown :-1 s=NONE pgs=0 cs=0 l=1 rev1=0 crypto rx=0 tx=0 comp rx=0 tx=0).connect
2024-04-24T16:48:50.849 INFO:teuthology.orchestra.run.smithi055.stdout:/usr/bin/ceph: stderr
2024-04-24T16:48:49.915+0000 7f1501c05700 1 -- --> [v2:172.21.15.55:3300/0,v1:172.21.15.55:6789/0] -- mon_getmap magic: 0 v1 -- 0x7f14fc111ae0 con 0x7f14fc0712d0
2024-04-24T16:48:50.849 INFO:teuthology.orchestra.run.smithi055.stdout:/usr/bin/ceph: stderr
2024-04-24T16:48:49.915+0000 7f14fb7fe700 1 --2- >> [v2:172.21.15.55:3300/0,v1:172.21.15.55:6789/0] conn(0x7f14fc0712d0 0x7f14fc1115a0 unknown :-1 s=BANNER_CONNECTING pgs=0 cs=0 l=1 rev1=0 crypto rx=0 tx=0 comp rx=0 tx=0)._handle_peer_banner_payload supported=3 required=0
2024-04-24T16:48:50.849 INFO:teuthology.orchestra.run.smithi055.stdout:/usr/bin/ceph: stderr
2024-04-24T16:48:49.915+0000 7f14fb7fe700 1 --2- >> [v2:172.21.15.55:3300/0,v1:172.21.15.55:6789/0] conn(0x7f14fc0712d0 0x7f14fc1115a0 unknown :-1 s=HELLO_CONNECTING pgs=0 cs=0 l=1 rev1=1 crypto rx=0 tx=0 comp rx=0 tx=0).handle_hello peer v2:172.21.15.55:3300/0 says I am v2:172.21.15.55:50612/0 (socket says 172.21.15.55:50612)
2024-04-24T16:48:50.849 INFO:teuthology.orchestra.run.smithi055.stdout:/usr/bin/ceph: stderr
2024-04-24T16:48:49.915+0000 7f14fb7fe700 1 -- 172.21.15.55:0/2215792833 learned_addr learned my addr 172.21.15.55:0/2215792833 (peer_addr_for_me v2:172.21.15.55:0/0)
2024-04-24T16:48:50.849 INFO:teuthology.orchestra.run.smithi055.stdout:/usr/bin/ceph: stderr
2024-04-24T16:48:49.916+0000 7f14fb7fe700 1 -- 172.21.15.55:0/2215792833 --> [v2:172.21.15.55:3300/0,v1:172.21.15.55:6789/0] -- mon_subscribe({config=0+,monmap=0+}) v3 -- 0x7f14ec0094f0 con 0x7f14fc0712d0
2024-04-24T16:48:50.849 INFO:teuthology.orchestra.run.smithi055.stdout:/usr/bin/ceph: stderr
2024-04-24T16:48:49.916+0000 7f14fb7fe700 1 --2- 172.21.15.55:0/2215792833 >> [v2:172.21.15.55:3300/0,v1:172.21.15.55:6789/0] conn(0x7f14fc0712d0 0x7f14fc1115a0 secure :-1 s=READY pgs=23 cs=0 l=1 rev1=1 crypto rx=0x7f14ec006b00 tx=0x7f14ec009250 comp rx=0 tx=0).ready entity=mon.0 client_cookie=0 server_cookie=0 in_seq=0 out_seq=0
2024-04-24T16:48:50.849 INFO:teuthology.orchestra.run.smithi055.stdout:/usr/bin/ceph: stderr
2024-04-24T16:48:49.916+0000 7f14e3fff700 1 -- 172.21.15.55:0/2215792833 <== mon.0 v2:172.21.15.55:3300/0 1 ==== mon_map magic: 0 v1 ==== 229+0+0 (secure 0 0 0) 0x7f14ec0107c0 con 0x7f14fc0712d0
2024-04-24T16:48:50.849 INFO:teuthology.orchestra.run.smithi055.stdout:/usr/bin/ceph: stderr
2024-04-24T16:48:49.916+0000 7f14e3fff700 1 -- 172.21.15.55:0/2215792833 <== mon.0 v2:172.21.15.55:3300/0 2 ==== config(27 keys) v1 ==== 1044+0+0 (secure 0 0 0) 0x7f14ec010db0 con 0x7f14fc0712d0
2024-04-24T16:48:50.849 INFO:teuthology.orchestra.run.smithi055.stdout:/usr/bin/ceph: stderr
2024-04-24T16:48:49.916+0000 7f1501c05700 1 -- 172.21.15.55:0/2215792833 --> [v2:172.21.15.55:3300/0,v1:172.21.15.55:6789/0] -- mon_subscribe({mgrmap=0+}) v3 -- 0x7f14fc111ce0 con 0x7f14fc0712d0
2024-04-24T16:48:50.849 INFO:teuthology.orchestra.run.smithi055.stdout:/usr/bin/ceph: stderr
2024-04-24T16:48:49.916+0000 7f14e3fff700 1 -- 172.21.15.55:0/2215792833 <== mon.0 v2:172.21.15.55:3300/0 3 ==== mon_map magic: 0 v1 ==== 229+0+0 (secure 0 0 0) 0x7f14ec01acf0 con 0x7f14fc0712d0
2024-04-24T16:48:50.849 INFO:teuthology.orchestra.run.smithi055.stdout:/usr/bin/ceph: stderr
2024-04-24T16:48:49.916+0000 7f1501c05700 1 -- 172.21.15.55:0/2215792833 --> [v2:172.21.15.55:3300/0,v1:172.21.15.55:6789/0] -- mon_subscribe({osdmap=0}) v3 -- 0x7f14fc112850 con 0x7f14fc0712d0
2024-04-24T16:48:50.849 INFO:teuthology.orchestra.run.smithi055.stdout:/usr/bin/ceph: stderr
2024-04-24T16:48:49.917+0000 7f14e3fff700 1 -- 172.21.15.55:0/2215792833 <== mon.0 v2:172.21.15.55:3300/0 4 ==== mgrmap(e 4) v1 ==== 43365+0+0 (secure 0 0 0) 0x7f14ec0193c0 con 0x7f14fc0712d0
2024-04-24T16:48:50.849 INFO:teuthology.orchestra.run.smithi055.stdout:/usr/bin/ceph: stderr
2024-04-24T16:48:49.917+0000 7f1501c05700 1 -- 172.21.15.55:0/2215792833 --> [v2:172.21.15.55:3300/0,v1:172.21.15.55:6789/0] -- mon_command({"prefix": "get_command_descriptions"} v 0) v1 -- 0x7f14fc05f5c0 con 0x7f14fc0712d0
2024-04-24T16:48:50.849 INFO:teuthology.orchestra.run.smithi055.stdout:/usr/bin/ceph: stderr
2024-04-24T16:48:49.917+0000 7f14e3fff700 1 --2- 172.21.15.55:0/2215792833 >> [v2:172.21.15.55:6800/4119241460,v1:172.21.15.55:6801/4119241460] conn(0x7f14e4036850 0x7f14e4038d00 unknown :-1 s=NONE pgs=0 cs=0 l=1 rev1=0 crypto rx=0 tx=0 comp rx=0 tx=0).connect
2024-04-24T16:48:50.850 INFO:teuthology.orchestra.run.smithi055.stdout:/usr/bin/ceph: stderr
2024-04-24T16:48:49.917+0000 7f14e3fff700 1 -- 172.21.15.55:0/2215792833 <== mon.0 v2:172.21.15.55:3300/0 5 ==== osd_map(1..1 src has 1..1) v4 ==== 721+0+0 (secure 0 0 0) 0x7f14ec04a700 con 0x7f14fc0712d0
2024-04-24T16:48:50.850 INFO:teuthology.orchestra.run.smithi055.stdout:/usr/bin/ceph: stderr
2024-04-24T16:48:49.917+0000 7f14faffd700 1 --2- 172.21.15.55:0/2215792833 >> [v2:172.21.15.55:6800/4119241460,v1:172.21.15.55:6801/4119241460] conn(0x7f14e4036850 0x7f14e4038d00 unknown :-1 s=BANNER_CONNECTING pgs=0 cs=0 l=1 rev1=0 crypto rx=0 tx=0 comp rx=0 tx=0)._handle_peer_banner_payload supported=3 required=0
2024-04-24T16:48:50.850 INFO:teuthology.orchestra.run.smithi055.stdout:/usr/bin/ceph: stderr
2024-04-24T16:48:49.918+0000 7f14faffd700 1 --2- 172.21.15.55:0/2215792833 >> [v2:172.21.15.55:6800/4119241460,v1:172.21.15.55:6801/4119241460] conn(0x7f14e4036850 0x7f14e4038d00 secure :-1 s=READY pgs=8 cs=0 l=1 rev1=1 crypto rx=0x7f14f0009990 tx=0x7f14f0006e40 comp rx=0 tx=0).ready entity=mgr.14100 client_cookie=0 server_cookie=0 in_seq=0 out_seq=0
2024-04-24T16:48:50.850 INFO:teuthology.orchestra.run.smithi055.stdout:/usr/bin/ceph: stderr
2024-04-24T16:48:49.922+0000 7f14e3fff700 1 -- 172.21.15.55:0/2215792833 <== mon.0 v2:172.21.15.55:3300/0 6 ==== mon_command_ack([{"prefix": "get_command_descriptions"}]=0 v0) v1 ==== 72+0+176702 (secure 0 0 0) 0x7f14ec019670 con 0x7f14fc0712d0
2024-04-24T16:48:50.850 INFO:teuthology.orchestra.run.smithi055.stdout:/usr/bin/ceph: stderr
2024-04-24T16:48:50.170+0000 7f1501c05700 1 -- 172.21.15.55:0/2215792833 --> [v2:172.21.15.55:3300/0,v1:172.21.15.55:6789/0] -- mon_command({"prefix": "mgr module enable", "module": "cephadm"} v 0) v1 -- 0x7f14fc04bed0 con 0x7f14fc0712d0
2024-04-24T16:48:50.850 INFO:teuthology.orchestra.run.smithi055.stdout:/usr/bin/ceph: stderr
2024-04-24T16:48:50.225+0000 7f14e3fff700 1 -- 172.21.15.55:0/2215792833 <== mon.0 v2:172.21.15.55:3300/0 7 ==== mgrmap(e 5) v1 ==== 43376+0+0 (secure 0 0 0) 0x7f14ec02c400 con 0x7f14fc0712d0
2024-04-24T16:48:50.850 INFO:teuthology.orchestra.run.smithi055.stdout:/usr/bin/ceph: stderr
2024-04-24T16:48:50.226+0000 7f14e3fff700 1 -- 172.21.15.55:0/2215792833 <== mon.0 v2:172.21.15.55:3300/0 8 ==== mon_command_ack([{"prefix": "mgr module enable", "module": "cephadm"}]=0 v5) v1 ==== 86+0+0 (secure 0 0 0) 0x7f14ec023cc0 con 0x7f14fc0712d0
2024-04-24T16:48:50.850 INFO:teuthology.orchestra.run.smithi055.stdout:/usr/bin/ceph: stderr
2024-04-24T16:48:50.228+0000 7f1501c05700 1 -- 172.21.15.55:0/2215792833 >> [v2:172.21.15.55:6800/4119241460,v1:172.21.15.55:6801/4119241460] conn(0x7f14e4036850 msgr2=0x7f14e4038d00 secure :-1 s=STATE_CONNECTION_ESTABLISHED l=1).mark_down
2024-04-24T16:48:50.850 INFO:teuthology.orchestra.run.smithi055.stdout:/usr/bin/ceph: stderr
2024-04-24T16:48:50.228+0000 7f1501c05700 1 --2- 172.21.15.55:0/2215792833 >> [v2:172.21.15.55:6800/4119241460,v1:172.21.15.55:6801/4119241460] conn(0x7f14e4036850 0x7f14e4038d00 secure :-1 s=READY pgs=8 cs=0 l=1 rev1=1 crypto rx=0x7f14f0009990 tx=0x7f14f0006e40 comp rx=0 tx=0).stop
2024-04-24T16:48:50.850 INFO:teuthology.orchestra.run.smithi055.stdout:/usr/bin/ceph: stderr
2024-04-24T16:48:50.228+0000 7f1501c05700 1 -- 172.21.15.55:0/2215792833 >> [v2:172.21.15.55:3300/0,v1:172.21.15.55:6789/0] conn(0x7f14fc0712d0 msgr2=0x7f14fc1115a0 secure :-1 s=STATE_CONNECTION_ESTABLISHED l=1).mark_down
2024-04-24T16:48:50.850 INFO:teuthology.orchestra.run.smithi055.stdout:/usr/bin/ceph: stderr
2024-04-24T16:48:50.228+0000 7f1501c05700 1 --2- 172.21.15.55:0/2215792833 >> [v2:172.21.15.55:3300/0,v1:172.21.15.55:6789/0] conn(0x7f14fc0712d0 0x7f14fc1115a0 secure :-1 s=READY pgs=23 cs=0 l=1 rev1=1 crypto rx=0x7f14ec006b00 tx=0x7f14ec009250 comp rx=0 tx=0).stop
2024-04-24T16:48:50.850 INFO:teuthology.orchestra.run.smithi055.stdout:/usr/bin/ceph: stderr
2024-04-24T16:48:50.228+0000 7f1501c05700 1 -- 172.21.15.55:0/2215792833 shutdown_connections
2024-04-24T16:48:50.850 INFO:teuthology.orchestra.run.smithi055.stdout:/usr/bin/ceph: stderr
2024-04-24T16:48:50.228+0000 7f1501c05700 1 --2- 172.21.15.55:0/2215792833 >> [v2:172.21.15.55:6800/4119241460,v1:172.21.15.55:6801/4119241460] conn(0x7f14e4036850 0x7f14e4038d00 unknown :-1 s=CLOSED pgs=8 cs=0 l=1 rev1=1 crypto rx=0 tx=0 comp rx=0 tx=0).stop
2024-04-24T16:48:50.851 INFO:teuthology.orchestra.run.smithi055.stdout:/usr/bin/ceph: stderr
2024-04-24T16:48:50.228+0000 7f1501c05700 1 --2- 172.21.15.55:0/2215792833 >> [v2:172.21.15.55:3300/0,v1:172.21.15.55:6789/0] conn(0x7f14fc0712d0 0x7f14fc1115a0 unknown :-1 s=CLOSED pgs=23 cs=0 l=1 rev1=1 crypto rx=0 tx=0 comp rx=0 tx=0).stop
2024-04-24T16:48:50.851 INFO:teuthology.orchestra.run.smithi055.stdout:/usr/bin/ceph: stderr
2024-04-24T16:48:50.228+0000 7f1501c05700 1 -- 172.21.15.55:0/2215792833 >> 172.21.15.55:0/2215792833 conn(0x7f14fc0fcec0 msgr2=0x7f14fc0fd9c0 unknown :-1 s=STATE_NONE l=0).mark_down
2024-04-24T16:48:50.851 INFO:teuthology.orchestra.run.smithi055.stdout:/usr/bin/ceph: stderr
2024-04-24T16:48:50.228+0000 7f1501c05700 1 -- 172.21.15.55:0/2215792833 shutdown_connections
2024-04-24T16:48:50.851 INFO:teuthology.orchestra.run.smithi055.stdout:/usr/bin/ceph: stderr
2024-04-24T16:48:50.228+0000 7f1501c05700 1 -- 172.21.15.55:0/2215792833 wait complete.
2024-04-24T16:48:51.480 INFO:journalctl@ceph.mon.smithi055.smithi055.stdout:Apr 24 16:48:51 smithi055 ceph-mon[26429]: from='client.? 172.21.15.55:0/2215792833' entity='client.admin' cmd='[{"prefix": "mgr module enable", "module": "cephadm"}]': finished
2024-04-24T16:48:51.481 INFO:journalctl@ceph.mon.smithi055.smithi055.stdout:Apr 24 16:48:51 smithi055 ceph-mon[26429]: mgrmap e5: smithi055.ihoiaa(active, since 6s)
2024-04-24T16:48:52.112 INFO:teuthology.orchestra.run.smithi055.stdout:/usr/bin/ceph: stdout {
2024-04-24T16:48:52.113 INFO:teuthology.orchestra.run.smithi055.stdout:/usr/bin/ceph: stdout "epoch": 5,
2024-04-24T16:48:52.113 INFO:teuthology.orchestra.run.smithi055.stdout:/usr/bin/ceph: stdout "available": true,
2024-04-24T16:48:52.113 INFO:teuthology.orchestra.run.smithi055.stdout:/usr/bin/ceph: stdout "active_name": "smithi055.ihoiaa",
2024-04-24T16:48:52.113 INFO:teuthology.orchestra.run.smithi055.stdout:/usr/bin/ceph: stdout "num_standby": 0
2024-04-24T16:48:52.113 INFO:teuthology.orchestra.run.smithi055.stdout:/usr/bin/ceph: stdout }
2024-04-24T16:48:52.113 INFO:teuthology.orchestra.run.smithi055.stdout:/usr/bin/ceph: stderr
2024-04-24T16:48:51.274+0000 7fdf73f2b700 1 Processor -- start
2024-04-24T16:48:52.113 INFO:teuthology.orchestra.run.smithi055.stdout:/usr/bin/ceph: stderr
2024-04-24T16:48:51.275+0000 7fdf73f2b700 1 -- start start
2024-04-24T16:48:52.113 INFO:teuthology.orchestra.run.smithi055.stdout:/usr/bin/ceph: stderr
2024-04-24T16:48:51.275+0000 7fdf73f2b700 1 --2- >> [v2:172.21.15.55:3300/0,v1:172.21.15.55:6789/0] conn(0x7fdf6c0712d0 0x7fdf6c105450 unknown :-1 s=NONE pgs=0 cs=0 l=0 rev1=0 crypto rx=0 tx=0 comp rx=0 tx=0).connect
2024-04-24T16:48:52.113 INFO:teuthology.orchestra.run.smithi055.stdout:/usr/bin/ceph: stderr
2024-04-24T16:48:51.275+0000 7fdf73f2b700 1 -- --> [v2:172.21.15.55:3300/0,v1:172.21.15.55:6789/0] -- mon_getmap magic: 0 v1 -- 0x7fdf6c105990 con 0x7fdf6c0712d0
2024-04-24T16:48:52.113 INFO:teuthology.orchestra.run.smithi055.stdout:/usr/bin/ceph: stderr
2024-04-24T16:48:51.275+0000 7fdf71cc7700 1 --2- >> [v2:172.21.15.55:3300/0,v1:172.21.15.55:6789/0] conn(0x7fdf6c0712d0 0x7fdf6c105450 unknown :-1 s=BANNER_CONNECTING pgs=0 cs=0 l=0 rev1=0 crypto rx=0 tx=0 comp rx=0 tx=0)._handle_peer_banner_payload supported=3 required=0
2024-04-24T16:48:52.113 INFO:teuthology.orchestra.run.smithi055.stdout:/usr/bin/ceph: stderr
2024-04-24T16:48:51.275+0000 7fdf71cc7700 1 --2- >> [v2:172.21.15.55:3300/0,v1:172.21.15.55:6789/0] conn(0x7fdf6c0712d0 0x7fdf6c105450 unknown :-1 s=HELLO_CONNECTING pgs=0 cs=0 l=0 rev1=1 crypto rx=0 tx=0 comp rx=0 tx=0).handle_hello peer v2:172.21.15.55:3300/0 says I am v2:172.21.15.55:50640/0 (socket says 172.21.15.55:50640)
2024-04-24T16:48:52.113 INFO:teuthology.orchestra.run.smithi055.stdout:/usr/bin/ceph: stderr
2024-04-24T16:48:51.275+0000 7fdf71cc7700 1 -- 172.21.15.55:0/2361183228 learned_addr learned my addr 172.21.15.55:0/2361183228 (peer_addr_for_me v2:172.21.15.55:0/0)
2024-04-24T16:48:52.113 INFO:teuthology.orchestra.run.smithi055.stdout:/usr/bin/ceph: stderr
2024-04-24T16:48:51.275+0000 7fdf71cc7700 1 -- 172.21.15.55:0/2361183228 --> [v2:172.21.15.55:3300/0,v1:172.21.15.55:6789/0] -- mon_subscribe({config=0+,monmap=0+}) v3 -- 0x7fdf6c105ad0 con 0x7fdf6c0712d0
2024-04-24T16:48:52.113 INFO:teuthology.orchestra.run.smithi055.stdout:/usr/bin/ceph: stderr
2024-04-24T16:48:51.275+0000 7fdf71cc7700 1 --2- 172.21.15.55:0/2361183228 >> [v2:172.21.15.55:3300/0,v1:172.21.15.55:6789/0] conn(0x7fdf6c0712d0 0x7fdf6c105450 secure :-1 s=READY pgs=26 cs=0 l=1 rev1=1 crypto rx=0x7fdf680098e0 tx=0x7fdf68009250 comp rx=0 tx=0).ready entity=mon.0 client_cookie=f4070601221e0bbc server_cookie=0 in_seq=0 out_seq=0
2024-04-24T16:48:52.113 INFO:teuthology.orchestra.run.smithi055.stdout:/usr/bin/ceph: stderr
2024-04-24T16:48:51.276+0000 7fdf70cc5700 1 -- 172.21.15.55:0/2361183228 <== mon.0 v2:172.21.15.55:3300/0 1 ==== mon_map magic: 0 v1 ==== 229+0+0 (secure 0 0 0) 0x7fdf6800b860 con 0x7fdf6c0712d0
2024-04-24T16:48:52.114 INFO:teuthology.orchestra.run.smithi055.stdout:/usr/bin/ceph: stderr
2024-04-24T16:48:51.276+0000 7fdf70cc5700 1 -- 172.21.15.55:0/2361183228 <== mon.0 v2:172.21.15.55:3300/0 2 ==== config(27 keys) v1 ==== 1044+0+0 (secure 0 0 0) 0x7fdf6800be50 con 0x7fdf6c0712d0
2024-04-24T16:48:52.114 INFO:teuthology.orchestra.run.smithi055.stdout:/usr/bin/ceph: stderr
2024-04-24T16:48:51.276+0000 7fdf70cc5700 1 -- 172.21.15.55:0/2361183228 <== mon.0 v2:172.21.15.55:3300/0 3 ==== mon_map magic: 0 v1 ==== 229+0+0 (secure 0 0 0) 0x7fdf68010380 con 0x7fdf6c0712d0
2024-04-24T16:48:52.114 INFO:teuthology.orchestra.run.smithi055.stdout:/usr/bin/ceph: stderr
2024-04-24T16:48:51.276+0000 7fdf73f2b700 1 -- 172.21.15.55:0/2361183228 >> [v2:172.21.15.55:3300/0,v1:172.21.15.55:6789/0] conn(0x7fdf6c0712d0 msgr2=0x7fdf6c105450 secure :-1 s=STATE_CONNECTION_ESTABLISHED l=1).mark_down
2024-04-24T16:48:52.114 INFO:teuthology.orchestra.run.smithi055.stdout:/usr/bin/ceph: stderr
2024-04-24T16:48:51.276+0000 7fdf73f2b700 1 --2- 172.21.15.55:0/2361183228 >> [v2:172.21.15.55:3300/0,v1:172.21.15.55:6789/0] conn(0x7fdf6c0712d0 0x7fdf6c105450 secure :-1 s=READY pgs=26 cs=0 l=1 rev1=1 crypto rx=0x7fdf680098e0 tx=0x7fdf68009250 comp rx=0 tx=0).stop
2024-04-24T16:48:52.114 INFO:teuthology.orchestra.run.smithi055.stdout:/usr/bin/ceph: stderr
2024-04-24T16:48:51.276+0000 7fdf73f2b700 1 -- 172.21.15.55:0/2361183228 shutdown_connections
2024-04-24T16:48:52.114 INFO:teuthology.orchestra.run.smithi055.stdout:/usr/bin/ceph: stderr
2024-04-24T16:48:51.276+0000 7fdf73f2b700 1 --2- 172.21.15.55:0/2361183228 >> [v2:172.21.15.55:3300/0,v1:172.21.15.55:6789/0] conn(0x7fdf6c0712d0 0x7fdf6c105450 unknown :-1 s=CLOSED pgs=26 cs=0 l=1 rev1=1 crypto rx=0 tx=0 comp rx=0 tx=0).stop
2024-04-24T16:48:52.114 INFO:teuthology.orchestra.run.smithi055.stdout:/usr/bin/ceph: stderr
2024-04-24T16:48:51.276+0000 7fdf73f2b700 1 -- 172.21.15.55:0/2361183228 >> 172.21.15.55:0/2361183228 conn(0x7fdf6c0fcec0 msgr2=0x7fdf6c0ff2d0 unknown :-1 s=STATE_NONE l=0).mark_down
2024-04-24T16:48:52.114 INFO:teuthology.orchestra.run.smithi055.stdout:/usr/bin/ceph: stderr
2024-04-24T16:48:51.276+0000 7fdf73f2b700 1 -- 172.21.15.55:0/2361183228 shutdown_connections
2024-04-24T16:48:52.114 INFO:teuthology.orchestra.run.smithi055.stdout:/usr/bin/ceph: stderr
2024-04-24T16:48:51.276+0000 7fdf73f2b700 1 -- 172.21.15.55:0/2361183228 wait complete.
