2024-04-24T17:06:23.752 INFO:teuthology.orchestra.run.smithi076.stdout:/usr/bin/ceph: stderr
2024-04-24T17:06:22.807+0000 7fb087bfa700 1 --2- 172.21.15.76:0/1940884000 >> [v2:172.21.15.76:3300/0,v1:172.21.15.76:6789/0] conn(0x7fb080077b70 0x7fb080076120 secure :-1 s=READY pgs=82 cs=0 l=1 rev1=1 crypto rx=0x7fb07c0098e0 tx=0x7fb07c009250 comp rx=0 tx=0).stop
2024-04-24T17:06:23.753 INFO:teuthology.orchestra.run.smithi076.stdout:/usr/bin/ceph: stderr
2024-04-24T17:06:22.807+0000 7fb087bfa700 1 -- 172.21.15.76:0/1940884000 shutdown_connections
2024-04-24T17:06:23.753 INFO:teuthology.orchestra.run.smithi076.stdout:/usr/bin/ceph: stderr
2024-04-24T17:06:22.807+0000 7fb087bfa700 1 --2- 172.21.15.76:0/1940884000 >> [v2:172.21.15.76:3300/0,v1:172.21.15.76:6789/0] conn(0x7fb080077b70 0x7fb080076120 unknown :-1 s=CLOSED pgs=82 cs=0 l=1 rev1=1 crypto rx=0 tx=0 comp rx=0 tx=0).stop
2024-04-24T17:06:23.753 INFO:teuthology.orchestra.run.smithi076.stdout:/usr/bin/ceph: stderr
2024-04-24T17:06:22.807+0000 7fb087bfa700 1 -- 172.21.15.76:0/1940884000 >> 172.21.15.76:0/1940884000 conn(0x7fb0800fdf90 msgr2=0x7fb080100400 unknown :-1 s=STATE_NONE l=0).mark_down
2024-04-24T17:06:23.753 INFO:teuthology.orchestra.run.smithi076.stdout:/usr/bin/ceph: stderr
2024-04-24T17:06:22.807+0000 7fb087bfa700 1 -- 172.21.15.76:0/1940884000 shutdown_connections
2024-04-24T17:06:23.753 INFO:teuthology.orchestra.run.smithi076.stdout:/usr/bin/ceph: stderr
2024-04-24T17:06:22.807+0000 7fb087bfa700 1 -- 172.21.15.76:0/1940884000 wait complete.
2024-04-24T17:06:23.753 INFO:teuthology.orchestra.run.smithi076.stdout:/usr/bin/ceph: stderr
2024-04-24T17:06:22.808+0000 7fb087bfa700 1 Processor -- start
2024-04-24T17:06:23.753 INFO:teuthology.orchestra.run.smithi076.stdout:/usr/bin/ceph: stderr
2024-04-24T17:06:22.808+0000 7fb087bfa700 1 -- start start
2024-04-24T17:06:23.753 INFO:teuthology.orchestra.run.smithi076.stdout:/usr/bin/ceph: stderr
2024-04-24T17:06:22.808+0000 7fb087bfa700 1 --2- >> [v2:172.21.15.76:3300/0,v1:172.21.15.76:6789/0] conn(0x7fb080077b70 0x7fb080113830 unknown :-1 s=NONE pgs=0 cs=0 l=1 rev1=0 crypto rx=0 tx=0 comp rx=0 tx=0).connect
2024-04-24T17:06:23.753 INFO:teuthology.orchestra.run.smithi076.stdout:/usr/bin/ceph: stderr
2024-04-24T17:06:22.808+0000 7fb087bfa700 1 -- --> [v2:172.21.15.76:3300/0,v1:172.21.15.76:6789/0] -- mon_getmap magic: 0 v1 -- 0x7fb080113d70 con 0x7fb080077b70
2024-04-24T17:06:23.753 INFO:teuthology.orchestra.run.smithi076.stdout:/usr/bin/ceph: stderr
2024-04-24T17:06:22.808+0000 7fb085996700 1 --2- >> [v2:172.21.15.76:3300/0,v1:172.21.15.76:6789/0] conn(0x7fb080077b70 0x7fb080113830 unknown :-1 s=BANNER_CONNECTING pgs=0 cs=0 l=1 rev1=0 crypto rx=0 tx=0 comp rx=0 tx=0)._handle_peer_banner_payload supported=3 required=0
2024-04-24T17:06:23.753 INFO:teuthology.orchestra.run.smithi076.stdout:/usr/bin/ceph: stderr
2024-04-24T17:06:22.808+0000 7fb085996700 1 --2- >> [v2:172.21.15.76:3300/0,v1:172.21.15.76:6789/0] conn(0x7fb080077b70 0x7fb080113830 unknown :-1 s=HELLO_CONNECTING pgs=0 cs=0 l=1 rev1=1 crypto rx=0 tx=0 comp rx=0 tx=0).handle_hello peer v2:172.21.15.76:3300/0 says I am v2:172.21.15.76:53844/0 (socket says 172.21.15.76:53844)
2024-04-24T17:06:23.753 INFO:teuthology.orchestra.run.smithi076.stdout:/usr/bin/ceph: stderr
2024-04-24T17:06:22.808+0000 7fb085996700 1 -- 172.21.15.76:0/3976122522 learned_addr learned my addr 172.21.15.76:0/3976122522 (peer_addr_for_me v2:172.21.15.76:0/0)
2024-04-24T17:06:23.753 INFO:teuthology.orchestra.run.smithi076.stdout:/usr/bin/ceph: stderr
2024-04-24T17:06:22.808+0000 7fb085996700 1 -- 172.21.15.76:0/3976122522 --> [v2:172.21.15.76:3300/0,v1:172.21.15.76:6789/0] -- mon_subscribe({config=0+,monmap=0+}) v3 -- 0x7fb07c0094f0 con 0x7fb080077b70
2024-04-24T17:06:23.753 INFO:teuthology.orchestra.run.smithi076.stdout:/usr/bin/ceph: stderr
2024-04-24T17:06:22.808+0000 7fb085996700 1 --2- 172.21.15.76:0/3976122522 >> [v2:172.21.15.76:3300/0,v1:172.21.15.76:6789/0] conn(0x7fb080077b70 0x7fb080113830 secure :-1 s=READY pgs=83 cs=0 l=1 rev1=1 crypto rx=0x7fb07c006d40 tx=0x7fb07c009250 comp rx=0 tx=0).ready entity=mon.0 client_cookie=0 server_cookie=0 in_seq=0 out_seq=0
2024-04-24T17:06:23.754 INFO:teuthology.orchestra.run.smithi076.stdout:/usr/bin/ceph: stderr
2024-04-24T17:06:22.808+0000 7fb0767fc700 1 -- 172.21.15.76:0/3976122522 <== mon.0 v2:172.21.15.76:3300/0 1 ==== mon_map magic: 0 v1 ==== 229+0+0 (secure 0 0 0) 0x7fb07c010840 con 0x7fb080077b70
2024-04-24T17:06:23.754 INFO:teuthology.orchestra.run.smithi076.stdout:/usr/bin/ceph: stderr
2024-04-24T17:06:22.808+0000 7fb0767fc700 1 -- 172.21.15.76:0/3976122522 <== mon.0 v2:172.21.15.76:3300/0 2 ==== config(27 keys) v1 ==== 1109+0+0 (secure 0 0 0) 0x7fb07c010e70 con 0x7fb080077b70
2024-04-24T17:06:23.754 INFO:teuthology.orchestra.run.smithi076.stdout:/usr/bin/ceph: stderr
2024-04-24T17:06:22.808+0000 7fb087bfa700 1 -- 172.21.15.76:0/3976122522 --> [v2:172.21.15.76:3300/0,v1:172.21.15.76:6789/0] -- mon_subscribe({mgrmap=0+}) v3 -- 0x7fb080113f70 con 0x7fb080077b70
2024-04-24T17:06:23.754 INFO:teuthology.orchestra.run.smithi076.stdout:/usr/bin/ceph: stderr
2024-04-24T17:06:22.808+0000 7fb0767fc700 1 -- 172.21.15.76:0/3976122522 <== mon.0 v2:172.21.15.76:3300/0 3 ==== mon_map magic: 0 v1 ==== 229+0+0 (secure 0 0 0) 0x7fb07c024ea0 con 0x7fb080077b70
2024-04-24T17:06:23.754 INFO:teuthology.orchestra.run.smithi076.stdout:/usr/bin/ceph: stderr
2024-04-24T17:06:22.808+0000 7fb087bfa700 1 -- 172.21.15.76:0/3976122522 --> [v2:172.21.15.76:3300/0,v1:172.21.15.76:6789/0] -- mon_subscribe({osdmap=0}) v3 -- 0x7fb080114ae0 con 0x7fb080077b70
2024-04-24T17:06:23.754 INFO:teuthology.orchestra.run.smithi076.stdout:/usr/bin/ceph: stderr
2024-04-24T17:06:22.809+0000 7fb0767fc700 1 -- 172.21.15.76:0/3976122522 <== mon.0 v2:172.21.15.76:3300/0 4 ==== mgrmap(e 12) v1 ==== 43389+0+0 (secure 0 0 0) 0x7fb07c0109a0 con 0x7fb080077b70
2024-04-24T17:06:23.754 INFO:teuthology.orchestra.run.smithi076.stdout:/usr/bin/ceph: stderr
2024-04-24T17:06:22.810+0000 7fb087bfa700 1 -- 172.21.15.76:0/3976122522 --> [v2:172.21.15.76:3300/0,v1:172.21.15.76:6789/0] -- mon_command({"prefix": "get_command_descriptions"} v 0) v1 -- 0x7fb08005f5c0 con 0x7fb080077b70
2024-04-24T17:06:23.754 INFO:teuthology.orchestra.run.smithi076.stdout:/usr/bin/ceph: stderr
2024-04-24T17:06:22.810+0000 7fb0767fc700 1 --2- 172.21.15.76:0/3976122522 >> [v2:172.21.15.76:6800/1300599988,v1:172.21.15.76:6801/1300599988] conn(0x7fb06c0368a0 0x7fb06c038d50 unknown :-1 s=NONE pgs=0 cs=0 l=1 rev1=0 crypto rx=0 tx=0 comp rx=0 tx=0).connect
2024-04-24T17:06:23.754 INFO:teuthology.orchestra.run.smithi076.stdout:/usr/bin/ceph: stderr
2024-04-24T17:06:22.810+0000 7fb0767fc700 1 -- 172.21.15.76:0/3976122522 <== mon.0 v2:172.21.15.76:3300/0 5 ==== osd_map(3..3 src has 1..3) v4 ==== 1151+0+0 (secure 0 0 0) 0x7fb07c04a7d0 con 0x7fb080077b70
2024-04-24T17:06:23.754 INFO:teuthology.orchestra.run.smithi076.stdout:/usr/bin/ceph: stderr
2024-04-24T17:06:22.810+0000 7fb085195700 1 --2- 172.21.15.76:0/3976122522 >> [v2:172.21.15.76:6800/1300599988,v1:172.21.15.76:6801/1300599988] conn(0x7fb06c0368a0 0x7fb06c038d50 unknown :-1 s=BANNER_CONNECTING pgs=0 cs=0 l=1 rev1=0 crypto rx=0 tx=0 comp rx=0 tx=0)._handle_peer_banner_payload supported=3 required=0
2024-04-24T17:06:23.754 INFO:teuthology.orchestra.run.smithi076.stdout:/usr/bin/ceph: stderr
2024-04-24T17:06:22.810+0000 7fb085195700 1 --2- 172.21.15.76:0/3976122522 >> [v2:172.21.15.76:6800/1300599988,v1:172.21.15.76:6801/1300599988] conn(0x7fb06c0368a0 0x7fb06c038d50 secure :-1 s=READY pgs=8 cs=0 l=1 rev1=1 crypto rx=0x7fb070009990 tx=0x7fb070006e40 comp rx=0 tx=0).ready entity=mgr.14162 client_cookie=0 server_cookie=0 in_seq=0 out_seq=0
2024-04-24T17:06:23.754 INFO:teuthology.orchestra.run.smithi076.stdout:/usr/bin/ceph: stderr
2024-04-24T17:06:22.814+0000 7fb0767fc700 1 -- 172.21.15.76:0/3976122522 <== mon.0 v2:172.21.15.76:3300/0 6 ==== mon_command_ack([{"prefix": "get_command_descriptions"}]=0 v0) v1 ==== 72+0+176702 (secure 0 0 0) 0x7fb07c02c6c0 con 0x7fb080077b70
2024-04-24T17:06:23.754 INFO:teuthology.orchestra.run.smithi076.stdout:/usr/bin/ceph: stderr
2024-04-24T17:06:23.025+0000 7fb087bfa700 1 -- 172.21.15.76:0/3976122522 --> [v2:172.21.15.76:6800/1300599988,v1:172.21.15.76:6801/1300599988] -- mgr_command(tid 0: {"prefix": "dashboard ac-user-create", "username": "admin", "rolename": "administrator", "force_password": true, "pwd_update_required": true, "target": ["mon-mgr", ""]}) v1 -- 0x7fb08005f3b0 con 0x7fb06c0368a0
2024-04-24T17:06:23.754 INFO:teuthology.orchestra.run.smithi076.stdout:/usr/bin/ceph: stderr
2024-04-24T17:06:23.246+0000 7fb0767fc700 1 -- 172.21.15.76:0/3976122522 <== mgr.14162 v2:172.21.15.76:6800/1300599988 1 ==== mgr_command_reply(tid 0: 0 ) v1 ==== 8+0+252 (secure 0 0 0) 0x7fb08005f3b0 con 0x7fb06c0368a0
2024-04-24T17:06:23.755 INFO:teuthology.orchestra.run.smithi076.stdout:/usr/bin/ceph: stderr
2024-04-24T17:06:23.248+0000 7fb087bfa700 1 -- 172.21.15.76:0/3976122522 >> [v2:172.21.15.76:6800/1300599988,v1:172.21.15.76:6801/1300599988] conn(0x7fb06c0368a0 msgr2=0x7fb06c038d50 secure :-1 s=STATE_CONNECTION_ESTABLISHED l=1).mark_down
2024-04-24T17:06:23.755 INFO:teuthology.orchestra.run.smithi076.stdout:/usr/bin/ceph: stderr
2024-04-24T17:06:23.248+0000 7fb087bfa700 1 --2- 172.21.15.76:0/3976122522 >> [v2:172.21.15.76:6800/1300599988,v1:172.21.15.76:6801/1300599988] conn(0x7fb06c0368a0 0x7fb06c038d50 secure :-1 s=READY pgs=8 cs=0 l=1 rev1=1 crypto rx=0x7fb070009990 tx=0x7fb070006e40 comp rx=0 tx=0).stop
2024-04-24T17:06:23.755 INFO:teuthology.orchestra.run.smithi076.stdout:/usr/bin/ceph: stderr
2024-04-24T17:06:23.248+0000 7fb087bfa700 1 -- 172.21.15.76:0/3976122522 >> [v2:172.21.15.76:3300/0,v1:172.21.15.76:6789/0] conn(0x7fb080077b70 msgr2=0x7fb080113830 secure :-1 s=STATE_CONNECTION_ESTABLISHED l=1).mark_down
2024-04-24T17:06:23.755 INFO:teuthology.orchestra.run.smithi076.stdout:/usr/bin/ceph: stderr
2024-04-24T17:06:23.248+0000 7fb087bfa700 1 --2- 172.21.15.76:0/3976122522 >> [v2:172.21.15.76:3300/0,v1:172.21.15.76:6789/0] conn(0x7fb080077b70 0x7fb080113830 secure :-1 s=READY pgs=83 cs=0 l=1 rev1=1 crypto rx=0x7fb07c006d40 tx=0x7fb07c009250 comp rx=0 tx=0).stop
2024-04-24T17:06:23.755 INFO:teuthology.orchestra.run.smithi076.stdout:/usr/bin/ceph: stderr
2024-04-24T17:06:23.248+0000 7fb087bfa700 1 -- 172.21.15.76:0/3976122522 shutdown_connections
2024-04-24T17:06:23.755 INFO:teuthology.orchestra.run.smithi076.stdout:/usr/bin/ceph: stderr
2024-04-24T17:06:23.248+0000 7fb087bfa700 1 --2- 172.21.15.76:0/3976122522 >> [v2:172.21.15.76:6800/1300599988,v1:172.21.15.76:6801/1300599988] conn(0x7fb06c0368a0 0x7fb06c038d50 unknown :-1 s=CLOSED pgs=8 cs=0 l=1 rev1=1 crypto rx=0 tx=0 comp rx=0 tx=0).stop
2024-04-24T17:06:23.755 INFO:teuthology.orchestra.run.smithi076.stdout:/usr/bin/ceph: stderr
2024-04-24T17:06:23.248+0000 7fb087bfa700 1 --2- 172.21.15.76:0/3976122522 >> [v2:172.21.15.76:3300/0,v1:172.21.15.76:6789/0] conn(0x7fb080077b70 0x7fb080113830 unknown :-1 s=CLOSED pgs=83 cs=0 l=1 rev1=1 crypto rx=0 tx=0 comp rx=0 tx=0).stop
2024-04-24T17:06:23.755 INFO:teuthology.orchestra.run.smithi076.stdout:/usr/bin/ceph: stderr
2024-04-24T17:06:23.248+0000 7fb087bfa700 1 -- 172.21.15.76:0/3976122522 >> 172.21.15.76:0/3976122522 conn(0x7fb0800fdf90 msgr2=0x7fb0800feab0 unknown :-1 s=STATE_NONE l=0).mark_down
2024-04-24T17:06:23.755 INFO:teuthology.orchestra.run.smithi076.stdout:/usr/bin/ceph: stderr
2024-04-24T17:06:23.248+0000 7fb087bfa700 1 -- 172.21.15.76:0/3976122522 shutdown_connections
2024-04-24T17:06:23.755 INFO:teuthology.orchestra.run.smithi076.stdout:/usr/bin/ceph: stderr
2024-04-24T17:06:23.248+0000 7fb087bfa700 1 -- 172.21.15.76:0/3976122522 wait complete.
2024-04-24T17:06:23.755 INFO:teuthology.orchestra.run.smithi076.stdout:Fetching dashboard port number...
2024-04-24T17:06:24.492 INFO:journalctl@ceph.mon.smithi076.smithi076.stdout:Apr 24 17:06:24 smithi076 ceph-mon[26364]: from='client.14176 -' entity='client.admin' cmd=[{"prefix": "dashboard ac-user-create", "username": "admin", "rolename": "administrator", "force_password": true, "pwd_update_required": true, "target": ["mon-mgr", ""]}]: dispatch
2024-04-24T17:06:24.493 INFO:journalctl@ceph.mon.smithi076.smithi076.stdout:Apr 24 17:06:24 smithi076 ceph-mon[26364]: from='mgr.14162 172.21.15.76:0/3336109982' entity='mgr.smithi076.ygcttk'
2024-04-24T17:06:24.991 INFO:teuthology.orchestra.run.smithi076.stdout:/usr/bin/ceph: stdout 8443
2024-04-24T17:06:24.991 INFO:teuthology.orchestra.run.smithi076.stdout:/usr/bin/ceph: stderr
2024-04-24T17:06:24.168+0000 7f77b0cae700 1 Processor -- start
2024-04-24T17:06:24.991 INFO:teuthology.orchestra.run.smithi076.stdout:/usr/bin/ceph: stderr
2024-04-24T17:06:24.168+0000 7f77b0cae700 1 -- start start
2024-04-24T17:06:24.991 INFO:teuthology.orchestra.run.smithi076.stdout:/usr/bin/ceph: stderr
2024-04-24T17:06:24.168+0000 7f77b0cae700 1 --2- >> [v2:172.21.15.76:3300/0,v1:172.21.15.76:6789/0] conn(0x7f77ac102880 0x7f77ac102c90 unknown :-1 s=NONE pgs=0 cs=0 l=0 rev1=0 crypto rx=0 tx=0 comp rx=0 tx=0).connect
2024-04-24T17:06:24.991 INFO:teuthology.orchestra.run.smithi076.stdout:/usr/bin/ceph: stderr
2024-04-24T17:06:24.168+0000 7f77b0cae700 1 -- --> [v2:172.21.15.76:3300/0,v1:172.21.15.76:6789/0] -- mon_getmap magic: 0 v1 -- 0x7f77ac1031d0 con 0x7f77ac102880
2024-04-24T17:06:24.991 INFO:teuthology.orchestra.run.smithi076.stdout:/usr/bin/ceph: stderr
2024-04-24T17:06:24.168+0000 7f77aa59c700 1 --2- >> [v2:172.21.15.76:3300/0,v1:172.21.15.76:6789/0] conn(0x7f77ac102880 0x7f77ac102c90 unknown :-1 s=BANNER_CONNECTING pgs=0 cs=0 l=0 rev1=0 crypto rx=0 tx=0 comp rx=0 tx=0)._handle_peer_banner_payload supported=3 required=0
2024-04-24T17:06:24.991 INFO:teuthology.orchestra.run.smithi076.stdout:/usr/bin/ceph: stderr
2024-04-24T17:06:24.168+0000 7f77aa59c700 1 --2- >> [v2:172.21.15.76:3300/0,v1:172.21.15.76:6789/0] conn(0x7f77ac102880 0x7f77ac102c90 unknown :-1 s=HELLO_CONNECTING pgs=0 cs=0 l=0 rev1=1 crypto rx=0 tx=0 comp rx=0 tx=0).handle_hello peer v2:172.21.15.76:3300/0 says I am v2:172.21.15.76:53854/0 (socket says 172.21.15.76:53854)
2024-04-24T17:06:24.991 INFO:teuthology.orchestra.run.smithi076.stdout:/usr/bin/ceph: stderr
2024-04-24T17:06:24.168+0000 7f77aa59c700 1 -- 172.21.15.76:0/3415876162 learned_addr learned my addr 172.21.15.76:0/3415876162 (peer_addr_for_me v2:172.21.15.76:0/0)
2024-04-24T17:06:24.991 INFO:teuthology.orchestra.run.smithi076.stdout:/usr/bin/ceph: stderr
2024-04-24T17:06:24.168+0000 7f77aa59c700 1 -- 172.21.15.76:0/3415876162 --> [v2:172.21.15.76:3300/0,v1:172.21.15.76:6789/0] -- mon_subscribe({config=0+,monmap=0+}) v3 -- 0x7f77ac103310 con 0x7f77ac102880
2024-04-24T17:06:24.991 INFO:teuthology.orchestra.run.smithi076.stdout:/usr/bin/ceph: stderr
2024-04-24T17:06:24.168+0000 7f77aa59c700 1 --2- 172.21.15.76:0/3415876162 >> [v2:172.21.15.76:3300/0,v1:172.21.15.76:6789/0] conn(0x7f77ac102880 0x7f77ac102c90 secure :-1 s=READY pgs=84 cs=0 l=1 rev1=1 crypto rx=0x7f779c0098e0 tx=0x7f779c009250 comp rx=0 tx=0).ready entity=mon.0 client_cookie=900eeb6ec6cc3a66 server_cookie=0 in_seq=0 out_seq=0
2024-04-24T17:06:24.992 INFO:teuthology.orchestra.run.smithi076.stdout:/usr/bin/ceph: stderr
2024-04-24T17:06:24.169+0000 7f77a959a700 1 -- 172.21.15.76:0/3415876162 <== mon.0 v2:172.21.15.76:3300/0 1 ==== mon_map magic: 0 v1 ==== 229+0+0 (secure 0 0 0) 0x7f779c00b860 con 0x7f77ac102880
2024-04-24T17:06:24.992 INFO:teuthology.orchestra.run.smithi076.stdout:/usr/bin/ceph: stderr
2024-04-24T17:06:24.169+0000 7f77a959a700 1 -- 172.21.15.76:0/3415876162 <== mon.0 v2:172.21.15.76:3300/0 2 ==== config(27 keys) v1 ==== 1109+0+0 (secure 0 0 0) 0x7f779c00be90 con 0x7f77ac102880
2024-04-24T17:06:24.992 INFO:teuthology.orchestra.run.smithi076.stdout:/usr/bin/ceph: stderr
2024-04-24T17:06:24.169+0000 7f77a959a700 1 -- 172.21.15.76:0/3415876162 <== mon.0 v2:172.21.15.76:3300/0 3 ==== mon_map magic: 0 v1 ==== 229+0+0 (secure 0 0 0) 0x7f779c0103c0 con 0x7f77ac102880
2024-04-24T17:06:24.992 INFO:teuthology.orchestra.run.smithi076.stdout:/usr/bin/ceph: stderr
2024-04-24T17:06:24.169+0000 7f77b0cae700 1 -- 172.21.15.76:0/3415876162 >> [v2:172.21.15.76:3300/0,v1:172.21.15.76:6789/0] conn(0x7f77ac102880 msgr2=0x7f77ac102c90 secure :-1 s=STATE_CONNECTION_ESTABLISHED l=1).mark_down
2024-04-24T17:06:24.992 INFO:teuthology.orchestra.run.smithi076.stdout:/usr/bin/ceph: stderr
2024-04-24T17:06:24.169+0000 7f77b0cae700 1 --2- 172.21.15.76:0/3415876162 >> [v2:172.21.15.76:3300/0,v1:172.21.15.76:6789/0] conn(0x7f77ac102880 0x7f77ac102c90 secure :-1 s=READY pgs=84 cs=0 l=1 rev1=1 crypto rx=0x7f779c0098e0 tx=0x7f779c009250 comp rx=0 tx=0).stop
2024-04-24T17:06:24.992 INFO:teuthology.orchestra.run.smithi076.stdout:/usr/bin/ceph: stderr
2024-04-24T17:06:24.169+0000 7f77b0cae700 1 -- 172.21.15.76:0/3415876162 shutdown_connections
2024-04-24T17:06:24.992 INFO:teuthology.orchestra.run.smithi076.stdout:/usr/bin/ceph: stderr
2024-04-24T17:06:24.169+0000 7f77b0cae700 1 --2- 172.21.15.76:0/3415876162 >> [v2:172.21.15.76:3300/0,v1:172.21.15.76:6789/0] conn(0x7f77ac102880 0x7f77ac102c90 unknown :-1 s=CLOSED pgs=84 cs=0 l=1 rev1=1 crypto rx=0 tx=0 comp rx=0 tx=0).stop
2024-04-24T17:06:24.992 INFO:teuthology.orchestra.run.smithi076.stdout:/usr/bin/ceph: stderr
2024-04-24T17:06:24.169+0000 7f77b0cae700 1 -- 172.21.15.76:0/3415876162 >> 172.21.15.76:0/3415876162 conn(0x7f77ac0fe060 msgr2=0x7f77ac100470 unknown :-1 s=STATE_NONE l=0).mark_down
2024-04-24T17:06:24.992 INFO:teuthology.orchestra.run.smithi076.stdout:/usr/bin/ceph: stderr
2024-04-24T17:06:24.169+0000 7f77b0cae700 1 -- 172.21.15.76:0/3415876162 shutdown_connections
2024-04-24T17:06:24.992 INFO:teuthology.orchestra.run.smithi076.stdout:/usr/bin/ceph: stderr
2024-04-24T17:06:24.169+0000 7f77b0cae700 1 -- 172.21.15.76:0/3415876162 wait complete.
2024-04-24T17:06:24.992 INFO:teuthology.orchestra.run.smithi076.stdout:/usr/bin/ceph: stderr
2024-04-24T17:06:24.170+0000 7f77b0cae700 1 Processor -- start
2024-04-24T17:06:24.992 INFO:teuthology.orchestra.run.smithi076.stdout:/usr/bin/ceph: stderr
2024-04-24T17:06:24.170+0000 7f77b0cae700 1 -- start start
2024-04-24T17:06:24.992 INFO:teuthology.orchestra.run.smithi076.stdout:/usr/bin/ceph: stderr
2024-04-24T17:06:24.170+0000 7f77b0cae700 1 --2- >> [v2:172.21.15.76:3300/0,v1:172.21.15.76:6789/0] conn(0x7f77ac102880 0x7f77ac078c20 unknown :-1 s=NONE pgs=0 cs=0 l=1 rev1=0 crypto rx=0 tx=0 comp rx=0 tx=0).connect
2024-04-24T17:06:24.992 INFO:teuthology.orchestra.run.smithi076.stdout:/usr/bin/ceph: stderr
2024-04-24T17:06:24.170+0000 7f77b0cae700 1 -- --> [v2:172.21.15.76:3300/0,v1:172.21.15.76:6789/0] -- mon_getmap magic: 0 v1 -- 0x7f77ac079160 con 0x7f77ac102880
2024-04-24T17:06:24.993 INFO:teuthology.orchestra.run.smithi076.stdout:/usr/bin/ceph: stderr
2024-04-24T17:06:24.170+0000 7f77aa59c700 1 --2- >> [v2:172.21.15.76:3300/0,v1:172.21.15.76:6789/0] conn(0x7f77ac102880 0x7f77ac078c20 unknown :-1 s=BANNER_CONNECTING pgs=0 cs=0 l=1 rev1=0 crypto rx=0 tx=0 comp rx=0 tx=0)._handle_peer_banner_payload supported=3 required=0
2024-04-24T17:06:24.993 INFO:teuthology.orchestra.run.smithi076.stdout:/usr/bin/ceph: stderr
2024-04-24T17:06:24.170+0000 7f77aa59c700 1 --2- >> [v2:172.21.15.76:3300/0,v1:172.21.15.76:6789/0] conn(0x7f77ac102880 0x7f77ac078c20 unknown :-1 s=HELLO_CONNECTING pgs=0 cs=0 l=1 rev1=1 crypto rx=0 tx=0 comp rx=0 tx=0).handle_hello peer v2:172.21.15.76:3300/0 says I am v2:172.21.15.76:53864/0 (socket says 172.21.15.76:53864)
2024-04-24T17:06:24.993 INFO:teuthology.orchestra.run.smithi076.stdout:/usr/bin/ceph: stderr
2024-04-24T17:06:24.170+0000 7f77aa59c700 1 -- 172.21.15.76:0/1978908201 learned_addr learned my addr 172.21.15.76:0/1978908201 (peer_addr_for_me v2:172.21.15.76:0/0)
2024-04-24T17:06:24.993 INFO:teuthology.orchestra.run.smithi076.stdout:/usr/bin/ceph: stderr
2024-04-24T17:06:24.170+0000 7f77aa59c700 1 -- 172.21.15.76:0/1978908201 --> [v2:172.21.15.76:3300/0,v1:172.21.15.76:6789/0] -- mon_subscribe({config=0+,monmap=0+}) v3 -- 0x7f779c0094f0 con 0x7f77ac102880
2024-04-24T17:06:24.993 INFO:teuthology.orchestra.run.smithi076.stdout:/usr/bin/ceph: stderr
2024-04-24T17:06:24.170+0000 7f77aa59c700 1 --2- 172.21.15.76:0/1978908201 >> [v2:172.21.15.76:3300/0,v1:172.21.15.76:6789/0] conn(0x7f77ac102880 0x7f77ac078c20 secure :-1 s=READY pgs=85 cs=0 l=1 rev1=1 crypto rx=0x7f779c0090b0 tx=0x7f779c009250 comp rx=0 tx=0).ready entity=mon.0 client_cookie=0 server_cookie=0 in_seq=0 out_seq=0
2024-04-24T17:06:24.993 INFO:teuthology.orchestra.run.smithi076.stdout:/usr/bin/ceph: stderr
2024-04-24T17:06:24.171+0000 7f779affd700 1 -- 172.21.15.76:0/1978908201 <== mon.0 v2:172.21.15.76:3300/0 1 ==== mon_map magic: 0 v1 ==== 229+0+0 (secure 0 0 0) 0x7f779c010840 con 0x7f77ac102880
2024-04-24T17:06:24.993 INFO:teuthology.orchestra.run.smithi076.stdout:/usr/bin/ceph: stderr
2024-04-24T17:06:24.171+0000 7f779affd700 1 -- 172.21.15.76:0/1978908201 <== mon.0 v2:172.21.15.76:3300/0 2 ==== config(27 keys) v1 ==== 1109+0+0 (secure 0 0 0) 0x7f779c010e70 con 0x7f77ac102880
2024-04-24T17:06:24.993 INFO:teuthology.orchestra.run.smithi076.stdout:/usr/bin/ceph: stderr
2024-04-24T17:06:24.171+0000 7f77b0cae700 1 -- 172.21.15.76:0/1978908201 --> [v2:172.21.15.76:3300/0,v1:172.21.15.76:6789/0] -- mon_subscribe({mgrmap=0+}) v3 -- 0x7f77ac0771d0 con 0x7f77ac102880
2024-04-24T17:06:24.993 INFO:teuthology.orchestra.run.smithi076.stdout:/usr/bin/ceph: stderr
2024-04-24T17:06:24.171+0000 7f779affd700 1 -- 172.21.15.76:0/1978908201 <== mon.0 v2:172.21.15.76:3300/0 3 ==== mon_map magic: 0 v1 ==== 229+0+0 (secure 0 0 0) 0x7f779c024e40 con 0x7f77ac102880
2024-04-24T17:06:24.993 INFO:teuthology.orchestra.run.smithi076.stdout:/usr/bin/ceph: stderr
2024-04-24T17:06:24.171+0000 7f77b0cae700 1 -- 172.21.15.76:0/1978908201 --> [v2:172.21.15.76:3300/0,v1:172.21.15.76:6789/0] -- mon_subscribe({osdmap=0}) v3 -- 0x7f77ac0776c0 con 0x7f77ac102880
2024-04-24T17:06:24.993 INFO:teuthology.orchestra.run.smithi076.stdout:/usr/bin/ceph: stderr
2024-04-24T17:06:24.171+0000 7f779affd700 1 -- 172.21.15.76:0/1978908201 <== mon.0 v2:172.21.15.76:3300/0 4 ==== mgrmap(e 12) v1 ==== 43389+0+0 (secure 0 0 0) 0x7f779c01a4e0 con 0x7f77ac102880
2024-04-24T17:06:24.993 INFO:teuthology.orchestra.run.smithi076.stdout:/usr/bin/ceph: stderr
2024-04-24T17:06:24.172+0000 7f77b0cae700 1 -- 172.21.15.76:0/1978908201 --> [v2:172.21.15.76:3300/0,v1:172.21.15.76:6789/0] -- mon_command({"prefix": "get_command_descriptions"} v 0) v1 -- 0x7f77ac04bed0 con 0x7f77ac102880
2024-04-24T17:06:24.993 INFO:teuthology.orchestra.run.smithi076.stdout:/usr/bin/ceph: stderr
2024-04-24T17:06:24.172+0000 7f779affd700 1 --2- 172.21.15.76:0/1978908201 >> [v2:172.21.15.76:6800/1300599988,v1:172.21.15.76:6801/1300599988] conn(0x7f77940368a0 0x7f7794038d50 unknown :-1 s=NONE pgs=0 cs=0 l=1 rev1=0 crypto rx=0 tx=0 comp rx=0 tx=0).connect
2024-04-24T17:06:24.994 INFO:teuthology.orchestra.run.smithi076.stdout:/usr/bin/ceph: stderr
2024-04-24T17:06:24.172+0000 7f779affd700 1 -- 172.21.15.76:0/1978908201 <== mon.0 v2:172.21.15.76:3300/0 5 ==== osd_map(3..3 src has 1..3) v4 ==== 1151+0+0 (secure 0 0 0) 0x7f779c04a910 con 0x7f77ac102880
2024-04-24T17:06:24.994 INFO:teuthology.orchestra.run.smithi076.stdout:/usr/bin/ceph: stderr
2024-04-24T17:06:24.172+0000 7f77a9d9b700 1 --2- 172.21.15.76:0/1978908201 >> [v2:172.21.15.76:6800/1300599988,v1:172.21.15.76:6801/1300599988] conn(0x7f77940368a0 0x7f7794038d50 unknown :-1 s=BANNER_CONNECTING pgs=0 cs=0 l=1 rev1=0 crypto rx=0 tx=0 comp rx=0 tx=0)._handle_peer_banner_payload supported=3 required=0
2024-04-24T17:06:24.994 INFO:teuthology.orchestra.run.smithi076.stdout:/usr/bin/ceph: stderr
2024-04-24T17:06:24.172+0000 7f77a9d9b700 1 --2- 172.21.15.76:0/1978908201 >> [v2:172.21.15.76:6800/1300599988,v1:172.21.15.76:6801/1300599988] conn(0x7f77940368a0 0x7f7794038d50 secure :-1 s=READY pgs=9 cs=0 l=1 rev1=1 crypto rx=0x7f77a0009990 tx=0x7f77a0006e40 comp rx=0 tx=0).ready entity=mgr.14162 client_cookie=0 server_cookie=0 in_seq=0 out_seq=0
2024-04-24T17:06:24.994 INFO:teuthology.orchestra.run.smithi076.stdout:/usr/bin/ceph: stderr
2024-04-24T17:06:24.176+0000 7f779affd700 1 -- 172.21.15.76:0/1978908201 <== mon.0 v2:172.21.15.76:3300/0 6 ==== mon_command_ack([{"prefix": "get_command_descriptions"}]=0 v0) v1 ==== 72+0+176702 (secure 0 0 0) 0x7f779c0109a0 con 0x7f77ac102880
2024-04-24T17:06:24.994 INFO:teuthology.orchestra.run.smithi076.stdout:/usr/bin/ceph: stderr
2024-04-24T17:06:24.365+0000 7f77b0cae700 1 -- 172.21.15.76:0/1978908201 --> [v2:172.21.15.76:3300/0,v1:172.21.15.76:6789/0] -- mon_command({"prefix": "config get", "who": "mgr", "key": "mgr/dashboard/ssl_server_port"} v 0) v1 -- 0x7f77ac077b40 con 0x7f77ac102880
2024-04-24T17:06:24.994 INFO:teuthology.orchestra.run.smithi076.stdout:/usr/bin/ceph: stderr
2024-04-24T17:06:24.366+0000 7f779affd700 1 -- 172.21.15.76:0/1978908201 <== mon.0 v2:172.21.15.76:3300/0 7 ==== mon_command_ack([{"prefix": "config get", "who": "mgr", "key": "mgr/dashboard/ssl_server_port"}]=0 v8) v1 ==== 112+0+5 (secure 0 0 0) 0x7f779c02c340 con 0x7f77ac102880
2024-04-24T17:06:24.994 INFO:teuthology.orchestra.run.smithi076.stdout:/usr/bin/ceph: stderr
2024-04-24T17:06:24.368+0000 7f77b0cae700 1 -- 172.21.15.76:0/1978908201 >> [v2:172.21.15.76:6800/1300599988,v1:172.21.15.76:6801/1300599988] conn(0x7f77940368a0 msgr2=0x7f7794038d50 secure :-1 s=STATE_CONNECTION_ESTABLISHED l=1).mark_down
2024-04-24T17:06:24.994 INFO:teuthology.orchestra.run.smithi076.stdout:/usr/bin/ceph: stderr
2024-04-24T17:06:24.368+0000 7f77b0cae700 1 --2- 172.21.15.76:0/1978908201 >> [v2:172.21.15.76:6800/1300599988,v1:172.21.15.76:6801/1300599988] conn(0x7f77940368a0 0x7f7794038d50 secure :-1 s=READY pgs=9 cs=0 l=1 rev1=1 crypto rx=0x7f77a0009990 tx=0x7f77a0006e40 comp rx=0 tx=0).stop
2024-04-24T17:06:24.994 INFO:teuthology.orchestra.run.smithi076.stdout:/usr/bin/ceph: stderr
2024-04-24T17:06:24.368+0000 7f77b0cae700 1 -- 172.21.15.76:0/1978908201 >> [v2:172.21.15.76:3300/0,v1:172.21.15.76:6789/0] conn(0x7f77ac102880 msgr2=0x7f77ac078c20 secure :-1 s=STATE_CONNECTION_ESTABLISHED l=1).mark_down
2024-04-24T17:06:24.994 INFO:teuthology.orchestra.run.smithi076.stdout:/usr/bin/ceph: stderr
2024-04-24T17:06:24.368+0000 7f77b0cae700 1 --2- 172.21.15.76:0/1978908201 >> [v2:172.21.15.76:3300/0,v1:172.21.15.76:6789/0] conn(0x7f77ac102880 0x7f77ac078c20 secure :-1 s=READY pgs=85 cs=0 l=1 rev1=1 crypto rx=0x7f779c0090b0 tx=0x7f779c009250 comp rx=0 tx=0).stop
2024-04-24T17:06:24.994 INFO:teuthology.orchestra.run.smithi076.stdout:/usr/bin/ceph: stderr
2024-04-24T17:06:24.368+0000 7f77b0cae700 1 -- 172.21.15.76:0/1978908201 shutdown_connections
2024-04-24T17:06:24.995 INFO:teuthology.orchestra.run.smithi076.stdout:/usr/bin/ceph: stderr
2024-04-24T17:06:24.368+0000 7f77b0cae700 1 --2- 172.21.15.76:0/1978908201 >> [v2:172.21.15.76:6800/1300599988,v1:172.21.15.76:6801/1300599988] conn(0x7f77940368a0 0x7f7794038d50 unknown :-1 s=CLOSED pgs=9 cs=0 l=1 rev1=1 crypto rx=0 tx=0 comp rx=0 tx=0).stop
2024-04-24T17:06:24.995 INFO:teuthology.orchestra.run.smithi076.stdout:/usr/bin/ceph: stderr
2024-04-24T17:06:24.368+0000 7f77b0cae700 1 --2- 172.21.15.76:0/1978908201 >> [v2:172.21.15.76:3300/0,v1:172.21.15.76:6789/0] conn(0x7f77ac102880 0x7f77ac078c20 unknown :-1 s=CLOSED pgs=85 cs=0 l=1 rev1=1 crypto rx=0 tx=0 comp rx=0 tx=0).stop
2024-04-24T17:06:24.995 INFO:teuthology.orchestra.run.smithi076.stdout:/usr/bin/ceph: stderr
2024-04-24T17:06:24.368+0000 7f77b0cae700 1 -- 172.21.15.76:0/1978908201 >> 172.21.15.76:0/1978908201 conn(0x7f77ac0fe060 msgr2=0x7f77ac0feb40 unknown :-1 s=STATE_NONE l=0).mark_down
2024-04-24T17:06:24.995 INFO:teuthology.orchestra.run.smithi076.stdout:/usr/bin/ceph: stderr
2024-04-24T17:06:24.368+0000 7f77b0cae700 1 -- 172.21.15.76:0/1978908201 shutdown_connections
2024-04-24T17:06:24.995 INFO:teuthology.orchestra.run.smithi076.stdout:/usr/bin/ceph: stderr
2024-04-24T17:06:24.368+0000 7f77b0cae700 1 -- 172.21.15.76:0/1978908201 wait complete.
2024-04-24T17:06:24.998 INFO:teuthology.orchestra.run.smithi076.stdout:Non-zero exit code 1 from systemctl is-enabled firewalld.service
2024-04-24T17:06:24.998 INFO:teuthology.orchestra.run.smithi076.stdout:systemctl: stdout disabled
2024-04-24T17:06:25.005 INFO:teuthology.orchestra.run.smithi076.stdout:Non-zero exit code 3 from systemctl is-active firewalld.service
2024-04-24T17:06:25.005 INFO:teuthology.orchestra.run.smithi076.stdout:systemctl: stdout inactive
2024-04-24T17:06:25.006 INFO:teuthology.orchestra.run.smithi076.stdout:firewalld.service is not enabled
2024-04-24T17:06:25.006 INFO:teuthology.orchestra.run.smithi076.stdout:Not possible to open ports <[8443]>. firewalld.service is not available
2024-04-24T17:06:25.007 INFO:teuthology.orchestra.run.smithi076.stdout:Ceph Dashboard is now available at:
2024-04-24T17:06:25.007 INFO:teuthology.orchestra.run.smithi076.stdout:
2024-04-24T17:06:25.007 INFO:teuthology.orchestra.run.smithi076.stdout: URL: https://smithi076:8443/
2024-04-24T17:06:25.007 INFO:teuthology.orchestra.run.smithi076.stdout: User: admin
2024-04-24T17:06:25.008 INFO:teuthology.orchestra.run.smithi076.stdout: Password: 3xzy4q3d2c
2024-04-24T17:06:25.008 INFO:teuthology.orchestra.run.smithi076.stdout:
2024-04-24T17:06:25.008 INFO:teuthology.orchestra.run.smithi076.stdout:Saving cluster configuration to /var/lib/ceph/ad168c42-025c-11ef-bc93-c7b262605968/config directory
2024-04-24T17:06:25.008 INFO:teuthology.orchestra.run.smithi076.stdout:Enabling autotune for osd_memory_target
2024-04-24T17:06:25.618 INFO:journalctl@ceph.mon.smithi076.smithi076.stdout:Apr 24 17:06:25 smithi076 ceph-mon[26364]: from='client.? 172.21.15.76:0/1978908201' entity='client.admin' cmd=[{"prefix": "config get", "who": "mgr", "key": "mgr/dashboard/ssl_server_port"}]: dispatch
2024-04-24T17:06:26.188 INFO:teuthology.orchestra.run.smithi076.stdout:/usr/bin/ceph: stderr
2024-04-24T17:06:25.425+0000 7f9958805700 1 Processor -- start
2024-04-24T17:06:26.188 INFO:teuthology.orchestra.run.smithi076.stdout:/usr/bin/ceph: stderr
2024-04-24T17:06:25.425+0000 7f9958805700 1 -- start start
2024-04-24T17:06:26.188 INFO:teuthology.orchestra.run.smithi076.stdout:/usr/bin/ceph: stderr
2024-04-24T17:06:25.426+0000 7f9958805700 1 --2- >> [v2:172.21.15.76:3300/0,v1:172.21.15.76:6789/0] conn(0x7f9954102880 0x7f9954102c90 unknown :-1 s=NONE pgs=0 cs=0 l=0 rev1=0 crypto rx=0 tx=0 comp rx=0 tx=0).connect
2024-04-24T17:06:26.188 INFO:teuthology.orchestra.run.smithi076.stdout:/usr/bin/ceph: stderr
2024-04-24T17:06:25.426+0000 7f9958805700 1 -- --> [v2:172.21.15.76:3300/0,v1:172.21.15.76:6789/0] -- mon_getmap magic: 0 v1 -- 0x7f99541031d0 con 0x7f9954102880
2024-04-24T17:06:26.188 INFO:teuthology.orchestra.run.smithi076.stdout:/usr/bin/ceph: stderr
2024-04-24T17:06:25.426+0000 7f995259c700 1 --2- >> [v2:172.21.15.76:3300/0,v1:172.21.15.76:6789/0] conn(0x7f9954102880 0x7f9954102c90 unknown :-1 s=BANNER_CONNECTING pgs=0 cs=0 l=0 rev1=0 crypto rx=0 tx=0 comp rx=0 tx=0)._handle_peer_banner_payload supported=3 required=0
2024-04-24T17:06:26.188 INFO:teuthology.orchestra.run.smithi076.stdout:/usr/bin/ceph: stderr
2024-04-24T17:06:25.426+0000 7f995259c700 1 --2- >> [v2:172.21.15.76:3300/0,v1:172.21.15.76:6789/0] conn(0x7f9954102880 0x7f9954102c90 unknown :-1 s=HELLO_CONNECTING pgs=0 cs=0 l=0 rev1=1 crypto rx=0 tx=0 comp rx=0 tx=0).handle_hello peer v2:172.21.15.76:3300/0 says I am v2:172.21.15.76:53874/0 (socket says 172.21.15.76:53874)
2024-04-24T17:06:26.188 INFO:teuthology.orchestra.run.smithi076.stdout:/usr/bin/ceph: stderr
2024-04-24T17:06:25.426+0000 7f995259c700 1 -- 172.21.15.76:0/3577750398 learned_addr learned my addr 172.21.15.76:0/3577750398 (peer_addr_for_me v2:172.21.15.76:0/0)
2024-04-24T17:06:26.188 INFO:teuthology.orchestra.run.smithi076.stdout:/usr/bin/ceph: stderr
2024-04-24T17:06:25.426+0000 7f995259c700 1 -- 172.21.15.76:0/3577750398 --> [v2:172.21.15.76:3300/0,v1:172.21.15.76:6789/0] -- mon_subscribe({config=0+,monmap=0+}) v3 -- 0x7f9954103310 con 0x7f9954102880
2024-04-24T17:06:26.188 INFO:teuthology.orchestra.run.smithi076.stdout:/usr/bin/ceph: stderr
2024-04-24T17:06:25.426+0000 7f995259c700 1 --2- 172.21.15.76:0/3577750398 >> [v2:172.21.15.76:3300/0,v1:172.21.15.76:6789/0] conn(0x7f9954102880 0x7f9954102c90 secure :-1 s=READY pgs=86 cs=0 l=1 rev1=1 crypto rx=0x7f99480098e0 tx=0x7f9948009250 comp rx=0 tx=0).ready entity=mon.0 client_cookie=1487d5267156a757 server_cookie=0 in_seq=0 out_seq=0
2024-04-24T17:06:26.188 INFO:teuthology.orchestra.run.smithi076.stdout:/usr/bin/ceph: stderr
2024-04-24T17:06:25.426+0000 7f995159a700 1 -- 172.21.15.76:0/3577750398 <== mon.0 v2:172.21.15.76:3300/0 1 ==== mon_map magic: 0 v1 ==== 229+0+0 (secure 0 0 0) 0x7f994800b860 con 0x7f9954102880
2024-04-24T17:06:26.188 INFO:teuthology.orchestra.run.smithi076.stdout:/usr/bin/ceph: stderr
2024-04-24T17:06:25.426+0000 7f995159a700 1 -- 172.21.15.76:0/3577750398 <== mon.0 v2:172.21.15.76:3300/0 2 ==== config(27 keys) v1 ==== 1109+0+0 (secure 0 0 0) 0x7f994800be90 con 0x7f9954102880
2024-04-24T17:06:26.189 INFO:teuthology.orchestra.run.smithi076.stdout:/usr/bin/ceph: stderr
2024-04-24T17:06:25.426+0000 7f995159a700 1 -- 172.21.15.76:0/3577750398 <== mon.0 v2:172.21.15.76:3300/0 3 ==== mon_map magic: 0 v1 ==== 229+0+0 (secure 0 0 0) 0x7f99480103c0 con 0x7f9954102880
2024-04-24T17:06:26.189 INFO:teuthology.orchestra.run.smithi076.stdout:/usr/bin/ceph: stderr
2024-04-24T17:06:25.427+0000 7f9958805700 1 -- 172.21.15.76:0/3577750398 >> [v2:172.21.15.76:3300/0,v1:172.21.15.76:6789/0] conn(0x7f9954102880 msgr2=0x7f9954102c90 secure :-1 s=STATE_CONNECTION_ESTABLISHED l=1).mark_down
2024-04-24T17:06:26.189 INFO:teuthology.orchestra.run.smithi076.stdout:/usr/bin/ceph: stderr
2024-04-24T17:06:25.427+0000 7f9958805700 1 --2- 172.21.15.76:0/3577750398 >> [v2:172.21.15.76:3300/0,v1:172.21.15.76:6789/0] conn(0x7f9954102880 0x7f9954102c90 secure :-1 s=READY pgs=86 cs=0 l=1 rev1=1 crypto rx=0x7f99480098e0 tx=0x7f9948009250 comp rx=0 tx=0).stop
2024-04-24T17:06:26.189 INFO:teuthology.orchestra.run.smithi076.stdout:/usr/bin/ceph: stderr
2024-04-24T17:06:25.427+0000 7f9958805700 1 -- 172.21.15.76:0/3577750398 shutdown_connections
2024-04-24T17:06:26.189 INFO:teuthology.orchestra.run.smithi076.stdout:/usr/bin/ceph: stderr
2024-04-24T17:06:25.427+0000 7f9958805700 1 --2- 172.21.15.76:0/3577750398 >> [v2:172.21.15.76:3300/0,v1:172.21.15.76:6789/0] conn(0x7f9954102880 0x7f9954102c90 unknown :-1 s=CLOSED pgs=86 cs=0 l=1 rev1=1 crypto rx=0 tx=0 comp rx=0 tx=0).stop
2024-04-24T17:06:26.189 INFO:teuthology.orchestra.run.smithi076.stdout:/usr/bin/ceph: stderr
2024-04-24T17:06:25.427+0000 7f9958805700 1 -- 172.21.15.76:0/3577750398 >> 172.21.15.76:0/3577750398 conn(0x7f99540fe060 msgr2=0x7f9954100470 unknown :-1 s=STATE_NONE l=0).mark_down
2024-04-24T17:06:26.189 INFO:teuthology.orchestra.run.smithi076.stdout:/usr/bin/ceph: stderr
2024-04-24T17:06:25.427+0000 7f9958805700 1 -- 172.21.15.76:0/3577750398 shutdown_connections
2024-04-24T17:06:26.189 INFO:teuthology.orchestra.run.smithi076.stdout:/usr/bin/ceph: stderr
2024-04-24T17:06:25.427+0000 7f9958805700 1 -- 172.21.15.76:0/3577750398 wait complete.
2024-04-24T17:06:26.189 INFO:teuthology.orchestra.run.smithi076.stdout:/usr/bin/ceph: stderr
2024-04-24T17:06:25.428+0000 7f9958805700 1 Processor -- start
2024-04-24T17:06:26.189 INFO:teuthology.orchestra.run.smithi076.stdout:/usr/bin/ceph: stderr
2024-04-24T17:06:25.428+0000 7f9958805700 1 -- start start
2024-04-24T17:06:26.189 INFO:teuthology.orchestra.run.smithi076.stdout:/usr/bin/ceph: stderr
2024-04-24T17:06:25.428+0000 7f9958805700 1 --2- >> [v2:172.21.15.76:3300/0,v1:172.21.15.76:6789/0] conn(0x7f9954102880 0x7f9954078c20 unknown :-1 s=NONE pgs=0 cs=0 l=1 rev1=0 crypto rx=0 tx=0 comp rx=0 tx=0).connect
2024-04-24T17:06:26.189 INFO:teuthology.orchestra.run.smithi076.stdout:/usr/bin/ceph: stderr
2024-04-24T17:06:25.428+0000 7f9958805700 1 -- --> [v2:172.21.15.76:3300/0,v1:172.21.15.76:6789/0] -- mon_getmap magic: 0 v1 -- 0x7f9954079160 con 0x7f9954102880
2024-04-24T17:06:26.189 INFO:teuthology.orchestra.run.smithi076.stdout:/usr/bin/ceph: stderr
2024-04-24T17:06:25.428+0000 7f995259c700 1 --2- >> [v2:172.21.15.76:3300/0,v1:172.21.15.76:6789/0] conn(0x7f9954102880 0x7f9954078c20 unknown :-1 s=BANNER_CONNECTING pgs=0 cs=0 l=1 rev1=0 crypto rx=0 tx=0 comp rx=0 tx=0)._handle_peer_banner_payload supported=3 required=0
2024-04-24T17:06:26.189 INFO:teuthology.orchestra.run.smithi076.stdout:/usr/bin/ceph: stderr
2024-04-24T17:06:25.428+0000 7f995259c700 1 --2- >> [v2:172.21.15.76:3300/0,v1:172.21.15.76:6789/0] conn(0x7f9954102880 0x7f9954078c20 unknown :-1 s=HELLO_CONNECTING pgs=0 cs=0 l=1 rev1=1 crypto rx=0 tx=0 comp rx=0 tx=0).handle_hello peer v2:172.21.15.76:3300/0 says I am v2:172.21.15.76:53884/0 (socket says 172.21.15.76:53884)
2024-04-24T17:06:26.189 INFO:teuthology.orchestra.run.smithi076.stdout:/usr/bin/ceph: stderr
2024-04-24T17:06:25.428+0000 7f995259c700 1 -- 172.21.15.76:0/3512690237 learned_addr learned my addr 172.21.15.76:0/3512690237 (peer_addr_for_me v2:172.21.15.76:0/0)
2024-04-24T17:06:26.190 INFO:teuthology.orchestra.run.smithi076.stdout:/usr/bin/ceph: stderr
2024-04-24T17:06:25.428+0000 7f995259c700 1 -- 172.21.15.76:0/3512690237 --> [v2:172.21.15.76:3300/0,v1:172.21.15.76:6789/0] -- mon_subscribe({config=0+,monmap=0+}) v3 -- 0x7f99480094f0 con 0x7f9954102880
2024-04-24T17:06:26.190 INFO:teuthology.orchestra.run.smithi076.stdout:/usr/bin/ceph: stderr
2024-04-24T17:06:25.428+0000 7f995259c700 1 --2- 172.21.15.76:0/3512690237 >> [v2:172.21.15.76:3300/0,v1:172.21.15.76:6789/0] conn(0x7f9954102880 0x7f9954078c20 secure :-1 s=READY pgs=87 cs=0 l=1 rev1=1 crypto rx=0x7f99480090b0 tx=0x7f9948009250 comp rx=0 tx=0).ready entity=mon.0 client_cookie=0 server_cookie=0 in_seq=0 out_seq=0
2024-04-24T17:06:26.190 INFO:teuthology.orchestra.run.smithi076.stdout:/usr/bin/ceph: stderr
2024-04-24T17:06:25.428+0000 7f9942ffd700 1 -- 172.21.15.76:0/3512690237 <== mon.0 v2:172.21.15.76:3300/0 1 ==== mon_map magic: 0 v1 ==== 229+0+0 (secure 0 0 0) 0x7f9948010840 con 0x7f9954102880
2024-04-24T17:06:26.190 INFO:teuthology.orchestra.run.smithi076.stdout:/usr/bin/ceph: stderr
2024-04-24T17:06:25.428+0000 7f9942ffd700 1 -- 172.21.15.76:0/3512690237 <== mon.0 v2:172.21.15.76:3300/0 2 ==== config(27 keys) v1 ==== 1109+0+0 (secure 0 0 0) 0x7f9948010e70 con 0x7f9954102880
2024-04-24T17:06:26.190 INFO:teuthology.orchestra.run.smithi076.stdout:/usr/bin/ceph: stderr
2024-04-24T17:06:25.428+0000 7f9958805700 1 -- 172.21.15.76:0/3512690237 --> [v2:172.21.15.76:3300/0,v1:172.21.15.76:6789/0] -- mon_subscribe({mgrmap=0+}) v3 -- 0x7f99540771d0 con 0x7f9954102880
2024-04-24T17:06:26.190 INFO:teuthology.orchestra.run.smithi076.stdout:/usr/bin/ceph: stderr
2024-04-24T17:06:25.428+0000 7f9942ffd700 1 -- 172.21.15.76:0/3512690237 <== mon.0 v2:172.21.15.76:3300/0 3 ==== mon_map magic: 0 v1 ==== 229+0+0 (secure 0 0 0) 0x7f9948024e40 con 0x7f9954102880
2024-04-24T17:06:26.190 INFO:teuthology.orchestra.run.smithi076.stdout:/usr/bin/ceph: stderr
2024-04-24T17:06:25.429+0000 7f9958805700 1 -- 172.21.15.76:0/3512690237 --> [v2:172.21.15.76:3300/0,v1:172.21.15.76:6789/0] -- mon_subscribe({osdmap=0}) v3 -- 0x7f99540776c0 con 0x7f9954102880
2024-04-24T17:06:26.190 INFO:teuthology.orchestra.run.smithi076.stdout:/usr/bin/ceph: stderr
2024-04-24T17:06:25.429+0000 7f9942ffd700 1 -- 172.21.15.76:0/3512690237 <== mon.0 v2:172.21.15.76:3300/0 4 ==== mgrmap(e 13) v1 ==== 43432+0+0 (secure 0 0 0) 0x7f99480109a0 con 0x7f9954102880
2024-04-24T17:06:26.190 INFO:teuthology.orchestra.run.smithi076.stdout:/usr/bin/ceph: stderr
2024-04-24T17:06:25.429+0000 7f9958805700 1 -- 172.21.15.76:0/3512690237 --> [v2:172.21.15.76:3300/0,v1:172.21.15.76:6789/0] -- mon_command({"prefix": "get_command_descriptions"} v 0) v1 -- 0x7f995404bed0 con 0x7f9954102880
2024-04-24T17:06:26.190 INFO:teuthology.orchestra.run.smithi076.stdout:/usr/bin/ceph: stderr
2024-04-24T17:06:25.430+0000 7f9942ffd700 1 --2- 172.21.15.76:0/3512690237 >> [v2:172.21.15.76:6800/1300599988,v1:172.21.15.76:6801/1300599988] conn(0x7f993c0368f0 0x7f993c038da0 unknown :-1 s=NONE pgs=0 cs=0 l=1 rev1=0 crypto rx=0 tx=0 comp rx=0 tx=0).connect
2024-04-24T17:06:26.190 INFO:teuthology.orchestra.run.smithi076.stdout:/usr/bin/ceph: stderr
2024-04-24T17:06:25.430+0000 7f9942ffd700 1 -- 172.21.15.76:0/3512690237 <== mon.0 v2:172.21.15.76:3300/0 5 ==== osd_map(3..3 src has 1..3) v4 ==== 1151+0+0 (secure 0 0 0) 0x7f994804a9a0 con 0x7f9954102880
2024-04-24T17:06:26.190 INFO:teuthology.orchestra.run.smithi076.stdout:/usr/bin/ceph: stderr
2024-04-24T17:06:25.430+0000 7f9951d9b700 1 --2- 172.21.15.76:0/3512690237 >> [v2:172.21.15.76:6800/1300599988,v1:172.21.15.76:6801/1300599988] conn(0x7f993c0368f0 0x7f993c038da0 unknown :-1 s=BANNER_CONNECTING pgs=0 cs=0 l=1 rev1=0 crypto rx=0 tx=0 comp rx=0 tx=0)._handle_peer_banner_payload supported=3 required=0
2024-04-24T17:06:26.190 INFO:teuthology.orchestra.run.smithi076.stdout:/usr/bin/ceph: stderr
2024-04-24T17:06:25.430+0000 7f9951d9b700 1 --2- 172.21.15.76:0/3512690237 >> [v2:172.21.15.76:6800/1300599988,v1:172.21.15.76:6801/1300599988] conn(0x7f993c0368f0 0x7f993c038da0 secure :-1 s=READY pgs=10 cs=0 l=1 rev1=1 crypto rx=0x7f9944009990 tx=0x7f9944006e40 comp rx=0 tx=0).ready entity=mgr.14162 client_cookie=0 server_cookie=0 in_seq=0 out_seq=0
2024-04-24T17:06:26.190 INFO:teuthology.orchestra.run.smithi076.stdout:/usr/bin/ceph: stderr
2024-04-24T17:06:25.434+0000 7f9942ffd700 1 -- 172.21.15.76:0/3512690237 <== mon.0 v2:172.21.15.76:3300/0 6 ==== mon_command_ack([{"prefix": "get_command_descriptions"}]=0 v0) v1 ==== 72+0+176702 (secure 0 0 0) 0x7f994802e440 con 0x7f9954102880
2024-04-24T17:06:26.190 INFO:teuthology.orchestra.run.smithi076.stdout:/usr/bin/ceph: stderr
2024-04-24T17:06:25.617+0000 7f9958805700 1 -- 172.21.15.76:0/3512690237 --> [v2:172.21.15.76:3300/0,v1:172.21.15.76:6789/0] -- mon_command([{prefix=config set, name=osd_memory_target_autotune}] v 0) v1 -- 0x7f9954104620 con 0x7f9954102880
2024-04-24T17:06:26.191 INFO:teuthology.orchestra.run.smithi076.stdout:/usr/bin/ceph: stderr
2024-04-24T17:06:25.618+0000 7f9942ffd700 1 -- 172.21.15.76:0/3512690237 <== mon.0 v2:172.21.15.76:3300/0 7 ==== mon_command_ack([{prefix=config set, name=osd_memory_target_autotune}]=0 v8)=0 v8) v1 ==== 127+0+0 (secure 0 0 0) 0x7f994802c340 con 0x7f9954102880
2024-04-24T17:06:26.191 INFO:teuthology.orchestra.run.smithi076.stdout:/usr/bin/ceph: stderr
2024-04-24T17:06:25.619+0000 7f9958805700 1 -- 172.21.15.76:0/3512690237 >> [v2:172.21.15.76:6800/1300599988,v1:172.21.15.76:6801/1300599988] conn(0x7f993c0368f0 msgr2=0x7f993c038da0 secure :-1 s=STATE_CONNECTION_ESTABLISHED l=1).mark_down
2024-04-24T17:06:26.191 INFO:teuthology.orchestra.run.smithi076.stdout:/usr/bin/ceph: stderr
2024-04-24T17:06:25.619+0000 7f9958805700 1 --2- 172.21.15.76:0/3512690237 >> [v2:172.21.15.76:6800/1300599988,v1:172.21.15.76:6801/1300599988] conn(0x7f993c0368f0 0x7f993c038da0 secure :-1 s=READY pgs=10 cs=0 l=1 rev1=1 crypto rx=0x7f9944009990 tx=0x7f9944006e40 comp rx=0 tx=0).stop
2024-04-24T17:06:26.191 INFO:teuthology.orchestra.run.smithi076.stdout:/usr/bin/ceph: stderr
2024-04-24T17:06:25.619+0000 7f9958805700 1 -- 172.21.15.76:0/3512690237 >> [v2:172.21.15.76:3300/0,v1:172.21.15.76:6789/0] conn(0x7f9954102880 msgr2=0x7f9954078c20 secure :-1 s=STATE_CONNECTION_ESTABLISHED l=1).mark_down
2024-04-24T17:06:26.191 INFO:teuthology.orchestra.run.smithi076.stdout:/usr/bin/ceph: stderr
2024-04-24T17:06:25.619+0000 7f9958805700 1 --2- 172.21.15.76:0/3512690237 >> [v2:172.21.15.76:3300/0,v1:172.21.15.76:6789/0] conn(0x7f9954102880 0x7f9954078c20 secure :-1 s=READY pgs=87 cs=0 l=1 rev1=1 crypto rx=0x7f99480090b0 tx=0x7f9948009250 comp rx=0 tx=0).stop
2024-04-24T17:06:26.191 INFO:teuthology.orchestra.run.smithi076.stdout:/usr/bin/ceph: stderr
2024-04-24T17:06:25.619+0000 7f9958805700 1 -- 172.21.15.76:0/3512690237 shutdown_connections
2024-04-24T17:06:26.191 INFO:teuthology.orchestra.run.smithi076.stdout:/usr/bin/ceph: stderr
2024-04-24T17:06:25.619+0000 7f9958805700 1 --2- 172.21.15.76:0/3512690237 >> [v2:172.21.15.76:6800/1300599988,v1:172.21.15.76:6801/1300599988] conn(0x7f993c0368f0 0x7f993c038da0 unknown :-1 s=CLOSED pgs=10 cs=0 l=1 rev1=1 crypto rx=0 tx=0 comp rx=0 tx=0).stop
2024-04-24T17:06:26.191 INFO:teuthology.orchestra.run.smithi076.stdout:/usr/bin/ceph: stderr
2024-04-24T17:06:25.619+0000 7f9958805700 1 --2- 172.21.15.76:0/3512690237 >> [v2:172.21.15.76:3300/0,v1:172.21.15.76:6789/0] conn(0x7f9954102880 0x7f9954078c20 unknown :-1 s=CLOSED pgs=87 cs=0 l=1 rev1=1 crypto rx=0 tx=0 comp rx=0 tx=0).stop
2024-04-24T17:06:26.191 INFO:teuthology.orchestra.run.smithi076.stdout:/usr/bin/ceph: stderr
2024-04-24T17:06:25.619+0000 7f9958805700 1 -- 172.21.15.76:0/3512690237 >> 172.21.15.76:0/3512690237 conn(0x7f99540fe060 msgr2=0x7f99540feb40 unknown :-1 s=STATE_NONE l=0).mark_down
2024-04-24T17:06:26.191 INFO:teuthology.orchestra.run.smithi076.stdout:/usr/bin/ceph: stderr
2024-04-24T17:06:25.620+0000 7f9958805700 1 -- 172.21.15.76:0/3512690237 shutdown_connections
2024-04-24T17:06:26.191 INFO:teuthology.orchestra.run.smithi076.stdout:/usr/bin/ceph: stderr
2024-04-24T17:06:25.620+0000 7f9958805700 1 -- 172.21.15.76:0/3512690237 wait complete.
2024-04-24T17:06:26.483 INFO:journalctl@ceph.mon.smithi076.smithi076.stdout:Apr 24 17:06:26 smithi076 ceph-mon[26364]: mgrmap e13: smithi076.ygcttk(active, since 6s)
2024-04-24T17:06:27.436 INFO:teuthology.orchestra.run.smithi076.stdout:/usr/bin/ceph: stderr
2024-04-24T17:06:26.579+0000 7f72a0106700 1 Processor -- start
2024-04-24T17:06:27.436 INFO:teuthology.orchestra.run.smithi076.stdout:/usr/bin/ceph: stderr
2024-04-24T17:06:26.579+0000 7f72a0106700 1 -- start start
2024-04-24T17:06:27.436 INFO:teuthology.orchestra.run.smithi076.stdout:/usr/bin/ceph: stderr
2024-04-24T17:06:26.579+0000 7f72a0106700 1 --2- >> [v2:172.21.15.76:3300/0,v1:172.21.15.76:6789/0] conn(0x7f7298102880 0x7f7298102c90 unknown :-1 s=NONE pgs=0 cs=0 l=0 rev1=0 crypto rx=0 tx=0 comp rx=0 tx=0).connect
2024-04-24T17:06:27.436 INFO:teuthology.orchestra.run.smithi076.stdout:/usr/bin/ceph: stderr
2024-04-24T17:06:26.579+0000 7f72a0106700 1 -- --> [v2:172.21.15.76:3300/0,v1:172.21.15.76:6789/0] -- mon_getmap magic: 0 v1 -- 0x7f72981031d0 con 0x7f7298102880
2024-04-24T17:06:27.436 INFO:teuthology.orchestra.run.smithi076.stdout:/usr/bin/ceph: stderr
2024-04-24T17:06:26.579+0000 7f729dea2700 1 --2- >> [v2:172.21.15.76:3300/0,v1:172.21.15.76:6789/0] conn(0x7f7298102880 0x7f7298102c90 unknown :-1 s=BANNER_CONNECTING pgs=0 cs=0 l=0 rev1=0 crypto rx=0 tx=0 comp rx=0 tx=0)._handle_peer_banner_payload supported=3 required=0
2024-04-24T17:06:27.436 INFO:teuthology.orchestra.run.smithi076.stdout:/usr/bin/ceph: stderr
2024-04-24T17:06:26.579+0000 7f729dea2700 1 --2- >> [v2:172.21.15.76:3300/0,v1:172.21.15.76:6789/0] conn(0x7f7298102880 0x7f7298102c90 unknown :-1 s=HELLO_CONNECTING pgs=0 cs=0 l=0 rev1=1 crypto rx=0 tx=0 comp rx=0 tx=0).handle_hello peer v2:172.21.15.76:3300/0 says I am v2:172.21.15.76:53896/0 (socket says 172.21.15.76:53896)
2024-04-24T17:06:27.437 INFO:teuthology.orchestra.run.smithi076.stdout:/usr/bin/ceph: stderr
2024-04-24T17:06:26.579+0000 7f729dea2700 1 -- 172.21.15.76:0/3899429689 learned_addr learned my addr 172.21.15.76:0/3899429689 (peer_addr_for_me v2:172.21.15.76:0/0)
2024-04-24T17:06:27.437 INFO:teuthology.orchestra.run.smithi076.stdout:/usr/bin/ceph: stderr
2024-04-24T17:06:26.579+0000 7f729dea2700 1 -- 172.21.15.76:0/3899429689 --> [v2:172.21.15.76:3300/0,v1:172.21.15.76:6789/0] -- mon_subscribe({config=0+,monmap=0+}) v3 -- 0x7f7298103310 con 0x7f7298102880
2024-04-24T17:06:27.437 INFO:teuthology.orchestra.run.smithi076.stdout:/usr/bin/ceph: stderr
2024-04-24T17:06:26.580+0000 7f729dea2700 1 --2- 172.21.15.76:0/3899429689 >> [v2:172.21.15.76:3300/0,v1:172.21.15.76:6789/0] conn(0x7f7298102880 0x7f7298102c90 secure :-1 s=READY pgs=88 cs=0 l=1 rev1=1 crypto rx=0x7f72940098e0 tx=0x7f7294009250 comp rx=0 tx=0).ready entity=mon.0 client_cookie=62d391a4d4b0f4aa server_cookie=0 in_seq=0 out_seq=0
2024-04-24T17:06:27.437 INFO:teuthology.orchestra.run.smithi076.stdout:/usr/bin/ceph: stderr
2024-04-24T17:06:26.580+0000 7f729cea0700 1 -- 172.21.15.76:0/3899429689 <== mon.0 v2:172.21.15.76:3300/0 1 ==== mon_map magic: 0 v1 ==== 229+0+0 (secure 0 0 0) 0x7f729400b860 con 0x7f7298102880
2024-04-24T17:06:27.437 INFO:teuthology.orchestra.run.smithi076.stdout:/usr/bin/ceph: stderr
2024-04-24T17:06:26.580+0000 7f729cea0700 1 -- 172.21.15.76:0/3899429689 <== mon.0 v2:172.21.15.76:3300/0 2 ==== config(27 keys) v1 ==== 1109+0+0 (secure 0 0 0) 0x7f729400be90 con 0x7f7298102880
2024-04-24T17:06:27.437 INFO:teuthology.orchestra.run.smithi076.stdout:/usr/bin/ceph: stderr
2024-04-24T17:06:26.580+0000 7f729cea0700 1 -- 172.21.15.76:0/3899429689 <== mon.0 v2:172.21.15.76:3300/0 3 ==== mon_map magic: 0 v1 ==== 229+0+0 (secure 0 0 0) 0x7f72940103c0 con 0x7f7298102880
2024-04-24T17:06:27.437 INFO:teuthology.orchestra.run.smithi076.stdout:/usr/bin/ceph: stderr
2024-04-24T17:06:26.580+0000 7f72a0106700 1 -- 172.21.15.76:0/3899429689 >> [v2:172.21.15.76:3300/0,v1:172.21.15.76:6789/0] conn(0x7f7298102880 msgr2=0x7f7298102c90 secure :-1 s=STATE_CONNECTION_ESTABLISHED l=1).mark_down
2024-04-24T17:06:27.437 INFO:teuthology.orchestra.run.smithi076.stdout:/usr/bin/ceph: stderr
2024-04-24T17:06:26.580+0000 7f72a0106700 1 --2- 172.21.15.76:0/3899429689 >> [v2:172.21.15.76:3300/0,v1:172.21.15.76:6789/0] conn(0x7f7298102880 0x7f7298102c90 secure :-1 s=READY pgs=88 cs=0 l=1 rev1=1 crypto rx=0x7f72940098e0 tx=0x7f7294009250 comp rx=0 tx=0).stop
2024-04-24T17:06:27.437 INFO:teuthology.orchestra.run.smithi076.stdout:/usr/bin/ceph: stderr
2024-04-24T17:06:26.580+0000 7f72a0106700 1 -- 172.21.15.76:0/3899429689 shutdown_connections
2024-04-24T17:06:27.437 INFO:teuthology.orchestra.run.smithi076.stdout:/usr/bin/ceph: stderr
