2024-04-24T17:20:54.273+0000 7f26f1b3e700 1 -- 172.21.15.62:0/2308072351 wait complete.
2024-04-24T17:20:54.822 INFO:teuthology.orchestra.run.smithi062.stdout:Generating ssh key...
2024-04-24T17:20:55.212 INFO:journalctl@ceph.mon.smithi062.smithi062.stdout:Apr 24 17:20:54 smithi062 ceph-mon[26713]: [24/Apr/2024:17:20:53] ENGINE Bus STARTING
2024-04-24T17:20:55.212 INFO:journalctl@ceph.mon.smithi062.smithi062.stdout:Apr 24 17:20:54 smithi062 ceph-mon[26713]: [24/Apr/2024:17:20:53] ENGINE Serving on https://172.21.15.62:7150
2024-04-24T17:20:55.213 INFO:journalctl@ceph.mon.smithi062.smithi062.stdout:Apr 24 17:20:54 smithi062 ceph-mon[26713]: [24/Apr/2024:17:20:53] ENGINE Bus STARTED
2024-04-24T17:20:55.213 INFO:journalctl@ceph.mon.smithi062.smithi062.stdout:Apr 24 17:20:54 smithi062 ceph-mon[26713]: from='mgr.14118 172.21.15.62:0/903974467' entity='mgr.smithi062.crwkzu' cmd=[{"prefix": "config dump", "format": "json"}]: dispatch
2024-04-24T17:20:56.090 INFO:journalctl@ceph.mon.smithi062.smithi062.stdout:Apr 24 17:20:55 smithi062 ceph-mon[26713]: from='client.14132 -' entity='client.admin' cmd=[{"prefix": "cephadm set-user", "user": "root", "target": ["mon-mgr", ""]}]: dispatch
2024-04-24T17:20:56.090 INFO:journalctl@ceph.mon.smithi062.smithi062.stdout:Apr 24 17:20:55 smithi062 ceph-mon[26713]: from='mgr.14118 172.21.15.62:0/903974467' entity='mgr.smithi062.crwkzu'
2024-04-24T17:20:56.090 INFO:journalctl@ceph.mon.smithi062.smithi062.stdout:Apr 24 17:20:55 smithi062 ceph-mon[26713]: from='mgr.14118 172.21.15.62:0/903974467' entity='mgr.smithi062.crwkzu'
2024-04-24T17:20:56.368 INFO:teuthology.orchestra.run.smithi062.stdout:/usr/bin/ceph: stderr
2024-04-24T17:20:55.242+0000 7fe28edd4700 1 Processor -- start
2024-04-24T17:20:56.369 INFO:teuthology.orchestra.run.smithi062.stdout:/usr/bin/ceph: stderr
2024-04-24T17:20:55.242+0000 7fe28edd4700 1 -- start start
2024-04-24T17:20:56.369 INFO:teuthology.orchestra.run.smithi062.stdout:/usr/bin/ceph: stderr
2024-04-24T17:20:55.242+0000 7fe28edd4700 1 --2- >> [v2:172.21.15.62:3300/0,v1:172.21.15.62:6789/0] conn(0x7fe288078c10 0x7fe288077210 unknown :-1 s=NONE pgs=0 cs=0 l=0 rev1=0 crypto rx=0 tx=0 comp rx=0 tx=0).connect
2024-04-24T17:20:56.369 INFO:teuthology.orchestra.run.smithi062.stdout:/usr/bin/ceph: stderr
2024-04-24T17:20:55.242+0000 7fe28edd4700 1 -- --> [v2:172.21.15.62:3300/0,v1:172.21.15.62:6789/0] -- mon_getmap magic: 0 v1 -- 0x7fe288079020 con 0x7fe288078c10
2024-04-24T17:20:56.369 INFO:teuthology.orchestra.run.smithi062.stdout:/usr/bin/ceph: stderr
2024-04-24T17:20:55.242+0000 7fe28cb70700 1 --2- >> [v2:172.21.15.62:3300/0,v1:172.21.15.62:6789/0] conn(0x7fe288078c10 0x7fe288077210 unknown :-1 s=BANNER_CONNECTING pgs=0 cs=0 l=0 rev1=0 crypto rx=0 tx=0 comp rx=0 tx=0)._handle_peer_banner_payload supported=3 required=0
2024-04-24T17:20:56.369 INFO:teuthology.orchestra.run.smithi062.stdout:/usr/bin/ceph: stderr
2024-04-24T17:20:55.242+0000 7fe28cb70700 1 --2- >> [v2:172.21.15.62:3300/0,v1:172.21.15.62:6789/0] conn(0x7fe288078c10 0x7fe288077210 unknown :-1 s=HELLO_CONNECTING pgs=0 cs=0 l=0 rev1=1 crypto rx=0 tx=0 comp rx=0 tx=0).handle_hello peer v2:172.21.15.62:3300/0 says I am v2:172.21.15.62:60638/0 (socket says 172.21.15.62:60638)
2024-04-24T17:20:56.369 INFO:teuthology.orchestra.run.smithi062.stdout:/usr/bin/ceph: stderr
2024-04-24T17:20:55.242+0000 7fe28cb70700 1 -- 172.21.15.62:0/1142520659 learned_addr learned my addr 172.21.15.62:0/1142520659 (peer_addr_for_me v2:172.21.15.62:0/0)
2024-04-24T17:20:56.369 INFO:teuthology.orchestra.run.smithi062.stdout:/usr/bin/ceph: stderr
2024-04-24T17:20:55.243+0000 7fe28cb70700 1 -- 172.21.15.62:0/1142520659 --> [v2:172.21.15.62:3300/0,v1:172.21.15.62:6789/0] -- mon_subscribe({config=0+,monmap=0+}) v3 -- 0x7fe288077750 con 0x7fe288078c10
2024-04-24T17:20:56.369 INFO:teuthology.orchestra.run.smithi062.stdout:/usr/bin/ceph: stderr
2024-04-24T17:20:55.243+0000 7fe28cb70700 1 --2- 172.21.15.62:0/1142520659 >> [v2:172.21.15.62:3300/0,v1:172.21.15.62:6789/0] conn(0x7fe288078c10 0x7fe288077210 secure :-1 s=READY pgs=39 cs=0 l=1 rev1=1 crypto rx=0x7fe27c0098e0 tx=0x7fe27c009250 comp rx=0 tx=0).ready entity=mon.0 client_cookie=aaf5ba4fa9614608 server_cookie=0 in_seq=0 out_seq=0
2024-04-24T17:20:56.369 INFO:teuthology.orchestra.run.smithi062.stdout:/usr/bin/ceph: stderr
2024-04-24T17:20:55.243+0000 7fe2877fe700 1 -- 172.21.15.62:0/1142520659 <== mon.0 v2:172.21.15.62:3300/0 1 ==== mon_map magic: 0 v1 ==== 229+0+0 (secure 0 0 0) 0x7fe27c00b860 con 0x7fe288078c10
2024-04-24T17:20:56.369 INFO:teuthology.orchestra.run.smithi062.stdout:/usr/bin/ceph: stderr
2024-04-24T17:20:55.243+0000 7fe2877fe700 1 -- 172.21.15.62:0/1142520659 <== mon.0 v2:172.21.15.62:3300/0 2 ==== config(27 keys) v1 ==== 1044+0+0 (secure 0 0 0) 0x7fe27c00be50 con 0x7fe288078c10
2024-04-24T17:20:56.370 INFO:teuthology.orchestra.run.smithi062.stdout:/usr/bin/ceph: stderr
2024-04-24T17:20:55.243+0000 7fe2877fe700 1 -- 172.21.15.62:0/1142520659 <== mon.0 v2:172.21.15.62:3300/0 3 ==== mon_map magic: 0 v1 ==== 229+0+0 (secure 0 0 0) 0x7fe27c010380 con 0x7fe288078c10
2024-04-24T17:20:56.370 INFO:teuthology.orchestra.run.smithi062.stdout:/usr/bin/ceph: stderr
2024-04-24T17:20:55.243+0000 7fe28edd4700 1 -- 172.21.15.62:0/1142520659 >> [v2:172.21.15.62:3300/0,v1:172.21.15.62:6789/0] conn(0x7fe288078c10 msgr2=0x7fe288077210 secure :-1 s=STATE_CONNECTION_ESTABLISHED l=1).mark_down
2024-04-24T17:20:56.370 INFO:teuthology.orchestra.run.smithi062.stdout:/usr/bin/ceph: stderr
2024-04-24T17:20:55.243+0000 7fe28edd4700 1 --2- 172.21.15.62:0/1142520659 >> [v2:172.21.15.62:3300/0,v1:172.21.15.62:6789/0] conn(0x7fe288078c10 0x7fe288077210 secure :-1 s=READY pgs=39 cs=0 l=1 rev1=1 crypto rx=0x7fe27c0098e0 tx=0x7fe27c009250 comp rx=0 tx=0).stop
2024-04-24T17:20:56.370 INFO:teuthology.orchestra.run.smithi062.stdout:/usr/bin/ceph: stderr
2024-04-24T17:20:55.244+0000 7fe28edd4700 1 -- 172.21.15.62:0/1142520659 shutdown_connections
2024-04-24T17:20:56.370 INFO:teuthology.orchestra.run.smithi062.stdout:/usr/bin/ceph: stderr
2024-04-24T17:20:55.244+0000 7fe28edd4700 1 --2- 172.21.15.62:0/1142520659 >> [v2:172.21.15.62:3300/0,v1:172.21.15.62:6789/0] conn(0x7fe288078c10 0x7fe288077210 unknown :-1 s=CLOSED pgs=39 cs=0 l=1 rev1=1 crypto rx=0 tx=0 comp rx=0 tx=0).stop
2024-04-24T17:20:56.370 INFO:teuthology.orchestra.run.smithi062.stdout:/usr/bin/ceph: stderr
2024-04-24T17:20:55.244+0000 7fe28edd4700 1 -- 172.21.15.62:0/1142520659 >> 172.21.15.62:0/1142520659 conn(0x7fe2880fe090 msgr2=0x7fe2881004a0 unknown :-1 s=STATE_NONE l=0).mark_down
2024-04-24T17:20:56.370 INFO:teuthology.orchestra.run.smithi062.stdout:/usr/bin/ceph: stderr
2024-04-24T17:20:55.244+0000 7fe28edd4700 1 -- 172.21.15.62:0/1142520659 shutdown_connections
2024-04-24T17:20:56.371 INFO:teuthology.orchestra.run.smithi062.stdout:/usr/bin/ceph: stderr
2024-04-24T17:20:55.244+0000 7fe28edd4700 1 -- 172.21.15.62:0/1142520659 wait complete.
2024-04-24T17:20:56.371 INFO:teuthology.orchestra.run.smithi062.stdout:/usr/bin/ceph: stderr
2024-04-24T17:20:55.244+0000 7fe28edd4700 1 Processor -- start
2024-04-24T17:20:56.371 INFO:teuthology.orchestra.run.smithi062.stdout:/usr/bin/ceph: stderr
2024-04-24T17:20:55.244+0000 7fe28edd4700 1 -- start start
2024-04-24T17:20:56.371 INFO:teuthology.orchestra.run.smithi062.stdout:/usr/bin/ceph: stderr
2024-04-24T17:20:55.244+0000 7fe28edd4700 1 --2- >> [v2:172.21.15.62:3300/0,v1:172.21.15.62:6789/0] conn(0x7fe288078c10 0x7fe288113880 unknown :-1 s=NONE pgs=0 cs=0 l=1 rev1=0 crypto rx=0 tx=0 comp rx=0 tx=0).connect
2024-04-24T17:20:56.371 INFO:teuthology.orchestra.run.smithi062.stdout:/usr/bin/ceph: stderr
2024-04-24T17:20:55.244+0000 7fe28edd4700 1 -- --> [v2:172.21.15.62:3300/0,v1:172.21.15.62:6789/0] -- mon_getmap magic: 0 v1 -- 0x7fe288113dc0 con 0x7fe288078c10
2024-04-24T17:20:56.372 INFO:teuthology.orchestra.run.smithi062.stdout:/usr/bin/ceph: stderr
2024-04-24T17:20:55.245+0000 7fe28cb70700 1 --2- >> [v2:172.21.15.62:3300/0,v1:172.21.15.62:6789/0] conn(0x7fe288078c10 0x7fe288113880 unknown :-1 s=BANNER_CONNECTING pgs=0 cs=0 l=1 rev1=0 crypto rx=0 tx=0 comp rx=0 tx=0)._handle_peer_banner_payload supported=3 required=0
2024-04-24T17:20:56.372 INFO:teuthology.orchestra.run.smithi062.stdout:/usr/bin/ceph: stderr
2024-04-24T17:20:55.245+0000 7fe28cb70700 1 --2- >> [v2:172.21.15.62:3300/0,v1:172.21.15.62:6789/0] conn(0x7fe288078c10 0x7fe288113880 unknown :-1 s=HELLO_CONNECTING pgs=0 cs=0 l=1 rev1=1 crypto rx=0 tx=0 comp rx=0 tx=0).handle_hello peer v2:172.21.15.62:3300/0 says I am v2:172.21.15.62:60646/0 (socket says 172.21.15.62:60646)
2024-04-24T17:20:56.372 INFO:teuthology.orchestra.run.smithi062.stdout:/usr/bin/ceph: stderr
2024-04-24T17:20:55.245+0000 7fe28cb70700 1 -- 172.21.15.62:0/315607192 learned_addr learned my addr 172.21.15.62:0/315607192 (peer_addr_for_me v2:172.21.15.62:0/0)
2024-04-24T17:20:56.372 INFO:teuthology.orchestra.run.smithi062.stdout:/usr/bin/ceph: stderr
2024-04-24T17:20:55.245+0000 7fe28cb70700 1 -- 172.21.15.62:0/315607192 --> [v2:172.21.15.62:3300/0,v1:172.21.15.62:6789/0] -- mon_subscribe({config=0+,monmap=0+}) v3 -- 0x7fe27c0094f0 con 0x7fe288078c10
2024-04-24T17:20:56.372 INFO:teuthology.orchestra.run.smithi062.stdout:/usr/bin/ceph: stderr
2024-04-24T17:20:55.245+0000 7fe28cb70700 1 --2- 172.21.15.62:0/315607192 >> [v2:172.21.15.62:3300/0,v1:172.21.15.62:6789/0] conn(0x7fe288078c10 0x7fe288113880 secure :-1 s=READY pgs=40 cs=0 l=1 rev1=1 crypto rx=0x7fe27c006d40 tx=0x7fe27c009250 comp rx=0 tx=0).ready entity=mon.0 client_cookie=0 server_cookie=0 in_seq=0 out_seq=0
2024-04-24T17:20:56.372 INFO:teuthology.orchestra.run.smithi062.stdout:/usr/bin/ceph: stderr
2024-04-24T17:20:55.245+0000 7fe2857fa700 1 -- 172.21.15.62:0/315607192 <== mon.0 v2:172.21.15.62:3300/0 1 ==== mon_map magic: 0 v1 ==== 229+0+0 (secure 0 0 0) 0x7fe27c0107c0 con 0x7fe288078c10
2024-04-24T17:20:56.372 INFO:teuthology.orchestra.run.smithi062.stdout:/usr/bin/ceph: stderr
2024-04-24T17:20:55.245+0000 7fe2857fa700 1 -- 172.21.15.62:0/315607192 <== mon.0 v2:172.21.15.62:3300/0 2 ==== config(27 keys) v1 ==== 1044+0+0 (secure 0 0 0) 0x7fe27c010db0 con 0x7fe288078c10
2024-04-24T17:20:56.372 INFO:teuthology.orchestra.run.smithi062.stdout:/usr/bin/ceph: stderr
2024-04-24T17:20:55.245+0000 7fe28edd4700 1 -- 172.21.15.62:0/315607192 --> [v2:172.21.15.62:3300/0,v1:172.21.15.62:6789/0] -- mon_subscribe({mgrmap=0+}) v3 -- 0x7fe288113fc0 con 0x7fe288078c10
2024-04-24T17:20:56.372 INFO:teuthology.orchestra.run.smithi062.stdout:/usr/bin/ceph: stderr
2024-04-24T17:20:55.245+0000 7fe2857fa700 1 -- 172.21.15.62:0/315607192 <== mon.0 v2:172.21.15.62:3300/0 3 ==== mon_map magic: 0 v1 ==== 229+0+0 (secure 0 0 0) 0x7fe27c01ad90 con 0x7fe288078c10
2024-04-24T17:20:56.373 INFO:teuthology.orchestra.run.smithi062.stdout:/usr/bin/ceph: stderr
2024-04-24T17:20:55.245+0000 7fe28edd4700 1 -- 172.21.15.62:0/315607192 --> [v2:172.21.15.62:3300/0,v1:172.21.15.62:6789/0] -- mon_subscribe({osdmap=0}) v3 -- 0x7fe288114b30 con 0x7fe288078c10
2024-04-24T17:20:56.373 INFO:teuthology.orchestra.run.smithi062.stdout:/usr/bin/ceph: stderr
2024-04-24T17:20:55.246+0000 7fe2857fa700 1 -- 172.21.15.62:0/315607192 <== mon.0 v2:172.21.15.62:3300/0 4 ==== mgrmap(e 8) v1 ==== 43376+0+0 (secure 0 0 0) 0x7fe27c02b440 con 0x7fe288078c10
2024-04-24T17:20:56.373 INFO:teuthology.orchestra.run.smithi062.stdout:/usr/bin/ceph: stderr
2024-04-24T17:20:55.246+0000 7fe28edd4700 1 -- 172.21.15.62:0/315607192 --> [v2:172.21.15.62:3300/0,v1:172.21.15.62:6789/0] -- mon_command({"prefix": "get_command_descriptions"} v 0) v1 -- 0x7fe28805f5c0 con 0x7fe288078c10
2024-04-24T17:20:56.373 INFO:teuthology.orchestra.run.smithi062.stdout:/usr/bin/ceph: stderr
2024-04-24T17:20:55.246+0000 7fe2857fa700 1 --2- 172.21.15.62:0/315607192 >> [v2:172.21.15.62:6800/1841681915,v1:172.21.15.62:6801/1841681915] conn(0x7fe2780368a0 0x7fe278038d50 unknown :-1 s=NONE pgs=0 cs=0 l=1 rev1=0 crypto rx=0 tx=0 comp rx=0 tx=0).connect
2024-04-24T17:20:56.373 INFO:teuthology.orchestra.run.smithi062.stdout:/usr/bin/ceph: stderr
2024-04-24T17:20:55.246+0000 7fe2857fa700 1 -- 172.21.15.62:0/315607192 <== mon.0 v2:172.21.15.62:3300/0 5 ==== osd_map(2..2 src has 1..2) v4 ==== 936+0+0 (secure 0 0 0) 0x7fe27c01e070 con 0x7fe288078c10
2024-04-24T17:20:56.373 INFO:teuthology.orchestra.run.smithi062.stdout:/usr/bin/ceph: stderr
2024-04-24T17:20:55.247+0000 7fe287fff700 1 --2- 172.21.15.62:0/315607192 >> [v2:172.21.15.62:6800/1841681915,v1:172.21.15.62:6801/1841681915] conn(0x7fe2780368a0 0x7fe278038d50 unknown :-1 s=BANNER_CONNECTING pgs=0 cs=0 l=1 rev1=0 crypto rx=0 tx=0 comp rx=0 tx=0)._handle_peer_banner_payload supported=3 required=0
2024-04-24T17:20:56.374 INFO:teuthology.orchestra.run.smithi062.stdout:/usr/bin/ceph: stderr
2024-04-24T17:20:55.247+0000 7fe287fff700 1 --2- 172.21.15.62:0/315607192 >> [v2:172.21.15.62:6800/1841681915,v1:172.21.15.62:6801/1841681915] conn(0x7fe2780368a0 0x7fe278038d50 secure :-1 s=READY pgs=9 cs=0 l=1 rev1=1 crypto rx=0x7fe274009990 tx=0x7fe274006e40 comp rx=0 tx=0).ready entity=mgr.14118 client_cookie=0 server_cookie=0 in_seq=0 out_seq=0
2024-04-24T17:20:56.374 INFO:teuthology.orchestra.run.smithi062.stdout:/usr/bin/ceph: stderr
2024-04-24T17:20:55.251+0000 7fe2857fa700 1 -- 172.21.15.62:0/315607192 <== mon.0 v2:172.21.15.62:3300/0 6 ==== mon_command_ack([{"prefix": "get_command_descriptions"}]=0 v0) v1 ==== 72+0+176702 (secure 0 0 0) 0x7fe27c018b00 con 0x7fe288078c10
2024-04-24T17:20:56.374 INFO:teuthology.orchestra.run.smithi062.stdout:/usr/bin/ceph: stderr
2024-04-24T17:20:55.448+0000 7fe28edd4700 1 -- 172.21.15.62:0/315607192 --> [v2:172.21.15.62:6800/1841681915,v1:172.21.15.62:6801/1841681915] -- mgr_command(tid 0: {"prefix": "cephadm generate-key", "target": ["mon-mgr", ""]}) v1 -- 0x7fe2880ff2a0 con 0x7fe2780368a0
2024-04-24T17:20:56.374 INFO:teuthology.orchestra.run.smithi062.stdout:/usr/bin/ceph: stderr
2024-04-24T17:20:55.793+0000 7fe2857fa700 1 -- 172.21.15.62:0/315607192 <== mgr.14118 v2:172.21.15.62:6800/1841681915 1 ==== mgr_command_reply(tid 0: 0 ) v1 ==== 8+0+0 (secure 0 0 0) 0x7fe2880ff2a0 con 0x7fe2780368a0
2024-04-24T17:20:56.374 INFO:teuthology.orchestra.run.smithi062.stdout:/usr/bin/ceph: stderr
2024-04-24T17:20:55.795+0000 7fe28edd4700 1 -- 172.21.15.62:0/315607192 >> [v2:172.21.15.62:6800/1841681915,v1:172.21.15.62:6801/1841681915] conn(0x7fe2780368a0 msgr2=0x7fe278038d50 secure :-1 s=STATE_CONNECTION_ESTABLISHED l=1).mark_down
2024-04-24T17:20:56.374 INFO:teuthology.orchestra.run.smithi062.stdout:/usr/bin/ceph: stderr
2024-04-24T17:20:55.795+0000 7fe28edd4700 1 --2- 172.21.15.62:0/315607192 >> [v2:172.21.15.62:6800/1841681915,v1:172.21.15.62:6801/1841681915] conn(0x7fe2780368a0 0x7fe278038d50 secure :-1 s=READY pgs=9 cs=0 l=1 rev1=1 crypto rx=0x7fe274009990 tx=0x7fe274006e40 comp rx=0 tx=0).stop
2024-04-24T17:20:56.374 INFO:teuthology.orchestra.run.smithi062.stdout:/usr/bin/ceph: stderr
2024-04-24T17:20:55.795+0000 7fe28edd4700 1 -- 172.21.15.62:0/315607192 >> [v2:172.21.15.62:3300/0,v1:172.21.15.62:6789/0] conn(0x7fe288078c10 msgr2=0x7fe288113880 secure :-1 s=STATE_CONNECTION_ESTABLISHED l=1).mark_down
2024-04-24T17:20:56.374 INFO:teuthology.orchestra.run.smithi062.stdout:/usr/bin/ceph: stderr
2024-04-24T17:20:55.795+0000 7fe28edd4700 1 --2- 172.21.15.62:0/315607192 >> [v2:172.21.15.62:3300/0,v1:172.21.15.62:6789/0] conn(0x7fe288078c10 0x7fe288113880 secure :-1 s=READY pgs=40 cs=0 l=1 rev1=1 crypto rx=0x7fe27c006d40 tx=0x7fe27c009250 comp rx=0 tx=0).stop
2024-04-24T17:20:56.374 INFO:teuthology.orchestra.run.smithi062.stdout:/usr/bin/ceph: stderr
2024-04-24T17:20:55.795+0000 7fe28edd4700 1 -- 172.21.15.62:0/315607192 shutdown_connections
2024-04-24T17:20:56.374 INFO:teuthology.orchestra.run.smithi062.stdout:/usr/bin/ceph: stderr
2024-04-24T17:20:55.795+0000 7fe28edd4700 1 --2- 172.21.15.62:0/315607192 >> [v2:172.21.15.62:6800/1841681915,v1:172.21.15.62:6801/1841681915] conn(0x7fe2780368a0 0x7fe278038d50 unknown :-1 s=CLOSED pgs=9 cs=0 l=1 rev1=1 crypto rx=0 tx=0 comp rx=0 tx=0).stop
2024-04-24T17:20:56.374 INFO:teuthology.orchestra.run.smithi062.stdout:/usr/bin/ceph: stderr
2024-04-24T17:20:55.795+0000 7fe28edd4700 1 --2- 172.21.15.62:0/315607192 >> [v2:172.21.15.62:3300/0,v1:172.21.15.62:6789/0] conn(0x7fe288078c10 0x7fe288113880 unknown :-1 s=CLOSED pgs=40 cs=0 l=1 rev1=1 crypto rx=0 tx=0 comp rx=0 tx=0).stop
2024-04-24T17:20:56.374 INFO:teuthology.orchestra.run.smithi062.stdout:/usr/bin/ceph: stderr
2024-04-24T17:20:55.795+0000 7fe28edd4700 1 -- 172.21.15.62:0/315607192 >> 172.21.15.62:0/315607192 conn(0x7fe2880fe090 msgr2=0x7fe2880feb90 unknown :-1 s=STATE_NONE l=0).mark_down
2024-04-24T17:20:56.375 INFO:teuthology.orchestra.run.smithi062.stdout:/usr/bin/ceph: stderr
2024-04-24T17:20:55.795+0000 7fe28edd4700 1 -- 172.21.15.62:0/315607192 shutdown_connections
2024-04-24T17:20:56.375 INFO:teuthology.orchestra.run.smithi062.stdout:/usr/bin/ceph: stderr
2024-04-24T17:20:55.795+0000 7fe28edd4700 1 -- 172.21.15.62:0/315607192 wait complete.
2024-04-24T17:20:57.368 INFO:journalctl@ceph.mon.smithi062.smithi062.stdout:Apr 24 17:20:56 smithi062 ceph-mon[26713]: from='client.14134 -' entity='client.admin' cmd=[{"prefix": "cephadm generate-key", "target": ["mon-mgr", ""]}]: dispatch
2024-04-24T17:20:57.368 INFO:journalctl@ceph.mon.smithi062.smithi062.stdout:Apr 24 17:20:56 smithi062 ceph-mon[26713]: Generating ssh key...
2024-04-24T17:20:57.496 INFO:teuthology.orchestra.run.smithi062.stdout:/usr/bin/ceph: stdout ssh-rsa AAAAB3NzaC1yc2EAAAADAQABAAABgQDOD0w72nMZGIUoegWZ6KIc3fa0SXZm8Bs4fWcJd+CAO7HhvJ8wVIWdgzymUjlWhAJ20H7G5AzfeUkhh+cDOUf6TfjWMP/lLeoPGUmibTZMQt59tRgqgs92iyVFWrtrNBy8i5AQT+SEJfskpegfRvPyWdJ7bXpQGUCsd9ahPdMxpKOmZUiBhLqcoTuZmdel0fOuxUh3NHopxtR/4Ix10OXYY2zF7Z1pDCj6l4i1hzp9elgB7rs+Roog6TDYA7dUBjZQclfKyB4LEqcapgW8X76oVfx/r6g1Jrnu4REhTPhcxMH/gnvRQlxlk0ps4uySoN51NhY5l8l3VWwARR4Hh7QUurFeWDcqgr5rhIRr9Zf++aBPW25miEmWJYwWxRQL7haowogOolToSBmxaApD5uK+97rbjXzF3DaW2+CkUhjDAW2a9R46NCZu/58AcUDq9DZfnzgZcamROx9KhM3iVKjM3Jo1YKJpTIJjiryFVDttAgWqfLsCIL1khxRv663zTdk= ceph-ba40d8d0-025e-11ef-bc93-c7b262605968
2024-04-24T17:20:57.496 INFO:teuthology.orchestra.run.smithi062.stdout:/usr/bin/ceph: stderr
2024-04-24T17:20:56.762+0000 7f13e6ccc700 1 Processor -- start
2024-04-24T17:20:57.497 INFO:teuthology.orchestra.run.smithi062.stdout:/usr/bin/ceph: stderr
2024-04-24T17:20:56.762+0000 7f13e6ccc700 1 -- start start
2024-04-24T17:20:57.497 INFO:teuthology.orchestra.run.smithi062.stdout:/usr/bin/ceph: stderr
2024-04-24T17:20:56.762+0000 7f13e6ccc700 1 --2- >> [v2:172.21.15.62:3300/0,v1:172.21.15.62:6789/0] conn(0x7f13e0102880 0x7f13e0102c90 unknown :-1 s=NONE pgs=0 cs=0 l=0 rev1=0 crypto rx=0 tx=0 comp rx=0 tx=0).connect
2024-04-24T17:20:57.497 INFO:teuthology.orchestra.run.smithi062.stdout:/usr/bin/ceph: stderr
2024-04-24T17:20:56.762+0000 7f13e6ccc700 1 -- --> [v2:172.21.15.62:3300/0,v1:172.21.15.62:6789/0] -- mon_getmap magic: 0 v1 -- 0x7f13e01031d0 con 0x7f13e0102880
2024-04-24T17:20:57.497 INFO:teuthology.orchestra.run.smithi062.stdout:/usr/bin/ceph: stderr
2024-04-24T17:20:56.762+0000 7f13e4a68700 1 --2- >> [v2:172.21.15.62:3300/0,v1:172.21.15.62:6789/0] conn(0x7f13e0102880 0x7f13e0102c90 unknown :-1 s=BANNER_CONNECTING pgs=0 cs=0 l=0 rev1=0 crypto rx=0 tx=0 comp rx=0 tx=0)._handle_peer_banner_payload supported=3 required=0
2024-04-24T17:20:57.497 INFO:teuthology.orchestra.run.smithi062.stdout:/usr/bin/ceph: stderr
2024-04-24T17:20:56.763+0000 7f13e4a68700 1 --2- >> [v2:172.21.15.62:3300/0,v1:172.21.15.62:6789/0] conn(0x7f13e0102880 0x7f13e0102c90 unknown :-1 s=HELLO_CONNECTING pgs=0 cs=0 l=0 rev1=1 crypto rx=0 tx=0 comp rx=0 tx=0).handle_hello peer v2:172.21.15.62:3300/0 says I am v2:172.21.15.62:48436/0 (socket says 172.21.15.62:48436)
2024-04-24T17:20:57.497 INFO:teuthology.orchestra.run.smithi062.stdout:/usr/bin/ceph: stderr
2024-04-24T17:20:56.763+0000 7f13e4a68700 1 -- 172.21.15.62:0/2705035604 learned_addr learned my addr 172.21.15.62:0/2705035604 (peer_addr_for_me v2:172.21.15.62:0/0)
2024-04-24T17:20:57.497 INFO:teuthology.orchestra.run.smithi062.stdout:/usr/bin/ceph: stderr
2024-04-24T17:20:56.763+0000 7f13e4a68700 1 -- 172.21.15.62:0/2705035604 --> [v2:172.21.15.62:3300/0,v1:172.21.15.62:6789/0] -- mon_subscribe({config=0+,monmap=0+}) v3 -- 0x7f13e0103310 con 0x7f13e0102880
2024-04-24T17:20:57.497 INFO:teuthology.orchestra.run.smithi062.stdout:/usr/bin/ceph: stderr
2024-04-24T17:20:56.763+0000 7f13e4a68700 1 --2- 172.21.15.62:0/2705035604 >> [v2:172.21.15.62:3300/0,v1:172.21.15.62:6789/0] conn(0x7f13e0102880 0x7f13e0102c90 secure :-1 s=READY pgs=41 cs=0 l=1 rev1=1 crypto rx=0x7f13d8009e50 tx=0x7f13d8009840 comp rx=0 tx=0).ready entity=mon.0 client_cookie=f021a1e29f937b6c server_cookie=0 in_seq=0 out_seq=0
2024-04-24T17:20:57.497 INFO:teuthology.orchestra.run.smithi062.stdout:/usr/bin/ceph: stderr
2024-04-24T17:20:56.763+0000 7f13df7fe700 1 -- 172.21.15.62:0/2705035604 <== mon.0 v2:172.21.15.62:3300/0 1 ==== mon_map magic: 0 v1 ==== 229+0+0 (secure 0 0 0) 0x7f13d80092e0 con 0x7f13e0102880
2024-04-24T17:20:57.497 INFO:teuthology.orchestra.run.smithi062.stdout:/usr/bin/ceph: stderr
2024-04-24T17:20:56.763+0000 7f13df7fe700 1 -- 172.21.15.62:0/2705035604 <== mon.0 v2:172.21.15.62:3300/0 2 ==== config(27 keys) v1 ==== 1044+0+0 (secure 0 0 0) 0x7f13d8012430 con 0x7f13e0102880
2024-04-24T17:20:57.497 INFO:teuthology.orchestra.run.smithi062.stdout:/usr/bin/ceph: stderr
2024-04-24T17:20:56.763+0000 7f13df7fe700 1 -- 172.21.15.62:0/2705035604 <== mon.0 v2:172.21.15.62:3300/0 3 ==== mon_map magic: 0 v1 ==== 229+0+0 (secure 0 0 0) 0x7f13d80075c0 con 0x7f13e0102880
2024-04-24T17:20:57.497 INFO:teuthology.orchestra.run.smithi062.stdout:/usr/bin/ceph: stderr
2024-04-24T17:20:56.764+0000 7f13e6ccc700 1 -- 172.21.15.62:0/2705035604 >> [v2:172.21.15.62:3300/0,v1:172.21.15.62:6789/0] conn(0x7f13e0102880 msgr2=0x7f13e0102c90 secure :-1 s=STATE_CONNECTION_ESTABLISHED l=1).mark_down
2024-04-24T17:20:57.497 INFO:teuthology.orchestra.run.smithi062.stdout:/usr/bin/ceph: stderr
2024-04-24T17:20:56.764+0000 7f13e6ccc700 1 --2- 172.21.15.62:0/2705035604 >> [v2:172.21.15.62:3300/0,v1:172.21.15.62:6789/0] conn(0x7f13e0102880 0x7f13e0102c90 secure :-1 s=READY pgs=41 cs=0 l=1 rev1=1 crypto rx=0x7f13d8009e50 tx=0x7f13d8009840 comp rx=0 tx=0).stop
2024-04-24T17:20:57.498 INFO:teuthology.orchestra.run.smithi062.stdout:/usr/bin/ceph: stderr
2024-04-24T17:20:56.764+0000 7f13e6ccc700 1 -- 172.21.15.62:0/2705035604 shutdown_connections
2024-04-24T17:20:57.498 INFO:teuthology.orchestra.run.smithi062.stdout:/usr/bin/ceph: stderr
2024-04-24T17:20:56.764+0000 7f13e6ccc700 1 --2- 172.21.15.62:0/2705035604 >> [v2:172.21.15.62:3300/0,v1:172.21.15.62:6789/0] conn(0x7f13e0102880 0x7f13e0102c90 unknown :-1 s=CLOSED pgs=41 cs=0 l=1 rev1=1 crypto rx=0 tx=0 comp rx=0 tx=0).stop
2024-04-24T17:20:57.498 INFO:teuthology.orchestra.run.smithi062.stdout:/usr/bin/ceph: stderr
2024-04-24T17:20:56.764+0000 7f13e6ccc700 1 -- 172.21.15.62:0/2705035604 >> 172.21.15.62:0/2705035604 conn(0x7f13e00fe060 msgr2=0x7f13e0100470 unknown :-1 s=STATE_NONE l=0).mark_down
2024-04-24T17:20:57.498 INFO:teuthology.orchestra.run.smithi062.stdout:/usr/bin/ceph: stderr
2024-04-24T17:20:56.764+0000 7f13e6ccc700 1 -- 172.21.15.62:0/2705035604 shutdown_connections
2024-04-24T17:20:57.498 INFO:teuthology.orchestra.run.smithi062.stdout:/usr/bin/ceph: stderr
2024-04-24T17:20:56.764+0000 7f13e6ccc700 1 -- 172.21.15.62:0/2705035604 wait complete.
2024-04-24T17:20:57.498 INFO:teuthology.orchestra.run.smithi062.stdout:/usr/bin/ceph: stderr
2024-04-24T17:20:56.764+0000 7f13e6ccc700 1 Processor -- start
2024-04-24T17:20:57.498 INFO:teuthology.orchestra.run.smithi062.stdout:/usr/bin/ceph: stderr
2024-04-24T17:20:56.764+0000 7f13e6ccc700 1 -- start start
2024-04-24T17:20:57.498 INFO:teuthology.orchestra.run.smithi062.stdout:/usr/bin/ceph: stderr
2024-04-24T17:20:56.765+0000 7f13e6ccc700 1 --2- >> [v2:172.21.15.62:3300/0,v1:172.21.15.62:6789/0] conn(0x7f13e0102880 0x7f13e0111630 unknown :-1 s=NONE pgs=0 cs=0 l=1 rev1=0 crypto rx=0 tx=0 comp rx=0 tx=0).connect
2024-04-24T17:20:57.498 INFO:teuthology.orchestra.run.smithi062.stdout:/usr/bin/ceph: stderr
2024-04-24T17:20:56.765+0000 7f13e6ccc700 1 -- --> [v2:172.21.15.62:3300/0,v1:172.21.15.62:6789/0] -- mon_getmap magic: 0 v1 -- 0x7f13e0111b70 con 0x7f13e0102880
2024-04-24T17:20:57.498 INFO:teuthology.orchestra.run.smithi062.stdout:/usr/bin/ceph: stderr
2024-04-24T17:20:56.765+0000 7f13e4a68700 1 --2- >> [v2:172.21.15.62:3300/0,v1:172.21.15.62:6789/0] conn(0x7f13e0102880 0x7f13e0111630 unknown :-1 s=BANNER_CONNECTING pgs=0 cs=0 l=1 rev1=0 crypto rx=0 tx=0 comp rx=0 tx=0)._handle_peer_banner_payload supported=3 required=0
2024-04-24T17:20:57.498 INFO:teuthology.orchestra.run.smithi062.stdout:/usr/bin/ceph: stderr
2024-04-24T17:20:56.765+0000 7f13e4a68700 1 --2- >> [v2:172.21.15.62:3300/0,v1:172.21.15.62:6789/0] conn(0x7f13e0102880 0x7f13e0111630 unknown :-1 s=HELLO_CONNECTING pgs=0 cs=0 l=1 rev1=1 crypto rx=0 tx=0 comp rx=0 tx=0).handle_hello peer v2:172.21.15.62:3300/0 says I am v2:172.21.15.62:48450/0 (socket says 172.21.15.62:48450)
2024-04-24T17:20:57.498 INFO:teuthology.orchestra.run.smithi062.stdout:/usr/bin/ceph: stderr
2024-04-24T17:20:56.765+0000 7f13e4a68700 1 -- 172.21.15.62:0/1761407025 learned_addr learned my addr 172.21.15.62:0/1761407025 (peer_addr_for_me v2:172.21.15.62:0/0)
2024-04-24T17:20:57.498 INFO:teuthology.orchestra.run.smithi062.stdout:/usr/bin/ceph: stderr
2024-04-24T17:20:56.765+0000 7f13e4a68700 1 -- 172.21.15.62:0/1761407025 --> [v2:172.21.15.62:3300/0,v1:172.21.15.62:6789/0] -- mon_subscribe({config=0+,monmap=0+}) v3 -- 0x7f13d8009ae0 con 0x7f13e0102880
2024-04-24T17:20:57.498 INFO:teuthology.orchestra.run.smithi062.stdout:/usr/bin/ceph: stderr
2024-04-24T17:20:56.765+0000 7f13e4a68700 1 --2- 172.21.15.62:0/1761407025 >> [v2:172.21.15.62:3300/0,v1:172.21.15.62:6789/0] conn(0x7f13e0102880 0x7f13e0111630 secure :-1 s=READY pgs=42 cs=0 l=1 rev1=1 crypto rx=0x7f13d8009fd0 tx=0x7f13d8009840 comp rx=0 tx=0).ready entity=mon.0 client_cookie=0 server_cookie=0 in_seq=0 out_seq=0
2024-04-24T17:20:57.499 INFO:teuthology.orchestra.run.smithi062.stdout:/usr/bin/ceph: stderr
2024-04-24T17:20:56.765+0000 7f13dd7fa700 1 -- 172.21.15.62:0/1761407025 <== mon.0 v2:172.21.15.62:3300/0 1 ==== mon_map magic: 0 v1 ==== 229+0+0 (secure 0 0 0) 0x7f13d80092e0 con 0x7f13e0102880
2024-04-24T17:20:57.499 INFO:teuthology.orchestra.run.smithi062.stdout:/usr/bin/ceph: stderr
2024-04-24T17:20:56.765+0000 7f13dd7fa700 1 -- 172.21.15.62:0/1761407025 <== mon.0 v2:172.21.15.62:3300/0 2 ==== config(27 keys) v1 ==== 1044+0+0 (secure 0 0 0) 0x7f13d8007cc0 con 0x7f13e0102880
2024-04-24T17:20:57.499 INFO:teuthology.orchestra.run.smithi062.stdout:/usr/bin/ceph: stderr
2024-04-24T17:20:56.765+0000 7f13e6ccc700 1 -- 172.21.15.62:0/1761407025 --> [v2:172.21.15.62:3300/0,v1:172.21.15.62:6789/0] -- mon_subscribe({mgrmap=0+}) v3 -- 0x7f13e0111d70 con 0x7f13e0102880
2024-04-24T17:20:57.499 INFO:teuthology.orchestra.run.smithi062.stdout:/usr/bin/ceph: stderr
2024-04-24T17:20:56.765+0000 7f13dd7fa700 1 -- 172.21.15.62:0/1761407025 <== mon.0 v2:172.21.15.62:3300/0 3 ==== mon_map magic: 0 v1 ==== 229+0+0 (secure 0 0 0) 0x7f13d801c9a0 con 0x7f13e0102880
2024-04-24T17:20:57.499 INFO:teuthology.orchestra.run.smithi062.stdout:/usr/bin/ceph: stderr
2024-04-24T17:20:56.765+0000 7f13e6ccc700 1 -- 172.21.15.62:0/1761407025 --> [v2:172.21.15.62:3300/0,v1:172.21.15.62:6789/0] -- mon_subscribe({osdmap=0}) v3 -- 0x7f13e01128e0 con 0x7f13e0102880
2024-04-24T17:20:57.499 INFO:teuthology.orchestra.run.smithi062.stdout:/usr/bin/ceph: stderr
2024-04-24T17:20:56.766+0000 7f13dd7fa700 1 -- 172.21.15.62:0/1761407025 <== mon.0 v2:172.21.15.62:3300/0 4 ==== mgrmap(e 8) v1 ==== 43376+0+0 (secure 0 0 0) 0x7f13d8019070 con 0x7f13e0102880
2024-04-24T17:20:57.499 INFO:teuthology.orchestra.run.smithi062.stdout:/usr/bin/ceph: stderr
2024-04-24T17:20:56.767+0000 7f13dd7fa700 1 --2- 172.21.15.62:0/1761407025 >> [v2:172.21.15.62:6800/1841681915,v1:172.21.15.62:6801/1841681915] conn(0x7f13c8036850 0x7f13c8038d00 unknown :-1 s=NONE pgs=0 cs=0 l=1 rev1=0 crypto rx=0 tx=0 comp rx=0 tx=0).connect
2024-04-24T17:20:57.499 INFO:teuthology.orchestra.run.smithi062.stdout:/usr/bin/ceph: stderr
2024-04-24T17:20:56.767+0000 7f13e6ccc700 1 -- 172.21.15.62:0/1761407025 --> [v2:172.21.15.62:3300/0,v1:172.21.15.62:6789/0] -- mon_command({"prefix": "get_command_descriptions"} v 0) v1 -- 0x7f13e005f5c0 con 0x7f13e0102880
2024-04-24T17:20:57.499 INFO:teuthology.orchestra.run.smithi062.stdout:/usr/bin/ceph: stderr
2024-04-24T17:20:56.767+0000 7f13dd7fa700 1 -- 172.21.15.62:0/1761407025 <== mon.0 v2:172.21.15.62:3300/0 5 ==== osd_map(2..2 src has 1..2) v4 ==== 936+0+0 (secure 0 0 0) 0x7f13d8049d80 con 0x7f13e0102880
2024-04-24T17:20:57.499 INFO:teuthology.orchestra.run.smithi062.stdout:/usr/bin/ceph: stderr
2024-04-24T17:20:56.767+0000 7f13dffff700 1 --2- 172.21.15.62:0/1761407025 >> [v2:172.21.15.62:6800/1841681915,v1:172.21.15.62:6801/1841681915] conn(0x7f13c8036850 0x7f13c8038d00 unknown :-1 s=BANNER_CONNECTING pgs=0 cs=0 l=1 rev1=0 crypto rx=0 tx=0 comp rx=0 tx=0)._handle_peer_banner_payload supported=3 required=0
2024-04-24T17:20:57.499 INFO:teuthology.orchestra.run.smithi062.stdout:/usr/bin/ceph: stderr
2024-04-24T17:20:56.767+0000 7f13dffff700 1 --2- 172.21.15.62:0/1761407025 >> [v2:172.21.15.62:6800/1841681915,v1:172.21.15.62:6801/1841681915] conn(0x7f13c8036850 0x7f13c8038d00 secure :-1 s=READY pgs=10 cs=0 l=1 rev1=1 crypto rx=0x7f13d4009990 tx=0x7f13d4006e40 comp rx=0 tx=0).ready entity=mgr.14118 client_cookie=0 server_cookie=0 in_seq=0 out_seq=0
2024-04-24T17:20:57.499 INFO:teuthology.orchestra.run.smithi062.stdout:/usr/bin/ceph: stderr
2024-04-24T17:20:56.772+0000 7f13dd7fa700 1 -- 172.21.15.62:0/1761407025 <== mon.0 v2:172.21.15.62:3300/0 6 ==== mon_command_ack([{"prefix": "get_command_descriptions"}]=0 v0) v1 ==== 72+0+176702 (secure 0 0 0) 0x7f13d8017080 con 0x7f13e0102880
2024-04-24T17:20:57.499 INFO:teuthology.orchestra.run.smithi062.stdout:/usr/bin/ceph: stderr
2024-04-24T17:20:56.970+0000 7f13e6ccc700 1 -- 172.21.15.62:0/1761407025 --> [v2:172.21.15.62:6800/1841681915,v1:172.21.15.62:6801/1841681915] -- mgr_command(tid 0: {"prefix": "cephadm get-pub-key", "target": ["mon-mgr", ""]}) v1 -- 0x7f13e00ff270 con 0x7f13c8036850
2024-04-24T17:20:57.499 INFO:teuthology.orchestra.run.smithi062.stdout:/usr/bin/ceph: stderr
2024-04-24T17:20:56.970+0000 7f13dd7fa700 1 -- 172.21.15.62:0/1761407025 <== mgr.14118 v2:172.21.15.62:6800/1841681915 1 ==== mgr_command_reply(tid 0: 0 ) v1 ==== 8+0+595 (secure 0 0 0) 0x7f13e00ff270 con 0x7f13c8036850
2024-04-24T17:20:57.500 INFO:teuthology.orchestra.run.smithi062.stdout:/usr/bin/ceph: stderr
2024-04-24T17:20:56.973+0000 7f13e6ccc700 1 -- 172.21.15.62:0/1761407025 >> [v2:172.21.15.62:6800/1841681915,v1:172.21.15.62:6801/1841681915] conn(0x7f13c8036850 msgr2=0x7f13c8038d00 secure :-1 s=STATE_CONNECTION_ESTABLISHED l=1).mark_down
2024-04-24T17:20:57.500 INFO:teuthology.orchestra.run.smithi062.stdout:/usr/bin/ceph: stderr
2024-04-24T17:20:56.973+0000 7f13e6ccc700 1 --2- 172.21.15.62:0/1761407025 >> [v2:172.21.15.62:6800/1841681915,v1:172.21.15.62:6801/1841681915] conn(0x7f13c8036850 0x7f13c8038d00 secure :-1 s=READY pgs=10 cs=0 l=1 rev1=1 crypto rx=0x7f13d4009990 tx=0x7f13d4006e40 comp rx=0 tx=0).stop
2024-04-24T17:20:57.500 INFO:teuthology.orchestra.run.smithi062.stdout:/usr/bin/ceph: stderr
2024-04-24T17:20:56.973+0000 7f13e6ccc700 1 -- 172.21.15.62:0/1761407025 >> [v2:172.21.15.62:3300/0,v1:172.21.15.62:6789/0] conn(0x7f13e0102880 msgr2=0x7f13e0111630 secure :-1 s=STATE_CONNECTION_ESTABLISHED l=1).mark_down
2024-04-24T17:20:57.500 INFO:teuthology.orchestra.run.smithi062.stdout:/usr/bin/ceph: stderr
2024-04-24T17:20:56.973+0000 7f13e6ccc700 1 --2- 172.21.15.62:0/1761407025 >> [v2:172.21.15.62:3300/0,v1:172.21.15.62:6789/0] conn(0x7f13e0102880 0x7f13e0111630 secure :-1 s=READY pgs=42 cs=0 l=1 rev1=1 crypto rx=0x7f13d8009fd0 tx=0x7f13d8009840 comp rx=0 tx=0).stop
2024-04-24T17:20:57.500 INFO:teuthology.orchestra.run.smithi062.stdout:/usr/bin/ceph: stderr
2024-04-24T17:20:56.973+0000 7f13e6ccc700 1 -- 172.21.15.62:0/1761407025 shutdown_connections
2024-04-24T17:20:57.500 INFO:teuthology.orchestra.run.smithi062.stdout:/usr/bin/ceph: stderr
2024-04-24T17:20:56.973+0000 7f13e6ccc700 1 --2- 172.21.15.62:0/1761407025 >> [v2:172.21.15.62:6800/1841681915,v1:172.21.15.62:6801/1841681915] conn(0x7f13c8036850 0x7f13c8038d00 unknown :-1 s=CLOSED pgs=10 cs=0 l=1 rev1=1 crypto rx=0 tx=0 comp rx=0 tx=0).stop
2024-04-24T17:20:57.500 INFO:teuthology.orchestra.run.smithi062.stdout:/usr/bin/ceph: stderr
2024-04-24T17:20:56.973+0000 7f13e6ccc700 1 --2- 172.21.15.62:0/1761407025 >> [v2:172.21.15.62:3300/0,v1:172.21.15.62:6789/0] conn(0x7f13e0102880 0x7f13e0111630 unknown :-1 s=CLOSED pgs=42 cs=0 l=1 rev1=1 crypto rx=0 tx=0 comp rx=0 tx=0).stop
2024-04-24T17:20:57.500 INFO:teuthology.orchestra.run.smithi062.stdout:/usr/bin/ceph: stderr
2024-04-24T17:20:56.973+0000 7f13e6ccc700 1 -- 172.21.15.62:0/1761407025 >> 172.21.15.62:0/1761407025 conn(0x7f13e00fe060 msgr2=0x7f13e00feb60 unknown :-1 s=STATE_NONE l=0).mark_down
2024-04-24T17:20:57.500 INFO:teuthology.orchestra.run.smithi062.stdout:/usr/bin/ceph: stderr
2024-04-24T17:20:56.973+0000 7f13e6ccc700 1 -- 172.21.15.62:0/1761407025 shutdown_connections
2024-04-24T17:20:57.500 INFO:teuthology.orchestra.run.smithi062.stdout:/usr/bin/ceph: stderr
2024-04-24T17:20:56.973+0000 7f13e6ccc700 1 -- 172.21.15.62:0/1761407025 wait complete.
2024-04-24T17:20:57.500 INFO:teuthology.orchestra.run.smithi062.stdout:Wrote public SSH key to /home/ubuntu/cephtest/ceph.pub
2024-04-24T17:20:57.500 INFO:teuthology.orchestra.run.smithi062.stdout:Adding key to root@localhost authorized_keys...
2024-04-24T17:20:57.500 INFO:teuthology.orchestra.run.smithi062.stdout:Adding host smithi062...
2024-04-24T17:20:58.112 INFO:journalctl@ceph.mon.smithi062.smithi062.stdout:Apr 24 17:20:57 smithi062 ceph-mon[26713]: from='client.14136 -' entity='client.admin' cmd=[{"prefix": "cephadm get-pub-key", "target": ["mon-mgr", ""]}]: dispatch
2024-04-24T17:20:58.993 INFO:journalctl@ceph.mon.smithi062.smithi062.stdout:Apr 24 17:20:58 smithi062 ceph-mon[26713]: from='client.14138 -' entity='client.admin' cmd=[{"prefix": "orch host add", "hostname": "smithi062", "addr": "172.21.15.62", "target": ["mon-mgr", ""]}]: dispatch
2024-04-24T17:21:00.314 INFO:journalctl@ceph.mon.smithi062.smithi062.stdout:Apr 24 17:20:59 smithi062 ceph-mon[26713]: Deploying cephadm binary to smithi062
2024-04-24T17:21:00.580 INFO:teuthology.orchestra.run.smithi062.stdout:/usr/bin/ceph: stdout Added host 'smithi062' with addr '172.21.15.62'
2024-04-24T17:21:00.580 INFO:teuthology.orchestra.run.smithi062.stdout:/usr/bin/ceph: stderr
2024-04-24T17:20:57.902+0000 7f0bf759e700 1 Processor -- start
2024-04-24T17:21:00.580 INFO:teuthology.orchestra.run.smithi062.stdout:/usr/bin/ceph: stderr
2024-04-24T17:20:57.902+0000 7f0bf759e700 1 -- start start
2024-04-24T17:21:00.580 INFO:teuthology.orchestra.run.smithi062.stdout:/usr/bin/ceph: stderr
2024-04-24T17:20:57.903+0000 7f0bf759e700 1 --2- >> [v2:172.21.15.62:3300/0,v1:172.21.15.62:6789/0] conn(0x7f0bf8078c30 0x7f0bf8077230 unknown :-1 s=NONE pgs=0 cs=0 l=0 rev1=0 crypto rx=0 tx=0 comp rx=0 tx=0).connect
2024-04-24T17:21:00.580 INFO:teuthology.orchestra.run.smithi062.stdout:/usr/bin/ceph: stderr
2024-04-24T17:20:57.903+0000 7f0bf759e700 1 -- --> [v2:172.21.15.62:3300/0,v1:172.21.15.62:6789/0] -- mon_getmap magic: 0 v1 -- 0x7f0bf8079040 con 0x7f0bf8078c30
2024-04-24T17:21:00.580 INFO:teuthology.orchestra.run.smithi062.stdout:/usr/bin/ceph: stderr
2024-04-24T17:20:57.903+0000 7f0bf659c700 1 --2- >> [v2:172.21.15.62:3300/0,v1:172.21.15.62:6789/0] conn(0x7f0bf8078c30 0x7f0bf8077230 unknown :-1 s=BANNER_CONNECTING pgs=0 cs=0 l=0 rev1=0 crypto rx=0 tx=0 comp rx=0 tx=0)._handle_peer_banner_payload supported=3 required=0
2024-04-24T17:21:00.580 INFO:teuthology.orchestra.run.smithi062.stdout:/usr/bin/ceph: stderr
2024-04-24T17:20:57.903+0000 7f0bf659c700 1 --2- >> [v2:172.21.15.62:3300/0,v1:172.21.15.62:6789/0] conn(0x7f0bf8078c30 0x7f0bf8077230 unknown :-1 s=HELLO_CONNECTING pgs=0 cs=0 l=0 rev1=1 crypto rx=0 tx=0 comp rx=0 tx=0).handle_hello peer v2:172.21.15.62:3300/0 says I am v2:172.21.15.62:48464/0 (socket says 172.21.15.62:48464)
2024-04-24T17:21:00.580 INFO:teuthology.orchestra.run.smithi062.stdout:/usr/bin/ceph: stderr
2024-04-24T17:20:57.903+0000 7f0bf659c700 1 -- 172.21.15.62:0/3510098248 learned_addr learned my addr 172.21.15.62:0/3510098248 (peer_addr_for_me v2:172.21.15.62:0/0)
2024-04-24T17:21:00.580 INFO:teuthology.orchestra.run.smithi062.stdout:/usr/bin/ceph: stderr
2024-04-24T17:20:57.903+0000 7f0bf659c700 1 -- 172.21.15.62:0/3510098248 --> [v2:172.21.15.62:3300/0,v1:172.21.15.62:6789/0] -- mon_subscribe({config=0+,monmap=0+}) v3 -- 0x7f0bf8077770 con 0x7f0bf8078c30
2024-04-24T17:21:00.580 INFO:teuthology.orchestra.run.smithi062.stdout:/usr/bin/ceph: stderr
2024-04-24T17:20:57.903+0000 7f0bf659c700 1 --2- 172.21.15.62:0/3510098248 >> [v2:172.21.15.62:3300/0,v1:172.21.15.62:6789/0] conn(0x7f0bf8078c30 0x7f0bf8077230 secure :-1 s=READY pgs=43 cs=0 l=1 rev1=1 crypto rx=0x7f0be00098e0 tx=0x7f0be0009250 comp rx=0 tx=0).ready entity=mon.0 client_cookie=fd25bd547ccecdba server_cookie=0 in_seq=0 out_seq=0
2024-04-24T17:21:00.581 INFO:teuthology.orchestra.run.smithi062.stdout:/usr/bin/ceph: stderr
2024-04-24T17:20:57.904+0000 7f0bf559a700 1 -- 172.21.15.62:0/3510098248 <== mon.0 v2:172.21.15.62:3300/0 1 ==== mon_map magic: 0 v1 ==== 229+0+0 (secure 0 0 0) 0x7f0be000b860 con 0x7f0bf8078c30
2024-04-24T17:21:00.581 INFO:teuthology.orchestra.run.smithi062.stdout:/usr/bin/ceph: stderr
2024-04-24T17:20:57.904+0000 7f0bf559a700 1 -- 172.21.15.62:0/3510098248 <== mon.0 v2:172.21.15.62:3300/0 2 ==== config(27 keys) v1 ==== 1044+0+0 (secure 0 0 0) 0x7f0be000be50 con 0x7f0bf8078c30
2024-04-24T17:21:00.581 INFO:teuthology.orchestra.run.smithi062.stdout:/usr/bin/ceph: stderr
2024-04-24T17:20:57.904+0000 7f0bf559a700 1 -- 172.21.15.62:0/3510098248 <== mon.0 v2:172.21.15.62:3300/0 3 ==== mon_map magic: 0 v1 ==== 229+0+0 (secure 0 0 0) 0x7f0be0010380 con 0x7f0bf8078c30
2024-04-24T17:21:00.581 INFO:teuthology.orchestra.run.smithi062.stdout:/usr/bin/ceph: stderr
2024-04-24T17:20:57.904+0000 7f0bf759e700 1 -- 172.21.15.62:0/3510098248 >> [v2:172.21.15.62:3300/0,v1:172.21.15.62:6789/0] conn(0x7f0bf8078c30 msgr2=0x7f0bf8077230 secure :-1 s=STATE_CONNECTION_ESTABLISHED l=1).mark_down
2024-04-24T17:21:00.581 INFO:teuthology.orchestra.run.smithi062.stdout:/usr/bin/ceph: stderr
2024-04-24T17:20:57.904+0000 7f0bf759e700 1 --2- 172.21.15.62:0/3510098248 >> [v2:172.21.15.62:3300/0,v1:172.21.15.62:6789/0] conn(0x7f0bf8078c30 0x7f0bf8077230 secure :-1 s=READY pgs=43 cs=0 l=1 rev1=1 crypto rx=0x7f0be00098e0 tx=0x7f0be0009250 comp rx=0 tx=0).stop
2024-04-24T17:21:00.581 INFO:teuthology.orchestra.run.smithi062.stdout:/usr/bin/ceph: stderr
2024-04-24T17:20:57.904+0000 7f0bf759e700 1 -- 172.21.15.62:0/3510098248 shutdown_connections
2024-04-24T17:21:00.581 INFO:teuthology.orchestra.run.smithi062.stdout:/usr/bin/ceph: stderr
2024-04-24T17:20:57.904+0000 7f0bf759e700 1 --2- 172.21.15.62:0/3510098248 >> [v2:172.21.15.62:3300/0,v1:172.21.15.62:6789/0] conn(0x7f0bf8078c30 0x7f0bf8077230 unknown :-1 s=CLOSED pgs=43 cs=0 l=1 rev1=1 crypto rx=0 tx=0 comp rx=0 tx=0).stop
2024-04-24T17:21:00.581 INFO:teuthology.orchestra.run.smithi062.stdout:/usr/bin/ceph: stderr
2024-04-24T17:20:57.904+0000 7f0bf759e700 1 -- 172.21.15.62:0/3510098248 >> 172.21.15.62:0/3510098248 conn(0x7f0bf80fdea0 msgr2=0x7f0bf81002d0 unknown :-1 s=STATE_NONE l=0).mark_down
2024-04-24T17:21:00.581 INFO:teuthology.orchestra.run.smithi062.stdout:/usr/bin/ceph: stderr
2024-04-24T17:20:57.904+0000 7f0bf759e700 1 -- 172.21.15.62:0/3510098248 shutdown_connections
2024-04-24T17:21:00.581 INFO:teuthology.orchestra.run.smithi062.stdout:/usr/bin/ceph: stderr
2024-04-24T17:20:57.904+0000 7f0bf759e700 1 -- 172.21.15.62:0/3510098248 wait complete.
2024-04-24T17:21:00.581 INFO:teuthology.orchestra.run.smithi062.stdout:/usr/bin/ceph: stderr
2024-04-24T17:20:57.905+0000 7f0bf759e700 1 Processor -- start
2024-04-24T17:21:00.581 INFO:teuthology.orchestra.run.smithi062.stdout:/usr/bin/ceph: stderr
2024-04-24T17:20:57.905+0000 7f0bf759e700 1 -- start start
2024-04-24T17:21:00.582 INFO:teuthology.orchestra.run.smithi062.stdout:/usr/bin/ceph: stderr
2024-04-24T17:20:57.905+0000 7f0bf759e700 1 --2- >> [v2:172.21.15.62:3300/0,v1:172.21.15.62:6789/0] conn(0x7f0bf8078c30 0x7f0bf81136b0 unknown :-1 s=NONE pgs=0 cs=0 l=1 rev1=0 crypto rx=0 tx=0 comp rx=0 tx=0).connect
2024-04-24T17:21:00.582 INFO:teuthology.orchestra.run.smithi062.stdout:/usr/bin/ceph: stderr
2024-04-24T17:20:57.905+0000 7f0bf759e700 1 -- --> [v2:172.21.15.62:3300/0,v1:172.21.15.62:6789/0] -- mon_getmap magic: 0 v1 -- 0x7f0bf8113bf0 con 0x7f0bf8078c30
2024-04-24T17:21:00.582 INFO:teuthology.orchestra.run.smithi062.stdout:/usr/bin/ceph: stderr
2024-04-24T17:20:57.905+0000 7f0bf659c700 1 --2- >> [v2:172.21.15.62:3300/0,v1:172.21.15.62:6789/0] conn(0x7f0bf8078c30 0x7f0bf81136b0 unknown :-1 s=BANNER_CONNECTING pgs=0 cs=0 l=1 rev1=0 crypto rx=0 tx=0 comp rx=0 tx=0)._handle_peer_banner_payload supported=3 required=0
2024-04-24T17:21:00.582 INFO:teuthology.orchestra.run.smithi062.stdout:/usr/bin/ceph: stderr
2024-04-24T17:20:57.905+0000 7f0bf659c700 1 --2- >> [v2:172.21.15.62:3300/0,v1:172.21.15.62:6789/0] conn(0x7f0bf8078c30 0x7f0bf81136b0 unknown :-1 s=HELLO_CONNECTING pgs=0 cs=0 l=1 rev1=1 crypto rx=0 tx=0 comp rx=0 tx=0).handle_hello peer v2:172.21.15.62:3300/0 says I am v2:172.21.15.62:48476/0 (socket says 172.21.15.62:48476)
2024-04-24T17:21:00.582 INFO:teuthology.orchestra.run.smithi062.stdout:/usr/bin/ceph: stderr
2024-04-24T17:20:57.905+0000 7f0bf659c700 1 -- 172.21.15.62:0/2849763188 learned_addr learned my addr 172.21.15.62:0/2849763188 (peer_addr_for_me v2:172.21.15.62:0/0)
2024-04-24T17:21:00.582 INFO:teuthology.orchestra.run.smithi062.stdout:/usr/bin/ceph: stderr
2024-04-24T17:20:57.906+0000 7f0bf659c700 1 -- 172.21.15.62:0/2849763188 --> [v2:172.21.15.62:3300/0,v1:172.21.15.62:6789/0] -- mon_subscribe({config=0+,monmap=0+}) v3 -- 0x7f0be00094f0 con 0x7f0bf8078c30
2024-04-24T17:21:00.582 INFO:teuthology.orchestra.run.smithi062.stdout:/usr/bin/ceph: stderr
2024-04-24T17:20:57.906+0000 7f0bf659c700 1 --2- 172.21.15.62:0/2849763188 >> [v2:172.21.15.62:3300/0,v1:172.21.15.62:6789/0] conn(0x7f0bf8078c30 0x7f0bf81136b0 secure :-1 s=READY pgs=44 cs=0 l=1 rev1=1 crypto rx=0x7f0be000b440 tx=0x7f0be0009250 comp rx=0 tx=0).ready entity=mon.0 client_cookie=0 server_cookie=0 in_seq=0 out_seq=0
2024-04-24T17:21:00.582 INFO:teuthology.orchestra.run.smithi062.stdout:/usr/bin/ceph: stderr
2024-04-24T17:20:57.906+0000 7f0beeffd700 1 -- 172.21.15.62:0/2849763188 <== mon.0 v2:172.21.15.62:3300/0 1 ==== mon_map magic: 0 v1 ==== 229+0+0 (secure 0 0 0) 0x7f0be0010760 con 0x7f0bf8078c30
2024-04-24T17:21:00.582 INFO:teuthology.orchestra.run.smithi062.stdout:/usr/bin/ceph: stderr
2024-04-24T17:20:57.906+0000 7f0beeffd700 1 -- 172.21.15.62:0/2849763188 <== mon.0 v2:172.21.15.62:3300/0 2 ==== config(27 keys) v1 ==== 1044+0+0 (secure 0 0 0) 0x7f0be0010d50 con 0x7f0bf8078c30
2024-04-24T17:21:00.582 INFO:teuthology.orchestra.run.smithi062.stdout:/usr/bin/ceph: stderr
2024-04-24T17:20:57.906+0000 7f0bf759e700 1 -- 172.21.15.62:0/2849763188 --> [v2:172.21.15.62:3300/0,v1:172.21.15.62:6789/0] -- mon_subscribe({mgrmap=0+}) v3 -- 0x7f0bf8113df0 con 0x7f0bf8078c30
2024-04-24T17:21:00.582 INFO:teuthology.orchestra.run.smithi062.stdout:/usr/bin/ceph: stderr
2024-04-24T17:20:57.906+0000 7f0beeffd700 1 -- 172.21.15.62:0/2849763188 <== mon.0 v2:172.21.15.62:3300/0 3 ==== mon_map magic: 0 v1 ==== 229+0+0 (secure 0 0 0) 0x7f0be001adc0 con 0x7f0bf8078c30
2024-04-24T17:21:00.582 INFO:teuthology.orchestra.run.smithi062.stdout:/usr/bin/ceph: stderr
2024-04-24T17:20:57.906+0000 7f0bf759e700 1 -- 172.21.15.62:0/2849763188 --> [v2:172.21.15.62:3300/0,v1:172.21.15.62:6789/0] -- mon_subscribe({osdmap=0}) v3 -- 0x7f0bf8114960 con 0x7f0bf8078c30
2024-04-24T17:21:00.582 INFO:teuthology.orchestra.run.smithi062.stdout:/usr/bin/ceph: stderr
2024-04-24T17:20:57.907+0000 7f0beeffd700 1 -- 172.21.15.62:0/2849763188 <== mon.0 v2:172.21.15.62:3300/0 4 ==== mgrmap(e 8) v1 ==== 43376+0+0 (secure 0 0 0) 0x7f0be00193c0 con 0x7f0bf8078c30
2024-04-24T17:21:00.582 INFO:teuthology.orchestra.run.smithi062.stdout:/usr/bin/ceph: stderr
2024-04-24T17:20:57.907+0000 7f0beeffd700 1 --2- 172.21.15.62:0/2849763188 >> [v2:172.21.15.62:6800/1841681915,v1:172.21.15.62:6801/1841681915] conn(0x7f0be40368a0 0x7f0be4038d50 unknown :-1 s=NONE pgs=0 cs=0 l=1 rev1=0 crypto rx=0 tx=0 comp rx=0 tx=0).connect
2024-04-24T17:21:00.583 INFO:teuthology.orchestra.run.smithi062.stdout:/usr/bin/ceph: stderr
2024-04-24T17:20:57.907+0000 7f0bf759e700 1 -- 172.21.15.62:0/2849763188 --> [v2:172.21.15.62:3300/0,v1:172.21.15.62:6789/0] -- mon_command({"prefix": "get_command_descriptions"} v 0) v1 -- 0x7f0bf805f5c0 con 0x7f0bf8078c30
2024-04-24T17:21:00.583 INFO:teuthology.orchestra.run.smithi062.stdout:/usr/bin/ceph: stderr
2024-04-24T17:20:57.907+0000 7f0beeffd700 1 -- 172.21.15.62:0/2849763188 <== mon.0 v2:172.21.15.62:3300/0 5 ==== osd_map(2..2 src has 1..2) v4 ==== 936+0+0 (secure 0 0 0) 0x7f0be004a070 con 0x7f0bf8078c30
2024-04-24T17:21:00.583 INFO:teuthology.orchestra.run.smithi062.stdout:/usr/bin/ceph: stderr
2024-04-24T17:20:57.907+0000 7f0bf5d9b700 1 --2- 172.21.15.62:0/2849763188 >> [v2:172.21.15.62:6800/1841681915,v1:172.21.15.62:6801/1841681915] conn(0x7f0be40368a0 0x7f0be4038d50 unknown :-1 s=BANNER_CONNECTING pgs=0 cs=0 l=1 rev1=0 crypto rx=0 tx=0 comp rx=0 tx=0)._handle_peer_banner_payload supported=3 required=0
2024-04-24T17:21:00.583 INFO:teuthology.orchestra.run.smithi062.stdout:/usr/bin/ceph: stderr
2024-04-24T17:20:57.907+0000 7f0bf5d9b700 1 --2- 172.21.15.62:0/2849763188 >> [v2:172.21.15.62:6800/1841681915,v1:172.21.15.62:6801/1841681915] conn(0x7f0be40368a0 0x7f0be4038d50 secure :-1 s=READY pgs=11 cs=0 l=1 rev1=1 crypto rx=0x7f0be8009990 tx=0x7f0be8006e40 comp rx=0 tx=0).ready entity=mgr.14118 client_cookie=0 server_cookie=0 in_seq=0 out_seq=0
2024-04-24T17:21:00.583 INFO:teuthology.orchestra.run.smithi062.stdout:/usr/bin/ceph: stderr
2024-04-24T17:20:57.912+0000 7f0beeffd700 1 -- 172.21.15.62:0/2849763188 <== mon.0 v2:172.21.15.62:3300/0 6 ==== mon_command_ack([{"prefix": "get_command_descriptions"}]=0 v0) v1 ==== 72+0+176702 (secure 0 0 0) 0x7f0be0022cd0 con 0x7f0bf8078c30
2024-04-24T17:21:00.583 INFO:teuthology.orchestra.run.smithi062.stdout:/usr/bin/ceph: stderr
2024-04-24T17:20:58.112+0000 7f0bf759e700 1 -- 172.21.15.62:0/2849763188 --> [v2:172.21.15.62:6800/1841681915,v1:172.21.15.62:6801/1841681915] -- mgr_command(tid 0: {"prefix": "orch host add", "hostname": "smithi062", "addr": "172.21.15.62", "target": ["mon-mgr", ""]}) v1 -- 0x7f0bf80ff0e0 con 0x7f0be40368a0
2024-04-24T17:21:00.583 INFO:teuthology.orchestra.run.smithi062.stdout:/usr/bin/ceph: stderr
2024-04-24T17:20:59.993+0000 7f0beeffd700 1 -- 172.21.15.62:0/2849763188 <== mgr.14118 v2:172.21.15.62:6800/1841681915 1 ==== mgr_command_reply(tid 0: 0 ) v1 ==== 8+0+48 (secure 0 0 0) 0x7f0bf80ff0e0 con 0x7f0be40368a0
2024-04-24T17:21:00.583 INFO:teuthology.orchestra.run.smithi062.stdout:/usr/bin/ceph: stderr
2024-04-24T17:20:59.996+0000 7f0bf759e700 1 -- 172.21.15.62:0/2849763188 >> [v2:172.21.15.62:6800/1841681915,v1:172.21.15.62:6801/1841681915] conn(0x7f0be40368a0 msgr2=0x7f0be4038d50 secure :-1 s=STATE_CONNECTION_ESTABLISHED l=1).mark_down
2024-04-24T17:21:00.583 INFO:teuthology.orchestra.run.smithi062.stdout:/usr/bin/ceph: stderr
2024-04-24T17:20:59.996+0000 7f0bf759e700 1 --2- 172.21.15.62:0/2849763188 >> [v2:172.21.15.62:6800/1841681915,v1:172.21.15.62:6801/1841681915] conn(0x7f0be40368a0 0x7f0be4038d50 secure :-1 s=READY pgs=11 cs=0 l=1 rev1=1 crypto rx=0x7f0be8009990 tx=0x7f0be8006e40 comp rx=0 tx=0).stop
2024-04-24T17:21:00.583 INFO:teuthology.orchestra.run.smithi062.stdout:/usr/bin/ceph: stderr
2024-04-24T17:20:59.996+0000 7f0bf759e700 1 -- 172.21.15.62:0/2849763188 >> [v2:172.21.15.62:3300/0,v1:172.21.15.62:6789/0] conn(0x7f0bf8078c30 msgr2=0x7f0bf81136b0 secure :-1 s=STATE_CONNECTION_ESTABLISHED l=1).mark_down
2024-04-24T17:21:00.583 INFO:teuthology.orchestra.run.smithi062.stdout:/usr/bin/ceph: stderr
2024-04-24T17:20:59.996+0000 7f0bf759e700 1 --2- 172.21.15.62:0/2849763188 >> [v2:172.21.15.62:3300/0,v1:172.21.15.62:6789/0] conn(0x7f0bf8078c30 0x7f0bf81136b0 secure :-1 s=READY pgs=44 cs=0 l=1 rev1=1 crypto rx=0x7f0be000b440 tx=0x7f0be0009250 comp rx=0 tx=0).stop
2024-04-24T17:21:00.583 INFO:teuthology.orchestra.run.smithi062.stdout:/usr/bin/ceph: stderr
2024-04-24T17:20:59.996+0000 7f0bf759e700 1 -- 172.21.15.62:0/2849763188 shutdown_connections
2024-04-24T17:21:00.583 INFO:teuthology.orchestra.run.smithi062.stdout:/usr/bin/ceph: stderr
2024-04-24T17:20:59.996+0000 7f0bf759e700 1 --2- 172.21.15.62:0/2849763188 >> [v2:172.21.15.62:6800/1841681915,v1:172.21.15.62:6801/1841681915] conn(0x7f0be40368a0 0x7f0be4038d50 unknown :-1 s=CLOSED pgs=11 cs=0 l=1 rev1=1 crypto rx=0 tx=0 comp rx=0 tx=0).stop
2024-04-24T17:21:00.584 INFO:teuthology.orchestra.run.smithi062.stdout:/usr/bin/ceph: stderr
2024-04-24T17:20:59.996+0000 7f0bf759e700 1 --2- 172.21.15.62:0/2849763188 >> [v2:172.21.15.62:3300/0,v1:172.21.15.62:6789/0] conn(0x7f0bf8078c30 0x7f0bf81136b0 unknown :-1 s=CLOSED pgs=44 cs=0 l=1 rev1=1 crypto rx=0 tx=0 comp rx=0 tx=0).stop
2024-04-24T17:21:00.584 INFO:teuthology.orchestra.run.smithi062.stdout:/usr/bin/ceph: stderr
2024-04-24T17:20:59.996+0000 7f0bf759e700 1 -- 172.21.15.62:0/2849763188 >> 172.21.15.62:0/2849763188 conn(0x7f0bf80fdea0 msgr2=0x7f0bf80fe9d0 unknown :-1 s=STATE_NONE l=0).mark_down
2024-04-24T17:21:00.584 INFO:teuthology.orchestra.run.smithi062.stdout:/usr/bin/ceph: stderr
