2024-04-24T17:21:04.609+0000 7f07da7a7700 1 -- 172.21.15.62:0/2370429775 >> 172.21.15.62:0/2370429775 conn(0x7f07d40fdfd0 msgr2=0x7f07d40feb20 unknown :-1 s=STATE_NONE l=0).mark_down
2024-04-24T17:21:05.717 INFO:teuthology.orchestra.run.smithi062.stdout:/usr/bin/ceph: stderr
2024-04-24T17:21:04.609+0000 7f07da7a7700 1 -- 172.21.15.62:0/2370429775 shutdown_connections
2024-04-24T17:21:05.717 INFO:teuthology.orchestra.run.smithi062.stdout:/usr/bin/ceph: stderr
2024-04-24T17:21:04.609+0000 7f07da7a7700 1 -- 172.21.15.62:0/2370429775 wait complete.
2024-04-24T17:21:05.717 INFO:teuthology.orchestra.run.smithi062.stdout:Deploying prometheus service with default placement...
2024-04-24T17:21:07.021 INFO:teuthology.orchestra.run.smithi062.stdout:/usr/bin/ceph: stdout Scheduled prometheus update...
2024-04-24T17:21:07.021 INFO:teuthology.orchestra.run.smithi062.stdout:/usr/bin/ceph: stderr
2024-04-24T17:21:06.186+0000 7f967b8ba700 1 Processor -- start
2024-04-24T17:21:07.021 INFO:teuthology.orchestra.run.smithi062.stdout:/usr/bin/ceph: stderr
2024-04-24T17:21:06.186+0000 7f967b8ba700 1 -- start start
2024-04-24T17:21:07.021 INFO:teuthology.orchestra.run.smithi062.stdout:/usr/bin/ceph: stderr
2024-04-24T17:21:06.186+0000 7f967b8ba700 1 --2- >> [v2:172.21.15.62:3300/0,v1:172.21.15.62:6789/0] conn(0x7f96740712d0 0x7f9674105470 unknown :-1 s=NONE pgs=0 cs=0 l=0 rev1=0 crypto rx=0 tx=0 comp rx=0 tx=0).connect
2024-04-24T17:21:07.021 INFO:teuthology.orchestra.run.smithi062.stdout:/usr/bin/ceph: stderr
2024-04-24T17:21:06.186+0000 7f967b8ba700 1 -- --> [v2:172.21.15.62:3300/0,v1:172.21.15.62:6789/0] -- mon_getmap magic: 0 v1 -- 0x7f96741059b0 con 0x7f96740712d0
2024-04-24T17:21:07.022 INFO:teuthology.orchestra.run.smithi062.stdout:/usr/bin/ceph: stderr
2024-04-24T17:21:06.187+0000 7f9679656700 1 --2- >> [v2:172.21.15.62:3300/0,v1:172.21.15.62:6789/0] conn(0x7f96740712d0 0x7f9674105470 unknown :-1 s=BANNER_CONNECTING pgs=0 cs=0 l=0 rev1=0 crypto rx=0 tx=0 comp rx=0 tx=0)._handle_peer_banner_payload supported=3 required=0
2024-04-24T17:21:07.022 INFO:teuthology.orchestra.run.smithi062.stdout:/usr/bin/ceph: stderr
2024-04-24T17:21:06.187+0000 7f9679656700 1 --2- >> [v2:172.21.15.62:3300/0,v1:172.21.15.62:6789/0] conn(0x7f96740712d0 0x7f9674105470 unknown :-1 s=HELLO_CONNECTING pgs=0 cs=0 l=0 rev1=1 crypto rx=0 tx=0 comp rx=0 tx=0).handle_hello peer v2:172.21.15.62:3300/0 says I am v2:172.21.15.62:42296/0 (socket says 172.21.15.62:42296)
2024-04-24T17:21:07.022 INFO:teuthology.orchestra.run.smithi062.stdout:/usr/bin/ceph: stderr
2024-04-24T17:21:06.187+0000 7f9679656700 1 -- 172.21.15.62:0/1120876275 learned_addr learned my addr 172.21.15.62:0/1120876275 (peer_addr_for_me v2:172.21.15.62:0/0)
2024-04-24T17:21:07.022 INFO:teuthology.orchestra.run.smithi062.stdout:/usr/bin/ceph: stderr
2024-04-24T17:21:06.187+0000 7f9679656700 1 -- 172.21.15.62:0/1120876275 --> [v2:172.21.15.62:3300/0,v1:172.21.15.62:6789/0] -- mon_subscribe({config=0+,monmap=0+}) v3 -- 0x7f9674105af0 con 0x7f96740712d0
2024-04-24T17:21:07.022 INFO:teuthology.orchestra.run.smithi062.stdout:/usr/bin/ceph: stderr
2024-04-24T17:21:06.187+0000 7f9679656700 1 --2- 172.21.15.62:0/1120876275 >> [v2:172.21.15.62:3300/0,v1:172.21.15.62:6789/0] conn(0x7f96740712d0 0x7f9674105470 secure :-1 s=READY pgs=51 cs=0 l=1 rev1=1 crypto rx=0x7f96640098e0 tx=0x7f9664009250 comp rx=0 tx=0).ready entity=mon.0 client_cookie=40558c065f62d46 server_cookie=0 in_seq=0 out_seq=0
2024-04-24T17:21:07.022 INFO:teuthology.orchestra.run.smithi062.stdout:/usr/bin/ceph: stderr
2024-04-24T17:21:06.187+0000 7f966bfff700 1 -- 172.21.15.62:0/1120876275 <== mon.0 v2:172.21.15.62:3300/0 1 ==== mon_map magic: 0 v1 ==== 229+0+0 (secure 0 0 0) 0x7f966400b860 con 0x7f96740712d0
2024-04-24T17:21:07.022 INFO:teuthology.orchestra.run.smithi062.stdout:/usr/bin/ceph: stderr
2024-04-24T17:21:06.187+0000 7f966bfff700 1 -- 172.21.15.62:0/1120876275 <== mon.0 v2:172.21.15.62:3300/0 2 ==== config(27 keys) v1 ==== 1109+0+0 (secure 0 0 0) 0x7f966400be90 con 0x7f96740712d0
2024-04-24T17:21:07.022 INFO:teuthology.orchestra.run.smithi062.stdout:/usr/bin/ceph: stderr
2024-04-24T17:21:06.187+0000 7f966bfff700 1 -- 172.21.15.62:0/1120876275 <== mon.0 v2:172.21.15.62:3300/0 3 ==== mon_map magic: 0 v1 ==== 229+0+0 (secure 0 0 0) 0x7f96640103c0 con 0x7f96740712d0
2024-04-24T17:21:07.022 INFO:teuthology.orchestra.run.smithi062.stdout:/usr/bin/ceph: stderr
2024-04-24T17:21:06.188+0000 7f967b8ba700 1 -- 172.21.15.62:0/1120876275 >> [v2:172.21.15.62:3300/0,v1:172.21.15.62:6789/0] conn(0x7f96740712d0 msgr2=0x7f9674105470 secure :-1 s=STATE_CONNECTION_ESTABLISHED l=1).mark_down
2024-04-24T17:21:07.022 INFO:teuthology.orchestra.run.smithi062.stdout:/usr/bin/ceph: stderr
2024-04-24T17:21:06.188+0000 7f967b8ba700 1 --2- 172.21.15.62:0/1120876275 >> [v2:172.21.15.62:3300/0,v1:172.21.15.62:6789/0] conn(0x7f96740712d0 0x7f9674105470 secure :-1 s=READY pgs=51 cs=0 l=1 rev1=1 crypto rx=0x7f96640098e0 tx=0x7f9664009250 comp rx=0 tx=0).stop
2024-04-24T17:21:07.022 INFO:teuthology.orchestra.run.smithi062.stdout:/usr/bin/ceph: stderr
2024-04-24T17:21:06.188+0000 7f967b8ba700 1 -- 172.21.15.62:0/1120876275 shutdown_connections
2024-04-24T17:21:07.022 INFO:teuthology.orchestra.run.smithi062.stdout:/usr/bin/ceph: stderr
2024-04-24T17:21:06.188+0000 7f967b8ba700 1 --2- 172.21.15.62:0/1120876275 >> [v2:172.21.15.62:3300/0,v1:172.21.15.62:6789/0] conn(0x7f96740712d0 0x7f9674105470 unknown :-1 s=CLOSED pgs=51 cs=0 l=1 rev1=1 crypto rx=0 tx=0 comp rx=0 tx=0).stop
2024-04-24T17:21:07.023 INFO:teuthology.orchestra.run.smithi062.stdout:/usr/bin/ceph: stderr
2024-04-24T17:21:06.188+0000 7f967b8ba700 1 -- 172.21.15.62:0/1120876275 >> 172.21.15.62:0/1120876275 conn(0x7f96740fcea0 msgr2=0x7f96740ff2f0 unknown :-1 s=STATE_NONE l=0).mark_down
2024-04-24T17:21:07.023 INFO:teuthology.orchestra.run.smithi062.stdout:/usr/bin/ceph: stderr
2024-04-24T17:21:06.188+0000 7f967b8ba700 1 -- 172.21.15.62:0/1120876275 shutdown_connections
2024-04-24T17:21:07.023 INFO:teuthology.orchestra.run.smithi062.stdout:/usr/bin/ceph: stderr
2024-04-24T17:21:06.188+0000 7f967b8ba700 1 -- 172.21.15.62:0/1120876275 wait complete.
2024-04-24T17:21:07.023 INFO:teuthology.orchestra.run.smithi062.stdout:/usr/bin/ceph: stderr
2024-04-24T17:21:06.189+0000 7f967b8ba700 1 Processor -- start
2024-04-24T17:21:07.023 INFO:teuthology.orchestra.run.smithi062.stdout:/usr/bin/ceph: stderr
2024-04-24T17:21:06.189+0000 7f967b8ba700 1 -- start start
2024-04-24T17:21:07.023 INFO:teuthology.orchestra.run.smithi062.stdout:/usr/bin/ceph: stderr
2024-04-24T17:21:06.189+0000 7f967b8ba700 1 --2- >> [v2:172.21.15.62:3300/0,v1:172.21.15.62:6789/0] conn(0x7f96740712d0 0x7f9674111670 unknown :-1 s=NONE pgs=0 cs=0 l=1 rev1=0 crypto rx=0 tx=0 comp rx=0 tx=0).connect
2024-04-24T17:21:07.023 INFO:teuthology.orchestra.run.smithi062.stdout:/usr/bin/ceph: stderr
2024-04-24T17:21:06.189+0000 7f967b8ba700 1 -- --> [v2:172.21.15.62:3300/0,v1:172.21.15.62:6789/0] -- mon_getmap magic: 0 v1 -- 0x7f9674111bb0 con 0x7f96740712d0
2024-04-24T17:21:07.023 INFO:teuthology.orchestra.run.smithi062.stdout:/usr/bin/ceph: stderr
2024-04-24T17:21:06.189+0000 7f9679656700 1 --2- >> [v2:172.21.15.62:3300/0,v1:172.21.15.62:6789/0] conn(0x7f96740712d0 0x7f9674111670 unknown :-1 s=BANNER_CONNECTING pgs=0 cs=0 l=1 rev1=0 crypto rx=0 tx=0 comp rx=0 tx=0)._handle_peer_banner_payload supported=3 required=0
2024-04-24T17:21:07.023 INFO:teuthology.orchestra.run.smithi062.stdout:/usr/bin/ceph: stderr
2024-04-24T17:21:06.189+0000 7f9679656700 1 --2- >> [v2:172.21.15.62:3300/0,v1:172.21.15.62:6789/0] conn(0x7f96740712d0 0x7f9674111670 unknown :-1 s=HELLO_CONNECTING pgs=0 cs=0 l=1 rev1=1 crypto rx=0 tx=0 comp rx=0 tx=0).handle_hello peer v2:172.21.15.62:3300/0 says I am v2:172.21.15.62:42302/0 (socket says 172.21.15.62:42302)
2024-04-24T17:21:07.023 INFO:teuthology.orchestra.run.smithi062.stdout:/usr/bin/ceph: stderr
2024-04-24T17:21:06.189+0000 7f9679656700 1 -- 172.21.15.62:0/3008480768 learned_addr learned my addr 172.21.15.62:0/3008480768 (peer_addr_for_me v2:172.21.15.62:0/0)
2024-04-24T17:21:07.023 INFO:teuthology.orchestra.run.smithi062.stdout:/usr/bin/ceph: stderr
2024-04-24T17:21:06.189+0000 7f9679656700 1 -- 172.21.15.62:0/3008480768 --> [v2:172.21.15.62:3300/0,v1:172.21.15.62:6789/0] -- mon_subscribe({config=0+,monmap=0+}) v3 -- 0x7f96640094f0 con 0x7f96740712d0
2024-04-24T17:21:07.023 INFO:teuthology.orchestra.run.smithi062.stdout:/usr/bin/ceph: stderr
2024-04-24T17:21:06.190+0000 7f9679656700 1 --2- 172.21.15.62:0/3008480768 >> [v2:172.21.15.62:3300/0,v1:172.21.15.62:6789/0] conn(0x7f96740712d0 0x7f9674111670 secure :-1 s=READY pgs=52 cs=0 l=1 rev1=1 crypto rx=0x7f96640105b0 tx=0x7f9664009250 comp rx=0 tx=0).ready entity=mon.0 client_cookie=0 server_cookie=0 in_seq=0 out_seq=0
2024-04-24T17:21:07.023 INFO:teuthology.orchestra.run.smithi062.stdout:/usr/bin/ceph: stderr
2024-04-24T17:21:06.190+0000 7f9669ffb700 1 -- 172.21.15.62:0/3008480768 <== mon.0 v2:172.21.15.62:3300/0 1 ==== mon_map magic: 0 v1 ==== 229+0+0 (secure 0 0 0) 0x7f9664010840 con 0x7f96740712d0
2024-04-24T17:21:07.024 INFO:teuthology.orchestra.run.smithi062.stdout:/usr/bin/ceph: stderr
2024-04-24T17:21:06.190+0000 7f9669ffb700 1 -- 172.21.15.62:0/3008480768 <== mon.0 v2:172.21.15.62:3300/0 2 ==== config(27 keys) v1 ==== 1109+0+0 (secure 0 0 0) 0x7f9664010e70 con 0x7f96740712d0
2024-04-24T17:21:07.024 INFO:teuthology.orchestra.run.smithi062.stdout:/usr/bin/ceph: stderr
2024-04-24T17:21:06.190+0000 7f967b8ba700 1 -- 172.21.15.62:0/3008480768 --> [v2:172.21.15.62:3300/0,v1:172.21.15.62:6789/0] -- mon_subscribe({mgrmap=0+}) v3 -- 0x7f9674111db0 con 0x7f96740712d0
2024-04-24T17:21:07.024 INFO:teuthology.orchestra.run.smithi062.stdout:/usr/bin/ceph: stderr
2024-04-24T17:21:06.190+0000 7f9669ffb700 1 -- 172.21.15.62:0/3008480768 <== mon.0 v2:172.21.15.62:3300/0 3 ==== mon_map magic: 0 v1 ==== 229+0+0 (secure 0 0 0) 0x7f96640243f0 con 0x7f96740712d0
2024-04-24T17:21:07.024 INFO:teuthology.orchestra.run.smithi062.stdout:/usr/bin/ceph: stderr
2024-04-24T17:21:06.190+0000 7f967b8ba700 1 -- 172.21.15.62:0/3008480768 --> [v2:172.21.15.62:3300/0,v1:172.21.15.62:6789/0] -- mon_subscribe({osdmap=0}) v3 -- 0x7f9674112920 con 0x7f96740712d0
2024-04-24T17:21:07.024 INFO:teuthology.orchestra.run.smithi062.stdout:/usr/bin/ceph: stderr
2024-04-24T17:21:06.191+0000 7f9669ffb700 1 -- 172.21.15.62:0/3008480768 <== mon.0 v2:172.21.15.62:3300/0 4 ==== mgrmap(e 8) v1 ==== 43376+0+0 (secure 0 0 0) 0x7f9664024550 con 0x7f96740712d0
2024-04-24T17:21:07.024 INFO:teuthology.orchestra.run.smithi062.stdout:/usr/bin/ceph: stderr
2024-04-24T17:21:06.191+0000 7f9669ffb700 1 --2- 172.21.15.62:0/3008480768 >> [v2:172.21.15.62:6800/1841681915,v1:172.21.15.62:6801/1841681915] conn(0x7f96600368a0 0x7f9660038d50 unknown :-1 s=NONE pgs=0 cs=0 l=1 rev1=0 crypto rx=0 tx=0 comp rx=0 tx=0).connect
2024-04-24T17:21:07.024 INFO:teuthology.orchestra.run.smithi062.stdout:/usr/bin/ceph: stderr
2024-04-24T17:21:06.191+0000 7f967b8ba700 1 -- 172.21.15.62:0/3008480768 --> [v2:172.21.15.62:3300/0,v1:172.21.15.62:6789/0] -- mon_command({"prefix": "get_command_descriptions"} v 0) v1 -- 0x7f967405f5c0 con 0x7f96740712d0
2024-04-24T17:21:07.024 INFO:teuthology.orchestra.run.smithi062.stdout:/usr/bin/ceph: stderr
2024-04-24T17:21:06.191+0000 7f9669ffb700 1 -- 172.21.15.62:0/3008480768 <== mon.0 v2:172.21.15.62:3300/0 5 ==== osd_map(2..2 src has 1..2) v4 ==== 936+0+0 (secure 0 0 0) 0x7f966404a590 con 0x7f96740712d0
2024-04-24T17:21:07.024 INFO:teuthology.orchestra.run.smithi062.stdout:/usr/bin/ceph: stderr
2024-04-24T17:21:06.191+0000 7f9678e55700 1 --2- 172.21.15.62:0/3008480768 >> [v2:172.21.15.62:6800/1841681915,v1:172.21.15.62:6801/1841681915] conn(0x7f96600368a0 0x7f9660038d50 unknown :-1 s=BANNER_CONNECTING pgs=0 cs=0 l=1 rev1=0 crypto rx=0 tx=0 comp rx=0 tx=0)._handle_peer_banner_payload supported=3 required=0
2024-04-24T17:21:07.024 INFO:teuthology.orchestra.run.smithi062.stdout:/usr/bin/ceph: stderr
2024-04-24T17:21:06.192+0000 7f9678e55700 1 --2- 172.21.15.62:0/3008480768 >> [v2:172.21.15.62:6800/1841681915,v1:172.21.15.62:6801/1841681915] conn(0x7f96600368a0 0x7f9660038d50 secure :-1 s=READY pgs=15 cs=0 l=1 rev1=1 crypto rx=0x7f9670009990 tx=0x7f9670006e40 comp rx=0 tx=0).ready entity=mgr.14118 client_cookie=0 server_cookie=0 in_seq=0 out_seq=0
2024-04-24T17:21:07.024 INFO:teuthology.orchestra.run.smithi062.stdout:/usr/bin/ceph: stderr
2024-04-24T17:21:06.196+0000 7f9669ffb700 1 -- 172.21.15.62:0/3008480768 <== mon.0 v2:172.21.15.62:3300/0 6 ==== mon_command_ack([{"prefix": "get_command_descriptions"}]=0 v0) v1 ==== 72+0+176702 (secure 0 0 0) 0x7f9664018710 con 0x7f96740712d0
2024-04-24T17:21:07.024 INFO:teuthology.orchestra.run.smithi062.stdout:/usr/bin/ceph: stderr
2024-04-24T17:21:06.411+0000 7f967b8ba700 1 -- 172.21.15.62:0/3008480768 --> [v2:172.21.15.62:6800/1841681915,v1:172.21.15.62:6801/1841681915] -- mgr_command(tid 0: {"prefix": "orch apply", "service_type": "prometheus", "target": ["mon-mgr", ""]}) v1 -- 0x7f96740fe120 con 0x7f96600368a0
2024-04-24T17:21:07.024 INFO:teuthology.orchestra.run.smithi062.stdout:/usr/bin/ceph: stderr
2024-04-24T17:21:06.415+0000 7f9669ffb700 1 -- 172.21.15.62:0/3008480768 <== mgr.14118 v2:172.21.15.62:6800/1841681915 1 ==== mgr_command_reply(tid 0: 0 ) v1 ==== 8+0+31 (secure 0 0 0) 0x7f96740fe120 con 0x7f96600368a0
2024-04-24T17:21:07.024 INFO:teuthology.orchestra.run.smithi062.stdout:/usr/bin/ceph: stderr
2024-04-24T17:21:06.417+0000 7f967b8ba700 1 -- 172.21.15.62:0/3008480768 >> [v2:172.21.15.62:6800/1841681915,v1:172.21.15.62:6801/1841681915] conn(0x7f96600368a0 msgr2=0x7f9660038d50 secure :-1 s=STATE_CONNECTION_ESTABLISHED l=1).mark_down
2024-04-24T17:21:07.025 INFO:teuthology.orchestra.run.smithi062.stdout:/usr/bin/ceph: stderr
2024-04-24T17:21:06.417+0000 7f967b8ba700 1 --2- 172.21.15.62:0/3008480768 >> [v2:172.21.15.62:6800/1841681915,v1:172.21.15.62:6801/1841681915] conn(0x7f96600368a0 0x7f9660038d50 secure :-1 s=READY pgs=15 cs=0 l=1 rev1=1 crypto rx=0x7f9670009990 tx=0x7f9670006e40 comp rx=0 tx=0).stop
2024-04-24T17:21:07.025 INFO:teuthology.orchestra.run.smithi062.stdout:/usr/bin/ceph: stderr
2024-04-24T17:21:06.417+0000 7f967b8ba700 1 -- 172.21.15.62:0/3008480768 >> [v2:172.21.15.62:3300/0,v1:172.21.15.62:6789/0] conn(0x7f96740712d0 msgr2=0x7f9674111670 secure :-1 s=STATE_CONNECTION_ESTABLISHED l=1).mark_down
2024-04-24T17:21:07.025 INFO:teuthology.orchestra.run.smithi062.stdout:/usr/bin/ceph: stderr
2024-04-24T17:21:06.417+0000 7f967b8ba700 1 --2- 172.21.15.62:0/3008480768 >> [v2:172.21.15.62:3300/0,v1:172.21.15.62:6789/0] conn(0x7f96740712d0 0x7f9674111670 secure :-1 s=READY pgs=52 cs=0 l=1 rev1=1 crypto rx=0x7f96640105b0 tx=0x7f9664009250 comp rx=0 tx=0).stop
2024-04-24T17:21:07.025 INFO:teuthology.orchestra.run.smithi062.stdout:/usr/bin/ceph: stderr
2024-04-24T17:21:06.418+0000 7f967b8ba700 1 -- 172.21.15.62:0/3008480768 shutdown_connections
2024-04-24T17:21:07.025 INFO:teuthology.orchestra.run.smithi062.stdout:/usr/bin/ceph: stderr
2024-04-24T17:21:06.418+0000 7f967b8ba700 1 --2- 172.21.15.62:0/3008480768 >> [v2:172.21.15.62:6800/1841681915,v1:172.21.15.62:6801/1841681915] conn(0x7f96600368a0 0x7f9660038d50 unknown :-1 s=CLOSED pgs=15 cs=0 l=1 rev1=1 crypto rx=0 tx=0 comp rx=0 tx=0).stop
2024-04-24T17:21:07.025 INFO:teuthology.orchestra.run.smithi062.stdout:/usr/bin/ceph: stderr
2024-04-24T17:21:06.418+0000 7f967b8ba700 1 --2- 172.21.15.62:0/3008480768 >> [v2:172.21.15.62:3300/0,v1:172.21.15.62:6789/0] conn(0x7f96740712d0 0x7f9674111670 unknown :-1 s=CLOSED pgs=52 cs=0 l=1 rev1=1 crypto rx=0 tx=0 comp rx=0 tx=0).stop
2024-04-24T17:21:07.025 INFO:teuthology.orchestra.run.smithi062.stdout:/usr/bin/ceph: stderr
2024-04-24T17:21:06.418+0000 7f967b8ba700 1 -- 172.21.15.62:0/3008480768 >> 172.21.15.62:0/3008480768 conn(0x7f96740fcea0 msgr2=0x7f96740fda10 unknown :-1 s=STATE_NONE l=0).mark_down
2024-04-24T17:21:07.025 INFO:teuthology.orchestra.run.smithi062.stdout:/usr/bin/ceph: stderr
2024-04-24T17:21:06.418+0000 7f967b8ba700 1 -- 172.21.15.62:0/3008480768 shutdown_connections
2024-04-24T17:21:07.025 INFO:teuthology.orchestra.run.smithi062.stdout:/usr/bin/ceph: stderr
2024-04-24T17:21:06.418+0000 7f967b8ba700 1 -- 172.21.15.62:0/3008480768 wait complete.
2024-04-24T17:21:07.025 INFO:teuthology.orchestra.run.smithi062.stdout:Deploying grafana service with default placement...
2024-04-24T17:21:07.708 INFO:journalctl@ceph.mon.smithi062.smithi062.stdout:Apr 24 17:21:07 smithi062 ceph-mon[26713]: from='client.14146 -' entity='client.admin' cmd=[{"prefix": "orch apply", "service_type": "prometheus", "target": ["mon-mgr", ""]}]: dispatch
2024-04-24T17:21:07.708 INFO:journalctl@ceph.mon.smithi062.smithi062.stdout:Apr 24 17:21:07 smithi062 ceph-mon[26713]: Saving service prometheus spec with placement count:1
2024-04-24T17:21:07.708 INFO:journalctl@ceph.mon.smithi062.smithi062.stdout:Apr 24 17:21:07 smithi062 ceph-mon[26713]: from='mgr.14118 172.21.15.62:0/903974467' entity='mgr.smithi062.crwkzu'
2024-04-24T17:21:07.708 INFO:journalctl@ceph.mon.smithi062.smithi062.stdout:Apr 24 17:21:07 smithi062 ceph-mon[26713]: from='mgr.14118 172.21.15.62:0/903974467' entity='mgr.smithi062.crwkzu'
2024-04-24T17:21:08.362 INFO:teuthology.orchestra.run.smithi062.stdout:/usr/bin/ceph: stdout Scheduled grafana update...
2024-04-24T17:21:08.363 INFO:teuthology.orchestra.run.smithi062.stdout:/usr/bin/ceph: stderr
2024-04-24T17:21:07.501+0000 7fe2cedf4700 1 Processor -- start
2024-04-24T17:21:08.363 INFO:teuthology.orchestra.run.smithi062.stdout:/usr/bin/ceph: stderr
2024-04-24T17:21:07.501+0000 7fe2cedf4700 1 -- start start
2024-04-24T17:21:08.363 INFO:teuthology.orchestra.run.smithi062.stdout:/usr/bin/ceph: stderr
2024-04-24T17:21:07.501+0000 7fe2cedf4700 1 --2- >> [v2:172.21.15.62:3300/0,v1:172.21.15.62:6789/0] conn(0x7fe2c8101750 0x7fe2c8101b60 unknown :-1 s=NONE pgs=0 cs=0 l=0 rev1=0 crypto rx=0 tx=0 comp rx=0 tx=0).connect
2024-04-24T17:21:08.363 INFO:teuthology.orchestra.run.smithi062.stdout:/usr/bin/ceph: stderr
2024-04-24T17:21:07.501+0000 7fe2cedf4700 1 -- --> [v2:172.21.15.62:3300/0,v1:172.21.15.62:6789/0] -- mon_getmap magic: 0 v1 -- 0x7fe2c81020a0 con 0x7fe2c8101750
2024-04-24T17:21:08.363 INFO:teuthology.orchestra.run.smithi062.stdout:/usr/bin/ceph: stderr
2024-04-24T17:21:07.502+0000 7fe2ccb90700 1 --2- >> [v2:172.21.15.62:3300/0,v1:172.21.15.62:6789/0] conn(0x7fe2c8101750 0x7fe2c8101b60 unknown :-1 s=BANNER_CONNECTING pgs=0 cs=0 l=0 rev1=0 crypto rx=0 tx=0 comp rx=0 tx=0)._handle_peer_banner_payload supported=3 required=0
2024-04-24T17:21:08.363 INFO:teuthology.orchestra.run.smithi062.stdout:/usr/bin/ceph: stderr
2024-04-24T17:21:07.502+0000 7fe2ccb90700 1 --2- >> [v2:172.21.15.62:3300/0,v1:172.21.15.62:6789/0] conn(0x7fe2c8101750 0x7fe2c8101b60 unknown :-1 s=HELLO_CONNECTING pgs=0 cs=0 l=0 rev1=1 crypto rx=0 tx=0 comp rx=0 tx=0).handle_hello peer v2:172.21.15.62:3300/0 says I am v2:172.21.15.62:42310/0 (socket says 172.21.15.62:42310)
2024-04-24T17:21:08.363 INFO:teuthology.orchestra.run.smithi062.stdout:/usr/bin/ceph: stderr
2024-04-24T17:21:07.502+0000 7fe2ccb90700 1 -- 172.21.15.62:0/756463647 learned_addr learned my addr 172.21.15.62:0/756463647 (peer_addr_for_me v2:172.21.15.62:0/0)
2024-04-24T17:21:08.363 INFO:teuthology.orchestra.run.smithi062.stdout:/usr/bin/ceph: stderr
2024-04-24T17:21:07.502+0000 7fe2ccb90700 1 -- 172.21.15.62:0/756463647 --> [v2:172.21.15.62:3300/0,v1:172.21.15.62:6789/0] -- mon_subscribe({config=0+,monmap=0+}) v3 -- 0x7fe2c81021e0 con 0x7fe2c8101750
2024-04-24T17:21:08.363 INFO:teuthology.orchestra.run.smithi062.stdout:/usr/bin/ceph: stderr
2024-04-24T17:21:07.502+0000 7fe2ccb90700 1 --2- 172.21.15.62:0/756463647 >> [v2:172.21.15.62:3300/0,v1:172.21.15.62:6789/0] conn(0x7fe2c8101750 0x7fe2c8101b60 secure :-1 s=READY pgs=53 cs=0 l=1 rev1=1 crypto rx=0x7fe2bc00bb80 tx=0x7fe2bc00b4f0 comp rx=0 tx=0).ready entity=mon.0 client_cookie=64e348d6f7fac2e1 server_cookie=0 in_seq=0 out_seq=0
2024-04-24T17:21:08.363 INFO:teuthology.orchestra.run.smithi062.stdout:/usr/bin/ceph: stderr
2024-04-24T17:21:07.502+0000 7fe2c77fe700 1 -- 172.21.15.62:0/756463647 <== mon.0 v2:172.21.15.62:3300/0 1 ==== mon_map magic: 0 v1 ==== 229+0+0 (secure 0 0 0) 0x7fe2bc00dd00 con 0x7fe2c8101750
2024-04-24T17:21:08.363 INFO:teuthology.orchestra.run.smithi062.stdout:/usr/bin/ceph: stderr
2024-04-24T17:21:07.502+0000 7fe2c77fe700 1 -- 172.21.15.62:0/756463647 <== mon.0 v2:172.21.15.62:3300/0 2 ==== config(27 keys) v1 ==== 1109+0+0 (secure 0 0 0) 0x7fe2bc00de60 con 0x7fe2c8101750
2024-04-24T17:21:08.363 INFO:teuthology.orchestra.run.smithi062.stdout:/usr/bin/ceph: stderr
2024-04-24T17:21:07.502+0000 7fe2c77fe700 1 -- 172.21.15.62:0/756463647 <== mon.0 v2:172.21.15.62:3300/0 3 ==== mon_map magic: 0 v1 ==== 229+0+0 (secure 0 0 0) 0x7fe2bc018920 con 0x7fe2c8101750
2024-04-24T17:21:08.363 INFO:teuthology.orchestra.run.smithi062.stdout:/usr/bin/ceph: stderr
2024-04-24T17:21:07.503+0000 7fe2cedf4700 1 -- 172.21.15.62:0/756463647 >> [v2:172.21.15.62:3300/0,v1:172.21.15.62:6789/0] conn(0x7fe2c8101750 msgr2=0x7fe2c8101b60 secure :-1 s=STATE_CONNECTION_ESTABLISHED l=1).mark_down
2024-04-24T17:21:08.364 INFO:teuthology.orchestra.run.smithi062.stdout:/usr/bin/ceph: stderr
2024-04-24T17:21:07.503+0000 7fe2cedf4700 1 --2- 172.21.15.62:0/756463647 >> [v2:172.21.15.62:3300/0,v1:172.21.15.62:6789/0] conn(0x7fe2c8101750 0x7fe2c8101b60 secure :-1 s=READY pgs=53 cs=0 l=1 rev1=1 crypto rx=0x7fe2bc00bb80 tx=0x7fe2bc00b4f0 comp rx=0 tx=0).stop
2024-04-24T17:21:08.364 INFO:teuthology.orchestra.run.smithi062.stdout:/usr/bin/ceph: stderr
2024-04-24T17:21:07.503+0000 7fe2cedf4700 1 -- 172.21.15.62:0/756463647 shutdown_connections
2024-04-24T17:21:08.364 INFO:teuthology.orchestra.run.smithi062.stdout:/usr/bin/ceph: stderr
2024-04-24T17:21:07.503+0000 7fe2cedf4700 1 --2- 172.21.15.62:0/756463647 >> [v2:172.21.15.62:3300/0,v1:172.21.15.62:6789/0] conn(0x7fe2c8101750 0x7fe2c8101b60 unknown :-1 s=CLOSED pgs=53 cs=0 l=1 rev1=1 crypto rx=0 tx=0 comp rx=0 tx=0).stop
2024-04-24T17:21:08.364 INFO:teuthology.orchestra.run.smithi062.stdout:/usr/bin/ceph: stderr
2024-04-24T17:21:07.503+0000 7fe2cedf4700 1 -- 172.21.15.62:0/756463647 >> 172.21.15.62:0/756463647 conn(0x7fe2c80fcef0 msgr2=0x7fe2c80ff300 unknown :-1 s=STATE_NONE l=0).mark_down
2024-04-24T17:21:08.364 INFO:teuthology.orchestra.run.smithi062.stdout:/usr/bin/ceph: stderr
2024-04-24T17:21:07.503+0000 7fe2cedf4700 1 -- 172.21.15.62:0/756463647 shutdown_connections
2024-04-24T17:21:08.364 INFO:teuthology.orchestra.run.smithi062.stdout:/usr/bin/ceph: stderr
2024-04-24T17:21:07.503+0000 7fe2cedf4700 1 -- 172.21.15.62:0/756463647 wait complete.
2024-04-24T17:21:08.364 INFO:teuthology.orchestra.run.smithi062.stdout:/usr/bin/ceph: stderr
2024-04-24T17:21:07.503+0000 7fe2cedf4700 1 Processor -- start
2024-04-24T17:21:08.364 INFO:teuthology.orchestra.run.smithi062.stdout:/usr/bin/ceph: stderr
2024-04-24T17:21:07.503+0000 7fe2cedf4700 1 -- start start
2024-04-24T17:21:08.364 INFO:teuthology.orchestra.run.smithi062.stdout:/usr/bin/ceph: stderr
2024-04-24T17:21:07.504+0000 7fe2cedf4700 1 --2- >> [v2:172.21.15.62:3300/0,v1:172.21.15.62:6789/0] conn(0x7fe2c8101750 0x7fe2c810f3b0 unknown :-1 s=NONE pgs=0 cs=0 l=1 rev1=0 crypto rx=0 tx=0 comp rx=0 tx=0).connect
2024-04-24T17:21:08.364 INFO:teuthology.orchestra.run.smithi062.stdout:/usr/bin/ceph: stderr
2024-04-24T17:21:07.504+0000 7fe2cedf4700 1 -- --> [v2:172.21.15.62:3300/0,v1:172.21.15.62:6789/0] -- mon_getmap magic: 0 v1 -- 0x7fe2c810f8f0 con 0x7fe2c8101750
2024-04-24T17:21:08.364 INFO:teuthology.orchestra.run.smithi062.stdout:/usr/bin/ceph: stderr
2024-04-24T17:21:07.504+0000 7fe2ccb90700 1 --2- >> [v2:172.21.15.62:3300/0,v1:172.21.15.62:6789/0] conn(0x7fe2c8101750 0x7fe2c810f3b0 unknown :-1 s=BANNER_CONNECTING pgs=0 cs=0 l=1 rev1=0 crypto rx=0 tx=0 comp rx=0 tx=0)._handle_peer_banner_payload supported=3 required=0
2024-04-24T17:21:08.364 INFO:teuthology.orchestra.run.smithi062.stdout:/usr/bin/ceph: stderr
2024-04-24T17:21:07.504+0000 7fe2ccb90700 1 --2- >> [v2:172.21.15.62:3300/0,v1:172.21.15.62:6789/0] conn(0x7fe2c8101750 0x7fe2c810f3b0 unknown :-1 s=HELLO_CONNECTING pgs=0 cs=0 l=1 rev1=1 crypto rx=0 tx=0 comp rx=0 tx=0).handle_hello peer v2:172.21.15.62:3300/0 says I am v2:172.21.15.62:42318/0 (socket says 172.21.15.62:42318)
2024-04-24T17:21:08.364 INFO:teuthology.orchestra.run.smithi062.stdout:/usr/bin/ceph: stderr
2024-04-24T17:21:07.504+0000 7fe2ccb90700 1 -- 172.21.15.62:0/4074626226 learned_addr learned my addr 172.21.15.62:0/4074626226 (peer_addr_for_me v2:172.21.15.62:0/0)
2024-04-24T17:21:08.364 INFO:teuthology.orchestra.run.smithi062.stdout:/usr/bin/ceph: stderr
2024-04-24T17:21:07.504+0000 7fe2ccb90700 1 -- 172.21.15.62:0/4074626226 --> [v2:172.21.15.62:3300/0,v1:172.21.15.62:6789/0] -- mon_subscribe({config=0+,monmap=0+}) v3 -- 0x7fe2bc00b790 con 0x7fe2c8101750
2024-04-24T17:21:08.364 INFO:teuthology.orchestra.run.smithi062.stdout:/usr/bin/ceph: stderr
2024-04-24T17:21:07.504+0000 7fe2ccb90700 1 --2- 172.21.15.62:0/4074626226 >> [v2:172.21.15.62:3300/0,v1:172.21.15.62:6789/0] conn(0x7fe2c8101750 0x7fe2c810f3b0 secure :-1 s=READY pgs=54 cs=0 l=1 rev1=1 crypto rx=0x7fe2bc006d40 tx=0x7fe2bc00b4f0 comp rx=0 tx=0).ready entity=mon.0 client_cookie=0 server_cookie=0 in_seq=0 out_seq=0
2024-04-24T17:21:08.365 INFO:teuthology.orchestra.run.smithi062.stdout:/usr/bin/ceph: stderr
2024-04-24T17:21:07.504+0000 7fe2c57fa700 1 -- 172.21.15.62:0/4074626226 <== mon.0 v2:172.21.15.62:3300/0 1 ==== mon_map magic: 0 v1 ==== 229+0+0 (secure 0 0 0) 0x7fe2bc00dc70 con 0x7fe2c8101750
2024-04-24T17:21:08.365 INFO:teuthology.orchestra.run.smithi062.stdout:/usr/bin/ceph: stderr
2024-04-24T17:21:07.504+0000 7fe2cedf4700 1 -- 172.21.15.62:0/4074626226 --> [v2:172.21.15.62:3300/0,v1:172.21.15.62:6789/0] -- mon_subscribe({mgrmap=0+}) v3 -- 0x7fe2c810faf0 con 0x7fe2c8101750
2024-04-24T17:21:08.365 INFO:teuthology.orchestra.run.smithi062.stdout:/usr/bin/ceph: stderr
2024-04-24T17:21:07.504+0000 7fe2c57fa700 1 -- 172.21.15.62:0/4074626226 <== mon.0 v2:172.21.15.62:3300/0 2 ==== config(27 keys) v1 ==== 1109+0+0 (secure 0 0 0) 0x7fe2bc01d050 con 0x7fe2c8101750
2024-04-24T17:21:08.365 INFO:teuthology.orchestra.run.smithi062.stdout:/usr/bin/ceph: stderr
2024-04-24T17:21:07.504+0000 7fe2c57fa700 1 -- 172.21.15.62:0/4074626226 <== mon.0 v2:172.21.15.62:3300/0 3 ==== mon_map magic: 0 v1 ==== 229+0+0 (secure 0 0 0) 0x7fe2bc0223d0 con 0x7fe2c8101750
2024-04-24T17:21:08.365 INFO:teuthology.orchestra.run.smithi062.stdout:/usr/bin/ceph: stderr
2024-04-24T17:21:07.504+0000 7fe2cedf4700 1 -- 172.21.15.62:0/4074626226 --> [v2:172.21.15.62:3300/0,v1:172.21.15.62:6789/0] -- mon_subscribe({osdmap=0}) v3 -- 0x7fe2c8110660 con 0x7fe2c8101750
2024-04-24T17:21:08.365 INFO:teuthology.orchestra.run.smithi062.stdout:/usr/bin/ceph: stderr
2024-04-24T17:21:07.505+0000 7fe2c57fa700 1 -- 172.21.15.62:0/4074626226 <== mon.0 v2:172.21.15.62:3300/0 4 ==== mgrmap(e 8) v1 ==== 43376+0+0 (secure 0 0 0) 0x7fe2bc010c00 con 0x7fe2c8101750
2024-04-24T17:21:08.365 INFO:teuthology.orchestra.run.smithi062.stdout:/usr/bin/ceph: stderr
2024-04-24T17:21:07.505+0000 7fe2c57fa700 1 --2- 172.21.15.62:0/4074626226 >> [v2:172.21.15.62:6800/1841681915,v1:172.21.15.62:6801/1841681915] conn(0x7fe2b8036850 0x7fe2b8038d00 unknown :-1 s=NONE pgs=0 cs=0 l=1 rev1=0 crypto rx=0 tx=0 comp rx=0 tx=0).connect
2024-04-24T17:21:08.365 INFO:teuthology.orchestra.run.smithi062.stdout:/usr/bin/ceph: stderr
2024-04-24T17:21:07.505+0000 7fe2cedf4700 1 -- 172.21.15.62:0/4074626226 --> [v2:172.21.15.62:3300/0,v1:172.21.15.62:6789/0] -- mon_command({"prefix": "get_command_descriptions"} v 0) v1 -- 0x7fe2c805f5c0 con 0x7fe2c8101750
2024-04-24T17:21:08.365 INFO:teuthology.orchestra.run.smithi062.stdout:/usr/bin/ceph: stderr
2024-04-24T17:21:07.506+0000 7fe2c57fa700 1 -- 172.21.15.62:0/4074626226 <== mon.0 v2:172.21.15.62:3300/0 5 ==== osd_map(2..2 src has 1..2) v4 ==== 936+0+0 (secure 0 0 0) 0x7fe2bc014070 con 0x7fe2c8101750
2024-04-24T17:21:08.365 INFO:teuthology.orchestra.run.smithi062.stdout:/usr/bin/ceph: stderr
2024-04-24T17:21:07.506+0000 7fe2c7fff700 1 --2- 172.21.15.62:0/4074626226 >> [v2:172.21.15.62:6800/1841681915,v1:172.21.15.62:6801/1841681915] conn(0x7fe2b8036850 0x7fe2b8038d00 unknown :-1 s=BANNER_CONNECTING pgs=0 cs=0 l=1 rev1=0 crypto rx=0 tx=0 comp rx=0 tx=0)._handle_peer_banner_payload supported=3 required=0
2024-04-24T17:21:08.365 INFO:teuthology.orchestra.run.smithi062.stdout:/usr/bin/ceph: stderr
2024-04-24T17:21:07.506+0000 7fe2c7fff700 1 --2- 172.21.15.62:0/4074626226 >> [v2:172.21.15.62:6800/1841681915,v1:172.21.15.62:6801/1841681915] conn(0x7fe2b8036850 0x7fe2b8038d00 secure :-1 s=READY pgs=16 cs=0 l=1 rev1=1 crypto rx=0x7fe2b4009990 tx=0x7fe2b4006e40 comp rx=0 tx=0).ready entity=mgr.14118 client_cookie=0 server_cookie=0 in_seq=0 out_seq=0
2024-04-24T17:21:08.365 INFO:teuthology.orchestra.run.smithi062.stdout:/usr/bin/ceph: stderr
2024-04-24T17:21:07.510+0000 7fe2c57fa700 1 -- 172.21.15.62:0/4074626226 <== mon.0 v2:172.21.15.62:3300/0 6 ==== mon_command_ack([{"prefix": "get_command_descriptions"}]=0 v0) v1 ==== 72+0+176702 (secure 0 0 0) 0x7fe2bc00ecf0 con 0x7fe2c8101750
2024-04-24T17:21:08.365 INFO:teuthology.orchestra.run.smithi062.stdout:/usr/bin/ceph: stderr
2024-04-24T17:21:07.724+0000 7fe2cedf4700 1 -- 172.21.15.62:0/4074626226 --> [v2:172.21.15.62:6800/1841681915,v1:172.21.15.62:6801/1841681915] -- mgr_command(tid 0: {"prefix": "orch apply", "service_type": "grafana", "target": ["mon-mgr", ""]}) v1 -- 0x7fe2c8110a10 con 0x7fe2b8036850
2024-04-24T17:21:08.365 INFO:teuthology.orchestra.run.smithi062.stdout:/usr/bin/ceph: stderr
2024-04-24T17:21:07.728+0000 7fe2c57fa700 1 -- 172.21.15.62:0/4074626226 <== mgr.14118 v2:172.21.15.62:6800/1841681915 1 ==== mgr_command_reply(tid 0: 0 ) v1 ==== 8+0+28 (secure 0 0 0) 0x7fe2c8110a10 con 0x7fe2b8036850
2024-04-24T17:21:08.365 INFO:teuthology.orchestra.run.smithi062.stdout:/usr/bin/ceph: stderr
2024-04-24T17:21:07.731+0000 7fe2cedf4700 1 -- 172.21.15.62:0/4074626226 >> [v2:172.21.15.62:6800/1841681915,v1:172.21.15.62:6801/1841681915] conn(0x7fe2b8036850 msgr2=0x7fe2b8038d00 secure :-1 s=STATE_CONNECTION_ESTABLISHED l=1).mark_down
2024-04-24T17:21:08.366 INFO:teuthology.orchestra.run.smithi062.stdout:/usr/bin/ceph: stderr
2024-04-24T17:21:07.731+0000 7fe2cedf4700 1 --2- 172.21.15.62:0/4074626226 >> [v2:172.21.15.62:6800/1841681915,v1:172.21.15.62:6801/1841681915] conn(0x7fe2b8036850 0x7fe2b8038d00 secure :-1 s=READY pgs=16 cs=0 l=1 rev1=1 crypto rx=0x7fe2b4009990 tx=0x7fe2b4006e40 comp rx=0 tx=0).stop
2024-04-24T17:21:08.366 INFO:teuthology.orchestra.run.smithi062.stdout:/usr/bin/ceph: stderr
2024-04-24T17:21:07.731+0000 7fe2cedf4700 1 -- 172.21.15.62:0/4074626226 >> [v2:172.21.15.62:3300/0,v1:172.21.15.62:6789/0] conn(0x7fe2c8101750 msgr2=0x7fe2c810f3b0 secure :-1 s=STATE_CONNECTION_ESTABLISHED l=1).mark_down
2024-04-24T17:21:08.366 INFO:teuthology.orchestra.run.smithi062.stdout:/usr/bin/ceph: stderr
2024-04-24T17:21:07.731+0000 7fe2cedf4700 1 --2- 172.21.15.62:0/4074626226 >> [v2:172.21.15.62:3300/0,v1:172.21.15.62:6789/0] conn(0x7fe2c8101750 0x7fe2c810f3b0 secure :-1 s=READY pgs=54 cs=0 l=1 rev1=1 crypto rx=0x7fe2bc006d40 tx=0x7fe2bc00b4f0 comp rx=0 tx=0).stop
2024-04-24T17:21:08.366 INFO:teuthology.orchestra.run.smithi062.stdout:/usr/bin/ceph: stderr
2024-04-24T17:21:07.731+0000 7fe2cedf4700 1 -- 172.21.15.62:0/4074626226 shutdown_connections
2024-04-24T17:21:08.366 INFO:teuthology.orchestra.run.smithi062.stdout:/usr/bin/ceph: stderr
2024-04-24T17:21:07.731+0000 7fe2cedf4700 1 --2- 172.21.15.62:0/4074626226 >> [v2:172.21.15.62:6800/1841681915,v1:172.21.15.62:6801/1841681915] conn(0x7fe2b8036850 0x7fe2b8038d00 unknown :-1 s=CLOSED pgs=16 cs=0 l=1 rev1=1 crypto rx=0 tx=0 comp rx=0 tx=0).stop
2024-04-24T17:21:08.366 INFO:teuthology.orchestra.run.smithi062.stdout:/usr/bin/ceph: stderr
2024-04-24T17:21:07.731+0000 7fe2cedf4700 1 --2- 172.21.15.62:0/4074626226 >> [v2:172.21.15.62:3300/0,v1:172.21.15.62:6789/0] conn(0x7fe2c8101750 0x7fe2c810f3b0 unknown :-1 s=CLOSED pgs=54 cs=0 l=1 rev1=1 crypto rx=0 tx=0 comp rx=0 tx=0).stop
2024-04-24T17:21:08.366 INFO:teuthology.orchestra.run.smithi062.stdout:/usr/bin/ceph: stderr
2024-04-24T17:21:07.731+0000 7fe2cedf4700 1 -- 172.21.15.62:0/4074626226 >> 172.21.15.62:0/4074626226 conn(0x7fe2c80fcef0 msgr2=0x7fe2c8105be0 unknown :-1 s=STATE_NONE l=0).mark_down
2024-04-24T17:21:08.366 INFO:teuthology.orchestra.run.smithi062.stdout:/usr/bin/ceph: stderr
2024-04-24T17:21:07.731+0000 7fe2cedf4700 1 -- 172.21.15.62:0/4074626226 shutdown_connections
2024-04-24T17:21:08.366 INFO:teuthology.orchestra.run.smithi062.stdout:/usr/bin/ceph: stderr
2024-04-24T17:21:07.731+0000 7fe2cedf4700 1 -- 172.21.15.62:0/4074626226 wait complete.
2024-04-24T17:21:08.366 INFO:teuthology.orchestra.run.smithi062.stdout:Deploying node-exporter service with default placement...
2024-04-24T17:21:09.118 INFO:journalctl@ceph.mon.smithi062.smithi062.stdout:Apr 24 17:21:08 smithi062 ceph-mon[26713]: from='client.14148 -' entity='client.admin' cmd=[{"prefix": "orch apply", "service_type": "grafana", "target": ["mon-mgr", ""]}]: dispatch
2024-04-24T17:21:09.118 INFO:journalctl@ceph.mon.smithi062.smithi062.stdout:Apr 24 17:21:08 smithi062 ceph-mon[26713]: Saving service grafana spec with placement count:1
2024-04-24T17:21:09.119 INFO:journalctl@ceph.mon.smithi062.smithi062.stdout:Apr 24 17:21:08 smithi062 ceph-mon[26713]: from='mgr.14118 172.21.15.62:0/903974467' entity='mgr.smithi062.crwkzu'
2024-04-24T17:21:10.390 INFO:teuthology.orchestra.run.smithi062.stdout:/usr/bin/ceph: stdout Scheduled node-exporter update...
2024-04-24T17:21:10.391 INFO:teuthology.orchestra.run.smithi062.stdout:/usr/bin/ceph: stderr
2024-04-24T17:21:09.556+0000 7fd7eff11700 1 Processor -- start
2024-04-24T17:21:10.391 INFO:teuthology.orchestra.run.smithi062.stdout:/usr/bin/ceph: stderr
2024-04-24T17:21:09.557+0000 7fd7eff11700 1 -- start start
2024-04-24T17:21:10.391 INFO:teuthology.orchestra.run.smithi062.stdout:/usr/bin/ceph: stderr
2024-04-24T17:21:09.557+0000 7fd7eff11700 1 --2- >> [v2:172.21.15.62:3300/0,v1:172.21.15.62:6789/0] conn(0x7fd7e8102810 0x7fd7e8102c20 unknown :-1 s=NONE pgs=0 cs=0 l=0 rev1=0 crypto rx=0 tx=0 comp rx=0 tx=0).connect
2024-04-24T17:21:10.391 INFO:teuthology.orchestra.run.smithi062.stdout:/usr/bin/ceph: stderr
2024-04-24T17:21:09.557+0000 7fd7eff11700 1 -- --> [v2:172.21.15.62:3300/0,v1:172.21.15.62:6789/0] -- mon_getmap magic: 0 v1 -- 0x7fd7e8103160 con 0x7fd7e8102810
2024-04-24T17:21:10.391 INFO:teuthology.orchestra.run.smithi062.stdout:/usr/bin/ceph: stderr
2024-04-24T17:21:09.557+0000 7fd7edcad700 1 --2- >> [v2:172.21.15.62:3300/0,v1:172.21.15.62:6789/0] conn(0x7fd7e8102810 0x7fd7e8102c20 unknown :-1 s=BANNER_CONNECTING pgs=0 cs=0 l=0 rev1=0 crypto rx=0 tx=0 comp rx=0 tx=0)._handle_peer_banner_payload supported=3 required=0
2024-04-24T17:21:10.391 INFO:teuthology.orchestra.run.smithi062.stdout:/usr/bin/ceph: stderr
2024-04-24T17:21:09.557+0000 7fd7edcad700 1 --2- >> [v2:172.21.15.62:3300/0,v1:172.21.15.62:6789/0] conn(0x7fd7e8102810 0x7fd7e8102c20 unknown :-1 s=HELLO_CONNECTING pgs=0 cs=0 l=0 rev1=1 crypto rx=0 tx=0 comp rx=0 tx=0).handle_hello peer v2:172.21.15.62:3300/0 says I am v2:172.21.15.62:42324/0 (socket says 172.21.15.62:42324)
2024-04-24T17:21:10.391 INFO:teuthology.orchestra.run.smithi062.stdout:/usr/bin/ceph: stderr
2024-04-24T17:21:09.557+0000 7fd7edcad700 1 -- 172.21.15.62:0/1728775336 learned_addr learned my addr 172.21.15.62:0/1728775336 (peer_addr_for_me v2:172.21.15.62:0/0)
2024-04-24T17:21:10.391 INFO:teuthology.orchestra.run.smithi062.stdout:/usr/bin/ceph: stderr
2024-04-24T17:21:09.557+0000 7fd7edcad700 1 -- 172.21.15.62:0/1728775336 --> [v2:172.21.15.62:3300/0,v1:172.21.15.62:6789/0] -- mon_subscribe({config=0+,monmap=0+}) v3 -- 0x7fd7e81032a0 con 0x7fd7e8102810
2024-04-24T17:21:10.391 INFO:teuthology.orchestra.run.smithi062.stdout:/usr/bin/ceph: stderr
2024-04-24T17:21:09.557+0000 7fd7edcad700 1 --2- 172.21.15.62:0/1728775336 >> [v2:172.21.15.62:3300/0,v1:172.21.15.62:6789/0] conn(0x7fd7e8102810 0x7fd7e8102c20 secure :-1 s=READY pgs=55 cs=0 l=1 rev1=1 crypto rx=0x7fd7d80098e0 tx=0x7fd7d8009250 comp rx=0 tx=0).ready entity=mon.0 client_cookie=5a8f278f6ea14178 server_cookie=0 in_seq=0 out_seq=0
2024-04-24T17:21:10.391 INFO:teuthology.orchestra.run.smithi062.stdout:/usr/bin/ceph: stderr
2024-04-24T17:21:09.558+0000 7fd7eccab700 1 -- 172.21.15.62:0/1728775336 <== mon.0 v2:172.21.15.62:3300/0 1 ==== mon_map magic: 0 v1 ==== 229+0+0 (secure 0 0 0) 0x7fd7d800b860 con 0x7fd7e8102810
2024-04-24T17:21:10.391 INFO:teuthology.orchestra.run.smithi062.stdout:/usr/bin/ceph: stderr
2024-04-24T17:21:09.558+0000 7fd7eccab700 1 -- 172.21.15.62:0/1728775336 <== mon.0 v2:172.21.15.62:3300/0 2 ==== config(27 keys) v1 ==== 1109+0+0 (secure 0 0 0) 0x7fd7d800be90 con 0x7fd7e8102810
2024-04-24T17:21:10.391 INFO:teuthology.orchestra.run.smithi062.stdout:/usr/bin/ceph: stderr
2024-04-24T17:21:09.558+0000 7fd7eccab700 1 -- 172.21.15.62:0/1728775336 <== mon.0 v2:172.21.15.62:3300/0 3 ==== mon_map magic: 0 v1 ==== 229+0+0 (secure 0 0 0) 0x7fd7d80103c0 con 0x7fd7e8102810
2024-04-24T17:21:10.391 INFO:teuthology.orchestra.run.smithi062.stdout:/usr/bin/ceph: stderr
2024-04-24T17:21:09.558+0000 7fd7eff11700 1 -- 172.21.15.62:0/1728775336 >> [v2:172.21.15.62:3300/0,v1:172.21.15.62:6789/0] conn(0x7fd7e8102810 msgr2=0x7fd7e8102c20 secure :-1 s=STATE_CONNECTION_ESTABLISHED l=1).mark_down
2024-04-24T17:21:10.391 INFO:teuthology.orchestra.run.smithi062.stdout:/usr/bin/ceph: stderr
2024-04-24T17:21:09.558+0000 7fd7eff11700 1 --2- 172.21.15.62:0/1728775336 >> [v2:172.21.15.62:3300/0,v1:172.21.15.62:6789/0] conn(0x7fd7e8102810 0x7fd7e8102c20 secure :-1 s=READY pgs=55 cs=0 l=1 rev1=1 crypto rx=0x7fd7d80098e0 tx=0x7fd7d8009250 comp rx=0 tx=0).stop
2024-04-24T17:21:10.392 INFO:teuthology.orchestra.run.smithi062.stdout:/usr/bin/ceph: stderr
2024-04-24T17:21:09.558+0000 7fd7eff11700 1 -- 172.21.15.62:0/1728775336 shutdown_connections
2024-04-24T17:21:10.392 INFO:teuthology.orchestra.run.smithi062.stdout:/usr/bin/ceph: stderr
2024-04-24T17:21:09.558+0000 7fd7eff11700 1 --2- 172.21.15.62:0/1728775336 >> [v2:172.21.15.62:3300/0,v1:172.21.15.62:6789/0] conn(0x7fd7e8102810 0x7fd7e8102c20 unknown :-1 s=CLOSED pgs=55 cs=0 l=1 rev1=1 crypto rx=0 tx=0 comp rx=0 tx=0).stop
2024-04-24T17:21:10.392 INFO:teuthology.orchestra.run.smithi062.stdout:/usr/bin/ceph: stderr
2024-04-24T17:21:09.558+0000 7fd7eff11700 1 -- 172.21.15.62:0/1728775336 >> 172.21.15.62:0/1728775336 conn(0x7fd7e80fdfd0 msgr2=0x7fd7e81003e0 unknown :-1 s=STATE_NONE l=0).mark_down
2024-04-24T17:21:10.392 INFO:teuthology.orchestra.run.smithi062.stdout:/usr/bin/ceph: stderr
2024-04-24T17:21:09.558+0000 7fd7eff11700 1 -- 172.21.15.62:0/1728775336 shutdown_connections
2024-04-24T17:21:10.392 INFO:teuthology.orchestra.run.smithi062.stdout:/usr/bin/ceph: stderr
2024-04-24T17:21:09.558+0000 7fd7eff11700 1 -- 172.21.15.62:0/1728775336 wait complete.
2024-04-24T17:21:10.392 INFO:teuthology.orchestra.run.smithi062.stdout:/usr/bin/ceph: stderr
2024-04-24T17:21:09.559+0000 7fd7eff11700 1 Processor -- start
2024-04-24T17:21:10.392 INFO:teuthology.orchestra.run.smithi062.stdout:/usr/bin/ceph: stderr
2024-04-24T17:21:09.559+0000 7fd7eff11700 1 -- start start
2024-04-24T17:21:10.392 INFO:teuthology.orchestra.run.smithi062.stdout:/usr/bin/ceph: stderr
2024-04-24T17:21:09.559+0000 7fd7eff11700 1 --2- >> [v2:172.21.15.62:3300/0,v1:172.21.15.62:6789/0] conn(0x7fd7e8102810 0x7fd7e81116c0 unknown :-1 s=NONE pgs=0 cs=0 l=1 rev1=0 crypto rx=0 tx=0 comp rx=0 tx=0).connect
2024-04-24T17:21:10.392 INFO:teuthology.orchestra.run.smithi062.stdout:/usr/bin/ceph: stderr
2024-04-24T17:21:09.559+0000 7fd7eff11700 1 -- --> [v2:172.21.15.62:3300/0,v1:172.21.15.62:6789/0] -- mon_getmap magic: 0 v1 -- 0x7fd7e8111c00 con 0x7fd7e8102810
2024-04-24T17:21:10.392 INFO:teuthology.orchestra.run.smithi062.stdout:/usr/bin/ceph: stderr
2024-04-24T17:21:09.559+0000 7fd7edcad700 1 --2- >> [v2:172.21.15.62:3300/0,v1:172.21.15.62:6789/0] conn(0x7fd7e8102810 0x7fd7e81116c0 unknown :-1 s=BANNER_CONNECTING pgs=0 cs=0 l=1 rev1=0 crypto rx=0 tx=0 comp rx=0 tx=0)._handle_peer_banner_payload supported=3 required=0
2024-04-24T17:21:10.392 INFO:teuthology.orchestra.run.smithi062.stdout:/usr/bin/ceph: stderr
2024-04-24T17:21:09.559+0000 7fd7edcad700 1 --2- >> [v2:172.21.15.62:3300/0,v1:172.21.15.62:6789/0] conn(0x7fd7e8102810 0x7fd7e81116c0 unknown :-1 s=HELLO_CONNECTING pgs=0 cs=0 l=1 rev1=1 crypto rx=0 tx=0 comp rx=0 tx=0).handle_hello peer v2:172.21.15.62:3300/0 says I am v2:172.21.15.62:42330/0 (socket says 172.21.15.62:42330)
2024-04-24T17:21:10.392 INFO:teuthology.orchestra.run.smithi062.stdout:/usr/bin/ceph: stderr
2024-04-24T17:21:09.559+0000 7fd7edcad700 1 -- 172.21.15.62:0/2635982264 learned_addr learned my addr 172.21.15.62:0/2635982264 (peer_addr_for_me v2:172.21.15.62:0/0)
2024-04-24T17:21:10.392 INFO:teuthology.orchestra.run.smithi062.stdout:/usr/bin/ceph: stderr
2024-04-24T17:21:09.560+0000 7fd7edcad700 1 -- 172.21.15.62:0/2635982264 --> [v2:172.21.15.62:3300/0,v1:172.21.15.62:6789/0] -- mon_subscribe({config=0+,monmap=0+}) v3 -- 0x7fd7d80094f0 con 0x7fd7e8102810
2024-04-24T17:21:10.392 INFO:teuthology.orchestra.run.smithi062.stdout:/usr/bin/ceph: stderr
2024-04-24T17:21:09.560+0000 7fd7edcad700 1 --2- 172.21.15.62:0/2635982264 >> [v2:172.21.15.62:3300/0,v1:172.21.15.62:6789/0] conn(0x7fd7e8102810 0x7fd7e81116c0 secure :-1 s=READY pgs=56 cs=0 l=1 rev1=1 crypto rx=0x7fd7d8006b00 tx=0x7fd7d8009250 comp rx=0 tx=0).ready entity=mon.0 client_cookie=0 server_cookie=0 in_seq=0 out_seq=0
2024-04-24T17:21:10.393 INFO:teuthology.orchestra.run.smithi062.stdout:/usr/bin/ceph: stderr
2024-04-24T17:21:09.560+0000 7fd7de7fc700 1 -- 172.21.15.62:0/2635982264 <== mon.0 v2:172.21.15.62:3300/0 1 ==== mon_map magic: 0 v1 ==== 229+0+0 (secure 0 0 0) 0x7fd7d8010840 con 0x7fd7e8102810
2024-04-24T17:21:10.393 INFO:teuthology.orchestra.run.smithi062.stdout:/usr/bin/ceph: stderr
2024-04-24T17:21:09.560+0000 7fd7de7fc700 1 -- 172.21.15.62:0/2635982264 <== mon.0 v2:172.21.15.62:3300/0 2 ==== config(27 keys) v1 ==== 1109+0+0 (secure 0 0 0) 0x7fd7d8010e70 con 0x7fd7e8102810
2024-04-24T17:21:10.393 INFO:teuthology.orchestra.run.smithi062.stdout:/usr/bin/ceph: stderr
2024-04-24T17:21:09.560+0000 7fd7de7fc700 1 -- 172.21.15.62:0/2635982264 <== mon.0 v2:172.21.15.62:3300/0 3 ==== mon_map magic: 0 v1 ==== 229+0+0 (secure 0 0 0) 0x7fd7d801ae70 con 0x7fd7e8102810
2024-04-24T17:21:10.393 INFO:teuthology.orchestra.run.smithi062.stdout:/usr/bin/ceph: stderr
2024-04-24T17:21:09.560+0000 7fd7eff11700 1 -- 172.21.15.62:0/2635982264 --> [v2:172.21.15.62:3300/0,v1:172.21.15.62:6789/0] -- mon_subscribe({mgrmap=0+}) v3 -- 0x7fd7e8111e00 con 0x7fd7e8102810
2024-04-24T17:21:10.393 INFO:teuthology.orchestra.run.smithi062.stdout:/usr/bin/ceph: stderr
2024-04-24T17:21:09.560+0000 7fd7eff11700 1 -- 172.21.15.62:0/2635982264 --> [v2:172.21.15.62:3300/0,v1:172.21.15.62:6789/0] -- mon_subscribe({osdmap=0}) v3 -- 0x7fd7e8112970 con 0x7fd7e8102810
2024-04-24T17:21:10.393 INFO:teuthology.orchestra.run.smithi062.stdout:/usr/bin/ceph: stderr
2024-04-24T17:21:09.561+0000 7fd7de7fc700 1 -- 172.21.15.62:0/2635982264 <== mon.0 v2:172.21.15.62:3300/0 4 ==== mgrmap(e 8) v1 ==== 43376+0+0 (secure 0 0 0) 0x7fd7d8024480 con 0x7fd7e8102810
2024-04-24T17:21:10.393 INFO:teuthology.orchestra.run.smithi062.stdout:/usr/bin/ceph: stderr
2024-04-24T17:21:09.561+0000 7fd7de7fc700 1 --2- 172.21.15.62:0/2635982264 >> [v2:172.21.15.62:6800/1841681915,v1:172.21.15.62:6801/1841681915] conn(0x7fd7d40368a0 0x7fd7d4038d50 unknown :-1 s=NONE pgs=0 cs=0 l=1 rev1=0 crypto rx=0 tx=0 comp rx=0 tx=0).connect
2024-04-24T17:21:10.393 INFO:teuthology.orchestra.run.smithi062.stdout:/usr/bin/ceph: stderr
2024-04-24T17:21:09.561+0000 7fd7de7fc700 1 -- 172.21.15.62:0/2635982264 <== mon.0 v2:172.21.15.62:3300/0 5 ==== osd_map(2..2 src has 1..2) v4 ==== 936+0+0 (secure 0 0 0) 0x7fd7d804aa90 con 0x7fd7e8102810
2024-04-24T17:21:10.393 INFO:teuthology.orchestra.run.smithi062.stdout:/usr/bin/ceph: stderr
2024-04-24T17:21:09.561+0000 7fd7eff11700 1 -- 172.21.15.62:0/2635982264 --> [v2:172.21.15.62:3300/0,v1:172.21.15.62:6789/0] -- mon_command({"prefix": "get_command_descriptions"} v 0) v1 -- 0x7fd7e805f5c0 con 0x7fd7e8102810
2024-04-24T17:21:10.393 INFO:teuthology.orchestra.run.smithi062.stdout:/usr/bin/ceph: stderr
2024-04-24T17:21:09.561+0000 7fd7ed4ac700 1 --2- 172.21.15.62:0/2635982264 >> [v2:172.21.15.62:6800/1841681915,v1:172.21.15.62:6801/1841681915] conn(0x7fd7d40368a0 0x7fd7d4038d50 unknown :-1 s=BANNER_CONNECTING pgs=0 cs=0 l=1 rev1=0 crypto rx=0 tx=0 comp rx=0 tx=0)._handle_peer_banner_payload supported=3 required=0
2024-04-24T17:21:10.393 INFO:teuthology.orchestra.run.smithi062.stdout:/usr/bin/ceph: stderr
2024-04-24T17:21:09.561+0000 7fd7ed4ac700 1 --2- 172.21.15.62:0/2635982264 >> [v2:172.21.15.62:6800/1841681915,v1:172.21.15.62:6801/1841681915] conn(0x7fd7d40368a0 0x7fd7d4038d50 secure :-1 s=READY pgs=17 cs=0 l=1 rev1=1 crypto rx=0x7fd7e4009990 tx=0x7fd7e4006e40 comp rx=0 tx=0).ready entity=mgr.14118 client_cookie=0 server_cookie=0 in_seq=0 out_seq=0
2024-04-24T17:21:10.393 INFO:teuthology.orchestra.run.smithi062.stdout:/usr/bin/ceph: stderr
2024-04-24T17:21:09.566+0000 7fd7de7fc700 1 -- 172.21.15.62:0/2635982264 <== mon.0 v2:172.21.15.62:3300/0 6 ==== mon_command_ack([{"prefix": "get_command_descriptions"}]=0 v0) v1 ==== 72+0+176702 (secure 0 0 0) 0x7fd7d802e440 con 0x7fd7e8102810
2024-04-24T17:21:10.393 INFO:teuthology.orchestra.run.smithi062.stdout:/usr/bin/ceph: stderr
2024-04-24T17:21:09.771+0000 7fd7eff11700 1 -- 172.21.15.62:0/2635982264 --> [v2:172.21.15.62:6800/1841681915,v1:172.21.15.62:6801/1841681915] -- mgr_command(tid 0: {"prefix": "orch apply", "service_type": "node-exporter", "target": ["mon-mgr", ""]}) v1 -- 0x7fd7e80ff230 con 0x7fd7d40368a0
2024-04-24T17:21:10.393 INFO:teuthology.orchestra.run.smithi062.stdout:/usr/bin/ceph: stderr
2024-04-24T17:21:09.776+0000 7fd7de7fc700 1 -- 172.21.15.62:0/2635982264 <== mgr.14118 v2:172.21.15.62:6800/1841681915 1 ==== mgr_command_reply(tid 0: 0 ) v1 ==== 8+0+34 (secure 0 0 0) 0x7fd7e80ff230 con 0x7fd7d40368a0
2024-04-24T17:21:10.394 INFO:teuthology.orchestra.run.smithi062.stdout:/usr/bin/ceph: stderr
2024-04-24T17:21:09.778+0000 7fd7eff11700 1 -- 172.21.15.62:0/2635982264 >> [v2:172.21.15.62:6800/1841681915,v1:172.21.15.62:6801/1841681915] conn(0x7fd7d40368a0 msgr2=0x7fd7d4038d50 secure :-1 s=STATE_CONNECTION_ESTABLISHED l=1).mark_down
2024-04-24T17:21:10.394 INFO:teuthology.orchestra.run.smithi062.stdout:/usr/bin/ceph: stderr
2024-04-24T17:21:09.778+0000 7fd7eff11700 1 --2- 172.21.15.62:0/2635982264 >> [v2:172.21.15.62:6800/1841681915,v1:172.21.15.62:6801/1841681915] conn(0x7fd7d40368a0 0x7fd7d4038d50 secure :-1 s=READY pgs=17 cs=0 l=1 rev1=1 crypto rx=0x7fd7e4009990 tx=0x7fd7e4006e40 comp rx=0 tx=0).stop
2024-04-24T17:21:10.394 INFO:teuthology.orchestra.run.smithi062.stdout:/usr/bin/ceph: stderr
2024-04-24T17:21:09.778+0000 7fd7eff11700 1 -- 172.21.15.62:0/2635982264 >> [v2:172.21.15.62:3300/0,v1:172.21.15.62:6789/0] conn(0x7fd7e8102810 msgr2=0x7fd7e81116c0 secure :-1 s=STATE_CONNECTION_ESTABLISHED l=1).mark_down
2024-04-24T17:21:10.394 INFO:teuthology.orchestra.run.smithi062.stdout:/usr/bin/ceph: stderr
2024-04-24T17:21:09.778+0000 7fd7eff11700 1 --2- 172.21.15.62:0/2635982264 >> [v2:172.21.15.62:3300/0,v1:172.21.15.62:6789/0] conn(0x7fd7e8102810 0x7fd7e81116c0 secure :-1 s=READY pgs=56 cs=0 l=1 rev1=1 crypto rx=0x7fd7d8006b00 tx=0x7fd7d8009250 comp rx=0 tx=0).stop
2024-04-24T17:21:10.394 INFO:teuthology.orchestra.run.smithi062.stdout:/usr/bin/ceph: stderr
2024-04-24T17:21:09.778+0000 7fd7eff11700 1 -- 172.21.15.62:0/2635982264 shutdown_connections
2024-04-24T17:21:10.394 INFO:teuthology.orchestra.run.smithi062.stdout:/usr/bin/ceph: stderr
2024-04-24T17:21:09.778+0000 7fd7eff11700 1 --2- 172.21.15.62:0/2635982264 >> [v2:172.21.15.62:6800/1841681915,v1:172.21.15.62:6801/1841681915] conn(0x7fd7d40368a0 0x7fd7d4038d50 unknown :-1 s=CLOSED pgs=17 cs=0 l=1 rev1=1 crypto rx=0 tx=0 comp rx=0 tx=0).stop
2024-04-24T17:21:10.394 INFO:teuthology.orchestra.run.smithi062.stdout:/usr/bin/ceph: stderr
2024-04-24T17:21:09.778+0000 7fd7eff11700 1 --2- 172.21.15.62:0/2635982264 >> [v2:172.21.15.62:3300/0,v1:172.21.15.62:6789/0] conn(0x7fd7e8102810 0x7fd7e81116c0 unknown :-1 s=CLOSED pgs=56 cs=0 l=1 rev1=1 crypto rx=0 tx=0 comp rx=0 tx=0).stop
2024-04-24T17:21:10.394 INFO:teuthology.orchestra.run.smithi062.stdout:/usr/bin/ceph: stderr
2024-04-24T17:21:09.778+0000 7fd7eff11700 1 -- 172.21.15.62:0/2635982264 >> 172.21.15.62:0/2635982264 conn(0x7fd7e80fdfd0 msgr2=0x7fd7e80feb20 unknown :-1 s=STATE_NONE l=0).mark_down
2024-04-24T17:21:10.394 INFO:teuthology.orchestra.run.smithi062.stdout:/usr/bin/ceph: stderr
2024-04-24T17:21:09.778+0000 7fd7eff11700 1 -- 172.21.15.62:0/2635982264 shutdown_connections
2024-04-24T17:21:10.394 INFO:teuthology.orchestra.run.smithi062.stdout:/usr/bin/ceph: stderr
2024-04-24T17:21:09.778+0000 7fd7eff11700 1 -- 172.21.15.62:0/2635982264 wait complete.
2024-04-24T17:21:10.394 INFO:teuthology.orchestra.run.smithi062.stdout:Deploying alertmanager service with default placement...
2024-04-24T17:21:11.007 INFO:journalctl@ceph.mon.smithi062.smithi062.stdout:Apr 24 17:21:10 smithi062 ceph-mon[26713]: from='client.14150 -' entity='client.admin' cmd=[{"prefix": "orch apply", "service_type": "node-exporter", "target": ["mon-mgr", ""]}]: dispatch
2024-04-24T17:21:11.007 INFO:journalctl@ceph.mon.smithi062.smithi062.stdout:Apr 24 17:21:10 smithi062 ceph-mon[26713]: Saving service node-exporter spec with placement *
2024-04-24T17:21:11.007 INFO:journalctl@ceph.mon.smithi062.smithi062.stdout:Apr 24 17:21:10 smithi062 ceph-mon[26713]: from='mgr.14118 172.21.15.62:0/903974467' entity='mgr.smithi062.crwkzu'
