2024-04-24T17:21:27.729+0000 7f78177fe700 1 --2- 172.21.15.62:0/1072649410 >> [v2:172.21.15.62:3300/0,v1:172.21.15.62:6789/0] conn(0x7f7818076c30 0x7f7818102d70 secure :-1 s=READY pgs=83 cs=0 l=1 rev1=1 crypto rx=0x7f78080094c0 tx=0x7f7808009250 comp rx=0 tx=0).ready entity=mon.0 client_cookie=0 server_cookie=0 in_seq=0 out_seq=0
2024-04-24T17:21:28.523 INFO:teuthology.orchestra.run.smithi062.stdout:/usr/bin/ceph: stderr
2024-04-24T17:21:27.729+0000 7f77fffff700 1 -- 172.21.15.62:0/1072649410 <== mon.0 v2:172.21.15.62:3300/0 1 ==== mon_map magic: 0 v1 ==== 229+0+0 (secure 0 0 0) 0x7f7808010890 con 0x7f7818076c30
2024-04-24T17:21:28.523 INFO:teuthology.orchestra.run.smithi062.stdout:/usr/bin/ceph: stderr
2024-04-24T17:21:27.729+0000 7f77fffff700 1 -- 172.21.15.62:0/1072649410 <== mon.0 v2:172.21.15.62:3300/0 2 ==== config(27 keys) v1 ==== 1109+0+0 (secure 0 0 0) 0x7f7808010ec0 con 0x7f7818076c30
2024-04-24T17:21:28.524 INFO:teuthology.orchestra.run.smithi062.stdout:/usr/bin/ceph: stderr
2024-04-24T17:21:27.729+0000 7f781dfee700 1 -- 172.21.15.62:0/1072649410 --> [v2:172.21.15.62:3300/0,v1:172.21.15.62:6789/0] -- mon_subscribe({mgrmap=0+}) v3 -- 0x7f7818101320 con 0x7f7818076c30
2024-04-24T17:21:28.524 INFO:teuthology.orchestra.run.smithi062.stdout:/usr/bin/ceph: stderr
2024-04-24T17:21:27.729+0000 7f77fffff700 1 -- 172.21.15.62:0/1072649410 <== mon.0 v2:172.21.15.62:3300/0 3 ==== mon_map magic: 0 v1 ==== 229+0+0 (secure 0 0 0) 0x7f78080243f0 con 0x7f7818076c30
2024-04-24T17:21:28.524 INFO:teuthology.orchestra.run.smithi062.stdout:/usr/bin/ceph: stderr
2024-04-24T17:21:27.729+0000 7f781dfee700 1 -- 172.21.15.62:0/1072649410 --> [v2:172.21.15.62:3300/0,v1:172.21.15.62:6789/0] -- mon_subscribe({osdmap=0}) v3 -- 0x7f7818101810 con 0x7f7818076c30
2024-04-24T17:21:28.524 INFO:teuthology.orchestra.run.smithi062.stdout:/usr/bin/ceph: stderr
2024-04-24T17:21:27.730+0000 7f77fffff700 1 -- 172.21.15.62:0/1072649410 <== mon.0 v2:172.21.15.62:3300/0 4 ==== mgrmap(e 12) v1 ==== 43389+0+0 (secure 0 0 0) 0x7f780802d3f0 con 0x7f7818076c30
2024-04-24T17:21:28.524 INFO:teuthology.orchestra.run.smithi062.stdout:/usr/bin/ceph: stderr
2024-04-24T17:21:27.730+0000 7f781dfee700 1 -- 172.21.15.62:0/1072649410 --> [v2:172.21.15.62:3300/0,v1:172.21.15.62:6789/0] -- mon_command({"prefix": "get_command_descriptions"} v 0) v1 -- 0x7f781804bed0 con 0x7f7818076c30
2024-04-24T17:21:28.524 INFO:teuthology.orchestra.run.smithi062.stdout:/usr/bin/ceph: stderr
2024-04-24T17:21:27.730+0000 7f77fffff700 1 --2- 172.21.15.62:0/1072649410 >> [v2:172.21.15.62:6800/386094664,v1:172.21.15.62:6801/386094664] conn(0x7f78000368a0 0x7f7800038d50 unknown :-1 s=NONE pgs=0 cs=0 l=1 rev1=0 crypto rx=0 tx=0 comp rx=0 tx=0).connect
2024-04-24T17:21:28.524 INFO:teuthology.orchestra.run.smithi062.stdout:/usr/bin/ceph: stderr
2024-04-24T17:21:27.730+0000 7f77fffff700 1 -- 172.21.15.62:0/1072649410 <== mon.0 v2:172.21.15.62:3300/0 5 ==== osd_map(3..3 src has 1..3) v4 ==== 1151+0+0 (secure 0 0 0) 0x7f780804a540 con 0x7f7818076c30
2024-04-24T17:21:28.524 INFO:teuthology.orchestra.run.smithi062.stdout:/usr/bin/ceph: stderr
2024-04-24T17:21:27.730+0000 7f7816ffd700 1 --2- 172.21.15.62:0/1072649410 >> [v2:172.21.15.62:6800/386094664,v1:172.21.15.62:6801/386094664] conn(0x7f78000368a0 0x7f7800038d50 unknown :-1 s=BANNER_CONNECTING pgs=0 cs=0 l=1 rev1=0 crypto rx=0 tx=0 comp rx=0 tx=0)._handle_peer_banner_payload supported=3 required=0
2024-04-24T17:21:28.524 INFO:teuthology.orchestra.run.smithi062.stdout:/usr/bin/ceph: stderr
2024-04-24T17:21:27.731+0000 7f7816ffd700 1 --2- 172.21.15.62:0/1072649410 >> [v2:172.21.15.62:6800/386094664,v1:172.21.15.62:6801/386094664] conn(0x7f78000368a0 0x7f7800038d50 secure :-1 s=READY pgs=9 cs=0 l=1 rev1=1 crypto rx=0x7f780c009990 tx=0x7f780c006e40 comp rx=0 tx=0).ready entity=mgr.14160 client_cookie=0 server_cookie=0 in_seq=0 out_seq=0
2024-04-24T17:21:28.524 INFO:teuthology.orchestra.run.smithi062.stdout:/usr/bin/ceph: stderr
2024-04-24T17:21:27.735+0000 7f77fffff700 1 -- 172.21.15.62:0/1072649410 <== mon.0 v2:172.21.15.62:3300/0 6 ==== mon_command_ack([{"prefix": "get_command_descriptions"}]=0 v0) v1 ==== 72+0+176702 (secure 0 0 0) 0x7f7808018d20 con 0x7f7818076c30
2024-04-24T17:21:28.524 INFO:teuthology.orchestra.run.smithi062.stdout:/usr/bin/ceph: stderr
2024-04-24T17:21:27.930+0000 7f781dfee700 1 -- 172.21.15.62:0/1072649410 --> [v2:172.21.15.62:3300/0,v1:172.21.15.62:6789/0] -- mon_command({"prefix": "config get", "who": "mgr", "key": "mgr/dashboard/ssl_server_port"} v 0) v1 -- 0x7f7818106830 con 0x7f7818076c30
2024-04-24T17:21:28.524 INFO:teuthology.orchestra.run.smithi062.stdout:/usr/bin/ceph: stderr
2024-04-24T17:21:27.931+0000 7f77fffff700 1 -- 172.21.15.62:0/1072649410 <== mon.0 v2:172.21.15.62:3300/0 7 ==== mon_command_ack([{"prefix": "config get", "who": "mgr", "key": "mgr/dashboard/ssl_server_port"}]=0 v8) v1 ==== 112+0+5 (secure 0 0 0) 0x7f780802c350 con 0x7f7818076c30
2024-04-24T17:21:28.524 INFO:teuthology.orchestra.run.smithi062.stdout:/usr/bin/ceph: stderr
2024-04-24T17:21:27.933+0000 7f781dfee700 1 -- 172.21.15.62:0/1072649410 >> [v2:172.21.15.62:6800/386094664,v1:172.21.15.62:6801/386094664] conn(0x7f78000368a0 msgr2=0x7f7800038d50 secure :-1 s=STATE_CONNECTION_ESTABLISHED l=1).mark_down
2024-04-24T17:21:28.524 INFO:teuthology.orchestra.run.smithi062.stdout:/usr/bin/ceph: stderr
2024-04-24T17:21:27.933+0000 7f781dfee700 1 --2- 172.21.15.62:0/1072649410 >> [v2:172.21.15.62:6800/386094664,v1:172.21.15.62:6801/386094664] conn(0x7f78000368a0 0x7f7800038d50 secure :-1 s=READY pgs=9 cs=0 l=1 rev1=1 crypto rx=0x7f780c009990 tx=0x7f780c006e40 comp rx=0 tx=0).stop
2024-04-24T17:21:28.525 INFO:teuthology.orchestra.run.smithi062.stdout:/usr/bin/ceph: stderr
2024-04-24T17:21:27.933+0000 7f781dfee700 1 -- 172.21.15.62:0/1072649410 >> [v2:172.21.15.62:3300/0,v1:172.21.15.62:6789/0] conn(0x7f7818076c30 msgr2=0x7f7818102d70 secure :-1 s=STATE_CONNECTION_ESTABLISHED l=1).mark_down
2024-04-24T17:21:28.525 INFO:teuthology.orchestra.run.smithi062.stdout:/usr/bin/ceph: stderr
2024-04-24T17:21:27.933+0000 7f781dfee700 1 --2- 172.21.15.62:0/1072649410 >> [v2:172.21.15.62:3300/0,v1:172.21.15.62:6789/0] conn(0x7f7818076c30 0x7f7818102d70 secure :-1 s=READY pgs=83 cs=0 l=1 rev1=1 crypto rx=0x7f78080094c0 tx=0x7f7808009250 comp rx=0 tx=0).stop
2024-04-24T17:21:28.525 INFO:teuthology.orchestra.run.smithi062.stdout:/usr/bin/ceph: stderr
2024-04-24T17:21:27.933+0000 7f781dfee700 1 -- 172.21.15.62:0/1072649410 shutdown_connections
2024-04-24T17:21:28.525 INFO:teuthology.orchestra.run.smithi062.stdout:/usr/bin/ceph: stderr
2024-04-24T17:21:27.933+0000 7f781dfee700 1 --2- 172.21.15.62:0/1072649410 >> [v2:172.21.15.62:6800/386094664,v1:172.21.15.62:6801/386094664] conn(0x7f78000368a0 0x7f7800038d50 unknown :-1 s=CLOSED pgs=9 cs=0 l=1 rev1=1 crypto rx=0 tx=0 comp rx=0 tx=0).stop
2024-04-24T17:21:28.525 INFO:teuthology.orchestra.run.smithi062.stdout:/usr/bin/ceph: stderr
2024-04-24T17:21:27.933+0000 7f781dfee700 1 --2- 172.21.15.62:0/1072649410 >> [v2:172.21.15.62:3300/0,v1:172.21.15.62:6789/0] conn(0x7f7818076c30 0x7f7818102d70 unknown :-1 s=CLOSED pgs=83 cs=0 l=1 rev1=1 crypto rx=0 tx=0 comp rx=0 tx=0).stop
2024-04-24T17:21:28.525 INFO:teuthology.orchestra.run.smithi062.stdout:/usr/bin/ceph: stderr
2024-04-24T17:21:27.933+0000 7f781dfee700 1 -- 172.21.15.62:0/1072649410 >> 172.21.15.62:0/1072649410 conn(0x7f78180fcef0 msgr2=0x7f78180fd9a0 unknown :-1 s=STATE_NONE l=0).mark_down
2024-04-24T17:21:28.525 INFO:teuthology.orchestra.run.smithi062.stdout:/usr/bin/ceph: stderr
2024-04-24T17:21:27.933+0000 7f781dfee700 1 -- 172.21.15.62:0/1072649410 shutdown_connections
2024-04-24T17:21:28.525 INFO:teuthology.orchestra.run.smithi062.stdout:/usr/bin/ceph: stderr
2024-04-24T17:21:27.933+0000 7f781dfee700 1 -- 172.21.15.62:0/1072649410 wait complete.
2024-04-24T17:21:28.529 INFO:teuthology.orchestra.run.smithi062.stdout:Non-zero exit code 1 from systemctl is-enabled firewalld.service
2024-04-24T17:21:28.529 INFO:teuthology.orchestra.run.smithi062.stdout:systemctl: stdout disabled
2024-04-24T17:21:28.537 INFO:teuthology.orchestra.run.smithi062.stdout:Non-zero exit code 3 from systemctl is-active firewalld.service
2024-04-24T17:21:28.537 INFO:teuthology.orchestra.run.smithi062.stdout:systemctl: stdout inactive
2024-04-24T17:21:28.537 INFO:teuthology.orchestra.run.smithi062.stdout:firewalld.service is not enabled
2024-04-24T17:21:28.537 INFO:teuthology.orchestra.run.smithi062.stdout:Not possible to open ports <[8443]>. firewalld.service is not available
2024-04-24T17:21:28.538 INFO:teuthology.orchestra.run.smithi062.stdout:Ceph Dashboard is now available at:
2024-04-24T17:21:28.538 INFO:teuthology.orchestra.run.smithi062.stdout:
2024-04-24T17:21:28.539 INFO:teuthology.orchestra.run.smithi062.stdout: URL: https://smithi062:8443/
2024-04-24T17:21:28.539 INFO:teuthology.orchestra.run.smithi062.stdout: User: admin
2024-04-24T17:21:28.539 INFO:teuthology.orchestra.run.smithi062.stdout: Password: 7fj4unb2ec
2024-04-24T17:21:28.539 INFO:teuthology.orchestra.run.smithi062.stdout:
2024-04-24T17:21:28.539 INFO:teuthology.orchestra.run.smithi062.stdout:Saving cluster configuration to /var/lib/ceph/ba40d8d0-025e-11ef-bc93-c7b262605968/config directory
2024-04-24T17:21:28.539 INFO:teuthology.orchestra.run.smithi062.stdout:Enabling autotune for osd_memory_target
2024-04-24T17:21:28.735 INFO:journalctl@ceph.mon.smithi062.smithi062.stdout:Apr 24 17:21:28 smithi062 ceph-mon[26713]: from='client.? 172.21.15.62:0/1072649410' entity='client.admin' cmd=[{"prefix": "config get", "who": "mgr", "key": "mgr/dashboard/ssl_server_port"}]: dispatch
2024-04-24T17:21:29.720 INFO:journalctl@ceph.mon.smithi062.smithi062.stdout:Apr 24 17:21:29 smithi062 ceph-mon[26713]: mgrmap e13: smithi062.crwkzu(active, since 6s)
2024-04-24T17:21:29.723 INFO:teuthology.orchestra.run.smithi062.stdout:/usr/bin/ceph: stderr
2024-04-24T17:21:28.962+0000 7f2e16045700 1 Processor -- start
2024-04-24T17:21:29.729 INFO:teuthology.orchestra.run.smithi062.stdout:/usr/bin/ceph: stderr
2024-04-24T17:21:28.962+0000 7f2e16045700 1 -- start start
2024-04-24T17:21:29.729 INFO:teuthology.orchestra.run.smithi062.stdout:/usr/bin/ceph: stderr
2024-04-24T17:21:28.963+0000 7f2e16045700 1 --2- >> [v2:172.21.15.62:3300/0,v1:172.21.15.62:6789/0] conn(0x7f2e10078c50 0x7f2e10077250 unknown :-1 s=NONE pgs=0 cs=0 l=0 rev1=0 crypto rx=0 tx=0 comp rx=0 tx=0).connect
2024-04-24T17:21:29.729 INFO:teuthology.orchestra.run.smithi062.stdout:/usr/bin/ceph: stderr
2024-04-24T17:21:28.963+0000 7f2e16045700 1 -- --> [v2:172.21.15.62:3300/0,v1:172.21.15.62:6789/0] -- mon_getmap magic: 0 v1 -- 0x7f2e10079060 con 0x7f2e10078c50
2024-04-24T17:21:29.729 INFO:teuthology.orchestra.run.smithi062.stdout:/usr/bin/ceph: stderr
2024-04-24T17:21:28.963+0000 7f2e0f7fe700 1 --2- >> [v2:172.21.15.62:3300/0,v1:172.21.15.62:6789/0] conn(0x7f2e10078c50 0x7f2e10077250 unknown :-1 s=BANNER_CONNECTING pgs=0 cs=0 l=0 rev1=0 crypto rx=0 tx=0 comp rx=0 tx=0)._handle_peer_banner_payload supported=3 required=0
2024-04-24T17:21:29.729 INFO:teuthology.orchestra.run.smithi062.stdout:/usr/bin/ceph: stderr
2024-04-24T17:21:28.963+0000 7f2e0f7fe700 1 --2- >> [v2:172.21.15.62:3300/0,v1:172.21.15.62:6789/0] conn(0x7f2e10078c50 0x7f2e10077250 unknown :-1 s=HELLO_CONNECTING pgs=0 cs=0 l=0 rev1=1 crypto rx=0 tx=0 comp rx=0 tx=0).handle_hello peer v2:172.21.15.62:3300/0 says I am v2:172.21.15.62:47768/0 (socket says 172.21.15.62:47768)
2024-04-24T17:21:29.729 INFO:teuthology.orchestra.run.smithi062.stdout:/usr/bin/ceph: stderr
2024-04-24T17:21:28.963+0000 7f2e0f7fe700 1 -- 172.21.15.62:0/546343354 learned_addr learned my addr 172.21.15.62:0/546343354 (peer_addr_for_me v2:172.21.15.62:0/0)
2024-04-24T17:21:29.729 INFO:teuthology.orchestra.run.smithi062.stdout:/usr/bin/ceph: stderr
2024-04-24T17:21:28.963+0000 7f2e0f7fe700 1 -- 172.21.15.62:0/546343354 --> [v2:172.21.15.62:3300/0,v1:172.21.15.62:6789/0] -- mon_subscribe({config=0+,monmap=0+}) v3 -- 0x7f2e10077790 con 0x7f2e10078c50
2024-04-24T17:21:29.729 INFO:teuthology.orchestra.run.smithi062.stdout:/usr/bin/ceph: stderr
2024-04-24T17:21:28.963+0000 7f2e0f7fe700 1 --2- 172.21.15.62:0/546343354 >> [v2:172.21.15.62:3300/0,v1:172.21.15.62:6789/0] conn(0x7f2e10078c50 0x7f2e10077250 secure :-1 s=READY pgs=84 cs=0 l=1 rev1=1 crypto rx=0x7f2e000098e0 tx=0x7f2e00009250 comp rx=0 tx=0).ready entity=mon.0 client_cookie=3c0b1e9b0be2f7f server_cookie=0 in_seq=0 out_seq=0
2024-04-24T17:21:29.729 INFO:teuthology.orchestra.run.smithi062.stdout:/usr/bin/ceph: stderr
2024-04-24T17:21:28.963+0000 7f2e0e7fc700 1 -- 172.21.15.62:0/546343354 <== mon.0 v2:172.21.15.62:3300/0 1 ==== mon_map magic: 0 v1 ==== 229+0+0 (secure 0 0 0) 0x7f2e0000b860 con 0x7f2e10078c50
2024-04-24T17:21:29.729 INFO:teuthology.orchestra.run.smithi062.stdout:/usr/bin/ceph: stderr
2024-04-24T17:21:28.964+0000 7f2e0e7fc700 1 -- 172.21.15.62:0/546343354 <== mon.0 v2:172.21.15.62:3300/0 2 ==== config(27 keys) v1 ==== 1109+0+0 (secure 0 0 0) 0x7f2e0000be90 con 0x7f2e10078c50
2024-04-24T17:21:29.729 INFO:teuthology.orchestra.run.smithi062.stdout:/usr/bin/ceph: stderr
2024-04-24T17:21:28.964+0000 7f2e0e7fc700 1 -- 172.21.15.62:0/546343354 <== mon.0 v2:172.21.15.62:3300/0 3 ==== mon_map magic: 0 v1 ==== 229+0+0 (secure 0 0 0) 0x7f2e000103c0 con 0x7f2e10078c50
2024-04-24T17:21:29.729 INFO:teuthology.orchestra.run.smithi062.stdout:/usr/bin/ceph: stderr
2024-04-24T17:21:28.964+0000 7f2e16045700 1 -- 172.21.15.62:0/546343354 >> [v2:172.21.15.62:3300/0,v1:172.21.15.62:6789/0] conn(0x7f2e10078c50 msgr2=0x7f2e10077250 secure :-1 s=STATE_CONNECTION_ESTABLISHED l=1).mark_down
2024-04-24T17:21:29.729 INFO:teuthology.orchestra.run.smithi062.stdout:/usr/bin/ceph: stderr
2024-04-24T17:21:28.964+0000 7f2e16045700 1 --2- 172.21.15.62:0/546343354 >> [v2:172.21.15.62:3300/0,v1:172.21.15.62:6789/0] conn(0x7f2e10078c50 0x7f2e10077250 secure :-1 s=READY pgs=84 cs=0 l=1 rev1=1 crypto rx=0x7f2e000098e0 tx=0x7f2e00009250 comp rx=0 tx=0).stop
2024-04-24T17:21:29.730 INFO:teuthology.orchestra.run.smithi062.stdout:/usr/bin/ceph: stderr
2024-04-24T17:21:28.964+0000 7f2e16045700 1 -- 172.21.15.62:0/546343354 shutdown_connections
2024-04-24T17:21:29.730 INFO:teuthology.orchestra.run.smithi062.stdout:/usr/bin/ceph: stderr
2024-04-24T17:21:28.964+0000 7f2e16045700 1 --2- 172.21.15.62:0/546343354 >> [v2:172.21.15.62:3300/0,v1:172.21.15.62:6789/0] conn(0x7f2e10078c50 0x7f2e10077250 unknown :-1 s=CLOSED pgs=84 cs=0 l=1 rev1=1 crypto rx=0 tx=0 comp rx=0 tx=0).stop
2024-04-24T17:21:29.730 INFO:teuthology.orchestra.run.smithi062.stdout:/usr/bin/ceph: stderr
2024-04-24T17:21:28.964+0000 7f2e16045700 1 -- 172.21.15.62:0/546343354 >> 172.21.15.62:0/546343354 conn(0x7f2e100fe030 msgr2=0x7f2e10100440 unknown :-1 s=STATE_NONE l=0).mark_down
2024-04-24T17:21:29.730 INFO:teuthology.orchestra.run.smithi062.stdout:/usr/bin/ceph: stderr
2024-04-24T17:21:28.964+0000 7f2e16045700 1 -- 172.21.15.62:0/546343354 shutdown_connections
2024-04-24T17:21:29.730 INFO:teuthology.orchestra.run.smithi062.stdout:/usr/bin/ceph: stderr
2024-04-24T17:21:28.964+0000 7f2e16045700 1 -- 172.21.15.62:0/546343354 wait complete.
2024-04-24T17:21:29.730 INFO:teuthology.orchestra.run.smithi062.stdout:/usr/bin/ceph: stderr
2024-04-24T17:21:28.965+0000 7f2e16045700 1 Processor -- start
2024-04-24T17:21:29.730 INFO:teuthology.orchestra.run.smithi062.stdout:/usr/bin/ceph: stderr
2024-04-24T17:21:28.965+0000 7f2e16045700 1 -- start start
2024-04-24T17:21:29.730 INFO:teuthology.orchestra.run.smithi062.stdout:/usr/bin/ceph: stderr
2024-04-24T17:21:28.965+0000 7f2e16045700 1 --2- >> [v2:172.21.15.62:3300/0,v1:172.21.15.62:6789/0] conn(0x7f2e10078c50 0x7f2e10113800 unknown :-1 s=NONE pgs=0 cs=0 l=1 rev1=0 crypto rx=0 tx=0 comp rx=0 tx=0).connect
2024-04-24T17:21:29.730 INFO:teuthology.orchestra.run.smithi062.stdout:/usr/bin/ceph: stderr
2024-04-24T17:21:28.965+0000 7f2e16045700 1 -- --> [v2:172.21.15.62:3300/0,v1:172.21.15.62:6789/0] -- mon_getmap magic: 0 v1 -- 0x7f2e10113d40 con 0x7f2e10078c50
2024-04-24T17:21:29.730 INFO:teuthology.orchestra.run.smithi062.stdout:/usr/bin/ceph: stderr
2024-04-24T17:21:28.965+0000 7f2e0f7fe700 1 --2- >> [v2:172.21.15.62:3300/0,v1:172.21.15.62:6789/0] conn(0x7f2e10078c50 0x7f2e10113800 unknown :-1 s=BANNER_CONNECTING pgs=0 cs=0 l=1 rev1=0 crypto rx=0 tx=0 comp rx=0 tx=0)._handle_peer_banner_payload supported=3 required=0
2024-04-24T17:21:29.730 INFO:teuthology.orchestra.run.smithi062.stdout:/usr/bin/ceph: stderr
2024-04-24T17:21:28.965+0000 7f2e0f7fe700 1 --2- >> [v2:172.21.15.62:3300/0,v1:172.21.15.62:6789/0] conn(0x7f2e10078c50 0x7f2e10113800 unknown :-1 s=HELLO_CONNECTING pgs=0 cs=0 l=1 rev1=1 crypto rx=0 tx=0 comp rx=0 tx=0).handle_hello peer v2:172.21.15.62:3300/0 says I am v2:172.21.15.62:47770/0 (socket says 172.21.15.62:47770)
2024-04-24T17:21:29.730 INFO:teuthology.orchestra.run.smithi062.stdout:/usr/bin/ceph: stderr
2024-04-24T17:21:28.965+0000 7f2e0f7fe700 1 -- 172.21.15.62:0/965960880 learned_addr learned my addr 172.21.15.62:0/965960880 (peer_addr_for_me v2:172.21.15.62:0/0)
2024-04-24T17:21:29.730 INFO:teuthology.orchestra.run.smithi062.stdout:/usr/bin/ceph: stderr
2024-04-24T17:21:28.966+0000 7f2e0f7fe700 1 -- 172.21.15.62:0/965960880 --> [v2:172.21.15.62:3300/0,v1:172.21.15.62:6789/0] -- mon_subscribe({config=0+,monmap=0+}) v3 -- 0x7f2e000094f0 con 0x7f2e10078c50
2024-04-24T17:21:29.730 INFO:teuthology.orchestra.run.smithi062.stdout:/usr/bin/ceph: stderr
2024-04-24T17:21:28.966+0000 7f2e0f7fe700 1 --2- 172.21.15.62:0/965960880 >> [v2:172.21.15.62:3300/0,v1:172.21.15.62:6789/0] conn(0x7f2e10078c50 0x7f2e10113800 secure :-1 s=READY pgs=85 cs=0 l=1 rev1=1 crypto rx=0x7f2e00006d40 tx=0x7f2e00009250 comp rx=0 tx=0).ready entity=mon.0 client_cookie=0 server_cookie=0 in_seq=0 out_seq=0
2024-04-24T17:21:29.731 INFO:teuthology.orchestra.run.smithi062.stdout:/usr/bin/ceph: stderr
2024-04-24T17:21:28.966+0000 7f2df7fff700 1 -- 172.21.15.62:0/965960880 <== mon.0 v2:172.21.15.62:3300/0 1 ==== mon_map magic: 0 v1 ==== 229+0+0 (secure 0 0 0) 0x7f2e00010840 con 0x7f2e10078c50
2024-04-24T17:21:29.731 INFO:teuthology.orchestra.run.smithi062.stdout:/usr/bin/ceph: stderr
2024-04-24T17:21:28.966+0000 7f2e16045700 1 -- 172.21.15.62:0/965960880 --> [v2:172.21.15.62:3300/0,v1:172.21.15.62:6789/0] -- mon_subscribe({mgrmap=0+}) v3 -- 0x7f2e10113f40 con 0x7f2e10078c50
2024-04-24T17:21:29.731 INFO:teuthology.orchestra.run.smithi062.stdout:/usr/bin/ceph: stderr
2024-04-24T17:21:28.966+0000 7f2df7fff700 1 -- 172.21.15.62:0/965960880 <== mon.0 v2:172.21.15.62:3300/0 2 ==== config(27 keys) v1 ==== 1109+0+0 (secure 0 0 0) 0x7f2e00010e70 con 0x7f2e10078c50
2024-04-24T17:21:29.731 INFO:teuthology.orchestra.run.smithi062.stdout:/usr/bin/ceph: stderr
2024-04-24T17:21:28.966+0000 7f2df7fff700 1 -- 172.21.15.62:0/965960880 <== mon.0 v2:172.21.15.62:3300/0 3 ==== mon_map magic: 0 v1 ==== 229+0+0 (secure 0 0 0) 0x7f2e00024ea0 con 0x7f2e10078c50
2024-04-24T17:21:29.731 INFO:teuthology.orchestra.run.smithi062.stdout:/usr/bin/ceph: stderr
2024-04-24T17:21:28.966+0000 7f2e16045700 1 -- 172.21.15.62:0/965960880 --> [v2:172.21.15.62:3300/0,v1:172.21.15.62:6789/0] -- mon_subscribe({osdmap=0}) v3 -- 0x7f2e10114ab0 con 0x7f2e10078c50
2024-04-24T17:21:29.731 INFO:teuthology.orchestra.run.smithi062.stdout:/usr/bin/ceph: stderr
2024-04-24T17:21:28.967+0000 7f2df7fff700 1 -- 172.21.15.62:0/965960880 <== mon.0 v2:172.21.15.62:3300/0 4 ==== mgrmap(e 13) v1 ==== 43432+0+0 (secure 0 0 0) 0x7f2e0001a510 con 0x7f2e10078c50
2024-04-24T17:21:29.731 INFO:teuthology.orchestra.run.smithi062.stdout:/usr/bin/ceph: stderr
2024-04-24T17:21:28.967+0000 7f2e16045700 1 -- 172.21.15.62:0/965960880 --> [v2:172.21.15.62:3300/0,v1:172.21.15.62:6789/0] -- mon_command({"prefix": "get_command_descriptions"} v 0) v1 -- 0x7f2e1005f5c0 con 0x7f2e10078c50
2024-04-24T17:21:29.731 INFO:teuthology.orchestra.run.smithi062.stdout:/usr/bin/ceph: stderr
2024-04-24T17:21:28.967+0000 7f2df7fff700 1 --2- 172.21.15.62:0/965960880 >> [v2:172.21.15.62:6800/386094664,v1:172.21.15.62:6801/386094664] conn(0x7f2df80368f0 0x7f2df8038da0 unknown :-1 s=NONE pgs=0 cs=0 l=1 rev1=0 crypto rx=0 tx=0 comp rx=0 tx=0).connect
2024-04-24T17:21:29.731 INFO:teuthology.orchestra.run.smithi062.stdout:/usr/bin/ceph: stderr
2024-04-24T17:21:28.967+0000 7f2df7fff700 1 -- 172.21.15.62:0/965960880 <== mon.0 v2:172.21.15.62:3300/0 5 ==== osd_map(3..3 src has 1..3) v4 ==== 1151+0+0 (secure 0 0 0) 0x7f2e0004a8e0 con 0x7f2e10078c50
2024-04-24T17:21:29.731 INFO:teuthology.orchestra.run.smithi062.stdout:/usr/bin/ceph: stderr
2024-04-24T17:21:28.968+0000 7f2e0effd700 1 --2- 172.21.15.62:0/965960880 >> [v2:172.21.15.62:6800/386094664,v1:172.21.15.62:6801/386094664] conn(0x7f2df80368f0 0x7f2df8038da0 unknown :-1 s=BANNER_CONNECTING pgs=0 cs=0 l=1 rev1=0 crypto rx=0 tx=0 comp rx=0 tx=0)._handle_peer_banner_payload supported=3 required=0
2024-04-24T17:21:29.731 INFO:teuthology.orchestra.run.smithi062.stdout:/usr/bin/ceph: stderr
2024-04-24T17:21:28.968+0000 7f2e0effd700 1 --2- 172.21.15.62:0/965960880 >> [v2:172.21.15.62:6800/386094664,v1:172.21.15.62:6801/386094664] conn(0x7f2df80368f0 0x7f2df8038da0 secure :-1 s=READY pgs=10 cs=0 l=1 rev1=1 crypto rx=0x7f2e04009990 tx=0x7f2e04006e40 comp rx=0 tx=0).ready entity=mgr.14160 client_cookie=0 server_cookie=0 in_seq=0 out_seq=0
2024-04-24T17:21:29.731 INFO:teuthology.orchestra.run.smithi062.stdout:/usr/bin/ceph: stderr
2024-04-24T17:21:28.972+0000 7f2df7fff700 1 -- 172.21.15.62:0/965960880 <== mon.0 v2:172.21.15.62:3300/0 6 ==== mon_command_ack([{"prefix": "get_command_descriptions"}]=0 v0) v1 ==== 72+0+176702 (secure 0 0 0) 0x7f2e00018940 con 0x7f2e10078c50
2024-04-24T17:21:29.731 INFO:teuthology.orchestra.run.smithi062.stdout:/usr/bin/ceph: stderr
2024-04-24T17:21:29.168+0000 7f2e16045700 1 -- 172.21.15.62:0/965960880 --> [v2:172.21.15.62:3300/0,v1:172.21.15.62:6789/0] -- mon_command([{prefix=config set, name=osd_memory_target_autotune}] v 0) v1 -- 0x7f2e1004bed0 con 0x7f2e10078c50
2024-04-24T17:21:29.731 INFO:teuthology.orchestra.run.smithi062.stdout:/usr/bin/ceph: stderr
2024-04-24T17:21:29.168+0000 7f2df7fff700 1 -- 172.21.15.62:0/965960880 <== mon.0 v2:172.21.15.62:3300/0 7 ==== mon_command_ack([{prefix=config set, name=osd_memory_target_autotune}]=0 v8)=0 v8) v1 ==== 127+0+0 (secure 0 0 0) 0x7f2e00018350 con 0x7f2e10078c50
2024-04-24T17:21:29.731 INFO:teuthology.orchestra.run.smithi062.stdout:/usr/bin/ceph: stderr
2024-04-24T17:21:29.171+0000 7f2e16045700 1 -- 172.21.15.62:0/965960880 >> [v2:172.21.15.62:6800/386094664,v1:172.21.15.62:6801/386094664] conn(0x7f2df80368f0 msgr2=0x7f2df8038da0 secure :-1 s=STATE_CONNECTION_ESTABLISHED l=1).mark_down
2024-04-24T17:21:29.732 INFO:teuthology.orchestra.run.smithi062.stdout:/usr/bin/ceph: stderr
2024-04-24T17:21:29.171+0000 7f2e16045700 1 --2- 172.21.15.62:0/965960880 >> [v2:172.21.15.62:6800/386094664,v1:172.21.15.62:6801/386094664] conn(0x7f2df80368f0 0x7f2df8038da0 secure :-1 s=READY pgs=10 cs=0 l=1 rev1=1 crypto rx=0x7f2e04009990 tx=0x7f2e04006e40 comp rx=0 tx=0).stop
2024-04-24T17:21:29.732 INFO:teuthology.orchestra.run.smithi062.stdout:/usr/bin/ceph: stderr
2024-04-24T17:21:29.171+0000 7f2e16045700 1 -- 172.21.15.62:0/965960880 >> [v2:172.21.15.62:3300/0,v1:172.21.15.62:6789/0] conn(0x7f2e10078c50 msgr2=0x7f2e10113800 secure :-1 s=STATE_CONNECTION_ESTABLISHED l=1).mark_down
2024-04-24T17:21:29.732 INFO:teuthology.orchestra.run.smithi062.stdout:/usr/bin/ceph: stderr
2024-04-24T17:21:29.171+0000 7f2e16045700 1 --2- 172.21.15.62:0/965960880 >> [v2:172.21.15.62:3300/0,v1:172.21.15.62:6789/0] conn(0x7f2e10078c50 0x7f2e10113800 secure :-1 s=READY pgs=85 cs=0 l=1 rev1=1 crypto rx=0x7f2e00006d40 tx=0x7f2e00009250 comp rx=0 tx=0).stop
2024-04-24T17:21:29.732 INFO:teuthology.orchestra.run.smithi062.stdout:/usr/bin/ceph: stderr
2024-04-24T17:21:29.171+0000 7f2e16045700 1 -- 172.21.15.62:0/965960880 shutdown_connections
2024-04-24T17:21:29.732 INFO:teuthology.orchestra.run.smithi062.stdout:/usr/bin/ceph: stderr
2024-04-24T17:21:29.171+0000 7f2e16045700 1 --2- 172.21.15.62:0/965960880 >> [v2:172.21.15.62:6800/386094664,v1:172.21.15.62:6801/386094664] conn(0x7f2df80368f0 0x7f2df8038da0 unknown :-1 s=CLOSED pgs=10 cs=0 l=1 rev1=1 crypto rx=0 tx=0 comp rx=0 tx=0).stop
2024-04-24T17:21:29.732 INFO:teuthology.orchestra.run.smithi062.stdout:/usr/bin/ceph: stderr
2024-04-24T17:21:29.171+0000 7f2e16045700 1 --2- 172.21.15.62:0/965960880 >> [v2:172.21.15.62:3300/0,v1:172.21.15.62:6789/0] conn(0x7f2e10078c50 0x7f2e10113800 unknown :-1 s=CLOSED pgs=85 cs=0 l=1 rev1=1 crypto rx=0 tx=0 comp rx=0 tx=0).stop
2024-04-24T17:21:29.732 INFO:teuthology.orchestra.run.smithi062.stdout:/usr/bin/ceph: stderr
2024-04-24T17:21:29.171+0000 7f2e16045700 1 -- 172.21.15.62:0/965960880 >> 172.21.15.62:0/965960880 conn(0x7f2e100fe030 msgr2=0x7f2e100feae0 unknown :-1 s=STATE_NONE l=0).mark_down
2024-04-24T17:21:29.732 INFO:teuthology.orchestra.run.smithi062.stdout:/usr/bin/ceph: stderr
2024-04-24T17:21:29.171+0000 7f2e16045700 1 -- 172.21.15.62:0/965960880 shutdown_connections
2024-04-24T17:21:29.732 INFO:teuthology.orchestra.run.smithi062.stdout:/usr/bin/ceph: stderr
2024-04-24T17:21:29.171+0000 7f2e16045700 1 -- 172.21.15.62:0/965960880 wait complete.
2024-04-24T17:21:31.019 INFO:teuthology.orchestra.run.smithi062.stdout:/usr/bin/ceph: stderr
2024-04-24T17:21:30.142+0000 7fe6fec87700 1 Processor -- start
2024-04-24T17:21:31.019 INFO:teuthology.orchestra.run.smithi062.stdout:/usr/bin/ceph: stderr
2024-04-24T17:21:30.142+0000 7fe6fec87700 1 -- start start
2024-04-24T17:21:31.019 INFO:teuthology.orchestra.run.smithi062.stdout:/usr/bin/ceph: stderr
2024-04-24T17:21:30.143+0000 7fe6fec87700 1 --2- >> [v2:172.21.15.62:3300/0,v1:172.21.15.62:6789/0] conn(0x7fe6f8102880 0x7fe6f8102c90 unknown :-1 s=NONE pgs=0 cs=0 l=0 rev1=0 crypto rx=0 tx=0 comp rx=0 tx=0).connect
2024-04-24T17:21:31.019 INFO:teuthology.orchestra.run.smithi062.stdout:/usr/bin/ceph: stderr
2024-04-24T17:21:30.143+0000 7fe6fec87700 1 -- --> [v2:172.21.15.62:3300/0,v1:172.21.15.62:6789/0] -- mon_getmap magic: 0 v1 -- 0x7fe6f81031d0 con 0x7fe6f8102880
2024-04-24T17:21:31.019 INFO:teuthology.orchestra.run.smithi062.stdout:/usr/bin/ceph: stderr
2024-04-24T17:21:30.143+0000 7fe6fca23700 1 --2- >> [v2:172.21.15.62:3300/0,v1:172.21.15.62:6789/0] conn(0x7fe6f8102880 0x7fe6f8102c90 unknown :-1 s=BANNER_CONNECTING pgs=0 cs=0 l=0 rev1=0 crypto rx=0 tx=0 comp rx=0 tx=0)._handle_peer_banner_payload supported=3 required=0
2024-04-24T17:21:31.019 INFO:teuthology.orchestra.run.smithi062.stdout:/usr/bin/ceph: stderr
2024-04-24T17:21:30.143+0000 7fe6fca23700 1 --2- >> [v2:172.21.15.62:3300/0,v1:172.21.15.62:6789/0] conn(0x7fe6f8102880 0x7fe6f8102c90 unknown :-1 s=HELLO_CONNECTING pgs=0 cs=0 l=0 rev1=1 crypto rx=0 tx=0 comp rx=0 tx=0).handle_hello peer v2:172.21.15.62:3300/0 says I am v2:172.21.15.62:47774/0 (socket says 172.21.15.62:47774)
2024-04-24T17:21:31.019 INFO:teuthology.orchestra.run.smithi062.stdout:/usr/bin/ceph: stderr
2024-04-24T17:21:30.143+0000 7fe6fca23700 1 -- 172.21.15.62:0/1327353983 learned_addr learned my addr 172.21.15.62:0/1327353983 (peer_addr_for_me v2:172.21.15.62:0/0)
2024-04-24T17:21:31.019 INFO:teuthology.orchestra.run.smithi062.stdout:/usr/bin/ceph: stderr
2024-04-24T17:21:30.143+0000 7fe6fca23700 1 -- 172.21.15.62:0/1327353983 --> [v2:172.21.15.62:3300/0,v1:172.21.15.62:6789/0] -- mon_subscribe({config=0+,monmap=0+}) v3 -- 0x7fe6f8103310 con 0x7fe6f8102880
2024-04-24T17:21:31.019 INFO:teuthology.orchestra.run.smithi062.stdout:/usr/bin/ceph: stderr
2024-04-24T17:21:30.143+0000 7fe6fca23700 1 --2- 172.21.15.62:0/1327353983 >> [v2:172.21.15.62:3300/0,v1:172.21.15.62:6789/0] conn(0x7fe6f8102880 0x7fe6f8102c90 secure :-1 s=READY pgs=86 cs=0 l=1 rev1=1 crypto rx=0x7fe6ec0098e0 tx=0x7fe6ec009250 comp rx=0 tx=0).ready entity=mon.0 client_cookie=4a4004dfb90119dd server_cookie=0 in_seq=0 out_seq=0
2024-04-24T17:21:31.019 INFO:teuthology.orchestra.run.smithi062.stdout:/usr/bin/ceph: stderr
2024-04-24T17:21:30.143+0000 7fe6f77fe700 1 -- 172.21.15.62:0/1327353983 <== mon.0 v2:172.21.15.62:3300/0 1 ==== mon_map magic: 0 v1 ==== 229+0+0 (secure 0 0 0) 0x7fe6ec00b860 con 0x7fe6f8102880
2024-04-24T17:21:31.020 INFO:teuthology.orchestra.run.smithi062.stdout:/usr/bin/ceph: stderr
2024-04-24T17:21:30.143+0000 7fe6f77fe700 1 -- 172.21.15.62:0/1327353983 <== mon.0 v2:172.21.15.62:3300/0 2 ==== config(27 keys) v1 ==== 1109+0+0 (secure 0 0 0) 0x7fe6ec00be90 con 0x7fe6f8102880
2024-04-24T17:21:31.020 INFO:teuthology.orchestra.run.smithi062.stdout:/usr/bin/ceph: stderr
2024-04-24T17:21:30.143+0000 7fe6f77fe700 1 -- 172.21.15.62:0/1327353983 <== mon.0 v2:172.21.15.62:3300/0 3 ==== mon_map magic: 0 v1 ==== 229+0+0 (secure 0 0 0) 0x7fe6ec0103c0 con 0x7fe6f8102880
2024-04-24T17:21:31.020 INFO:teuthology.orchestra.run.smithi062.stdout:/usr/bin/ceph: stderr
2024-04-24T17:21:30.144+0000 7fe6fec87700 1 -- 172.21.15.62:0/1327353983 >> [v2:172.21.15.62:3300/0,v1:172.21.15.62:6789/0] conn(0x7fe6f8102880 msgr2=0x7fe6f8102c90 secure :-1 s=STATE_CONNECTION_ESTABLISHED l=1).mark_down
2024-04-24T17:21:31.020 INFO:teuthology.orchestra.run.smithi062.stdout:/usr/bin/ceph: stderr
2024-04-24T17:21:30.144+0000 7fe6fec87700 1 --2- 172.21.15.62:0/1327353983 >> [v2:172.21.15.62:3300/0,v1:172.21.15.62:6789/0] conn(0x7fe6f8102880 0x7fe6f8102c90 secure :-1 s=READY pgs=86 cs=0 l=1 rev1=1 crypto rx=0x7fe6ec0098e0 tx=0x7fe6ec009250 comp rx=0 tx=0).stop
2024-04-24T17:21:31.020 INFO:teuthology.orchestra.run.smithi062.stdout:/usr/bin/ceph: stderr
2024-04-24T17:21:30.144+0000 7fe6fec87700 1 -- 172.21.15.62:0/1327353983 shutdown_connections
2024-04-24T17:21:31.020 INFO:teuthology.orchestra.run.smithi062.stdout:/usr/bin/ceph: stderr
2024-04-24T17:21:30.144+0000 7fe6fec87700 1 --2- 172.21.15.62:0/1327353983 >> [v2:172.21.15.62:3300/0,v1:172.21.15.62:6789/0] conn(0x7fe6f8102880 0x7fe6f8102c90 unknown :-1 s=CLOSED pgs=86 cs=0 l=1 rev1=1 crypto rx=0 tx=0 comp rx=0 tx=0).stop
2024-04-24T17:21:31.020 INFO:teuthology.orchestra.run.smithi062.stdout:/usr/bin/ceph: stderr
2024-04-24T17:21:30.144+0000 7fe6fec87700 1 -- 172.21.15.62:0/1327353983 >> 172.21.15.62:0/1327353983 conn(0x7fe6f80fe060 msgr2=0x7fe6f8100470 unknown :-1 s=STATE_NONE l=0).mark_down
2024-04-24T17:21:31.020 INFO:teuthology.orchestra.run.smithi062.stdout:/usr/bin/ceph: stderr
2024-04-24T17:21:30.144+0000 7fe6fec87700 1 -- 172.21.15.62:0/1327353983 shutdown_connections
2024-04-24T17:21:31.020 INFO:teuthology.orchestra.run.smithi062.stdout:/usr/bin/ceph: stderr
2024-04-24T17:21:30.144+0000 7fe6fec87700 1 -- 172.21.15.62:0/1327353983 wait complete.
2024-04-24T17:21:31.020 INFO:teuthology.orchestra.run.smithi062.stdout:/usr/bin/ceph: stderr
2024-04-24T17:21:30.145+0000 7fe6fec87700 1 Processor -- start
2024-04-24T17:21:31.020 INFO:teuthology.orchestra.run.smithi062.stdout:/usr/bin/ceph: stderr
2024-04-24T17:21:30.145+0000 7fe6fec87700 1 -- start start
2024-04-24T17:21:31.020 INFO:teuthology.orchestra.run.smithi062.stdout:/usr/bin/ceph: stderr
2024-04-24T17:21:30.145+0000 7fe6fec87700 1 --2- >> [v2:172.21.15.62:3300/0,v1:172.21.15.62:6789/0] conn(0x7fe6f8102880 0x7fe6f8111620 unknown :-1 s=NONE pgs=0 cs=0 l=1 rev1=0 crypto rx=0 tx=0 comp rx=0 tx=0).connect
2024-04-24T17:21:31.021 INFO:teuthology.orchestra.run.smithi062.stdout:/usr/bin/ceph: stderr
2024-04-24T17:21:30.145+0000 7fe6fec87700 1 -- --> [v2:172.21.15.62:3300/0,v1:172.21.15.62:6789/0] -- mon_getmap magic: 0 v1 -- 0x7fe6f8111b60 con 0x7fe6f8102880
2024-04-24T17:21:31.021 INFO:teuthology.orchestra.run.smithi062.stdout:/usr/bin/ceph: stderr
2024-04-24T17:21:30.145+0000 7fe6fca23700 1 --2- >> [v2:172.21.15.62:3300/0,v1:172.21.15.62:6789/0] conn(0x7fe6f8102880 0x7fe6f8111620 unknown :-1 s=BANNER_CONNECTING pgs=0 cs=0 l=1 rev1=0 crypto rx=0 tx=0 comp rx=0 tx=0)._handle_peer_banner_payload supported=3 required=0
2024-04-24T17:21:31.021 INFO:teuthology.orchestra.run.smithi062.stdout:/usr/bin/ceph: stderr
2024-04-24T17:21:30.145+0000 7fe6fca23700 1 --2- >> [v2:172.21.15.62:3300/0,v1:172.21.15.62:6789/0] conn(0x7fe6f8102880 0x7fe6f8111620 unknown :-1 s=HELLO_CONNECTING pgs=0 cs=0 l=1 rev1=1 crypto rx=0 tx=0 comp rx=0 tx=0).handle_hello peer v2:172.21.15.62:3300/0 says I am v2:172.21.15.62:47784/0 (socket says 172.21.15.62:47784)
2024-04-24T17:21:31.021 INFO:teuthology.orchestra.run.smithi062.stdout:/usr/bin/ceph: stderr
2024-04-24T17:21:30.145+0000 7fe6fca23700 1 -- 172.21.15.62:0/3082760968 learned_addr learned my addr 172.21.15.62:0/3082760968 (peer_addr_for_me v2:172.21.15.62:0/0)
2024-04-24T17:21:31.021 INFO:teuthology.orchestra.run.smithi062.stdout:/usr/bin/ceph: stderr
2024-04-24T17:21:30.145+0000 7fe6fca23700 1 -- 172.21.15.62:0/3082760968 --> [v2:172.21.15.62:3300/0,v1:172.21.15.62:6789/0] -- mon_subscribe({config=0+,monmap=0+}) v3 -- 0x7fe6ec0094f0 con 0x7fe6f8102880
2024-04-24T17:21:31.021 INFO:teuthology.orchestra.run.smithi062.stdout:/usr/bin/ceph: stderr
2024-04-24T17:21:30.146+0000 7fe6fca23700 1 --2- 172.21.15.62:0/3082760968 >> [v2:172.21.15.62:3300/0,v1:172.21.15.62:6789/0] conn(0x7fe6f8102880 0x7fe6f8111620 secure :-1 s=READY pgs=87 cs=0 l=1 rev1=1 crypto rx=0x7fe6ec011680 tx=0x7fe6ec009250 comp rx=0 tx=0).ready entity=mon.0 client_cookie=0 server_cookie=0 in_seq=0 out_seq=0
2024-04-24T17:21:31.021 INFO:teuthology.orchestra.run.smithi062.stdout:/usr/bin/ceph: stderr
2024-04-24T17:21:30.146+0000 7fe6f57fa700 1 -- 172.21.15.62:0/3082760968 <== mon.0 v2:172.21.15.62:3300/0 1 ==== mon_map magic: 0 v1 ==== 229+0+0 (secure 0 0 0) 0x7fe6ec010890 con 0x7fe6f8102880
2024-04-24T17:21:31.021 INFO:teuthology.orchestra.run.smithi062.stdout:/usr/bin/ceph: stderr
2024-04-24T17:21:30.146+0000 7fe6f57fa700 1 -- 172.21.15.62:0/3082760968 <== mon.0 v2:172.21.15.62:3300/0 2 ==== config(27 keys) v1 ==== 1109+0+0 (secure 0 0 0) 0x7fe6ec010ec0 con 0x7fe6f8102880
2024-04-24T17:21:31.021 INFO:teuthology.orchestra.run.smithi062.stdout:/usr/bin/ceph: stderr
2024-04-24T17:21:30.146+0000 7fe6fec87700 1 -- 172.21.15.62:0/3082760968 --> [v2:172.21.15.62:3300/0,v1:172.21.15.62:6789/0] -- mon_subscribe({mgrmap=0+}) v3 -- 0x7fe6f8111d60 con 0x7fe6f8102880
2024-04-24T17:21:31.021 INFO:teuthology.orchestra.run.smithi062.stdout:/usr/bin/ceph: stderr
2024-04-24T17:21:30.146+0000 7fe6f57fa700 1 -- 172.21.15.62:0/3082760968 <== mon.0 v2:172.21.15.62:3300/0 3 ==== mon_map magic: 0 v1 ==== 229+0+0 (secure 0 0 0) 0x7fe6ec0243f0 con 0x7fe6f8102880
2024-04-24T17:21:31.021 INFO:teuthology.orchestra.run.smithi062.stdout:/usr/bin/ceph: stderr
2024-04-24T17:21:30.146+0000 7fe6fec87700 1 -- 172.21.15.62:0/3082760968 --> [v2:172.21.15.62:3300/0,v1:172.21.15.62:6789/0] -- mon_subscribe({osdmap=0}) v3 -- 0x7fe6f81128d0 con 0x7fe6f8102880
2024-04-24T17:21:31.021 INFO:teuthology.orchestra.run.smithi062.stdout:/usr/bin/ceph: stderr
2024-04-24T17:21:30.147+0000 7fe6f57fa700 1 -- 172.21.15.62:0/3082760968 <== mon.0 v2:172.21.15.62:3300/0 4 ==== mgrmap(e 13) v1 ==== 43432+0+0 (secure 0 0 0) 0x7fe6ec02d3f0 con 0x7fe6f8102880
2024-04-24T17:21:31.021 INFO:teuthology.orchestra.run.smithi062.stdout:/usr/bin/ceph: stderr
2024-04-24T17:21:30.147+0000 7fe6f57fa700 1 --2- 172.21.15.62:0/3082760968 >> [v2:172.21.15.62:6800/386094664,v1:172.21.15.62:6801/386094664] conn(0x7fe6e8036990 0x7fe6e8038e40 unknown :-1 s=NONE pgs=0 cs=0 l=1 rev1=0 crypto rx=0 tx=0 comp rx=0 tx=0).connect
2024-04-24T17:21:31.022 INFO:teuthology.orchestra.run.smithi062.stdout:/usr/bin/ceph: stderr
2024-04-24T17:21:30.147+0000 7fe6fec87700 1 -- 172.21.15.62:0/3082760968 --> [v2:172.21.15.62:3300/0,v1:172.21.15.62:6789/0] -- mon_command({"prefix": "get_command_descriptions"} v 0) v1 -- 0x7fe6f805f5c0 con 0x7fe6f8102880
2024-04-24T17:21:31.022 INFO:teuthology.orchestra.run.smithi062.stdout:/usr/bin/ceph: stderr
2024-04-24T17:21:30.147+0000 7fe6f57fa700 1 -- 172.21.15.62:0/3082760968 <== mon.0 v2:172.21.15.62:3300/0 5 ==== osd_map(3..3 src has 1..3) v4 ==== 1151+0+0 (secure 0 0 0) 0x7fe6ec04a450 con 0x7fe6f8102880
2024-04-24T17:21:31.022 INFO:teuthology.orchestra.run.smithi062.stdout:/usr/bin/ceph: stderr
2024-04-24T17:21:30.147+0000 7fe6f7fff700 1 --2- 172.21.15.62:0/3082760968 >> [v2:172.21.15.62:6800/386094664,v1:172.21.15.62:6801/386094664] conn(0x7fe6e8036990 0x7fe6e8038e40 unknown :-1 s=BANNER_CONNECTING pgs=0 cs=0 l=1 rev1=0 crypto rx=0 tx=0 comp rx=0 tx=0)._handle_peer_banner_payload supported=3 required=0
2024-04-24T17:21:31.022 INFO:teuthology.orchestra.run.smithi062.stdout:/usr/bin/ceph: stderr
2024-04-24T17:21:30.147+0000 7fe6f7fff700 1 --2- 172.21.15.62:0/3082760968 >> [v2:172.21.15.62:6800/386094664,v1:172.21.15.62:6801/386094664] conn(0x7fe6e8036990 0x7fe6e8038e40 secure :-1 s=READY pgs=11 cs=0 l=1 rev1=1 crypto rx=0x7fe6e4009990 tx=0x7fe6e4006e40 comp rx=0 tx=0).ready entity=mgr.14160 client_cookie=0 server_cookie=0 in_seq=0 out_seq=0
2024-04-24T17:21:31.022 INFO:teuthology.orchestra.run.smithi062.stdout:/usr/bin/ceph: stderr
2024-04-24T17:21:30.152+0000 7fe6f57fa700 1 -- 172.21.15.62:0/3082760968 <== mon.0 v2:172.21.15.62:3300/0 6 ==== mon_command_ack([{"prefix": "get_command_descriptions"}]=0 v0) v1 ==== 72+0+176702 (secure 0 0 0) 0x7fe6ec02b8e0 con 0x7fe6f8102880
2024-04-24T17:21:31.022 INFO:teuthology.orchestra.run.smithi062.stdout:/usr/bin/ceph: stderr
2024-04-24T17:21:30.460+0000 7fe6fec87700 1 -- 172.21.15.62:0/3082760968 --> [v2:172.21.15.62:3300/0,v1:172.21.15.62:6789/0] -- mon_command([{prefix=config-key set, key=mgr/dashboard/cluster/status}] v 0) v1 -- 0x7fe6f804bed0 con 0x7fe6f8102880
2024-04-24T17:21:31.022 INFO:teuthology.orchestra.run.smithi062.stdout:/usr/bin/ceph: stderr
2024-04-24T17:21:30.463+0000 7fe6f57fa700 1 -- 172.21.15.62:0/3082760968 <== mon.0 v2:172.21.15.62:3300/0 7 ==== mon_command_ack([{prefix=config-key set, key=mgr/dashboard/cluster/status}]=0 set mgr/dashboard/cluster/status v33)=0 set mgr/dashboard/cluster/status v33) v1 ==== 153+0+0 (secure 0 0 0) 0x7fe6ec02c350 con 0x7fe6f8102880
2024-04-24T17:21:31.023 INFO:teuthology.orchestra.run.smithi062.stdout:/usr/bin/ceph: stderr
2024-04-24T17:21:30.464+0000 7fe6fec87700 1 -- 172.21.15.62:0/3082760968 >> [v2:172.21.15.62:6800/386094664,v1:172.21.15.62:6801/386094664] conn(0x7fe6e8036990 msgr2=0x7fe6e8038e40 secure :-1 s=STATE_CONNECTION_ESTABLISHED l=1).mark_down
2024-04-24T17:21:31.023 INFO:teuthology.orchestra.run.smithi062.stdout:/usr/bin/ceph: stderr
2024-04-24T17:21:30.465+0000 7fe6fec87700 1 --2- 172.21.15.62:0/3082760968 >> [v2:172.21.15.62:6800/386094664,v1:172.21.15.62:6801/386094664] conn(0x7fe6e8036990 0x7fe6e8038e40 secure :-1 s=READY pgs=11 cs=0 l=1 rev1=1 crypto rx=0x7fe6e4009990 tx=0x7fe6e4006e40 comp rx=0 tx=0).stop
2024-04-24T17:21:31.023 INFO:teuthology.orchestra.run.smithi062.stdout:/usr/bin/ceph: stderr
2024-04-24T17:21:30.465+0000 7fe6fec87700 1 -- 172.21.15.62:0/3082760968 >> [v2:172.21.15.62:3300/0,v1:172.21.15.62:6789/0] conn(0x7fe6f8102880 msgr2=0x7fe6f8111620 secure :-1 s=STATE_CONNECTION_ESTABLISHED l=1).mark_down
2024-04-24T17:21:31.023 INFO:teuthology.orchestra.run.smithi062.stdout:/usr/bin/ceph: stderr
2024-04-24T17:21:30.465+0000 7fe6fec87700 1 --2- 172.21.15.62:0/3082760968 >> [v2:172.21.15.62:3300/0,v1:172.21.15.62:6789/0] conn(0x7fe6f8102880 0x7fe6f8111620 secure :-1 s=READY pgs=87 cs=0 l=1 rev1=1 crypto rx=0x7fe6ec011680 tx=0x7fe6ec009250 comp rx=0 tx=0).stop
2024-04-24T17:21:31.023 INFO:teuthology.orchestra.run.smithi062.stdout:/usr/bin/ceph: stderr
2024-04-24T17:21:30.465+0000 7fe6fec87700 1 -- 172.21.15.62:0/3082760968 shutdown_connections
2024-04-24T17:21:31.023 INFO:teuthology.orchestra.run.smithi062.stdout:/usr/bin/ceph: stderr
2024-04-24T17:21:30.465+0000 7fe6fec87700 1 --2- 172.21.15.62:0/3082760968 >> [v2:172.21.15.62:6800/386094664,v1:172.21.15.62:6801/386094664] conn(0x7fe6e8036990 0x7fe6e8038e40 unknown :-1 s=CLOSED pgs=11 cs=0 l=1 rev1=1 crypto rx=0 tx=0 comp rx=0 tx=0).stop
2024-04-24T17:21:31.023 INFO:teuthology.orchestra.run.smithi062.stdout:/usr/bin/ceph: stderr
2024-04-24T17:21:30.465+0000 7fe6fec87700 1 --2- 172.21.15.62:0/3082760968 >> [v2:172.21.15.62:3300/0,v1:172.21.15.62:6789/0] conn(0x7fe6f8102880 0x7fe6f8111620 unknown :-1 s=CLOSED pgs=87 cs=0 l=1 rev1=1 crypto rx=0 tx=0 comp rx=0 tx=0).stop
2024-04-24T17:21:31.023 INFO:teuthology.orchestra.run.smithi062.stdout:/usr/bin/ceph: stderr
2024-04-24T17:21:30.465+0000 7fe6fec87700 1 -- 172.21.15.62:0/3082760968 >> 172.21.15.62:0/3082760968 conn(0x7fe6f80fe060 msgr2=0x7fe6f80feb40 unknown :-1 s=STATE_NONE l=0).mark_down
2024-04-24T17:21:31.023 INFO:teuthology.orchestra.run.smithi062.stdout:/usr/bin/ceph: stderr
2024-04-24T17:21:30.465+0000 7fe6fec87700 1 -- 172.21.15.62:0/3082760968 shutdown_connections
2024-04-24T17:21:31.023 INFO:teuthology.orchestra.run.smithi062.stdout:/usr/bin/ceph: stderr
2024-04-24T17:21:30.465+0000 7fe6fec87700 1 -- 172.21.15.62:0/3082760968 wait complete.
2024-04-24T17:21:31.023 INFO:teuthology.orchestra.run.smithi062.stdout:/usr/bin/ceph: stderr set mgr/dashboard/cluster/status
2024-04-24T17:21:31.023 INFO:teuthology.orchestra.run.smithi062.stdout:You can access the Ceph CLI as following in case of multi-cluster or non-default config:
2024-04-24T17:21:31.024 INFO:teuthology.orchestra.run.smithi062.stdout:
2024-04-24T17:21:31.024 INFO:teuthology.orchestra.run.smithi062.stdout: sudo /home/ubuntu/cephtest/cephadm shell --fsid ba40d8d0-025e-11ef-bc93-c7b262605968 -c /etc/ceph/ceph.conf -k /etc/ceph/ceph.client.admin.keyring
2024-04-24T17:21:31.024 INFO:teuthology.orchestra.run.smithi062.stdout:
2024-04-24T17:21:31.024 INFO:teuthology.orchestra.run.smithi062.stdout:Or, if you are only running a single cluster on this host:
2024-04-24T17:21:31.024 INFO:teuthology.orchestra.run.smithi062.stdout:
2024-04-24T17:21:31.024 INFO:teuthology.orchestra.run.smithi062.stdout: sudo /home/ubuntu/cephtest/cephadm shell
2024-04-24T17:21:31.024 INFO:teuthology.orchestra.run.smithi062.stdout:
2024-04-24T17:21:31.024 INFO:teuthology.orchestra.run.smithi062.stdout:Please consider enabling telemetry to help improve Ceph:
2024-04-24T17:21:31.024 INFO:teuthology.orchestra.run.smithi062.stdout:
2024-04-24T17:21:31.024 INFO:teuthology.orchestra.run.smithi062.stdout: ceph telemetry on
2024-04-24T17:21:31.024 INFO:teuthology.orchestra.run.smithi062.stdout:
2024-04-24T17:21:31.024 INFO:teuthology.orchestra.run.smithi062.stdout:For more information see:
2024-04-24T17:21:31.024 INFO:teuthology.orchestra.run.smithi062.stdout:
2024-04-24T17:21:31.025 INFO:teuthology.orchestra.run.smithi062.stdout: https://docs.ceph.com/docs/master/mgr/telemetry/
2024-04-24T17:21:31.025 INFO:teuthology.orchestra.run.smithi062.stdout:
2024-04-24T17:21:31.025 INFO:teuthology.orchestra.run.smithi062.stdout:Bootstrap complete.
2024-04-24T17:21:31.053 INFO:tasks.cephadm:Fetching config...
2024-04-24T17:21:31.053 DEBUG:teuthology.orchestra.run.smithi062:> set -ex
2024-04-24T17:21:31.053 DEBUG:teuthology.orchestra.run.smithi062:> dd if=/etc/ceph/ceph.conf of=/dev/stdout
2024-04-24T17:21:31.070 INFO:tasks.cephadm:Fetching client.admin keyring...
2024-04-24T17:21:31.070 DEBUG:teuthology.orchestra.run.smithi062:> set -ex
2024-04-24T17:21:31.070 DEBUG:teuthology.orchestra.run.smithi062:> dd if=/etc/ceph/ceph.client.admin.keyring of=/dev/stdout
2024-04-24T17:21:31.128 INFO:tasks.cephadm:Fetching mon keyring...
2024-04-24T17:21:31.129 DEBUG:teuthology.orchestra.run.smithi062:> set -ex
2024-04-24T17:21:31.129 DEBUG:teuthology.orchestra.run.smithi062:> sudo dd if=/var/lib/ceph/ba40d8d0-025e-11ef-bc93-c7b262605968/mon.smithi062/keyring of=/dev/stdout
2024-04-24T17:21:31.193 INFO:tasks.cephadm:Fetching pub ssh key...
2024-04-24T17:21:31.193 DEBUG:teuthology.orchestra.run.smithi062:> set -ex
2024-04-24T17:21:31.193 DEBUG:teuthology.orchestra.run.smithi062:> dd if=/home/ubuntu/cephtest/ceph.pub of=/dev/stdout
2024-04-24T17:21:31.249 INFO:tasks.cephadm:Installing pub ssh key for root users...
2024-04-24T17:21:31.249 DEBUG:teuthology.orchestra.run.smithi062:> sudo install -d -m 0700 /root/.ssh && echo 'ssh-rsa AAAAB3NzaC1yc2EAAAADAQABAAABgQDOD0w72nMZGIUoegWZ6KIc3fa0SXZm8Bs4fWcJd+CAO7HhvJ8wVIWdgzymUjlWhAJ20H7G5AzfeUkhh+cDOUf6TfjWMP/lLeoPGUmibTZMQt59tRgqgs92iyVFWrtrNBy8i5AQT+SEJfskpegfRvPyWdJ7bXpQGUCsd9ahPdMxpKOmZUiBhLqcoTuZmdel0fOuxUh3NHopxtR/4Ix10OXYY2zF7Z1pDCj6l4i1hzp9elgB7rs+Roog6TDYA7dUBjZQclfKyB4LEqcapgW8X76oVfx/r6g1Jrnu4REhTPhcxMH/gnvRQlxlk0ps4uySoN51NhY5l8l3VWwARR4Hh7QUurFeWDcqgr5rhIRr9Zf++aBPW25miEmWJYwWxRQL7haowogOolToSBmxaApD5uK+97rbjXzF3DaW2+CkUhjDAW2a9R46NCZu/58AcUDq9DZfnzgZcamROx9KhM3iVKjM3Jo1YKJpTIJjiryFVDttAgWqfLsCIL1khxRv663zTdk= ceph-ba40d8d0-025e-11ef-bc93-c7b262605968' | sudo tee -a /root/.ssh/authorized_keys && sudo chmod 0600 /root/.ssh/authorized_keys
2024-04-24T17:21:31.332 INFO:teuthology.orchestra.run.smithi062.stdout:ssh-rsa AAAAB3NzaC1yc2EAAAADAQABAAABgQDOD0w72nMZGIUoegWZ6KIc3fa0SXZm8Bs4fWcJd+CAO7HhvJ8wVIWdgzymUjlWhAJ20H7G5AzfeUkhh+cDOUf6TfjWMP/lLeoPGUmibTZMQt59tRgqgs92iyVFWrtrNBy8i5AQT+SEJfskpegfRvPyWdJ7bXpQGUCsd9ahPdMxpKOmZUiBhLqcoTuZmdel0fOuxUh3NHopxtR/4Ix10OXYY2zF7Z1pDCj6l4i1hzp9elgB7rs+Roog6TDYA7dUBjZQclfKyB4LEqcapgW8X76oVfx/r6g1Jrnu4REhTPhcxMH/gnvRQlxlk0ps4uySoN51NhY5l8l3VWwARR4Hh7QUurFeWDcqgr5rhIRr9Zf++aBPW25miEmWJYwWxRQL7haowogOolToSBmxaApD5uK+97rbjXzF3DaW2+CkUhjDAW2a9R46NCZu/58AcUDq9DZfnzgZcamROx9KhM3iVKjM3Jo1YKJpTIJjiryFVDttAgWqfLsCIL1khxRv663zTdk= ceph-ba40d8d0-025e-11ef-bc93-c7b262605968
2024-04-24T17:21:31.351 DEBUG:teuthology.orchestra.run.smithi111:> sudo install -d -m 0700 /root/.ssh && echo 'ssh-rsa AAAAB3NzaC1yc2EAAAADAQABAAABgQDOD0w72nMZGIUoegWZ6KIc3fa0SXZm8Bs4fWcJd+CAO7HhvJ8wVIWdgzymUjlWhAJ20H7G5AzfeUkhh+cDOUf6TfjWMP/lLeoPGUmibTZMQt59tRgqgs92iyVFWrtrNBy8i5AQT+SEJfskpegfRvPyWdJ7bXpQGUCsd9ahPdMxpKOmZUiBhLqcoTuZmdel0fOuxUh3NHopxtR/4Ix10OXYY2zF7Z1pDCj6l4i1hzp9elgB7rs+Roog6TDYA7dUBjZQclfKyB4LEqcapgW8X76oVfx/r6g1Jrnu4REhTPhcxMH/gnvRQlxlk0ps4uySoN51NhY5l8l3VWwARR4Hh7QUurFeWDcqgr5rhIRr9Zf++aBPW25miEmWJYwWxRQL7haowogOolToSBmxaApD5uK+97rbjXzF3DaW2+CkUhjDAW2a9R46NCZu/58AcUDq9DZfnzgZcamROx9KhM3iVKjM3Jo1YKJpTIJjiryFVDttAgWqfLsCIL1khxRv663zTdk= ceph-ba40d8d0-025e-11ef-bc93-c7b262605968' | sudo tee -a /root/.ssh/authorized_keys && sudo chmod 0600 /root/.ssh/authorized_keys
2024-04-24T17:21:31.389 INFO:teuthology.orchestra.run.smithi111.stdout:ssh-rsa AAAAB3NzaC1yc2EAAAADAQABAAABgQDOD0w72nMZGIUoegWZ6KIc3fa0SXZm8Bs4fWcJd+CAO7HhvJ8wVIWdgzymUjlWhAJ20H7G5AzfeUkhh+cDOUf6TfjWMP/lLeoPGUmibTZMQt59tRgqgs92iyVFWrtrNBy8i5AQT+SEJfskpegfRvPyWdJ7bXpQGUCsd9ahPdMxpKOmZUiBhLqcoTuZmdel0fOuxUh3NHopxtR/4Ix10OXYY2zF7Z1pDCj6l4i1hzp9elgB7rs+Roog6TDYA7dUBjZQclfKyB4LEqcapgW8X76oVfx/r6g1Jrnu4REhTPhcxMH/gnvRQlxlk0ps4uySoN51NhY5l8l3VWwARR4Hh7QUurFeWDcqgr5rhIRr9Zf++aBPW25miEmWJYwWxRQL7haowogOolToSBmxaApD5uK+97rbjXzF3DaW2+CkUhjDAW2a9R46NCZu/58AcUDq9DZfnzgZcamROx9KhM3iVKjM3Jo1YKJpTIJjiryFVDttAgWqfLsCIL1khxRv663zTdk= ceph-ba40d8d0-025e-11ef-bc93-c7b262605968
2024-04-24T17:21:31.402 DEBUG:teuthology.orchestra.run.smithi062:> sudo /home/ubuntu/cephtest/cephadm --image quay.ceph.io/ceph-ci/ceph:quincy shell -c /etc/ceph/ceph.conf -k /etc/ceph/ceph.client.admin.keyring --fsid ba40d8d0-025e-11ef-bc93-c7b262605968 -- ceph config set mgr mgr/cephadm/allow_ptrace true
2024-04-24T17:21:31.618 INFO:journalctl@ceph.mon.smithi062.smithi062.stdout:Apr 24 17:21:31 smithi062 ceph-mon[26713]: from='client.? 172.21.15.62:0/3082760968' entity='client.admin'
2024-04-24T17:21:31.666 INFO:teuthology.orchestra.run.smithi062.stderr:Inferring config /var/lib/ceph/ba40d8d0-025e-11ef-bc93-c7b262605968/mon.smithi062/config
2024-04-24T17:21:34.347 INFO:teuthology.orchestra.run.smithi062.stderr:2024-04-24T17:21:34.345+0000 7f1269950700 1 -- 172.21.15.62:0/4095373793 >> [v2:172.21.15.62:3300/0,v1:172.21.15.62:6789/0] conn(0x7f12640fca30 msgr2=0x7f12640fce40 secure :-1 s=STATE_CONNECTION_ESTABLISHED l=1).mark_down
2024-04-24T17:21:34.348 INFO:teuthology.orchestra.run.smithi062.stderr:2024-04-24T17:21:34.345+0000 7f1269950700 1 --2- 172.21.15.62:0/4095373793 >> [v2:172.21.15.62:3300/0,v1:172.21.15.62:6789/0] conn(0x7f12640fca30 0x7f12640fce40 secure :-1 s=READY pgs=88 cs=0 l=1 rev1=1 crypto rx=0x7f12540048c0 tx=0x7f1254009e30 comp rx=0 tx=0).stop
2024-04-24T17:21:34.348 INFO:teuthology.orchestra.run.smithi062.stderr:2024-04-24T17:21:34.345+0000 7f1269950700 1 -- 172.21.15.62:0/4095373793 shutdown_connections
2024-04-24T17:21:34.348 INFO:teuthology.orchestra.run.smithi062.stderr:2024-04-24T17:21:34.345+0000 7f1269950700 1 --2- 172.21.15.62:0/4095373793 >> [v2:172.21.15.62:3300/0,v1:172.21.15.62:6789/0] conn(0x7f12640fca30 0x7f12640fce40 unknown :-1 s=CLOSED pgs=88 cs=0 l=1 rev1=1 crypto rx=0 tx=0 comp rx=0 tx=0).stop
2024-04-24T17:21:34.348 INFO:teuthology.orchestra.run.smithi062.stderr:2024-04-24T17:21:34.345+0000 7f1269950700 1 -- 172.21.15.62:0/4095373793 >> 172.21.15.62:0/4095373793 conn(0x7f12640f8190 msgr2=0x7f12640fa5c0 unknown :-1 s=STATE_NONE l=0).mark_down
2024-04-24T17:21:34.348 INFO:teuthology.orchestra.run.smithi062.stderr:2024-04-24T17:21:34.345+0000 7f1269950700 1 -- 172.21.15.62:0/4095373793 shutdown_connections
2024-04-24T17:21:34.348 INFO:teuthology.orchestra.run.smithi062.stderr:2024-04-24T17:21:34.345+0000 7f1269950700 1 -- 172.21.15.62:0/4095373793 wait complete.
2024-04-24T17:21:34.348 INFO:teuthology.orchestra.run.smithi062.stderr:2024-04-24T17:21:34.346+0000 7f1269950700 1 Processor -- start
2024-04-24T17:21:34.348 INFO:teuthology.orchestra.run.smithi062.stderr:2024-04-24T17:21:34.346+0000 7f1269950700 1 -- start start
2024-04-24T17:21:34.348 INFO:teuthology.orchestra.run.smithi062.stderr:2024-04-24T17:21:34.346+0000 7f1269950700 1 --2- >> [v2:172.21.15.62:3300/0,v1:172.21.15.62:6789/0] conn(0x7f12640fca30 0x7f1264071d00 unknown :-1 s=NONE pgs=0 cs=0 l=1 rev1=0 crypto rx=0 tx=0 comp rx=0 tx=0).connect
2024-04-24T17:21:34.348 INFO:teuthology.orchestra.run.smithi062.stderr:2024-04-24T17:21:34.346+0000 7f1269950700 1 -- --> [v2:172.21.15.62:3300/0,v1:172.21.15.62:6789/0] -- mon_getmap magic: 0 v1 -- 0x7f1264072240 con 0x7f12640fca30
