2024-04-25T04:31:50.783 INFO:teuthology.orchestra.run.smithi045.stdout:/usr/bin/ceph: stderr
2024-04-25T04:31:49.940+0000 7f87b0657700 1 --2- 172.21.15.45:0/324287274 >> [v2:172.21.15.45:6800/1313784057,v1:172.21.15.45:6801/1313784057] conn(0x7f8794038370 0x7f879403a830 unknown :-1 s=CLOSED pgs=0 cs=0 l=1 rev1=0 crypto rx=0 tx=0 comp rx=0 tx=0).stop
2024-04-25T04:31:50.783 INFO:teuthology.orchestra.run.smithi045.stdout:/usr/bin/ceph: stderr
2024-04-25T04:31:49.940+0000 7f87b0657700 1 -- 172.21.15.45:0/324287274 >> 172.21.15.45:0/324287274 conn(0x7f87a8101b40 msgr2=0x7f87a8107700 unknown :-1 s=STATE_NONE l=0).mark_down
2024-04-25T04:31:50.783 INFO:teuthology.orchestra.run.smithi045.stdout:/usr/bin/ceph: stderr
2024-04-25T04:31:49.940+0000 7f87b0657700 1 -- 172.21.15.45:0/324287274 shutdown_connections
2024-04-25T04:31:50.783 INFO:teuthology.orchestra.run.smithi045.stdout:/usr/bin/ceph: stderr
2024-04-25T04:31:49.940+0000 7f87b0657700 1 -- 172.21.15.45:0/324287274 wait complete.
2024-04-25T04:31:50.783 INFO:teuthology.orchestra.run.smithi045.stdout:mgr epoch 9 is available
2024-04-25T04:31:50.783 INFO:teuthology.orchestra.run.smithi045.stdout:Generating a dashboard self-signed certificate...
2024-04-25T04:31:51.042 INFO:journalctl@ceph.mon.smithi045.smithi045.stdout:Apr 25 04:31:50 smithi045 ceph-mon[26355]: [25/Apr/2024:04:31:49] ENGINE Bus STARTING
2024-04-25T04:31:51.042 INFO:journalctl@ceph.mon.smithi045.smithi045.stdout:Apr 25 04:31:50 smithi045 ceph-mon[26355]: [25/Apr/2024:04:31:49] ENGINE Serving on http://172.21.15.45:8765
2024-04-25T04:31:51.042 INFO:journalctl@ceph.mon.smithi045.smithi045.stdout:Apr 25 04:31:50 smithi045 ceph-mon[26355]: [25/Apr/2024:04:31:49] ENGINE Serving on https://172.21.15.45:7150
2024-04-25T04:31:51.042 INFO:journalctl@ceph.mon.smithi045.smithi045.stdout:Apr 25 04:31:50 smithi045 ceph-mon[26355]: [25/Apr/2024:04:31:49] ENGINE Bus STARTED
2024-04-25T04:31:51.042 INFO:journalctl@ceph.mon.smithi045.smithi045.stdout:Apr 25 04:31:50 smithi045 ceph-mon[26355]: from='client.14168 -' entity='client.admin' cmd=[{"prefix": "get_command_descriptions"}]: dispatch
2024-04-25T04:31:51.042 INFO:journalctl@ceph.mon.smithi045.smithi045.stdout:Apr 25 04:31:50 smithi045 ceph-mon[26355]: mgrmap e11: smithi045.dfgafn(active, since 1.006s)
2024-04-25T04:31:51.042 INFO:journalctl@ceph.mon.smithi045.smithi045.stdout:Apr 25 04:31:50 smithi045 ceph-mon[26355]: from='client.14168 -' entity='client.admin' cmd=[{"prefix": "mgr_status"}]: dispatch
2024-04-25T04:31:51.042 INFO:journalctl@ceph.mon.smithi045.smithi045.stdout:Apr 25 04:31:50 smithi045 ceph-mon[26355]: from='mgr.14164 172.21.15.45:0/2243511491' entity='mgr.smithi045.dfgafn'
2024-04-25T04:31:52.141 INFO:teuthology.orchestra.run.smithi045.stdout:/usr/bin/ceph: stdout Self-signed certificate created
2024-04-25T04:31:52.141 INFO:teuthology.orchestra.run.smithi045.stdout:/usr/bin/ceph: stderr
2024-04-25T04:31:51.228+0000 7f4764cd5700 1 Processor -- start
2024-04-25T04:31:52.141 INFO:teuthology.orchestra.run.smithi045.stdout:/usr/bin/ceph: stderr
2024-04-25T04:31:51.228+0000 7f4764cd5700 1 -- start start
2024-04-25T04:31:52.141 INFO:teuthology.orchestra.run.smithi045.stdout:/usr/bin/ceph: stderr
2024-04-25T04:31:51.228+0000 7f4764cd5700 1 --2- >> [v2:172.21.15.45:3300/0,v1:172.21.15.45:6789/0] conn(0x7f4760107040 0x7f4760109430 unknown :-1 s=NONE pgs=0 cs=0 l=0 rev1=0 crypto rx=0 tx=0 comp rx=0 tx=0).connect
2024-04-25T04:31:52.141 INFO:teuthology.orchestra.run.smithi045.stdout:/usr/bin/ceph: stderr
2024-04-25T04:31:51.228+0000 7f4764cd5700 1 -- --> [v2:172.21.15.45:3300/0,v1:172.21.15.45:6789/0] -- mon_getmap magic: 0 v1 -- 0x7f4760074620 con 0x7f4760107040
2024-04-25T04:31:52.141 INFO:teuthology.orchestra.run.smithi045.stdout:/usr/bin/ceph: stderr
2024-04-25T04:31:51.229+0000 7f475e59c700 1 --2- >> [v2:172.21.15.45:3300/0,v1:172.21.15.45:6789/0] conn(0x7f4760107040 0x7f4760109430 unknown :-1 s=BANNER_CONNECTING pgs=0 cs=0 l=0 rev1=0 crypto rx=0 tx=0 comp rx=0 tx=0)._handle_peer_banner_payload supported=3 required=0
2024-04-25T04:31:52.141 INFO:teuthology.orchestra.run.smithi045.stdout:/usr/bin/ceph: stderr
2024-04-25T04:31:51.229+0000 7f475e59c700 1 --2- >> [v2:172.21.15.45:3300/0,v1:172.21.15.45:6789/0] conn(0x7f4760107040 0x7f4760109430 unknown :-1 s=HELLO_CONNECTING pgs=0 cs=0 l=0 rev1=1 crypto rx=0 tx=0 comp rx=0 tx=0).handle_hello peer v2:172.21.15.45:3300/0 says I am v2:172.21.15.45:41520/0 (socket says 172.21.15.45:41520)
2024-04-25T04:31:52.141 INFO:teuthology.orchestra.run.smithi045.stdout:/usr/bin/ceph: stderr
2024-04-25T04:31:51.229+0000 7f475e59c700 1 -- 172.21.15.45:0/378047227 learned_addr learned my addr 172.21.15.45:0/378047227 (peer_addr_for_me v2:172.21.15.45:0/0)
2024-04-25T04:31:52.141 INFO:teuthology.orchestra.run.smithi045.stdout:/usr/bin/ceph: stderr
2024-04-25T04:31:51.229+0000 7f475e59c700 1 -- 172.21.15.45:0/378047227 --> [v2:172.21.15.45:3300/0,v1:172.21.15.45:6789/0] -- mon_subscribe({config=0+,monmap=0+}) v3 -- 0x7f4760109970 con 0x7f4760107040
2024-04-25T04:31:52.141 INFO:teuthology.orchestra.run.smithi045.stdout:/usr/bin/ceph: stderr
2024-04-25T04:31:51.229+0000 7f475e59c700 1 --2- 172.21.15.45:0/378047227 >> [v2:172.21.15.45:3300/0,v1:172.21.15.45:6789/0] conn(0x7f4760107040 0x7f4760109430 secure :-1 s=READY pgs=82 cs=0 l=1 rev1=1 crypto rx=0x7f47540098a0 tx=0x7f4754009bb0 comp rx=0 tx=0).ready entity=mon.0 client_cookie=f70ab3e9e32cd0e server_cookie=0 in_seq=0 out_seq=0
2024-04-25T04:31:52.141 INFO:teuthology.orchestra.run.smithi045.stdout:/usr/bin/ceph: stderr
2024-04-25T04:31:51.229+0000 7f475d59a700 1 -- 172.21.15.45:0/378047227 <== mon.0 v2:172.21.15.45:3300/0 1 ==== mon_map magic: 0 v1 ==== 229+0+0 (secure 0 0 0) 0x7f4754004180 con 0x7f4760107040
2024-04-25T04:31:52.141 INFO:teuthology.orchestra.run.smithi045.stdout:/usr/bin/ceph: stderr
2024-04-25T04:31:51.229+0000 7f475d59a700 1 -- 172.21.15.45:0/378047227 <== mon.0 v2:172.21.15.45:3300/0 2 ==== config(27 keys) v1 ==== 1101+0+0 (secure 0 0 0) 0x7f47540042e0 con 0x7f4760107040
2024-04-25T04:31:52.142 INFO:teuthology.orchestra.run.smithi045.stdout:/usr/bin/ceph: stderr
2024-04-25T04:31:51.229+0000 7f475d59a700 1 -- 172.21.15.45:0/378047227 <== mon.0 v2:172.21.15.45:3300/0 3 ==== mon_map magic: 0 v1 ==== 229+0+0 (secure 0 0 0) 0x7f4754011af0 con 0x7f4760107040
2024-04-25T04:31:52.142 INFO:teuthology.orchestra.run.smithi045.stdout:/usr/bin/ceph: stderr
2024-04-25T04:31:51.230+0000 7f4764cd5700 1 -- 172.21.15.45:0/378047227 >> [v2:172.21.15.45:3300/0,v1:172.21.15.45:6789/0] conn(0x7f4760107040 msgr2=0x7f4760109430 secure :-1 s=STATE_CONNECTION_ESTABLISHED l=1).mark_down
2024-04-25T04:31:52.142 INFO:teuthology.orchestra.run.smithi045.stdout:/usr/bin/ceph: stderr
2024-04-25T04:31:51.230+0000 7f4764cd5700 1 --2- 172.21.15.45:0/378047227 >> [v2:172.21.15.45:3300/0,v1:172.21.15.45:6789/0] conn(0x7f4760107040 0x7f4760109430 secure :-1 s=READY pgs=82 cs=0 l=1 rev1=1 crypto rx=0x7f47540098a0 tx=0x7f4754009bb0 comp rx=0 tx=0).stop
2024-04-25T04:31:52.142 INFO:teuthology.orchestra.run.smithi045.stdout:/usr/bin/ceph: stderr
2024-04-25T04:31:51.230+0000 7f4764cd5700 1 -- 172.21.15.45:0/378047227 shutdown_connections
2024-04-25T04:31:52.142 INFO:teuthology.orchestra.run.smithi045.stdout:/usr/bin/ceph: stderr
2024-04-25T04:31:51.230+0000 7f4764cd5700 1 --2- 172.21.15.45:0/378047227 >> [v2:172.21.15.45:3300/0,v1:172.21.15.45:6789/0] conn(0x7f4760107040 0x7f4760109430 unknown :-1 s=CLOSED pgs=82 cs=0 l=1 rev1=1 crypto rx=0 tx=0 comp rx=0 tx=0).stop
2024-04-25T04:31:52.142 INFO:teuthology.orchestra.run.smithi045.stdout:/usr/bin/ceph: stderr
2024-04-25T04:31:51.230+0000 7f4764cd5700 1 -- 172.21.15.45:0/378047227 >> 172.21.15.45:0/378047227 conn(0x7f47601009f0 msgr2=0x7f4760102e50 unknown :-1 s=STATE_NONE l=0).mark_down
2024-04-25T04:31:52.142 INFO:teuthology.orchestra.run.smithi045.stdout:/usr/bin/ceph: stderr
2024-04-25T04:31:51.230+0000 7f4764cd5700 1 -- 172.21.15.45:0/378047227 shutdown_connections
2024-04-25T04:31:52.142 INFO:teuthology.orchestra.run.smithi045.stdout:/usr/bin/ceph: stderr
2024-04-25T04:31:51.230+0000 7f4764cd5700 1 -- 172.21.15.45:0/378047227 wait complete.
2024-04-25T04:31:52.142 INFO:teuthology.orchestra.run.smithi045.stdout:/usr/bin/ceph: stderr
2024-04-25T04:31:51.231+0000 7f4764cd5700 1 Processor -- start
2024-04-25T04:31:52.142 INFO:teuthology.orchestra.run.smithi045.stdout:/usr/bin/ceph: stderr
2024-04-25T04:31:51.231+0000 7f4764cd5700 1 -- start start
2024-04-25T04:31:52.142 INFO:teuthology.orchestra.run.smithi045.stdout:/usr/bin/ceph: stderr
2024-04-25T04:31:51.231+0000 7f4764cd5700 1 --2- >> [v2:172.21.15.45:3300/0,v1:172.21.15.45:6789/0] conn(0x7f4760107040 0x7f476019a160 unknown :-1 s=NONE pgs=0 cs=0 l=1 rev1=0 crypto rx=0 tx=0 comp rx=0 tx=0).connect
2024-04-25T04:31:52.142 INFO:teuthology.orchestra.run.smithi045.stdout:/usr/bin/ceph: stderr
2024-04-25T04:31:51.231+0000 7f4764cd5700 1 -- --> [v2:172.21.15.45:3300/0,v1:172.21.15.45:6789/0] -- mon_getmap magic: 0 v1 -- 0x7f476019a6a0 con 0x7f4760107040
2024-04-25T04:31:52.142 INFO:teuthology.orchestra.run.smithi045.stdout:/usr/bin/ceph: stderr
2024-04-25T04:31:51.231+0000 7f475e59c700 1 --2- >> [v2:172.21.15.45:3300/0,v1:172.21.15.45:6789/0] conn(0x7f4760107040 0x7f476019a160 unknown :-1 s=BANNER_CONNECTING pgs=0 cs=0 l=1 rev1=0 crypto rx=0 tx=0 comp rx=0 tx=0)._handle_peer_banner_payload supported=3 required=0
2024-04-25T04:31:52.142 INFO:teuthology.orchestra.run.smithi045.stdout:/usr/bin/ceph: stderr
2024-04-25T04:31:51.231+0000 7f475e59c700 1 --2- >> [v2:172.21.15.45:3300/0,v1:172.21.15.45:6789/0] conn(0x7f4760107040 0x7f476019a160 unknown :-1 s=HELLO_CONNECTING pgs=0 cs=0 l=1 rev1=1 crypto rx=0 tx=0 comp rx=0 tx=0).handle_hello peer v2:172.21.15.45:3300/0 says I am v2:172.21.15.45:41522/0 (socket says 172.21.15.45:41522)
2024-04-25T04:31:52.143 INFO:teuthology.orchestra.run.smithi045.stdout:/usr/bin/ceph: stderr
2024-04-25T04:31:51.231+0000 7f475e59c700 1 -- 172.21.15.45:0/4261138545 learned_addr learned my addr 172.21.15.45:0/4261138545 (peer_addr_for_me v2:172.21.15.45:0/0)
2024-04-25T04:31:52.143 INFO:teuthology.orchestra.run.smithi045.stdout:/usr/bin/ceph: stderr
2024-04-25T04:31:51.231+0000 7f475e59c700 1 -- 172.21.15.45:0/4261138545 --> [v2:172.21.15.45:3300/0,v1:172.21.15.45:6789/0] -- mon_subscribe({config=0+,monmap=0+}) v3 -- 0x7f4754009550 con 0x7f4760107040
2024-04-25T04:31:52.143 INFO:teuthology.orchestra.run.smithi045.stdout:/usr/bin/ceph: stderr
2024-04-25T04:31:51.232+0000 7f475e59c700 1 --2- 172.21.15.45:0/4261138545 >> [v2:172.21.15.45:3300/0,v1:172.21.15.45:6789/0] conn(0x7f4760107040 0x7f476019a160 secure :-1 s=READY pgs=83 cs=0 l=1 rev1=1 crypto rx=0x7f4754011ad0 tx=0x7f4754011bb0 comp rx=0 tx=0).ready entity=mon.0 client_cookie=0 server_cookie=0 in_seq=0 out_seq=0
2024-04-25T04:31:52.143 INFO:teuthology.orchestra.run.smithi045.stdout:/usr/bin/ceph: stderr
2024-04-25T04:31:51.232+0000 7f474f7fe700 1 -- 172.21.15.45:0/4261138545 <== mon.0 v2:172.21.15.45:3300/0 1 ==== mon_map magic: 0 v1 ==== 229+0+0 (secure 0 0 0) 0x7f4754003ab0 con 0x7f4760107040
2024-04-25T04:31:52.143 INFO:teuthology.orchestra.run.smithi045.stdout:/usr/bin/ceph: stderr
2024-04-25T04:31:51.232+0000 7f474f7fe700 1 -- 172.21.15.45:0/4261138545 <== mon.0 v2:172.21.15.45:3300/0 2 ==== config(27 keys) v1 ==== 1101+0+0 (secure 0 0 0) 0x7f4754003c10 con 0x7f4760107040
2024-04-25T04:31:52.143 INFO:teuthology.orchestra.run.smithi045.stdout:/usr/bin/ceph: stderr
2024-04-25T04:31:51.232+0000 7f4764cd5700 1 -- 172.21.15.45:0/4261138545 --> [v2:172.21.15.45:3300/0,v1:172.21.15.45:6789/0] -- mon_subscribe({mgrmap=0+}) v3 -- 0x7f476019a8a0 con 0x7f4760107040
2024-04-25T04:31:52.143 INFO:teuthology.orchestra.run.smithi045.stdout:/usr/bin/ceph: stderr
2024-04-25T04:31:51.232+0000 7f474f7fe700 1 -- 172.21.15.45:0/4261138545 <== mon.0 v2:172.21.15.45:3300/0 3 ==== mon_map magic: 0 v1 ==== 229+0+0 (secure 0 0 0) 0x7f47540198e0 con 0x7f4760107040
2024-04-25T04:31:52.143 INFO:teuthology.orchestra.run.smithi045.stdout:/usr/bin/ceph: stderr
2024-04-25T04:31:51.232+0000 7f4764cd5700 1 -- 172.21.15.45:0/4261138545 --> [v2:172.21.15.45:3300/0,v1:172.21.15.45:6789/0] -- mon_subscribe({osdmap=0}) v3 -- 0x7f476019ad40 con 0x7f4760107040
2024-04-25T04:31:52.143 INFO:teuthology.orchestra.run.smithi045.stdout:/usr/bin/ceph: stderr
2024-04-25T04:31:51.233+0000 7f474f7fe700 1 -- 172.21.15.45:0/4261138545 <== mon.0 v2:172.21.15.45:3300/0 4 ==== mgrmap(e 11) v1 ==== 45190+0+0 (secure 0 0 0) 0x7f4754019ba0 con 0x7f4760107040
2024-04-25T04:31:52.143 INFO:teuthology.orchestra.run.smithi045.stdout:/usr/bin/ceph: stderr
2024-04-25T04:31:51.233+0000 7f474f7fe700 1 --2- 172.21.15.45:0/4261138545 >> [v2:172.21.15.45:6800/476594178,v1:172.21.15.45:6801/476594178] conn(0x7f4748038250 0x7f474803a710 unknown :-1 s=NONE pgs=0 cs=0 l=1 rev1=0 crypto rx=0 tx=0 comp rx=0 tx=0).connect
2024-04-25T04:31:52.143 INFO:teuthology.orchestra.run.smithi045.stdout:/usr/bin/ceph: stderr
2024-04-25T04:31:51.233+0000 7f4764cd5700 1 -- 172.21.15.45:0/4261138545 --> [v2:172.21.15.45:3300/0,v1:172.21.15.45:6789/0] -- mon_command({"prefix": "get_command_descriptions"} v 0) v1 -- 0x7f476010a700 con 0x7f4760107040
2024-04-25T04:31:52.143 INFO:teuthology.orchestra.run.smithi045.stdout:/usr/bin/ceph: stderr
2024-04-25T04:31:51.233+0000 7f474f7fe700 1 -- 172.21.15.45:0/4261138545 <== mon.0 v2:172.21.15.45:3300/0 5 ==== osd_map(3..3 src has 1..3) v4 ==== 1155+0+0 (secure 0 0 0) 0x7f47540507f0 con 0x7f4760107040
2024-04-25T04:31:52.143 INFO:teuthology.orchestra.run.smithi045.stdout:/usr/bin/ceph: stderr
2024-04-25T04:31:51.233+0000 7f475dd9b700 1 --2- 172.21.15.45:0/4261138545 >> [v2:172.21.15.45:6800/476594178,v1:172.21.15.45:6801/476594178] conn(0x7f4748038250 0x7f474803a710 unknown :-1 s=BANNER_CONNECTING pgs=0 cs=0 l=1 rev1=0 crypto rx=0 tx=0 comp rx=0 tx=0)._handle_peer_banner_payload supported=3 required=0
2024-04-25T04:31:52.143 INFO:teuthology.orchestra.run.smithi045.stdout:/usr/bin/ceph: stderr
2024-04-25T04:31:51.234+0000 7f475dd9b700 1 --2- 172.21.15.45:0/4261138545 >> [v2:172.21.15.45:6800/476594178,v1:172.21.15.45:6801/476594178] conn(0x7f4748038250 0x7f474803a710 secure :-1 s=READY pgs=7 cs=0 l=1 rev1=1 crypto rx=0x7f4750006fd0 tx=0x7f4750006e40 comp rx=0 tx=0).ready entity=mgr.14164 client_cookie=0 server_cookie=0 in_seq=0 out_seq=0
2024-04-25T04:31:52.144 INFO:teuthology.orchestra.run.smithi045.stdout:/usr/bin/ceph: stderr
2024-04-25T04:31:51.239+0000 7f474f7fe700 1 -- 172.21.15.45:0/4261138545 <== mon.0 v2:172.21.15.45:3300/0 6 ==== mon_command_ack([{"prefix": "get_command_descriptions"}]=0 v0) v1 ==== 72+0+180422 (secure 0 0 0) 0x7f4754010d50 con 0x7f4760107040
2024-04-25T04:31:52.144 INFO:teuthology.orchestra.run.smithi045.stdout:/usr/bin/ceph: stderr
2024-04-25T04:31:51.434+0000 7f474f7fe700 1 -- 172.21.15.45:0/4261138545 <== mon.0 v2:172.21.15.45:3300/0 7 ==== mgrmap(e 12) v1 ==== 45296+0+0 (secure 0 0 0) 0x7f4754016d00 con 0x7f4760107040
2024-04-25T04:31:52.144 INFO:teuthology.orchestra.run.smithi045.stdout:/usr/bin/ceph: stderr
2024-04-25T04:31:51.466+0000 7f4764cd5700 1 -- 172.21.15.45:0/4261138545 --> [v2:172.21.15.45:6800/476594178,v1:172.21.15.45:6801/476594178] -- mgr_command(tid 0: {"prefix": "dashboard create-self-signed-cert", "target": ["mon-mgr", ""]}) v1 -- 0x7f4760101e90 con 0x7f4748038250
2024-04-25T04:31:52.144 INFO:teuthology.orchestra.run.smithi045.stdout:/usr/bin/ceph: stderr
2024-04-25T04:31:51.685+0000 7f474f7fe700 1 -- 172.21.15.45:0/4261138545 <== mgr.14164 v2:172.21.15.45:6800/476594178 1 ==== mgr_command_reply(tid 0: 0 ) v1 ==== 8+0+32 (secure 0 0 0) 0x7f4760101e90 con 0x7f4748038250
2024-04-25T04:31:52.144 INFO:teuthology.orchestra.run.smithi045.stdout:/usr/bin/ceph: stderr
2024-04-25T04:31:51.687+0000 7f4764cd5700 1 -- 172.21.15.45:0/4261138545 >> [v2:172.21.15.45:6800/476594178,v1:172.21.15.45:6801/476594178] conn(0x7f4748038250 msgr2=0x7f474803a710 secure :-1 s=STATE_CONNECTION_ESTABLISHED l=1).mark_down
2024-04-25T04:31:52.144 INFO:teuthology.orchestra.run.smithi045.stdout:/usr/bin/ceph: stderr
2024-04-25T04:31:51.687+0000 7f4764cd5700 1 --2- 172.21.15.45:0/4261138545 >> [v2:172.21.15.45:6800/476594178,v1:172.21.15.45:6801/476594178] conn(0x7f4748038250 0x7f474803a710 secure :-1 s=READY pgs=7 cs=0 l=1 rev1=1 crypto rx=0x7f4750006fd0 tx=0x7f4750006e40 comp rx=0 tx=0).stop
2024-04-25T04:31:52.144 INFO:teuthology.orchestra.run.smithi045.stdout:/usr/bin/ceph: stderr
2024-04-25T04:31:51.687+0000 7f4764cd5700 1 -- 172.21.15.45:0/4261138545 >> [v2:172.21.15.45:3300/0,v1:172.21.15.45:6789/0] conn(0x7f4760107040 msgr2=0x7f476019a160 secure :-1 s=STATE_CONNECTION_ESTABLISHED l=1).mark_down
2024-04-25T04:31:52.144 INFO:teuthology.orchestra.run.smithi045.stdout:/usr/bin/ceph: stderr
2024-04-25T04:31:51.687+0000 7f4764cd5700 1 --2- 172.21.15.45:0/4261138545 >> [v2:172.21.15.45:3300/0,v1:172.21.15.45:6789/0] conn(0x7f4760107040 0x7f476019a160 secure :-1 s=READY pgs=83 cs=0 l=1 rev1=1 crypto rx=0x7f4754011ad0 tx=0x7f4754011bb0 comp rx=0 tx=0).stop
2024-04-25T04:31:52.144 INFO:teuthology.orchestra.run.smithi045.stdout:/usr/bin/ceph: stderr
2024-04-25T04:31:51.687+0000 7f4764cd5700 1 -- 172.21.15.45:0/4261138545 shutdown_connections
2024-04-25T04:31:52.144 INFO:teuthology.orchestra.run.smithi045.stdout:/usr/bin/ceph: stderr
2024-04-25T04:31:51.687+0000 7f4764cd5700 1 --2- 172.21.15.45:0/4261138545 >> [v2:172.21.15.45:6800/476594178,v1:172.21.15.45:6801/476594178] conn(0x7f4748038250 0x7f474803a710 unknown :-1 s=CLOSED pgs=7 cs=0 l=1 rev1=1 crypto rx=0 tx=0 comp rx=0 tx=0).stop
2024-04-25T04:31:52.144 INFO:teuthology.orchestra.run.smithi045.stdout:/usr/bin/ceph: stderr
2024-04-25T04:31:51.687+0000 7f4764cd5700 1 --2- 172.21.15.45:0/4261138545 >> [v2:172.21.15.45:3300/0,v1:172.21.15.45:6789/0] conn(0x7f4760107040 0x7f476019a160 unknown :-1 s=CLOSED pgs=83 cs=0 l=1 rev1=1 crypto rx=0 tx=0 comp rx=0 tx=0).stop
2024-04-25T04:31:52.144 INFO:teuthology.orchestra.run.smithi045.stdout:/usr/bin/ceph: stderr
2024-04-25T04:31:51.687+0000 7f4764cd5700 1 -- 172.21.15.45:0/4261138545 >> 172.21.15.45:0/4261138545 conn(0x7f47601009f0 msgr2=0x7f4760101780 unknown :-1 s=STATE_NONE l=0).mark_down
2024-04-25T04:31:52.144 INFO:teuthology.orchestra.run.smithi045.stdout:/usr/bin/ceph: stderr
2024-04-25T04:31:51.687+0000 7f4764cd5700 1 -- 172.21.15.45:0/4261138545 shutdown_connections
2024-04-25T04:31:52.144 INFO:teuthology.orchestra.run.smithi045.stdout:/usr/bin/ceph: stderr
2024-04-25T04:31:51.688+0000 7f4764cd5700 1 -- 172.21.15.45:0/4261138545 wait complete.
2024-04-25T04:31:52.144 INFO:teuthology.orchestra.run.smithi045.stdout:Creating initial admin user...
2024-04-25T04:31:52.435 INFO:journalctl@ceph.mon.smithi045.smithi045.stdout:Apr 25 04:31:52 smithi045 ceph-mon[26355]: from='mgr.14164 172.21.15.45:0/2243511491' entity='mgr.smithi045.dfgafn'
2024-04-25T04:31:52.435 INFO:journalctl@ceph.mon.smithi045.smithi045.stdout:Apr 25 04:31:52 smithi045 ceph-mon[26355]: mgrmap e12: smithi045.dfgafn(active, since 2s)
2024-04-25T04:31:52.435 INFO:journalctl@ceph.mon.smithi045.smithi045.stdout:Apr 25 04:31:52 smithi045 ceph-mon[26355]: from='client.14176 -' entity='client.admin' cmd=[{"prefix": "dashboard create-self-signed-cert", "target": ["mon-mgr", ""]}]: dispatch
2024-04-25T04:31:52.435 INFO:journalctl@ceph.mon.smithi045.smithi045.stdout:Apr 25 04:31:52 smithi045 ceph-mon[26355]: from='mgr.14164 172.21.15.45:0/2243511491' entity='mgr.smithi045.dfgafn'
2024-04-25T04:31:52.435 INFO:journalctl@ceph.mon.smithi045.smithi045.stdout:Apr 25 04:31:52 smithi045 ceph-mon[26355]: from='mgr.14164 172.21.15.45:0/2243511491' entity='mgr.smithi045.dfgafn'
2024-04-25T04:31:54.577 INFO:teuthology.orchestra.run.smithi045.stdout:/usr/bin/ceph: stdout {"username": "admin", "password": "$2b$12$C2MbrafbqfV/jPyu68/KpOac0KDn1JS5NVERWiGqqi0c7q52HaPrO", "roles": ["administrator"], "name": null, "email": null, "lastUpdate": 1714019513, "enabled": true, "pwdExpirationDate": null, "pwdUpdateRequired": true}
2024-04-25T04:31:54.577 INFO:teuthology.orchestra.run.smithi045.stdout:/usr/bin/ceph: stderr
2024-04-25T04:31:53.516+0000 7ff9f212a700 1 Processor -- start
2024-04-25T04:31:54.577 INFO:teuthology.orchestra.run.smithi045.stdout:/usr/bin/ceph: stderr
2024-04-25T04:31:53.516+0000 7ff9f212a700 1 -- start start
2024-04-25T04:31:54.577 INFO:teuthology.orchestra.run.smithi045.stdout:/usr/bin/ceph: stderr
2024-04-25T04:31:53.516+0000 7ff9f212a700 1 --2- >> [v2:172.21.15.45:3300/0,v1:172.21.15.45:6789/0] conn(0x7ff9ec106560 0x7ff9ec106980 unknown :-1 s=NONE pgs=0 cs=0 l=0 rev1=0 crypto rx=0 tx=0 comp rx=0 tx=0).connect
2024-04-25T04:31:54.578 INFO:teuthology.orchestra.run.smithi045.stdout:/usr/bin/ceph: stderr
2024-04-25T04:31:53.516+0000 7ff9f212a700 1 -- --> [v2:172.21.15.45:3300/0,v1:172.21.15.45:6789/0] -- mon_getmap magic: 0 v1 -- 0x7ff9ec106f50 con 0x7ff9ec106560
2024-04-25T04:31:54.578 INFO:teuthology.orchestra.run.smithi045.stdout:/usr/bin/ceph: stderr
2024-04-25T04:31:53.516+0000 7ff9eb7fe700 1 --2- >> [v2:172.21.15.45:3300/0,v1:172.21.15.45:6789/0] conn(0x7ff9ec106560 0x7ff9ec106980 unknown :-1 s=BANNER_CONNECTING pgs=0 cs=0 l=0 rev1=0 crypto rx=0 tx=0 comp rx=0 tx=0)._handle_peer_banner_payload supported=3 required=0
2024-04-25T04:31:54.578 INFO:teuthology.orchestra.run.smithi045.stdout:/usr/bin/ceph: stderr
2024-04-25T04:31:53.516+0000 7ff9eb7fe700 1 --2- >> [v2:172.21.15.45:3300/0,v1:172.21.15.45:6789/0] conn(0x7ff9ec106560 0x7ff9ec106980 unknown :-1 s=HELLO_CONNECTING pgs=0 cs=0 l=0 rev1=1 crypto rx=0 tx=0 comp rx=0 tx=0).handle_hello peer v2:172.21.15.45:3300/0 says I am v2:172.21.15.45:41536/0 (socket says 172.21.15.45:41536)
2024-04-25T04:31:54.578 INFO:teuthology.orchestra.run.smithi045.stdout:/usr/bin/ceph: stderr
2024-04-25T04:31:53.516+0000 7ff9eb7fe700 1 -- 172.21.15.45:0/1148245483 learned_addr learned my addr 172.21.15.45:0/1148245483 (peer_addr_for_me v2:172.21.15.45:0/0)
2024-04-25T04:31:54.578 INFO:teuthology.orchestra.run.smithi045.stdout:/usr/bin/ceph: stderr
2024-04-25T04:31:53.517+0000 7ff9eb7fe700 1 -- 172.21.15.45:0/1148245483 --> [v2:172.21.15.45:3300/0,v1:172.21.15.45:6789/0] -- mon_subscribe({config=0+,monmap=0+}) v3 -- 0x7ff9ec107760 con 0x7ff9ec106560
2024-04-25T04:31:54.578 INFO:teuthology.orchestra.run.smithi045.stdout:/usr/bin/ceph: stderr
2024-04-25T04:31:53.517+0000 7ff9eb7fe700 1 --2- 172.21.15.45:0/1148245483 >> [v2:172.21.15.45:3300/0,v1:172.21.15.45:6789/0] conn(0x7ff9ec106560 0x7ff9ec106980 secure :-1 s=READY pgs=84 cs=0 l=1 rev1=1 crypto rx=0x7ff9dc0098a0 tx=0x7ff9dc009bb0 comp rx=0 tx=0).ready entity=mon.0 client_cookie=3333f6b96446f5f1 server_cookie=0 in_seq=0 out_seq=0
2024-04-25T04:31:54.578 INFO:teuthology.orchestra.run.smithi045.stdout:/usr/bin/ceph: stderr
2024-04-25T04:31:53.517+0000 7ff9ea7fc700 1 -- 172.21.15.45:0/1148245483 <== mon.0 v2:172.21.15.45:3300/0 1 ==== mon_map magic: 0 v1 ==== 229+0+0 (secure 0 0 0) 0x7ff9dc004180 con 0x7ff9ec106560
2024-04-25T04:31:54.578 INFO:teuthology.orchestra.run.smithi045.stdout:/usr/bin/ceph: stderr
2024-04-25T04:31:53.517+0000 7ff9ea7fc700 1 -- 172.21.15.45:0/1148245483 <== mon.0 v2:172.21.15.45:3300/0 2 ==== config(27 keys) v1 ==== 1101+0+0 (secure 0 0 0) 0x7ff9dc0042e0 con 0x7ff9ec106560
2024-04-25T04:31:54.578 INFO:teuthology.orchestra.run.smithi045.stdout:/usr/bin/ceph: stderr
2024-04-25T04:31:53.517+0000 7ff9ea7fc700 1 -- 172.21.15.45:0/1148245483 <== mon.0 v2:172.21.15.45:3300/0 3 ==== mon_map magic: 0 v1 ==== 229+0+0 (secure 0 0 0) 0x7ff9dc011af0 con 0x7ff9ec106560
2024-04-25T04:31:54.578 INFO:teuthology.orchestra.run.smithi045.stdout:/usr/bin/ceph: stderr
2024-04-25T04:31:53.517+0000 7ff9f212a700 1 -- 172.21.15.45:0/1148245483 >> [v2:172.21.15.45:3300/0,v1:172.21.15.45:6789/0] conn(0x7ff9ec106560 msgr2=0x7ff9ec106980 secure :-1 s=STATE_CONNECTION_ESTABLISHED l=1).mark_down
2024-04-25T04:31:54.578 INFO:teuthology.orchestra.run.smithi045.stdout:/usr/bin/ceph: stderr
2024-04-25T04:31:53.517+0000 7ff9f212a700 1 --2- 172.21.15.45:0/1148245483 >> [v2:172.21.15.45:3300/0,v1:172.21.15.45:6789/0] conn(0x7ff9ec106560 0x7ff9ec106980 secure :-1 s=READY pgs=84 cs=0 l=1 rev1=1 crypto rx=0x7ff9dc0098a0 tx=0x7ff9dc009bb0 comp rx=0 tx=0).stop
2024-04-25T04:31:54.578 INFO:teuthology.orchestra.run.smithi045.stdout:/usr/bin/ceph: stderr
2024-04-25T04:31:53.518+0000 7ff9f212a700 1 -- 172.21.15.45:0/1148245483 shutdown_connections
2024-04-25T04:31:54.578 INFO:teuthology.orchestra.run.smithi045.stdout:/usr/bin/ceph: stderr
2024-04-25T04:31:53.518+0000 7ff9f212a700 1 --2- 172.21.15.45:0/1148245483 >> [v2:172.21.15.45:3300/0,v1:172.21.15.45:6789/0] conn(0x7ff9ec106560 0x7ff9ec106980 unknown :-1 s=CLOSED pgs=84 cs=0 l=1 rev1=1 crypto rx=0 tx=0 comp rx=0 tx=0).stop
2024-04-25T04:31:54.578 INFO:teuthology.orchestra.run.smithi045.stdout:/usr/bin/ceph: stderr
2024-04-25T04:31:53.518+0000 7ff9f212a700 1 -- 172.21.15.45:0/1148245483 >> 172.21.15.45:0/1148245483 conn(0x7ff9ec101b40 msgr2=0x7ff9ec103f60 unknown :-1 s=STATE_NONE l=0).mark_down
2024-04-25T04:31:54.579 INFO:teuthology.orchestra.run.smithi045.stdout:/usr/bin/ceph: stderr
2024-04-25T04:31:53.518+0000 7ff9f212a700 1 -- 172.21.15.45:0/1148245483 shutdown_connections
2024-04-25T04:31:54.579 INFO:teuthology.orchestra.run.smithi045.stdout:/usr/bin/ceph: stderr
2024-04-25T04:31:53.518+0000 7ff9f212a700 1 -- 172.21.15.45:0/1148245483 wait complete.
2024-04-25T04:31:54.579 INFO:teuthology.orchestra.run.smithi045.stdout:/usr/bin/ceph: stderr
2024-04-25T04:31:53.518+0000 7ff9f212a700 1 Processor -- start
2024-04-25T04:31:54.579 INFO:teuthology.orchestra.run.smithi045.stdout:/usr/bin/ceph: stderr
2024-04-25T04:31:53.518+0000 7ff9f212a700 1 -- start start
2024-04-25T04:31:54.579 INFO:teuthology.orchestra.run.smithi045.stdout:/usr/bin/ceph: stderr
2024-04-25T04:31:53.519+0000 7ff9f212a700 1 --2- >> [v2:172.21.15.45:3300/0,v1:172.21.15.45:6789/0] conn(0x7ff9ec106560 0x7ff9ec19a240 unknown :-1 s=NONE pgs=0 cs=0 l=1 rev1=0 crypto rx=0 tx=0 comp rx=0 tx=0).connect
2024-04-25T04:31:54.579 INFO:teuthology.orchestra.run.smithi045.stdout:/usr/bin/ceph: stderr
2024-04-25T04:31:53.519+0000 7ff9f212a700 1 -- --> [v2:172.21.15.45:3300/0,v1:172.21.15.45:6789/0] -- mon_getmap magic: 0 v1 -- 0x7ff9ec19a780 con 0x7ff9ec106560
2024-04-25T04:31:54.579 INFO:teuthology.orchestra.run.smithi045.stdout:/usr/bin/ceph: stderr
2024-04-25T04:31:53.519+0000 7ff9eb7fe700 1 --2- >> [v2:172.21.15.45:3300/0,v1:172.21.15.45:6789/0] conn(0x7ff9ec106560 0x7ff9ec19a240 unknown :-1 s=BANNER_CONNECTING pgs=0 cs=0 l=1 rev1=0 crypto rx=0 tx=0 comp rx=0 tx=0)._handle_peer_banner_payload supported=3 required=0
2024-04-25T04:31:54.579 INFO:teuthology.orchestra.run.smithi045.stdout:/usr/bin/ceph: stderr
2024-04-25T04:31:53.519+0000 7ff9eb7fe700 1 --2- >> [v2:172.21.15.45:3300/0,v1:172.21.15.45:6789/0] conn(0x7ff9ec106560 0x7ff9ec19a240 unknown :-1 s=HELLO_CONNECTING pgs=0 cs=0 l=1 rev1=1 crypto rx=0 tx=0 comp rx=0 tx=0).handle_hello peer v2:172.21.15.45:3300/0 says I am v2:172.21.15.45:41542/0 (socket says 172.21.15.45:41542)
2024-04-25T04:31:54.579 INFO:teuthology.orchestra.run.smithi045.stdout:/usr/bin/ceph: stderr
2024-04-25T04:31:53.519+0000 7ff9eb7fe700 1 -- 172.21.15.45:0/1304756557 learned_addr learned my addr 172.21.15.45:0/1304756557 (peer_addr_for_me v2:172.21.15.45:0/0)
2024-04-25T04:31:54.579 INFO:teuthology.orchestra.run.smithi045.stdout:/usr/bin/ceph: stderr
2024-04-25T04:31:53.519+0000 7ff9eb7fe700 1 -- 172.21.15.45:0/1304756557 --> [v2:172.21.15.45:3300/0,v1:172.21.15.45:6789/0] -- mon_subscribe({config=0+,monmap=0+}) v3 -- 0x7ff9dc009550 con 0x7ff9ec106560
2024-04-25T04:31:54.579 INFO:teuthology.orchestra.run.smithi045.stdout:/usr/bin/ceph: stderr
2024-04-25T04:31:53.519+0000 7ff9eb7fe700 1 --2- 172.21.15.45:0/1304756557 >> [v2:172.21.15.45:3300/0,v1:172.21.15.45:6789/0] conn(0x7ff9ec106560 0x7ff9ec19a240 secure :-1 s=READY pgs=85 cs=0 l=1 rev1=1 crypto rx=0x7ff9dc011670 tx=0x7ff9dc011aa0 comp rx=0 tx=0).ready entity=mon.0 client_cookie=0 server_cookie=0 in_seq=0 out_seq=0
2024-04-25T04:31:54.579 INFO:teuthology.orchestra.run.smithi045.stdout:/usr/bin/ceph: stderr
2024-04-25T04:31:53.519+0000 7ff9e8ff9700 1 -- 172.21.15.45:0/1304756557 <== mon.0 v2:172.21.15.45:3300/0 1 ==== mon_map magic: 0 v1 ==== 229+0+0 (secure 0 0 0) 0x7ff9dc0039c0 con 0x7ff9ec106560
2024-04-25T04:31:54.579 INFO:teuthology.orchestra.run.smithi045.stdout:/usr/bin/ceph: stderr
2024-04-25T04:31:53.519+0000 7ff9e8ff9700 1 -- 172.21.15.45:0/1304756557 <== mon.0 v2:172.21.15.45:3300/0 2 ==== config(27 keys) v1 ==== 1101+0+0 (secure 0 0 0) 0x7ff9dc003b20 con 0x7ff9ec106560
2024-04-25T04:31:54.579 INFO:teuthology.orchestra.run.smithi045.stdout:/usr/bin/ceph: stderr
2024-04-25T04:31:53.519+0000 7ff9f212a700 1 -- 172.21.15.45:0/1304756557 --> [v2:172.21.15.45:3300/0,v1:172.21.15.45:6789/0] -- mon_subscribe({mgrmap=0+}) v3 -- 0x7ff9ec19a980 con 0x7ff9ec106560
2024-04-25T04:31:54.580 INFO:teuthology.orchestra.run.smithi045.stdout:/usr/bin/ceph: stderr
2024-04-25T04:31:53.519+0000 7ff9e8ff9700 1 -- 172.21.15.45:0/1304756557 <== mon.0 v2:172.21.15.45:3300/0 3 ==== mon_map magic: 0 v1 ==== 229+0+0 (secure 0 0 0) 0x7ff9dc0247f0 con 0x7ff9ec106560
2024-04-25T04:31:54.580 INFO:teuthology.orchestra.run.smithi045.stdout:/usr/bin/ceph: stderr
2024-04-25T04:31:53.519+0000 7ff9f212a700 1 -- 172.21.15.45:0/1304756557 --> [v2:172.21.15.45:3300/0,v1:172.21.15.45:6789/0] -- mon_subscribe({osdmap=0}) v3 -- 0x7ff9ec19ae20 con 0x7ff9ec106560
2024-04-25T04:31:54.580 INFO:teuthology.orchestra.run.smithi045.stdout:/usr/bin/ceph: stderr
2024-04-25T04:31:53.520+0000 7ff9e8ff9700 1 -- 172.21.15.45:0/1304756557 <== mon.0 v2:172.21.15.45:3300/0 4 ==== mgrmap(e 12) v1 ==== 45296+0+0 (secure 0 0 0) 0x7ff9dc024ab0 con 0x7ff9ec106560
2024-04-25T04:31:54.580 INFO:teuthology.orchestra.run.smithi045.stdout:/usr/bin/ceph: stderr
2024-04-25T04:31:53.520+0000 7ff9f212a700 1 -- 172.21.15.45:0/1304756557 --> [v2:172.21.15.45:3300/0,v1:172.21.15.45:6789/0] -- mon_command({"prefix": "get_command_descriptions"} v 0) v1 -- 0x7ff9ec0623c0 con 0x7ff9ec106560
2024-04-25T04:31:54.580 INFO:teuthology.orchestra.run.smithi045.stdout:/usr/bin/ceph: stderr
2024-04-25T04:31:53.520+0000 7ff9e8ff9700 1 --2- 172.21.15.45:0/1304756557 >> [v2:172.21.15.45:6800/476594178,v1:172.21.15.45:6801/476594178] conn(0x7ff9d4038330 0x7ff9d403a7f0 unknown :-1 s=NONE pgs=0 cs=0 l=1 rev1=0 crypto rx=0 tx=0 comp rx=0 tx=0).connect
2024-04-25T04:31:54.580 INFO:teuthology.orchestra.run.smithi045.stdout:/usr/bin/ceph: stderr
2024-04-25T04:31:53.520+0000 7ff9e8ff9700 1 -- 172.21.15.45:0/1304756557 <== mon.0 v2:172.21.15.45:3300/0 5 ==== osd_map(3..3 src has 1..3) v4 ==== 1155+0+0 (secure 0 0 0) 0x7ff9dc04c540 con 0x7ff9ec106560
2024-04-25T04:31:54.580 INFO:teuthology.orchestra.run.smithi045.stdout:/usr/bin/ceph: stderr
2024-04-25T04:31:53.521+0000 7ff9eaffd700 1 --2- 172.21.15.45:0/1304756557 >> [v2:172.21.15.45:6800/476594178,v1:172.21.15.45:6801/476594178] conn(0x7ff9d4038330 0x7ff9d403a7f0 unknown :-1 s=BANNER_CONNECTING pgs=0 cs=0 l=1 rev1=0 crypto rx=0 tx=0 comp rx=0 tx=0)._handle_peer_banner_payload supported=3 required=0
2024-04-25T04:31:54.580 INFO:teuthology.orchestra.run.smithi045.stdout:/usr/bin/ceph: stderr
2024-04-25T04:31:53.521+0000 7ff9eaffd700 1 --2- 172.21.15.45:0/1304756557 >> [v2:172.21.15.45:6800/476594178,v1:172.21.15.45:6801/476594178] conn(0x7ff9d4038330 0x7ff9d403a7f0 secure :-1 s=READY pgs=8 cs=0 l=1 rev1=1 crypto rx=0x7ff9e0006fd0 tx=0x7ff9e0006e40 comp rx=0 tx=0).ready entity=mgr.14164 client_cookie=0 server_cookie=0 in_seq=0 out_seq=0
2024-04-25T04:31:54.580 INFO:teuthology.orchestra.run.smithi045.stdout:/usr/bin/ceph: stderr
2024-04-25T04:31:53.525+0000 7ff9e8ff9700 1 -- 172.21.15.45:0/1304756557 <== mon.0 v2:172.21.15.45:3300/0 6 ==== mon_command_ack([{"prefix": "get_command_descriptions"}]=0 v0) v1 ==== 72+0+180422 (secure 0 0 0) 0x7ff9dc0189a0 con 0x7ff9ec106560
2024-04-25T04:31:54.580 INFO:teuthology.orchestra.run.smithi045.stdout:/usr/bin/ceph: stderr
2024-04-25T04:31:53.741+0000 7ff9f212a700 1 -- 172.21.15.45:0/1304756557 --> [v2:172.21.15.45:6800/476594178,v1:172.21.15.45:6801/476594178] -- mgr_command(tid 0: {"prefix": "dashboard ac-user-create", "username": "admin", "rolename": "administrator", "force_password": true, "pwd_update_required": true, "target": ["mon-mgr", ""]}) v1 -- 0x7ff9ec0621e0 con 0x7ff9d4038330
2024-04-25T04:31:54.580 INFO:teuthology.orchestra.run.smithi045.stdout:/usr/bin/ceph: stderr
2024-04-25T04:31:53.992+0000 7ff9e8ff9700 1 -- 172.21.15.45:0/1304756557 <== mgr.14164 v2:172.21.15.45:6800/476594178 1 ==== mgr_command_reply(tid 0: 0 ) v1 ==== 8+0+252 (secure 0 0 0) 0x7ff9ec0621e0 con 0x7ff9d4038330
2024-04-25T04:31:54.580 INFO:teuthology.orchestra.run.smithi045.stdout:/usr/bin/ceph: stderr
2024-04-25T04:31:53.995+0000 7ff9f212a700 1 -- 172.21.15.45:0/1304756557 >> [v2:172.21.15.45:6800/476594178,v1:172.21.15.45:6801/476594178] conn(0x7ff9d4038330 msgr2=0x7ff9d403a7f0 secure :-1 s=STATE_CONNECTION_ESTABLISHED l=1).mark_down
2024-04-25T04:31:54.580 INFO:teuthology.orchestra.run.smithi045.stdout:/usr/bin/ceph: stderr
2024-04-25T04:31:53.995+0000 7ff9f212a700 1 --2- 172.21.15.45:0/1304756557 >> [v2:172.21.15.45:6800/476594178,v1:172.21.15.45:6801/476594178] conn(0x7ff9d4038330 0x7ff9d403a7f0 secure :-1 s=READY pgs=8 cs=0 l=1 rev1=1 crypto rx=0x7ff9e0006fd0 tx=0x7ff9e0006e40 comp rx=0 tx=0).stop
2024-04-25T04:31:54.580 INFO:teuthology.orchestra.run.smithi045.stdout:/usr/bin/ceph: stderr
2024-04-25T04:31:53.995+0000 7ff9f212a700 1 -- 172.21.15.45:0/1304756557 >> [v2:172.21.15.45:3300/0,v1:172.21.15.45:6789/0] conn(0x7ff9ec106560 msgr2=0x7ff9ec19a240 secure :-1 s=STATE_CONNECTION_ESTABLISHED l=1).mark_down
2024-04-25T04:31:54.581 INFO:teuthology.orchestra.run.smithi045.stdout:/usr/bin/ceph: stderr
2024-04-25T04:31:53.995+0000 7ff9f212a700 1 --2- 172.21.15.45:0/1304756557 >> [v2:172.21.15.45:3300/0,v1:172.21.15.45:6789/0] conn(0x7ff9ec106560 0x7ff9ec19a240 secure :-1 s=READY pgs=85 cs=0 l=1 rev1=1 crypto rx=0x7ff9dc011670 tx=0x7ff9dc011aa0 comp rx=0 tx=0).stop
2024-04-25T04:31:54.581 INFO:teuthology.orchestra.run.smithi045.stdout:/usr/bin/ceph: stderr
2024-04-25T04:31:53.995+0000 7ff9f212a700 1 -- 172.21.15.45:0/1304756557 shutdown_connections
2024-04-25T04:31:54.581 INFO:teuthology.orchestra.run.smithi045.stdout:/usr/bin/ceph: stderr
2024-04-25T04:31:53.995+0000 7ff9f212a700 1 --2- 172.21.15.45:0/1304756557 >> [v2:172.21.15.45:6800/476594178,v1:172.21.15.45:6801/476594178] conn(0x7ff9d4038330 0x7ff9d403a7f0 unknown :-1 s=CLOSED pgs=8 cs=0 l=1 rev1=1 crypto rx=0 tx=0 comp rx=0 tx=0).stop
2024-04-25T04:31:54.581 INFO:teuthology.orchestra.run.smithi045.stdout:/usr/bin/ceph: stderr
2024-04-25T04:31:53.995+0000 7ff9f212a700 1 --2- 172.21.15.45:0/1304756557 >> [v2:172.21.15.45:3300/0,v1:172.21.15.45:6789/0] conn(0x7ff9ec106560 0x7ff9ec19a240 unknown :-1 s=CLOSED pgs=85 cs=0 l=1 rev1=1 crypto rx=0 tx=0 comp rx=0 tx=0).stop
2024-04-25T04:31:54.581 INFO:teuthology.orchestra.run.smithi045.stdout:/usr/bin/ceph: stderr
2024-04-25T04:31:53.995+0000 7ff9f212a700 1 -- 172.21.15.45:0/1304756557 >> 172.21.15.45:0/1304756557 conn(0x7ff9ec101b40 msgr2=0x7ff9ec1028e0 unknown :-1 s=STATE_NONE l=0).mark_down
2024-04-25T04:31:54.581 INFO:teuthology.orchestra.run.smithi045.stdout:/usr/bin/ceph: stderr
2024-04-25T04:31:53.995+0000 7ff9f212a700 1 -- 172.21.15.45:0/1304756557 shutdown_connections
2024-04-25T04:31:54.581 INFO:teuthology.orchestra.run.smithi045.stdout:/usr/bin/ceph: stderr
2024-04-25T04:31:53.995+0000 7ff9f212a700 1 -- 172.21.15.45:0/1304756557 wait complete.
2024-04-25T04:31:54.581 INFO:teuthology.orchestra.run.smithi045.stdout:Fetching dashboard port number...
2024-04-25T04:31:55.248 INFO:journalctl@ceph.mon.smithi045.smithi045.stdout:Apr 25 04:31:54 smithi045 ceph-mon[26355]: from='client.14178 -' entity='client.admin' cmd=[{"prefix": "dashboard ac-user-create", "username": "admin", "rolename": "administrator", "force_password": true, "pwd_update_required": true, "target": ["mon-mgr", ""]}]: dispatch
2024-04-25T04:31:55.248 INFO:journalctl@ceph.mon.smithi045.smithi045.stdout:Apr 25 04:31:54 smithi045 ceph-mon[26355]: from='mgr.14164 172.21.15.45:0/2243511491' entity='mgr.smithi045.dfgafn'
2024-04-25T04:31:55.792 INFO:teuthology.orchestra.run.smithi045.stdout:/usr/bin/ceph: stdout 8443
2024-04-25T04:31:55.792 INFO:teuthology.orchestra.run.smithi045.stdout:/usr/bin/ceph: stderr
2024-04-25T04:31:55.038+0000 7ff8be542700 1 Processor -- start
2024-04-25T04:31:55.792 INFO:teuthology.orchestra.run.smithi045.stdout:/usr/bin/ceph: stderr
2024-04-25T04:31:55.038+0000 7ff8be542700 1 -- start start
2024-04-25T04:31:55.792 INFO:teuthology.orchestra.run.smithi045.stdout:/usr/bin/ceph: stderr
2024-04-25T04:31:55.038+0000 7ff8be542700 1 --2- >> [v2:172.21.15.45:3300/0,v1:172.21.15.45:6789/0] conn(0x7ff8b807be60 0x7ff8b807a2c0 unknown :-1 s=NONE pgs=0 cs=0 l=0 rev1=0 crypto rx=0 tx=0 comp rx=0 tx=0).connect
2024-04-25T04:31:55.792 INFO:teuthology.orchestra.run.smithi045.stdout:/usr/bin/ceph: stderr
2024-04-25T04:31:55.038+0000 7ff8be542700 1 -- --> [v2:172.21.15.45:3300/0,v1:172.21.15.45:6789/0] -- mon_getmap magic: 0 v1 -- 0x7ff8b807a890 con 0x7ff8b807be60
2024-04-25T04:31:55.793 INFO:teuthology.orchestra.run.smithi045.stdout:/usr/bin/ceph: stderr
2024-04-25T04:31:55.038+0000 7ff8b7fff700 1 --2- >> [v2:172.21.15.45:3300/0,v1:172.21.15.45:6789/0] conn(0x7ff8b807be60 0x7ff8b807a2c0 unknown :-1 s=BANNER_CONNECTING pgs=0 cs=0 l=0 rev1=0 crypto rx=0 tx=0 comp rx=0 tx=0)._handle_peer_banner_payload supported=3 required=0
2024-04-25T04:31:55.793 INFO:teuthology.orchestra.run.smithi045.stdout:/usr/bin/ceph: stderr
2024-04-25T04:31:55.038+0000 7ff8b7fff700 1 --2- >> [v2:172.21.15.45:3300/0,v1:172.21.15.45:6789/0] conn(0x7ff8b807be60 0x7ff8b807a2c0 unknown :-1 s=HELLO_CONNECTING pgs=0 cs=0 l=0 rev1=1 crypto rx=0 tx=0 comp rx=0 tx=0).handle_hello peer v2:172.21.15.45:3300/0 says I am v2:172.21.15.45:42250/0 (socket says 172.21.15.45:42250)
2024-04-25T04:31:55.793 INFO:teuthology.orchestra.run.smithi045.stdout:/usr/bin/ceph: stderr
2024-04-25T04:31:55.038+0000 7ff8b7fff700 1 -- 172.21.15.45:0/1147275192 learned_addr learned my addr 172.21.15.45:0/1147275192 (peer_addr_for_me v2:172.21.15.45:0/0)
2024-04-25T04:31:55.793 INFO:teuthology.orchestra.run.smithi045.stdout:/usr/bin/ceph: stderr
2024-04-25T04:31:55.039+0000 7ff8b7fff700 1 -- 172.21.15.45:0/1147275192 --> [v2:172.21.15.45:3300/0,v1:172.21.15.45:6789/0] -- mon_subscribe({config=0+,monmap=0+}) v3 -- 0x7ff8b807a9d0 con 0x7ff8b807be60
2024-04-25T04:31:55.793 INFO:teuthology.orchestra.run.smithi045.stdout:/usr/bin/ceph: stderr
2024-04-25T04:31:55.039+0000 7ff8b7fff700 1 --2- 172.21.15.45:0/1147275192 >> [v2:172.21.15.45:3300/0,v1:172.21.15.45:6789/0] conn(0x7ff8b807be60 0x7ff8b807a2c0 secure :-1 s=READY pgs=86 cs=0 l=1 rev1=1 crypto rx=0x7ff8ac0098a0 tx=0x7ff8ac009bb0 comp rx=0 tx=0).ready entity=mon.0 client_cookie=8f44f32cb2606edd server_cookie=0 in_seq=0 out_seq=0
2024-04-25T04:31:55.793 INFO:teuthology.orchestra.run.smithi045.stdout:/usr/bin/ceph: stderr
2024-04-25T04:31:55.039+0000 7ff8b6ffd700 1 -- 172.21.15.45:0/1147275192 <== mon.0 v2:172.21.15.45:3300/0 1 ==== mon_map magic: 0 v1 ==== 229+0+0 (secure 0 0 0) 0x7ff8ac004180 con 0x7ff8b807be60
2024-04-25T04:31:55.793 INFO:teuthology.orchestra.run.smithi045.stdout:/usr/bin/ceph: stderr
2024-04-25T04:31:55.039+0000 7ff8b6ffd700 1 -- 172.21.15.45:0/1147275192 <== mon.0 v2:172.21.15.45:3300/0 2 ==== config(27 keys) v1 ==== 1101+0+0 (secure 0 0 0) 0x7ff8ac0042e0 con 0x7ff8b807be60
2024-04-25T04:31:55.793 INFO:teuthology.orchestra.run.smithi045.stdout:/usr/bin/ceph: stderr
2024-04-25T04:31:55.039+0000 7ff8b6ffd700 1 -- 172.21.15.45:0/1147275192 <== mon.0 v2:172.21.15.45:3300/0 3 ==== mon_map magic: 0 v1 ==== 229+0+0 (secure 0 0 0) 0x7ff8ac011af0 con 0x7ff8b807be60
2024-04-25T04:31:55.793 INFO:teuthology.orchestra.run.smithi045.stdout:/usr/bin/ceph: stderr
2024-04-25T04:31:55.039+0000 7ff8be542700 1 -- 172.21.15.45:0/1147275192 >> [v2:172.21.15.45:3300/0,v1:172.21.15.45:6789/0] conn(0x7ff8b807be60 msgr2=0x7ff8b807a2c0 secure :-1 s=STATE_CONNECTION_ESTABLISHED l=1).mark_down
2024-04-25T04:31:55.793 INFO:teuthology.orchestra.run.smithi045.stdout:/usr/bin/ceph: stderr
2024-04-25T04:31:55.039+0000 7ff8be542700 1 --2- 172.21.15.45:0/1147275192 >> [v2:172.21.15.45:3300/0,v1:172.21.15.45:6789/0] conn(0x7ff8b807be60 0x7ff8b807a2c0 secure :-1 s=READY pgs=86 cs=0 l=1 rev1=1 crypto rx=0x7ff8ac0098a0 tx=0x7ff8ac009bb0 comp rx=0 tx=0).stop
2024-04-25T04:31:55.793 INFO:teuthology.orchestra.run.smithi045.stdout:/usr/bin/ceph: stderr
2024-04-25T04:31:55.039+0000 7ff8be542700 1 -- 172.21.15.45:0/1147275192 shutdown_connections
2024-04-25T04:31:55.793 INFO:teuthology.orchestra.run.smithi045.stdout:/usr/bin/ceph: stderr
2024-04-25T04:31:55.039+0000 7ff8be542700 1 --2- 172.21.15.45:0/1147275192 >> [v2:172.21.15.45:3300/0,v1:172.21.15.45:6789/0] conn(0x7ff8b807be60 0x7ff8b807a2c0 unknown :-1 s=CLOSED pgs=86 cs=0 l=1 rev1=1 crypto rx=0 tx=0 comp rx=0 tx=0).stop
2024-04-25T04:31:55.793 INFO:teuthology.orchestra.run.smithi045.stdout:/usr/bin/ceph: stderr
2024-04-25T04:31:55.039+0000 7ff8be542700 1 -- 172.21.15.45:0/1147275192 >> 172.21.15.45:0/1147275192 conn(0x7ff8b8101b40 msgr2=0x7ff8b8103f60 unknown :-1 s=STATE_NONE l=0).mark_down
2024-04-25T04:31:55.793 INFO:teuthology.orchestra.run.smithi045.stdout:/usr/bin/ceph: stderr
2024-04-25T04:31:55.040+0000 7ff8be542700 1 -- 172.21.15.45:0/1147275192 shutdown_connections
2024-04-25T04:31:55.794 INFO:teuthology.orchestra.run.smithi045.stdout:/usr/bin/ceph: stderr
2024-04-25T04:31:55.040+0000 7ff8be542700 1 -- 172.21.15.45:0/1147275192 wait complete.
2024-04-25T04:31:55.794 INFO:teuthology.orchestra.run.smithi045.stdout:/usr/bin/ceph: stderr
2024-04-25T04:31:55.040+0000 7ff8be542700 1 Processor -- start
2024-04-25T04:31:55.794 INFO:teuthology.orchestra.run.smithi045.stdout:/usr/bin/ceph: stderr
2024-04-25T04:31:55.040+0000 7ff8be542700 1 -- start start
2024-04-25T04:31:55.794 INFO:teuthology.orchestra.run.smithi045.stdout:/usr/bin/ceph: stderr
2024-04-25T04:31:55.040+0000 7ff8be542700 1 --2- >> [v2:172.21.15.45:3300/0,v1:172.21.15.45:6789/0] conn(0x7ff8b807be60 0x7ff8b819c410 unknown :-1 s=NONE pgs=0 cs=0 l=1 rev1=0 crypto rx=0 tx=0 comp rx=0 tx=0).connect
2024-04-25T04:31:55.794 INFO:teuthology.orchestra.run.smithi045.stdout:/usr/bin/ceph: stderr
2024-04-25T04:31:55.040+0000 7ff8be542700 1 -- --> [v2:172.21.15.45:3300/0,v1:172.21.15.45:6789/0] -- mon_getmap magic: 0 v1 -- 0x7ff8b819c950 con 0x7ff8b807be60
2024-04-25T04:31:55.794 INFO:teuthology.orchestra.run.smithi045.stdout:/usr/bin/ceph: stderr
2024-04-25T04:31:55.041+0000 7ff8b7fff700 1 --2- >> [v2:172.21.15.45:3300/0,v1:172.21.15.45:6789/0] conn(0x7ff8b807be60 0x7ff8b819c410 unknown :-1 s=BANNER_CONNECTING pgs=0 cs=0 l=1 rev1=0 crypto rx=0 tx=0 comp rx=0 tx=0)._handle_peer_banner_payload supported=3 required=0
2024-04-25T04:31:55.794 INFO:teuthology.orchestra.run.smithi045.stdout:/usr/bin/ceph: stderr
2024-04-25T04:31:55.041+0000 7ff8b7fff700 1 --2- >> [v2:172.21.15.45:3300/0,v1:172.21.15.45:6789/0] conn(0x7ff8b807be60 0x7ff8b819c410 unknown :-1 s=HELLO_CONNECTING pgs=0 cs=0 l=1 rev1=1 crypto rx=0 tx=0 comp rx=0 tx=0).handle_hello peer v2:172.21.15.45:3300/0 says I am v2:172.21.15.45:42258/0 (socket says 172.21.15.45:42258)
2024-04-25T04:31:55.794 INFO:teuthology.orchestra.run.smithi045.stdout:/usr/bin/ceph: stderr
2024-04-25T04:31:55.041+0000 7ff8b7fff700 1 -- 172.21.15.45:0/3406591891 learned_addr learned my addr 172.21.15.45:0/3406591891 (peer_addr_for_me v2:172.21.15.45:0/0)
2024-04-25T04:31:55.794 INFO:teuthology.orchestra.run.smithi045.stdout:/usr/bin/ceph: stderr
2024-04-25T04:31:55.041+0000 7ff8b7fff700 1 -- 172.21.15.45:0/3406591891 --> [v2:172.21.15.45:3300/0,v1:172.21.15.45:6789/0] -- mon_subscribe({config=0+,monmap=0+}) v3 -- 0x7ff8ac009550 con 0x7ff8b807be60
2024-04-25T04:31:55.794 INFO:teuthology.orchestra.run.smithi045.stdout:/usr/bin/ceph: stderr
2024-04-25T04:31:55.041+0000 7ff8b7fff700 1 --2- 172.21.15.45:0/3406591891 >> [v2:172.21.15.45:3300/0,v1:172.21.15.45:6789/0] conn(0x7ff8b807be60 0x7ff8b819c410 secure :-1 s=READY pgs=87 cs=0 l=1 rev1=1 crypto rx=0x7ff8ac011670 tx=0x7ff8ac011b50 comp rx=0 tx=0).ready entity=mon.0 client_cookie=0 server_cookie=0 in_seq=0 out_seq=0
2024-04-25T04:31:55.794 INFO:teuthology.orchestra.run.smithi045.stdout:/usr/bin/ceph: stderr
2024-04-25T04:31:55.041+0000 7ff8b57fa700 1 -- 172.21.15.45:0/3406591891 <== mon.0 v2:172.21.15.45:3300/0 1 ==== mon_map magic: 0 v1 ==== 229+0+0 (secure 0 0 0) 0x7ff8ac003a40 con 0x7ff8b807be60
2024-04-25T04:31:55.794 INFO:teuthology.orchestra.run.smithi045.stdout:/usr/bin/ceph: stderr
2024-04-25T04:31:55.041+0000 7ff8b57fa700 1 -- 172.21.15.45:0/3406591891 <== mon.0 v2:172.21.15.45:3300/0 2 ==== config(27 keys) v1 ==== 1101+0+0 (secure 0 0 0) 0x7ff8ac003ba0 con 0x7ff8b807be60
2024-04-25T04:31:55.794 INFO:teuthology.orchestra.run.smithi045.stdout:/usr/bin/ceph: stderr
2024-04-25T04:31:55.041+0000 7ff8be542700 1 -- 172.21.15.45:0/3406591891 --> [v2:172.21.15.45:3300/0,v1:172.21.15.45:6789/0] -- mon_subscribe({mgrmap=0+}) v3 -- 0x7ff8b819cb50 con 0x7ff8b807be60
2024-04-25T04:31:55.794 INFO:teuthology.orchestra.run.smithi045.stdout:/usr/bin/ceph: stderr
2024-04-25T04:31:55.041+0000 7ff8b57fa700 1 -- 172.21.15.45:0/3406591891 <== mon.0 v2:172.21.15.45:3300/0 3 ==== mon_map magic: 0 v1 ==== 229+0+0 (secure 0 0 0) 0x7ff8ac024790 con 0x7ff8b807be60
2024-04-25T04:31:55.795 INFO:teuthology.orchestra.run.smithi045.stdout:/usr/bin/ceph: stderr
2024-04-25T04:31:55.041+0000 7ff8be542700 1 -- 172.21.15.45:0/3406591891 --> [v2:172.21.15.45:3300/0,v1:172.21.15.45:6789/0] -- mon_subscribe({osdmap=0}) v3 -- 0x7ff8b819cff0 con 0x7ff8b807be60
2024-04-25T04:31:55.795 INFO:teuthology.orchestra.run.smithi045.stdout:/usr/bin/ceph: stderr
2024-04-25T04:31:55.042+0000 7ff8b57fa700 1 -- 172.21.15.45:0/3406591891 <== mon.0 v2:172.21.15.45:3300/0 4 ==== mgrmap(e 13) v1 ==== 45339+0+0 (secure 0 0 0) 0x7ff8ac02d3f0 con 0x7ff8b807be60
2024-04-25T04:31:55.795 INFO:teuthology.orchestra.run.smithi045.stdout:/usr/bin/ceph: stderr
2024-04-25T04:31:55.042+0000 7ff8be542700 1 -- 172.21.15.45:0/3406591891 --> [v2:172.21.15.45:3300/0,v1:172.21.15.45:6789/0] -- mon_command({"prefix": "get_command_descriptions"} v 0) v1 -- 0x7ff8b810c940 con 0x7ff8b807be60
2024-04-25T04:31:55.795 INFO:teuthology.orchestra.run.smithi045.stdout:/usr/bin/ceph: stderr
2024-04-25T04:31:55.042+0000 7ff8b57fa700 1 --2- 172.21.15.45:0/3406591891 >> [v2:172.21.15.45:6800/476594178,v1:172.21.15.45:6801/476594178] conn(0x7ff8a0038460 0x7ff8a003a920 unknown :-1 s=NONE pgs=0 cs=0 l=1 rev1=0 crypto rx=0 tx=0 comp rx=0 tx=0).connect
2024-04-25T04:31:55.795 INFO:teuthology.orchestra.run.smithi045.stdout:/usr/bin/ceph: stderr
2024-04-25T04:31:55.042+0000 7ff8b57fa700 1 -- 172.21.15.45:0/3406591891 <== mon.0 v2:172.21.15.45:3300/0 5 ==== osd_map(3..3 src has 1..3) v4 ==== 1155+0+0 (secure 0 0 0) 0x7ff8ac04c780 con 0x7ff8b807be60
2024-04-25T04:31:55.795 INFO:teuthology.orchestra.run.smithi045.stdout:/usr/bin/ceph: stderr
2024-04-25T04:31:55.042+0000 7ff8b77fe700 1 --2- 172.21.15.45:0/3406591891 >> [v2:172.21.15.45:6800/476594178,v1:172.21.15.45:6801/476594178] conn(0x7ff8a0038460 0x7ff8a003a920 unknown :-1 s=BANNER_CONNECTING pgs=0 cs=0 l=1 rev1=0 crypto rx=0 tx=0 comp rx=0 tx=0)._handle_peer_banner_payload supported=3 required=0
2024-04-25T04:31:55.795 INFO:teuthology.orchestra.run.smithi045.stdout:/usr/bin/ceph: stderr
2024-04-25T04:31:55.043+0000 7ff8b77fe700 1 --2- 172.21.15.45:0/3406591891 >> [v2:172.21.15.45:6800/476594178,v1:172.21.15.45:6801/476594178] conn(0x7ff8a0038460 0x7ff8a003a920 secure :-1 s=READY pgs=9 cs=0 l=1 rev1=1 crypto rx=0x7ff8a8006fd0 tx=0x7ff8a8006e40 comp rx=0 tx=0).ready entity=mgr.14164 client_cookie=0 server_cookie=0 in_seq=0 out_seq=0
2024-04-25T04:31:55.795 INFO:teuthology.orchestra.run.smithi045.stdout:/usr/bin/ceph: stderr
2024-04-25T04:31:55.047+0000 7ff8b57fa700 1 -- 172.21.15.45:0/3406591891 <== mon.0 v2:172.21.15.45:3300/0 6 ==== mon_command_ack([{"prefix": "get_command_descriptions"}]=0 v0) v1 ==== 72+0+180422 (secure 0 0 0) 0x7ff8ac010c00 con 0x7ff8b807be60
2024-04-25T04:31:55.795 INFO:teuthology.orchestra.run.smithi045.stdout:/usr/bin/ceph: stderr
2024-04-25T04:31:55.243+0000 7ff8be542700 1 -- 172.21.15.45:0/3406591891 --> [v2:172.21.15.45:3300/0,v1:172.21.15.45:6789/0] -- mon_command({"prefix": "config get", "who": "mgr", "key": "mgr/dashboard/ssl_server_port"} v 0) v1 -- 0x7ff8b810cb60 con 0x7ff8b807be60
2024-04-25T04:31:55.795 INFO:teuthology.orchestra.run.smithi045.stdout:/usr/bin/ceph: stderr
2024-04-25T04:31:55.244+0000 7ff8b57fa700 1 -- 172.21.15.45:0/3406591891 <== mon.0 v2:172.21.15.45:3300/0 7 ==== mon_command_ack([{"prefix": "config get", "who": "mgr", "key": "mgr/dashboard/ssl_server_port"}]=0 v8) v1 ==== 112+0+5 (secure 0 0 0) 0x7ff8ac0107f0 con 0x7ff8b807be60
2024-04-25T04:31:55.795 INFO:teuthology.orchestra.run.smithi045.stdout:/usr/bin/ceph: stderr
2024-04-25T04:31:55.247+0000 7ff8be542700 1 -- 172.21.15.45:0/3406591891 >> [v2:172.21.15.45:6800/476594178,v1:172.21.15.45:6801/476594178] conn(0x7ff8a0038460 msgr2=0x7ff8a003a920 secure :-1 s=STATE_CONNECTION_ESTABLISHED l=1).mark_down
2024-04-25T04:31:55.795 INFO:teuthology.orchestra.run.smithi045.stdout:/usr/bin/ceph: stderr
2024-04-25T04:31:55.247+0000 7ff8be542700 1 --2- 172.21.15.45:0/3406591891 >> [v2:172.21.15.45:6800/476594178,v1:172.21.15.45:6801/476594178] conn(0x7ff8a0038460 0x7ff8a003a920 secure :-1 s=READY pgs=9 cs=0 l=1 rev1=1 crypto rx=0x7ff8a8006fd0 tx=0x7ff8a8006e40 comp rx=0 tx=0).stop
2024-04-25T04:31:55.795 INFO:teuthology.orchestra.run.smithi045.stdout:/usr/bin/ceph: stderr
2024-04-25T04:31:55.247+0000 7ff8be542700 1 -- 172.21.15.45:0/3406591891 >> [v2:172.21.15.45:3300/0,v1:172.21.15.45:6789/0] conn(0x7ff8b807be60 msgr2=0x7ff8b819c410 secure :-1 s=STATE_CONNECTION_ESTABLISHED l=1).mark_down
