2024-04-25T04:31:34.032+0000 7f48a7987700 1 -- 172.21.15.45:0/958893849 shutdown_connections
2024-04-25T04:31:34.781 INFO:teuthology.orchestra.run.smithi045.stdout:/usr/bin/ceph: stderr
2024-04-25T04:31:34.032+0000 7f48a7987700 1 -- 172.21.15.45:0/958893849 wait complete.
2024-04-25T04:31:34.782 INFO:teuthology.orchestra.run.smithi045.stdout:/usr/bin/ceph: stderr
2024-04-25T04:31:34.033+0000 7f48a7987700 1 Processor -- start
2024-04-25T04:31:34.782 INFO:teuthology.orchestra.run.smithi045.stdout:/usr/bin/ceph: stderr
2024-04-25T04:31:34.033+0000 7f48a7987700 1 -- start start
2024-04-25T04:31:34.782 INFO:teuthology.orchestra.run.smithi045.stdout:/usr/bin/ceph: stderr
2024-04-25T04:31:34.033+0000 7f48a7987700 1 --2- >> [v2:172.21.15.45:3300/0,v1:172.21.15.45:6789/0] conn(0x7f48a007be40 0x7f48a019c390 unknown :-1 s=NONE pgs=0 cs=0 l=1 rev1=0 crypto rx=0 tx=0 comp rx=0 tx=0).connect
2024-04-25T04:31:34.782 INFO:teuthology.orchestra.run.smithi045.stdout:/usr/bin/ceph: stderr
2024-04-25T04:31:34.033+0000 7f48a7987700 1 -- --> [v2:172.21.15.45:3300/0,v1:172.21.15.45:6789/0] -- mon_getmap magic: 0 v1 -- 0x7f48a019c8d0 con 0x7f48a007be40
2024-04-25T04:31:34.782 INFO:teuthology.orchestra.run.smithi045.stdout:/usr/bin/ceph: stderr
2024-04-25T04:31:34.033+0000 7f48a5723700 1 --2- >> [v2:172.21.15.45:3300/0,v1:172.21.15.45:6789/0] conn(0x7f48a007be40 0x7f48a019c390 unknown :-1 s=BANNER_CONNECTING pgs=0 cs=0 l=1 rev1=0 crypto rx=0 tx=0 comp rx=0 tx=0)._handle_peer_banner_payload supported=3 required=0
2024-04-25T04:31:34.782 INFO:teuthology.orchestra.run.smithi045.stdout:/usr/bin/ceph: stderr
2024-04-25T04:31:34.033+0000 7f48a5723700 1 --2- >> [v2:172.21.15.45:3300/0,v1:172.21.15.45:6789/0] conn(0x7f48a007be40 0x7f48a019c390 unknown :-1 s=HELLO_CONNECTING pgs=0 cs=0 l=1 rev1=1 crypto rx=0 tx=0 comp rx=0 tx=0).handle_hello peer v2:172.21.15.45:3300/0 says I am v2:172.21.15.45:55682/0 (socket says 172.21.15.45:55682)
2024-04-25T04:31:34.782 INFO:teuthology.orchestra.run.smithi045.stdout:/usr/bin/ceph: stderr
2024-04-25T04:31:34.033+0000 7f48a5723700 1 -- 172.21.15.45:0/1517515715 learned_addr learned my addr 172.21.15.45:0/1517515715 (peer_addr_for_me v2:172.21.15.45:0/0)
2024-04-25T04:31:34.782 INFO:teuthology.orchestra.run.smithi045.stdout:/usr/bin/ceph: stderr
2024-04-25T04:31:34.033+0000 7f48a5723700 1 -- 172.21.15.45:0/1517515715 --> [v2:172.21.15.45:3300/0,v1:172.21.15.45:6789/0] -- mon_subscribe({config=0+,monmap=0+}) v3 -- 0x7f4890009b30 con 0x7f48a007be40
2024-04-25T04:31:34.782 INFO:teuthology.orchestra.run.smithi045.stdout:/usr/bin/ceph: stderr
2024-04-25T04:31:34.033+0000 7f48a5723700 1 --2- 172.21.15.45:0/1517515715 >> [v2:172.21.15.45:3300/0,v1:172.21.15.45:6789/0] conn(0x7f48a007be40 0x7f48a019c390 secure :-1 s=READY pgs=56 cs=0 l=1 rev1=1 crypto rx=0x7f48900072a0 tx=0x7f48900049f0 comp rx=0 tx=0).ready entity=mon.0 client_cookie=0 server_cookie=0 in_seq=0 out_seq=0
2024-04-25T04:31:34.782 INFO:teuthology.orchestra.run.smithi045.stdout:/usr/bin/ceph: stderr
2024-04-25T04:31:34.034+0000 7f489e7fc700 1 -- 172.21.15.45:0/1517515715 <== mon.0 v2:172.21.15.45:3300/0 1 ==== mon_map magic: 0 v1 ==== 229+0+0 (secure 0 0 0) 0x7f489000e040 con 0x7f48a007be40
2024-04-25T04:31:34.782 INFO:teuthology.orchestra.run.smithi045.stdout:/usr/bin/ceph: stderr
2024-04-25T04:31:34.034+0000 7f48a7987700 1 -- 172.21.15.45:0/1517515715 --> [v2:172.21.15.45:3300/0,v1:172.21.15.45:6789/0] -- mon_subscribe({mgrmap=0+}) v3 -- 0x7f48a019cad0 con 0x7f48a007be40
2024-04-25T04:31:34.782 INFO:teuthology.orchestra.run.smithi045.stdout:/usr/bin/ceph: stderr
2024-04-25T04:31:34.034+0000 7f489e7fc700 1 -- 172.21.15.45:0/1517515715 <== mon.0 v2:172.21.15.45:3300/0 2 ==== config(27 keys) v1 ==== 1101+0+0 (secure 0 0 0) 0x7f489000bd80 con 0x7f48a007be40
2024-04-25T04:31:34.782 INFO:teuthology.orchestra.run.smithi045.stdout:/usr/bin/ceph: stderr
2024-04-25T04:31:34.034+0000 7f489e7fc700 1 -- 172.21.15.45:0/1517515715 <== mon.0 v2:172.21.15.45:3300/0 3 ==== mon_map magic: 0 v1 ==== 229+0+0 (secure 0 0 0) 0x7f48900126c0 con 0x7f48a007be40
2024-04-25T04:31:34.783 INFO:teuthology.orchestra.run.smithi045.stdout:/usr/bin/ceph: stderr
2024-04-25T04:31:34.034+0000 7f48a7987700 1 -- 172.21.15.45:0/1517515715 --> [v2:172.21.15.45:3300/0,v1:172.21.15.45:6789/0] -- mon_subscribe({osdmap=0}) v3 -- 0x7f48a019cfd0 con 0x7f48a007be40
2024-04-25T04:31:34.783 INFO:teuthology.orchestra.run.smithi045.stdout:/usr/bin/ceph: stderr
2024-04-25T04:31:34.035+0000 7f489e7fc700 1 -- 172.21.15.45:0/1517515715 <== mon.0 v2:172.21.15.45:3300/0 4 ==== mgrmap(e 8) v1 ==== 45283+0+0 (secure 0 0 0) 0x7f4890019040 con 0x7f48a007be40
2024-04-25T04:31:34.783 INFO:teuthology.orchestra.run.smithi045.stdout:/usr/bin/ceph: stderr
2024-04-25T04:31:34.035+0000 7f48a7987700 1 -- 172.21.15.45:0/1517515715 --> [v2:172.21.15.45:3300/0,v1:172.21.15.45:6789/0] -- mon_command({"prefix": "get_command_descriptions"} v 0) v1 -- 0x7f48a010c900 con 0x7f48a007be40
2024-04-25T04:31:34.783 INFO:teuthology.orchestra.run.smithi045.stdout:/usr/bin/ceph: stderr
2024-04-25T04:31:34.035+0000 7f489e7fc700 1 --2- 172.21.15.45:0/1517515715 >> [v2:172.21.15.45:6800/1313784057,v1:172.21.15.45:6801/1313784057] conn(0x7f48880382e0 0x7f488803a7a0 unknown :-1 s=NONE pgs=0 cs=0 l=1 rev1=0 crypto rx=0 tx=0 comp rx=0 tx=0).connect
2024-04-25T04:31:34.783 INFO:teuthology.orchestra.run.smithi045.stdout:/usr/bin/ceph: stderr
2024-04-25T04:31:34.035+0000 7f489e7fc700 1 -- 172.21.15.45:0/1517515715 <== mon.0 v2:172.21.15.45:3300/0 5 ==== osd_map(2..2 src has 1..2) v4 ==== 940+0+0 (secure 0 0 0) 0x7f489004bd60 con 0x7f48a007be40
2024-04-25T04:31:34.783 INFO:teuthology.orchestra.run.smithi045.stdout:/usr/bin/ceph: stderr
2024-04-25T04:31:34.035+0000 7f48a4f22700 1 --2- 172.21.15.45:0/1517515715 >> [v2:172.21.15.45:6800/1313784057,v1:172.21.15.45:6801/1313784057] conn(0x7f48880382e0 0x7f488803a7a0 unknown :-1 s=BANNER_CONNECTING pgs=0 cs=0 l=1 rev1=0 crypto rx=0 tx=0 comp rx=0 tx=0)._handle_peer_banner_payload supported=3 required=0
2024-04-25T04:31:34.783 INFO:teuthology.orchestra.run.smithi045.stdout:/usr/bin/ceph: stderr
2024-04-25T04:31:34.035+0000 7f48a4f22700 1 --2- 172.21.15.45:0/1517515715 >> [v2:172.21.15.45:6800/1313784057,v1:172.21.15.45:6801/1313784057] conn(0x7f48880382e0 0x7f488803a7a0 secure :-1 s=READY pgs=16 cs=0 l=1 rev1=1 crypto rx=0x7f4894006fd0 tx=0x7f4894006e40 comp rx=0 tx=0).ready entity=mgr.14120 client_cookie=0 server_cookie=0 in_seq=0 out_seq=0
2024-04-25T04:31:34.783 INFO:teuthology.orchestra.run.smithi045.stdout:/usr/bin/ceph: stderr
2024-04-25T04:31:34.040+0000 7f489e7fc700 1 -- 172.21.15.45:0/1517515715 <== mon.0 v2:172.21.15.45:3300/0 6 ==== mon_command_ack([{"prefix": "get_command_descriptions"}]=0 v0) v1 ==== 72+0+180422 (secure 0 0 0) 0x7f489001a570 con 0x7f48a007be40
2024-04-25T04:31:34.783 INFO:teuthology.orchestra.run.smithi045.stdout:/usr/bin/ceph: stderr
2024-04-25T04:31:34.250+0000 7f48a7987700 1 -- 172.21.15.45:0/1517515715 --> [v2:172.21.15.45:6800/1313784057,v1:172.21.15.45:6801/1313784057] -- mgr_command(tid 0: {"prefix": "orch apply", "service_type": "prometheus", "target": ["mon-mgr", ""]}) v1 -- 0x7f48a0102f70 con 0x7f48880382e0
2024-04-25T04:31:34.784 INFO:teuthology.orchestra.run.smithi045.stdout:/usr/bin/ceph: stderr
2024-04-25T04:31:34.254+0000 7f489e7fc700 1 -- 172.21.15.45:0/1517515715 <== mgr.14120 v2:172.21.15.45:6800/1313784057 1 ==== mgr_command_reply(tid 0: 0 ) v1 ==== 8+0+31 (secure 0 0 0) 0x7f48a0102f70 con 0x7f48880382e0
2024-04-25T04:31:34.784 INFO:teuthology.orchestra.run.smithi045.stdout:/usr/bin/ceph: stderr
2024-04-25T04:31:34.256+0000 7f48a7987700 1 -- 172.21.15.45:0/1517515715 >> [v2:172.21.15.45:6800/1313784057,v1:172.21.15.45:6801/1313784057] conn(0x7f48880382e0 msgr2=0x7f488803a7a0 secure :-1 s=STATE_CONNECTION_ESTABLISHED l=1).mark_down
2024-04-25T04:31:34.784 INFO:teuthology.orchestra.run.smithi045.stdout:/usr/bin/ceph: stderr
2024-04-25T04:31:34.256+0000 7f48a7987700 1 --2- 172.21.15.45:0/1517515715 >> [v2:172.21.15.45:6800/1313784057,v1:172.21.15.45:6801/1313784057] conn(0x7f48880382e0 0x7f488803a7a0 secure :-1 s=READY pgs=16 cs=0 l=1 rev1=1 crypto rx=0x7f4894006fd0 tx=0x7f4894006e40 comp rx=0 tx=0).stop
2024-04-25T04:31:34.784 INFO:teuthology.orchestra.run.smithi045.stdout:/usr/bin/ceph: stderr
2024-04-25T04:31:34.256+0000 7f48a7987700 1 -- 172.21.15.45:0/1517515715 >> [v2:172.21.15.45:3300/0,v1:172.21.15.45:6789/0] conn(0x7f48a007be40 msgr2=0x7f48a019c390 secure :-1 s=STATE_CONNECTION_ESTABLISHED l=1).mark_down
2024-04-25T04:31:34.784 INFO:teuthology.orchestra.run.smithi045.stdout:/usr/bin/ceph: stderr
2024-04-25T04:31:34.256+0000 7f48a7987700 1 --2- 172.21.15.45:0/1517515715 >> [v2:172.21.15.45:3300/0,v1:172.21.15.45:6789/0] conn(0x7f48a007be40 0x7f48a019c390 secure :-1 s=READY pgs=56 cs=0 l=1 rev1=1 crypto rx=0x7f48900072a0 tx=0x7f48900049f0 comp rx=0 tx=0).stop
2024-04-25T04:31:34.784 INFO:teuthology.orchestra.run.smithi045.stdout:/usr/bin/ceph: stderr
2024-04-25T04:31:34.256+0000 7f48a7987700 1 -- 172.21.15.45:0/1517515715 shutdown_connections
2024-04-25T04:31:34.784 INFO:teuthology.orchestra.run.smithi045.stdout:/usr/bin/ceph: stderr
2024-04-25T04:31:34.256+0000 7f48a7987700 1 --2- 172.21.15.45:0/1517515715 >> [v2:172.21.15.45:6800/1313784057,v1:172.21.15.45:6801/1313784057] conn(0x7f48880382e0 0x7f488803a7a0 unknown :-1 s=CLOSED pgs=16 cs=0 l=1 rev1=1 crypto rx=0 tx=0 comp rx=0 tx=0).stop
2024-04-25T04:31:34.784 INFO:teuthology.orchestra.run.smithi045.stdout:/usr/bin/ceph: stderr
2024-04-25T04:31:34.256+0000 7f48a7987700 1 --2- 172.21.15.45:0/1517515715 >> [v2:172.21.15.45:3300/0,v1:172.21.15.45:6789/0] conn(0x7f48a007be40 0x7f48a019c390 unknown :-1 s=CLOSED pgs=56 cs=0 l=1 rev1=1 crypto rx=0 tx=0 comp rx=0 tx=0).stop
2024-04-25T04:31:34.784 INFO:teuthology.orchestra.run.smithi045.stdout:/usr/bin/ceph: stderr
2024-04-25T04:31:34.256+0000 7f48a7987700 1 -- 172.21.15.45:0/1517515715 >> 172.21.15.45:0/1517515715 conn(0x7f48a0101b40 msgr2=0x7f48a0102860 unknown :-1 s=STATE_NONE l=0).mark_down
2024-04-25T04:31:34.785 INFO:teuthology.orchestra.run.smithi045.stdout:/usr/bin/ceph: stderr
2024-04-25T04:31:34.256+0000 7f48a7987700 1 -- 172.21.15.45:0/1517515715 shutdown_connections
2024-04-25T04:31:34.785 INFO:teuthology.orchestra.run.smithi045.stdout:/usr/bin/ceph: stderr
2024-04-25T04:31:34.256+0000 7f48a7987700 1 -- 172.21.15.45:0/1517515715 wait complete.
2024-04-25T04:31:34.785 INFO:teuthology.orchestra.run.smithi045.stdout:Deploying grafana service with default placement...
2024-04-25T04:31:35.560 INFO:journalctl@ceph.mon.smithi045.smithi045.stdout:Apr 25 04:31:35 smithi045 ceph-mon[26355]: from='client.14150 -' entity='client.admin' cmd=[{"prefix": "orch apply", "service_type": "prometheus", "target": ["mon-mgr", ""]}]: dispatch
2024-04-25T04:31:35.560 INFO:journalctl@ceph.mon.smithi045.smithi045.stdout:Apr 25 04:31:35 smithi045 ceph-mon[26355]: Saving service prometheus spec with placement count:1
2024-04-25T04:31:35.561 INFO:journalctl@ceph.mon.smithi045.smithi045.stdout:Apr 25 04:31:35 smithi045 ceph-mon[26355]: from='mgr.14120 172.21.15.45:0/2149557973' entity='mgr.smithi045.dfgafn'
2024-04-25T04:31:35.960 INFO:teuthology.orchestra.run.smithi045.stdout:/usr/bin/ceph: stdout Scheduled grafana update...
2024-04-25T04:31:35.961 INFO:teuthology.orchestra.run.smithi045.stdout:/usr/bin/ceph: stderr
2024-04-25T04:31:35.147+0000 7f5f5d1bf700 1 Processor -- start
2024-04-25T04:31:35.961 INFO:teuthology.orchestra.run.smithi045.stdout:/usr/bin/ceph: stderr
2024-04-25T04:31:35.147+0000 7f5f5d1bf700 1 -- start start
2024-04-25T04:31:35.961 INFO:teuthology.orchestra.run.smithi045.stdout:/usr/bin/ceph: stderr
2024-04-25T04:31:35.148+0000 7f5f5d1bf700 1 --2- >> [v2:172.21.15.45:3300/0,v1:172.21.15.45:6789/0] conn(0x7f5f581069f0 0x7f5f58106e10 unknown :-1 s=NONE pgs=0 cs=0 l=0 rev1=0 crypto rx=0 tx=0 comp rx=0 tx=0).connect
2024-04-25T04:31:35.961 INFO:teuthology.orchestra.run.smithi045.stdout:/usr/bin/ceph: stderr
2024-04-25T04:31:35.148+0000 7f5f5d1bf700 1 -- --> [v2:172.21.15.45:3300/0,v1:172.21.15.45:6789/0] -- mon_getmap magic: 0 v1 -- 0x7f5f581073e0 con 0x7f5f581069f0
2024-04-25T04:31:35.961 INFO:teuthology.orchestra.run.smithi045.stdout:/usr/bin/ceph: stderr
2024-04-25T04:31:35.148+0000 7f5f56d9d700 1 --2- >> [v2:172.21.15.45:3300/0,v1:172.21.15.45:6789/0] conn(0x7f5f581069f0 0x7f5f58106e10 unknown :-1 s=BANNER_CONNECTING pgs=0 cs=0 l=0 rev1=0 crypto rx=0 tx=0 comp rx=0 tx=0)._handle_peer_banner_payload supported=3 required=0
2024-04-25T04:31:35.961 INFO:teuthology.orchestra.run.smithi045.stdout:/usr/bin/ceph: stderr
2024-04-25T04:31:35.148+0000 7f5f56d9d700 1 --2- >> [v2:172.21.15.45:3300/0,v1:172.21.15.45:6789/0] conn(0x7f5f581069f0 0x7f5f58106e10 unknown :-1 s=HELLO_CONNECTING pgs=0 cs=0 l=0 rev1=1 crypto rx=0 tx=0 comp rx=0 tx=0).handle_hello peer v2:172.21.15.45:3300/0 says I am v2:172.21.15.45:47296/0 (socket says 172.21.15.45:47296)
2024-04-25T04:31:35.961 INFO:teuthology.orchestra.run.smithi045.stdout:/usr/bin/ceph: stderr
2024-04-25T04:31:35.148+0000 7f5f56d9d700 1 -- 172.21.15.45:0/2572044628 learned_addr learned my addr 172.21.15.45:0/2572044628 (peer_addr_for_me v2:172.21.15.45:0/0)
2024-04-25T04:31:35.961 INFO:teuthology.orchestra.run.smithi045.stdout:/usr/bin/ceph: stderr
2024-04-25T04:31:35.148+0000 7f5f56d9d700 1 -- 172.21.15.45:0/2572044628 --> [v2:172.21.15.45:3300/0,v1:172.21.15.45:6789/0] -- mon_subscribe({config=0+,monmap=0+}) v3 -- 0x7f5f58107520 con 0x7f5f581069f0
2024-04-25T04:31:35.961 INFO:teuthology.orchestra.run.smithi045.stdout:/usr/bin/ceph: stderr
2024-04-25T04:31:35.148+0000 7f5f56d9d700 1 --2- 172.21.15.45:0/2572044628 >> [v2:172.21.15.45:3300/0,v1:172.21.15.45:6789/0] conn(0x7f5f581069f0 0x7f5f58106e10 secure :-1 s=READY pgs=57 cs=0 l=1 rev1=1 crypto rx=0x7f5f480098a0 tx=0x7f5f48009bb0 comp rx=0 tx=0).ready entity=mon.0 client_cookie=1c17072de754fbc3 server_cookie=0 in_seq=0 out_seq=0
2024-04-25T04:31:35.961 INFO:teuthology.orchestra.run.smithi045.stdout:/usr/bin/ceph: stderr
2024-04-25T04:31:35.149+0000 7f5f55d9b700 1 -- 172.21.15.45:0/2572044628 <== mon.0 v2:172.21.15.45:3300/0 1 ==== mon_map magic: 0 v1 ==== 229+0+0 (secure 0 0 0) 0x7f5f48004180 con 0x7f5f581069f0
2024-04-25T04:31:35.961 INFO:teuthology.orchestra.run.smithi045.stdout:/usr/bin/ceph: stderr
2024-04-25T04:31:35.149+0000 7f5f55d9b700 1 -- 172.21.15.45:0/2572044628 <== mon.0 v2:172.21.15.45:3300/0 2 ==== config(27 keys) v1 ==== 1101+0+0 (secure 0 0 0) 0x7f5f480042e0 con 0x7f5f581069f0
2024-04-25T04:31:35.961 INFO:teuthology.orchestra.run.smithi045.stdout:/usr/bin/ceph: stderr
2024-04-25T04:31:35.149+0000 7f5f55d9b700 1 -- 172.21.15.45:0/2572044628 <== mon.0 v2:172.21.15.45:3300/0 3 ==== mon_map magic: 0 v1 ==== 229+0+0 (secure 0 0 0) 0x7f5f48011af0 con 0x7f5f581069f0
2024-04-25T04:31:35.961 INFO:teuthology.orchestra.run.smithi045.stdout:/usr/bin/ceph: stderr
2024-04-25T04:31:35.149+0000 7f5f5d1bf700 1 -- 172.21.15.45:0/2572044628 >> [v2:172.21.15.45:3300/0,v1:172.21.15.45:6789/0] conn(0x7f5f581069f0 msgr2=0x7f5f58106e10 secure :-1 s=STATE_CONNECTION_ESTABLISHED l=1).mark_down
2024-04-25T04:31:35.962 INFO:teuthology.orchestra.run.smithi045.stdout:/usr/bin/ceph: stderr
2024-04-25T04:31:35.149+0000 7f5f5d1bf700 1 --2- 172.21.15.45:0/2572044628 >> [v2:172.21.15.45:3300/0,v1:172.21.15.45:6789/0] conn(0x7f5f581069f0 0x7f5f58106e10 secure :-1 s=READY pgs=57 cs=0 l=1 rev1=1 crypto rx=0x7f5f480098a0 tx=0x7f5f48009bb0 comp rx=0 tx=0).stop
2024-04-25T04:31:35.962 INFO:teuthology.orchestra.run.smithi045.stdout:/usr/bin/ceph: stderr
2024-04-25T04:31:35.149+0000 7f5f5d1bf700 1 -- 172.21.15.45:0/2572044628 shutdown_connections
2024-04-25T04:31:35.962 INFO:teuthology.orchestra.run.smithi045.stdout:/usr/bin/ceph: stderr
2024-04-25T04:31:35.149+0000 7f5f5d1bf700 1 --2- 172.21.15.45:0/2572044628 >> [v2:172.21.15.45:3300/0,v1:172.21.15.45:6789/0] conn(0x7f5f581069f0 0x7f5f58106e10 unknown :-1 s=CLOSED pgs=57 cs=0 l=1 rev1=1 crypto rx=0 tx=0 comp rx=0 tx=0).stop
2024-04-25T04:31:35.962 INFO:teuthology.orchestra.run.smithi045.stdout:/usr/bin/ceph: stderr
2024-04-25T04:31:35.149+0000 7f5f5d1bf700 1 -- 172.21.15.45:0/2572044628 >> 172.21.15.45:0/2572044628 conn(0x7f5f581001a0 msgr2=0x7f5f581025c0 unknown :-1 s=STATE_NONE l=0).mark_down
2024-04-25T04:31:35.962 INFO:teuthology.orchestra.run.smithi045.stdout:/usr/bin/ceph: stderr
2024-04-25T04:31:35.149+0000 7f5f5d1bf700 1 -- 172.21.15.45:0/2572044628 shutdown_connections
2024-04-25T04:31:35.962 INFO:teuthology.orchestra.run.smithi045.stdout:/usr/bin/ceph: stderr
2024-04-25T04:31:35.149+0000 7f5f5d1bf700 1 -- 172.21.15.45:0/2572044628 wait complete.
2024-04-25T04:31:35.962 INFO:teuthology.orchestra.run.smithi045.stdout:/usr/bin/ceph: stderr
2024-04-25T04:31:35.150+0000 7f5f5d1bf700 1 Processor -- start
2024-04-25T04:31:35.962 INFO:teuthology.orchestra.run.smithi045.stdout:/usr/bin/ceph: stderr
2024-04-25T04:31:35.150+0000 7f5f5d1bf700 1 -- start start
2024-04-25T04:31:35.962 INFO:teuthology.orchestra.run.smithi045.stdout:/usr/bin/ceph: stderr
2024-04-25T04:31:35.150+0000 7f5f5d1bf700 1 --2- >> [v2:172.21.15.45:3300/0,v1:172.21.15.45:6789/0] conn(0x7f5f581069f0 0x7f5f58190650 unknown :-1 s=NONE pgs=0 cs=0 l=1 rev1=0 crypto rx=0 tx=0 comp rx=0 tx=0).connect
2024-04-25T04:31:35.962 INFO:teuthology.orchestra.run.smithi045.stdout:/usr/bin/ceph: stderr
2024-04-25T04:31:35.150+0000 7f5f5d1bf700 1 -- --> [v2:172.21.15.45:3300/0,v1:172.21.15.45:6789/0] -- mon_getmap magic: 0 v1 -- 0x7f5f58190b90 con 0x7f5f581069f0
2024-04-25T04:31:35.962 INFO:teuthology.orchestra.run.smithi045.stdout:/usr/bin/ceph: stderr
2024-04-25T04:31:35.151+0000 7f5f56d9d700 1 --2- >> [v2:172.21.15.45:3300/0,v1:172.21.15.45:6789/0] conn(0x7f5f581069f0 0x7f5f58190650 unknown :-1 s=BANNER_CONNECTING pgs=0 cs=0 l=1 rev1=0 crypto rx=0 tx=0 comp rx=0 tx=0)._handle_peer_banner_payload supported=3 required=0
2024-04-25T04:31:35.962 INFO:teuthology.orchestra.run.smithi045.stdout:/usr/bin/ceph: stderr
2024-04-25T04:31:35.151+0000 7f5f56d9d700 1 --2- >> [v2:172.21.15.45:3300/0,v1:172.21.15.45:6789/0] conn(0x7f5f581069f0 0x7f5f58190650 unknown :-1 s=HELLO_CONNECTING pgs=0 cs=0 l=1 rev1=1 crypto rx=0 tx=0 comp rx=0 tx=0).handle_hello peer v2:172.21.15.45:3300/0 says I am v2:172.21.15.45:47310/0 (socket says 172.21.15.45:47310)
2024-04-25T04:31:35.962 INFO:teuthology.orchestra.run.smithi045.stdout:/usr/bin/ceph: stderr
2024-04-25T04:31:35.151+0000 7f5f56d9d700 1 -- 172.21.15.45:0/3330118195 learned_addr learned my addr 172.21.15.45:0/3330118195 (peer_addr_for_me v2:172.21.15.45:0/0)
2024-04-25T04:31:35.962 INFO:teuthology.orchestra.run.smithi045.stdout:/usr/bin/ceph: stderr
2024-04-25T04:31:35.151+0000 7f5f56d9d700 1 -- 172.21.15.45:0/3330118195 --> [v2:172.21.15.45:3300/0,v1:172.21.15.45:6789/0] -- mon_subscribe({config=0+,monmap=0+}) v3 -- 0x7f5f48009550 con 0x7f5f581069f0
2024-04-25T04:31:35.963 INFO:teuthology.orchestra.run.smithi045.stdout:/usr/bin/ceph: stderr
2024-04-25T04:31:35.151+0000 7f5f56d9d700 1 --2- 172.21.15.45:0/3330118195 >> [v2:172.21.15.45:3300/0,v1:172.21.15.45:6789/0] conn(0x7f5f581069f0 0x7f5f58190650 secure :-1 s=READY pgs=58 cs=0 l=1 rev1=1 crypto rx=0x7f5f48011670 tx=0x7f5f48011aa0 comp rx=0 tx=0).ready entity=mon.0 client_cookie=0 server_cookie=0 in_seq=0 out_seq=0
2024-04-25T04:31:35.963 INFO:teuthology.orchestra.run.smithi045.stdout:/usr/bin/ceph: stderr
2024-04-25T04:31:35.151+0000 7f5f3ffff700 1 -- 172.21.15.45:0/3330118195 <== mon.0 v2:172.21.15.45:3300/0 1 ==== mon_map magic: 0 v1 ==== 229+0+0 (secure 0 0 0) 0x7f5f480039c0 con 0x7f5f581069f0
2024-04-25T04:31:35.963 INFO:teuthology.orchestra.run.smithi045.stdout:/usr/bin/ceph: stderr
2024-04-25T04:31:35.151+0000 7f5f5d1bf700 1 -- 172.21.15.45:0/3330118195 --> [v2:172.21.15.45:3300/0,v1:172.21.15.45:6789/0] -- mon_subscribe({mgrmap=0+}) v3 -- 0x7f5f5818eca0 con 0x7f5f581069f0
2024-04-25T04:31:35.963 INFO:teuthology.orchestra.run.smithi045.stdout:/usr/bin/ceph: stderr
2024-04-25T04:31:35.151+0000 7f5f3ffff700 1 -- 172.21.15.45:0/3330118195 <== mon.0 v2:172.21.15.45:3300/0 2 ==== config(27 keys) v1 ==== 1101+0+0 (secure 0 0 0) 0x7f5f48003b20 con 0x7f5f581069f0
2024-04-25T04:31:35.963 INFO:teuthology.orchestra.run.smithi045.stdout:/usr/bin/ceph: stderr
2024-04-25T04:31:35.151+0000 7f5f3ffff700 1 -- 172.21.15.45:0/3330118195 <== mon.0 v2:172.21.15.45:3300/0 3 ==== mon_map magic: 0 v1 ==== 229+0+0 (secure 0 0 0) 0x7f5f480247f0 con 0x7f5f581069f0
2024-04-25T04:31:35.963 INFO:teuthology.orchestra.run.smithi045.stdout:/usr/bin/ceph: stderr
2024-04-25T04:31:35.151+0000 7f5f5d1bf700 1 -- 172.21.15.45:0/3330118195 --> [v2:172.21.15.45:3300/0,v1:172.21.15.45:6789/0] -- mon_subscribe({osdmap=0}) v3 -- 0x7f5f5818f140 con 0x7f5f581069f0
2024-04-25T04:31:35.963 INFO:teuthology.orchestra.run.smithi045.stdout:/usr/bin/ceph: stderr
2024-04-25T04:31:35.152+0000 7f5f3ffff700 1 -- 172.21.15.45:0/3330118195 <== mon.0 v2:172.21.15.45:3300/0 4 ==== mgrmap(e 8) v1 ==== 45283+0+0 (secure 0 0 0) 0x7f5f4801ac70 con 0x7f5f581069f0
2024-04-25T04:31:35.963 INFO:teuthology.orchestra.run.smithi045.stdout:/usr/bin/ceph: stderr
2024-04-25T04:31:35.152+0000 7f5f5d1bf700 1 -- 172.21.15.45:0/3330118195 --> [v2:172.21.15.45:3300/0,v1:172.21.15.45:6789/0] -- mon_command({"prefix": "get_command_descriptions"} v 0) v1 -- 0x7f5f580623c0 con 0x7f5f581069f0
2024-04-25T04:31:35.963 INFO:teuthology.orchestra.run.smithi045.stdout:/usr/bin/ceph: stderr
2024-04-25T04:31:35.152+0000 7f5f3ffff700 1 --2- 172.21.15.45:0/3330118195 >> [v2:172.21.15.45:6800/1313784057,v1:172.21.15.45:6801/1313784057] conn(0x7f5f400382e0 0x7f5f4003a7a0 unknown :-1 s=NONE pgs=0 cs=0 l=1 rev1=0 crypto rx=0 tx=0 comp rx=0 tx=0).connect
2024-04-25T04:31:35.963 INFO:teuthology.orchestra.run.smithi045.stdout:/usr/bin/ceph: stderr
2024-04-25T04:31:35.152+0000 7f5f3ffff700 1 -- 172.21.15.45:0/3330118195 <== mon.0 v2:172.21.15.45:3300/0 5 ==== osd_map(2..2 src has 1..2) v4 ==== 940+0+0 (secure 0 0 0) 0x7f5f4804c290 con 0x7f5f581069f0
2024-04-25T04:31:35.963 INFO:teuthology.orchestra.run.smithi045.stdout:/usr/bin/ceph: stderr
2024-04-25T04:31:35.153+0000 7f5f5659c700 1 --2- 172.21.15.45:0/3330118195 >> [v2:172.21.15.45:6800/1313784057,v1:172.21.15.45:6801/1313784057] conn(0x7f5f400382e0 0x7f5f4003a7a0 unknown :-1 s=BANNER_CONNECTING pgs=0 cs=0 l=1 rev1=0 crypto rx=0 tx=0 comp rx=0 tx=0)._handle_peer_banner_payload supported=3 required=0
2024-04-25T04:31:35.963 INFO:teuthology.orchestra.run.smithi045.stdout:/usr/bin/ceph: stderr
2024-04-25T04:31:35.153+0000 7f5f5659c700 1 --2- 172.21.15.45:0/3330118195 >> [v2:172.21.15.45:6800/1313784057,v1:172.21.15.45:6801/1313784057] conn(0x7f5f400382e0 0x7f5f4003a7a0 secure :-1 s=READY pgs=17 cs=0 l=1 rev1=1 crypto rx=0x7f5f4c006fd0 tx=0x7f5f4c006e40 comp rx=0 tx=0).ready entity=mgr.14120 client_cookie=0 server_cookie=0 in_seq=0 out_seq=0
2024-04-25T04:31:35.963 INFO:teuthology.orchestra.run.smithi045.stdout:/usr/bin/ceph: stderr
2024-04-25T04:31:35.157+0000 7f5f3ffff700 1 -- 172.21.15.45:0/3330118195 <== mon.0 v2:172.21.15.45:3300/0 6 ==== mon_command_ack([{"prefix": "get_command_descriptions"}]=0 v0) v1 ==== 72+0+180422 (secure 0 0 0) 0x7f5f48018740 con 0x7f5f581069f0
2024-04-25T04:31:35.963 INFO:teuthology.orchestra.run.smithi045.stdout:/usr/bin/ceph: stderr
2024-04-25T04:31:35.367+0000 7f5f5d1bf700 1 -- 172.21.15.45:0/3330118195 --> [v2:172.21.15.45:6800/1313784057,v1:172.21.15.45:6801/1313784057] -- mgr_command(tid 0: {"prefix": "orch apply", "service_type": "grafana", "target": ["mon-mgr", ""]}) v1 -- 0x7f5f58102360 con 0x7f5f400382e0
2024-04-25T04:31:35.963 INFO:teuthology.orchestra.run.smithi045.stdout:/usr/bin/ceph: stderr
2024-04-25T04:31:35.372+0000 7f5f3ffff700 1 -- 172.21.15.45:0/3330118195 <== mgr.14120 v2:172.21.15.45:6800/1313784057 1 ==== mgr_command_reply(tid 0: 0 ) v1 ==== 8+0+28 (secure 0 0 0) 0x7f5f58102360 con 0x7f5f400382e0
2024-04-25T04:31:35.964 INFO:teuthology.orchestra.run.smithi045.stdout:/usr/bin/ceph: stderr
2024-04-25T04:31:35.374+0000 7f5f5d1bf700 1 -- 172.21.15.45:0/3330118195 >> [v2:172.21.15.45:6800/1313784057,v1:172.21.15.45:6801/1313784057] conn(0x7f5f400382e0 msgr2=0x7f5f4003a7a0 secure :-1 s=STATE_CONNECTION_ESTABLISHED l=1).mark_down
2024-04-25T04:31:35.964 INFO:teuthology.orchestra.run.smithi045.stdout:/usr/bin/ceph: stderr
2024-04-25T04:31:35.374+0000 7f5f5d1bf700 1 --2- 172.21.15.45:0/3330118195 >> [v2:172.21.15.45:6800/1313784057,v1:172.21.15.45:6801/1313784057] conn(0x7f5f400382e0 0x7f5f4003a7a0 secure :-1 s=READY pgs=17 cs=0 l=1 rev1=1 crypto rx=0x7f5f4c006fd0 tx=0x7f5f4c006e40 comp rx=0 tx=0).stop
2024-04-25T04:31:35.964 INFO:teuthology.orchestra.run.smithi045.stdout:/usr/bin/ceph: stderr
2024-04-25T04:31:35.374+0000 7f5f5d1bf700 1 -- 172.21.15.45:0/3330118195 >> [v2:172.21.15.45:3300/0,v1:172.21.15.45:6789/0] conn(0x7f5f581069f0 msgr2=0x7f5f58190650 secure :-1 s=STATE_CONNECTION_ESTABLISHED l=1).mark_down
2024-04-25T04:31:35.964 INFO:teuthology.orchestra.run.smithi045.stdout:/usr/bin/ceph: stderr
2024-04-25T04:31:35.374+0000 7f5f5d1bf700 1 --2- 172.21.15.45:0/3330118195 >> [v2:172.21.15.45:3300/0,v1:172.21.15.45:6789/0] conn(0x7f5f581069f0 0x7f5f58190650 secure :-1 s=READY pgs=58 cs=0 l=1 rev1=1 crypto rx=0x7f5f48011670 tx=0x7f5f48011aa0 comp rx=0 tx=0).stop
2024-04-25T04:31:35.964 INFO:teuthology.orchestra.run.smithi045.stdout:/usr/bin/ceph: stderr
2024-04-25T04:31:35.374+0000 7f5f5d1bf700 1 -- 172.21.15.45:0/3330118195 shutdown_connections
2024-04-25T04:31:35.964 INFO:teuthology.orchestra.run.smithi045.stdout:/usr/bin/ceph: stderr
2024-04-25T04:31:35.374+0000 7f5f5d1bf700 1 --2- 172.21.15.45:0/3330118195 >> [v2:172.21.15.45:6800/1313784057,v1:172.21.15.45:6801/1313784057] conn(0x7f5f400382e0 0x7f5f4003a7a0 unknown :-1 s=CLOSED pgs=17 cs=0 l=1 rev1=1 crypto rx=0 tx=0 comp rx=0 tx=0).stop
2024-04-25T04:31:35.964 INFO:teuthology.orchestra.run.smithi045.stdout:/usr/bin/ceph: stderr
2024-04-25T04:31:35.374+0000 7f5f5d1bf700 1 --2- 172.21.15.45:0/3330118195 >> [v2:172.21.15.45:3300/0,v1:172.21.15.45:6789/0] conn(0x7f5f581069f0 0x7f5f58190650 unknown :-1 s=CLOSED pgs=58 cs=0 l=1 rev1=1 crypto rx=0 tx=0 comp rx=0 tx=0).stop
2024-04-25T04:31:35.964 INFO:teuthology.orchestra.run.smithi045.stdout:/usr/bin/ceph: stderr
2024-04-25T04:31:35.374+0000 7f5f5d1bf700 1 -- 172.21.15.45:0/3330118195 >> 172.21.15.45:0/3330118195 conn(0x7f5f581001a0 msgr2=0x7f5f58104f70 unknown :-1 s=STATE_NONE l=0).mark_down
2024-04-25T04:31:35.964 INFO:teuthology.orchestra.run.smithi045.stdout:/usr/bin/ceph: stderr
2024-04-25T04:31:35.374+0000 7f5f5d1bf700 1 -- 172.21.15.45:0/3330118195 shutdown_connections
2024-04-25T04:31:35.964 INFO:teuthology.orchestra.run.smithi045.stdout:/usr/bin/ceph: stderr
2024-04-25T04:31:35.374+0000 7f5f5d1bf700 1 -- 172.21.15.45:0/3330118195 wait complete.
2024-04-25T04:31:35.964 INFO:teuthology.orchestra.run.smithi045.stdout:Deploying node-exporter service with default placement...
2024-04-25T04:31:36.560 INFO:journalctl@ceph.mon.smithi045.smithi045.stdout:Apr 25 04:31:36 smithi045 ceph-mon[26355]: from='client.14152 -' entity='client.admin' cmd=[{"prefix": "orch apply", "service_type": "grafana", "target": ["mon-mgr", ""]}]: dispatch
2024-04-25T04:31:36.560 INFO:journalctl@ceph.mon.smithi045.smithi045.stdout:Apr 25 04:31:36 smithi045 ceph-mon[26355]: Saving service grafana spec with placement count:1
2024-04-25T04:31:36.560 INFO:journalctl@ceph.mon.smithi045.smithi045.stdout:Apr 25 04:31:36 smithi045 ceph-mon[26355]: from='mgr.14120 172.21.15.45:0/2149557973' entity='mgr.smithi045.dfgafn'
2024-04-25T04:31:37.125 INFO:teuthology.orchestra.run.smithi045.stdout:/usr/bin/ceph: stdout Scheduled node-exporter update...
2024-04-25T04:31:37.126 INFO:teuthology.orchestra.run.smithi045.stdout:/usr/bin/ceph: stderr
2024-04-25T04:31:36.371+0000 7f9cd1fa8700 1 Processor -- start
2024-04-25T04:31:37.126 INFO:teuthology.orchestra.run.smithi045.stdout:/usr/bin/ceph: stderr
2024-04-25T04:31:36.371+0000 7f9cd1fa8700 1 -- start start
2024-04-25T04:31:37.126 INFO:teuthology.orchestra.run.smithi045.stdout:/usr/bin/ceph: stderr
2024-04-25T04:31:36.371+0000 7f9cd1fa8700 1 --2- >> [v2:172.21.15.45:3300/0,v1:172.21.15.45:6789/0] conn(0x7f9ccc07be80 0x7f9ccc07a2e0 unknown :-1 s=NONE pgs=0 cs=0 l=0 rev1=0 crypto rx=0 tx=0 comp rx=0 tx=0).connect
2024-04-25T04:31:37.126 INFO:teuthology.orchestra.run.smithi045.stdout:/usr/bin/ceph: stderr
2024-04-25T04:31:36.371+0000 7f9cd1fa8700 1 -- --> [v2:172.21.15.45:3300/0,v1:172.21.15.45:6789/0] -- mon_getmap magic: 0 v1 -- 0x7f9ccc07a8b0 con 0x7f9ccc07be80
2024-04-25T04:31:37.126 INFO:teuthology.orchestra.run.smithi045.stdout:/usr/bin/ceph: stderr
2024-04-25T04:31:36.371+0000 7f9ccb7fe700 1 --2- >> [v2:172.21.15.45:3300/0,v1:172.21.15.45:6789/0] conn(0x7f9ccc07be80 0x7f9ccc07a2e0 unknown :-1 s=BANNER_CONNECTING pgs=0 cs=0 l=0 rev1=0 crypto rx=0 tx=0 comp rx=0 tx=0)._handle_peer_banner_payload supported=3 required=0
2024-04-25T04:31:37.126 INFO:teuthology.orchestra.run.smithi045.stdout:/usr/bin/ceph: stderr
2024-04-25T04:31:36.371+0000 7f9ccb7fe700 1 --2- >> [v2:172.21.15.45:3300/0,v1:172.21.15.45:6789/0] conn(0x7f9ccc07be80 0x7f9ccc07a2e0 unknown :-1 s=HELLO_CONNECTING pgs=0 cs=0 l=0 rev1=1 crypto rx=0 tx=0 comp rx=0 tx=0).handle_hello peer v2:172.21.15.45:3300/0 says I am v2:172.21.15.45:47324/0 (socket says 172.21.15.45:47324)
2024-04-25T04:31:37.126 INFO:teuthology.orchestra.run.smithi045.stdout:/usr/bin/ceph: stderr
2024-04-25T04:31:36.371+0000 7f9ccb7fe700 1 -- 172.21.15.45:0/2887959472 learned_addr learned my addr 172.21.15.45:0/2887959472 (peer_addr_for_me v2:172.21.15.45:0/0)
2024-04-25T04:31:37.126 INFO:teuthology.orchestra.run.smithi045.stdout:/usr/bin/ceph: stderr
2024-04-25T04:31:36.371+0000 7f9ccb7fe700 1 -- 172.21.15.45:0/2887959472 --> [v2:172.21.15.45:3300/0,v1:172.21.15.45:6789/0] -- mon_subscribe({config=0+,monmap=0+}) v3 -- 0x7f9ccc07a9f0 con 0x7f9ccc07be80
2024-04-25T04:31:37.126 INFO:teuthology.orchestra.run.smithi045.stdout:/usr/bin/ceph: stderr
2024-04-25T04:31:36.371+0000 7f9ccb7fe700 1 --2- 172.21.15.45:0/2887959472 >> [v2:172.21.15.45:3300/0,v1:172.21.15.45:6789/0] conn(0x7f9ccc07be80 0x7f9ccc07a2e0 secure :-1 s=READY pgs=59 cs=0 l=1 rev1=1 crypto rx=0x7f9cbc0098a0 tx=0x7f9cbc009bb0 comp rx=0 tx=0).ready entity=mon.0 client_cookie=fef0f8bd00f47546 server_cookie=0 in_seq=0 out_seq=0
2024-04-25T04:31:37.127 INFO:teuthology.orchestra.run.smithi045.stdout:/usr/bin/ceph: stderr
2024-04-25T04:31:36.373+0000 7f9ccaffd700 1 -- 172.21.15.45:0/2887959472 <== mon.0 v2:172.21.15.45:3300/0 1 ==== mon_map magic: 0 v1 ==== 229+0+0 (secure 0 0 0) 0x7f9cbc004180 con 0x7f9ccc07be80
2024-04-25T04:31:37.127 INFO:teuthology.orchestra.run.smithi045.stdout:/usr/bin/ceph: stderr
2024-04-25T04:31:36.373+0000 7f9ccaffd700 1 -- 172.21.15.45:0/2887959472 <== mon.0 v2:172.21.15.45:3300/0 2 ==== config(27 keys) v1 ==== 1101+0+0 (secure 0 0 0) 0x7f9cbc0042e0 con 0x7f9ccc07be80
2024-04-25T04:31:37.127 INFO:teuthology.orchestra.run.smithi045.stdout:/usr/bin/ceph: stderr
2024-04-25T04:31:36.373+0000 7f9ccaffd700 1 -- 172.21.15.45:0/2887959472 <== mon.0 v2:172.21.15.45:3300/0 3 ==== mon_map magic: 0 v1 ==== 229+0+0 (secure 0 0 0) 0x7f9cbc011af0 con 0x7f9ccc07be80
2024-04-25T04:31:37.127 INFO:teuthology.orchestra.run.smithi045.stdout:/usr/bin/ceph: stderr
2024-04-25T04:31:36.373+0000 7f9cd1fa8700 1 -- 172.21.15.45:0/2887959472 >> [v2:172.21.15.45:3300/0,v1:172.21.15.45:6789/0] conn(0x7f9ccc07be80 msgr2=0x7f9ccc07a2e0 secure :-1 s=STATE_CONNECTION_ESTABLISHED l=1).mark_down
2024-04-25T04:31:37.127 INFO:teuthology.orchestra.run.smithi045.stdout:/usr/bin/ceph: stderr
2024-04-25T04:31:36.373+0000 7f9cd1fa8700 1 --2- 172.21.15.45:0/2887959472 >> [v2:172.21.15.45:3300/0,v1:172.21.15.45:6789/0] conn(0x7f9ccc07be80 0x7f9ccc07a2e0 secure :-1 s=READY pgs=59 cs=0 l=1 rev1=1 crypto rx=0x7f9cbc0098a0 tx=0x7f9cbc009bb0 comp rx=0 tx=0).stop
2024-04-25T04:31:37.127 INFO:teuthology.orchestra.run.smithi045.stdout:/usr/bin/ceph: stderr
2024-04-25T04:31:36.373+0000 7f9cd1fa8700 1 -- 172.21.15.45:0/2887959472 shutdown_connections
2024-04-25T04:31:37.127 INFO:teuthology.orchestra.run.smithi045.stdout:/usr/bin/ceph: stderr
2024-04-25T04:31:36.373+0000 7f9cd1fa8700 1 --2- 172.21.15.45:0/2887959472 >> [v2:172.21.15.45:3300/0,v1:172.21.15.45:6789/0] conn(0x7f9ccc07be80 0x7f9ccc07a2e0 unknown :-1 s=CLOSED pgs=59 cs=0 l=1 rev1=1 crypto rx=0 tx=0 comp rx=0 tx=0).stop
2024-04-25T04:31:37.127 INFO:teuthology.orchestra.run.smithi045.stdout:/usr/bin/ceph: stderr
2024-04-25T04:31:36.373+0000 7f9cd1fa8700 1 -- 172.21.15.45:0/2887959472 >> 172.21.15.45:0/2887959472 conn(0x7f9ccc101b40 msgr2=0x7f9ccc103f60 unknown :-1 s=STATE_NONE l=0).mark_down
2024-04-25T04:31:37.127 INFO:teuthology.orchestra.run.smithi045.stdout:/usr/bin/ceph: stderr
2024-04-25T04:31:36.373+0000 7f9cd1fa8700 1 -- 172.21.15.45:0/2887959472 shutdown_connections
2024-04-25T04:31:37.127 INFO:teuthology.orchestra.run.smithi045.stdout:/usr/bin/ceph: stderr
2024-04-25T04:31:36.373+0000 7f9cd1fa8700 1 -- 172.21.15.45:0/2887959472 wait complete.
2024-04-25T04:31:37.127 INFO:teuthology.orchestra.run.smithi045.stdout:/usr/bin/ceph: stderr
2024-04-25T04:31:36.374+0000 7f9cd1fa8700 1 Processor -- start
2024-04-25T04:31:37.128 INFO:teuthology.orchestra.run.smithi045.stdout:/usr/bin/ceph: stderr
2024-04-25T04:31:36.374+0000 7f9cd1fa8700 1 -- start start
2024-04-25T04:31:37.128 INFO:teuthology.orchestra.run.smithi045.stdout:/usr/bin/ceph: stderr
2024-04-25T04:31:36.374+0000 7f9cd1fa8700 1 --2- >> [v2:172.21.15.45:3300/0,v1:172.21.15.45:6789/0] conn(0x7f9ccc07be80 0x7f9ccc19c460 unknown :-1 s=NONE pgs=0 cs=0 l=1 rev1=0 crypto rx=0 tx=0 comp rx=0 tx=0).connect
2024-04-25T04:31:37.128 INFO:teuthology.orchestra.run.smithi045.stdout:/usr/bin/ceph: stderr
2024-04-25T04:31:36.374+0000 7f9cd1fa8700 1 -- --> [v2:172.21.15.45:3300/0,v1:172.21.15.45:6789/0] -- mon_getmap magic: 0 v1 -- 0x7f9ccc19c9a0 con 0x7f9ccc07be80
2024-04-25T04:31:37.128 INFO:teuthology.orchestra.run.smithi045.stdout:/usr/bin/ceph: stderr
2024-04-25T04:31:36.375+0000 7f9ccb7fe700 1 --2- >> [v2:172.21.15.45:3300/0,v1:172.21.15.45:6789/0] conn(0x7f9ccc07be80 0x7f9ccc19c460 unknown :-1 s=BANNER_CONNECTING pgs=0 cs=0 l=1 rev1=0 crypto rx=0 tx=0 comp rx=0 tx=0)._handle_peer_banner_payload supported=3 required=0
2024-04-25T04:31:37.128 INFO:teuthology.orchestra.run.smithi045.stdout:/usr/bin/ceph: stderr
2024-04-25T04:31:36.375+0000 7f9ccb7fe700 1 --2- >> [v2:172.21.15.45:3300/0,v1:172.21.15.45:6789/0] conn(0x7f9ccc07be80 0x7f9ccc19c460 unknown :-1 s=HELLO_CONNECTING pgs=0 cs=0 l=1 rev1=1 crypto rx=0 tx=0 comp rx=0 tx=0).handle_hello peer v2:172.21.15.45:3300/0 says I am v2:172.21.15.45:47334/0 (socket says 172.21.15.45:47334)
2024-04-25T04:31:37.128 INFO:teuthology.orchestra.run.smithi045.stdout:/usr/bin/ceph: stderr
2024-04-25T04:31:36.375+0000 7f9ccb7fe700 1 -- 172.21.15.45:0/2656593797 learned_addr learned my addr 172.21.15.45:0/2656593797 (peer_addr_for_me v2:172.21.15.45:0/0)
2024-04-25T04:31:37.128 INFO:teuthology.orchestra.run.smithi045.stdout:/usr/bin/ceph: stderr
2024-04-25T04:31:36.375+0000 7f9ccb7fe700 1 -- 172.21.15.45:0/2656593797 --> [v2:172.21.15.45:3300/0,v1:172.21.15.45:6789/0] -- mon_subscribe({config=0+,monmap=0+}) v3 -- 0x7f9cbc009550 con 0x7f9ccc07be80
2024-04-25T04:31:37.128 INFO:teuthology.orchestra.run.smithi045.stdout:/usr/bin/ceph: stderr
2024-04-25T04:31:36.375+0000 7f9ccb7fe700 1 --2- 172.21.15.45:0/2656593797 >> [v2:172.21.15.45:3300/0,v1:172.21.15.45:6789/0] conn(0x7f9ccc07be80 0x7f9ccc19c460 secure :-1 s=READY pgs=60 cs=0 l=1 rev1=1 crypto rx=0x7f9cbc011670 tx=0x7f9cbc011aa0 comp rx=0 tx=0).ready entity=mon.0 client_cookie=0 server_cookie=0 in_seq=0 out_seq=0
2024-04-25T04:31:37.128 INFO:teuthology.orchestra.run.smithi045.stdout:/usr/bin/ceph: stderr
2024-04-25T04:31:36.375+0000 7f9cc97fa700 1 -- 172.21.15.45:0/2656593797 <== mon.0 v2:172.21.15.45:3300/0 1 ==== mon_map magic: 0 v1 ==== 229+0+0 (secure 0 0 0) 0x7f9cbc0039c0 con 0x7f9ccc07be80
2024-04-25T04:31:37.128 INFO:teuthology.orchestra.run.smithi045.stdout:/usr/bin/ceph: stderr
2024-04-25T04:31:36.375+0000 7f9cc97fa700 1 -- 172.21.15.45:0/2656593797 <== mon.0 v2:172.21.15.45:3300/0 2 ==== config(27 keys) v1 ==== 1101+0+0 (secure 0 0 0) 0x7f9cbc003b20 con 0x7f9ccc07be80
2024-04-25T04:31:37.128 INFO:teuthology.orchestra.run.smithi045.stdout:/usr/bin/ceph: stderr
2024-04-25T04:31:36.375+0000 7f9cd1fa8700 1 -- 172.21.15.45:0/2656593797 --> [v2:172.21.15.45:3300/0,v1:172.21.15.45:6789/0] -- mon_subscribe({mgrmap=0+}) v3 -- 0x7f9ccc19cba0 con 0x7f9ccc07be80
2024-04-25T04:31:37.128 INFO:teuthology.orchestra.run.smithi045.stdout:/usr/bin/ceph: stderr
2024-04-25T04:31:36.375+0000 7f9cc97fa700 1 -- 172.21.15.45:0/2656593797 <== mon.0 v2:172.21.15.45:3300/0 3 ==== mon_map magic: 0 v1 ==== 229+0+0 (secure 0 0 0) 0x7f9cbc0247f0 con 0x7f9ccc07be80
2024-04-25T04:31:37.129 INFO:teuthology.orchestra.run.smithi045.stdout:/usr/bin/ceph: stderr
2024-04-25T04:31:36.375+0000 7f9cd1fa8700 1 -- 172.21.15.45:0/2656593797 --> [v2:172.21.15.45:3300/0,v1:172.21.15.45:6789/0] -- mon_subscribe({osdmap=0}) v3 -- 0x7f9ccc19d040 con 0x7f9ccc07be80
2024-04-25T04:31:37.129 INFO:teuthology.orchestra.run.smithi045.stdout:/usr/bin/ceph: stderr
2024-04-25T04:31:36.376+0000 7f9cc97fa700 1 -- 172.21.15.45:0/2656593797 <== mon.0 v2:172.21.15.45:3300/0 4 ==== mgrmap(e 8) v1 ==== 45283+0+0 (secure 0 0 0) 0x7f9cbc024a60 con 0x7f9ccc07be80
2024-04-25T04:31:37.129 INFO:teuthology.orchestra.run.smithi045.stdout:/usr/bin/ceph: stderr
2024-04-25T04:31:36.376+0000 7f9cc97fa700 1 --2- 172.21.15.45:0/2656593797 >> [v2:172.21.15.45:6800/1313784057,v1:172.21.15.45:6801/1313784057] conn(0x7f9cb8038330 0x7f9cb803a7f0 unknown :-1 s=NONE pgs=0 cs=0 l=1 rev1=0 crypto rx=0 tx=0 comp rx=0 tx=0).connect
2024-04-25T04:31:37.129 INFO:teuthology.orchestra.run.smithi045.stdout:/usr/bin/ceph: stderr
2024-04-25T04:31:36.376+0000 7f9cd1fa8700 1 -- 172.21.15.45:0/2656593797 --> [v2:172.21.15.45:3300/0,v1:172.21.15.45:6789/0] -- mon_command({"prefix": "get_command_descriptions"} v 0) v1 -- 0x7f9ccc10c920 con 0x7f9ccc07be80
2024-04-25T04:31:37.129 INFO:teuthology.orchestra.run.smithi045.stdout:/usr/bin/ceph: stderr
2024-04-25T04:31:36.376+0000 7f9cc97fa700 1 -- 172.21.15.45:0/2656593797 <== mon.0 v2:172.21.15.45:3300/0 5 ==== osd_map(2..2 src has 1..2) v4 ==== 940+0+0 (secure 0 0 0) 0x7f9cbc04c270 con 0x7f9ccc07be80
2024-04-25T04:31:37.129 INFO:teuthology.orchestra.run.smithi045.stdout:/usr/bin/ceph: stderr
2024-04-25T04:31:36.376+0000 7f9cc2ffd700 1 --2- 172.21.15.45:0/2656593797 >> [v2:172.21.15.45:6800/1313784057,v1:172.21.15.45:6801/1313784057] conn(0x7f9cb8038330 0x7f9cb803a7f0 unknown :-1 s=BANNER_CONNECTING pgs=0 cs=0 l=1 rev1=0 crypto rx=0 tx=0 comp rx=0 tx=0)._handle_peer_banner_payload supported=3 required=0
2024-04-25T04:31:37.129 INFO:teuthology.orchestra.run.smithi045.stdout:/usr/bin/ceph: stderr
2024-04-25T04:31:36.377+0000 7f9cc2ffd700 1 --2- 172.21.15.45:0/2656593797 >> [v2:172.21.15.45:6800/1313784057,v1:172.21.15.45:6801/1313784057] conn(0x7f9cb8038330 0x7f9cb803a7f0 secure :-1 s=READY pgs=18 cs=0 l=1 rev1=1 crypto rx=0x7f9cb4006fd0 tx=0x7f9cb4006e40 comp rx=0 tx=0).ready entity=mgr.14120 client_cookie=0 server_cookie=0 in_seq=0 out_seq=0
2024-04-25T04:31:37.129 INFO:teuthology.orchestra.run.smithi045.stdout:/usr/bin/ceph: stderr
2024-04-25T04:31:36.381+0000 7f9cc97fa700 1 -- 172.21.15.45:0/2656593797 <== mon.0 v2:172.21.15.45:3300/0 6 ==== mon_command_ack([{"prefix": "get_command_descriptions"}]=0 v0) v1 ==== 72+0+180422 (secure 0 0 0) 0x7f9cbc024d10 con 0x7f9ccc07be80
2024-04-25T04:31:37.129 INFO:teuthology.orchestra.run.smithi045.stdout:/usr/bin/ceph: stderr
2024-04-25T04:31:36.591+0000 7f9cd1fa8700 1 -- 172.21.15.45:0/2656593797 --> [v2:172.21.15.45:6800/1313784057,v1:172.21.15.45:6801/1313784057] -- mgr_command(tid 0: {"prefix": "orch apply", "service_type": "node-exporter", "target": ["mon-mgr", ""]}) v1 -- 0x7f9ccc103e00 con 0x7f9cb8038330
2024-04-25T04:31:37.129 INFO:teuthology.orchestra.run.smithi045.stdout:/usr/bin/ceph: stderr
2024-04-25T04:31:36.595+0000 7f9cc97fa700 1 -- 172.21.15.45:0/2656593797 <== mgr.14120 v2:172.21.15.45:6800/1313784057 1 ==== mgr_command_reply(tid 0: 0 ) v1 ==== 8+0+34 (secure 0 0 0) 0x7f9ccc103e00 con 0x7f9cb8038330
2024-04-25T04:31:37.129 INFO:teuthology.orchestra.run.smithi045.stdout:/usr/bin/ceph: stderr
2024-04-25T04:31:36.597+0000 7f9cd1fa8700 1 -- 172.21.15.45:0/2656593797 >> [v2:172.21.15.45:6800/1313784057,v1:172.21.15.45:6801/1313784057] conn(0x7f9cb8038330 msgr2=0x7f9cb803a7f0 secure :-1 s=STATE_CONNECTION_ESTABLISHED l=1).mark_down
2024-04-25T04:31:37.129 INFO:teuthology.orchestra.run.smithi045.stdout:/usr/bin/ceph: stderr
2024-04-25T04:31:36.597+0000 7f9cd1fa8700 1 --2- 172.21.15.45:0/2656593797 >> [v2:172.21.15.45:6800/1313784057,v1:172.21.15.45:6801/1313784057] conn(0x7f9cb8038330 0x7f9cb803a7f0 secure :-1 s=READY pgs=18 cs=0 l=1 rev1=1 crypto rx=0x7f9cb4006fd0 tx=0x7f9cb4006e40 comp rx=0 tx=0).stop
2024-04-25T04:31:37.130 INFO:teuthology.orchestra.run.smithi045.stdout:/usr/bin/ceph: stderr
2024-04-25T04:31:36.597+0000 7f9cd1fa8700 1 -- 172.21.15.45:0/2656593797 >> [v2:172.21.15.45:3300/0,v1:172.21.15.45:6789/0] conn(0x7f9ccc07be80 msgr2=0x7f9ccc19c460 secure :-1 s=STATE_CONNECTION_ESTABLISHED l=1).mark_down
2024-04-25T04:31:37.130 INFO:teuthology.orchestra.run.smithi045.stdout:/usr/bin/ceph: stderr
2024-04-25T04:31:36.597+0000 7f9cd1fa8700 1 --2- 172.21.15.45:0/2656593797 >> [v2:172.21.15.45:3300/0,v1:172.21.15.45:6789/0] conn(0x7f9ccc07be80 0x7f9ccc19c460 secure :-1 s=READY pgs=60 cs=0 l=1 rev1=1 crypto rx=0x7f9cbc011670 tx=0x7f9cbc011aa0 comp rx=0 tx=0).stop
2024-04-25T04:31:37.130 INFO:teuthology.orchestra.run.smithi045.stdout:/usr/bin/ceph: stderr
2024-04-25T04:31:36.598+0000 7f9cd1fa8700 1 -- 172.21.15.45:0/2656593797 shutdown_connections
2024-04-25T04:31:37.130 INFO:teuthology.orchestra.run.smithi045.stdout:/usr/bin/ceph: stderr
2024-04-25T04:31:36.598+0000 7f9cd1fa8700 1 --2- 172.21.15.45:0/2656593797 >> [v2:172.21.15.45:6800/1313784057,v1:172.21.15.45:6801/1313784057] conn(0x7f9cb8038330 0x7f9cb803a7f0 unknown :-1 s=CLOSED pgs=18 cs=0 l=1 rev1=1 crypto rx=0 tx=0 comp rx=0 tx=0).stop
2024-04-25T04:31:37.130 INFO:teuthology.orchestra.run.smithi045.stdout:/usr/bin/ceph: stderr
2024-04-25T04:31:36.598+0000 7f9cd1fa8700 1 --2- 172.21.15.45:0/2656593797 >> [v2:172.21.15.45:3300/0,v1:172.21.15.45:6789/0] conn(0x7f9ccc07be80 0x7f9ccc19c460 unknown :-1 s=CLOSED pgs=60 cs=0 l=1 rev1=1 crypto rx=0 tx=0 comp rx=0 tx=0).stop
2024-04-25T04:31:37.130 INFO:teuthology.orchestra.run.smithi045.stdout:/usr/bin/ceph: stderr
2024-04-25T04:31:36.598+0000 7f9cd1fa8700 1 -- 172.21.15.45:0/2656593797 >> 172.21.15.45:0/2656593797 conn(0x7f9ccc101b40 msgr2=0x7f9ccc1031a0 unknown :-1 s=STATE_NONE l=0).mark_down
2024-04-25T04:31:37.130 INFO:teuthology.orchestra.run.smithi045.stdout:/usr/bin/ceph: stderr
2024-04-25T04:31:36.598+0000 7f9cd1fa8700 1 -- 172.21.15.45:0/2656593797 shutdown_connections
2024-04-25T04:31:37.130 INFO:teuthology.orchestra.run.smithi045.stdout:/usr/bin/ceph: stderr
2024-04-25T04:31:36.598+0000 7f9cd1fa8700 1 -- 172.21.15.45:0/2656593797 wait complete.
2024-04-25T04:31:37.130 INFO:teuthology.orchestra.run.smithi045.stdout:Deploying alertmanager service with default placement...
2024-04-25T04:31:37.769 INFO:journalctl@ceph.mon.smithi045.smithi045.stdout:Apr 25 04:31:37 smithi045 ceph-mon[26355]: from='client.14154 -' entity='client.admin' cmd=[{"prefix": "orch apply", "service_type": "node-exporter", "target": ["mon-mgr", ""]}]: dispatch
2024-04-25T04:31:37.769 INFO:journalctl@ceph.mon.smithi045.smithi045.stdout:Apr 25 04:31:37 smithi045 ceph-mon[26355]: Saving service node-exporter spec with placement *
2024-04-25T04:31:37.769 INFO:journalctl@ceph.mon.smithi045.smithi045.stdout:Apr 25 04:31:37 smithi045 ceph-mon[26355]: from='mgr.14120 172.21.15.45:0/2149557973' entity='mgr.smithi045.dfgafn'
2024-04-25T04:31:37.769 INFO:journalctl@ceph.mon.smithi045.smithi045.stdout:Apr 25 04:31:37 smithi045 ceph-mon[26355]: pgmap v3: 0 pgs: ; 0 B data, 0 B used, 0 B / 0 B avail
2024-04-25T04:31:38.206 INFO:teuthology.orchestra.run.smithi045.stdout:/usr/bin/ceph: stdout Scheduled alertmanager update...
2024-04-25T04:31:38.206 INFO:teuthology.orchestra.run.smithi045.stdout:/usr/bin/ceph: stderr
2024-04-25T04:31:37.537+0000 7f109a84b700 1 Processor -- start
2024-04-25T04:31:38.206 INFO:teuthology.orchestra.run.smithi045.stdout:/usr/bin/ceph: stderr
2024-04-25T04:31:37.537+0000 7f109a84b700 1 -- start start
2024-04-25T04:31:38.206 INFO:teuthology.orchestra.run.smithi045.stdout:/usr/bin/ceph: stderr
2024-04-25T04:31:37.537+0000 7f109a84b700 1 --2- >> [v2:172.21.15.45:3300/0,v1:172.21.15.45:6789/0] conn(0x7f1094106560 0x7f1094106980 unknown :-1 s=NONE pgs=0 cs=0 l=0 rev1=0 crypto rx=0 tx=0 comp rx=0 tx=0).connect
2024-04-25T04:31:38.206 INFO:teuthology.orchestra.run.smithi045.stdout:/usr/bin/ceph: stderr
2024-04-25T04:31:37.537+0000 7f109a84b700 1 -- --> [v2:172.21.15.45:3300/0,v1:172.21.15.45:6789/0] -- mon_getmap magic: 0 v1 -- 0x7f1094106f50 con 0x7f1094106560
2024-04-25T04:31:38.206 INFO:teuthology.orchestra.run.smithi045.stdout:/usr/bin/ceph: stderr
2024-04-25T04:31:37.537+0000 7f1093fff700 1 --2- >> [v2:172.21.15.45:3300/0,v1:172.21.15.45:6789/0] conn(0x7f1094106560 0x7f1094106980 unknown :-1 s=BANNER_CONNECTING pgs=0 cs=0 l=0 rev1=0 crypto rx=0 tx=0 comp rx=0 tx=0)._handle_peer_banner_payload supported=3 required=0
2024-04-25T04:31:38.206 INFO:teuthology.orchestra.run.smithi045.stdout:/usr/bin/ceph: stderr
2024-04-25T04:31:37.537+0000 7f1093fff700 1 --2- >> [v2:172.21.15.45:3300/0,v1:172.21.15.45:6789/0] conn(0x7f1094106560 0x7f1094106980 unknown :-1 s=HELLO_CONNECTING pgs=0 cs=0 l=0 rev1=1 crypto rx=0 tx=0 comp rx=0 tx=0).handle_hello peer v2:172.21.15.45:3300/0 says I am v2:172.21.15.45:47336/0 (socket says 172.21.15.45:47336)
2024-04-25T04:31:38.206 INFO:teuthology.orchestra.run.smithi045.stdout:/usr/bin/ceph: stderr
2024-04-25T04:31:37.537+0000 7f1093fff700 1 -- 172.21.15.45:0/2388445088 learned_addr learned my addr 172.21.15.45:0/2388445088 (peer_addr_for_me v2:172.21.15.45:0/0)
2024-04-25T04:31:38.206 INFO:teuthology.orchestra.run.smithi045.stdout:/usr/bin/ceph: stderr
2024-04-25T04:31:37.538+0000 7f1093fff700 1 -- 172.21.15.45:0/2388445088 --> [v2:172.21.15.45:3300/0,v1:172.21.15.45:6789/0] -- mon_subscribe({config=0+,monmap=0+}) v3 -- 0x7f1094107760 con 0x7f1094106560
2024-04-25T04:31:38.207 INFO:teuthology.orchestra.run.smithi045.stdout:/usr/bin/ceph: stderr
2024-04-25T04:31:37.538+0000 7f1093fff700 1 --2- 172.21.15.45:0/2388445088 >> [v2:172.21.15.45:3300/0,v1:172.21.15.45:6789/0] conn(0x7f1094106560 0x7f1094106980 secure :-1 s=READY pgs=61 cs=0 l=1 rev1=1 crypto rx=0x7f10840098a0 tx=0x7f1084009bb0 comp rx=0 tx=0).ready entity=mon.0 client_cookie=b734bcc9f1dcb981 server_cookie=0 in_seq=0 out_seq=0
2024-04-25T04:31:38.207 INFO:teuthology.orchestra.run.smithi045.stdout:/usr/bin/ceph: stderr
2024-04-25T04:31:37.538+0000 7f1092ffd700 1 -- 172.21.15.45:0/2388445088 <== mon.0 v2:172.21.15.45:3300/0 1 ==== mon_map magic: 0 v1 ==== 229+0+0 (secure 0 0 0) 0x7f1084004180 con 0x7f1094106560
2024-04-25T04:31:38.207 INFO:teuthology.orchestra.run.smithi045.stdout:/usr/bin/ceph: stderr
2024-04-25T04:31:37.538+0000 7f1092ffd700 1 -- 172.21.15.45:0/2388445088 <== mon.0 v2:172.21.15.45:3300/0 2 ==== config(27 keys) v1 ==== 1101+0+0 (secure 0 0 0) 0x7f10840042e0 con 0x7f1094106560
2024-04-25T04:31:38.207 INFO:teuthology.orchestra.run.smithi045.stdout:/usr/bin/ceph: stderr
2024-04-25T04:31:37.538+0000 7f1092ffd700 1 -- 172.21.15.45:0/2388445088 <== mon.0 v2:172.21.15.45:3300/0 3 ==== mon_map magic: 0 v1 ==== 229+0+0 (secure 0 0 0) 0x7f1084011af0 con 0x7f1094106560
2024-04-25T04:31:38.207 INFO:teuthology.orchestra.run.smithi045.stdout:/usr/bin/ceph: stderr
2024-04-25T04:31:37.539+0000 7f109a84b700 1 -- 172.21.15.45:0/2388445088 >> [v2:172.21.15.45:3300/0,v1:172.21.15.45:6789/0] conn(0x7f1094106560 msgr2=0x7f1094106980 secure :-1 s=STATE_CONNECTION_ESTABLISHED l=1).mark_down
2024-04-25T04:31:38.207 INFO:teuthology.orchestra.run.smithi045.stdout:/usr/bin/ceph: stderr
2024-04-25T04:31:37.539+0000 7f109a84b700 1 --2- 172.21.15.45:0/2388445088 >> [v2:172.21.15.45:3300/0,v1:172.21.15.45:6789/0] conn(0x7f1094106560 0x7f1094106980 secure :-1 s=READY pgs=61 cs=0 l=1 rev1=1 crypto rx=0x7f10840098a0 tx=0x7f1084009bb0 comp rx=0 tx=0).stop
2024-04-25T04:31:38.207 INFO:teuthology.orchestra.run.smithi045.stdout:/usr/bin/ceph: stderr
2024-04-25T04:31:37.539+0000 7f109a84b700 1 -- 172.21.15.45:0/2388445088 shutdown_connections
2024-04-25T04:31:38.207 INFO:teuthology.orchestra.run.smithi045.stdout:/usr/bin/ceph: stderr
2024-04-25T04:31:37.539+0000 7f109a84b700 1 --2- 172.21.15.45:0/2388445088 >> [v2:172.21.15.45:3300/0,v1:172.21.15.45:6789/0] conn(0x7f1094106560 0x7f1094106980 unknown :-1 s=CLOSED pgs=61 cs=0 l=1 rev1=1 crypto rx=0 tx=0 comp rx=0 tx=0).stop
2024-04-25T04:31:38.207 INFO:teuthology.orchestra.run.smithi045.stdout:/usr/bin/ceph: stderr
2024-04-25T04:31:37.539+0000 7f109a84b700 1 -- 172.21.15.45:0/2388445088 >> 172.21.15.45:0/2388445088 conn(0x7f1094101b40 msgr2=0x7f1094103f60 unknown :-1 s=STATE_NONE l=0).mark_down
2024-04-25T04:31:38.207 INFO:teuthology.orchestra.run.smithi045.stdout:/usr/bin/ceph: stderr
2024-04-25T04:31:37.539+0000 7f109a84b700 1 -- 172.21.15.45:0/2388445088 shutdown_connections
2024-04-25T04:31:38.207 INFO:teuthology.orchestra.run.smithi045.stdout:/usr/bin/ceph: stderr
2024-04-25T04:31:37.539+0000 7f109a84b700 1 -- 172.21.15.45:0/2388445088 wait complete.
2024-04-25T04:31:38.207 INFO:teuthology.orchestra.run.smithi045.stdout:/usr/bin/ceph: stderr
2024-04-25T04:31:37.539+0000 7f109a84b700 1 Processor -- start
2024-04-25T04:31:38.207 INFO:teuthology.orchestra.run.smithi045.stdout:/usr/bin/ceph: stderr
2024-04-25T04:31:37.539+0000 7f109a84b700 1 -- start start
2024-04-25T04:31:38.208 INFO:teuthology.orchestra.run.smithi045.stdout:/usr/bin/ceph: stderr
