2024-04-25T04:31:19.353 INFO:teuthology.orchestra.run.smithi045.stdout:/usr/bin/ceph: stderr
2024-04-25T04:31:18.527+0000 7f516c00a700 1 --2- 172.21.15.45:0/2866098753 >> [v2:172.21.15.45:3300/0,v1:172.21.15.45:6789/0] conn(0x7f5164106fe0 0x7f51641093d0 unknown :-1 s=CLOSED pgs=37 cs=0 l=1 rev1=1 crypto rx=0 tx=0 comp rx=0 tx=0).stop
2024-04-25T04:31:19.353 INFO:teuthology.orchestra.run.smithi045.stdout:/usr/bin/ceph: stderr
2024-04-25T04:31:18.527+0000 7f516c00a700 1 -- 172.21.15.45:0/2866098753 >> 172.21.15.45:0/2866098753 conn(0x7f51641009f0 msgr2=0x7f5164102e50 unknown :-1 s=STATE_NONE l=0).mark_down
2024-04-25T04:31:19.353 INFO:teuthology.orchestra.run.smithi045.stdout:/usr/bin/ceph: stderr
2024-04-25T04:31:18.527+0000 7f516c00a700 1 -- 172.21.15.45:0/2866098753 shutdown_connections
2024-04-25T04:31:19.353 INFO:teuthology.orchestra.run.smithi045.stdout:/usr/bin/ceph: stderr
2024-04-25T04:31:18.527+0000 7f516c00a700 1 -- 172.21.15.45:0/2866098753 wait complete.
2024-04-25T04:31:19.353 INFO:teuthology.orchestra.run.smithi045.stdout:/usr/bin/ceph: stderr
2024-04-25T04:31:18.527+0000 7f516c00a700 1 Processor -- start
2024-04-25T04:31:19.353 INFO:teuthology.orchestra.run.smithi045.stdout:/usr/bin/ceph: stderr
2024-04-25T04:31:18.527+0000 7f516c00a700 1 -- start start
2024-04-25T04:31:19.353 INFO:teuthology.orchestra.run.smithi045.stdout:/usr/bin/ceph: stderr
2024-04-25T04:31:18.528+0000 7f516c00a700 1 --2- >> [v2:172.21.15.45:3300/0,v1:172.21.15.45:6789/0] conn(0x7f5164106fe0 0x7f516419c350 unknown :-1 s=NONE pgs=0 cs=0 l=1 rev1=0 crypto rx=0 tx=0 comp rx=0 tx=0).connect
2024-04-25T04:31:19.353 INFO:teuthology.orchestra.run.smithi045.stdout:/usr/bin/ceph: stderr
2024-04-25T04:31:18.528+0000 7f516c00a700 1 -- --> [v2:172.21.15.45:3300/0,v1:172.21.15.45:6789/0] -- mon_getmap magic: 0 v1 -- 0x7f516419c890 con 0x7f5164106fe0
2024-04-25T04:31:19.353 INFO:teuthology.orchestra.run.smithi045.stdout:/usr/bin/ceph: stderr
2024-04-25T04:31:18.528+0000 7f5169da6700 1 --2- >> [v2:172.21.15.45:3300/0,v1:172.21.15.45:6789/0] conn(0x7f5164106fe0 0x7f516419c350 unknown :-1 s=BANNER_CONNECTING pgs=0 cs=0 l=1 rev1=0 crypto rx=0 tx=0 comp rx=0 tx=0)._handle_peer_banner_payload supported=3 required=0
2024-04-25T04:31:19.353 INFO:teuthology.orchestra.run.smithi045.stdout:/usr/bin/ceph: stderr
2024-04-25T04:31:18.528+0000 7f5169da6700 1 --2- >> [v2:172.21.15.45:3300/0,v1:172.21.15.45:6789/0] conn(0x7f5164106fe0 0x7f516419c350 unknown :-1 s=HELLO_CONNECTING pgs=0 cs=0 l=1 rev1=1 crypto rx=0 tx=0 comp rx=0 tx=0).handle_hello peer v2:172.21.15.45:3300/0 says I am v2:172.21.15.45:53674/0 (socket says 172.21.15.45:53674)
2024-04-25T04:31:19.353 INFO:teuthology.orchestra.run.smithi045.stdout:/usr/bin/ceph: stderr
2024-04-25T04:31:18.528+0000 7f5169da6700 1 -- 172.21.15.45:0/2551149248 learned_addr learned my addr 172.21.15.45:0/2551149248 (peer_addr_for_me v2:172.21.15.45:0/0)
2024-04-25T04:31:19.353 INFO:teuthology.orchestra.run.smithi045.stdout:/usr/bin/ceph: stderr
2024-04-25T04:31:18.528+0000 7f5169da6700 1 -- 172.21.15.45:0/2551149248 --> [v2:172.21.15.45:3300/0,v1:172.21.15.45:6789/0] -- mon_subscribe({config=0+,monmap=0+}) v3 -- 0x7f5154009550 con 0x7f5164106fe0
2024-04-25T04:31:19.353 INFO:teuthology.orchestra.run.smithi045.stdout:/usr/bin/ceph: stderr
2024-04-25T04:31:18.528+0000 7f5169da6700 1 --2- 172.21.15.45:0/2551149248 >> [v2:172.21.15.45:3300/0,v1:172.21.15.45:6789/0] conn(0x7f5164106fe0 0x7f516419c350 secure :-1 s=READY pgs=38 cs=0 l=1 rev1=1 crypto rx=0x7f51540119e0 tx=0x7f5154011ac0 comp rx=0 tx=0).ready entity=mon.0 client_cookie=0 server_cookie=0 in_seq=0 out_seq=0
2024-04-25T04:31:19.353 INFO:teuthology.orchestra.run.smithi045.stdout:/usr/bin/ceph: stderr
2024-04-25T04:31:18.528+0000 7f515affd700 1 -- 172.21.15.45:0/2551149248 <== mon.0 v2:172.21.15.45:3300/0 1 ==== mon_map magic: 0 v1 ==== 229+0+0 (secure 0 0 0) 0x7f5154003b90 con 0x7f5164106fe0
2024-04-25T04:31:19.353 INFO:teuthology.orchestra.run.smithi045.stdout:/usr/bin/ceph: stderr
2024-04-25T04:31:18.528+0000 7f515affd700 1 -- 172.21.15.45:0/2551149248 <== mon.0 v2:172.21.15.45:3300/0 2 ==== config(27 keys) v1 ==== 1037+0+0 (secure 0 0 0) 0x7f515401a8a0 con 0x7f5164106fe0
2024-04-25T04:31:19.353 INFO:teuthology.orchestra.run.smithi045.stdout:/usr/bin/ceph: stderr
2024-04-25T04:31:18.528+0000 7f516c00a700 1 -- 172.21.15.45:0/2551149248 --> [v2:172.21.15.45:3300/0,v1:172.21.15.45:6789/0] -- mon_subscribe({mgrmap=0+}) v3 -- 0x7f516419ca90 con 0x7f5164106fe0
2024-04-25T04:31:19.354 INFO:teuthology.orchestra.run.smithi045.stdout:/usr/bin/ceph: stderr
2024-04-25T04:31:18.528+0000 7f515affd700 1 -- 172.21.15.45:0/2551149248 <== mon.0 v2:172.21.15.45:3300/0 3 ==== mon_map magic: 0 v1 ==== 229+0+0 (secure 0 0 0) 0x7f5154019930 con 0x7f5164106fe0
2024-04-25T04:31:19.354 INFO:teuthology.orchestra.run.smithi045.stdout:/usr/bin/ceph: stderr
2024-04-25T04:31:18.528+0000 7f516c00a700 1 -- 172.21.15.45:0/2551149248 --> [v2:172.21.15.45:3300/0,v1:172.21.15.45:6789/0] -- mon_subscribe({osdmap=0}) v3 -- 0x7f516419cf30 con 0x7f5164106fe0
2024-04-25T04:31:19.354 INFO:teuthology.orchestra.run.smithi045.stdout:/usr/bin/ceph: stderr
2024-04-25T04:31:18.529+0000 7f515affd700 1 -- 172.21.15.45:0/2551149248 <== mon.0 v2:172.21.15.45:3300/0 4 ==== mgrmap(e 7) v1 ==== 45177+0+0 (secure 0 0 0) 0x7f5154019ba0 con 0x7f5164106fe0
2024-04-25T04:31:19.354 INFO:teuthology.orchestra.run.smithi045.stdout:/usr/bin/ceph: stderr
2024-04-25T04:31:18.530+0000 7f516c00a700 1 -- 172.21.15.45:0/2551149248 --> [v2:172.21.15.45:3300/0,v1:172.21.15.45:6789/0] -- mon_command({"prefix": "get_command_descriptions"} v 0) v1 -- 0x7f516410a690 con 0x7f5164106fe0
2024-04-25T04:31:19.354 INFO:teuthology.orchestra.run.smithi045.stdout:/usr/bin/ceph: stderr
2024-04-25T04:31:18.530+0000 7f515affd700 1 --2- 172.21.15.45:0/2551149248 >> [v2:172.21.15.45:6800/1313784057,v1:172.21.15.45:6801/1313784057] conn(0x7f5150038210 0x7f515003a6d0 unknown :-1 s=NONE pgs=0 cs=0 l=1 rev1=0 crypto rx=0 tx=0 comp rx=0 tx=0).connect
2024-04-25T04:31:19.354 INFO:teuthology.orchestra.run.smithi045.stdout:/usr/bin/ceph: stderr
2024-04-25T04:31:18.530+0000 7f515affd700 1 -- 172.21.15.45:0/2551149248 <== mon.0 v2:172.21.15.45:3300/0 5 ==== osd_map(2..2 src has 1..2) v4 ==== 940+0+0 (secure 0 0 0) 0x7f515404c6d0 con 0x7f5164106fe0
2024-04-25T04:31:19.354 INFO:teuthology.orchestra.run.smithi045.stdout:/usr/bin/ceph: stderr
2024-04-25T04:31:18.530+0000 7f51695a5700 1 --2- 172.21.15.45:0/2551149248 >> [v2:172.21.15.45:6800/1313784057,v1:172.21.15.45:6801/1313784057] conn(0x7f5150038210 0x7f515003a6d0 unknown :-1 s=BANNER_CONNECTING pgs=0 cs=0 l=1 rev1=0 crypto rx=0 tx=0 comp rx=0 tx=0)._handle_peer_banner_payload supported=3 required=0
2024-04-25T04:31:19.354 INFO:teuthology.orchestra.run.smithi045.stdout:/usr/bin/ceph: stderr
2024-04-25T04:31:18.530+0000 7f51695a5700 1 --2- 172.21.15.45:0/2551149248 >> [v2:172.21.15.45:6800/1313784057,v1:172.21.15.45:6801/1313784057] conn(0x7f5150038210 0x7f515003a6d0 secure :-1 s=READY pgs=7 cs=0 l=1 rev1=1 crypto rx=0x7f5160006fd0 tx=0x7f5160006e40 comp rx=0 tx=0).ready entity=mgr.14120 client_cookie=0 server_cookie=0 in_seq=0 out_seq=0
2024-04-25T04:31:19.354 INFO:teuthology.orchestra.run.smithi045.stdout:/usr/bin/ceph: stderr
2024-04-25T04:31:18.539+0000 7f515affd700 1 -- 172.21.15.45:0/2551149248 <== mon.0 v2:172.21.15.45:3300/0 6 ==== mon_command_ack([{"prefix": "get_command_descriptions"}]=0 v0) v1 ==== 72+0+180422 (secure 0 0 0) 0x7f515402b700 con 0x7f5164106fe0
2024-04-25T04:31:19.354 INFO:teuthology.orchestra.run.smithi045.stdout:/usr/bin/ceph: stderr
2024-04-25T04:31:18.751+0000 7f516c00a700 1 -- 172.21.15.45:0/2551149248 --> [v2:172.21.15.45:6800/1313784057,v1:172.21.15.45:6801/1313784057] -- mgr_command(tid 0: {"prefix": "orch set backend", "module_name": "cephadm", "target": ["mon-mgr", ""]}) v1 -- 0x7f5164101e20 con 0x7f5150038210
2024-04-25T04:31:19.354 INFO:teuthology.orchestra.run.smithi045.stdout:/usr/bin/ceph: stderr
2024-04-25T04:31:18.758+0000 7f515affd700 1 -- 172.21.15.45:0/2551149248 <== mgr.14120 v2:172.21.15.45:6800/1313784057 1 ==== mgr_command_reply(tid 0: 0 ) v1 ==== 8+0+0 (secure 0 0 0) 0x7f5164101e20 con 0x7f5150038210
2024-04-25T04:31:19.354 INFO:teuthology.orchestra.run.smithi045.stdout:/usr/bin/ceph: stderr
2024-04-25T04:31:18.760+0000 7f516c00a700 1 -- 172.21.15.45:0/2551149248 >> [v2:172.21.15.45:6800/1313784057,v1:172.21.15.45:6801/1313784057] conn(0x7f5150038210 msgr2=0x7f515003a6d0 secure :-1 s=STATE_CONNECTION_ESTABLISHED l=1).mark_down
2024-04-25T04:31:19.354 INFO:teuthology.orchestra.run.smithi045.stdout:/usr/bin/ceph: stderr
2024-04-25T04:31:18.760+0000 7f516c00a700 1 --2- 172.21.15.45:0/2551149248 >> [v2:172.21.15.45:6800/1313784057,v1:172.21.15.45:6801/1313784057] conn(0x7f5150038210 0x7f515003a6d0 secure :-1 s=READY pgs=7 cs=0 l=1 rev1=1 crypto rx=0x7f5160006fd0 tx=0x7f5160006e40 comp rx=0 tx=0).stop
2024-04-25T04:31:19.354 INFO:teuthology.orchestra.run.smithi045.stdout:/usr/bin/ceph: stderr
2024-04-25T04:31:18.760+0000 7f516c00a700 1 -- 172.21.15.45:0/2551149248 >> [v2:172.21.15.45:3300/0,v1:172.21.15.45:6789/0] conn(0x7f5164106fe0 msgr2=0x7f516419c350 secure :-1 s=STATE_CONNECTION_ESTABLISHED l=1).mark_down
2024-04-25T04:31:19.355 INFO:teuthology.orchestra.run.smithi045.stdout:/usr/bin/ceph: stderr
2024-04-25T04:31:18.760+0000 7f516c00a700 1 --2- 172.21.15.45:0/2551149248 >> [v2:172.21.15.45:3300/0,v1:172.21.15.45:6789/0] conn(0x7f5164106fe0 0x7f516419c350 secure :-1 s=READY pgs=38 cs=0 l=1 rev1=1 crypto rx=0x7f51540119e0 tx=0x7f5154011ac0 comp rx=0 tx=0).stop
2024-04-25T04:31:19.355 INFO:teuthology.orchestra.run.smithi045.stdout:/usr/bin/ceph: stderr
2024-04-25T04:31:18.760+0000 7f516c00a700 1 -- 172.21.15.45:0/2551149248 shutdown_connections
2024-04-25T04:31:19.355 INFO:teuthology.orchestra.run.smithi045.stdout:/usr/bin/ceph: stderr
2024-04-25T04:31:18.760+0000 7f516c00a700 1 --2- 172.21.15.45:0/2551149248 >> [v2:172.21.15.45:6800/1313784057,v1:172.21.15.45:6801/1313784057] conn(0x7f5150038210 0x7f515003a6d0 unknown :-1 s=CLOSED pgs=7 cs=0 l=1 rev1=1 crypto rx=0 tx=0 comp rx=0 tx=0).stop
2024-04-25T04:31:19.355 INFO:teuthology.orchestra.run.smithi045.stdout:/usr/bin/ceph: stderr
2024-04-25T04:31:18.760+0000 7f516c00a700 1 --2- 172.21.15.45:0/2551149248 >> [v2:172.21.15.45:3300/0,v1:172.21.15.45:6789/0] conn(0x7f5164106fe0 0x7f516419c350 unknown :-1 s=CLOSED pgs=38 cs=0 l=1 rev1=1 crypto rx=0 tx=0 comp rx=0 tx=0).stop
2024-04-25T04:31:19.355 INFO:teuthology.orchestra.run.smithi045.stdout:/usr/bin/ceph: stderr
2024-04-25T04:31:18.760+0000 7f516c00a700 1 -- 172.21.15.45:0/2551149248 >> 172.21.15.45:0/2551149248 conn(0x7f51641009f0 msgr2=0x7f5164101710 unknown :-1 s=STATE_NONE l=0).mark_down
2024-04-25T04:31:19.355 INFO:teuthology.orchestra.run.smithi045.stdout:/usr/bin/ceph: stderr
2024-04-25T04:31:18.760+0000 7f516c00a700 1 -- 172.21.15.45:0/2551149248 shutdown_connections
2024-04-25T04:31:19.355 INFO:teuthology.orchestra.run.smithi045.stdout:/usr/bin/ceph: stderr
2024-04-25T04:31:18.760+0000 7f516c00a700 1 -- 172.21.15.45:0/2551149248 wait complete.
2024-04-25T04:31:20.010 INFO:journalctl@ceph.mon.smithi045.smithi045.stdout:Apr 25 04:31:19 smithi045 ceph-mon[26355]: [25/Apr/2024:04:31:18] ENGINE Bus STARTING
2024-04-25T04:31:20.010 INFO:journalctl@ceph.mon.smithi045.smithi045.stdout:Apr 25 04:31:19 smithi045 ceph-mon[26355]: [25/Apr/2024:04:31:18] ENGINE Serving on https://172.21.15.45:7150
2024-04-25T04:31:20.010 INFO:journalctl@ceph.mon.smithi045.smithi045.stdout:Apr 25 04:31:19 smithi045 ceph-mon[26355]: from='client.14132 -' entity='client.admin' cmd=[{"prefix": "orch set backend", "module_name": "cephadm", "target": ["mon-mgr", ""]}]: dispatch
2024-04-25T04:31:20.010 INFO:journalctl@ceph.mon.smithi045.smithi045.stdout:Apr 25 04:31:19 smithi045 ceph-mon[26355]: [25/Apr/2024:04:31:18] ENGINE Serving on http://172.21.15.45:8765
2024-04-25T04:31:20.010 INFO:journalctl@ceph.mon.smithi045.smithi045.stdout:Apr 25 04:31:19 smithi045 ceph-mon[26355]: [25/Apr/2024:04:31:18] ENGINE Bus STARTED
2024-04-25T04:31:20.010 INFO:journalctl@ceph.mon.smithi045.smithi045.stdout:Apr 25 04:31:19 smithi045 ceph-mon[26355]: from='mgr.14120 172.21.15.45:0/2149557973' entity='mgr.smithi045.dfgafn'
2024-04-25T04:31:20.010 INFO:journalctl@ceph.mon.smithi045.smithi045.stdout:Apr 25 04:31:19 smithi045 ceph-mon[26355]: from='mgr.14120 172.21.15.45:0/2149557973' entity='mgr.smithi045.dfgafn' cmd=[{"prefix": "config dump", "format": "json"}]: dispatch
2024-04-25T04:31:20.010 INFO:journalctl@ceph.mon.smithi045.smithi045.stdout:Apr 25 04:31:19 smithi045 ceph-mon[26355]: mgrmap e8: smithi045.dfgafn(active, since 2s)
2024-04-25T04:31:20.588 INFO:teuthology.orchestra.run.smithi045.stdout:/usr/bin/ceph: stdout value unchanged
2024-04-25T04:31:20.588 INFO:teuthology.orchestra.run.smithi045.stdout:/usr/bin/ceph: stderr
2024-04-25T04:31:19.793+0000 7f9a06273700 1 Processor -- start
2024-04-25T04:31:20.588 INFO:teuthology.orchestra.run.smithi045.stdout:/usr/bin/ceph: stderr
2024-04-25T04:31:19.793+0000 7f9a06273700 1 -- start start
2024-04-25T04:31:20.588 INFO:teuthology.orchestra.run.smithi045.stdout:/usr/bin/ceph: stderr
2024-04-25T04:31:19.793+0000 7f9a06273700 1 --2- >> [v2:172.21.15.45:3300/0,v1:172.21.15.45:6789/0] conn(0x7f9a00107040 0x7f9a00109430 unknown :-1 s=NONE pgs=0 cs=0 l=0 rev1=0 crypto rx=0 tx=0 comp rx=0 tx=0).connect
2024-04-25T04:31:20.588 INFO:teuthology.orchestra.run.smithi045.stdout:/usr/bin/ceph: stderr
2024-04-25T04:31:19.793+0000 7f9a06273700 1 -- --> [v2:172.21.15.45:3300/0,v1:172.21.15.45:6789/0] -- mon_getmap magic: 0 v1 -- 0x7f9a00074620 con 0x7f9a00107040
2024-04-25T04:31:20.589 INFO:teuthology.orchestra.run.smithi045.stdout:/usr/bin/ceph: stderr
2024-04-25T04:31:19.794+0000 7f99fffff700 1 --2- >> [v2:172.21.15.45:3300/0,v1:172.21.15.45:6789/0] conn(0x7f9a00107040 0x7f9a00109430 unknown :-1 s=BANNER_CONNECTING pgs=0 cs=0 l=0 rev1=0 crypto rx=0 tx=0 comp rx=0 tx=0)._handle_peer_banner_payload supported=3 required=0
2024-04-25T04:31:20.589 INFO:teuthology.orchestra.run.smithi045.stdout:/usr/bin/ceph: stderr
2024-04-25T04:31:19.794+0000 7f99fffff700 1 --2- >> [v2:172.21.15.45:3300/0,v1:172.21.15.45:6789/0] conn(0x7f9a00107040 0x7f9a00109430 unknown :-1 s=HELLO_CONNECTING pgs=0 cs=0 l=0 rev1=1 crypto rx=0 tx=0 comp rx=0 tx=0).handle_hello peer v2:172.21.15.45:3300/0 says I am v2:172.21.15.45:53676/0 (socket says 172.21.15.45:53676)
2024-04-25T04:31:20.589 INFO:teuthology.orchestra.run.smithi045.stdout:/usr/bin/ceph: stderr
2024-04-25T04:31:19.794+0000 7f99fffff700 1 -- 172.21.15.45:0/903734861 learned_addr learned my addr 172.21.15.45:0/903734861 (peer_addr_for_me v2:172.21.15.45:0/0)
2024-04-25T04:31:20.589 INFO:teuthology.orchestra.run.smithi045.stdout:/usr/bin/ceph: stderr
2024-04-25T04:31:19.794+0000 7f99fffff700 1 -- 172.21.15.45:0/903734861 --> [v2:172.21.15.45:3300/0,v1:172.21.15.45:6789/0] -- mon_subscribe({config=0+,monmap=0+}) v3 -- 0x7f9a00109970 con 0x7f9a00107040
2024-04-25T04:31:20.589 INFO:teuthology.orchestra.run.smithi045.stdout:/usr/bin/ceph: stderr
2024-04-25T04:31:19.794+0000 7f99fffff700 1 --2- 172.21.15.45:0/903734861 >> [v2:172.21.15.45:3300/0,v1:172.21.15.45:6789/0] conn(0x7f9a00107040 0x7f9a00109430 secure :-1 s=READY pgs=39 cs=0 l=1 rev1=1 crypto rx=0x7f99f00098a0 tx=0x7f99f0009bb0 comp rx=0 tx=0).ready entity=mon.0 client_cookie=859f3306972367fc server_cookie=0 in_seq=0 out_seq=0
2024-04-25T04:31:20.589 INFO:teuthology.orchestra.run.smithi045.stdout:/usr/bin/ceph: stderr
2024-04-25T04:31:19.794+0000 7f99feffd700 1 -- 172.21.15.45:0/903734861 <== mon.0 v2:172.21.15.45:3300/0 1 ==== mon_map magic: 0 v1 ==== 229+0+0 (secure 0 0 0) 0x7f99f0004180 con 0x7f9a00107040
2024-04-25T04:31:20.589 INFO:teuthology.orchestra.run.smithi045.stdout:/usr/bin/ceph: stderr
2024-04-25T04:31:19.794+0000 7f99feffd700 1 -- 172.21.15.45:0/903734861 <== mon.0 v2:172.21.15.45:3300/0 2 ==== config(27 keys) v1 ==== 1037+0+0 (secure 0 0 0) 0x7f99f00042e0 con 0x7f9a00107040
2024-04-25T04:31:20.589 INFO:teuthology.orchestra.run.smithi045.stdout:/usr/bin/ceph: stderr
2024-04-25T04:31:19.794+0000 7f99feffd700 1 -- 172.21.15.45:0/903734861 <== mon.0 v2:172.21.15.45:3300/0 3 ==== mon_map magic: 0 v1 ==== 229+0+0 (secure 0 0 0) 0x7f99f0011a50 con 0x7f9a00107040
2024-04-25T04:31:20.589 INFO:teuthology.orchestra.run.smithi045.stdout:/usr/bin/ceph: stderr
2024-04-25T04:31:19.795+0000 7f9a06273700 1 -- 172.21.15.45:0/903734861 >> [v2:172.21.15.45:3300/0,v1:172.21.15.45:6789/0] conn(0x7f9a00107040 msgr2=0x7f9a00109430 secure :-1 s=STATE_CONNECTION_ESTABLISHED l=1).mark_down
2024-04-25T04:31:20.589 INFO:teuthology.orchestra.run.smithi045.stdout:/usr/bin/ceph: stderr
2024-04-25T04:31:19.795+0000 7f9a06273700 1 --2- 172.21.15.45:0/903734861 >> [v2:172.21.15.45:3300/0,v1:172.21.15.45:6789/0] conn(0x7f9a00107040 0x7f9a00109430 secure :-1 s=READY pgs=39 cs=0 l=1 rev1=1 crypto rx=0x7f99f00098a0 tx=0x7f99f0009bb0 comp rx=0 tx=0).stop
2024-04-25T04:31:20.589 INFO:teuthology.orchestra.run.smithi045.stdout:/usr/bin/ceph: stderr
2024-04-25T04:31:19.795+0000 7f9a06273700 1 -- 172.21.15.45:0/903734861 shutdown_connections
2024-04-25T04:31:20.590 INFO:teuthology.orchestra.run.smithi045.stdout:/usr/bin/ceph: stderr
2024-04-25T04:31:19.795+0000 7f9a06273700 1 --2- 172.21.15.45:0/903734861 >> [v2:172.21.15.45:3300/0,v1:172.21.15.45:6789/0] conn(0x7f9a00107040 0x7f9a00109430 unknown :-1 s=CLOSED pgs=39 cs=0 l=1 rev1=1 crypto rx=0 tx=0 comp rx=0 tx=0).stop
2024-04-25T04:31:20.590 INFO:teuthology.orchestra.run.smithi045.stdout:/usr/bin/ceph: stderr
2024-04-25T04:31:19.795+0000 7f9a06273700 1 -- 172.21.15.45:0/903734861 >> 172.21.15.45:0/903734861 conn(0x7f9a001009f0 msgr2=0x7f9a00102e50 unknown :-1 s=STATE_NONE l=0).mark_down
2024-04-25T04:31:20.590 INFO:teuthology.orchestra.run.smithi045.stdout:/usr/bin/ceph: stderr
2024-04-25T04:31:19.795+0000 7f9a06273700 1 -- 172.21.15.45:0/903734861 shutdown_connections
2024-04-25T04:31:20.590 INFO:teuthology.orchestra.run.smithi045.stdout:/usr/bin/ceph: stderr
2024-04-25T04:31:19.795+0000 7f9a06273700 1 -- 172.21.15.45:0/903734861 wait complete.
2024-04-25T04:31:20.590 INFO:teuthology.orchestra.run.smithi045.stdout:/usr/bin/ceph: stderr
2024-04-25T04:31:19.796+0000 7f9a06273700 1 Processor -- start
2024-04-25T04:31:20.590 INFO:teuthology.orchestra.run.smithi045.stdout:/usr/bin/ceph: stderr
2024-04-25T04:31:19.796+0000 7f9a06273700 1 -- start start
2024-04-25T04:31:20.590 INFO:teuthology.orchestra.run.smithi045.stdout:/usr/bin/ceph: stderr
2024-04-25T04:31:19.796+0000 7f9a06273700 1 --2- >> [v2:172.21.15.45:3300/0,v1:172.21.15.45:6789/0] conn(0x7f9a00107040 0x7f9a0019a120 unknown :-1 s=NONE pgs=0 cs=0 l=1 rev1=0 crypto rx=0 tx=0 comp rx=0 tx=0).connect
2024-04-25T04:31:20.590 INFO:teuthology.orchestra.run.smithi045.stdout:/usr/bin/ceph: stderr
2024-04-25T04:31:19.796+0000 7f9a06273700 1 -- --> [v2:172.21.15.45:3300/0,v1:172.21.15.45:6789/0] -- mon_getmap magic: 0 v1 -- 0x7f9a0019a660 con 0x7f9a00107040
2024-04-25T04:31:20.590 INFO:teuthology.orchestra.run.smithi045.stdout:/usr/bin/ceph: stderr
2024-04-25T04:31:19.796+0000 7f99fffff700 1 --2- >> [v2:172.21.15.45:3300/0,v1:172.21.15.45:6789/0] conn(0x7f9a00107040 0x7f9a0019a120 unknown :-1 s=BANNER_CONNECTING pgs=0 cs=0 l=1 rev1=0 crypto rx=0 tx=0 comp rx=0 tx=0)._handle_peer_banner_payload supported=3 required=0
2024-04-25T04:31:20.590 INFO:teuthology.orchestra.run.smithi045.stdout:/usr/bin/ceph: stderr
2024-04-25T04:31:19.796+0000 7f99fffff700 1 --2- >> [v2:172.21.15.45:3300/0,v1:172.21.15.45:6789/0] conn(0x7f9a00107040 0x7f9a0019a120 unknown :-1 s=HELLO_CONNECTING pgs=0 cs=0 l=1 rev1=1 crypto rx=0 tx=0 comp rx=0 tx=0).handle_hello peer v2:172.21.15.45:3300/0 says I am v2:172.21.15.45:53686/0 (socket says 172.21.15.45:53686)
2024-04-25T04:31:20.590 INFO:teuthology.orchestra.run.smithi045.stdout:/usr/bin/ceph: stderr
2024-04-25T04:31:19.796+0000 7f99fffff700 1 -- 172.21.15.45:0/1198237040 learned_addr learned my addr 172.21.15.45:0/1198237040 (peer_addr_for_me v2:172.21.15.45:0/0)
2024-04-25T04:31:20.591 INFO:teuthology.orchestra.run.smithi045.stdout:/usr/bin/ceph: stderr
2024-04-25T04:31:19.796+0000 7f99fffff700 1 -- 172.21.15.45:0/1198237040 --> [v2:172.21.15.45:3300/0,v1:172.21.15.45:6789/0] -- mon_subscribe({config=0+,monmap=0+}) v3 -- 0x7f99f0009550 con 0x7f9a00107040
2024-04-25T04:31:20.591 INFO:teuthology.orchestra.run.smithi045.stdout:/usr/bin/ceph: stderr
2024-04-25T04:31:19.797+0000 7f99fffff700 1 --2- 172.21.15.45:0/1198237040 >> [v2:172.21.15.45:3300/0,v1:172.21.15.45:6789/0] conn(0x7f9a00107040 0x7f9a0019a120 secure :-1 s=READY pgs=40 cs=0 l=1 rev1=1 crypto rx=0x7f99f00119e0 tx=0x7f99f0011ac0 comp rx=0 tx=0).ready entity=mon.0 client_cookie=0 server_cookie=0 in_seq=0 out_seq=0
2024-04-25T04:31:20.591 INFO:teuthology.orchestra.run.smithi045.stdout:/usr/bin/ceph: stderr
2024-04-25T04:31:19.797+0000 7f99fd7fa700 1 -- 172.21.15.45:0/1198237040 <== mon.0 v2:172.21.15.45:3300/0 1 ==== mon_map magic: 0 v1 ==== 229+0+0 (secure 0 0 0) 0x7f99f0003b90 con 0x7f9a00107040
2024-04-25T04:31:20.591 INFO:teuthology.orchestra.run.smithi045.stdout:/usr/bin/ceph: stderr
2024-04-25T04:31:19.797+0000 7f99fd7fa700 1 -- 172.21.15.45:0/1198237040 <== mon.0 v2:172.21.15.45:3300/0 2 ==== config(27 keys) v1 ==== 1037+0+0 (secure 0 0 0) 0x7f99f001a8a0 con 0x7f9a00107040
2024-04-25T04:31:20.591 INFO:teuthology.orchestra.run.smithi045.stdout:/usr/bin/ceph: stderr
2024-04-25T04:31:19.797+0000 7f9a06273700 1 -- 172.21.15.45:0/1198237040 --> [v2:172.21.15.45:3300/0,v1:172.21.15.45:6789/0] -- mon_subscribe({mgrmap=0+}) v3 -- 0x7f9a0019a860 con 0x7f9a00107040
2024-04-25T04:31:20.591 INFO:teuthology.orchestra.run.smithi045.stdout:/usr/bin/ceph: stderr
2024-04-25T04:31:19.797+0000 7f99fd7fa700 1 -- 172.21.15.45:0/1198237040 <== mon.0 v2:172.21.15.45:3300/0 3 ==== mon_map magic: 0 v1 ==== 229+0+0 (secure 0 0 0) 0x7f99f0019930 con 0x7f9a00107040
2024-04-25T04:31:20.591 INFO:teuthology.orchestra.run.smithi045.stdout:/usr/bin/ceph: stderr
2024-04-25T04:31:19.797+0000 7f9a06273700 1 -- 172.21.15.45:0/1198237040 --> [v2:172.21.15.45:3300/0,v1:172.21.15.45:6789/0] -- mon_subscribe({osdmap=0}) v3 -- 0x7f9a0019ad00 con 0x7f9a00107040
2024-04-25T04:31:20.591 INFO:teuthology.orchestra.run.smithi045.stdout:/usr/bin/ceph: stderr
2024-04-25T04:31:19.798+0000 7f99fd7fa700 1 -- 172.21.15.45:0/1198237040 <== mon.0 v2:172.21.15.45:3300/0 4 ==== mgrmap(e 8) v1 ==== 45283+0+0 (secure 0 0 0) 0x7f99f0019ba0 con 0x7f9a00107040
2024-04-25T04:31:20.591 INFO:teuthology.orchestra.run.smithi045.stdout:/usr/bin/ceph: stderr
2024-04-25T04:31:19.798+0000 7f9a06273700 1 -- 172.21.15.45:0/1198237040 --> [v2:172.21.15.45:3300/0,v1:172.21.15.45:6789/0] -- mon_command({"prefix": "get_command_descriptions"} v 0) v1 -- 0x7f9a0010a690 con 0x7f9a00107040
2024-04-25T04:31:20.591 INFO:teuthology.orchestra.run.smithi045.stdout:/usr/bin/ceph: stderr
2024-04-25T04:31:19.798+0000 7f99fd7fa700 1 --2- 172.21.15.45:0/1198237040 >> [v2:172.21.15.45:6800/1313784057,v1:172.21.15.45:6801/1313784057] conn(0x7f99e8038330 0x7f99e803a7f0 unknown :-1 s=NONE pgs=0 cs=0 l=1 rev1=0 crypto rx=0 tx=0 comp rx=0 tx=0).connect
2024-04-25T04:31:20.591 INFO:teuthology.orchestra.run.smithi045.stdout:/usr/bin/ceph: stderr
2024-04-25T04:31:19.798+0000 7f99fd7fa700 1 -- 172.21.15.45:0/1198237040 <== mon.0 v2:172.21.15.45:3300/0 5 ==== osd_map(2..2 src has 1..2) v4 ==== 940+0+0 (secure 0 0 0) 0x7f99f004c6a0 con 0x7f9a00107040
2024-04-25T04:31:20.591 INFO:teuthology.orchestra.run.smithi045.stdout:/usr/bin/ceph: stderr
2024-04-25T04:31:19.798+0000 7f99ff7fe700 1 --2- 172.21.15.45:0/1198237040 >> [v2:172.21.15.45:6800/1313784057,v1:172.21.15.45:6801/1313784057] conn(0x7f99e8038330 0x7f99e803a7f0 unknown :-1 s=BANNER_CONNECTING pgs=0 cs=0 l=1 rev1=0 crypto rx=0 tx=0 comp rx=0 tx=0)._handle_peer_banner_payload supported=3 required=0
2024-04-25T04:31:20.591 INFO:teuthology.orchestra.run.smithi045.stdout:/usr/bin/ceph: stderr
2024-04-25T04:31:19.798+0000 7f99ff7fe700 1 --2- 172.21.15.45:0/1198237040 >> [v2:172.21.15.45:6800/1313784057,v1:172.21.15.45:6801/1313784057] conn(0x7f99e8038330 0x7f99e803a7f0 secure :-1 s=READY pgs=8 cs=0 l=1 rev1=1 crypto rx=0x7f99f4006fd0 tx=0x7f99f4006e40 comp rx=0 tx=0).ready entity=mgr.14120 client_cookie=0 server_cookie=0 in_seq=0 out_seq=0
2024-04-25T04:31:20.592 INFO:teuthology.orchestra.run.smithi045.stdout:/usr/bin/ceph: stderr
2024-04-25T04:31:19.803+0000 7f99fd7fa700 1 -- 172.21.15.45:0/1198237040 <== mon.0 v2:172.21.15.45:3300/0 6 ==== mon_command_ack([{"prefix": "get_command_descriptions"}]=0 v0) v1 ==== 72+0+180422 (secure 0 0 0) 0x7f99f002d440 con 0x7f9a00107040
2024-04-25T04:31:20.592 INFO:teuthology.orchestra.run.smithi045.stdout:/usr/bin/ceph: stderr
2024-04-25T04:31:20.002+0000 7f9a06273700 1 -- 172.21.15.45:0/1198237040 --> [v2:172.21.15.45:6800/1313784057,v1:172.21.15.45:6801/1313784057] -- mgr_command(tid 0: {"prefix": "cephadm set-user", "user": "root", "target": ["mon-mgr", ""]}) v1 -- 0x7f9a00101e90 con 0x7f99e8038330
2024-04-25T04:31:20.592 INFO:teuthology.orchestra.run.smithi045.stdout:/usr/bin/ceph: stderr
2024-04-25T04:31:20.003+0000 7f99fd7fa700 1 -- 172.21.15.45:0/1198237040 <== mgr.14120 v2:172.21.15.45:6800/1313784057 1 ==== mgr_command_reply(tid 0: 0 ) v1 ==== 8+0+16 (secure 0 0 0) 0x7f9a00101e90 con 0x7f99e8038330
2024-04-25T04:31:20.592 INFO:teuthology.orchestra.run.smithi045.stdout:/usr/bin/ceph: stderr
2024-04-25T04:31:20.005+0000 7f9a06273700 1 -- 172.21.15.45:0/1198237040 >> [v2:172.21.15.45:6800/1313784057,v1:172.21.15.45:6801/1313784057] conn(0x7f99e8038330 msgr2=0x7f99e803a7f0 secure :-1 s=STATE_CONNECTION_ESTABLISHED l=1).mark_down
2024-04-25T04:31:20.592 INFO:teuthology.orchestra.run.smithi045.stdout:/usr/bin/ceph: stderr
2024-04-25T04:31:20.005+0000 7f9a06273700 1 --2- 172.21.15.45:0/1198237040 >> [v2:172.21.15.45:6800/1313784057,v1:172.21.15.45:6801/1313784057] conn(0x7f99e8038330 0x7f99e803a7f0 secure :-1 s=READY pgs=8 cs=0 l=1 rev1=1 crypto rx=0x7f99f4006fd0 tx=0x7f99f4006e40 comp rx=0 tx=0).stop
2024-04-25T04:31:20.592 INFO:teuthology.orchestra.run.smithi045.stdout:/usr/bin/ceph: stderr
2024-04-25T04:31:20.005+0000 7f9a06273700 1 -- 172.21.15.45:0/1198237040 >> [v2:172.21.15.45:3300/0,v1:172.21.15.45:6789/0] conn(0x7f9a00107040 msgr2=0x7f9a0019a120 secure :-1 s=STATE_CONNECTION_ESTABLISHED l=1).mark_down
2024-04-25T04:31:20.592 INFO:teuthology.orchestra.run.smithi045.stdout:/usr/bin/ceph: stderr
2024-04-25T04:31:20.005+0000 7f9a06273700 1 --2- 172.21.15.45:0/1198237040 >> [v2:172.21.15.45:3300/0,v1:172.21.15.45:6789/0] conn(0x7f9a00107040 0x7f9a0019a120 secure :-1 s=READY pgs=40 cs=0 l=1 rev1=1 crypto rx=0x7f99f00119e0 tx=0x7f99f0011ac0 comp rx=0 tx=0).stop
2024-04-25T04:31:20.592 INFO:teuthology.orchestra.run.smithi045.stdout:/usr/bin/ceph: stderr
2024-04-25T04:31:20.005+0000 7f9a06273700 1 -- 172.21.15.45:0/1198237040 shutdown_connections
2024-04-25T04:31:20.592 INFO:teuthology.orchestra.run.smithi045.stdout:/usr/bin/ceph: stderr
2024-04-25T04:31:20.005+0000 7f9a06273700 1 --2- 172.21.15.45:0/1198237040 >> [v2:172.21.15.45:6800/1313784057,v1:172.21.15.45:6801/1313784057] conn(0x7f99e8038330 0x7f99e803a7f0 unknown :-1 s=CLOSED pgs=8 cs=0 l=1 rev1=1 crypto rx=0 tx=0 comp rx=0 tx=0).stop
2024-04-25T04:31:20.592 INFO:teuthology.orchestra.run.smithi045.stdout:/usr/bin/ceph: stderr
2024-04-25T04:31:20.005+0000 7f9a06273700 1 --2- 172.21.15.45:0/1198237040 >> [v2:172.21.15.45:3300/0,v1:172.21.15.45:6789/0] conn(0x7f9a00107040 0x7f9a0019a120 unknown :-1 s=CLOSED pgs=40 cs=0 l=1 rev1=1 crypto rx=0 tx=0 comp rx=0 tx=0).stop
2024-04-25T04:31:20.592 INFO:teuthology.orchestra.run.smithi045.stdout:/usr/bin/ceph: stderr
2024-04-25T04:31:20.005+0000 7f9a06273700 1 -- 172.21.15.45:0/1198237040 >> 172.21.15.45:0/1198237040 conn(0x7f9a001009f0 msgr2=0x7f9a00101780 unknown :-1 s=STATE_NONE l=0).mark_down
2024-04-25T04:31:20.592 INFO:teuthology.orchestra.run.smithi045.stdout:/usr/bin/ceph: stderr
2024-04-25T04:31:20.005+0000 7f9a06273700 1 -- 172.21.15.45:0/1198237040 shutdown_connections
2024-04-25T04:31:20.592 INFO:teuthology.orchestra.run.smithi045.stdout:/usr/bin/ceph: stderr
2024-04-25T04:31:20.005+0000 7f9a06273700 1 -- 172.21.15.45:0/1198237040 wait complete.
2024-04-25T04:31:20.592 INFO:teuthology.orchestra.run.smithi045.stdout:Generating ssh key...
2024-04-25T04:31:20.830 INFO:journalctl@ceph.mon.smithi045.smithi045.stdout:Apr 25 04:31:20 smithi045 ceph-mon[26355]: from='client.14134 -' entity='client.admin' cmd=[{"prefix": "cephadm set-user", "user": "root", "target": ["mon-mgr", ""]}]: dispatch
2024-04-25T04:31:22.153 INFO:teuthology.orchestra.run.smithi045.stdout:/usr/bin/ceph: stderr
2024-04-25T04:31:21.010+0000 7ff366190700 1 Processor -- start
2024-04-25T04:31:22.153 INFO:teuthology.orchestra.run.smithi045.stdout:/usr/bin/ceph: stderr
2024-04-25T04:31:21.010+0000 7ff366190700 1 -- start start
2024-04-25T04:31:22.153 INFO:teuthology.orchestra.run.smithi045.stdout:/usr/bin/ceph: stderr
2024-04-25T04:31:21.010+0000 7ff366190700 1 --2- >> [v2:172.21.15.45:3300/0,v1:172.21.15.45:6789/0] conn(0x7ff360106560 0x7ff360106980 unknown :-1 s=NONE pgs=0 cs=0 l=0 rev1=0 crypto rx=0 tx=0 comp rx=0 tx=0).connect
2024-04-25T04:31:22.153 INFO:teuthology.orchestra.run.smithi045.stdout:/usr/bin/ceph: stderr
2024-04-25T04:31:21.010+0000 7ff366190700 1 -- --> [v2:172.21.15.45:3300/0,v1:172.21.15.45:6789/0] -- mon_getmap magic: 0 v1 -- 0x7ff360106f50 con 0x7ff360106560
2024-04-25T04:31:22.153 INFO:teuthology.orchestra.run.smithi045.stdout:/usr/bin/ceph: stderr
2024-04-25T04:31:21.010+0000 7ff35f7fe700 1 --2- >> [v2:172.21.15.45:3300/0,v1:172.21.15.45:6789/0] conn(0x7ff360106560 0x7ff360106980 unknown :-1 s=BANNER_CONNECTING pgs=0 cs=0 l=0 rev1=0 crypto rx=0 tx=0 comp rx=0 tx=0)._handle_peer_banner_payload supported=3 required=0
2024-04-25T04:31:22.154 INFO:teuthology.orchestra.run.smithi045.stdout:/usr/bin/ceph: stderr
2024-04-25T04:31:21.010+0000 7ff35f7fe700 1 --2- >> [v2:172.21.15.45:3300/0,v1:172.21.15.45:6789/0] conn(0x7ff360106560 0x7ff360106980 unknown :-1 s=HELLO_CONNECTING pgs=0 cs=0 l=0 rev1=1 crypto rx=0 tx=0 comp rx=0 tx=0).handle_hello peer v2:172.21.15.45:3300/0 says I am v2:172.21.15.45:53700/0 (socket says 172.21.15.45:53700)
2024-04-25T04:31:22.154 INFO:teuthology.orchestra.run.smithi045.stdout:/usr/bin/ceph: stderr
2024-04-25T04:31:21.010+0000 7ff35f7fe700 1 -- 172.21.15.45:0/3031343005 learned_addr learned my addr 172.21.15.45:0/3031343005 (peer_addr_for_me v2:172.21.15.45:0/0)
2024-04-25T04:31:22.154 INFO:teuthology.orchestra.run.smithi045.stdout:/usr/bin/ceph: stderr
2024-04-25T04:31:21.010+0000 7ff35f7fe700 1 -- 172.21.15.45:0/3031343005 --> [v2:172.21.15.45:3300/0,v1:172.21.15.45:6789/0] -- mon_subscribe({config=0+,monmap=0+}) v3 -- 0x7ff360107760 con 0x7ff360106560
2024-04-25T04:31:22.154 INFO:teuthology.orchestra.run.smithi045.stdout:/usr/bin/ceph: stderr
2024-04-25T04:31:21.011+0000 7ff35f7fe700 1 --2- 172.21.15.45:0/3031343005 >> [v2:172.21.15.45:3300/0,v1:172.21.15.45:6789/0] conn(0x7ff360106560 0x7ff360106980 secure :-1 s=READY pgs=41 cs=0 l=1 rev1=1 crypto rx=0x7ff3540098a0 tx=0x7ff354009bb0 comp rx=0 tx=0).ready entity=mon.0 client_cookie=b766d4fca2b9d173 server_cookie=0 in_seq=0 out_seq=0
2024-04-25T04:31:22.154 INFO:teuthology.orchestra.run.smithi045.stdout:/usr/bin/ceph: stderr
2024-04-25T04:31:21.011+0000 7ff35e7fc700 1 -- 172.21.15.45:0/3031343005 <== mon.0 v2:172.21.15.45:3300/0 1 ==== mon_map magic: 0 v1 ==== 229+0+0 (secure 0 0 0) 0x7ff354004180 con 0x7ff360106560
2024-04-25T04:31:22.154 INFO:teuthology.orchestra.run.smithi045.stdout:/usr/bin/ceph: stderr
2024-04-25T04:31:21.011+0000 7ff35e7fc700 1 -- 172.21.15.45:0/3031343005 <== mon.0 v2:172.21.15.45:3300/0 2 ==== config(27 keys) v1 ==== 1037+0+0 (secure 0 0 0) 0x7ff3540042e0 con 0x7ff360106560
2024-04-25T04:31:22.154 INFO:teuthology.orchestra.run.smithi045.stdout:/usr/bin/ceph: stderr
2024-04-25T04:31:21.011+0000 7ff35e7fc700 1 -- 172.21.15.45:0/3031343005 <== mon.0 v2:172.21.15.45:3300/0 3 ==== mon_map magic: 0 v1 ==== 229+0+0 (secure 0 0 0) 0x7ff354011a50 con 0x7ff360106560
2024-04-25T04:31:22.154 INFO:teuthology.orchestra.run.smithi045.stdout:/usr/bin/ceph: stderr
2024-04-25T04:31:21.011+0000 7ff366190700 1 -- 172.21.15.45:0/3031343005 >> [v2:172.21.15.45:3300/0,v1:172.21.15.45:6789/0] conn(0x7ff360106560 msgr2=0x7ff360106980 secure :-1 s=STATE_CONNECTION_ESTABLISHED l=1).mark_down
2024-04-25T04:31:22.154 INFO:teuthology.orchestra.run.smithi045.stdout:/usr/bin/ceph: stderr
2024-04-25T04:31:21.011+0000 7ff366190700 1 --2- 172.21.15.45:0/3031343005 >> [v2:172.21.15.45:3300/0,v1:172.21.15.45:6789/0] conn(0x7ff360106560 0x7ff360106980 secure :-1 s=READY pgs=41 cs=0 l=1 rev1=1 crypto rx=0x7ff3540098a0 tx=0x7ff354009bb0 comp rx=0 tx=0).stop
2024-04-25T04:31:22.154 INFO:teuthology.orchestra.run.smithi045.stdout:/usr/bin/ceph: stderr
2024-04-25T04:31:21.011+0000 7ff366190700 1 -- 172.21.15.45:0/3031343005 shutdown_connections
2024-04-25T04:31:22.154 INFO:teuthology.orchestra.run.smithi045.stdout:/usr/bin/ceph: stderr
2024-04-25T04:31:21.011+0000 7ff366190700 1 --2- 172.21.15.45:0/3031343005 >> [v2:172.21.15.45:3300/0,v1:172.21.15.45:6789/0] conn(0x7ff360106560 0x7ff360106980 unknown :-1 s=CLOSED pgs=41 cs=0 l=1 rev1=1 crypto rx=0 tx=0 comp rx=0 tx=0).stop
2024-04-25T04:31:22.154 INFO:teuthology.orchestra.run.smithi045.stdout:/usr/bin/ceph: stderr
2024-04-25T04:31:21.011+0000 7ff366190700 1 -- 172.21.15.45:0/3031343005 >> 172.21.15.45:0/3031343005 conn(0x7ff360101b40 msgr2=0x7ff360103f60 unknown :-1 s=STATE_NONE l=0).mark_down
2024-04-25T04:31:22.154 INFO:teuthology.orchestra.run.smithi045.stdout:/usr/bin/ceph: stderr
2024-04-25T04:31:21.011+0000 7ff366190700 1 -- 172.21.15.45:0/3031343005 shutdown_connections
2024-04-25T04:31:22.155 INFO:teuthology.orchestra.run.smithi045.stdout:/usr/bin/ceph: stderr
2024-04-25T04:31:21.012+0000 7ff366190700 1 -- 172.21.15.45:0/3031343005 wait complete.
2024-04-25T04:31:22.155 INFO:teuthology.orchestra.run.smithi045.stdout:/usr/bin/ceph: stderr
2024-04-25T04:31:21.012+0000 7ff366190700 1 Processor -- start
2024-04-25T04:31:22.155 INFO:teuthology.orchestra.run.smithi045.stdout:/usr/bin/ceph: stderr
2024-04-25T04:31:21.012+0000 7ff366190700 1 -- start start
2024-04-25T04:31:22.155 INFO:teuthology.orchestra.run.smithi045.stdout:/usr/bin/ceph: stderr
2024-04-25T04:31:21.012+0000 7ff366190700 1 --2- >> [v2:172.21.15.45:3300/0,v1:172.21.15.45:6789/0] conn(0x7ff360106560 0x7ff36019a1f0 unknown :-1 s=NONE pgs=0 cs=0 l=1 rev1=0 crypto rx=0 tx=0 comp rx=0 tx=0).connect
2024-04-25T04:31:22.155 INFO:teuthology.orchestra.run.smithi045.stdout:/usr/bin/ceph: stderr
2024-04-25T04:31:21.012+0000 7ff366190700 1 -- --> [v2:172.21.15.45:3300/0,v1:172.21.15.45:6789/0] -- mon_getmap magic: 0 v1 -- 0x7ff36019a730 con 0x7ff360106560
2024-04-25T04:31:22.155 INFO:teuthology.orchestra.run.smithi045.stdout:/usr/bin/ceph: stderr
2024-04-25T04:31:21.013+0000 7ff35f7fe700 1 --2- >> [v2:172.21.15.45:3300/0,v1:172.21.15.45:6789/0] conn(0x7ff360106560 0x7ff36019a1f0 unknown :-1 s=BANNER_CONNECTING pgs=0 cs=0 l=1 rev1=0 crypto rx=0 tx=0 comp rx=0 tx=0)._handle_peer_banner_payload supported=3 required=0
2024-04-25T04:31:22.155 INFO:teuthology.orchestra.run.smithi045.stdout:/usr/bin/ceph: stderr
2024-04-25T04:31:21.013+0000 7ff35f7fe700 1 --2- >> [v2:172.21.15.45:3300/0,v1:172.21.15.45:6789/0] conn(0x7ff360106560 0x7ff36019a1f0 unknown :-1 s=HELLO_CONNECTING pgs=0 cs=0 l=1 rev1=1 crypto rx=0 tx=0 comp rx=0 tx=0).handle_hello peer v2:172.21.15.45:3300/0 says I am v2:172.21.15.45:53704/0 (socket says 172.21.15.45:53704)
2024-04-25T04:31:22.155 INFO:teuthology.orchestra.run.smithi045.stdout:/usr/bin/ceph: stderr
2024-04-25T04:31:21.013+0000 7ff35f7fe700 1 -- 172.21.15.45:0/3073145548 learned_addr learned my addr 172.21.15.45:0/3073145548 (peer_addr_for_me v2:172.21.15.45:0/0)
2024-04-25T04:31:22.155 INFO:teuthology.orchestra.run.smithi045.stdout:/usr/bin/ceph: stderr
2024-04-25T04:31:21.013+0000 7ff35f7fe700 1 -- 172.21.15.45:0/3073145548 --> [v2:172.21.15.45:3300/0,v1:172.21.15.45:6789/0] -- mon_subscribe({config=0+,monmap=0+}) v3 -- 0x7ff354009550 con 0x7ff360106560
2024-04-25T04:31:22.155 INFO:teuthology.orchestra.run.smithi045.stdout:/usr/bin/ceph: stderr
2024-04-25T04:31:21.013+0000 7ff35f7fe700 1 --2- 172.21.15.45:0/3073145548 >> [v2:172.21.15.45:3300/0,v1:172.21.15.45:6789/0] conn(0x7ff360106560 0x7ff36019a1f0 secure :-1 s=READY pgs=42 cs=0 l=1 rev1=1 crypto rx=0x7ff354003de0 tx=0x7ff354011ab0 comp rx=0 tx=0).ready entity=mon.0 client_cookie=0 server_cookie=0 in_seq=0 out_seq=0
2024-04-25T04:31:22.155 INFO:teuthology.orchestra.run.smithi045.stdout:/usr/bin/ceph: stderr
2024-04-25T04:31:21.013+0000 7ff35cff9700 1 -- 172.21.15.45:0/3073145548 <== mon.0 v2:172.21.15.45:3300/0 1 ==== mon_map magic: 0 v1 ==== 229+0+0 (secure 0 0 0) 0x7ff354003930 con 0x7ff360106560
2024-04-25T04:31:22.155 INFO:teuthology.orchestra.run.smithi045.stdout:/usr/bin/ceph: stderr
2024-04-25T04:31:21.013+0000 7ff35cff9700 1 -- 172.21.15.45:0/3073145548 <== mon.0 v2:172.21.15.45:3300/0 2 ==== config(27 keys) v1 ==== 1037+0+0 (secure 0 0 0) 0x7ff354003a90 con 0x7ff360106560
2024-04-25T04:31:22.155 INFO:teuthology.orchestra.run.smithi045.stdout:/usr/bin/ceph: stderr
2024-04-25T04:31:21.013+0000 7ff366190700 1 -- 172.21.15.45:0/3073145548 --> [v2:172.21.15.45:3300/0,v1:172.21.15.45:6789/0] -- mon_subscribe({mgrmap=0+}) v3 -- 0x7ff36019a930 con 0x7ff360106560
2024-04-25T04:31:22.155 INFO:teuthology.orchestra.run.smithi045.stdout:/usr/bin/ceph: stderr
2024-04-25T04:31:21.013+0000 7ff35cff9700 1 -- 172.21.15.45:0/3073145548 <== mon.0 v2:172.21.15.45:3300/0 3 ==== mon_map magic: 0 v1 ==== 229+0+0 (secure 0 0 0) 0x7ff3540196c0 con 0x7ff360106560
2024-04-25T04:31:22.155 INFO:teuthology.orchestra.run.smithi045.stdout:/usr/bin/ceph: stderr
2024-04-25T04:31:21.014+0000 7ff366190700 1 -- 172.21.15.45:0/3073145548 --> [v2:172.21.15.45:3300/0,v1:172.21.15.45:6789/0] -- mon_subscribe({osdmap=0}) v3 -- 0x7ff36019add0 con 0x7ff360106560
2024-04-25T04:31:22.156 INFO:teuthology.orchestra.run.smithi045.stdout:/usr/bin/ceph: stderr
2024-04-25T04:31:21.014+0000 7ff35cff9700 1 -- 172.21.15.45:0/3073145548 <== mon.0 v2:172.21.15.45:3300/0 4 ==== mgrmap(e 8) v1 ==== 45283+0+0 (secure 0 0 0) 0x7ff354019980 con 0x7ff360106560
2024-04-25T04:31:22.156 INFO:teuthology.orchestra.run.smithi045.stdout:/usr/bin/ceph: stderr
2024-04-25T04:31:21.014+0000 7ff35cff9700 1 --2- 172.21.15.45:0/3073145548 >> [v2:172.21.15.45:6800/1313784057,v1:172.21.15.45:6801/1313784057] conn(0x7ff348038320 0x7ff34803a7e0 unknown :-1 s=NONE pgs=0 cs=0 l=1 rev1=0 crypto rx=0 tx=0 comp rx=0 tx=0).connect
2024-04-25T04:31:22.156 INFO:teuthology.orchestra.run.smithi045.stdout:/usr/bin/ceph: stderr
2024-04-25T04:31:21.014+0000 7ff35cff9700 1 -- 172.21.15.45:0/3073145548 <== mon.0 v2:172.21.15.45:3300/0 5 ==== osd_map(2..2 src has 1..2) v4 ==== 940+0+0 (secure 0 0 0) 0x7ff35404c410 con 0x7ff360106560
2024-04-25T04:31:22.156 INFO:teuthology.orchestra.run.smithi045.stdout:/usr/bin/ceph: stderr
2024-04-25T04:31:21.014+0000 7ff35effd700 1 --2- 172.21.15.45:0/3073145548 >> [v2:172.21.15.45:6800/1313784057,v1:172.21.15.45:6801/1313784057] conn(0x7ff348038320 0x7ff34803a7e0 unknown :-1 s=BANNER_CONNECTING pgs=0 cs=0 l=1 rev1=0 crypto rx=0 tx=0 comp rx=0 tx=0)._handle_peer_banner_payload supported=3 required=0
2024-04-25T04:31:22.156 INFO:teuthology.orchestra.run.smithi045.stdout:/usr/bin/ceph: stderr
2024-04-25T04:31:21.015+0000 7ff366190700 1 -- 172.21.15.45:0/3073145548 --> [v2:172.21.15.45:3300/0,v1:172.21.15.45:6789/0] -- mon_command({"prefix": "get_command_descriptions"} v 0) v1 -- 0x7ff3600623c0 con 0x7ff360106560
2024-04-25T04:31:22.156 INFO:teuthology.orchestra.run.smithi045.stdout:/usr/bin/ceph: stderr
2024-04-25T04:31:21.015+0000 7ff35effd700 1 --2- 172.21.15.45:0/3073145548 >> [v2:172.21.15.45:6800/1313784057,v1:172.21.15.45:6801/1313784057] conn(0x7ff348038320 0x7ff34803a7e0 secure :-1 s=READY pgs=9 cs=0 l=1 rev1=1 crypto rx=0x7ff350006fd0 tx=0x7ff350006e40 comp rx=0 tx=0).ready entity=mgr.14120 client_cookie=0 server_cookie=0 in_seq=0 out_seq=0
2024-04-25T04:31:22.156 INFO:teuthology.orchestra.run.smithi045.stdout:/usr/bin/ceph: stderr
2024-04-25T04:31:21.019+0000 7ff35cff9700 1 -- 172.21.15.45:0/3073145548 <== mon.0 v2:172.21.15.45:3300/0 6 ==== mon_command_ack([{"prefix": "get_command_descriptions"}]=0 v0) v1 ==== 72+0+180422 (secure 0 0 0) 0x7ff354019e60 con 0x7ff360106560
2024-04-25T04:31:22.156 INFO:teuthology.orchestra.run.smithi045.stdout:/usr/bin/ceph: stderr
2024-04-25T04:31:21.219+0000 7ff366190700 1 -- 172.21.15.45:0/3073145548 --> [v2:172.21.15.45:6800/1313784057,v1:172.21.15.45:6801/1313784057] -- mgr_command(tid 0: {"prefix": "cephadm generate-key", "target": ["mon-mgr", ""]}) v1 -- 0x7ff360103010 con 0x7ff348038320
2024-04-25T04:31:22.156 INFO:teuthology.orchestra.run.smithi045.stdout:/usr/bin/ceph: stderr
2024-04-25T04:31:21.570+0000 7ff35cff9700 1 -- 172.21.15.45:0/3073145548 <== mgr.14120 v2:172.21.15.45:6800/1313784057 1 ==== mgr_command_reply(tid 0: 0 ) v1 ==== 8+0+0 (secure 0 0 0) 0x7ff360103010 con 0x7ff348038320
2024-04-25T04:31:22.156 INFO:teuthology.orchestra.run.smithi045.stdout:/usr/bin/ceph: stderr
2024-04-25T04:31:21.572+0000 7ff366190700 1 -- 172.21.15.45:0/3073145548 >> [v2:172.21.15.45:6800/1313784057,v1:172.21.15.45:6801/1313784057] conn(0x7ff348038320 msgr2=0x7ff34803a7e0 secure :-1 s=STATE_CONNECTION_ESTABLISHED l=1).mark_down
2024-04-25T04:31:22.156 INFO:teuthology.orchestra.run.smithi045.stdout:/usr/bin/ceph: stderr
2024-04-25T04:31:21.572+0000 7ff366190700 1 --2- 172.21.15.45:0/3073145548 >> [v2:172.21.15.45:6800/1313784057,v1:172.21.15.45:6801/1313784057] conn(0x7ff348038320 0x7ff34803a7e0 secure :-1 s=READY pgs=9 cs=0 l=1 rev1=1 crypto rx=0x7ff350006fd0 tx=0x7ff350006e40 comp rx=0 tx=0).stop
2024-04-25T04:31:22.156 INFO:teuthology.orchestra.run.smithi045.stdout:/usr/bin/ceph: stderr
2024-04-25T04:31:21.572+0000 7ff366190700 1 -- 172.21.15.45:0/3073145548 >> [v2:172.21.15.45:3300/0,v1:172.21.15.45:6789/0] conn(0x7ff360106560 msgr2=0x7ff36019a1f0 secure :-1 s=STATE_CONNECTION_ESTABLISHED l=1).mark_down
2024-04-25T04:31:22.156 INFO:teuthology.orchestra.run.smithi045.stdout:/usr/bin/ceph: stderr
2024-04-25T04:31:21.572+0000 7ff366190700 1 --2- 172.21.15.45:0/3073145548 >> [v2:172.21.15.45:3300/0,v1:172.21.15.45:6789/0] conn(0x7ff360106560 0x7ff36019a1f0 secure :-1 s=READY pgs=42 cs=0 l=1 rev1=1 crypto rx=0x7ff354003de0 tx=0x7ff354011ab0 comp rx=0 tx=0).stop
2024-04-25T04:31:22.156 INFO:teuthology.orchestra.run.smithi045.stdout:/usr/bin/ceph: stderr
2024-04-25T04:31:21.572+0000 7ff366190700 1 -- 172.21.15.45:0/3073145548 shutdown_connections
2024-04-25T04:31:22.157 INFO:teuthology.orchestra.run.smithi045.stdout:/usr/bin/ceph: stderr
2024-04-25T04:31:21.572+0000 7ff366190700 1 --2- 172.21.15.45:0/3073145548 >> [v2:172.21.15.45:6800/1313784057,v1:172.21.15.45:6801/1313784057] conn(0x7ff348038320 0x7ff34803a7e0 unknown :-1 s=CLOSED pgs=9 cs=0 l=1 rev1=1 crypto rx=0 tx=0 comp rx=0 tx=0).stop
2024-04-25T04:31:22.157 INFO:teuthology.orchestra.run.smithi045.stdout:/usr/bin/ceph: stderr
2024-04-25T04:31:21.572+0000 7ff366190700 1 --2- 172.21.15.45:0/3073145548 >> [v2:172.21.15.45:3300/0,v1:172.21.15.45:6789/0] conn(0x7ff360106560 0x7ff36019a1f0 unknown :-1 s=CLOSED pgs=42 cs=0 l=1 rev1=1 crypto rx=0 tx=0 comp rx=0 tx=0).stop
2024-04-25T04:31:22.157 INFO:teuthology.orchestra.run.smithi045.stdout:/usr/bin/ceph: stderr
2024-04-25T04:31:21.572+0000 7ff366190700 1 -- 172.21.15.45:0/3073145548 >> 172.21.15.45:0/3073145548 conn(0x7ff360101b40 msgr2=0x7ff360102900 unknown :-1 s=STATE_NONE l=0).mark_down
2024-04-25T04:31:22.157 INFO:teuthology.orchestra.run.smithi045.stdout:/usr/bin/ceph: stderr
2024-04-25T04:31:21.572+0000 7ff366190700 1 -- 172.21.15.45:0/3073145548 shutdown_connections
2024-04-25T04:31:22.157 INFO:teuthology.orchestra.run.smithi045.stdout:/usr/bin/ceph: stderr
2024-04-25T04:31:21.572+0000 7ff366190700 1 -- 172.21.15.45:0/3073145548 wait complete.
2024-04-25T04:31:22.788 INFO:journalctl@ceph.mon.smithi045.smithi045.stdout:Apr 25 04:31:22 smithi045 ceph-mon[26355]: from='client.14136 -' entity='client.admin' cmd=[{"prefix": "cephadm generate-key", "target": ["mon-mgr", ""]}]: dispatch
2024-04-25T04:31:22.788 INFO:journalctl@ceph.mon.smithi045.smithi045.stdout:Apr 25 04:31:22 smithi045 ceph-mon[26355]: Generating ssh key...
2024-04-25T04:31:22.788 INFO:journalctl@ceph.mon.smithi045.smithi045.stdout:Apr 25 04:31:22 smithi045 ceph-mon[26355]: from='mgr.14120 172.21.15.45:0/2149557973' entity='mgr.smithi045.dfgafn'
2024-04-25T04:31:22.788 INFO:journalctl@ceph.mon.smithi045.smithi045.stdout:Apr 25 04:31:22 smithi045 ceph-mon[26355]: from='mgr.14120 172.21.15.45:0/2149557973' entity='mgr.smithi045.dfgafn'
2024-04-25T04:31:23.276 INFO:teuthology.orchestra.run.smithi045.stdout:/usr/bin/ceph: stdout ssh-rsa AAAAB3NzaC1yc2EAAAADAQABAAABgQDB86kUq0amqLtLy2ELX2z3/ze3UgWsZ7q5P8azyK1TjBnG7te+tBkKMatLr0YRtuOm05eiLDmc4OnZtUZzm6xhFYPi6ap8Ucp3aEGMjDzZUfICc+sYDw0Zvqrp8Qj4JpTaFh7sCSQ9Iku2K7YnpHxCT5zga5c77ii/6XvGMUularjtvEgxA+TDD9lkRf/NJehM9ituysxmCfT9d6fUMepaTgdWfzF3vYqqiOiVmgtJOjzdtSJz2Ab01NRy15H93AI3+YWy2W6L2g1EmK6Dw/pXzXERTVNmWXPRO8/HvPXtNnwwLvyCaF40YCKtziVHPSy28A3Vj+gq/MXYjZvyBA2MSIl1/fp6dpo5OsQwizRVN4ek5SNUS9F+BFtpG36igo/xKNi8Yq6rVIFVNd/5t1vOPdhE2UgxhWvh++fnKhWFZ0O6HBMFMG5AfpytCC3zyZCJYVP0f78Vs1CrG5W7xbW/xmG8+Hr/zeUXbkXmTz8pbzT9iB+EouEZIlSFC+HP8vE= ceph-8019708c-02bc-11ef-bc93-c7b262605968
2024-04-25T04:31:23.277 INFO:teuthology.orchestra.run.smithi045.stdout:/usr/bin/ceph: stderr
2024-04-25T04:31:22.574+0000 7f63a4cb7700 1 Processor -- start
2024-04-25T04:31:23.277 INFO:teuthology.orchestra.run.smithi045.stdout:/usr/bin/ceph: stderr
2024-04-25T04:31:22.574+0000 7f63a4cb7700 1 -- start start
2024-04-25T04:31:23.277 INFO:teuthology.orchestra.run.smithi045.stdout:/usr/bin/ceph: stderr
2024-04-25T04:31:22.574+0000 7f63a4cb7700 1 --2- >> [v2:172.21.15.45:3300/0,v1:172.21.15.45:6789/0] conn(0x7f63a0104860 0x7f63a0104c80 unknown :-1 s=NONE pgs=0 cs=0 l=0 rev1=0 crypto rx=0 tx=0 comp rx=0 tx=0).connect
2024-04-25T04:31:23.277 INFO:teuthology.orchestra.run.smithi045.stdout:/usr/bin/ceph: stderr
2024-04-25T04:31:22.575+0000 7f63a4cb7700 1 -- --> [v2:172.21.15.45:3300/0,v1:172.21.15.45:6789/0] -- mon_getmap magic: 0 v1 -- 0x7f63a0105250 con 0x7f63a0104860
2024-04-25T04:31:23.277 INFO:teuthology.orchestra.run.smithi045.stdout:/usr/bin/ceph: stderr
2024-04-25T04:31:22.575+0000 7f639e59c700 1 --2- >> [v2:172.21.15.45:3300/0,v1:172.21.15.45:6789/0] conn(0x7f63a0104860 0x7f63a0104c80 unknown :-1 s=BANNER_CONNECTING pgs=0 cs=0 l=0 rev1=0 crypto rx=0 tx=0 comp rx=0 tx=0)._handle_peer_banner_payload supported=3 required=0
2024-04-25T04:31:23.277 INFO:teuthology.orchestra.run.smithi045.stdout:/usr/bin/ceph: stderr
2024-04-25T04:31:22.575+0000 7f639e59c700 1 --2- >> [v2:172.21.15.45:3300/0,v1:172.21.15.45:6789/0] conn(0x7f63a0104860 0x7f63a0104c80 unknown :-1 s=HELLO_CONNECTING pgs=0 cs=0 l=0 rev1=1 crypto rx=0 tx=0 comp rx=0 tx=0).handle_hello peer v2:172.21.15.45:3300/0 says I am v2:172.21.15.45:53718/0 (socket says 172.21.15.45:53718)
2024-04-25T04:31:23.277 INFO:teuthology.orchestra.run.smithi045.stdout:/usr/bin/ceph: stderr
2024-04-25T04:31:22.575+0000 7f639e59c700 1 -- 172.21.15.45:0/1424152661 learned_addr learned my addr 172.21.15.45:0/1424152661 (peer_addr_for_me v2:172.21.15.45:0/0)
2024-04-25T04:31:23.277 INFO:teuthology.orchestra.run.smithi045.stdout:/usr/bin/ceph: stderr
2024-04-25T04:31:22.575+0000 7f639e59c700 1 -- 172.21.15.45:0/1424152661 --> [v2:172.21.15.45:3300/0,v1:172.21.15.45:6789/0] -- mon_subscribe({config=0+,monmap=0+}) v3 -- 0x7f63a01077f0 con 0x7f63a0104860
2024-04-25T04:31:23.277 INFO:teuthology.orchestra.run.smithi045.stdout:/usr/bin/ceph: stderr
2024-04-25T04:31:22.575+0000 7f639e59c700 1 --2- 172.21.15.45:0/1424152661 >> [v2:172.21.15.45:3300/0,v1:172.21.15.45:6789/0] conn(0x7f63a0104860 0x7f63a0104c80 secure :-1 s=READY pgs=43 cs=0 l=1 rev1=1 crypto rx=0x7f63900098a0 tx=0x7f6390009bb0 comp rx=0 tx=0).ready entity=mon.0 client_cookie=f7cc8363c85df739 server_cookie=0 in_seq=0 out_seq=0
2024-04-25T04:31:23.277 INFO:teuthology.orchestra.run.smithi045.stdout:/usr/bin/ceph: stderr
2024-04-25T04:31:22.575+0000 7f639d59a700 1 -- 172.21.15.45:0/1424152661 <== mon.0 v2:172.21.15.45:3300/0 1 ==== mon_map magic: 0 v1 ==== 229+0+0 (secure 0 0 0) 0x7f6390004180 con 0x7f63a0104860
2024-04-25T04:31:23.278 INFO:teuthology.orchestra.run.smithi045.stdout:/usr/bin/ceph: stderr
2024-04-25T04:31:22.575+0000 7f639d59a700 1 -- 172.21.15.45:0/1424152661 <== mon.0 v2:172.21.15.45:3300/0 2 ==== config(27 keys) v1 ==== 1037+0+0 (secure 0 0 0) 0x7f63900042e0 con 0x7f63a0104860
2024-04-25T04:31:23.278 INFO:teuthology.orchestra.run.smithi045.stdout:/usr/bin/ceph: stderr
2024-04-25T04:31:22.575+0000 7f639d59a700 1 -- 172.21.15.45:0/1424152661 <== mon.0 v2:172.21.15.45:3300/0 3 ==== mon_map magic: 0 v1 ==== 229+0+0 (secure 0 0 0) 0x7f6390011a50 con 0x7f63a0104860
2024-04-25T04:31:23.278 INFO:teuthology.orchestra.run.smithi045.stdout:/usr/bin/ceph: stderr
2024-04-25T04:31:22.576+0000 7f63a4cb7700 1 -- 172.21.15.45:0/1424152661 >> [v2:172.21.15.45:3300/0,v1:172.21.15.45:6789/0] conn(0x7f63a0104860 msgr2=0x7f63a0104c80 secure :-1 s=STATE_CONNECTION_ESTABLISHED l=1).mark_down
2024-04-25T04:31:23.278 INFO:teuthology.orchestra.run.smithi045.stdout:/usr/bin/ceph: stderr
2024-04-25T04:31:22.576+0000 7f63a4cb7700 1 --2- 172.21.15.45:0/1424152661 >> [v2:172.21.15.45:3300/0,v1:172.21.15.45:6789/0] conn(0x7f63a0104860 0x7f63a0104c80 secure :-1 s=READY pgs=43 cs=0 l=1 rev1=1 crypto rx=0x7f63900098a0 tx=0x7f6390009bb0 comp rx=0 tx=0).stop
2024-04-25T04:31:23.278 INFO:teuthology.orchestra.run.smithi045.stdout:/usr/bin/ceph: stderr
2024-04-25T04:31:22.576+0000 7f63a4cb7700 1 -- 172.21.15.45:0/1424152661 shutdown_connections
