2024-04-25T04:40:27.995+0000 7fd4af7fe700 1 --2- 172.21.15.87:0/1663763050 >> [v2:172.21.15.87:6800/3749386288,v1:172.21.15.87:6801/3749386288] conn(0x7fd498036770 0x7fd498038c20 unknown :-1 s=BANNER_CONNECTING pgs=0 cs=0 l=1 rev1=0 crypto rx=0 tx=0 comp rx=0 tx=0)._handle_peer_banner_payload supported=3 required=0
2024-04-25T04:40:28.837 INFO:teuthology.orchestra.run.smithi087.stdout:/usr/bin/ceph: stderr
2024-04-25T04:40:27.995+0000 7fd4af7fe700 1 --2- 172.21.15.87:0/1663763050 >> [v2:172.21.15.87:6800/3749386288,v1:172.21.15.87:6801/3749386288] conn(0x7fd498036770 0x7fd498038c20 secure :-1 s=READY pgs=7 cs=0 l=1 rev1=1 crypto rx=0x7fd4a4009990 tx=0x7fd4a4006e40 comp rx=0 tx=0).ready entity=mgr.14120 client_cookie=0 server_cookie=0 in_seq=0 out_seq=0
2024-04-25T04:40:28.837 INFO:teuthology.orchestra.run.smithi087.stdout:/usr/bin/ceph: stderr
2024-04-25T04:40:28.000+0000 7fd4acff9700 1 -- 172.21.15.87:0/1663763050 <== mon.0 v2:172.21.15.87:3300/0 6 ==== mon_command_ack([{"prefix": "get_command_descriptions"}]=0 v0) v1 ==== 72+0+176702 (secure 0 0 0) 0x7fd4a00196c0 con 0x7fd4b01028d0
2024-04-25T04:40:28.837 INFO:teuthology.orchestra.run.smithi087.stdout:/usr/bin/ceph: stderr
2024-04-25T04:40:28.195+0000 7fd4b6927700 1 -- 172.21.15.87:0/1663763050 --> [v2:172.21.15.87:6800/3749386288,v1:172.21.15.87:6801/3749386288] -- mgr_command(tid 0: {"prefix": "orch set backend", "module_name": "cephadm", "target": ["mon-mgr", ""]}) v1 -- 0x7fd4b00ff230 con 0x7fd498036770
2024-04-25T04:40:28.837 INFO:teuthology.orchestra.run.smithi087.stdout:/usr/bin/ceph: stderr
2024-04-25T04:40:28.204+0000 7fd4acff9700 1 -- 172.21.15.87:0/1663763050 <== mgr.14120 v2:172.21.15.87:6800/3749386288 1 ==== mgr_command_reply(tid 0: 0 ) v1 ==== 8+0+0 (secure 0 0 0) 0x7fd4b00ff230 con 0x7fd498036770
2024-04-25T04:40:28.837 INFO:teuthology.orchestra.run.smithi087.stdout:/usr/bin/ceph: stderr
2024-04-25T04:40:28.206+0000 7fd4b6927700 1 -- 172.21.15.87:0/1663763050 >> [v2:172.21.15.87:6800/3749386288,v1:172.21.15.87:6801/3749386288] conn(0x7fd498036770 msgr2=0x7fd498038c20 secure :-1 s=STATE_CONNECTION_ESTABLISHED l=1).mark_down
2024-04-25T04:40:28.837 INFO:teuthology.orchestra.run.smithi087.stdout:/usr/bin/ceph: stderr
2024-04-25T04:40:28.206+0000 7fd4b6927700 1 --2- 172.21.15.87:0/1663763050 >> [v2:172.21.15.87:6800/3749386288,v1:172.21.15.87:6801/3749386288] conn(0x7fd498036770 0x7fd498038c20 secure :-1 s=READY pgs=7 cs=0 l=1 rev1=1 crypto rx=0x7fd4a4009990 tx=0x7fd4a4006e40 comp rx=0 tx=0).stop
2024-04-25T04:40:28.837 INFO:teuthology.orchestra.run.smithi087.stdout:/usr/bin/ceph: stderr
2024-04-25T04:40:28.206+0000 7fd4b6927700 1 -- 172.21.15.87:0/1663763050 >> [v2:172.21.15.87:3300/0,v1:172.21.15.87:6789/0] conn(0x7fd4b01028d0 msgr2=0x7fd4b01115d0 secure :-1 s=STATE_CONNECTION_ESTABLISHED l=1).mark_down
2024-04-25T04:40:28.837 INFO:teuthology.orchestra.run.smithi087.stdout:/usr/bin/ceph: stderr
2024-04-25T04:40:28.206+0000 7fd4b6927700 1 --2- 172.21.15.87:0/1663763050 >> [v2:172.21.15.87:3300/0,v1:172.21.15.87:6789/0] conn(0x7fd4b01028d0 0x7fd4b01115d0 secure :-1 s=READY pgs=38 cs=0 l=1 rev1=1 crypto rx=0x7fd4a0000c00 tx=0x7fd4a0009250 comp rx=0 tx=0).stop
2024-04-25T04:40:28.837 INFO:teuthology.orchestra.run.smithi087.stdout:/usr/bin/ceph: stderr
2024-04-25T04:40:28.206+0000 7fd4b6927700 1 -- 172.21.15.87:0/1663763050 shutdown_connections
2024-04-25T04:40:28.837 INFO:teuthology.orchestra.run.smithi087.stdout:/usr/bin/ceph: stderr
2024-04-25T04:40:28.206+0000 7fd4b6927700 1 --2- 172.21.15.87:0/1663763050 >> [v2:172.21.15.87:6800/3749386288,v1:172.21.15.87:6801/3749386288] conn(0x7fd498036770 0x7fd498038c20 unknown :-1 s=CLOSED pgs=7 cs=0 l=1 rev1=1 crypto rx=0 tx=0 comp rx=0 tx=0).stop
2024-04-25T04:40:28.837 INFO:teuthology.orchestra.run.smithi087.stdout:/usr/bin/ceph: stderr
2024-04-25T04:40:28.206+0000 7fd4b6927700 1 --2- 172.21.15.87:0/1663763050 >> [v2:172.21.15.87:3300/0,v1:172.21.15.87:6789/0] conn(0x7fd4b01028d0 0x7fd4b01115d0 unknown :-1 s=CLOSED pgs=38 cs=0 l=1 rev1=1 crypto rx=0 tx=0 comp rx=0 tx=0).stop
2024-04-25T04:40:28.837 INFO:teuthology.orchestra.run.smithi087.stdout:/usr/bin/ceph: stderr
2024-04-25T04:40:28.206+0000 7fd4b6927700 1 -- 172.21.15.87:0/1663763050 >> 172.21.15.87:0/1663763050 conn(0x7fd4b00fe090 msgr2=0x7fd4b00feb20 unknown :-1 s=STATE_NONE l=0).mark_down
2024-04-25T04:40:28.837 INFO:teuthology.orchestra.run.smithi087.stdout:/usr/bin/ceph: stderr
2024-04-25T04:40:28.206+0000 7fd4b6927700 1 -- 172.21.15.87:0/1663763050 shutdown_connections
2024-04-25T04:40:28.838 INFO:teuthology.orchestra.run.smithi087.stdout:/usr/bin/ceph: stderr
2024-04-25T04:40:28.206+0000 7fd4b6927700 1 -- 172.21.15.87:0/1663763050 wait complete.
2024-04-25T04:40:29.444 INFO:journalctl@ceph.mon.smithi087.smithi087.stdout:Apr 25 04:40:29 smithi087 ceph-mon[26327]: from='client.14132 -' entity='client.admin' cmd=[{"prefix": "orch set backend", "module_name": "cephadm", "target": ["mon-mgr", ""]}]: dispatch
2024-04-25T04:40:29.445 INFO:journalctl@ceph.mon.smithi087.smithi087.stdout:Apr 25 04:40:29 smithi087 ceph-mon[26327]: mgrmap e8: smithi087.phlyet(active, since 2s)
2024-04-25T04:40:29.995 INFO:teuthology.orchestra.run.smithi087.stdout:/usr/bin/ceph: stdout value unchanged
2024-04-25T04:40:29.995 INFO:teuthology.orchestra.run.smithi087.stdout:/usr/bin/ceph: stderr
2024-04-25T04:40:29.246+0000 7fc01648a700 1 Processor -- start
2024-04-25T04:40:29.995 INFO:teuthology.orchestra.run.smithi087.stdout:/usr/bin/ceph: stderr
2024-04-25T04:40:29.246+0000 7fc01648a700 1 -- start start
2024-04-25T04:40:29.996 INFO:teuthology.orchestra.run.smithi087.stdout:/usr/bin/ceph: stderr
2024-04-25T04:40:29.246+0000 7fc01648a700 1 --2- >> [v2:172.21.15.87:3300/0,v1:172.21.15.87:6789/0] conn(0x7fc010078d20 0x7fc010077230 unknown :-1 s=NONE pgs=0 cs=0 l=0 rev1=0 crypto rx=0 tx=0 comp rx=0 tx=0).connect
2024-04-25T04:40:29.996 INFO:teuthology.orchestra.run.smithi087.stdout:/usr/bin/ceph: stderr
2024-04-25T04:40:29.246+0000 7fc01648a700 1 -- --> [v2:172.21.15.87:3300/0,v1:172.21.15.87:6789/0] -- mon_getmap magic: 0 v1 -- 0x7fc010079130 con 0x7fc010078d20
2024-04-25T04:40:29.996 INFO:teuthology.orchestra.run.smithi087.stdout:/usr/bin/ceph: stderr
2024-04-25T04:40:29.246+0000 7fc00ffff700 1 --2- >> [v2:172.21.15.87:3300/0,v1:172.21.15.87:6789/0] conn(0x7fc010078d20 0x7fc010077230 unknown :-1 s=BANNER_CONNECTING pgs=0 cs=0 l=0 rev1=0 crypto rx=0 tx=0 comp rx=0 tx=0)._handle_peer_banner_payload supported=3 required=0
2024-04-25T04:40:29.996 INFO:teuthology.orchestra.run.smithi087.stdout:/usr/bin/ceph: stderr
2024-04-25T04:40:29.246+0000 7fc00ffff700 1 --2- >> [v2:172.21.15.87:3300/0,v1:172.21.15.87:6789/0] conn(0x7fc010078d20 0x7fc010077230 unknown :-1 s=HELLO_CONNECTING pgs=0 cs=0 l=0 rev1=1 crypto rx=0 tx=0 comp rx=0 tx=0).handle_hello peer v2:172.21.15.87:3300/0 says I am v2:172.21.15.87:60410/0 (socket says 172.21.15.87:60410)
2024-04-25T04:40:29.996 INFO:teuthology.orchestra.run.smithi087.stdout:/usr/bin/ceph: stderr
2024-04-25T04:40:29.246+0000 7fc00ffff700 1 -- 172.21.15.87:0/2330767141 learned_addr learned my addr 172.21.15.87:0/2330767141 (peer_addr_for_me v2:172.21.15.87:0/0)
2024-04-25T04:40:29.996 INFO:teuthology.orchestra.run.smithi087.stdout:/usr/bin/ceph: stderr
2024-04-25T04:40:29.246+0000 7fc00ffff700 1 -- 172.21.15.87:0/2330767141 --> [v2:172.21.15.87:3300/0,v1:172.21.15.87:6789/0] -- mon_subscribe({config=0+,monmap=0+}) v3 -- 0x7fc010077770 con 0x7fc010078d20
2024-04-25T04:40:29.996 INFO:teuthology.orchestra.run.smithi087.stdout:/usr/bin/ceph: stderr
2024-04-25T04:40:29.247+0000 7fc00ffff700 1 --2- 172.21.15.87:0/2330767141 >> [v2:172.21.15.87:3300/0,v1:172.21.15.87:6789/0] conn(0x7fc010078d20 0x7fc010077230 secure :-1 s=READY pgs=39 cs=0 l=1 rev1=1 crypto rx=0x7fc0000098e0 tx=0x7fc000009250 comp rx=0 tx=0).ready entity=mon.0 client_cookie=cc5f0e32b7c15438 server_cookie=0 in_seq=0 out_seq=0
2024-04-25T04:40:29.996 INFO:teuthology.orchestra.run.smithi087.stdout:/usr/bin/ceph: stderr
2024-04-25T04:40:29.247+0000 7fc00effd700 1 -- 172.21.15.87:0/2330767141 <== mon.0 v2:172.21.15.87:3300/0 1 ==== mon_map magic: 0 v1 ==== 229+0+0 (secure 0 0 0) 0x7fc00000b860 con 0x7fc010078d20
2024-04-25T04:40:29.996 INFO:teuthology.orchestra.run.smithi087.stdout:/usr/bin/ceph: stderr
2024-04-25T04:40:29.247+0000 7fc00effd700 1 -- 172.21.15.87:0/2330767141 <== mon.0 v2:172.21.15.87:3300/0 2 ==== config(27 keys) v1 ==== 1044+0+0 (secure 0 0 0) 0x7fc00000be50 con 0x7fc010078d20
2024-04-25T04:40:29.996 INFO:teuthology.orchestra.run.smithi087.stdout:/usr/bin/ceph: stderr
2024-04-25T04:40:29.247+0000 7fc00effd700 1 -- 172.21.15.87:0/2330767141 <== mon.0 v2:172.21.15.87:3300/0 3 ==== mon_map magic: 0 v1 ==== 229+0+0 (secure 0 0 0) 0x7fc000010380 con 0x7fc010078d20
2024-04-25T04:40:29.996 INFO:teuthology.orchestra.run.smithi087.stdout:/usr/bin/ceph: stderr
2024-04-25T04:40:29.247+0000 7fc01648a700 1 -- 172.21.15.87:0/2330767141 >> [v2:172.21.15.87:3300/0,v1:172.21.15.87:6789/0] conn(0x7fc010078d20 msgr2=0x7fc010077230 secure :-1 s=STATE_CONNECTION_ESTABLISHED l=1).mark_down
2024-04-25T04:40:29.996 INFO:teuthology.orchestra.run.smithi087.stdout:/usr/bin/ceph: stderr
2024-04-25T04:40:29.247+0000 7fc01648a700 1 --2- 172.21.15.87:0/2330767141 >> [v2:172.21.15.87:3300/0,v1:172.21.15.87:6789/0] conn(0x7fc010078d20 0x7fc010077230 secure :-1 s=READY pgs=39 cs=0 l=1 rev1=1 crypto rx=0x7fc0000098e0 tx=0x7fc000009250 comp rx=0 tx=0).stop
2024-04-25T04:40:29.996 INFO:teuthology.orchestra.run.smithi087.stdout:/usr/bin/ceph: stderr
2024-04-25T04:40:29.247+0000 7fc01648a700 1 -- 172.21.15.87:0/2330767141 shutdown_connections
2024-04-25T04:40:29.996 INFO:teuthology.orchestra.run.smithi087.stdout:/usr/bin/ceph: stderr
2024-04-25T04:40:29.247+0000 7fc01648a700 1 --2- 172.21.15.87:0/2330767141 >> [v2:172.21.15.87:3300/0,v1:172.21.15.87:6789/0] conn(0x7fc010078d20 0x7fc010077230 unknown :-1 s=CLOSED pgs=39 cs=0 l=1 rev1=1 crypto rx=0 tx=0 comp rx=0 tx=0).stop
2024-04-25T04:40:29.996 INFO:teuthology.orchestra.run.smithi087.stdout:/usr/bin/ceph: stderr
2024-04-25T04:40:29.247+0000 7fc01648a700 1 -- 172.21.15.87:0/2330767141 >> 172.21.15.87:0/2330767141 conn(0x7fc0100fdfd0 msgr2=0x7fc0101003e0 unknown :-1 s=STATE_NONE l=0).mark_down
2024-04-25T04:40:29.997 INFO:teuthology.orchestra.run.smithi087.stdout:/usr/bin/ceph: stderr
2024-04-25T04:40:29.247+0000 7fc01648a700 1 -- 172.21.15.87:0/2330767141 shutdown_connections
2024-04-25T04:40:29.997 INFO:teuthology.orchestra.run.smithi087.stdout:/usr/bin/ceph: stderr
2024-04-25T04:40:29.247+0000 7fc01648a700 1 -- 172.21.15.87:0/2330767141 wait complete.
2024-04-25T04:40:29.997 INFO:teuthology.orchestra.run.smithi087.stdout:/usr/bin/ceph: stderr
2024-04-25T04:40:29.248+0000 7fc01648a700 1 Processor -- start
2024-04-25T04:40:29.997 INFO:teuthology.orchestra.run.smithi087.stdout:/usr/bin/ceph: stderr
2024-04-25T04:40:29.248+0000 7fc01648a700 1 -- start start
2024-04-25T04:40:29.997 INFO:teuthology.orchestra.run.smithi087.stdout:/usr/bin/ceph: stderr
2024-04-25T04:40:29.248+0000 7fc01648a700 1 --2- >> [v2:172.21.15.87:3300/0,v1:172.21.15.87:6789/0] conn(0x7fc010078d20 0x7fc0101138b0 unknown :-1 s=NONE pgs=0 cs=0 l=1 rev1=0 crypto rx=0 tx=0 comp rx=0 tx=0).connect
2024-04-25T04:40:29.997 INFO:teuthology.orchestra.run.smithi087.stdout:/usr/bin/ceph: stderr
2024-04-25T04:40:29.248+0000 7fc01648a700 1 -- --> [v2:172.21.15.87:3300/0,v1:172.21.15.87:6789/0] -- mon_getmap magic: 0 v1 -- 0x7fc010113df0 con 0x7fc010078d20
2024-04-25T04:40:29.997 INFO:teuthology.orchestra.run.smithi087.stdout:/usr/bin/ceph: stderr
2024-04-25T04:40:29.248+0000 7fc00ffff700 1 --2- >> [v2:172.21.15.87:3300/0,v1:172.21.15.87:6789/0] conn(0x7fc010078d20 0x7fc0101138b0 unknown :-1 s=BANNER_CONNECTING pgs=0 cs=0 l=1 rev1=0 crypto rx=0 tx=0 comp rx=0 tx=0)._handle_peer_banner_payload supported=3 required=0
2024-04-25T04:40:29.997 INFO:teuthology.orchestra.run.smithi087.stdout:/usr/bin/ceph: stderr
2024-04-25T04:40:29.248+0000 7fc00ffff700 1 --2- >> [v2:172.21.15.87:3300/0,v1:172.21.15.87:6789/0] conn(0x7fc010078d20 0x7fc0101138b0 unknown :-1 s=HELLO_CONNECTING pgs=0 cs=0 l=1 rev1=1 crypto rx=0 tx=0 comp rx=0 tx=0).handle_hello peer v2:172.21.15.87:3300/0 says I am v2:172.21.15.87:60416/0 (socket says 172.21.15.87:60416)
2024-04-25T04:40:29.997 INFO:teuthology.orchestra.run.smithi087.stdout:/usr/bin/ceph: stderr
2024-04-25T04:40:29.248+0000 7fc00ffff700 1 -- 172.21.15.87:0/2679338448 learned_addr learned my addr 172.21.15.87:0/2679338448 (peer_addr_for_me v2:172.21.15.87:0/0)
2024-04-25T04:40:29.997 INFO:teuthology.orchestra.run.smithi087.stdout:/usr/bin/ceph: stderr
2024-04-25T04:40:29.248+0000 7fc00ffff700 1 -- 172.21.15.87:0/2679338448 --> [v2:172.21.15.87:3300/0,v1:172.21.15.87:6789/0] -- mon_subscribe({config=0+,monmap=0+}) v3 -- 0x7fc0000094f0 con 0x7fc010078d20
2024-04-25T04:40:29.997 INFO:teuthology.orchestra.run.smithi087.stdout:/usr/bin/ceph: stderr
2024-04-25T04:40:29.249+0000 7fc00ffff700 1 --2- 172.21.15.87:0/2679338448 >> [v2:172.21.15.87:3300/0,v1:172.21.15.87:6789/0] conn(0x7fc010078d20 0x7fc0101138b0 secure :-1 s=READY pgs=40 cs=0 l=1 rev1=1 crypto rx=0x7fc000011bd0 tx=0x7fc000009250 comp rx=0 tx=0).ready entity=mon.0 client_cookie=0 server_cookie=0 in_seq=0 out_seq=0
2024-04-25T04:40:29.997 INFO:teuthology.orchestra.run.smithi087.stdout:/usr/bin/ceph: stderr
2024-04-25T04:40:29.249+0000 7fc00cff9700 1 -- 172.21.15.87:0/2679338448 <== mon.0 v2:172.21.15.87:3300/0 1 ==== mon_map magic: 0 v1 ==== 229+0+0 (secure 0 0 0) 0x7fc0000107c0 con 0x7fc010078d20
2024-04-25T04:40:29.997 INFO:teuthology.orchestra.run.smithi087.stdout:/usr/bin/ceph: stderr
2024-04-25T04:40:29.249+0000 7fc00cff9700 1 -- 172.21.15.87:0/2679338448 <== mon.0 v2:172.21.15.87:3300/0 2 ==== config(27 keys) v1 ==== 1044+0+0 (secure 0 0 0) 0x7fc000010db0 con 0x7fc010078d20
2024-04-25T04:40:29.997 INFO:teuthology.orchestra.run.smithi087.stdout:/usr/bin/ceph: stderr
2024-04-25T04:40:29.249+0000 7fc01648a700 1 -- 172.21.15.87:0/2679338448 --> [v2:172.21.15.87:3300/0,v1:172.21.15.87:6789/0] -- mon_subscribe({mgrmap=0+}) v3 -- 0x7fc010113ff0 con 0x7fc010078d20
2024-04-25T04:40:29.997 INFO:teuthology.orchestra.run.smithi087.stdout:/usr/bin/ceph: stderr
2024-04-25T04:40:29.249+0000 7fc00cff9700 1 -- 172.21.15.87:0/2679338448 <== mon.0 v2:172.21.15.87:3300/0 3 ==== mon_map magic: 0 v1 ==== 229+0+0 (secure 0 0 0) 0x7fc00001ad00 con 0x7fc010078d20
2024-04-25T04:40:29.997 INFO:teuthology.orchestra.run.smithi087.stdout:/usr/bin/ceph: stderr
2024-04-25T04:40:29.249+0000 7fc01648a700 1 -- 172.21.15.87:0/2679338448 --> [v2:172.21.15.87:3300/0,v1:172.21.15.87:6789/0] -- mon_subscribe({osdmap=0}) v3 -- 0x7fc010114b60 con 0x7fc010078d20
2024-04-25T04:40:29.997 INFO:teuthology.orchestra.run.smithi087.stdout:/usr/bin/ceph: stderr
2024-04-25T04:40:29.250+0000 7fc00cff9700 1 -- 172.21.15.87:0/2679338448 <== mon.0 v2:172.21.15.87:3300/0 4 ==== mgrmap(e 8) v1 ==== 43376+0+0 (secure 0 0 0) 0x7fc0000193c0 con 0x7fc010078d20
2024-04-25T04:40:29.998 INFO:teuthology.orchestra.run.smithi087.stdout:/usr/bin/ceph: stderr
2024-04-25T04:40:29.250+0000 7fc01648a700 1 -- 172.21.15.87:0/2679338448 --> [v2:172.21.15.87:3300/0,v1:172.21.15.87:6789/0] -- mon_command({"prefix": "get_command_descriptions"} v 0) v1 -- 0x7fc01005f5c0 con 0x7fc010078d20
2024-04-25T04:40:29.998 INFO:teuthology.orchestra.run.smithi087.stdout:/usr/bin/ceph: stderr
2024-04-25T04:40:29.250+0000 7fc00cff9700 1 --2- 172.21.15.87:0/2679338448 >> [v2:172.21.15.87:6800/3749386288,v1:172.21.15.87:6801/3749386288] conn(0x7fbff80368a0 0x7fbff8038d50 unknown :-1 s=NONE pgs=0 cs=0 l=1 rev1=0 crypto rx=0 tx=0 comp rx=0 tx=0).connect
2024-04-25T04:40:29.998 INFO:teuthology.orchestra.run.smithi087.stdout:/usr/bin/ceph: stderr
2024-04-25T04:40:29.250+0000 7fc00cff9700 1 -- 172.21.15.87:0/2679338448 <== mon.0 v2:172.21.15.87:3300/0 5 ==== osd_map(2..2 src has 1..2) v4 ==== 936+0+0 (secure 0 0 0) 0x7fc00004a0e0 con 0x7fc010078d20
2024-04-25T04:40:29.998 INFO:teuthology.orchestra.run.smithi087.stdout:/usr/bin/ceph: stderr
2024-04-25T04:40:29.250+0000 7fc00f7fe700 1 --2- 172.21.15.87:0/2679338448 >> [v2:172.21.15.87:6800/3749386288,v1:172.21.15.87:6801/3749386288] conn(0x7fbff80368a0 0x7fbff8038d50 unknown :-1 s=BANNER_CONNECTING pgs=0 cs=0 l=1 rev1=0 crypto rx=0 tx=0 comp rx=0 tx=0)._handle_peer_banner_payload supported=3 required=0
2024-04-25T04:40:29.998 INFO:teuthology.orchestra.run.smithi087.stdout:/usr/bin/ceph: stderr
2024-04-25T04:40:29.250+0000 7fc00f7fe700 1 --2- 172.21.15.87:0/2679338448 >> [v2:172.21.15.87:6800/3749386288,v1:172.21.15.87:6801/3749386288] conn(0x7fbff80368a0 0x7fbff8038d50 secure :-1 s=READY pgs=8 cs=0 l=1 rev1=1 crypto rx=0x7fc004009990 tx=0x7fc004006e40 comp rx=0 tx=0).ready entity=mgr.14120 client_cookie=0 server_cookie=0 in_seq=0 out_seq=0
2024-04-25T04:40:29.998 INFO:teuthology.orchestra.run.smithi087.stdout:/usr/bin/ceph: stderr
2024-04-25T04:40:29.254+0000 7fc00cff9700 1 -- 172.21.15.87:0/2679338448 <== mon.0 v2:172.21.15.87:3300/0 6 ==== mon_command_ack([{"prefix": "get_command_descriptions"}]=0 v0) v1 ==== 72+0+176702 (secure 0 0 0) 0x7fc000024b50 con 0x7fc010078d20
2024-04-25T04:40:29.998 INFO:teuthology.orchestra.run.smithi087.stdout:/usr/bin/ceph: stderr
2024-04-25T04:40:29.442+0000 7fc01648a700 1 -- 172.21.15.87:0/2679338448 --> [v2:172.21.15.87:6800/3749386288,v1:172.21.15.87:6801/3749386288] -- mgr_command(tid 0: {"prefix": "cephadm set-user", "user": "root", "target": ["mon-mgr", ""]}) v1 -- 0x7fc0100ff230 con 0x7fbff80368a0
2024-04-25T04:40:29.998 INFO:teuthology.orchestra.run.smithi087.stdout:/usr/bin/ceph: stderr
2024-04-25T04:40:29.443+0000 7fc00cff9700 1 -- 172.21.15.87:0/2679338448 <== mgr.14120 v2:172.21.15.87:6800/3749386288 1 ==== mgr_command_reply(tid 0: 0 ) v1 ==== 8+0+16 (secure 0 0 0) 0x7fc0100ff230 con 0x7fbff80368a0
2024-04-25T04:40:29.998 INFO:teuthology.orchestra.run.smithi087.stdout:/usr/bin/ceph: stderr
2024-04-25T04:40:29.445+0000 7fc01648a700 1 -- 172.21.15.87:0/2679338448 >> [v2:172.21.15.87:6800/3749386288,v1:172.21.15.87:6801/3749386288] conn(0x7fbff80368a0 msgr2=0x7fbff8038d50 secure :-1 s=STATE_CONNECTION_ESTABLISHED l=1).mark_down
2024-04-25T04:40:29.998 INFO:teuthology.orchestra.run.smithi087.stdout:/usr/bin/ceph: stderr
2024-04-25T04:40:29.445+0000 7fc01648a700 1 --2- 172.21.15.87:0/2679338448 >> [v2:172.21.15.87:6800/3749386288,v1:172.21.15.87:6801/3749386288] conn(0x7fbff80368a0 0x7fbff8038d50 secure :-1 s=READY pgs=8 cs=0 l=1 rev1=1 crypto rx=0x7fc004009990 tx=0x7fc004006e40 comp rx=0 tx=0).stop
2024-04-25T04:40:29.998 INFO:teuthology.orchestra.run.smithi087.stdout:/usr/bin/ceph: stderr
2024-04-25T04:40:29.445+0000 7fc01648a700 1 -- 172.21.15.87:0/2679338448 >> [v2:172.21.15.87:3300/0,v1:172.21.15.87:6789/0] conn(0x7fc010078d20 msgr2=0x7fc0101138b0 secure :-1 s=STATE_CONNECTION_ESTABLISHED l=1).mark_down
2024-04-25T04:40:29.998 INFO:teuthology.orchestra.run.smithi087.stdout:/usr/bin/ceph: stderr
2024-04-25T04:40:29.445+0000 7fc01648a700 1 --2- 172.21.15.87:0/2679338448 >> [v2:172.21.15.87:3300/0,v1:172.21.15.87:6789/0] conn(0x7fc010078d20 0x7fc0101138b0 secure :-1 s=READY pgs=40 cs=0 l=1 rev1=1 crypto rx=0x7fc000011bd0 tx=0x7fc000009250 comp rx=0 tx=0).stop
2024-04-25T04:40:29.998 INFO:teuthology.orchestra.run.smithi087.stdout:/usr/bin/ceph: stderr
2024-04-25T04:40:29.445+0000 7fc01648a700 1 -- 172.21.15.87:0/2679338448 shutdown_connections
2024-04-25T04:40:29.998 INFO:teuthology.orchestra.run.smithi087.stdout:/usr/bin/ceph: stderr
2024-04-25T04:40:29.445+0000 7fc01648a700 1 --2- 172.21.15.87:0/2679338448 >> [v2:172.21.15.87:6800/3749386288,v1:172.21.15.87:6801/3749386288] conn(0x7fbff80368a0 0x7fbff8038d50 unknown :-1 s=CLOSED pgs=8 cs=0 l=1 rev1=1 crypto rx=0 tx=0 comp rx=0 tx=0).stop
2024-04-25T04:40:29.998 INFO:teuthology.orchestra.run.smithi087.stdout:/usr/bin/ceph: stderr
2024-04-25T04:40:29.445+0000 7fc01648a700 1 --2- 172.21.15.87:0/2679338448 >> [v2:172.21.15.87:3300/0,v1:172.21.15.87:6789/0] conn(0x7fc010078d20 0x7fc0101138b0 unknown :-1 s=CLOSED pgs=40 cs=0 l=1 rev1=1 crypto rx=0 tx=0 comp rx=0 tx=0).stop
2024-04-25T04:40:29.999 INFO:teuthology.orchestra.run.smithi087.stdout:/usr/bin/ceph: stderr
2024-04-25T04:40:29.445+0000 7fc01648a700 1 -- 172.21.15.87:0/2679338448 >> 172.21.15.87:0/2679338448 conn(0x7fc0100fdfd0 msgr2=0x7fc0100feb20 unknown :-1 s=STATE_NONE l=0).mark_down
2024-04-25T04:40:29.999 INFO:teuthology.orchestra.run.smithi087.stdout:/usr/bin/ceph: stderr
2024-04-25T04:40:29.445+0000 7fc01648a700 1 -- 172.21.15.87:0/2679338448 shutdown_connections
2024-04-25T04:40:29.999 INFO:teuthology.orchestra.run.smithi087.stdout:/usr/bin/ceph: stderr
2024-04-25T04:40:29.445+0000 7fc01648a700 1 -- 172.21.15.87:0/2679338448 wait complete.
2024-04-25T04:40:29.999 INFO:teuthology.orchestra.run.smithi087.stdout:Generating ssh key...
2024-04-25T04:40:30.651 INFO:journalctl@ceph.mon.smithi087.smithi087.stdout:Apr 25 04:40:30 smithi087 ceph-mon[26327]: from='client.14134 -' entity='client.admin' cmd=[{"prefix": "cephadm set-user", "user": "root", "target": ["mon-mgr", ""]}]: dispatch
2024-04-25T04:40:31.345 INFO:teuthology.orchestra.run.smithi087.stdout:/usr/bin/ceph: stderr
2024-04-25T04:40:30.455+0000 7f91ba26f700 1 Processor -- start
2024-04-25T04:40:31.345 INFO:teuthology.orchestra.run.smithi087.stdout:/usr/bin/ceph: stderr
2024-04-25T04:40:30.455+0000 7f91ba26f700 1 -- start start
2024-04-25T04:40:31.345 INFO:teuthology.orchestra.run.smithi087.stdout:/usr/bin/ceph: stderr
2024-04-25T04:40:30.455+0000 7f91ba26f700 1 --2- >> [v2:172.21.15.87:3300/0,v1:172.21.15.87:6789/0] conn(0x7f91b4078ca0 0x7f91b4077250 unknown :-1 s=NONE pgs=0 cs=0 l=0 rev1=0 crypto rx=0 tx=0 comp rx=0 tx=0).connect
2024-04-25T04:40:31.345 INFO:teuthology.orchestra.run.smithi087.stdout:/usr/bin/ceph: stderr
2024-04-25T04:40:30.455+0000 7f91ba26f700 1 -- --> [v2:172.21.15.87:3300/0,v1:172.21.15.87:6789/0] -- mon_getmap magic: 0 v1 -- 0x7f91b40790b0 con 0x7f91b4078ca0
2024-04-25T04:40:31.345 INFO:teuthology.orchestra.run.smithi087.stdout:/usr/bin/ceph: stderr
2024-04-25T04:40:30.455+0000 7f91b3fff700 1 --2- >> [v2:172.21.15.87:3300/0,v1:172.21.15.87:6789/0] conn(0x7f91b4078ca0 0x7f91b4077250 unknown :-1 s=BANNER_CONNECTING pgs=0 cs=0 l=0 rev1=0 crypto rx=0 tx=0 comp rx=0 tx=0)._handle_peer_banner_payload supported=3 required=0
2024-04-25T04:40:31.345 INFO:teuthology.orchestra.run.smithi087.stdout:/usr/bin/ceph: stderr
2024-04-25T04:40:30.455+0000 7f91b3fff700 1 --2- >> [v2:172.21.15.87:3300/0,v1:172.21.15.87:6789/0] conn(0x7f91b4078ca0 0x7f91b4077250 unknown :-1 s=HELLO_CONNECTING pgs=0 cs=0 l=0 rev1=1 crypto rx=0 tx=0 comp rx=0 tx=0).handle_hello peer v2:172.21.15.87:3300/0 says I am v2:172.21.15.87:60430/0 (socket says 172.21.15.87:60430)
2024-04-25T04:40:31.345 INFO:teuthology.orchestra.run.smithi087.stdout:/usr/bin/ceph: stderr
2024-04-25T04:40:30.455+0000 7f91b3fff700 1 -- 172.21.15.87:0/637114636 learned_addr learned my addr 172.21.15.87:0/637114636 (peer_addr_for_me v2:172.21.15.87:0/0)
2024-04-25T04:40:31.345 INFO:teuthology.orchestra.run.smithi087.stdout:/usr/bin/ceph: stderr
2024-04-25T04:40:30.455+0000 7f91b3fff700 1 -- 172.21.15.87:0/637114636 --> [v2:172.21.15.87:3300/0,v1:172.21.15.87:6789/0] -- mon_subscribe({config=0+,monmap=0+}) v3 -- 0x7f91b4077790 con 0x7f91b4078ca0
2024-04-25T04:40:31.346 INFO:teuthology.orchestra.run.smithi087.stdout:/usr/bin/ceph: stderr
2024-04-25T04:40:30.456+0000 7f91b3fff700 1 --2- 172.21.15.87:0/637114636 >> [v2:172.21.15.87:3300/0,v1:172.21.15.87:6789/0] conn(0x7f91b4078ca0 0x7f91b4077250 secure :-1 s=READY pgs=41 cs=0 l=1 rev1=1 crypto rx=0x7f91a40098e0 tx=0x7f91a4009250 comp rx=0 tx=0).ready entity=mon.0 client_cookie=2316010466e1fe71 server_cookie=0 in_seq=0 out_seq=0
2024-04-25T04:40:31.346 INFO:teuthology.orchestra.run.smithi087.stdout:/usr/bin/ceph: stderr
2024-04-25T04:40:30.456+0000 7f91b2ffd700 1 -- 172.21.15.87:0/637114636 <== mon.0 v2:172.21.15.87:3300/0 1 ==== mon_map magic: 0 v1 ==== 229+0+0 (secure 0 0 0) 0x7f91a400b860 con 0x7f91b4078ca0
2024-04-25T04:40:31.346 INFO:teuthology.orchestra.run.smithi087.stdout:/usr/bin/ceph: stderr
2024-04-25T04:40:30.456+0000 7f91b2ffd700 1 -- 172.21.15.87:0/637114636 <== mon.0 v2:172.21.15.87:3300/0 2 ==== config(27 keys) v1 ==== 1044+0+0 (secure 0 0 0) 0x7f91a400be50 con 0x7f91b4078ca0
2024-04-25T04:40:31.346 INFO:teuthology.orchestra.run.smithi087.stdout:/usr/bin/ceph: stderr
2024-04-25T04:40:30.456+0000 7f91b2ffd700 1 -- 172.21.15.87:0/637114636 <== mon.0 v2:172.21.15.87:3300/0 3 ==== mon_map magic: 0 v1 ==== 229+0+0 (secure 0 0 0) 0x7f91a4010380 con 0x7f91b4078ca0
2024-04-25T04:40:31.346 INFO:teuthology.orchestra.run.smithi087.stdout:/usr/bin/ceph: stderr
2024-04-25T04:40:30.456+0000 7f91ba26f700 1 -- 172.21.15.87:0/637114636 >> [v2:172.21.15.87:3300/0,v1:172.21.15.87:6789/0] conn(0x7f91b4078ca0 msgr2=0x7f91b4077250 secure :-1 s=STATE_CONNECTION_ESTABLISHED l=1).mark_down
2024-04-25T04:40:31.346 INFO:teuthology.orchestra.run.smithi087.stdout:/usr/bin/ceph: stderr
2024-04-25T04:40:30.456+0000 7f91ba26f700 1 --2- 172.21.15.87:0/637114636 >> [v2:172.21.15.87:3300/0,v1:172.21.15.87:6789/0] conn(0x7f91b4078ca0 0x7f91b4077250 secure :-1 s=READY pgs=41 cs=0 l=1 rev1=1 crypto rx=0x7f91a40098e0 tx=0x7f91a4009250 comp rx=0 tx=0).stop
2024-04-25T04:40:31.346 INFO:teuthology.orchestra.run.smithi087.stdout:/usr/bin/ceph: stderr
2024-04-25T04:40:30.456+0000 7f91ba26f700 1 -- 172.21.15.87:0/637114636 shutdown_connections
2024-04-25T04:40:31.346 INFO:teuthology.orchestra.run.smithi087.stdout:/usr/bin/ceph: stderr
2024-04-25T04:40:30.456+0000 7f91ba26f700 1 --2- 172.21.15.87:0/637114636 >> [v2:172.21.15.87:3300/0,v1:172.21.15.87:6789/0] conn(0x7f91b4078ca0 0x7f91b4077250 unknown :-1 s=CLOSED pgs=41 cs=0 l=1 rev1=1 crypto rx=0 tx=0 comp rx=0 tx=0).stop
2024-04-25T04:40:31.346 INFO:teuthology.orchestra.run.smithi087.stdout:/usr/bin/ceph: stderr
2024-04-25T04:40:30.456+0000 7f91ba26f700 1 -- 172.21.15.87:0/637114636 >> 172.21.15.87:0/637114636 conn(0x7f91b40fe060 msgr2=0x7f91b4100470 unknown :-1 s=STATE_NONE l=0).mark_down
2024-04-25T04:40:31.346 INFO:teuthology.orchestra.run.smithi087.stdout:/usr/bin/ceph: stderr
2024-04-25T04:40:30.456+0000 7f91ba26f700 1 -- 172.21.15.87:0/637114636 shutdown_connections
2024-04-25T04:40:31.346 INFO:teuthology.orchestra.run.smithi087.stdout:/usr/bin/ceph: stderr
2024-04-25T04:40:30.456+0000 7f91ba26f700 1 -- 172.21.15.87:0/637114636 wait complete.
2024-04-25T04:40:31.346 INFO:teuthology.orchestra.run.smithi087.stdout:/usr/bin/ceph: stderr
2024-04-25T04:40:30.457+0000 7f91ba26f700 1 Processor -- start
2024-04-25T04:40:31.346 INFO:teuthology.orchestra.run.smithi087.stdout:/usr/bin/ceph: stderr
2024-04-25T04:40:30.457+0000 7f91ba26f700 1 -- start start
2024-04-25T04:40:31.347 INFO:teuthology.orchestra.run.smithi087.stdout:/usr/bin/ceph: stderr
2024-04-25T04:40:30.457+0000 7f91ba26f700 1 --2- >> [v2:172.21.15.87:3300/0,v1:172.21.15.87:6789/0] conn(0x7f91b4078ca0 0x7f91b4113860 unknown :-1 s=NONE pgs=0 cs=0 l=1 rev1=0 crypto rx=0 tx=0 comp rx=0 tx=0).connect
2024-04-25T04:40:31.347 INFO:teuthology.orchestra.run.smithi087.stdout:/usr/bin/ceph: stderr
2024-04-25T04:40:30.457+0000 7f91ba26f700 1 -- --> [v2:172.21.15.87:3300/0,v1:172.21.15.87:6789/0] -- mon_getmap magic: 0 v1 -- 0x7f91b4113da0 con 0x7f91b4078ca0
2024-04-25T04:40:31.347 INFO:teuthology.orchestra.run.smithi087.stdout:/usr/bin/ceph: stderr
2024-04-25T04:40:30.457+0000 7f91b3fff700 1 --2- >> [v2:172.21.15.87:3300/0,v1:172.21.15.87:6789/0] conn(0x7f91b4078ca0 0x7f91b4113860 unknown :-1 s=BANNER_CONNECTING pgs=0 cs=0 l=1 rev1=0 crypto rx=0 tx=0 comp rx=0 tx=0)._handle_peer_banner_payload supported=3 required=0
2024-04-25T04:40:31.347 INFO:teuthology.orchestra.run.smithi087.stdout:/usr/bin/ceph: stderr
2024-04-25T04:40:30.457+0000 7f91b3fff700 1 --2- >> [v2:172.21.15.87:3300/0,v1:172.21.15.87:6789/0] conn(0x7f91b4078ca0 0x7f91b4113860 unknown :-1 s=HELLO_CONNECTING pgs=0 cs=0 l=1 rev1=1 crypto rx=0 tx=0 comp rx=0 tx=0).handle_hello peer v2:172.21.15.87:3300/0 says I am v2:172.21.15.87:60442/0 (socket says 172.21.15.87:60442)
2024-04-25T04:40:31.347 INFO:teuthology.orchestra.run.smithi087.stdout:/usr/bin/ceph: stderr
2024-04-25T04:40:30.457+0000 7f91b3fff700 1 -- 172.21.15.87:0/116707137 learned_addr learned my addr 172.21.15.87:0/116707137 (peer_addr_for_me v2:172.21.15.87:0/0)
2024-04-25T04:40:31.347 INFO:teuthology.orchestra.run.smithi087.stdout:/usr/bin/ceph: stderr
2024-04-25T04:40:30.458+0000 7f91b3fff700 1 -- 172.21.15.87:0/116707137 --> [v2:172.21.15.87:3300/0,v1:172.21.15.87:6789/0] -- mon_subscribe({config=0+,monmap=0+}) v3 -- 0x7f91a40094f0 con 0x7f91b4078ca0
2024-04-25T04:40:31.347 INFO:teuthology.orchestra.run.smithi087.stdout:/usr/bin/ceph: stderr
2024-04-25T04:40:30.458+0000 7f91b3fff700 1 --2- 172.21.15.87:0/116707137 >> [v2:172.21.15.87:3300/0,v1:172.21.15.87:6789/0] conn(0x7f91b4078ca0 0x7f91b4113860 secure :-1 s=READY pgs=42 cs=0 l=1 rev1=1 crypto rx=0x7f91a400b440 tx=0x7f91a4009250 comp rx=0 tx=0).ready entity=mon.0 client_cookie=0 server_cookie=0 in_seq=0 out_seq=0
2024-04-25T04:40:31.347 INFO:teuthology.orchestra.run.smithi087.stdout:/usr/bin/ceph: stderr
2024-04-25T04:40:30.458+0000 7f91b0ff9700 1 -- 172.21.15.87:0/116707137 <== mon.0 v2:172.21.15.87:3300/0 1 ==== mon_map magic: 0 v1 ==== 229+0+0 (secure 0 0 0) 0x7f91a4010760 con 0x7f91b4078ca0
2024-04-25T04:40:31.347 INFO:teuthology.orchestra.run.smithi087.stdout:/usr/bin/ceph: stderr
2024-04-25T04:40:30.458+0000 7f91ba26f700 1 -- 172.21.15.87:0/116707137 --> [v2:172.21.15.87:3300/0,v1:172.21.15.87:6789/0] -- mon_subscribe({mgrmap=0+}) v3 -- 0x7f91b4113fa0 con 0x7f91b4078ca0
2024-04-25T04:40:31.347 INFO:teuthology.orchestra.run.smithi087.stdout:/usr/bin/ceph: stderr
2024-04-25T04:40:30.458+0000 7f91b0ff9700 1 -- 172.21.15.87:0/116707137 <== mon.0 v2:172.21.15.87:3300/0 2 ==== config(27 keys) v1 ==== 1044+0+0 (secure 0 0 0) 0x7f91a4010d50 con 0x7f91b4078ca0
2024-04-25T04:40:31.347 INFO:teuthology.orchestra.run.smithi087.stdout:/usr/bin/ceph: stderr
2024-04-25T04:40:30.458+0000 7f91b0ff9700 1 -- 172.21.15.87:0/116707137 <== mon.0 v2:172.21.15.87:3300/0 3 ==== mon_map magic: 0 v1 ==== 229+0+0 (secure 0 0 0) 0x7f91a401adc0 con 0x7f91b4078ca0
2024-04-25T04:40:31.347 INFO:teuthology.orchestra.run.smithi087.stdout:/usr/bin/ceph: stderr
2024-04-25T04:40:30.458+0000 7f91ba26f700 1 -- 172.21.15.87:0/116707137 --> [v2:172.21.15.87:3300/0,v1:172.21.15.87:6789/0] -- mon_subscribe({osdmap=0}) v3 -- 0x7f91b4114b10 con 0x7f91b4078ca0
2024-04-25T04:40:31.347 INFO:teuthology.orchestra.run.smithi087.stdout:/usr/bin/ceph: stderr
2024-04-25T04:40:30.459+0000 7f91b0ff9700 1 -- 172.21.15.87:0/116707137 <== mon.0 v2:172.21.15.87:3300/0 4 ==== mgrmap(e 8) v1 ==== 43376+0+0 (secure 0 0 0) 0x7f91a4019410 con 0x7f91b4078ca0
2024-04-25T04:40:31.347 INFO:teuthology.orchestra.run.smithi087.stdout:/usr/bin/ceph: stderr
2024-04-25T04:40:30.459+0000 7f91ba26f700 1 -- 172.21.15.87:0/116707137 --> [v2:172.21.15.87:3300/0,v1:172.21.15.87:6789/0] -- mon_command({"prefix": "get_command_descriptions"} v 0) v1 -- 0x7f91b405f5c0 con 0x7f91b4078ca0
2024-04-25T04:40:31.348 INFO:teuthology.orchestra.run.smithi087.stdout:/usr/bin/ceph: stderr
2024-04-25T04:40:30.459+0000 7f91b0ff9700 1 --2- 172.21.15.87:0/116707137 >> [v2:172.21.15.87:6800/3749386288,v1:172.21.15.87:6801/3749386288] conn(0x7f919c036830 0x7f919c038ce0 unknown :-1 s=NONE pgs=0 cs=0 l=1 rev1=0 crypto rx=0 tx=0 comp rx=0 tx=0).connect
2024-04-25T04:40:31.348 INFO:teuthology.orchestra.run.smithi087.stdout:/usr/bin/ceph: stderr
2024-04-25T04:40:30.459+0000 7f91b0ff9700 1 -- 172.21.15.87:0/116707137 <== mon.0 v2:172.21.15.87:3300/0 5 ==== osd_map(2..2 src has 1..2) v4 ==== 936+0+0 (secure 0 0 0) 0x7f91a404a180 con 0x7f91b4078ca0
2024-04-25T04:40:31.348 INFO:teuthology.orchestra.run.smithi087.stdout:/usr/bin/ceph: stderr
2024-04-25T04:40:30.459+0000 7f91b37fe700 1 --2- 172.21.15.87:0/116707137 >> [v2:172.21.15.87:6800/3749386288,v1:172.21.15.87:6801/3749386288] conn(0x7f919c036830 0x7f919c038ce0 unknown :-1 s=BANNER_CONNECTING pgs=0 cs=0 l=1 rev1=0 crypto rx=0 tx=0 comp rx=0 tx=0)._handle_peer_banner_payload supported=3 required=0
2024-04-25T04:40:31.348 INFO:teuthology.orchestra.run.smithi087.stdout:/usr/bin/ceph: stderr
2024-04-25T04:40:30.459+0000 7f91b37fe700 1 --2- 172.21.15.87:0/116707137 >> [v2:172.21.15.87:6800/3749386288,v1:172.21.15.87:6801/3749386288] conn(0x7f919c036830 0x7f919c038ce0 secure :-1 s=READY pgs=9 cs=0 l=1 rev1=1 crypto rx=0x7f91a8009990 tx=0x7f91a8006e40 comp rx=0 tx=0).ready entity=mgr.14120 client_cookie=0 server_cookie=0 in_seq=0 out_seq=0
2024-04-25T04:40:31.348 INFO:teuthology.orchestra.run.smithi087.stdout:/usr/bin/ceph: stderr
2024-04-25T04:40:30.464+0000 7f91b0ff9700 1 -- 172.21.15.87:0/116707137 <== mon.0 v2:172.21.15.87:3300/0 6 ==== mon_command_ack([{"prefix": "get_command_descriptions"}]=0 v0) v1 ==== 72+0+176702 (secure 0 0 0) 0x7f91a402c350 con 0x7f91b4078ca0
2024-04-25T04:40:31.348 INFO:teuthology.orchestra.run.smithi087.stdout:/usr/bin/ceph: stderr
2024-04-25T04:40:30.648+0000 7f91ba26f700 1 -- 172.21.15.87:0/116707137 --> [v2:172.21.15.87:6800/3749386288,v1:172.21.15.87:6801/3749386288] -- mgr_command(tid 0: {"prefix": "cephadm generate-key", "target": ["mon-mgr", ""]}) v1 -- 0x7f91b40ff2f0 con 0x7f919c036830
2024-04-25T04:40:31.348 INFO:teuthology.orchestra.run.smithi087.stdout:/usr/bin/ceph: stderr
2024-04-25T04:40:30.774+0000 7f91b0ff9700 1 -- 172.21.15.87:0/116707137 <== mgr.14120 v2:172.21.15.87:6800/3749386288 1 ==== mgr_command_reply(tid 0: 0 ) v1 ==== 8+0+0 (secure 0 0 0) 0x7f91b40ff2f0 con 0x7f919c036830
2024-04-25T04:40:31.348 INFO:teuthology.orchestra.run.smithi087.stdout:/usr/bin/ceph: stderr
2024-04-25T04:40:30.776+0000 7f91ba26f700 1 -- 172.21.15.87:0/116707137 >> [v2:172.21.15.87:6800/3749386288,v1:172.21.15.87:6801/3749386288] conn(0x7f919c036830 msgr2=0x7f919c038ce0 secure :-1 s=STATE_CONNECTION_ESTABLISHED l=1).mark_down
2024-04-25T04:40:31.348 INFO:teuthology.orchestra.run.smithi087.stdout:/usr/bin/ceph: stderr
2024-04-25T04:40:30.776+0000 7f91ba26f700 1 --2- 172.21.15.87:0/116707137 >> [v2:172.21.15.87:6800/3749386288,v1:172.21.15.87:6801/3749386288] conn(0x7f919c036830 0x7f919c038ce0 secure :-1 s=READY pgs=9 cs=0 l=1 rev1=1 crypto rx=0x7f91a8009990 tx=0x7f91a8006e40 comp rx=0 tx=0).stop
2024-04-25T04:40:31.348 INFO:teuthology.orchestra.run.smithi087.stdout:/usr/bin/ceph: stderr
2024-04-25T04:40:30.776+0000 7f91ba26f700 1 -- 172.21.15.87:0/116707137 >> [v2:172.21.15.87:3300/0,v1:172.21.15.87:6789/0] conn(0x7f91b4078ca0 msgr2=0x7f91b4113860 secure :-1 s=STATE_CONNECTION_ESTABLISHED l=1).mark_down
2024-04-25T04:40:31.348 INFO:teuthology.orchestra.run.smithi087.stdout:/usr/bin/ceph: stderr
2024-04-25T04:40:30.776+0000 7f91ba26f700 1 --2- 172.21.15.87:0/116707137 >> [v2:172.21.15.87:3300/0,v1:172.21.15.87:6789/0] conn(0x7f91b4078ca0 0x7f91b4113860 secure :-1 s=READY pgs=42 cs=0 l=1 rev1=1 crypto rx=0x7f91a400b440 tx=0x7f91a4009250 comp rx=0 tx=0).stop
2024-04-25T04:40:31.348 INFO:teuthology.orchestra.run.smithi087.stdout:/usr/bin/ceph: stderr
2024-04-25T04:40:30.776+0000 7f91ba26f700 1 -- 172.21.15.87:0/116707137 shutdown_connections
2024-04-25T04:40:31.348 INFO:teuthology.orchestra.run.smithi087.stdout:/usr/bin/ceph: stderr
2024-04-25T04:40:30.776+0000 7f91ba26f700 1 --2- 172.21.15.87:0/116707137 >> [v2:172.21.15.87:6800/3749386288,v1:172.21.15.87:6801/3749386288] conn(0x7f919c036830 0x7f919c038ce0 unknown :-1 s=CLOSED pgs=9 cs=0 l=1 rev1=1 crypto rx=0 tx=0 comp rx=0 tx=0).stop
2024-04-25T04:40:31.349 INFO:teuthology.orchestra.run.smithi087.stdout:/usr/bin/ceph: stderr
2024-04-25T04:40:30.776+0000 7f91ba26f700 1 --2- 172.21.15.87:0/116707137 >> [v2:172.21.15.87:3300/0,v1:172.21.15.87:6789/0] conn(0x7f91b4078ca0 0x7f91b4113860 unknown :-1 s=CLOSED pgs=42 cs=0 l=1 rev1=1 crypto rx=0 tx=0 comp rx=0 tx=0).stop
2024-04-25T04:40:31.349 INFO:teuthology.orchestra.run.smithi087.stdout:/usr/bin/ceph: stderr
2024-04-25T04:40:30.776+0000 7f91ba26f700 1 -- 172.21.15.87:0/116707137 >> 172.21.15.87:0/116707137 conn(0x7f91b40fe060 msgr2=0x7f91b40febe0 unknown :-1 s=STATE_NONE l=0).mark_down
2024-04-25T04:40:31.349 INFO:teuthology.orchestra.run.smithi087.stdout:/usr/bin/ceph: stderr
2024-04-25T04:40:30.776+0000 7f91ba26f700 1 -- 172.21.15.87:0/116707137 shutdown_connections
2024-04-25T04:40:31.349 INFO:teuthology.orchestra.run.smithi087.stdout:/usr/bin/ceph: stderr
2024-04-25T04:40:30.776+0000 7f91ba26f700 1 -- 172.21.15.87:0/116707137 wait complete.
2024-04-25T04:40:32.216 INFO:journalctl@ceph.mon.smithi087.smithi087.stdout:Apr 25 04:40:31 smithi087 ceph-mon[26327]: from='client.14136 -' entity='client.admin' cmd=[{"prefix": "cephadm generate-key", "target": ["mon-mgr", ""]}]: dispatch
2024-04-25T04:40:32.217 INFO:journalctl@ceph.mon.smithi087.smithi087.stdout:Apr 25 04:40:31 smithi087 ceph-mon[26327]: Generating ssh key...
2024-04-25T04:40:32.217 INFO:journalctl@ceph.mon.smithi087.smithi087.stdout:Apr 25 04:40:31 smithi087 ceph-mon[26327]: from='mgr.14120 172.21.15.87:0/3664027296' entity='mgr.smithi087.phlyet'
2024-04-25T04:40:32.217 INFO:journalctl@ceph.mon.smithi087.smithi087.stdout:Apr 25 04:40:31 smithi087 ceph-mon[26327]: from='mgr.14120 172.21.15.87:0/3664027296' entity='mgr.smithi087.phlyet'
2024-04-25T04:40:32.543 INFO:teuthology.orchestra.run.smithi087.stdout:/usr/bin/ceph: stdout ssh-rsa AAAAB3NzaC1yc2EAAAADAQABAAABgQDFIP7WqrjxsQvpP7ImJLvMOJCZ5r8D6Fn7/ROav1QZTE9AQArT786+6ulvdBnu1vSeMKsnIezQqB1Z6e0zI9j0/Bv9VMdZnJKgx+32gSpPYBwx9WoUYVAigWQPhoOtGtGRVBeHfbRvxCiUP/IABCFF4FmgQFlfiejmVYa3fEo2+NGvp8rmdNxZg11AmsGzcaIVbJsfkmqmmCrTzYZE3iu4eErMuw95so26S8g6A8PNbbqojc5BK1pZIoTdeOsJyqkulDWHmzHzWNJJgS7dGgBUsZK0YANNwqC1G9PXDM6sbKVJDOmSrWIiL8FqZkjszxFpbPZsrZQXjZcRijw7GpruCnYzdczjS8vd2LupdP3mLw9O9hSvaaAfpOaD1O4UHkBEO1DM97AnaNEk+WpatLhUZy0g/HaVIas6Ck5/WI+VfQddNhc8Ui+gA+SbCzJMZU6CYtIEZLFtdFDq3ISOD2DtPax4SjkgU3NBCRuDMF/Aj1sY3YsLenlWXOdwu+kjXNc= ceph-b0aad046-02bd-11ef-bc93-c7b262605968
2024-04-25T04:40:32.543 INFO:teuthology.orchestra.run.smithi087.stdout:/usr/bin/ceph: stderr
2024-04-25T04:40:31.731+0000 7f7034e2f700 1 Processor -- start
2024-04-25T04:40:32.544 INFO:teuthology.orchestra.run.smithi087.stdout:/usr/bin/ceph: stderr
2024-04-25T04:40:31.731+0000 7f7034e2f700 1 -- start start
2024-04-25T04:40:32.544 INFO:teuthology.orchestra.run.smithi087.stdout:/usr/bin/ceph: stderr
2024-04-25T04:40:31.731+0000 7f7034e2f700 1 --2- >> [v2:172.21.15.87:3300/0,v1:172.21.15.87:6789/0] conn(0x7f7030076c10 0x7f7030105440 unknown :-1 s=NONE pgs=0 cs=0 l=0 rev1=0 crypto rx=0 tx=0 comp rx=0 tx=0).connect
2024-04-25T04:40:32.544 INFO:teuthology.orchestra.run.smithi087.stdout:/usr/bin/ceph: stderr
2024-04-25T04:40:31.731+0000 7f7034e2f700 1 -- --> [v2:172.21.15.87:3300/0,v1:172.21.15.87:6789/0] -- mon_getmap magic: 0 v1 -- 0x7f7030105980 con 0x7f7030076c10
2024-04-25T04:40:32.544 INFO:teuthology.orchestra.run.smithi087.stdout:/usr/bin/ceph: stderr
2024-04-25T04:40:31.731+0000 7f702e59c700 1 --2- >> [v2:172.21.15.87:3300/0,v1:172.21.15.87:6789/0] conn(0x7f7030076c10 0x7f7030105440 unknown :-1 s=BANNER_CONNECTING pgs=0 cs=0 l=0 rev1=0 crypto rx=0 tx=0 comp rx=0 tx=0)._handle_peer_banner_payload supported=3 required=0
2024-04-25T04:40:32.544 INFO:teuthology.orchestra.run.smithi087.stdout:/usr/bin/ceph: stderr
2024-04-25T04:40:31.732+0000 7f702e59c700 1 --2- >> [v2:172.21.15.87:3300/0,v1:172.21.15.87:6789/0] conn(0x7f7030076c10 0x7f7030105440 unknown :-1 s=HELLO_CONNECTING pgs=0 cs=0 l=0 rev1=1 crypto rx=0 tx=0 comp rx=0 tx=0).handle_hello peer v2:172.21.15.87:3300/0 says I am v2:172.21.15.87:35892/0 (socket says 172.21.15.87:35892)
2024-04-25T04:40:32.544 INFO:teuthology.orchestra.run.smithi087.stdout:/usr/bin/ceph: stderr
2024-04-25T04:40:31.732+0000 7f702e59c700 1 -- 172.21.15.87:0/2766261381 learned_addr learned my addr 172.21.15.87:0/2766261381 (peer_addr_for_me v2:172.21.15.87:0/0)
2024-04-25T04:40:32.544 INFO:teuthology.orchestra.run.smithi087.stdout:/usr/bin/ceph: stderr
2024-04-25T04:40:31.732+0000 7f702e59c700 1 -- 172.21.15.87:0/2766261381 --> [v2:172.21.15.87:3300/0,v1:172.21.15.87:6789/0] -- mon_subscribe({config=0+,monmap=0+}) v3 -- 0x7f7030105ac0 con 0x7f7030076c10
2024-04-25T04:40:32.544 INFO:teuthology.orchestra.run.smithi087.stdout:/usr/bin/ceph: stderr
2024-04-25T04:40:31.732+0000 7f702e59c700 1 --2- 172.21.15.87:0/2766261381 >> [v2:172.21.15.87:3300/0,v1:172.21.15.87:6789/0] conn(0x7f7030076c10 0x7f7030105440 secure :-1 s=READY pgs=43 cs=0 l=1 rev1=1 crypto rx=0x7f70200098e0 tx=0x7f7020009250 comp rx=0 tx=0).ready entity=mon.0 client_cookie=7348aae5027653b1 server_cookie=0 in_seq=0 out_seq=0
2024-04-25T04:40:32.544 INFO:teuthology.orchestra.run.smithi087.stdout:/usr/bin/ceph: stderr
2024-04-25T04:40:31.732+0000 7f702d59a700 1 -- 172.21.15.87:0/2766261381 <== mon.0 v2:172.21.15.87:3300/0 1 ==== mon_map magic: 0 v1 ==== 229+0+0 (secure 0 0 0) 0x7f702000b860 con 0x7f7030076c10
2024-04-25T04:40:32.544 INFO:teuthology.orchestra.run.smithi087.stdout:/usr/bin/ceph: stderr
2024-04-25T04:40:31.732+0000 7f702d59a700 1 -- 172.21.15.87:0/2766261381 <== mon.0 v2:172.21.15.87:3300/0 2 ==== config(27 keys) v1 ==== 1044+0+0 (secure 0 0 0) 0x7f702000be50 con 0x7f7030076c10
2024-04-25T04:40:32.544 INFO:teuthology.orchestra.run.smithi087.stdout:/usr/bin/ceph: stderr
2024-04-25T04:40:31.732+0000 7f702d59a700 1 -- 172.21.15.87:0/2766261381 <== mon.0 v2:172.21.15.87:3300/0 3 ==== mon_map magic: 0 v1 ==== 229+0+0 (secure 0 0 0) 0x7f7020010380 con 0x7f7030076c10
2024-04-25T04:40:32.544 INFO:teuthology.orchestra.run.smithi087.stdout:/usr/bin/ceph: stderr
2024-04-25T04:40:31.733+0000 7f7034e2f700 1 -- 172.21.15.87:0/2766261381 >> [v2:172.21.15.87:3300/0,v1:172.21.15.87:6789/0] conn(0x7f7030076c10 msgr2=0x7f7030105440 secure :-1 s=STATE_CONNECTION_ESTABLISHED l=1).mark_down
2024-04-25T04:40:32.544 INFO:teuthology.orchestra.run.smithi087.stdout:/usr/bin/ceph: stderr
2024-04-25T04:40:31.733+0000 7f7034e2f700 1 --2- 172.21.15.87:0/2766261381 >> [v2:172.21.15.87:3300/0,v1:172.21.15.87:6789/0] conn(0x7f7030076c10 0x7f7030105440 secure :-1 s=READY pgs=43 cs=0 l=1 rev1=1 crypto rx=0x7f70200098e0 tx=0x7f7020009250 comp rx=0 tx=0).stop
2024-04-25T04:40:32.545 INFO:teuthology.orchestra.run.smithi087.stdout:/usr/bin/ceph: stderr
2024-04-25T04:40:31.733+0000 7f7034e2f700 1 -- 172.21.15.87:0/2766261381 shutdown_connections
2024-04-25T04:40:32.545 INFO:teuthology.orchestra.run.smithi087.stdout:/usr/bin/ceph: stderr
2024-04-25T04:40:31.733+0000 7f7034e2f700 1 --2- 172.21.15.87:0/2766261381 >> [v2:172.21.15.87:3300/0,v1:172.21.15.87:6789/0] conn(0x7f7030076c10 0x7f7030105440 unknown :-1 s=CLOSED pgs=43 cs=0 l=1 rev1=1 crypto rx=0 tx=0 comp rx=0 tx=0).stop
2024-04-25T04:40:32.545 INFO:teuthology.orchestra.run.smithi087.stdout:/usr/bin/ceph: stderr
2024-04-25T04:40:31.733+0000 7f7034e2f700 1 -- 172.21.15.87:0/2766261381 >> 172.21.15.87:0/2766261381 conn(0x7f70300fcef0 msgr2=0x7f70300ff300 unknown :-1 s=STATE_NONE l=0).mark_down
2024-04-25T04:40:32.545 INFO:teuthology.orchestra.run.smithi087.stdout:/usr/bin/ceph: stderr
2024-04-25T04:40:31.733+0000 7f7034e2f700 1 -- 172.21.15.87:0/2766261381 shutdown_connections
2024-04-25T04:40:32.545 INFO:teuthology.orchestra.run.smithi087.stdout:/usr/bin/ceph: stderr
2024-04-25T04:40:31.733+0000 7f7034e2f700 1 -- 172.21.15.87:0/2766261381 wait complete.
2024-04-25T04:40:32.545 INFO:teuthology.orchestra.run.smithi087.stdout:/usr/bin/ceph: stderr
2024-04-25T04:40:31.733+0000 7f7034e2f700 1 Processor -- start
2024-04-25T04:40:32.545 INFO:teuthology.orchestra.run.smithi087.stdout:/usr/bin/ceph: stderr
2024-04-25T04:40:31.733+0000 7f7034e2f700 1 -- start start
2024-04-25T04:40:32.545 INFO:teuthology.orchestra.run.smithi087.stdout:/usr/bin/ceph: stderr
2024-04-25T04:40:31.733+0000 7f7034e2f700 1 --2- >> [v2:172.21.15.87:3300/0,v1:172.21.15.87:6789/0] conn(0x7f7030076c10 0x7f7030111590 unknown :-1 s=NONE pgs=0 cs=0 l=1 rev1=0 crypto rx=0 tx=0 comp rx=0 tx=0).connect
2024-04-25T04:40:32.545 INFO:teuthology.orchestra.run.smithi087.stdout:/usr/bin/ceph: stderr
2024-04-25T04:40:31.733+0000 7f7034e2f700 1 -- --> [v2:172.21.15.87:3300/0,v1:172.21.15.87:6789/0] -- mon_getmap magic: 0 v1 -- 0x7f7030111ad0 con 0x7f7030076c10
2024-04-25T04:40:32.545 INFO:teuthology.orchestra.run.smithi087.stdout:/usr/bin/ceph: stderr
2024-04-25T04:40:31.733+0000 7f702e59c700 1 --2- >> [v2:172.21.15.87:3300/0,v1:172.21.15.87:6789/0] conn(0x7f7030076c10 0x7f7030111590 unknown :-1 s=BANNER_CONNECTING pgs=0 cs=0 l=1 rev1=0 crypto rx=0 tx=0 comp rx=0 tx=0)._handle_peer_banner_payload supported=3 required=0
2024-04-25T04:40:32.545 INFO:teuthology.orchestra.run.smithi087.stdout:/usr/bin/ceph: stderr
2024-04-25T04:40:31.733+0000 7f702e59c700 1 --2- >> [v2:172.21.15.87:3300/0,v1:172.21.15.87:6789/0] conn(0x7f7030076c10 0x7f7030111590 unknown :-1 s=HELLO_CONNECTING pgs=0 cs=0 l=1 rev1=1 crypto rx=0 tx=0 comp rx=0 tx=0).handle_hello peer v2:172.21.15.87:3300/0 says I am v2:172.21.15.87:35894/0 (socket says 172.21.15.87:35894)
2024-04-25T04:40:32.545 INFO:teuthology.orchestra.run.smithi087.stdout:/usr/bin/ceph: stderr
2024-04-25T04:40:31.733+0000 7f702e59c700 1 -- 172.21.15.87:0/4131401056 learned_addr learned my addr 172.21.15.87:0/4131401056 (peer_addr_for_me v2:172.21.15.87:0/0)
2024-04-25T04:40:32.545 INFO:teuthology.orchestra.run.smithi087.stdout:/usr/bin/ceph: stderr
2024-04-25T04:40:31.734+0000 7f702e59c700 1 -- 172.21.15.87:0/4131401056 --> [v2:172.21.15.87:3300/0,v1:172.21.15.87:6789/0] -- mon_subscribe({config=0+,monmap=0+}) v3 -- 0x7f70200094f0 con 0x7f7030076c10
2024-04-25T04:40:32.545 INFO:teuthology.orchestra.run.smithi087.stdout:/usr/bin/ceph: stderr
2024-04-25T04:40:31.734+0000 7f702e59c700 1 --2- 172.21.15.87:0/4131401056 >> [v2:172.21.15.87:3300/0,v1:172.21.15.87:6789/0] conn(0x7f7030076c10 0x7f7030111590 secure :-1 s=READY pgs=44 cs=0 l=1 rev1=1 crypto rx=0x7f7020006b00 tx=0x7f7020009250 comp rx=0 tx=0).ready entity=mon.0 client_cookie=0 server_cookie=0 in_seq=0 out_seq=0
2024-04-25T04:40:32.545 INFO:teuthology.orchestra.run.smithi087.stdout:/usr/bin/ceph: stderr
2024-04-25T04:40:31.734+0000 7f701effd700 1 -- 172.21.15.87:0/4131401056 <== mon.0 v2:172.21.15.87:3300/0 1 ==== mon_map magic: 0 v1 ==== 229+0+0 (secure 0 0 0) 0x7f70200107c0 con 0x7f7030076c10
2024-04-25T04:40:32.545 INFO:teuthology.orchestra.run.smithi087.stdout:/usr/bin/ceph: stderr
2024-04-25T04:40:31.734+0000 7f701effd700 1 -- 172.21.15.87:0/4131401056 <== mon.0 v2:172.21.15.87:3300/0 2 ==== config(27 keys) v1 ==== 1044+0+0 (secure 0 0 0) 0x7f7020010db0 con 0x7f7030076c10
2024-04-25T04:40:32.546 INFO:teuthology.orchestra.run.smithi087.stdout:/usr/bin/ceph: stderr
2024-04-25T04:40:31.734+0000 7f7034e2f700 1 -- 172.21.15.87:0/4131401056 --> [v2:172.21.15.87:3300/0,v1:172.21.15.87:6789/0] -- mon_subscribe({mgrmap=0+}) v3 -- 0x7f7030111d30 con 0x7f7030076c10
2024-04-25T04:40:32.546 INFO:teuthology.orchestra.run.smithi087.stdout:/usr/bin/ceph: stderr
2024-04-25T04:40:31.734+0000 7f701effd700 1 -- 172.21.15.87:0/4131401056 <== mon.0 v2:172.21.15.87:3300/0 3 ==== mon_map magic: 0 v1 ==== 229+0+0 (secure 0 0 0) 0x7f702001acf0 con 0x7f7030076c10
2024-04-25T04:40:32.546 INFO:teuthology.orchestra.run.smithi087.stdout:/usr/bin/ceph: stderr
2024-04-25T04:40:31.734+0000 7f7034e2f700 1 -- 172.21.15.87:0/4131401056 --> [v2:172.21.15.87:3300/0,v1:172.21.15.87:6789/0] -- mon_subscribe({osdmap=0}) v3 -- 0x7f7030112840 con 0x7f7030076c10
2024-04-25T04:40:32.546 INFO:teuthology.orchestra.run.smithi087.stdout:/usr/bin/ceph: stderr
2024-04-25T04:40:31.735+0000 7f701effd700 1 -- 172.21.15.87:0/4131401056 <== mon.0 v2:172.21.15.87:3300/0 4 ==== mgrmap(e 8) v1 ==== 43376+0+0 (secure 0 0 0) 0x7f70200193c0 con 0x7f7030076c10
2024-04-25T04:40:32.546 INFO:teuthology.orchestra.run.smithi087.stdout:/usr/bin/ceph: stderr
2024-04-25T04:40:31.735+0000 7f7034e2f700 1 -- 172.21.15.87:0/4131401056 --> [v2:172.21.15.87:3300/0,v1:172.21.15.87:6789/0] -- mon_command({"prefix": "get_command_descriptions"} v 0) v1 -- 0x7f703005f5c0 con 0x7f7030076c10
2024-04-25T04:40:32.546 INFO:teuthology.orchestra.run.smithi087.stdout:/usr/bin/ceph: stderr
2024-04-25T04:40:31.735+0000 7f701effd700 1 --2- 172.21.15.87:0/4131401056 >> [v2:172.21.15.87:6800/3749386288,v1:172.21.15.87:6801/3749386288] conn(0x7f70180368a0 0x7f7018038d50 unknown :-1 s=NONE pgs=0 cs=0 l=1 rev1=0 crypto rx=0 tx=0 comp rx=0 tx=0).connect
2024-04-25T04:40:32.546 INFO:teuthology.orchestra.run.smithi087.stdout:/usr/bin/ceph: stderr
2024-04-25T04:40:31.735+0000 7f701effd700 1 -- 172.21.15.87:0/4131401056 <== mon.0 v2:172.21.15.87:3300/0 5 ==== osd_map(2..2 src has 1..2) v4 ==== 936+0+0 (secure 0 0 0) 0x7f702004a6b0 con 0x7f7030076c10
2024-04-25T04:40:32.546 INFO:teuthology.orchestra.run.smithi087.stdout:/usr/bin/ceph: stderr
2024-04-25T04:40:31.735+0000 7f702dd9b700 1 --2- 172.21.15.87:0/4131401056 >> [v2:172.21.15.87:6800/3749386288,v1:172.21.15.87:6801/3749386288] conn(0x7f70180368a0 0x7f7018038d50 unknown :-1 s=BANNER_CONNECTING pgs=0 cs=0 l=1 rev1=0 crypto rx=0 tx=0 comp rx=0 tx=0)._handle_peer_banner_payload supported=3 required=0
2024-04-25T04:40:32.546 INFO:teuthology.orchestra.run.smithi087.stdout:/usr/bin/ceph: stderr
2024-04-25T04:40:31.735+0000 7f702dd9b700 1 --2- 172.21.15.87:0/4131401056 >> [v2:172.21.15.87:6800/3749386288,v1:172.21.15.87:6801/3749386288] conn(0x7f70180368a0 0x7f7018038d50 secure :-1 s=READY pgs=10 cs=0 l=1 rev1=1 crypto rx=0x7f7024009990 tx=0x7f7024006e40 comp rx=0 tx=0).ready entity=mgr.14120 client_cookie=0 server_cookie=0 in_seq=0 out_seq=0
2024-04-25T04:40:32.546 INFO:teuthology.orchestra.run.smithi087.stdout:/usr/bin/ceph: stderr
2024-04-25T04:40:31.740+0000 7f701effd700 1 -- 172.21.15.87:0/4131401056 <== mon.0 v2:172.21.15.87:3300/0 6 ==== mon_command_ack([{"prefix": "get_command_descriptions"}]=0 v0) v1 ==== 72+0+176702 (secure 0 0 0) 0x7f7020022930 con 0x7f7030076c10
2024-04-25T04:40:32.546 INFO:teuthology.orchestra.run.smithi087.stdout:/usr/bin/ceph: stderr
