2024-04-25T04:40:20.482+0000 7f24b32b8700 1 Processor -- start
2024-04-25T04:40:21.517 INFO:teuthology.orchestra.run.smithi087.stdout:/usr/bin/ceph: stderr
2024-04-25T04:40:20.482+0000 7f24b32b8700 1 -- start start
2024-04-25T04:40:21.517 INFO:teuthology.orchestra.run.smithi087.stdout:/usr/bin/ceph: stderr
2024-04-25T04:40:20.483+0000 7f24b32b8700 1 --2- >> [v2:172.21.15.87:3300/0,v1:172.21.15.87:6789/0] conn(0x7f24ac076c20 0x7f24ac1115e0 unknown :-1 s=NONE pgs=0 cs=0 l=1 rev1=0 crypto rx=0 tx=0 comp rx=0 tx=0).connect
2024-04-25T04:40:21.517 INFO:teuthology.orchestra.run.smithi087.stdout:/usr/bin/ceph: stderr
2024-04-25T04:40:20.483+0000 7f24b32b8700 1 -- --> [v2:172.21.15.87:3300/0,v1:172.21.15.87:6789/0] -- mon_getmap magic: 0 v1 -- 0x7f24ac111b20 con 0x7f24ac076c20
2024-04-25T04:40:21.517 INFO:teuthology.orchestra.run.smithi087.stdout:/usr/bin/ceph: stderr
2024-04-25T04:40:20.483+0000 7f24b1054700 1 --2- >> [v2:172.21.15.87:3300/0,v1:172.21.15.87:6789/0] conn(0x7f24ac076c20 0x7f24ac1115e0 unknown :-1 s=BANNER_CONNECTING pgs=0 cs=0 l=1 rev1=0 crypto rx=0 tx=0 comp rx=0 tx=0)._handle_peer_banner_payload supported=3 required=0
2024-04-25T04:40:21.517 INFO:teuthology.orchestra.run.smithi087.stdout:/usr/bin/ceph: stderr
2024-04-25T04:40:20.483+0000 7f24b1054700 1 --2- >> [v2:172.21.15.87:3300/0,v1:172.21.15.87:6789/0] conn(0x7f24ac076c20 0x7f24ac1115e0 unknown :-1 s=HELLO_CONNECTING pgs=0 cs=0 l=1 rev1=1 crypto rx=0 tx=0 comp rx=0 tx=0).handle_hello peer v2:172.21.15.87:3300/0 says I am v2:172.21.15.87:40328/0 (socket says 172.21.15.87:40328)
2024-04-25T04:40:21.517 INFO:teuthology.orchestra.run.smithi087.stdout:/usr/bin/ceph: stderr
2024-04-25T04:40:20.483+0000 7f24b1054700 1 -- 172.21.15.87:0/2833582846 learned_addr learned my addr 172.21.15.87:0/2833582846 (peer_addr_for_me v2:172.21.15.87:0/0)
2024-04-25T04:40:21.517 INFO:teuthology.orchestra.run.smithi087.stdout:/usr/bin/ceph: stderr
2024-04-25T04:40:20.483+0000 7f24b1054700 1 -- 172.21.15.87:0/2833582846 --> [v2:172.21.15.87:3300/0,v1:172.21.15.87:6789/0] -- mon_subscribe({config=0+,monmap=0+}) v3 -- 0x7f24a80094f0 con 0x7f24ac076c20
2024-04-25T04:40:21.518 INFO:teuthology.orchestra.run.smithi087.stdout:/usr/bin/ceph: stderr
2024-04-25T04:40:20.483+0000 7f24b1054700 1 --2- 172.21.15.87:0/2833582846 >> [v2:172.21.15.87:3300/0,v1:172.21.15.87:6789/0] conn(0x7f24ac076c20 0x7f24ac1115e0 secure :-1 s=READY pgs=27 cs=0 l=1 rev1=1 crypto rx=0x7f24a8006b00 tx=0x7f24a8009250 comp rx=0 tx=0).ready entity=mon.0 client_cookie=0 server_cookie=0 in_seq=0 out_seq=0
2024-04-25T04:40:21.518 INFO:teuthology.orchestra.run.smithi087.stdout:/usr/bin/ceph: stderr
2024-04-25T04:40:20.483+0000 7f24a1ffb700 1 -- 172.21.15.87:0/2833582846 <== mon.0 v2:172.21.15.87:3300/0 1 ==== mon_map magic: 0 v1 ==== 229+0+0 (secure 0 0 0) 0x7f24a80107c0 con 0x7f24ac076c20
2024-04-25T04:40:21.518 INFO:teuthology.orchestra.run.smithi087.stdout:/usr/bin/ceph: stderr
2024-04-25T04:40:20.483+0000 7f24a1ffb700 1 -- 172.21.15.87:0/2833582846 <== mon.0 v2:172.21.15.87:3300/0 2 ==== config(27 keys) v1 ==== 1044+0+0 (secure 0 0 0) 0x7f24a8010db0 con 0x7f24ac076c20
2024-04-25T04:40:21.518 INFO:teuthology.orchestra.run.smithi087.stdout:/usr/bin/ceph: stderr
2024-04-25T04:40:20.483+0000 7f24a1ffb700 1 -- 172.21.15.87:0/2833582846 <== mon.0 v2:172.21.15.87:3300/0 3 ==== mon_map magic: 0 v1 ==== 229+0+0 (secure 0 0 0) 0x7f24a801acf0 con 0x7f24ac076c20
2024-04-25T04:40:21.518 INFO:teuthology.orchestra.run.smithi087.stdout:/usr/bin/ceph: stderr
2024-04-25T04:40:20.483+0000 7f24b32b8700 1 -- 172.21.15.87:0/2833582846 --> [v2:172.21.15.87:3300/0,v1:172.21.15.87:6789/0] -- mon_subscribe({mgrmap=0+}) v3 -- 0x7f24ac111d20 con 0x7f24ac076c20
2024-04-25T04:40:21.518 INFO:teuthology.orchestra.run.smithi087.stdout:/usr/bin/ceph: stderr
2024-04-25T04:40:20.484+0000 7f24b32b8700 1 -- 172.21.15.87:0/2833582846 --> [v2:172.21.15.87:3300/0,v1:172.21.15.87:6789/0] -- mon_subscribe({osdmap=0}) v3 -- 0x7f24ac112890 con 0x7f24ac076c20
2024-04-25T04:40:21.518 INFO:teuthology.orchestra.run.smithi087.stdout:/usr/bin/ceph: stderr
2024-04-25T04:40:20.484+0000 7f24a1ffb700 1 -- 172.21.15.87:0/2833582846 <== mon.0 v2:172.21.15.87:3300/0 4 ==== mgrmap(e 5) v1 ==== 43376+0+0 (secure 0 0 0) 0x7f24a80193c0 con 0x7f24ac076c20
2024-04-25T04:40:21.518 INFO:teuthology.orchestra.run.smithi087.stdout:/usr/bin/ceph: stderr
2024-04-25T04:40:20.484+0000 7f24a1ffb700 1 --2- 172.21.15.87:0/2833582846 >> [v2:172.21.15.87:6800/3685792310,v1:172.21.15.87:6801/3685792310] conn(0x7f24980368a0 0x7f2498038d50 unknown :-1 s=NONE pgs=0 cs=0 l=1 rev1=0 crypto rx=0 tx=0 comp rx=0 tx=0).connect
2024-04-25T04:40:21.518 INFO:teuthology.orchestra.run.smithi087.stdout:/usr/bin/ceph: stderr
2024-04-25T04:40:20.484+0000 7f24a1ffb700 1 -- 172.21.15.87:0/2833582846 <== mon.0 v2:172.21.15.87:3300/0 5 ==== osd_map(1..1 src has 1..1) v4 ==== 721+0+0 (secure 0 0 0) 0x7f24a804a5a0 con 0x7f24ac076c20
2024-04-25T04:40:21.518 INFO:teuthology.orchestra.run.smithi087.stdout:/usr/bin/ceph: stderr
2024-04-25T04:40:20.484+0000 7f24b0853700 1 -- 172.21.15.87:0/2833582846 >> [v2:172.21.15.87:6800/3685792310,v1:172.21.15.87:6801/3685792310] conn(0x7f24980368a0 msgr2=0x7f2498038d50 unknown :-1 s=STATE_CONNECTING_RE l=1).process reconnect failed to v2:172.21.15.87:6800/3685792310
2024-04-25T04:40:21.518 INFO:teuthology.orchestra.run.smithi087.stdout:/usr/bin/ceph: stderr
2024-04-25T04:40:20.485+0000 7f24b0853700 1 --2- 172.21.15.87:0/2833582846 >> [v2:172.21.15.87:6800/3685792310,v1:172.21.15.87:6801/3685792310] conn(0x7f24980368a0 0x7f2498038d50 unknown :-1 s=START_CONNECT pgs=0 cs=0 l=1 rev1=0 crypto rx=0 tx=0 comp rx=0 tx=0)._fault waiting 0.200000
2024-04-25T04:40:21.518 INFO:teuthology.orchestra.run.smithi087.stdout:/usr/bin/ceph: stderr
2024-04-25T04:40:20.485+0000 7f24b32b8700 1 -- 172.21.15.87:0/2833582846 --> [v2:172.21.15.87:3300/0,v1:172.21.15.87:6789/0] -- mon_command({"prefix": "get_command_descriptions"} v 0) v1 -- 0x7f24ac05f5c0 con 0x7f24ac076c20
2024-04-25T04:40:21.519 INFO:teuthology.orchestra.run.smithi087.stdout:/usr/bin/ceph: stderr
2024-04-25T04:40:20.489+0000 7f24a1ffb700 1 -- 172.21.15.87:0/2833582846 <== mon.0 v2:172.21.15.87:3300/0 6 ==== mon_command_ack([{"prefix": "get_command_descriptions"}]=0 v0) v1 ==== 72+0+176702 (secure 0 0 0) 0x7f24a80196c0 con 0x7f24ac076c20
2024-04-25T04:40:21.519 INFO:teuthology.orchestra.run.smithi087.stdout:/usr/bin/ceph: stderr
2024-04-25T04:40:20.686+0000 7f24b0853700 1 -- 172.21.15.87:0/2833582846 >> [v2:172.21.15.87:6800/3685792310,v1:172.21.15.87:6801/3685792310] conn(0x7f24980368a0 msgr2=0x7f2498038d50 unknown :-1 s=STATE_CONNECTING_RE l=1).process reconnect failed to v2:172.21.15.87:6800/3685792310
2024-04-25T04:40:21.519 INFO:teuthology.orchestra.run.smithi087.stdout:/usr/bin/ceph: stderr
2024-04-25T04:40:20.686+0000 7f24b0853700 1 --2- 172.21.15.87:0/2833582846 >> [v2:172.21.15.87:6800/3685792310,v1:172.21.15.87:6801/3685792310] conn(0x7f24980368a0 0x7f2498038d50 unknown :-1 s=START_CONNECT pgs=0 cs=0 l=1 rev1=0 crypto rx=0 tx=0 comp rx=0 tx=0)._fault waiting 0.400000
2024-04-25T04:40:21.519 INFO:teuthology.orchestra.run.smithi087.stdout:/usr/bin/ceph: stderr
2024-04-25T04:40:20.766+0000 7f24b32b8700 1 -- 172.21.15.87:0/2833582846 --> [v2:172.21.15.87:3300/0,v1:172.21.15.87:6789/0] -- mon_command({"prefix": "mgr stat"} v 0) v1 -- 0x7f24ac112ad0 con 0x7f24ac076c20
2024-04-25T04:40:21.519 INFO:teuthology.orchestra.run.smithi087.stdout:/usr/bin/ceph: stderr
2024-04-25T04:40:20.767+0000 7f24a1ffb700 1 -- 172.21.15.87:0/2833582846 <== mon.0 v2:172.21.15.87:3300/0 7 ==== mon_command_ack([{"prefix": "mgr stat"}]=0 v5) v1 ==== 56+0+103 (secure 0 0 0) 0x7f24a8022340 con 0x7f24ac076c20
2024-04-25T04:40:21.519 INFO:teuthology.orchestra.run.smithi087.stdout:/usr/bin/ceph: stderr
2024-04-25T04:40:20.769+0000 7f24b32b8700 1 -- 172.21.15.87:0/2833582846 >> [v2:172.21.15.87:6800/3685792310,v1:172.21.15.87:6801/3685792310] conn(0x7f24980368a0 msgr2=0x7f2498038d50 unknown :-1 s=STATE_CONNECTING l=1).mark_down
2024-04-25T04:40:21.519 INFO:teuthology.orchestra.run.smithi087.stdout:/usr/bin/ceph: stderr
2024-04-25T04:40:20.769+0000 7f24b32b8700 1 --2- 172.21.15.87:0/2833582846 >> [v2:172.21.15.87:6800/3685792310,v1:172.21.15.87:6801/3685792310] conn(0x7f24980368a0 0x7f2498038d50 unknown :-1 s=START_CONNECT pgs=0 cs=0 l=1 rev1=0 crypto rx=0 tx=0 comp rx=0 tx=0).stop
2024-04-25T04:40:21.519 INFO:teuthology.orchestra.run.smithi087.stdout:/usr/bin/ceph: stderr
2024-04-25T04:40:20.769+0000 7f24b32b8700 1 -- 172.21.15.87:0/2833582846 >> [v2:172.21.15.87:3300/0,v1:172.21.15.87:6789/0] conn(0x7f24ac076c20 msgr2=0x7f24ac1115e0 secure :-1 s=STATE_CONNECTION_ESTABLISHED l=1).mark_down
2024-04-25T04:40:21.519 INFO:teuthology.orchestra.run.smithi087.stdout:/usr/bin/ceph: stderr
2024-04-25T04:40:20.769+0000 7f24b32b8700 1 --2- 172.21.15.87:0/2833582846 >> [v2:172.21.15.87:3300/0,v1:172.21.15.87:6789/0] conn(0x7f24ac076c20 0x7f24ac1115e0 secure :-1 s=READY pgs=27 cs=0 l=1 rev1=1 crypto rx=0x7f24a8006b00 tx=0x7f24a8009250 comp rx=0 tx=0).stop
2024-04-25T04:40:21.519 INFO:teuthology.orchestra.run.smithi087.stdout:/usr/bin/ceph: stderr
2024-04-25T04:40:20.773+0000 7f24b32b8700 1 -- 172.21.15.87:0/2833582846 shutdown_connections
2024-04-25T04:40:21.519 INFO:teuthology.orchestra.run.smithi087.stdout:/usr/bin/ceph: stderr
2024-04-25T04:40:20.773+0000 7f24b32b8700 1 --2- 172.21.15.87:0/2833582846 >> [v2:172.21.15.87:6800/3685792310,v1:172.21.15.87:6801/3685792310] conn(0x7f24980368a0 0x7f2498038d50 unknown :-1 s=CLOSED pgs=0 cs=0 l=1 rev1=0 crypto rx=0 tx=0 comp rx=0 tx=0).stop
2024-04-25T04:40:21.519 INFO:teuthology.orchestra.run.smithi087.stdout:/usr/bin/ceph: stderr
2024-04-25T04:40:20.773+0000 7f24b32b8700 1 --2- 172.21.15.87:0/2833582846 >> [v2:172.21.15.87:3300/0,v1:172.21.15.87:6789/0] conn(0x7f24ac076c20 0x7f24ac1115e0 unknown :-1 s=CLOSED pgs=27 cs=0 l=1 rev1=1 crypto rx=0 tx=0 comp rx=0 tx=0).stop
2024-04-25T04:40:21.519 INFO:teuthology.orchestra.run.smithi087.stdout:/usr/bin/ceph: stderr
2024-04-25T04:40:20.773+0000 7f24b32b8700 1 -- 172.21.15.87:0/2833582846 >> 172.21.15.87:0/2833582846 conn(0x7f24ac0fced0 msgr2=0x7f24ac0fd9b0 unknown :-1 s=STATE_NONE l=0).mark_down
2024-04-25T04:40:21.519 INFO:teuthology.orchestra.run.smithi087.stdout:/usr/bin/ceph: stderr
2024-04-25T04:40:20.773+0000 7f24b32b8700 1 -- 172.21.15.87:0/2833582846 shutdown_connections
2024-04-25T04:40:21.520 INFO:teuthology.orchestra.run.smithi087.stdout:/usr/bin/ceph: stderr
2024-04-25T04:40:20.773+0000 7f24b32b8700 1 -- 172.21.15.87:0/2833582846 wait complete.
2024-04-25T04:40:21.520 INFO:teuthology.orchestra.run.smithi087.stdout:Waiting for the mgr to restart...
2024-04-25T04:40:21.520 INFO:teuthology.orchestra.run.smithi087.stdout:Waiting for mgr epoch 5...
2024-04-25T04:40:21.844 INFO:journalctl@ceph.mon.smithi087.smithi087.stdout:Apr 25 04:40:21 smithi087 ceph-mon[26327]: from='client.? 172.21.15.87:0/2833582846' entity='client.admin' cmd=[{"prefix": "mgr stat"}]: dispatch
2024-04-25T04:40:26.216 INFO:journalctl@ceph.mon.smithi087.smithi087.stdout:Apr 25 04:40:26 smithi087 ceph-mon[26327]: Active manager daemon smithi087.phlyet restarted
2024-04-25T04:40:26.217 INFO:journalctl@ceph.mon.smithi087.smithi087.stdout:Apr 25 04:40:26 smithi087 ceph-mon[26327]: Activating manager daemon smithi087.phlyet
2024-04-25T04:40:26.217 INFO:journalctl@ceph.mon.smithi087.smithi087.stdout:Apr 25 04:40:26 smithi087 ceph-mon[26327]: osdmap e2: 0 total, 0 up, 0 in
2024-04-25T04:40:26.217 INFO:journalctl@ceph.mon.smithi087.smithi087.stdout:Apr 25 04:40:26 smithi087 ceph-mon[26327]: mgrmap e6: smithi087.phlyet(active, starting, since 0.00383537s)
2024-04-25T04:40:26.217 INFO:journalctl@ceph.mon.smithi087.smithi087.stdout:Apr 25 04:40:26 smithi087 ceph-mon[26327]: from='mgr.14120 172.21.15.87:0/3664027296' entity='mgr.smithi087.phlyet' cmd=[{"prefix": "mon metadata", "id": "smithi087"}]: dispatch
2024-04-25T04:40:26.217 INFO:journalctl@ceph.mon.smithi087.smithi087.stdout:Apr 25 04:40:26 smithi087 ceph-mon[26327]: from='mgr.14120 172.21.15.87:0/3664027296' entity='mgr.smithi087.phlyet' cmd=[{"prefix": "mgr metadata", "who": "smithi087.phlyet", "id": "smithi087.phlyet"}]: dispatch
2024-04-25T04:40:26.217 INFO:journalctl@ceph.mon.smithi087.smithi087.stdout:Apr 25 04:40:26 smithi087 ceph-mon[26327]: from='mgr.14120 172.21.15.87:0/3664027296' entity='mgr.smithi087.phlyet' cmd=[{"prefix": "mds metadata"}]: dispatch
2024-04-25T04:40:26.217 INFO:journalctl@ceph.mon.smithi087.smithi087.stdout:Apr 25 04:40:26 smithi087 ceph-mon[26327]: from='mgr.14120 172.21.15.87:0/3664027296' entity='mgr.smithi087.phlyet' cmd=[{"prefix": "osd metadata"}]: dispatch
2024-04-25T04:40:26.217 INFO:journalctl@ceph.mon.smithi087.smithi087.stdout:Apr 25 04:40:26 smithi087 ceph-mon[26327]: from='mgr.14120 172.21.15.87:0/3664027296' entity='mgr.smithi087.phlyet' cmd=[{"prefix": "mon metadata"}]: dispatch
2024-04-25T04:40:26.217 INFO:journalctl@ceph.mon.smithi087.smithi087.stdout:Apr 25 04:40:26 smithi087 ceph-mon[26327]: Manager daemon smithi087.phlyet is now available
2024-04-25T04:40:26.217 INFO:journalctl@ceph.mon.smithi087.smithi087.stdout:Apr 25 04:40:26 smithi087 ceph-mon[26327]: from='mgr.14120 172.21.15.87:0/3664027296' entity='mgr.smithi087.phlyet'
2024-04-25T04:40:26.217 INFO:journalctl@ceph.mon.smithi087.smithi087.stdout:Apr 25 04:40:26 smithi087 ceph-mon[26327]: from='mgr.14120 172.21.15.87:0/3664027296' entity='mgr.smithi087.phlyet'
2024-04-25T04:40:26.218 INFO:journalctl@ceph.mon.smithi087.smithi087.stdout:Apr 25 04:40:26 smithi087 ceph-mon[26327]: from='mgr.14120 172.21.15.87:0/3664027296' entity='mgr.smithi087.phlyet' cmd=[{"prefix": "config dump", "format": "json"}]: dispatch
2024-04-25T04:40:26.218 INFO:journalctl@ceph.mon.smithi087.smithi087.stdout:Apr 25 04:40:26 smithi087 ceph-mon[26327]: from='mgr.14120 172.21.15.87:0/3664027296' entity='mgr.smithi087.phlyet' cmd=[{"prefix": "config dump", "format": "json"}]: dispatch
2024-04-25T04:40:26.218 INFO:journalctl@ceph.mon.smithi087.smithi087.stdout:Apr 25 04:40:26 smithi087 ceph-mon[26327]: from='mgr.14120 172.21.15.87:0/3664027296' entity='mgr.smithi087.phlyet' cmd=[{"prefix": "config dump", "format": "json"}]: dispatch
2024-04-25T04:40:26.218 INFO:journalctl@ceph.mon.smithi087.smithi087.stdout:Apr 25 04:40:26 smithi087 ceph-mon[26327]: from='mgr.14120 172.21.15.87:0/3664027296' entity='mgr.smithi087.phlyet' cmd=[{"prefix":"config rm","who":"mgr","name":"mgr/rbd_support/smithi087.phlyet/mirror_snapshot_schedule"}]: dispatch
2024-04-25T04:40:26.218 INFO:journalctl@ceph.mon.smithi087.smithi087.stdout:Apr 25 04:40:26 smithi087 ceph-mon[26327]: from='mgr.14120 172.21.15.87:0/3664027296' entity='mgr.smithi087.phlyet' cmd=[{"prefix":"config rm","who":"mgr","name":"mgr/rbd_support/smithi087.phlyet/trash_purge_schedule"}]: dispatch
2024-04-25T04:40:27.587 INFO:journalctl@ceph.mon.smithi087.smithi087.stdout:Apr 25 04:40:27 smithi087 ceph-mon[26327]: Found migration_current of "None". Setting to last migration.
2024-04-25T04:40:27.587 INFO:journalctl@ceph.mon.smithi087.smithi087.stdout:Apr 25 04:40:27 smithi087 ceph-mon[26327]: [25/Apr/2024:04:40:26] ENGINE Bus STARTING
2024-04-25T04:40:27.587 INFO:journalctl@ceph.mon.smithi087.smithi087.stdout:Apr 25 04:40:27 smithi087 ceph-mon[26327]: [25/Apr/2024:04:40:26] ENGINE Serving on https://172.21.15.87:7150
2024-04-25T04:40:27.587 INFO:journalctl@ceph.mon.smithi087.smithi087.stdout:Apr 25 04:40:27 smithi087 ceph-mon[26327]: [25/Apr/2024:04:40:26] ENGINE Bus STARTED
2024-04-25T04:40:27.587 INFO:journalctl@ceph.mon.smithi087.smithi087.stdout:Apr 25 04:40:27 smithi087 ceph-mon[26327]: from='mgr.14120 172.21.15.87:0/3664027296' entity='mgr.smithi087.phlyet'
2024-04-25T04:40:27.587 INFO:journalctl@ceph.mon.smithi087.smithi087.stdout:Apr 25 04:40:27 smithi087 ceph-mon[26327]: from='mgr.14120 172.21.15.87:0/3664027296' entity='mgr.smithi087.phlyet' cmd=[{"prefix": "config dump", "format": "json"}]: dispatch
2024-04-25T04:40:27.587 INFO:journalctl@ceph.mon.smithi087.smithi087.stdout:Apr 25 04:40:27 smithi087 ceph-mon[26327]: mgrmap e7: smithi087.phlyet(active, since 1.00604s)
2024-04-25T04:40:27.597 INFO:teuthology.orchestra.run.smithi087.stdout:/usr/bin/ceph: stdout {
2024-04-25T04:40:27.597 INFO:teuthology.orchestra.run.smithi087.stdout:/usr/bin/ceph: stdout "mgrmap_epoch": 7,
2024-04-25T04:40:27.597 INFO:teuthology.orchestra.run.smithi087.stdout:/usr/bin/ceph: stdout "initialized": true
2024-04-25T04:40:27.597 INFO:teuthology.orchestra.run.smithi087.stdout:/usr/bin/ceph: stdout }
2024-04-25T04:40:27.598 INFO:teuthology.orchestra.run.smithi087.stdout:/usr/bin/ceph: stderr
2024-04-25T04:40:21.960+0000 7fa9817bc700 1 Processor -- start
2024-04-25T04:40:27.598 INFO:teuthology.orchestra.run.smithi087.stdout:/usr/bin/ceph: stderr
2024-04-25T04:40:21.960+0000 7fa9817bc700 1 -- start start
2024-04-25T04:40:27.598 INFO:teuthology.orchestra.run.smithi087.stdout:/usr/bin/ceph: stderr
2024-04-25T04:40:21.960+0000 7fa9817bc700 1 --2- >> [v2:172.21.15.87:3300/0,v1:172.21.15.87:6789/0] conn(0x7fa97c101770 0x7fa97c101b80 unknown :-1 s=NONE pgs=0 cs=0 l=0 rev1=0 crypto rx=0 tx=0 comp rx=0 tx=0).connect
2024-04-25T04:40:27.598 INFO:teuthology.orchestra.run.smithi087.stdout:/usr/bin/ceph: stderr
2024-04-25T04:40:21.960+0000 7fa9817bc700 1 -- --> [v2:172.21.15.87:3300/0,v1:172.21.15.87:6789/0] -- mon_getmap magic: 0 v1 -- 0x7fa97c1020c0 con 0x7fa97c101770
2024-04-25T04:40:27.598 INFO:teuthology.orchestra.run.smithi087.stdout:/usr/bin/ceph: stderr
2024-04-25T04:40:21.961+0000 7fa97affd700 1 --2- >> [v2:172.21.15.87:3300/0,v1:172.21.15.87:6789/0] conn(0x7fa97c101770 0x7fa97c101b80 unknown :-1 s=BANNER_CONNECTING pgs=0 cs=0 l=0 rev1=0 crypto rx=0 tx=0 comp rx=0 tx=0)._handle_peer_banner_payload supported=3 required=0
2024-04-25T04:40:27.598 INFO:teuthology.orchestra.run.smithi087.stdout:/usr/bin/ceph: stderr
2024-04-25T04:40:21.961+0000 7fa97affd700 1 --2- >> [v2:172.21.15.87:3300/0,v1:172.21.15.87:6789/0] conn(0x7fa97c101770 0x7fa97c101b80 unknown :-1 s=HELLO_CONNECTING pgs=0 cs=0 l=0 rev1=1 crypto rx=0 tx=0 comp rx=0 tx=0).handle_hello peer v2:172.21.15.87:3300/0 says I am v2:172.21.15.87:60316/0 (socket says 172.21.15.87:60316)
2024-04-25T04:40:27.598 INFO:teuthology.orchestra.run.smithi087.stdout:/usr/bin/ceph: stderr
2024-04-25T04:40:21.961+0000 7fa97affd700 1 -- 172.21.15.87:0/2068763034 learned_addr learned my addr 172.21.15.87:0/2068763034 (peer_addr_for_me v2:172.21.15.87:0/0)
2024-04-25T04:40:27.598 INFO:teuthology.orchestra.run.smithi087.stdout:/usr/bin/ceph: stderr
2024-04-25T04:40:21.961+0000 7fa97affd700 1 -- 172.21.15.87:0/2068763034 --> [v2:172.21.15.87:3300/0,v1:172.21.15.87:6789/0] -- mon_subscribe({config=0+,monmap=0+}) v3 -- 0x7fa97c102200 con 0x7fa97c101770
2024-04-25T04:40:27.598 INFO:teuthology.orchestra.run.smithi087.stdout:/usr/bin/ceph: stderr
2024-04-25T04:40:21.961+0000 7fa97affd700 1 --2- 172.21.15.87:0/2068763034 >> [v2:172.21.15.87:3300/0,v1:172.21.15.87:6789/0] conn(0x7fa97c101770 0x7fa97c101b80 secure :-1 s=READY pgs=28 cs=0 l=1 rev1=1 crypto rx=0x7fa9700098e0 tx=0x7fa970009250 comp rx=0 tx=0).ready entity=mon.0 client_cookie=d9d2a46441066279 server_cookie=0 in_seq=0 out_seq=0
2024-04-25T04:40:27.598 INFO:teuthology.orchestra.run.smithi087.stdout:/usr/bin/ceph: stderr
2024-04-25T04:40:21.961+0000 7fa979ffb700 1 -- 172.21.15.87:0/2068763034 <== mon.0 v2:172.21.15.87:3300/0 1 ==== mon_map magic: 0 v1 ==== 229+0+0 (secure 0 0 0) 0x7fa97000b860 con 0x7fa97c101770
2024-04-25T04:40:27.598 INFO:teuthology.orchestra.run.smithi087.stdout:/usr/bin/ceph: stderr
2024-04-25T04:40:21.961+0000 7fa979ffb700 1 -- 172.21.15.87:0/2068763034 <== mon.0 v2:172.21.15.87:3300/0 2 ==== config(27 keys) v1 ==== 1044+0+0 (secure 0 0 0) 0x7fa97000be50 con 0x7fa97c101770
2024-04-25T04:40:27.598 INFO:teuthology.orchestra.run.smithi087.stdout:/usr/bin/ceph: stderr
2024-04-25T04:40:21.961+0000 7fa979ffb700 1 -- 172.21.15.87:0/2068763034 <== mon.0 v2:172.21.15.87:3300/0 3 ==== mon_map magic: 0 v1 ==== 229+0+0 (secure 0 0 0) 0x7fa970010380 con 0x7fa97c101770
2024-04-25T04:40:27.598 INFO:teuthology.orchestra.run.smithi087.stdout:/usr/bin/ceph: stderr
2024-04-25T04:40:21.962+0000 7fa9817bc700 1 -- 172.21.15.87:0/2068763034 >> [v2:172.21.15.87:3300/0,v1:172.21.15.87:6789/0] conn(0x7fa97c101770 msgr2=0x7fa97c101b80 secure :-1 s=STATE_CONNECTION_ESTABLISHED l=1).mark_down
2024-04-25T04:40:27.598 INFO:teuthology.orchestra.run.smithi087.stdout:/usr/bin/ceph: stderr
2024-04-25T04:40:21.962+0000 7fa9817bc700 1 --2- 172.21.15.87:0/2068763034 >> [v2:172.21.15.87:3300/0,v1:172.21.15.87:6789/0] conn(0x7fa97c101770 0x7fa97c101b80 secure :-1 s=READY pgs=28 cs=0 l=1 rev1=1 crypto rx=0x7fa9700098e0 tx=0x7fa970009250 comp rx=0 tx=0).stop
2024-04-25T04:40:27.599 INFO:teuthology.orchestra.run.smithi087.stdout:/usr/bin/ceph: stderr
2024-04-25T04:40:21.962+0000 7fa9817bc700 1 -- 172.21.15.87:0/2068763034 shutdown_connections
2024-04-25T04:40:27.599 INFO:teuthology.orchestra.run.smithi087.stdout:/usr/bin/ceph: stderr
2024-04-25T04:40:21.962+0000 7fa9817bc700 1 --2- 172.21.15.87:0/2068763034 >> [v2:172.21.15.87:3300/0,v1:172.21.15.87:6789/0] conn(0x7fa97c101770 0x7fa97c101b80 unknown :-1 s=CLOSED pgs=28 cs=0 l=1 rev1=1 crypto rx=0 tx=0 comp rx=0 tx=0).stop
2024-04-25T04:40:27.599 INFO:teuthology.orchestra.run.smithi087.stdout:/usr/bin/ceph: stderr
2024-04-25T04:40:21.962+0000 7fa9817bc700 1 -- 172.21.15.87:0/2068763034 >> 172.21.15.87:0/2068763034 conn(0x7fa97c0fcef0 msgr2=0x7fa97c0ff300 unknown :-1 s=STATE_NONE l=0).mark_down
2024-04-25T04:40:27.599 INFO:teuthology.orchestra.run.smithi087.stdout:/usr/bin/ceph: stderr
2024-04-25T04:40:21.962+0000 7fa9817bc700 1 -- 172.21.15.87:0/2068763034 shutdown_connections
2024-04-25T04:40:27.599 INFO:teuthology.orchestra.run.smithi087.stdout:/usr/bin/ceph: stderr
2024-04-25T04:40:21.962+0000 7fa9817bc700 1 -- 172.21.15.87:0/2068763034 wait complete.
2024-04-25T04:40:27.599 INFO:teuthology.orchestra.run.smithi087.stdout:/usr/bin/ceph: stderr
2024-04-25T04:40:21.963+0000 7fa9817bc700 1 Processor -- start
2024-04-25T04:40:27.599 INFO:teuthology.orchestra.run.smithi087.stdout:/usr/bin/ceph: stderr
2024-04-25T04:40:21.963+0000 7fa9817bc700 1 -- start start
2024-04-25T04:40:27.599 INFO:teuthology.orchestra.run.smithi087.stdout:/usr/bin/ceph: stderr
2024-04-25T04:40:21.963+0000 7fa9817bc700 1 --2- >> [v2:172.21.15.87:3300/0,v1:172.21.15.87:6789/0] conn(0x7fa97c101770 0x7fa97c110470 unknown :-1 s=NONE pgs=0 cs=0 l=1 rev1=0 crypto rx=0 tx=0 comp rx=0 tx=0).connect
2024-04-25T04:40:27.599 INFO:teuthology.orchestra.run.smithi087.stdout:/usr/bin/ceph: stderr
2024-04-25T04:40:21.963+0000 7fa9817bc700 1 -- --> [v2:172.21.15.87:3300/0,v1:172.21.15.87:6789/0] -- mon_getmap magic: 0 v1 -- 0x7fa97c1109b0 con 0x7fa97c101770
2024-04-25T04:40:27.599 INFO:teuthology.orchestra.run.smithi087.stdout:/usr/bin/ceph: stderr
2024-04-25T04:40:21.963+0000 7fa97affd700 1 --2- >> [v2:172.21.15.87:3300/0,v1:172.21.15.87:6789/0] conn(0x7fa97c101770 0x7fa97c110470 unknown :-1 s=BANNER_CONNECTING pgs=0 cs=0 l=1 rev1=0 crypto rx=0 tx=0 comp rx=0 tx=0)._handle_peer_banner_payload supported=3 required=0
2024-04-25T04:40:27.599 INFO:teuthology.orchestra.run.smithi087.stdout:/usr/bin/ceph: stderr
2024-04-25T04:40:21.963+0000 7fa97affd700 1 --2- >> [v2:172.21.15.87:3300/0,v1:172.21.15.87:6789/0] conn(0x7fa97c101770 0x7fa97c110470 unknown :-1 s=HELLO_CONNECTING pgs=0 cs=0 l=1 rev1=1 crypto rx=0 tx=0 comp rx=0 tx=0).handle_hello peer v2:172.21.15.87:3300/0 says I am v2:172.21.15.87:60318/0 (socket says 172.21.15.87:60318)
2024-04-25T04:40:27.599 INFO:teuthology.orchestra.run.smithi087.stdout:/usr/bin/ceph: stderr
2024-04-25T04:40:21.963+0000 7fa97affd700 1 -- 172.21.15.87:0/3257012539 learned_addr learned my addr 172.21.15.87:0/3257012539 (peer_addr_for_me v2:172.21.15.87:0/0)
2024-04-25T04:40:27.599 INFO:teuthology.orchestra.run.smithi087.stdout:/usr/bin/ceph: stderr
2024-04-25T04:40:21.963+0000 7fa97affd700 1 -- 172.21.15.87:0/3257012539 --> [v2:172.21.15.87:3300/0,v1:172.21.15.87:6789/0] -- mon_subscribe({config=0+,monmap=0+}) v3 -- 0x7fa9700094f0 con 0x7fa97c101770
2024-04-25T04:40:27.599 INFO:teuthology.orchestra.run.smithi087.stdout:/usr/bin/ceph: stderr
2024-04-25T04:40:21.963+0000 7fa97affd700 1 --2- 172.21.15.87:0/3257012539 >> [v2:172.21.15.87:3300/0,v1:172.21.15.87:6789/0] conn(0x7fa97c101770 0x7fa97c110470 secure :-1 s=READY pgs=29 cs=0 l=1 rev1=1 crypto rx=0x7fa970000c00 tx=0x7fa970009250 comp rx=0 tx=0).ready entity=mon.0 client_cookie=0 server_cookie=0 in_seq=0 out_seq=0
2024-04-25T04:40:27.599 INFO:teuthology.orchestra.run.smithi087.stdout:/usr/bin/ceph: stderr
2024-04-25T04:40:21.964+0000 7fa9637fe700 1 -- 172.21.15.87:0/3257012539 <== mon.0 v2:172.21.15.87:3300/0 1 ==== mon_map magic: 0 v1 ==== 229+0+0 (secure 0 0 0) 0x7fa9700107c0 con 0x7fa97c101770
2024-04-25T04:40:27.599 INFO:teuthology.orchestra.run.smithi087.stdout:/usr/bin/ceph: stderr
2024-04-25T04:40:21.964+0000 7fa9817bc700 1 -- 172.21.15.87:0/3257012539 --> [v2:172.21.15.87:3300/0,v1:172.21.15.87:6789/0] -- mon_subscribe({mgrmap=0+}) v3 -- 0x7fa97c110bb0 con 0x7fa97c101770
2024-04-25T04:40:27.600 INFO:teuthology.orchestra.run.smithi087.stdout:/usr/bin/ceph: stderr
2024-04-25T04:40:21.964+0000 7fa9637fe700 1 -- 172.21.15.87:0/3257012539 <== mon.0 v2:172.21.15.87:3300/0 2 ==== config(27 keys) v1 ==== 1044+0+0 (secure 0 0 0) 0x7fa970010db0 con 0x7fa97c101770
2024-04-25T04:40:27.600 INFO:teuthology.orchestra.run.smithi087.stdout:/usr/bin/ceph: stderr
2024-04-25T04:40:21.964+0000 7fa9637fe700 1 -- 172.21.15.87:0/3257012539 <== mon.0 v2:172.21.15.87:3300/0 3 ==== mon_map magic: 0 v1 ==== 229+0+0 (secure 0 0 0) 0x7fa97001ad00 con 0x7fa97c101770
2024-04-25T04:40:27.600 INFO:teuthology.orchestra.run.smithi087.stdout:/usr/bin/ceph: stderr
2024-04-25T04:40:21.964+0000 7fa9817bc700 1 -- 172.21.15.87:0/3257012539 --> [v2:172.21.15.87:3300/0,v1:172.21.15.87:6789/0] -- mon_subscribe({osdmap=0}) v3 -- 0x7fa97c111720 con 0x7fa97c101770
2024-04-25T04:40:27.600 INFO:teuthology.orchestra.run.smithi087.stdout:/usr/bin/ceph: stderr
2024-04-25T04:40:21.965+0000 7fa9637fe700 1 -- 172.21.15.87:0/3257012539 <== mon.0 v2:172.21.15.87:3300/0 4 ==== mgrmap(e 5) v1 ==== 43376+0+0 (secure 0 0 0) 0x7fa97001a530 con 0x7fa97c101770
2024-04-25T04:40:27.600 INFO:teuthology.orchestra.run.smithi087.stdout:/usr/bin/ceph: stderr
2024-04-25T04:40:21.965+0000 7fa9637fe700 1 --2- 172.21.15.87:0/3257012539 >> [v2:172.21.15.87:6800/3685792310,v1:172.21.15.87:6801/3685792310] conn(0x7fa964036850 0x7fa964038d00 unknown :-1 s=NONE pgs=0 cs=0 l=1 rev1=0 crypto rx=0 tx=0 comp rx=0 tx=0).connect
2024-04-25T04:40:27.600 INFO:teuthology.orchestra.run.smithi087.stdout:/usr/bin/ceph: stderr
2024-04-25T04:40:21.965+0000 7fa9637fe700 1 -- 172.21.15.87:0/3257012539 --> [v2:172.21.15.87:6800/3685792310,v1:172.21.15.87:6801/3685792310] -- command(tid 0: {"prefix": "get_command_descriptions"}) v1 -- 0x7fa964039410 con 0x7fa964036850
2024-04-25T04:40:27.600 INFO:teuthology.orchestra.run.smithi087.stdout:/usr/bin/ceph: stderr
2024-04-25T04:40:21.965+0000 7fa9637fe700 1 -- 172.21.15.87:0/3257012539 <== mon.0 v2:172.21.15.87:3300/0 5 ==== osd_map(1..1 src has 1..1) v4 ==== 721+0+0 (secure 0 0 0) 0x7fa97004a610 con 0x7fa97c101770
2024-04-25T04:40:27.600 INFO:teuthology.orchestra.run.smithi087.stdout:/usr/bin/ceph: stderr
2024-04-25T04:40:21.965+0000 7fa97a7fc700 1 -- 172.21.15.87:0/3257012539 >> [v2:172.21.15.87:6800/3685792310,v1:172.21.15.87:6801/3685792310] conn(0x7fa964036850 msgr2=0x7fa964038d00 unknown :-1 s=STATE_CONNECTING_RE l=1).process reconnect failed to v2:172.21.15.87:6800/3685792310
2024-04-25T04:40:27.600 INFO:teuthology.orchestra.run.smithi087.stdout:/usr/bin/ceph: stderr
2024-04-25T04:40:21.965+0000 7fa97a7fc700 1 --2- 172.21.15.87:0/3257012539 >> [v2:172.21.15.87:6800/3685792310,v1:172.21.15.87:6801/3685792310] conn(0x7fa964036850 0x7fa964038d00 unknown :-1 s=START_CONNECT pgs=0 cs=0 l=1 rev1=0 crypto rx=0 tx=0 comp rx=0 tx=0)._fault waiting 0.200000
2024-04-25T04:40:27.600 INFO:teuthology.orchestra.run.smithi087.stdout:/usr/bin/ceph: stderr
2024-04-25T04:40:22.166+0000 7fa97a7fc700 1 -- 172.21.15.87:0/3257012539 >> [v2:172.21.15.87:6800/3685792310,v1:172.21.15.87:6801/3685792310] conn(0x7fa964036850 msgr2=0x7fa964038d00 unknown :-1 s=STATE_CONNECTING_RE l=1).process reconnect failed to v2:172.21.15.87:6800/3685792310
2024-04-25T04:40:27.600 INFO:teuthology.orchestra.run.smithi087.stdout:/usr/bin/ceph: stderr
2024-04-25T04:40:22.166+0000 7fa97a7fc700 1 --2- 172.21.15.87:0/3257012539 >> [v2:172.21.15.87:6800/3685792310,v1:172.21.15.87:6801/3685792310] conn(0x7fa964036850 0x7fa964038d00 unknown :-1 s=START_CONNECT pgs=0 cs=0 l=1 rev1=0 crypto rx=0 tx=0 comp rx=0 tx=0)._fault waiting 0.400000
2024-04-25T04:40:27.600 INFO:teuthology.orchestra.run.smithi087.stdout:/usr/bin/ceph: stderr
2024-04-25T04:40:22.567+0000 7fa97a7fc700 1 -- 172.21.15.87:0/3257012539 >> [v2:172.21.15.87:6800/3685792310,v1:172.21.15.87:6801/3685792310] conn(0x7fa964036850 msgr2=0x7fa964038d00 unknown :-1 s=STATE_CONNECTING_RE l=1).process reconnect failed to v2:172.21.15.87:6800/3685792310
2024-04-25T04:40:27.600 INFO:teuthology.orchestra.run.smithi087.stdout:/usr/bin/ceph: stderr
2024-04-25T04:40:22.567+0000 7fa97a7fc700 1 --2- 172.21.15.87:0/3257012539 >> [v2:172.21.15.87:6800/3685792310,v1:172.21.15.87:6801/3685792310] conn(0x7fa964036850 0x7fa964038d00 unknown :-1 s=START_CONNECT pgs=0 cs=0 l=1 rev1=0 crypto rx=0 tx=0 comp rx=0 tx=0)._fault waiting 0.800000
2024-04-25T04:40:27.600 INFO:teuthology.orchestra.run.smithi087.stdout:/usr/bin/ceph: stderr
2024-04-25T04:40:23.368+0000 7fa97a7fc700 1 -- 172.21.15.87:0/3257012539 >> [v2:172.21.15.87:6800/3685792310,v1:172.21.15.87:6801/3685792310] conn(0x7fa964036850 msgr2=0x7fa964038d00 unknown :-1 s=STATE_CONNECTING_RE l=1).process reconnect failed to v2:172.21.15.87:6800/3685792310
2024-04-25T04:40:27.600 INFO:teuthology.orchestra.run.smithi087.stdout:/usr/bin/ceph: stderr
2024-04-25T04:40:23.368+0000 7fa97a7fc700 1 --2- 172.21.15.87:0/3257012539 >> [v2:172.21.15.87:6800/3685792310,v1:172.21.15.87:6801/3685792310] conn(0x7fa964036850 0x7fa964038d00 unknown :-1 s=START_CONNECT pgs=0 cs=0 l=1 rev1=0 crypto rx=0 tx=0 comp rx=0 tx=0)._fault waiting 1.600000
2024-04-25T04:40:27.601 INFO:teuthology.orchestra.run.smithi087.stdout:/usr/bin/ceph: stderr
2024-04-25T04:40:24.969+0000 7fa97a7fc700 1 -- 172.21.15.87:0/3257012539 >> [v2:172.21.15.87:6800/3685792310,v1:172.21.15.87:6801/3685792310] conn(0x7fa964036850 msgr2=0x7fa964038d00 unknown :-1 s=STATE_CONNECTING_RE l=1).process reconnect failed to v2:172.21.15.87:6800/3685792310
2024-04-25T04:40:27.601 INFO:teuthology.orchestra.run.smithi087.stdout:/usr/bin/ceph: stderr
2024-04-25T04:40:24.969+0000 7fa97a7fc700 1 --2- 172.21.15.87:0/3257012539 >> [v2:172.21.15.87:6800/3685792310,v1:172.21.15.87:6801/3685792310] conn(0x7fa964036850 0x7fa964038d00 unknown :-1 s=START_CONNECT pgs=0 cs=0 l=1 rev1=0 crypto rx=0 tx=0 comp rx=0 tx=0)._fault waiting 3.200000
2024-04-25T04:40:27.601 INFO:teuthology.orchestra.run.smithi087.stdout:/usr/bin/ceph: stderr
2024-04-25T04:40:25.982+0000 7fa9637fe700 1 -- 172.21.15.87:0/3257012539 <== mon.0 v2:172.21.15.87:3300/0 6 ==== mgrmap(e 6) v1 ==== 43143+0+0 (secure 0 0 0) 0x7fa970016ce0 con 0x7fa97c101770
2024-04-25T04:40:27.601 INFO:teuthology.orchestra.run.smithi087.stdout:/usr/bin/ceph: stderr
2024-04-25T04:40:25.982+0000 7fa9637fe700 1 -- 172.21.15.87:0/3257012539 >> [v2:172.21.15.87:6800/3685792310,v1:172.21.15.87:6801/3685792310] conn(0x7fa964036850 msgr2=0x7fa964038d00 unknown :-1 s=STATE_CONNECTING l=1).mark_down
2024-04-25T04:40:27.601 INFO:teuthology.orchestra.run.smithi087.stdout:/usr/bin/ceph: stderr
2024-04-25T04:40:25.982+0000 7fa9637fe700 1 --2- 172.21.15.87:0/3257012539 >> [v2:172.21.15.87:6800/3685792310,v1:172.21.15.87:6801/3685792310] conn(0x7fa964036850 0x7fa964038d00 unknown :-1 s=START_CONNECT pgs=0 cs=0 l=1 rev1=0 crypto rx=0 tx=0 comp rx=0 tx=0).stop
2024-04-25T04:40:27.601 INFO:teuthology.orchestra.run.smithi087.stdout:/usr/bin/ceph: stderr
2024-04-25T04:40:26.983+0000 7fa9637fe700 1 -- 172.21.15.87:0/3257012539 <== mon.0 v2:172.21.15.87:3300/0 7 ==== mgrmap(e 7) v1 ==== 43270+0+0 (secure 0 0 0) 0x7fa9700193c0 con 0x7fa97c101770
2024-04-25T04:40:27.601 INFO:teuthology.orchestra.run.smithi087.stdout:/usr/bin/ceph: stderr
2024-04-25T04:40:26.983+0000 7fa9637fe700 1 --2- 172.21.15.87:0/3257012539 >> [v2:172.21.15.87:6800/3749386288,v1:172.21.15.87:6801/3749386288] conn(0x7fa96403c200 0x7fa96403e5e0 unknown :-1 s=NONE pgs=0 cs=0 l=1 rev1=0 crypto rx=0 tx=0 comp rx=0 tx=0).connect
2024-04-25T04:40:27.601 INFO:teuthology.orchestra.run.smithi087.stdout:/usr/bin/ceph: stderr
2024-04-25T04:40:26.983+0000 7fa9637fe700 1 -- 172.21.15.87:0/3257012539 --> [v2:172.21.15.87:6800/3749386288,v1:172.21.15.87:6801/3749386288] -- command(tid 0: {"prefix": "get_command_descriptions"}) v1 -- 0x7fa964039410 con 0x7fa96403c200
2024-04-25T04:40:27.601 INFO:teuthology.orchestra.run.smithi087.stdout:/usr/bin/ceph: stderr
2024-04-25T04:40:26.984+0000 7fa97a7fc700 1 --2- 172.21.15.87:0/3257012539 >> [v2:172.21.15.87:6800/3749386288,v1:172.21.15.87:6801/3749386288] conn(0x7fa96403c200 0x7fa96403e5e0 unknown :-1 s=BANNER_CONNECTING pgs=0 cs=0 l=1 rev1=0 crypto rx=0 tx=0 comp rx=0 tx=0)._handle_peer_banner_payload supported=3 required=0
2024-04-25T04:40:27.601 INFO:teuthology.orchestra.run.smithi087.stdout:/usr/bin/ceph: stderr
2024-04-25T04:40:26.985+0000 7fa97a7fc700 1 --2- 172.21.15.87:0/3257012539 >> [v2:172.21.15.87:6800/3749386288,v1:172.21.15.87:6801/3749386288] conn(0x7fa96403c200 0x7fa96403e5e0 secure :-1 s=READY pgs=1 cs=0 l=1 rev1=1 crypto rx=0x7fa96c0039d0 tx=0x7fa96c009350 comp rx=0 tx=0).ready entity=mgr.14120 client_cookie=0 server_cookie=0 in_seq=0 out_seq=0
2024-04-25T04:40:27.601 INFO:teuthology.orchestra.run.smithi087.stdout:/usr/bin/ceph: stderr
2024-04-25T04:40:26.985+0000 7fa9637fe700 1 -- 172.21.15.87:0/3257012539 <== mgr.14120 v2:172.21.15.87:6800/3749386288 1 ==== command_reply(tid 0: 0 ) v1 ==== 8+0+6549 (secure 0 0 0) 0x7fa964039410 con 0x7fa96403c200
2024-04-25T04:40:27.601 INFO:teuthology.orchestra.run.smithi087.stdout:/usr/bin/ceph: stderr
2024-04-25T04:40:26.991+0000 7fa9817bc700 1 -- 172.21.15.87:0/3257012539 --> [v2:172.21.15.87:6800/3749386288,v1:172.21.15.87:6801/3749386288] -- command(tid 1: {"prefix": "mgr_status"}) v1 -- 0x7fa97c111040 con 0x7fa96403c200
2024-04-25T04:40:27.601 INFO:teuthology.orchestra.run.smithi087.stdout:/usr/bin/ceph: stderr
2024-04-25T04:40:26.992+0000 7fa9637fe700 1 -- 172.21.15.87:0/3257012539 <== mgr.14120 v2:172.21.15.87:6800/3749386288 2 ==== command_reply(tid 1: 0 ) v1 ==== 8+0+51 (secure 0 0 0) 0x7fa97c111040 con 0x7fa96403c200
2024-04-25T04:40:27.601 INFO:teuthology.orchestra.run.smithi087.stdout:/usr/bin/ceph: stderr
2024-04-25T04:40:26.992+0000 7fa9817bc700 1 -- 172.21.15.87:0/3257012539 >> [v2:172.21.15.87:6800/3749386288,v1:172.21.15.87:6801/3749386288] conn(0x7fa96403c200 msgr2=0x7fa96403e5e0 secure :-1 s=STATE_CONNECTION_ESTABLISHED l=1).mark_down
2024-04-25T04:40:27.601 INFO:teuthology.orchestra.run.smithi087.stdout:/usr/bin/ceph: stderr
2024-04-25T04:40:26.992+0000 7fa9817bc700 1 --2- 172.21.15.87:0/3257012539 >> [v2:172.21.15.87:6800/3749386288,v1:172.21.15.87:6801/3749386288] conn(0x7fa96403c200 0x7fa96403e5e0 secure :-1 s=READY pgs=1 cs=0 l=1 rev1=1 crypto rx=0x7fa96c0039d0 tx=0x7fa96c009350 comp rx=0 tx=0).stop
2024-04-25T04:40:27.601 INFO:teuthology.orchestra.run.smithi087.stdout:/usr/bin/ceph: stderr
2024-04-25T04:40:26.992+0000 7fa9817bc700 1 -- 172.21.15.87:0/3257012539 >> [v2:172.21.15.87:3300/0,v1:172.21.15.87:6789/0] conn(0x7fa97c101770 msgr2=0x7fa97c110470 secure :-1 s=STATE_CONNECTION_ESTABLISHED l=1).mark_down
2024-04-25T04:40:27.602 INFO:teuthology.orchestra.run.smithi087.stdout:/usr/bin/ceph: stderr
2024-04-25T04:40:26.992+0000 7fa9817bc700 1 --2- 172.21.15.87:0/3257012539 >> [v2:172.21.15.87:3300/0,v1:172.21.15.87:6789/0] conn(0x7fa97c101770 0x7fa97c110470 secure :-1 s=READY pgs=29 cs=0 l=1 rev1=1 crypto rx=0x7fa970000c00 tx=0x7fa970009250 comp rx=0 tx=0).stop
2024-04-25T04:40:27.602 INFO:teuthology.orchestra.run.smithi087.stdout:/usr/bin/ceph: stderr
2024-04-25T04:40:26.992+0000 7fa9817bc700 1 -- 172.21.15.87:0/3257012539 shutdown_connections
2024-04-25T04:40:27.602 INFO:teuthology.orchestra.run.smithi087.stdout:/usr/bin/ceph: stderr
2024-04-25T04:40:26.992+0000 7fa9817bc700 1 --2- 172.21.15.87:0/3257012539 >> [v2:172.21.15.87:6800/3749386288,v1:172.21.15.87:6801/3749386288] conn(0x7fa96403c200 0x7fa96403e5e0 unknown :-1 s=CLOSED pgs=1 cs=0 l=1 rev1=1 crypto rx=0 tx=0 comp rx=0 tx=0).stop
2024-04-25T04:40:27.602 INFO:teuthology.orchestra.run.smithi087.stdout:/usr/bin/ceph: stderr
2024-04-25T04:40:26.992+0000 7fa9817bc700 1 --2- 172.21.15.87:0/3257012539 >> [v2:172.21.15.87:3300/0,v1:172.21.15.87:6789/0] conn(0x7fa97c101770 0x7fa97c110470 unknown :-1 s=CLOSED pgs=29 cs=0 l=1 rev1=1 crypto rx=0 tx=0 comp rx=0 tx=0).stop
2024-04-25T04:40:27.602 INFO:teuthology.orchestra.run.smithi087.stdout:/usr/bin/ceph: stderr
2024-04-25T04:40:26.992+0000 7fa9817bc700 1 --2- 172.21.15.87:0/3257012539 >> [v2:172.21.15.87:6800/3685792310,v1:172.21.15.87:6801/3685792310] conn(0x7fa964036850 0x7fa964038d00 unknown :-1 s=CLOSED pgs=0 cs=0 l=1 rev1=0 crypto rx=0 tx=0 comp rx=0 tx=0).stop
2024-04-25T04:40:27.602 INFO:teuthology.orchestra.run.smithi087.stdout:/usr/bin/ceph: stderr
2024-04-25T04:40:26.992+0000 7fa9817bc700 1 -- 172.21.15.87:0/3257012539 >> 172.21.15.87:0/3257012539 conn(0x7fa97c0fcef0 msgr2=0x7fa97c0fd9b0 unknown :-1 s=STATE_NONE l=0).mark_down
2024-04-25T04:40:27.602 INFO:teuthology.orchestra.run.smithi087.stdout:/usr/bin/ceph: stderr
2024-04-25T04:40:26.992+0000 7fa9817bc700 1 -- 172.21.15.87:0/3257012539 shutdown_connections
2024-04-25T04:40:27.602 INFO:teuthology.orchestra.run.smithi087.stdout:/usr/bin/ceph: stderr
2024-04-25T04:40:26.992+0000 7fa9817bc700 1 -- 172.21.15.87:0/3257012539 wait complete.
2024-04-25T04:40:27.602 INFO:teuthology.orchestra.run.smithi087.stdout:mgr epoch 5 is available
2024-04-25T04:40:27.602 INFO:teuthology.orchestra.run.smithi087.stdout:Setting orchestrator backend to cephadm...
2024-04-25T04:40:28.466 INFO:journalctl@ceph.mon.smithi087.smithi087.stdout:Apr 25 04:40:28 smithi087 ceph-mon[26327]: from='client.14124 -' entity='client.admin' cmd=[{"prefix": "get_command_descriptions"}]: dispatch
2024-04-25T04:40:28.467 INFO:journalctl@ceph.mon.smithi087.smithi087.stdout:Apr 25 04:40:28 smithi087 ceph-mon[26327]: from='client.14124 -' entity='client.admin' cmd=[{"prefix": "mgr_status"}]: dispatch
2024-04-25T04:40:28.467 INFO:journalctl@ceph.mon.smithi087.smithi087.stdout:Apr 25 04:40:28 smithi087 ceph-mon[26327]: from='mgr.14120 172.21.15.87:0/3664027296' entity='mgr.smithi087.phlyet'
2024-04-25T04:40:28.467 INFO:journalctl@ceph.mon.smithi087.smithi087.stdout:Apr 25 04:40:28 smithi087 ceph-mon[26327]: from='mgr.14120 172.21.15.87:0/3664027296' entity='mgr.smithi087.phlyet' cmd=[{"prefix": "config dump", "format": "json"}]: dispatch
2024-04-25T04:40:28.834 INFO:teuthology.orchestra.run.smithi087.stdout:/usr/bin/ceph: stderr
2024-04-25T04:40:27.990+0000 7fd4b6927700 1 Processor -- start
2024-04-25T04:40:28.834 INFO:teuthology.orchestra.run.smithi087.stdout:/usr/bin/ceph: stderr
2024-04-25T04:40:27.990+0000 7fd4b6927700 1 -- start start
2024-04-25T04:40:28.834 INFO:teuthology.orchestra.run.smithi087.stdout:/usr/bin/ceph: stderr
2024-04-25T04:40:27.990+0000 7fd4b6927700 1 --2- >> [v2:172.21.15.87:3300/0,v1:172.21.15.87:6789/0] conn(0x7fd4b01028d0 0x7fd4b0102ce0 unknown :-1 s=NONE pgs=0 cs=0 l=0 rev1=0 crypto rx=0 tx=0 comp rx=0 tx=0).connect
2024-04-25T04:40:28.834 INFO:teuthology.orchestra.run.smithi087.stdout:/usr/bin/ceph: stderr
2024-04-25T04:40:27.990+0000 7fd4b6927700 1 -- --> [v2:172.21.15.87:3300/0,v1:172.21.15.87:6789/0] -- mon_getmap magic: 0 v1 -- 0x7fd4b0103220 con 0x7fd4b01028d0
2024-04-25T04:40:28.834 INFO:teuthology.orchestra.run.smithi087.stdout:/usr/bin/ceph: stderr
2024-04-25T04:40:27.991+0000 7fd4affff700 1 --2- >> [v2:172.21.15.87:3300/0,v1:172.21.15.87:6789/0] conn(0x7fd4b01028d0 0x7fd4b0102ce0 unknown :-1 s=BANNER_CONNECTING pgs=0 cs=0 l=0 rev1=0 crypto rx=0 tx=0 comp rx=0 tx=0)._handle_peer_banner_payload supported=3 required=0
2024-04-25T04:40:28.834 INFO:teuthology.orchestra.run.smithi087.stdout:/usr/bin/ceph: stderr
2024-04-25T04:40:27.991+0000 7fd4affff700 1 --2- >> [v2:172.21.15.87:3300/0,v1:172.21.15.87:6789/0] conn(0x7fd4b01028d0 0x7fd4b0102ce0 unknown :-1 s=HELLO_CONNECTING pgs=0 cs=0 l=0 rev1=1 crypto rx=0 tx=0 comp rx=0 tx=0).handle_hello peer v2:172.21.15.87:3300/0 says I am v2:172.21.15.87:60388/0 (socket says 172.21.15.87:60388)
2024-04-25T04:40:28.834 INFO:teuthology.orchestra.run.smithi087.stdout:/usr/bin/ceph: stderr
2024-04-25T04:40:27.991+0000 7fd4affff700 1 -- 172.21.15.87:0/2566306327 learned_addr learned my addr 172.21.15.87:0/2566306327 (peer_addr_for_me v2:172.21.15.87:0/0)
2024-04-25T04:40:28.834 INFO:teuthology.orchestra.run.smithi087.stdout:/usr/bin/ceph: stderr
2024-04-25T04:40:27.991+0000 7fd4affff700 1 -- 172.21.15.87:0/2566306327 --> [v2:172.21.15.87:3300/0,v1:172.21.15.87:6789/0] -- mon_subscribe({config=0+,monmap=0+}) v3 -- 0x7fd4b0103360 con 0x7fd4b01028d0
2024-04-25T04:40:28.834 INFO:teuthology.orchestra.run.smithi087.stdout:/usr/bin/ceph: stderr
2024-04-25T04:40:27.991+0000 7fd4affff700 1 --2- 172.21.15.87:0/2566306327 >> [v2:172.21.15.87:3300/0,v1:172.21.15.87:6789/0] conn(0x7fd4b01028d0 0x7fd4b0102ce0 secure :-1 s=READY pgs=37 cs=0 l=1 rev1=1 crypto rx=0x7fd4a00098e0 tx=0x7fd4a0009250 comp rx=0 tx=0).ready entity=mon.0 client_cookie=e90942e099e9f791 server_cookie=0 in_seq=0 out_seq=0
2024-04-25T04:40:28.834 INFO:teuthology.orchestra.run.smithi087.stdout:/usr/bin/ceph: stderr
2024-04-25T04:40:27.991+0000 7fd4aeffd700 1 -- 172.21.15.87:0/2566306327 <== mon.0 v2:172.21.15.87:3300/0 1 ==== mon_map magic: 0 v1 ==== 229+0+0 (secure 0 0 0) 0x7fd4a000b860 con 0x7fd4b01028d0
2024-04-25T04:40:28.834 INFO:teuthology.orchestra.run.smithi087.stdout:/usr/bin/ceph: stderr
2024-04-25T04:40:27.991+0000 7fd4aeffd700 1 -- 172.21.15.87:0/2566306327 <== mon.0 v2:172.21.15.87:3300/0 2 ==== config(27 keys) v1 ==== 1044+0+0 (secure 0 0 0) 0x7fd4a000be50 con 0x7fd4b01028d0
2024-04-25T04:40:28.835 INFO:teuthology.orchestra.run.smithi087.stdout:/usr/bin/ceph: stderr
2024-04-25T04:40:27.991+0000 7fd4aeffd700 1 -- 172.21.15.87:0/2566306327 <== mon.0 v2:172.21.15.87:3300/0 3 ==== mon_map magic: 0 v1 ==== 229+0+0 (secure 0 0 0) 0x7fd4a0010380 con 0x7fd4b01028d0
2024-04-25T04:40:28.835 INFO:teuthology.orchestra.run.smithi087.stdout:/usr/bin/ceph: stderr
2024-04-25T04:40:27.992+0000 7fd4b6927700 1 -- 172.21.15.87:0/2566306327 >> [v2:172.21.15.87:3300/0,v1:172.21.15.87:6789/0] conn(0x7fd4b01028d0 msgr2=0x7fd4b0102ce0 secure :-1 s=STATE_CONNECTION_ESTABLISHED l=1).mark_down
2024-04-25T04:40:28.835 INFO:teuthology.orchestra.run.smithi087.stdout:/usr/bin/ceph: stderr
2024-04-25T04:40:27.992+0000 7fd4b6927700 1 --2- 172.21.15.87:0/2566306327 >> [v2:172.21.15.87:3300/0,v1:172.21.15.87:6789/0] conn(0x7fd4b01028d0 0x7fd4b0102ce0 secure :-1 s=READY pgs=37 cs=0 l=1 rev1=1 crypto rx=0x7fd4a00098e0 tx=0x7fd4a0009250 comp rx=0 tx=0).stop
2024-04-25T04:40:28.835 INFO:teuthology.orchestra.run.smithi087.stdout:/usr/bin/ceph: stderr
2024-04-25T04:40:27.992+0000 7fd4b6927700 1 -- 172.21.15.87:0/2566306327 shutdown_connections
2024-04-25T04:40:28.835 INFO:teuthology.orchestra.run.smithi087.stdout:/usr/bin/ceph: stderr
2024-04-25T04:40:27.992+0000 7fd4b6927700 1 --2- 172.21.15.87:0/2566306327 >> [v2:172.21.15.87:3300/0,v1:172.21.15.87:6789/0] conn(0x7fd4b01028d0 0x7fd4b0102ce0 unknown :-1 s=CLOSED pgs=37 cs=0 l=1 rev1=1 crypto rx=0 tx=0 comp rx=0 tx=0).stop
2024-04-25T04:40:28.835 INFO:teuthology.orchestra.run.smithi087.stdout:/usr/bin/ceph: stderr
2024-04-25T04:40:27.992+0000 7fd4b6927700 1 -- 172.21.15.87:0/2566306327 >> 172.21.15.87:0/2566306327 conn(0x7fd4b00fe090 msgr2=0x7fd4b01004a0 unknown :-1 s=STATE_NONE l=0).mark_down
2024-04-25T04:40:28.835 INFO:teuthology.orchestra.run.smithi087.stdout:/usr/bin/ceph: stderr
2024-04-25T04:40:27.992+0000 7fd4b6927700 1 -- 172.21.15.87:0/2566306327 shutdown_connections
2024-04-25T04:40:28.835 INFO:teuthology.orchestra.run.smithi087.stdout:/usr/bin/ceph: stderr
2024-04-25T04:40:27.992+0000 7fd4b6927700 1 -- 172.21.15.87:0/2566306327 wait complete.
2024-04-25T04:40:28.835 INFO:teuthology.orchestra.run.smithi087.stdout:/usr/bin/ceph: stderr
2024-04-25T04:40:27.992+0000 7fd4b6927700 1 Processor -- start
2024-04-25T04:40:28.835 INFO:teuthology.orchestra.run.smithi087.stdout:/usr/bin/ceph: stderr
2024-04-25T04:40:27.993+0000 7fd4b6927700 1 -- start start
2024-04-25T04:40:28.835 INFO:teuthology.orchestra.run.smithi087.stdout:/usr/bin/ceph: stderr
2024-04-25T04:40:27.993+0000 7fd4b6927700 1 --2- >> [v2:172.21.15.87:3300/0,v1:172.21.15.87:6789/0] conn(0x7fd4b01028d0 0x7fd4b01115d0 unknown :-1 s=NONE pgs=0 cs=0 l=1 rev1=0 crypto rx=0 tx=0 comp rx=0 tx=0).connect
2024-04-25T04:40:28.835 INFO:teuthology.orchestra.run.smithi087.stdout:/usr/bin/ceph: stderr
2024-04-25T04:40:27.993+0000 7fd4b6927700 1 -- --> [v2:172.21.15.87:3300/0,v1:172.21.15.87:6789/0] -- mon_getmap magic: 0 v1 -- 0x7fd4b0111b10 con 0x7fd4b01028d0
2024-04-25T04:40:28.835 INFO:teuthology.orchestra.run.smithi087.stdout:/usr/bin/ceph: stderr
2024-04-25T04:40:27.993+0000 7fd4affff700 1 --2- >> [v2:172.21.15.87:3300/0,v1:172.21.15.87:6789/0] conn(0x7fd4b01028d0 0x7fd4b01115d0 unknown :-1 s=BANNER_CONNECTING pgs=0 cs=0 l=1 rev1=0 crypto rx=0 tx=0 comp rx=0 tx=0)._handle_peer_banner_payload supported=3 required=0
2024-04-25T04:40:28.835 INFO:teuthology.orchestra.run.smithi087.stdout:/usr/bin/ceph: stderr
2024-04-25T04:40:27.993+0000 7fd4affff700 1 --2- >> [v2:172.21.15.87:3300/0,v1:172.21.15.87:6789/0] conn(0x7fd4b01028d0 0x7fd4b01115d0 unknown :-1 s=HELLO_CONNECTING pgs=0 cs=0 l=1 rev1=1 crypto rx=0 tx=0 comp rx=0 tx=0).handle_hello peer v2:172.21.15.87:3300/0 says I am v2:172.21.15.87:60398/0 (socket says 172.21.15.87:60398)
2024-04-25T04:40:28.836 INFO:teuthology.orchestra.run.smithi087.stdout:/usr/bin/ceph: stderr
2024-04-25T04:40:27.993+0000 7fd4affff700 1 -- 172.21.15.87:0/1663763050 learned_addr learned my addr 172.21.15.87:0/1663763050 (peer_addr_for_me v2:172.21.15.87:0/0)
2024-04-25T04:40:28.836 INFO:teuthology.orchestra.run.smithi087.stdout:/usr/bin/ceph: stderr
2024-04-25T04:40:27.993+0000 7fd4affff700 1 -- 172.21.15.87:0/1663763050 --> [v2:172.21.15.87:3300/0,v1:172.21.15.87:6789/0] -- mon_subscribe({config=0+,monmap=0+}) v3 -- 0x7fd4a00094f0 con 0x7fd4b01028d0
2024-04-25T04:40:28.836 INFO:teuthology.orchestra.run.smithi087.stdout:/usr/bin/ceph: stderr
2024-04-25T04:40:27.993+0000 7fd4affff700 1 --2- 172.21.15.87:0/1663763050 >> [v2:172.21.15.87:3300/0,v1:172.21.15.87:6789/0] conn(0x7fd4b01028d0 0x7fd4b01115d0 secure :-1 s=READY pgs=38 cs=0 l=1 rev1=1 crypto rx=0x7fd4a0000c00 tx=0x7fd4a0009250 comp rx=0 tx=0).ready entity=mon.0 client_cookie=0 server_cookie=0 in_seq=0 out_seq=0
2024-04-25T04:40:28.836 INFO:teuthology.orchestra.run.smithi087.stdout:/usr/bin/ceph: stderr
2024-04-25T04:40:27.994+0000 7fd4acff9700 1 -- 172.21.15.87:0/1663763050 <== mon.0 v2:172.21.15.87:3300/0 1 ==== mon_map magic: 0 v1 ==== 229+0+0 (secure 0 0 0) 0x7fd4a00107c0 con 0x7fd4b01028d0
2024-04-25T04:40:28.836 INFO:teuthology.orchestra.run.smithi087.stdout:/usr/bin/ceph: stderr
2024-04-25T04:40:27.994+0000 7fd4acff9700 1 -- 172.21.15.87:0/1663763050 <== mon.0 v2:172.21.15.87:3300/0 2 ==== config(27 keys) v1 ==== 1044+0+0 (secure 0 0 0) 0x7fd4a0010db0 con 0x7fd4b01028d0
2024-04-25T04:40:28.836 INFO:teuthology.orchestra.run.smithi087.stdout:/usr/bin/ceph: stderr
2024-04-25T04:40:27.994+0000 7fd4b6927700 1 -- 172.21.15.87:0/1663763050 --> [v2:172.21.15.87:3300/0,v1:172.21.15.87:6789/0] -- mon_subscribe({mgrmap=0+}) v3 -- 0x7fd4b0111d10 con 0x7fd4b01028d0
2024-04-25T04:40:28.836 INFO:teuthology.orchestra.run.smithi087.stdout:/usr/bin/ceph: stderr
2024-04-25T04:40:27.994+0000 7fd4acff9700 1 -- 172.21.15.87:0/1663763050 <== mon.0 v2:172.21.15.87:3300/0 3 ==== mon_map magic: 0 v1 ==== 229+0+0 (secure 0 0 0) 0x7fd4a001ad00 con 0x7fd4b01028d0
2024-04-25T04:40:28.836 INFO:teuthology.orchestra.run.smithi087.stdout:/usr/bin/ceph: stderr
2024-04-25T04:40:27.994+0000 7fd4b6927700 1 -- 172.21.15.87:0/1663763050 --> [v2:172.21.15.87:3300/0,v1:172.21.15.87:6789/0] -- mon_subscribe({osdmap=0}) v3 -- 0x7fd4b0112880 con 0x7fd4b01028d0
2024-04-25T04:40:28.836 INFO:teuthology.orchestra.run.smithi087.stdout:/usr/bin/ceph: stderr
2024-04-25T04:40:27.994+0000 7fd4acff9700 1 -- 172.21.15.87:0/1663763050 <== mon.0 v2:172.21.15.87:3300/0 4 ==== mgrmap(e 7) v1 ==== 43270+0+0 (secure 0 0 0) 0x7fd4a00193c0 con 0x7fd4b01028d0
2024-04-25T04:40:28.836 INFO:teuthology.orchestra.run.smithi087.stdout:/usr/bin/ceph: stderr
2024-04-25T04:40:27.995+0000 7fd4acff9700 1 --2- 172.21.15.87:0/1663763050 >> [v2:172.21.15.87:6800/3749386288,v1:172.21.15.87:6801/3749386288] conn(0x7fd498036770 0x7fd498038c20 unknown :-1 s=NONE pgs=0 cs=0 l=1 rev1=0 crypto rx=0 tx=0 comp rx=0 tx=0).connect
2024-04-25T04:40:28.836 INFO:teuthology.orchestra.run.smithi087.stdout:/usr/bin/ceph: stderr
2024-04-25T04:40:27.995+0000 7fd4acff9700 1 -- 172.21.15.87:0/1663763050 <== mon.0 v2:172.21.15.87:3300/0 5 ==== osd_map(2..2 src has 1..2) v4 ==== 936+0+0 (secure 0 0 0) 0x7fd4a004a480 con 0x7fd4b01028d0
2024-04-25T04:40:28.836 INFO:teuthology.orchestra.run.smithi087.stdout:/usr/bin/ceph: stderr
2024-04-25T04:40:27.995+0000 7fd4b6927700 1 -- 172.21.15.87:0/1663763050 --> [v2:172.21.15.87:3300/0,v1:172.21.15.87:6789/0] -- mon_command({"prefix": "get_command_descriptions"} v 0) v1 -- 0x7fd4b005f5c0 con 0x7fd4b01028d0
2024-04-25T04:40:28.837 INFO:teuthology.orchestra.run.smithi087.stdout:/usr/bin/ceph: stderr
