2024-04-25T04:40:47.048+0000 7f9162982700 1 --2- 172.21.15.87:0/3454497590 >> [v2:172.21.15.87:3300/0,v1:172.21.15.87:6789/0] conn(0x7f915c101740 0x7f915c10f3b0 secure :-1 s=READY pgs=62 cs=0 l=1 rev1=1 crypto rx=0x7f914c011680 tx=0x7f914c009250 comp rx=0 tx=0).stop
2024-04-25T04:40:47.649 INFO:teuthology.orchestra.run.smithi087.stdout:/usr/bin/ceph: stderr
2024-04-25T04:40:47.048+0000 7f9162982700 1 -- 172.21.15.87:0/3454497590 shutdown_connections
2024-04-25T04:40:47.649 INFO:teuthology.orchestra.run.smithi087.stdout:/usr/bin/ceph: stderr
2024-04-25T04:40:47.048+0000 7f9162982700 1 --2- 172.21.15.87:0/3454497590 >> [v2:172.21.15.87:6800/3749386288,v1:172.21.15.87:6801/3749386288] conn(0x7f9148038a90 0x7f914803af40 unknown :-1 s=CLOSED pgs=19 cs=0 l=1 rev1=1 crypto rx=0 tx=0 comp rx=0 tx=0).stop
2024-04-25T04:40:47.649 INFO:teuthology.orchestra.run.smithi087.stdout:/usr/bin/ceph: stderr
2024-04-25T04:40:47.048+0000 7f9162982700 1 --2- 172.21.15.87:0/3454497590 >> [v2:172.21.15.87:3300/0,v1:172.21.15.87:6789/0] conn(0x7f915c101740 0x7f915c10f3b0 unknown :-1 s=CLOSED pgs=62 cs=0 l=1 rev1=1 crypto rx=0 tx=0 comp rx=0 tx=0).stop
2024-04-25T04:40:47.649 INFO:teuthology.orchestra.run.smithi087.stdout:/usr/bin/ceph: stderr
2024-04-25T04:40:47.048+0000 7f9162982700 1 -- 172.21.15.87:0/3454497590 >> 172.21.15.87:0/3454497590 conn(0x7f915c0fcec0 msgr2=0x7f915c105b80 unknown :-1 s=STATE_NONE l=0).mark_down
2024-04-25T04:40:47.649 INFO:teuthology.orchestra.run.smithi087.stdout:/usr/bin/ceph: stderr
2024-04-25T04:40:47.049+0000 7f9162982700 1 -- 172.21.15.87:0/3454497590 shutdown_connections
2024-04-25T04:40:47.649 INFO:teuthology.orchestra.run.smithi087.stdout:/usr/bin/ceph: stderr
2024-04-25T04:40:47.049+0000 7f9162982700 1 -- 172.21.15.87:0/3454497590 wait complete.
2024-04-25T04:40:48.216 INFO:journalctl@ceph.mon.smithi087.smithi087.stdout:Apr 25 04:40:48 smithi087 ceph-mon[26327]: from='client.? 172.21.15.87:0/3454497590' entity='client.admin'
2024-04-25T04:40:48.820 INFO:teuthology.orchestra.run.smithi087.stdout:/usr/bin/ceph: stderr
2024-04-25T04:40:48.063+0000 7fddfd67c700 1 Processor -- start
2024-04-25T04:40:48.820 INFO:teuthology.orchestra.run.smithi087.stdout:/usr/bin/ceph: stderr
2024-04-25T04:40:48.063+0000 7fddfd67c700 1 -- start start
2024-04-25T04:40:48.820 INFO:teuthology.orchestra.run.smithi087.stdout:/usr/bin/ceph: stderr
2024-04-25T04:40:48.063+0000 7fddfd67c700 1 --2- >> [v2:172.21.15.87:3300/0,v1:172.21.15.87:6789/0] conn(0x7fddf8076c50 0x7fddf8105400 unknown :-1 s=NONE pgs=0 cs=0 l=0 rev1=0 crypto rx=0 tx=0 comp rx=0 tx=0).connect
2024-04-25T04:40:48.820 INFO:teuthology.orchestra.run.smithi087.stdout:/usr/bin/ceph: stderr
2024-04-25T04:40:48.063+0000 7fddfd67c700 1 -- --> [v2:172.21.15.87:3300/0,v1:172.21.15.87:6789/0] -- mon_getmap magic: 0 v1 -- 0x7fddf8105940 con 0x7fddf8076c50
2024-04-25T04:40:48.820 INFO:teuthology.orchestra.run.smithi087.stdout:/usr/bin/ceph: stderr
2024-04-25T04:40:48.063+0000 7fddf6ffd700 1 --2- >> [v2:172.21.15.87:3300/0,v1:172.21.15.87:6789/0] conn(0x7fddf8076c50 0x7fddf8105400 unknown :-1 s=BANNER_CONNECTING pgs=0 cs=0 l=0 rev1=0 crypto rx=0 tx=0 comp rx=0 tx=0)._handle_peer_banner_payload supported=3 required=0
2024-04-25T04:40:48.820 INFO:teuthology.orchestra.run.smithi087.stdout:/usr/bin/ceph: stderr
2024-04-25T04:40:48.063+0000 7fddf6ffd700 1 --2- >> [v2:172.21.15.87:3300/0,v1:172.21.15.87:6789/0] conn(0x7fddf8076c50 0x7fddf8105400 unknown :-1 s=HELLO_CONNECTING pgs=0 cs=0 l=0 rev1=1 crypto rx=0 tx=0 comp rx=0 tx=0).handle_hello peer v2:172.21.15.87:3300/0 says I am v2:172.21.15.87:42114/0 (socket says 172.21.15.87:42114)
2024-04-25T04:40:48.820 INFO:teuthology.orchestra.run.smithi087.stdout:/usr/bin/ceph: stderr
2024-04-25T04:40:48.063+0000 7fddf6ffd700 1 -- 172.21.15.87:0/3722211187 learned_addr learned my addr 172.21.15.87:0/3722211187 (peer_addr_for_me v2:172.21.15.87:0/0)
2024-04-25T04:40:48.821 INFO:teuthology.orchestra.run.smithi087.stdout:/usr/bin/ceph: stderr
2024-04-25T04:40:48.063+0000 7fddf6ffd700 1 -- 172.21.15.87:0/3722211187 --> [v2:172.21.15.87:3300/0,v1:172.21.15.87:6789/0] -- mon_subscribe({config=0+,monmap=0+}) v3 -- 0x7fddf8105a80 con 0x7fddf8076c50
2024-04-25T04:40:48.821 INFO:teuthology.orchestra.run.smithi087.stdout:/usr/bin/ceph: stderr
2024-04-25T04:40:48.063+0000 7fddf6ffd700 1 --2- 172.21.15.87:0/3722211187 >> [v2:172.21.15.87:3300/0,v1:172.21.15.87:6789/0] conn(0x7fddf8076c50 0x7fddf8105400 secure :-1 s=READY pgs=63 cs=0 l=1 rev1=1 crypto rx=0x7fdde80098e0 tx=0x7fdde8009250 comp rx=0 tx=0).ready entity=mon.0 client_cookie=7f0830c0e952a556 server_cookie=0 in_seq=0 out_seq=0
2024-04-25T04:40:48.821 INFO:teuthology.orchestra.run.smithi087.stdout:/usr/bin/ceph: stderr
2024-04-25T04:40:48.064+0000 7fddf5ffb700 1 -- 172.21.15.87:0/3722211187 <== mon.0 v2:172.21.15.87:3300/0 1 ==== mon_map magic: 0 v1 ==== 229+0+0 (secure 0 0 0) 0x7fdde800b860 con 0x7fddf8076c50
2024-04-25T04:40:48.821 INFO:teuthology.orchestra.run.smithi087.stdout:/usr/bin/ceph: stderr
2024-04-25T04:40:48.064+0000 7fddf5ffb700 1 -- 172.21.15.87:0/3722211187 <== mon.0 v2:172.21.15.87:3300/0 2 ==== config(27 keys) v1 ==== 1109+0+0 (secure 0 0 0) 0x7fdde800be90 con 0x7fddf8076c50
2024-04-25T04:40:48.821 INFO:teuthology.orchestra.run.smithi087.stdout:/usr/bin/ceph: stderr
2024-04-25T04:40:48.064+0000 7fddf5ffb700 1 -- 172.21.15.87:0/3722211187 <== mon.0 v2:172.21.15.87:3300/0 3 ==== mon_map magic: 0 v1 ==== 229+0+0 (secure 0 0 0) 0x7fdde80103c0 con 0x7fddf8076c50
2024-04-25T04:40:48.821 INFO:teuthology.orchestra.run.smithi087.stdout:/usr/bin/ceph: stderr
2024-04-25T04:40:48.064+0000 7fddfd67c700 1 -- 172.21.15.87:0/3722211187 >> [v2:172.21.15.87:3300/0,v1:172.21.15.87:6789/0] conn(0x7fddf8076c50 msgr2=0x7fddf8105400 secure :-1 s=STATE_CONNECTION_ESTABLISHED l=1).mark_down
2024-04-25T04:40:48.821 INFO:teuthology.orchestra.run.smithi087.stdout:/usr/bin/ceph: stderr
2024-04-25T04:40:48.064+0000 7fddfd67c700 1 --2- 172.21.15.87:0/3722211187 >> [v2:172.21.15.87:3300/0,v1:172.21.15.87:6789/0] conn(0x7fddf8076c50 0x7fddf8105400 secure :-1 s=READY pgs=63 cs=0 l=1 rev1=1 crypto rx=0x7fdde80098e0 tx=0x7fdde8009250 comp rx=0 tx=0).stop
2024-04-25T04:40:48.821 INFO:teuthology.orchestra.run.smithi087.stdout:/usr/bin/ceph: stderr
2024-04-25T04:40:48.064+0000 7fddfd67c700 1 -- 172.21.15.87:0/3722211187 shutdown_connections
2024-04-25T04:40:48.821 INFO:teuthology.orchestra.run.smithi087.stdout:/usr/bin/ceph: stderr
2024-04-25T04:40:48.064+0000 7fddfd67c700 1 --2- 172.21.15.87:0/3722211187 >> [v2:172.21.15.87:3300/0,v1:172.21.15.87:6789/0] conn(0x7fddf8076c50 0x7fddf8105400 unknown :-1 s=CLOSED pgs=63 cs=0 l=1 rev1=1 crypto rx=0 tx=0 comp rx=0 tx=0).stop
2024-04-25T04:40:48.821 INFO:teuthology.orchestra.run.smithi087.stdout:/usr/bin/ceph: stderr
2024-04-25T04:40:48.064+0000 7fddfd67c700 1 -- 172.21.15.87:0/3722211187 >> 172.21.15.87:0/3722211187 conn(0x7fddf80fcef0 msgr2=0x7fddf80ff300 unknown :-1 s=STATE_NONE l=0).mark_down
2024-04-25T04:40:48.821 INFO:teuthology.orchestra.run.smithi087.stdout:/usr/bin/ceph: stderr
2024-04-25T04:40:48.064+0000 7fddfd67c700 1 -- 172.21.15.87:0/3722211187 shutdown_connections
2024-04-25T04:40:48.821 INFO:teuthology.orchestra.run.smithi087.stdout:/usr/bin/ceph: stderr
2024-04-25T04:40:48.064+0000 7fddfd67c700 1 -- 172.21.15.87:0/3722211187 wait complete.
2024-04-25T04:40:48.822 INFO:teuthology.orchestra.run.smithi087.stdout:/usr/bin/ceph: stderr
2024-04-25T04:40:48.065+0000 7fddfd67c700 1 Processor -- start
2024-04-25T04:40:48.822 INFO:teuthology.orchestra.run.smithi087.stdout:/usr/bin/ceph: stderr
2024-04-25T04:40:48.065+0000 7fddfd67c700 1 -- start start
2024-04-25T04:40:48.822 INFO:teuthology.orchestra.run.smithi087.stdout:/usr/bin/ceph: stderr
2024-04-25T04:40:48.065+0000 7fddfd67c700 1 --2- >> [v2:172.21.15.87:3300/0,v1:172.21.15.87:6789/0] conn(0x7fddf8076c50 0x7fddf8111620 unknown :-1 s=NONE pgs=0 cs=0 l=1 rev1=0 crypto rx=0 tx=0 comp rx=0 tx=0).connect
2024-04-25T04:40:48.822 INFO:teuthology.orchestra.run.smithi087.stdout:/usr/bin/ceph: stderr
2024-04-25T04:40:48.065+0000 7fddfd67c700 1 -- --> [v2:172.21.15.87:3300/0,v1:172.21.15.87:6789/0] -- mon_getmap magic: 0 v1 -- 0x7fddf8111b60 con 0x7fddf8076c50
2024-04-25T04:40:48.822 INFO:teuthology.orchestra.run.smithi087.stdout:/usr/bin/ceph: stderr
2024-04-25T04:40:48.065+0000 7fddf6ffd700 1 --2- >> [v2:172.21.15.87:3300/0,v1:172.21.15.87:6789/0] conn(0x7fddf8076c50 0x7fddf8111620 unknown :-1 s=BANNER_CONNECTING pgs=0 cs=0 l=1 rev1=0 crypto rx=0 tx=0 comp rx=0 tx=0)._handle_peer_banner_payload supported=3 required=0
2024-04-25T04:40:48.822 INFO:teuthology.orchestra.run.smithi087.stdout:/usr/bin/ceph: stderr
2024-04-25T04:40:48.065+0000 7fddf6ffd700 1 --2- >> [v2:172.21.15.87:3300/0,v1:172.21.15.87:6789/0] conn(0x7fddf8076c50 0x7fddf8111620 unknown :-1 s=HELLO_CONNECTING pgs=0 cs=0 l=1 rev1=1 crypto rx=0 tx=0 comp rx=0 tx=0).handle_hello peer v2:172.21.15.87:3300/0 says I am v2:172.21.15.87:42128/0 (socket says 172.21.15.87:42128)
2024-04-25T04:40:48.822 INFO:teuthology.orchestra.run.smithi087.stdout:/usr/bin/ceph: stderr
2024-04-25T04:40:48.065+0000 7fddf6ffd700 1 -- 172.21.15.87:0/2451152703 learned_addr learned my addr 172.21.15.87:0/2451152703 (peer_addr_for_me v2:172.21.15.87:0/0)
2024-04-25T04:40:48.822 INFO:teuthology.orchestra.run.smithi087.stdout:/usr/bin/ceph: stderr
2024-04-25T04:40:48.065+0000 7fddf6ffd700 1 -- 172.21.15.87:0/2451152703 --> [v2:172.21.15.87:3300/0,v1:172.21.15.87:6789/0] -- mon_subscribe({config=0+,monmap=0+}) v3 -- 0x7fdde80094f0 con 0x7fddf8076c50
2024-04-25T04:40:48.822 INFO:teuthology.orchestra.run.smithi087.stdout:/usr/bin/ceph: stderr
2024-04-25T04:40:48.066+0000 7fddf6ffd700 1 --2- 172.21.15.87:0/2451152703 >> [v2:172.21.15.87:3300/0,v1:172.21.15.87:6789/0] conn(0x7fddf8076c50 0x7fddf8111620 secure :-1 s=READY pgs=64 cs=0 l=1 rev1=1 crypto rx=0x7fdde8006d40 tx=0x7fdde8009250 comp rx=0 tx=0).ready entity=mon.0 client_cookie=0 server_cookie=0 in_seq=0 out_seq=0
2024-04-25T04:40:48.822 INFO:teuthology.orchestra.run.smithi087.stdout:/usr/bin/ceph: stderr
2024-04-25T04:40:48.066+0000 7fdddf7fe700 1 -- 172.21.15.87:0/2451152703 <== mon.0 v2:172.21.15.87:3300/0 1 ==== mon_map magic: 0 v1 ==== 229+0+0 (secure 0 0 0) 0x7fdde8010840 con 0x7fddf8076c50
2024-04-25T04:40:48.822 INFO:teuthology.orchestra.run.smithi087.stdout:/usr/bin/ceph: stderr
2024-04-25T04:40:48.066+0000 7fdddf7fe700 1 -- 172.21.15.87:0/2451152703 <== mon.0 v2:172.21.15.87:3300/0 2 ==== config(27 keys) v1 ==== 1109+0+0 (secure 0 0 0) 0x7fdde8010e70 con 0x7fddf8076c50
2024-04-25T04:40:48.822 INFO:teuthology.orchestra.run.smithi087.stdout:/usr/bin/ceph: stderr
2024-04-25T04:40:48.066+0000 7fdddf7fe700 1 -- 172.21.15.87:0/2451152703 <== mon.0 v2:172.21.15.87:3300/0 3 ==== mon_map magic: 0 v1 ==== 229+0+0 (secure 0 0 0) 0x7fdde8024ea0 con 0x7fddf8076c50
2024-04-25T04:40:48.822 INFO:teuthology.orchestra.run.smithi087.stdout:/usr/bin/ceph: stderr
2024-04-25T04:40:48.066+0000 7fddfd67c700 1 -- 172.21.15.87:0/2451152703 --> [v2:172.21.15.87:3300/0,v1:172.21.15.87:6789/0] -- mon_subscribe({mgrmap=0+}) v3 -- 0x7fddf8111d60 con 0x7fddf8076c50
2024-04-25T04:40:48.822 INFO:teuthology.orchestra.run.smithi087.stdout:/usr/bin/ceph: stderr
2024-04-25T04:40:48.066+0000 7fddfd67c700 1 -- 172.21.15.87:0/2451152703 --> [v2:172.21.15.87:3300/0,v1:172.21.15.87:6789/0] -- mon_subscribe({osdmap=0}) v3 -- 0x7fddf81128d0 con 0x7fddf8076c50
2024-04-25T04:40:48.823 INFO:teuthology.orchestra.run.smithi087.stdout:/usr/bin/ceph: stderr
2024-04-25T04:40:48.067+0000 7fdddf7fe700 1 -- 172.21.15.87:0/2451152703 <== mon.0 v2:172.21.15.87:3300/0 4 ==== mgrmap(e 8) v1 ==== 43376+0+0 (secure 0 0 0) 0x7fdde801a510 con 0x7fddf8076c50
2024-04-25T04:40:48.823 INFO:teuthology.orchestra.run.smithi087.stdout:/usr/bin/ceph: stderr
2024-04-25T04:40:48.067+0000 7fdddf7fe700 1 --2- 172.21.15.87:0/2451152703 >> [v2:172.21.15.87:6800/3749386288,v1:172.21.15.87:6801/3749386288] conn(0x7fdde0036800 0x7fdde0038cb0 unknown :-1 s=NONE pgs=0 cs=0 l=1 rev1=0 crypto rx=0 tx=0 comp rx=0 tx=0).connect
2024-04-25T04:40:48.823 INFO:teuthology.orchestra.run.smithi087.stdout:/usr/bin/ceph: stderr
2024-04-25T04:40:48.067+0000 7fdddf7fe700 1 -- 172.21.15.87:0/2451152703 <== mon.0 v2:172.21.15.87:3300/0 5 ==== osd_map(2..2 src has 1..2) v4 ==== 936+0+0 (secure 0 0 0) 0x7fdde804a6c0 con 0x7fddf8076c50
2024-04-25T04:40:48.823 INFO:teuthology.orchestra.run.smithi087.stdout:/usr/bin/ceph: stderr
2024-04-25T04:40:48.067+0000 7fddf67fc700 1 --2- 172.21.15.87:0/2451152703 >> [v2:172.21.15.87:6800/3749386288,v1:172.21.15.87:6801/3749386288] conn(0x7fdde0036800 0x7fdde0038cb0 unknown :-1 s=BANNER_CONNECTING pgs=0 cs=0 l=1 rev1=0 crypto rx=0 tx=0 comp rx=0 tx=0)._handle_peer_banner_payload supported=3 required=0
2024-04-25T04:40:48.823 INFO:teuthology.orchestra.run.smithi087.stdout:/usr/bin/ceph: stderr
2024-04-25T04:40:48.067+0000 7fddfd67c700 1 -- 172.21.15.87:0/2451152703 --> [v2:172.21.15.87:3300/0,v1:172.21.15.87:6789/0] -- mon_command({"prefix": "get_command_descriptions"} v 0) v1 -- 0x7fddf805f5c0 con 0x7fddf8076c50
2024-04-25T04:40:48.823 INFO:teuthology.orchestra.run.smithi087.stdout:/usr/bin/ceph: stderr
2024-04-25T04:40:48.067+0000 7fddf67fc700 1 --2- 172.21.15.87:0/2451152703 >> [v2:172.21.15.87:6800/3749386288,v1:172.21.15.87:6801/3749386288] conn(0x7fdde0036800 0x7fdde0038cb0 secure :-1 s=READY pgs=20 cs=0 l=1 rev1=1 crypto rx=0x7fddec009990 tx=0x7fddec006e40 comp rx=0 tx=0).ready entity=mgr.14120 client_cookie=0 server_cookie=0 in_seq=0 out_seq=0
2024-04-25T04:40:48.823 INFO:teuthology.orchestra.run.smithi087.stdout:/usr/bin/ceph: stderr
2024-04-25T04:40:48.072+0000 7fdddf7fe700 1 -- 172.21.15.87:0/2451152703 <== mon.0 v2:172.21.15.87:3300/0 6 ==== mon_command_ack([{"prefix": "get_command_descriptions"}]=0 v0) v1 ==== 72+0+176702 (secure 0 0 0) 0x7fdde8018940 con 0x7fddf8076c50
2024-04-25T04:40:48.823 INFO:teuthology.orchestra.run.smithi087.stdout:/usr/bin/ceph: stderr
2024-04-25T04:40:48.259+0000 7fddfd67c700 1 -- 172.21.15.87:0/2451152703 --> [v2:172.21.15.87:3300/0,v1:172.21.15.87:6789/0] -- mon_command([{prefix=config set, name=mgr/dashboard/ssl_server_port}] v 0) v1 -- 0x7fddf804bed0 con 0x7fddf8076c50
2024-04-25T04:40:48.823 INFO:teuthology.orchestra.run.smithi087.stdout:/usr/bin/ceph: stderr
2024-04-25T04:40:48.263+0000 7fdddf7fe700 1 -- 172.21.15.87:0/2451152703 <== mon.0 v2:172.21.15.87:3300/0 7 ==== mon_command_ack([{prefix=config set, name=mgr/dashboard/ssl_server_port}]=0 v8)=0 v8) v1 ==== 130+0+0 (secure 0 0 0) 0x7fdde8048020 con 0x7fddf8076c50
2024-04-25T04:40:48.823 INFO:teuthology.orchestra.run.smithi087.stdout:/usr/bin/ceph: stderr
2024-04-25T04:40:48.265+0000 7fddfd67c700 1 -- 172.21.15.87:0/2451152703 >> [v2:172.21.15.87:6800/3749386288,v1:172.21.15.87:6801/3749386288] conn(0x7fdde0036800 msgr2=0x7fdde0038cb0 secure :-1 s=STATE_CONNECTION_ESTABLISHED l=1).mark_down
2024-04-25T04:40:48.823 INFO:teuthology.orchestra.run.smithi087.stdout:/usr/bin/ceph: stderr
2024-04-25T04:40:48.265+0000 7fddfd67c700 1 --2- 172.21.15.87:0/2451152703 >> [v2:172.21.15.87:6800/3749386288,v1:172.21.15.87:6801/3749386288] conn(0x7fdde0036800 0x7fdde0038cb0 secure :-1 s=READY pgs=20 cs=0 l=1 rev1=1 crypto rx=0x7fddec009990 tx=0x7fddec006e40 comp rx=0 tx=0).stop
2024-04-25T04:40:48.823 INFO:teuthology.orchestra.run.smithi087.stdout:/usr/bin/ceph: stderr
2024-04-25T04:40:48.265+0000 7fddfd67c700 1 -- 172.21.15.87:0/2451152703 >> [v2:172.21.15.87:3300/0,v1:172.21.15.87:6789/0] conn(0x7fddf8076c50 msgr2=0x7fddf8111620 secure :-1 s=STATE_CONNECTION_ESTABLISHED l=1).mark_down
2024-04-25T04:40:48.823 INFO:teuthology.orchestra.run.smithi087.stdout:/usr/bin/ceph: stderr
2024-04-25T04:40:48.265+0000 7fddfd67c700 1 --2- 172.21.15.87:0/2451152703 >> [v2:172.21.15.87:3300/0,v1:172.21.15.87:6789/0] conn(0x7fddf8076c50 0x7fddf8111620 secure :-1 s=READY pgs=64 cs=0 l=1 rev1=1 crypto rx=0x7fdde8006d40 tx=0x7fdde8009250 comp rx=0 tx=0).stop
2024-04-25T04:40:48.823 INFO:teuthology.orchestra.run.smithi087.stdout:/usr/bin/ceph: stderr
2024-04-25T04:40:48.265+0000 7fddfd67c700 1 -- 172.21.15.87:0/2451152703 shutdown_connections
2024-04-25T04:40:48.824 INFO:teuthology.orchestra.run.smithi087.stdout:/usr/bin/ceph: stderr
2024-04-25T04:40:48.265+0000 7fddfd67c700 1 --2- 172.21.15.87:0/2451152703 >> [v2:172.21.15.87:6800/3749386288,v1:172.21.15.87:6801/3749386288] conn(0x7fdde0036800 0x7fdde0038cb0 unknown :-1 s=CLOSED pgs=20 cs=0 l=1 rev1=1 crypto rx=0 tx=0 comp rx=0 tx=0).stop
2024-04-25T04:40:48.824 INFO:teuthology.orchestra.run.smithi087.stdout:/usr/bin/ceph: stderr
2024-04-25T04:40:48.265+0000 7fddfd67c700 1 --2- 172.21.15.87:0/2451152703 >> [v2:172.21.15.87:3300/0,v1:172.21.15.87:6789/0] conn(0x7fddf8076c50 0x7fddf8111620 unknown :-1 s=CLOSED pgs=64 cs=0 l=1 rev1=1 crypto rx=0 tx=0 comp rx=0 tx=0).stop
2024-04-25T04:40:48.824 INFO:teuthology.orchestra.run.smithi087.stdout:/usr/bin/ceph: stderr
2024-04-25T04:40:48.265+0000 7fddfd67c700 1 -- 172.21.15.87:0/2451152703 >> 172.21.15.87:0/2451152703 conn(0x7fddf80fcef0 msgr2=0x7fddf80fd9a0 unknown :-1 s=STATE_NONE l=0).mark_down
2024-04-25T04:40:48.824 INFO:teuthology.orchestra.run.smithi087.stdout:/usr/bin/ceph: stderr
2024-04-25T04:40:48.266+0000 7fddfd67c700 1 -- 172.21.15.87:0/2451152703 shutdown_connections
2024-04-25T04:40:48.824 INFO:teuthology.orchestra.run.smithi087.stdout:/usr/bin/ceph: stderr
2024-04-25T04:40:48.266+0000 7fddfd67c700 1 -- 172.21.15.87:0/2451152703 wait complete.
2024-04-25T04:40:48.824 INFO:teuthology.orchestra.run.smithi087.stdout:Enabling the dashboard module...
2024-04-25T04:40:49.466 INFO:journalctl@ceph.mon.smithi087.smithi087.stdout:Apr 25 04:40:49 smithi087 ceph-mon[26327]: pgmap v4: 0 pgs: ; 0 B data, 0 B used, 0 B / 0 B avail
2024-04-25T04:40:49.466 INFO:journalctl@ceph.mon.smithi087.smithi087.stdout:Apr 25 04:40:49 smithi087 ceph-mon[26327]: from='client.? 172.21.15.87:0/2451152703' entity='client.admin'
2024-04-25T04:40:50.532 INFO:journalctl@ceph.mon.smithi087.smithi087.stdout:Apr 25 04:40:50 smithi087 ceph-mon[26327]: from='client.? 172.21.15.87:0/3187894166' entity='client.admin' cmd=[{"prefix": "mgr module enable", "module": "dashboard"}]: dispatch
2024-04-25T04:40:50.910 INFO:teuthology.orchestra.run.smithi087.stdout:/usr/bin/ceph: stderr
2024-04-25T04:40:49.255+0000 7ffa52520700 1 Processor -- start
2024-04-25T04:40:50.910 INFO:teuthology.orchestra.run.smithi087.stdout:/usr/bin/ceph: stderr
2024-04-25T04:40:49.255+0000 7ffa52520700 1 -- start start
2024-04-25T04:40:50.910 INFO:teuthology.orchestra.run.smithi087.stdout:/usr/bin/ceph: stderr
2024-04-25T04:40:49.255+0000 7ffa52520700 1 --2- >> [v2:172.21.15.87:3300/0,v1:172.21.15.87:6789/0] conn(0x7ffa4c102880 0x7ffa4c102c90 unknown :-1 s=NONE pgs=0 cs=0 l=0 rev1=0 crypto rx=0 tx=0 comp rx=0 tx=0).connect
2024-04-25T04:40:50.910 INFO:teuthology.orchestra.run.smithi087.stdout:/usr/bin/ceph: stderr
2024-04-25T04:40:49.255+0000 7ffa52520700 1 -- --> [v2:172.21.15.87:3300/0,v1:172.21.15.87:6789/0] -- mon_getmap magic: 0 v1 -- 0x7ffa4c1031d0 con 0x7ffa4c102880
2024-04-25T04:40:50.910 INFO:teuthology.orchestra.run.smithi087.stdout:/usr/bin/ceph: stderr
2024-04-25T04:40:49.256+0000 7ffa4bfff700 1 --2- >> [v2:172.21.15.87:3300/0,v1:172.21.15.87:6789/0] conn(0x7ffa4c102880 0x7ffa4c102c90 unknown :-1 s=BANNER_CONNECTING pgs=0 cs=0 l=0 rev1=0 crypto rx=0 tx=0 comp rx=0 tx=0)._handle_peer_banner_payload supported=3 required=0
2024-04-25T04:40:50.910 INFO:teuthology.orchestra.run.smithi087.stdout:/usr/bin/ceph: stderr
2024-04-25T04:40:49.256+0000 7ffa4bfff700 1 --2- >> [v2:172.21.15.87:3300/0,v1:172.21.15.87:6789/0] conn(0x7ffa4c102880 0x7ffa4c102c90 unknown :-1 s=HELLO_CONNECTING pgs=0 cs=0 l=0 rev1=1 crypto rx=0 tx=0 comp rx=0 tx=0).handle_hello peer v2:172.21.15.87:3300/0 says I am v2:172.21.15.87:42132/0 (socket says 172.21.15.87:42132)
2024-04-25T04:40:50.910 INFO:teuthology.orchestra.run.smithi087.stdout:/usr/bin/ceph: stderr
2024-04-25T04:40:49.256+0000 7ffa4bfff700 1 -- 172.21.15.87:0/2523789225 learned_addr learned my addr 172.21.15.87:0/2523789225 (peer_addr_for_me v2:172.21.15.87:0/0)
2024-04-25T04:40:50.910 INFO:teuthology.orchestra.run.smithi087.stdout:/usr/bin/ceph: stderr
2024-04-25T04:40:49.256+0000 7ffa4bfff700 1 -- 172.21.15.87:0/2523789225 --> [v2:172.21.15.87:3300/0,v1:172.21.15.87:6789/0] -- mon_subscribe({config=0+,monmap=0+}) v3 -- 0x7ffa4c103310 con 0x7ffa4c102880
2024-04-25T04:40:50.910 INFO:teuthology.orchestra.run.smithi087.stdout:/usr/bin/ceph: stderr
2024-04-25T04:40:49.256+0000 7ffa4bfff700 1 --2- 172.21.15.87:0/2523789225 >> [v2:172.21.15.87:3300/0,v1:172.21.15.87:6789/0] conn(0x7ffa4c102880 0x7ffa4c102c90 secure :-1 s=READY pgs=65 cs=0 l=1 rev1=1 crypto rx=0x7ffa3c0098e0 tx=0x7ffa3c009250 comp rx=0 tx=0).ready entity=mon.0 client_cookie=2797f00631bf1fa5 server_cookie=0 in_seq=0 out_seq=0
2024-04-25T04:40:50.911 INFO:teuthology.orchestra.run.smithi087.stdout:/usr/bin/ceph: stderr
2024-04-25T04:40:49.256+0000 7ffa4affd700 1 -- 172.21.15.87:0/2523789225 <== mon.0 v2:172.21.15.87:3300/0 1 ==== mon_map magic: 0 v1 ==== 229+0+0 (secure 0 0 0) 0x7ffa3c00b860 con 0x7ffa4c102880
2024-04-25T04:40:50.913 INFO:teuthology.orchestra.run.smithi087.stdout:/usr/bin/ceph: stderr
2024-04-25T04:40:49.256+0000 7ffa4affd700 1 -- 172.21.15.87:0/2523789225 <== mon.0 v2:172.21.15.87:3300/0 2 ==== config(27 keys) v1 ==== 1109+0+0 (secure 0 0 0) 0x7ffa3c00be90 con 0x7ffa4c102880
2024-04-25T04:40:50.914 INFO:teuthology.orchestra.run.smithi087.stdout:/usr/bin/ceph: stderr
2024-04-25T04:40:49.256+0000 7ffa4affd700 1 -- 172.21.15.87:0/2523789225 <== mon.0 v2:172.21.15.87:3300/0 3 ==== mon_map magic: 0 v1 ==== 229+0+0 (secure 0 0 0) 0x7ffa3c0103c0 con 0x7ffa4c102880
2024-04-25T04:40:50.914 INFO:teuthology.orchestra.run.smithi087.stdout:/usr/bin/ceph: stderr
2024-04-25T04:40:49.257+0000 7ffa52520700 1 -- 172.21.15.87:0/2523789225 >> [v2:172.21.15.87:3300/0,v1:172.21.15.87:6789/0] conn(0x7ffa4c102880 msgr2=0x7ffa4c102c90 secure :-1 s=STATE_CONNECTION_ESTABLISHED l=1).mark_down
2024-04-25T04:40:50.914 INFO:teuthology.orchestra.run.smithi087.stdout:/usr/bin/ceph: stderr
2024-04-25T04:40:49.257+0000 7ffa52520700 1 --2- 172.21.15.87:0/2523789225 >> [v2:172.21.15.87:3300/0,v1:172.21.15.87:6789/0] conn(0x7ffa4c102880 0x7ffa4c102c90 secure :-1 s=READY pgs=65 cs=0 l=1 rev1=1 crypto rx=0x7ffa3c0098e0 tx=0x7ffa3c009250 comp rx=0 tx=0).stop
2024-04-25T04:40:50.914 INFO:teuthology.orchestra.run.smithi087.stdout:/usr/bin/ceph: stderr
2024-04-25T04:40:49.257+0000 7ffa52520700 1 -- 172.21.15.87:0/2523789225 shutdown_connections
2024-04-25T04:40:50.914 INFO:teuthology.orchestra.run.smithi087.stdout:/usr/bin/ceph: stderr
2024-04-25T04:40:49.257+0000 7ffa52520700 1 --2- 172.21.15.87:0/2523789225 >> [v2:172.21.15.87:3300/0,v1:172.21.15.87:6789/0] conn(0x7ffa4c102880 0x7ffa4c102c90 unknown :-1 s=CLOSED pgs=65 cs=0 l=1 rev1=1 crypto rx=0 tx=0 comp rx=0 tx=0).stop
2024-04-25T04:40:50.914 INFO:teuthology.orchestra.run.smithi087.stdout:/usr/bin/ceph: stderr
2024-04-25T04:40:49.257+0000 7ffa52520700 1 -- 172.21.15.87:0/2523789225 >> 172.21.15.87:0/2523789225 conn(0x7ffa4c0fe060 msgr2=0x7ffa4c100470 unknown :-1 s=STATE_NONE l=0).mark_down
2024-04-25T04:40:50.914 INFO:teuthology.orchestra.run.smithi087.stdout:/usr/bin/ceph: stderr
2024-04-25T04:40:49.257+0000 7ffa52520700 1 -- 172.21.15.87:0/2523789225 shutdown_connections
2024-04-25T04:40:50.914 INFO:teuthology.orchestra.run.smithi087.stdout:/usr/bin/ceph: stderr
2024-04-25T04:40:49.257+0000 7ffa52520700 1 -- 172.21.15.87:0/2523789225 wait complete.
2024-04-25T04:40:50.914 INFO:teuthology.orchestra.run.smithi087.stdout:/usr/bin/ceph: stderr
2024-04-25T04:40:49.257+0000 7ffa52520700 1 Processor -- start
2024-04-25T04:40:50.914 INFO:teuthology.orchestra.run.smithi087.stdout:/usr/bin/ceph: stderr
2024-04-25T04:40:49.258+0000 7ffa52520700 1 -- start start
2024-04-25T04:40:50.914 INFO:teuthology.orchestra.run.smithi087.stdout:/usr/bin/ceph: stderr
2024-04-25T04:40:49.258+0000 7ffa52520700 1 --2- >> [v2:172.21.15.87:3300/0,v1:172.21.15.87:6789/0] conn(0x7ffa4c102880 0x7ffa4c111620 unknown :-1 s=NONE pgs=0 cs=0 l=1 rev1=0 crypto rx=0 tx=0 comp rx=0 tx=0).connect
2024-04-25T04:40:50.914 INFO:teuthology.orchestra.run.smithi087.stdout:/usr/bin/ceph: stderr
2024-04-25T04:40:49.258+0000 7ffa52520700 1 -- --> [v2:172.21.15.87:3300/0,v1:172.21.15.87:6789/0] -- mon_getmap magic: 0 v1 -- 0x7ffa4c111b60 con 0x7ffa4c102880
2024-04-25T04:40:50.914 INFO:teuthology.orchestra.run.smithi087.stdout:/usr/bin/ceph: stderr
2024-04-25T04:40:49.258+0000 7ffa4bfff700 1 --2- >> [v2:172.21.15.87:3300/0,v1:172.21.15.87:6789/0] conn(0x7ffa4c102880 0x7ffa4c111620 unknown :-1 s=BANNER_CONNECTING pgs=0 cs=0 l=1 rev1=0 crypto rx=0 tx=0 comp rx=0 tx=0)._handle_peer_banner_payload supported=3 required=0
2024-04-25T04:40:50.914 INFO:teuthology.orchestra.run.smithi087.stdout:/usr/bin/ceph: stderr
2024-04-25T04:40:49.258+0000 7ffa4bfff700 1 --2- >> [v2:172.21.15.87:3300/0,v1:172.21.15.87:6789/0] conn(0x7ffa4c102880 0x7ffa4c111620 unknown :-1 s=HELLO_CONNECTING pgs=0 cs=0 l=1 rev1=1 crypto rx=0 tx=0 comp rx=0 tx=0).handle_hello peer v2:172.21.15.87:3300/0 says I am v2:172.21.15.87:42140/0 (socket says 172.21.15.87:42140)
2024-04-25T04:40:50.915 INFO:teuthology.orchestra.run.smithi087.stdout:/usr/bin/ceph: stderr
2024-04-25T04:40:49.258+0000 7ffa4bfff700 1 -- 172.21.15.87:0/3187894166 learned_addr learned my addr 172.21.15.87:0/3187894166 (peer_addr_for_me v2:172.21.15.87:0/0)
2024-04-25T04:40:50.915 INFO:teuthology.orchestra.run.smithi087.stdout:/usr/bin/ceph: stderr
2024-04-25T04:40:49.258+0000 7ffa4bfff700 1 -- 172.21.15.87:0/3187894166 --> [v2:172.21.15.87:3300/0,v1:172.21.15.87:6789/0] -- mon_subscribe({config=0+,monmap=0+}) v3 -- 0x7ffa3c0094f0 con 0x7ffa4c102880
2024-04-25T04:40:50.915 INFO:teuthology.orchestra.run.smithi087.stdout:/usr/bin/ceph: stderr
2024-04-25T04:40:49.258+0000 7ffa4bfff700 1 --2- 172.21.15.87:0/3187894166 >> [v2:172.21.15.87:3300/0,v1:172.21.15.87:6789/0] conn(0x7ffa4c102880 0x7ffa4c111620 secure :-1 s=READY pgs=66 cs=0 l=1 rev1=1 crypto rx=0x7ffa3c011680 tx=0x7ffa3c009250 comp rx=0 tx=0).ready entity=mon.0 client_cookie=0 server_cookie=0 in_seq=0 out_seq=0
2024-04-25T04:40:50.915 INFO:teuthology.orchestra.run.smithi087.stdout:/usr/bin/ceph: stderr
2024-04-25T04:40:49.258+0000 7ffa48ff9700 1 -- 172.21.15.87:0/3187894166 <== mon.0 v2:172.21.15.87:3300/0 1 ==== mon_map magic: 0 v1 ==== 229+0+0 (secure 0 0 0) 0x7ffa3c010890 con 0x7ffa4c102880
2024-04-25T04:40:50.915 INFO:teuthology.orchestra.run.smithi087.stdout:/usr/bin/ceph: stderr
2024-04-25T04:40:49.258+0000 7ffa48ff9700 1 -- 172.21.15.87:0/3187894166 <== mon.0 v2:172.21.15.87:3300/0 2 ==== config(27 keys) v1 ==== 1109+0+0 (secure 0 0 0) 0x7ffa3c010ec0 con 0x7ffa4c102880
2024-04-25T04:40:50.915 INFO:teuthology.orchestra.run.smithi087.stdout:/usr/bin/ceph: stderr
2024-04-25T04:40:49.258+0000 7ffa52520700 1 -- 172.21.15.87:0/3187894166 --> [v2:172.21.15.87:3300/0,v1:172.21.15.87:6789/0] -- mon_subscribe({mgrmap=0+}) v3 -- 0x7ffa4c111d60 con 0x7ffa4c102880
2024-04-25T04:40:50.915 INFO:teuthology.orchestra.run.smithi087.stdout:/usr/bin/ceph: stderr
2024-04-25T04:40:49.258+0000 7ffa48ff9700 1 -- 172.21.15.87:0/3187894166 <== mon.0 v2:172.21.15.87:3300/0 3 ==== mon_map magic: 0 v1 ==== 229+0+0 (secure 0 0 0) 0x7ffa3c0243f0 con 0x7ffa4c102880
2024-04-25T04:40:50.915 INFO:teuthology.orchestra.run.smithi087.stdout:/usr/bin/ceph: stderr
2024-04-25T04:40:49.259+0000 7ffa52520700 1 -- 172.21.15.87:0/3187894166 --> [v2:172.21.15.87:3300/0,v1:172.21.15.87:6789/0] -- mon_subscribe({osdmap=0}) v3 -- 0x7ffa4c1128d0 con 0x7ffa4c102880
2024-04-25T04:40:50.915 INFO:teuthology.orchestra.run.smithi087.stdout:/usr/bin/ceph: stderr
2024-04-25T04:40:49.259+0000 7ffa48ff9700 1 -- 172.21.15.87:0/3187894166 <== mon.0 v2:172.21.15.87:3300/0 4 ==== mgrmap(e 8) v1 ==== 43376+0+0 (secure 0 0 0) 0x7ffa3c02d3f0 con 0x7ffa4c102880
2024-04-25T04:40:50.915 INFO:teuthology.orchestra.run.smithi087.stdout:/usr/bin/ceph: stderr
2024-04-25T04:40:49.259+0000 7ffa52520700 1 -- 172.21.15.87:0/3187894166 --> [v2:172.21.15.87:3300/0,v1:172.21.15.87:6789/0] -- mon_command({"prefix": "get_command_descriptions"} v 0) v1 -- 0x7ffa4c05f5c0 con 0x7ffa4c102880
2024-04-25T04:40:50.915 INFO:teuthology.orchestra.run.smithi087.stdout:/usr/bin/ceph: stderr
2024-04-25T04:40:49.260+0000 7ffa48ff9700 1 --2- 172.21.15.87:0/3187894166 >> [v2:172.21.15.87:6800/3749386288,v1:172.21.15.87:6801/3749386288] conn(0x7ffa34036850 0x7ffa34038d00 unknown :-1 s=NONE pgs=0 cs=0 l=1 rev1=0 crypto rx=0 tx=0 comp rx=0 tx=0).connect
2024-04-25T04:40:50.915 INFO:teuthology.orchestra.run.smithi087.stdout:/usr/bin/ceph: stderr
2024-04-25T04:40:49.260+0000 7ffa48ff9700 1 -- 172.21.15.87:0/3187894166 <== mon.0 v2:172.21.15.87:3300/0 5 ==== osd_map(2..2 src has 1..2) v4 ==== 936+0+0 (secure 0 0 0) 0x7ffa3c04a270 con 0x7ffa4c102880
2024-04-25T04:40:50.915 INFO:teuthology.orchestra.run.smithi087.stdout:/usr/bin/ceph: stderr
2024-04-25T04:40:49.260+0000 7ffa4b7fe700 1 --2- 172.21.15.87:0/3187894166 >> [v2:172.21.15.87:6800/3749386288,v1:172.21.15.87:6801/3749386288] conn(0x7ffa34036850 0x7ffa34038d00 unknown :-1 s=BANNER_CONNECTING pgs=0 cs=0 l=1 rev1=0 crypto rx=0 tx=0 comp rx=0 tx=0)._handle_peer_banner_payload supported=3 required=0
2024-04-25T04:40:50.915 INFO:teuthology.orchestra.run.smithi087.stdout:/usr/bin/ceph: stderr
2024-04-25T04:40:49.260+0000 7ffa4b7fe700 1 --2- 172.21.15.87:0/3187894166 >> [v2:172.21.15.87:6800/3749386288,v1:172.21.15.87:6801/3749386288] conn(0x7ffa34036850 0x7ffa34038d00 secure :-1 s=READY pgs=21 cs=0 l=1 rev1=1 crypto rx=0x7ffa40009990 tx=0x7ffa40006e40 comp rx=0 tx=0).ready entity=mgr.14120 client_cookie=0 server_cookie=0 in_seq=0 out_seq=0
2024-04-25T04:40:50.916 INFO:teuthology.orchestra.run.smithi087.stdout:/usr/bin/ceph: stderr
2024-04-25T04:40:49.264+0000 7ffa48ff9700 1 -- 172.21.15.87:0/3187894166 <== mon.0 v2:172.21.15.87:3300/0 6 ==== mon_command_ack([{"prefix": "get_command_descriptions"}]=0 v0) v1 ==== 72+0+176702 (secure 0 0 0) 0x7ffa3c02b8e0 con 0x7ffa4c102880
2024-04-25T04:40:50.916 INFO:teuthology.orchestra.run.smithi087.stdout:/usr/bin/ceph: stderr
2024-04-25T04:40:49.506+0000 7ffa52520700 1 -- 172.21.15.87:0/3187894166 --> [v2:172.21.15.87:3300/0,v1:172.21.15.87:6789/0] -- mon_command({"prefix": "mgr module enable", "module": "dashboard"} v 0) v1 -- 0x7ffa4c04bed0 con 0x7ffa4c102880
2024-04-25T04:40:50.916 INFO:teuthology.orchestra.run.smithi087.stdout:/usr/bin/ceph: stderr
2024-04-25T04:40:50.270+0000 7ffa48ff9700 1 -- 172.21.15.87:0/3187894166 <== mon.0 v2:172.21.15.87:3300/0 7 ==== mgrmap(e 9) v1 ==== 43389+0+0 (secure 0 0 0) 0x7ffa3c01a8c0 con 0x7ffa4c102880
2024-04-25T04:40:50.916 INFO:teuthology.orchestra.run.smithi087.stdout:/usr/bin/ceph: stderr
2024-04-25T04:40:50.271+0000 7ffa48ff9700 1 -- 172.21.15.87:0/3187894166 <== mon.0 v2:172.21.15.87:3300/0 8 ==== mon_command_ack([{"prefix": "mgr module enable", "module": "dashboard"}]=0 v9) v1 ==== 88+0+0 (secure 0 0 0) 0x7ffa3c0188c0 con 0x7ffa4c102880
2024-04-25T04:40:50.916 INFO:teuthology.orchestra.run.smithi087.stdout:/usr/bin/ceph: stderr
2024-04-25T04:40:50.273+0000 7ffa52520700 1 -- 172.21.15.87:0/3187894166 >> [v2:172.21.15.87:6800/3749386288,v1:172.21.15.87:6801/3749386288] conn(0x7ffa34036850 msgr2=0x7ffa34038d00 secure :-1 s=STATE_CONNECTION_ESTABLISHED l=1).mark_down
2024-04-25T04:40:50.916 INFO:teuthology.orchestra.run.smithi087.stdout:/usr/bin/ceph: stderr
2024-04-25T04:40:50.273+0000 7ffa52520700 1 --2- 172.21.15.87:0/3187894166 >> [v2:172.21.15.87:6800/3749386288,v1:172.21.15.87:6801/3749386288] conn(0x7ffa34036850 0x7ffa34038d00 secure :-1 s=READY pgs=21 cs=0 l=1 rev1=1 crypto rx=0x7ffa40009990 tx=0x7ffa40006e40 comp rx=0 tx=0).stop
2024-04-25T04:40:50.916 INFO:teuthology.orchestra.run.smithi087.stdout:/usr/bin/ceph: stderr
2024-04-25T04:40:50.273+0000 7ffa52520700 1 -- 172.21.15.87:0/3187894166 >> [v2:172.21.15.87:3300/0,v1:172.21.15.87:6789/0] conn(0x7ffa4c102880 msgr2=0x7ffa4c111620 secure :-1 s=STATE_CONNECTION_ESTABLISHED l=1).mark_down
2024-04-25T04:40:50.916 INFO:teuthology.orchestra.run.smithi087.stdout:/usr/bin/ceph: stderr
2024-04-25T04:40:50.273+0000 7ffa52520700 1 --2- 172.21.15.87:0/3187894166 >> [v2:172.21.15.87:3300/0,v1:172.21.15.87:6789/0] conn(0x7ffa4c102880 0x7ffa4c111620 secure :-1 s=READY pgs=66 cs=0 l=1 rev1=1 crypto rx=0x7ffa3c011680 tx=0x7ffa3c009250 comp rx=0 tx=0).stop
2024-04-25T04:40:50.916 INFO:teuthology.orchestra.run.smithi087.stdout:/usr/bin/ceph: stderr
2024-04-25T04:40:50.273+0000 7ffa52520700 1 -- 172.21.15.87:0/3187894166 shutdown_connections
2024-04-25T04:40:50.916 INFO:teuthology.orchestra.run.smithi087.stdout:/usr/bin/ceph: stderr
2024-04-25T04:40:50.273+0000 7ffa52520700 1 --2- 172.21.15.87:0/3187894166 >> [v2:172.21.15.87:6800/3749386288,v1:172.21.15.87:6801/3749386288] conn(0x7ffa34036850 0x7ffa34038d00 unknown :-1 s=CLOSED pgs=21 cs=0 l=1 rev1=1 crypto rx=0 tx=0 comp rx=0 tx=0).stop
2024-04-25T04:40:50.916 INFO:teuthology.orchestra.run.smithi087.stdout:/usr/bin/ceph: stderr
2024-04-25T04:40:50.273+0000 7ffa52520700 1 --2- 172.21.15.87:0/3187894166 >> [v2:172.21.15.87:3300/0,v1:172.21.15.87:6789/0] conn(0x7ffa4c102880 0x7ffa4c111620 unknown :-1 s=CLOSED pgs=66 cs=0 l=1 rev1=1 crypto rx=0 tx=0 comp rx=0 tx=0).stop
2024-04-25T04:40:50.916 INFO:teuthology.orchestra.run.smithi087.stdout:/usr/bin/ceph: stderr
2024-04-25T04:40:50.273+0000 7ffa52520700 1 -- 172.21.15.87:0/3187894166 >> 172.21.15.87:0/3187894166 conn(0x7ffa4c0fe060 msgr2=0x7ffa4c0feb40 unknown :-1 s=STATE_NONE l=0).mark_down
2024-04-25T04:40:50.916 INFO:teuthology.orchestra.run.smithi087.stdout:/usr/bin/ceph: stderr
2024-04-25T04:40:50.273+0000 7ffa52520700 1 -- 172.21.15.87:0/3187894166 shutdown_connections
2024-04-25T04:40:50.916 INFO:teuthology.orchestra.run.smithi087.stdout:/usr/bin/ceph: stderr
2024-04-25T04:40:50.273+0000 7ffa52520700 1 -- 172.21.15.87:0/3187894166 wait complete.
2024-04-25T04:40:51.534 INFO:journalctl@ceph.mon.smithi087.smithi087.stdout:Apr 25 04:40:51 smithi087 ceph-mon[26327]: from='client.? 172.21.15.87:0/3187894166' entity='client.admin' cmd='[{"prefix": "mgr module enable", "module": "dashboard"}]': finished
2024-04-25T04:40:51.534 INFO:journalctl@ceph.mon.smithi087.smithi087.stdout:Apr 25 04:40:51 smithi087 ceph-mon[26327]: mgrmap e9: smithi087.phlyet(active, since 24s)
2024-04-25T04:40:52.269 INFO:teuthology.orchestra.run.smithi087.stdout:/usr/bin/ceph: stdout {
2024-04-25T04:40:52.269 INFO:teuthology.orchestra.run.smithi087.stdout:/usr/bin/ceph: stdout "epoch": 9,
2024-04-25T04:40:52.269 INFO:teuthology.orchestra.run.smithi087.stdout:/usr/bin/ceph: stdout "available": true,
2024-04-25T04:40:52.270 INFO:teuthology.orchestra.run.smithi087.stdout:/usr/bin/ceph: stdout "active_name": "smithi087.phlyet",
2024-04-25T04:40:52.270 INFO:teuthology.orchestra.run.smithi087.stdout:/usr/bin/ceph: stdout "num_standby": 0
2024-04-25T04:40:52.270 INFO:teuthology.orchestra.run.smithi087.stdout:/usr/bin/ceph: stdout }
2024-04-25T04:40:52.270 INFO:teuthology.orchestra.run.smithi087.stdout:/usr/bin/ceph: stderr
2024-04-25T04:40:51.327+0000 7f4eda6f1700 1 Processor -- start
2024-04-25T04:40:52.270 INFO:teuthology.orchestra.run.smithi087.stdout:/usr/bin/ceph: stderr
2024-04-25T04:40:51.327+0000 7f4eda6f1700 1 -- start start
2024-04-25T04:40:52.270 INFO:teuthology.orchestra.run.smithi087.stdout:/usr/bin/ceph: stderr
2024-04-25T04:40:51.327+0000 7f4eda6f1700 1 --2- >> [v2:172.21.15.87:3300/0,v1:172.21.15.87:6789/0] conn(0x7f4ed4103eb0 0x7f4ed41042c0 unknown :-1 s=NONE pgs=0 cs=0 l=0 rev1=0 crypto rx=0 tx=0 comp rx=0 tx=0).connect
2024-04-25T04:40:52.270 INFO:teuthology.orchestra.run.smithi087.stdout:/usr/bin/ceph: stderr
2024-04-25T04:40:51.327+0000 7f4eda6f1700 1 -- --> [v2:172.21.15.87:3300/0,v1:172.21.15.87:6789/0] -- mon_getmap magic: 0 v1 -- 0x7f4ed4063cc0 con 0x7f4ed4103eb0
2024-04-25T04:40:52.270 INFO:teuthology.orchestra.run.smithi087.stdout:/usr/bin/ceph: stderr
2024-04-25T04:40:51.327+0000 7f4ed3fff700 1 --2- >> [v2:172.21.15.87:3300/0,v1:172.21.15.87:6789/0] conn(0x7f4ed4103eb0 0x7f4ed41042c0 unknown :-1 s=BANNER_CONNECTING pgs=0 cs=0 l=0 rev1=0 crypto rx=0 tx=0 comp rx=0 tx=0)._handle_peer_banner_payload supported=3 required=0
2024-04-25T04:40:52.270 INFO:teuthology.orchestra.run.smithi087.stdout:/usr/bin/ceph: stderr
2024-04-25T04:40:51.327+0000 7f4ed3fff700 1 --2- >> [v2:172.21.15.87:3300/0,v1:172.21.15.87:6789/0] conn(0x7f4ed4103eb0 0x7f4ed41042c0 unknown :-1 s=HELLO_CONNECTING pgs=0 cs=0 l=0 rev1=1 crypto rx=0 tx=0 comp rx=0 tx=0).handle_hello peer v2:172.21.15.87:3300/0 says I am v2:172.21.15.87:42162/0 (socket says 172.21.15.87:42162)
2024-04-25T04:40:52.270 INFO:teuthology.orchestra.run.smithi087.stdout:/usr/bin/ceph: stderr
2024-04-25T04:40:51.327+0000 7f4ed3fff700 1 -- 172.21.15.87:0/3749084754 learned_addr learned my addr 172.21.15.87:0/3749084754 (peer_addr_for_me v2:172.21.15.87:0/0)
2024-04-25T04:40:52.270 INFO:teuthology.orchestra.run.smithi087.stdout:/usr/bin/ceph: stderr
2024-04-25T04:40:51.327+0000 7f4ed3fff700 1 -- 172.21.15.87:0/3749084754 --> [v2:172.21.15.87:3300/0,v1:172.21.15.87:6789/0] -- mon_subscribe({config=0+,monmap=0+}) v3 -- 0x7f4ed4104800 con 0x7f4ed4103eb0
2024-04-25T04:40:52.270 INFO:teuthology.orchestra.run.smithi087.stdout:/usr/bin/ceph: stderr
2024-04-25T04:40:51.328+0000 7f4ed3fff700 1 --2- 172.21.15.87:0/3749084754 >> [v2:172.21.15.87:3300/0,v1:172.21.15.87:6789/0] conn(0x7f4ed4103eb0 0x7f4ed41042c0 secure :-1 s=READY pgs=69 cs=0 l=1 rev1=1 crypto rx=0x7f4ec40098e0 tx=0x7f4ec4009250 comp rx=0 tx=0).ready entity=mon.0 client_cookie=be90455fe936fe69 server_cookie=0 in_seq=0 out_seq=0
2024-04-25T04:40:52.271 INFO:teuthology.orchestra.run.smithi087.stdout:/usr/bin/ceph: stderr
2024-04-25T04:40:51.328+0000 7f4ed2ffd700 1 -- 172.21.15.87:0/3749084754 <== mon.0 v2:172.21.15.87:3300/0 1 ==== mon_map magic: 0 v1 ==== 229+0+0 (secure 0 0 0) 0x7f4ec400b860 con 0x7f4ed4103eb0
2024-04-25T04:40:52.271 INFO:teuthology.orchestra.run.smithi087.stdout:/usr/bin/ceph: stderr
2024-04-25T04:40:51.328+0000 7f4ed2ffd700 1 -- 172.21.15.87:0/3749084754 <== mon.0 v2:172.21.15.87:3300/0 2 ==== config(27 keys) v1 ==== 1109+0+0 (secure 0 0 0) 0x7f4ec400be90 con 0x7f4ed4103eb0
2024-04-25T04:40:52.271 INFO:teuthology.orchestra.run.smithi087.stdout:/usr/bin/ceph: stderr
2024-04-25T04:40:51.328+0000 7f4ed2ffd700 1 -- 172.21.15.87:0/3749084754 <== mon.0 v2:172.21.15.87:3300/0 3 ==== mon_map magic: 0 v1 ==== 229+0+0 (secure 0 0 0) 0x7f4ec40103c0 con 0x7f4ed4103eb0
2024-04-25T04:40:52.271 INFO:teuthology.orchestra.run.smithi087.stdout:/usr/bin/ceph: stderr
2024-04-25T04:40:51.328+0000 7f4eda6f1700 1 -- 172.21.15.87:0/3749084754 >> [v2:172.21.15.87:3300/0,v1:172.21.15.87:6789/0] conn(0x7f4ed4103eb0 msgr2=0x7f4ed41042c0 secure :-1 s=STATE_CONNECTION_ESTABLISHED l=1).mark_down
2024-04-25T04:40:52.271 INFO:teuthology.orchestra.run.smithi087.stdout:/usr/bin/ceph: stderr
2024-04-25T04:40:51.328+0000 7f4eda6f1700 1 --2- 172.21.15.87:0/3749084754 >> [v2:172.21.15.87:3300/0,v1:172.21.15.87:6789/0] conn(0x7f4ed4103eb0 0x7f4ed41042c0 secure :-1 s=READY pgs=69 cs=0 l=1 rev1=1 crypto rx=0x7f4ec40098e0 tx=0x7f4ec4009250 comp rx=0 tx=0).stop
2024-04-25T04:40:52.271 INFO:teuthology.orchestra.run.smithi087.stdout:/usr/bin/ceph: stderr
2024-04-25T04:40:51.328+0000 7f4eda6f1700 1 -- 172.21.15.87:0/3749084754 shutdown_connections
2024-04-25T04:40:52.271 INFO:teuthology.orchestra.run.smithi087.stdout:/usr/bin/ceph: stderr
2024-04-25T04:40:51.328+0000 7f4eda6f1700 1 --2- 172.21.15.87:0/3749084754 >> [v2:172.21.15.87:3300/0,v1:172.21.15.87:6789/0] conn(0x7f4ed4103eb0 0x7f4ed41042c0 unknown :-1 s=CLOSED pgs=69 cs=0 l=1 rev1=1 crypto rx=0 tx=0 comp rx=0 tx=0).stop
2024-04-25T04:40:52.271 INFO:teuthology.orchestra.run.smithi087.stdout:/usr/bin/ceph: stderr
2024-04-25T04:40:51.328+0000 7f4eda6f1700 1 -- 172.21.15.87:0/3749084754 >> 172.21.15.87:0/3749084754 conn(0x7f4ed40fc6b0 msgr2=0x7f4ed40feac0 unknown :-1 s=STATE_NONE l=0).mark_down
2024-04-25T04:40:52.271 INFO:teuthology.orchestra.run.smithi087.stdout:/usr/bin/ceph: stderr
2024-04-25T04:40:51.329+0000 7f4eda6f1700 1 -- 172.21.15.87:0/3749084754 shutdown_connections
2024-04-25T04:40:52.271 INFO:teuthology.orchestra.run.smithi087.stdout:/usr/bin/ceph: stderr
2024-04-25T04:40:51.329+0000 7f4eda6f1700 1 -- 172.21.15.87:0/3749084754 wait complete.
2024-04-25T04:40:52.271 INFO:teuthology.orchestra.run.smithi087.stdout:/usr/bin/ceph: stderr
2024-04-25T04:40:51.329+0000 7f4eda6f1700 1 Processor -- start
2024-04-25T04:40:52.271 INFO:teuthology.orchestra.run.smithi087.stdout:/usr/bin/ceph: stderr
2024-04-25T04:40:51.329+0000 7f4eda6f1700 1 -- start start
2024-04-25T04:40:52.271 INFO:teuthology.orchestra.run.smithi087.stdout:/usr/bin/ceph: stderr
2024-04-25T04:40:51.329+0000 7f4eda6f1700 1 --2- >> [v2:172.21.15.87:3300/0,v1:172.21.15.87:6789/0] conn(0x7f4ed4103eb0 0x7f4ed41115a0 unknown :-1 s=NONE pgs=0 cs=0 l=1 rev1=0 crypto rx=0 tx=0 comp rx=0 tx=0).connect
2024-04-25T04:40:52.271 INFO:teuthology.orchestra.run.smithi087.stdout:/usr/bin/ceph: stderr
2024-04-25T04:40:51.329+0000 7f4eda6f1700 1 -- --> [v2:172.21.15.87:3300/0,v1:172.21.15.87:6789/0] -- mon_getmap magic: 0 v1 -- 0x7f4ed4111ae0 con 0x7f4ed4103eb0
2024-04-25T04:40:52.272 INFO:teuthology.orchestra.run.smithi087.stdout:/usr/bin/ceph: stderr
2024-04-25T04:40:51.329+0000 7f4ed3fff700 1 --2- >> [v2:172.21.15.87:3300/0,v1:172.21.15.87:6789/0] conn(0x7f4ed4103eb0 0x7f4ed41115a0 unknown :-1 s=BANNER_CONNECTING pgs=0 cs=0 l=1 rev1=0 crypto rx=0 tx=0 comp rx=0 tx=0)._handle_peer_banner_payload supported=3 required=0
2024-04-25T04:40:52.272 INFO:teuthology.orchestra.run.smithi087.stdout:/usr/bin/ceph: stderr
2024-04-25T04:40:51.329+0000 7f4ed3fff700 1 --2- >> [v2:172.21.15.87:3300/0,v1:172.21.15.87:6789/0] conn(0x7f4ed4103eb0 0x7f4ed41115a0 unknown :-1 s=HELLO_CONNECTING pgs=0 cs=0 l=1 rev1=1 crypto rx=0 tx=0 comp rx=0 tx=0).handle_hello peer v2:172.21.15.87:3300/0 says I am v2:172.21.15.87:42178/0 (socket says 172.21.15.87:42178)
2024-04-25T04:40:52.272 INFO:teuthology.orchestra.run.smithi087.stdout:/usr/bin/ceph: stderr
2024-04-25T04:40:51.330+0000 7f4ed3fff700 1 -- 172.21.15.87:0/3039533373 learned_addr learned my addr 172.21.15.87:0/3039533373 (peer_addr_for_me v2:172.21.15.87:0/0)
2024-04-25T04:40:52.272 INFO:teuthology.orchestra.run.smithi087.stdout:/usr/bin/ceph: stderr
2024-04-25T04:40:51.330+0000 7f4ed3fff700 1 -- 172.21.15.87:0/3039533373 --> [v2:172.21.15.87:3300/0,v1:172.21.15.87:6789/0] -- mon_subscribe({config=0+,monmap=0+}) v3 -- 0x7f4ec40094f0 con 0x7f4ed4103eb0
2024-04-25T04:40:52.272 INFO:teuthology.orchestra.run.smithi087.stdout:/usr/bin/ceph: stderr
2024-04-25T04:40:51.330+0000 7f4ed3fff700 1 --2- 172.21.15.87:0/3039533373 >> [v2:172.21.15.87:3300/0,v1:172.21.15.87:6789/0] conn(0x7f4ed4103eb0 0x7f4ed41115a0 secure :-1 s=READY pgs=70 cs=0 l=1 rev1=1 crypto rx=0x7f4ec4011650 tx=0x7f4ec4009250 comp rx=0 tx=0).ready entity=mon.0 client_cookie=0 server_cookie=0 in_seq=0 out_seq=0
2024-04-25T04:40:52.272 INFO:teuthology.orchestra.run.smithi087.stdout:/usr/bin/ceph: stderr
2024-04-25T04:40:51.330+0000 7f4ed0ff9700 1 -- 172.21.15.87:0/3039533373 <== mon.0 v2:172.21.15.87:3300/0 1 ==== mon_map magic: 0 v1 ==== 229+0+0 (secure 0 0 0) 0x7f4ec4010890 con 0x7f4ed4103eb0
2024-04-25T04:40:52.272 INFO:teuthology.orchestra.run.smithi087.stdout:/usr/bin/ceph: stderr
2024-04-25T04:40:51.330+0000 7f4ed0ff9700 1 -- 172.21.15.87:0/3039533373 <== mon.0 v2:172.21.15.87:3300/0 2 ==== config(27 keys) v1 ==== 1109+0+0 (secure 0 0 0) 0x7f4ec4010ec0 con 0x7f4ed4103eb0
2024-04-25T04:40:52.272 INFO:teuthology.orchestra.run.smithi087.stdout:/usr/bin/ceph: stderr
2024-04-25T04:40:51.330+0000 7f4ed0ff9700 1 -- 172.21.15.87:0/3039533373 <== mon.0 v2:172.21.15.87:3300/0 3 ==== mon_map magic: 0 v1 ==== 229+0+0 (secure 0 0 0) 0x7f4ec40193c0 con 0x7f4ed4103eb0
2024-04-25T04:40:52.272 INFO:teuthology.orchestra.run.smithi087.stdout:/usr/bin/ceph: stderr
2024-04-25T04:40:51.330+0000 7f4eda6f1700 1 -- 172.21.15.87:0/3039533373 --> [v2:172.21.15.87:3300/0,v1:172.21.15.87:6789/0] -- mon_subscribe({mgrmap=0+}) v3 -- 0x7f4ed4111ce0 con 0x7f4ed4103eb0
2024-04-25T04:40:52.272 INFO:teuthology.orchestra.run.smithi087.stdout:/usr/bin/ceph: stderr
2024-04-25T04:40:51.330+0000 7f4eda6f1700 1 -- 172.21.15.87:0/3039533373 --> [v2:172.21.15.87:3300/0,v1:172.21.15.87:6789/0] -- mon_subscribe({osdmap=0}) v3 -- 0x7f4ed4112850 con 0x7f4ed4103eb0
2024-04-25T04:40:52.272 INFO:teuthology.orchestra.run.smithi087.stdout:/usr/bin/ceph: stderr
2024-04-25T04:40:51.331+0000 7f4ed0ff9700 1 -- 172.21.15.87:0/3039533373 <== mon.0 v2:172.21.15.87:3300/0 4 ==== mgrmap(e 9) v1 ==== 43389+0+0 (secure 0 0 0) 0x7f4ec40195b0 con 0x7f4ed4103eb0
2024-04-25T04:40:52.272 INFO:teuthology.orchestra.run.smithi087.stdout:/usr/bin/ceph: stderr
2024-04-25T04:40:51.331+0000 7f4eda6f1700 1 -- 172.21.15.87:0/3039533373 --> [v2:172.21.15.87:3300/0,v1:172.21.15.87:6789/0] -- mon_command({"prefix": "get_command_descriptions"} v 0) v1 -- 0x7f4ed405f5c0 con 0x7f4ed4103eb0
2024-04-25T04:40:52.272 INFO:teuthology.orchestra.run.smithi087.stdout:/usr/bin/ceph: stderr
2024-04-25T04:40:51.331+0000 7f4ed0ff9700 1 --2- 172.21.15.87:0/3039533373 >> [v2:172.21.15.87:6800/3749386288,v1:172.21.15.87:6801/3749386288] conn(0x7f4ebc0368f0 0x7f4ebc038da0 unknown :-1 s=NONE pgs=0 cs=0 l=1 rev1=0 crypto rx=0 tx=0 comp rx=0 tx=0).connect
2024-04-25T04:40:52.272 INFO:teuthology.orchestra.run.smithi087.stdout:/usr/bin/ceph: stderr
2024-04-25T04:40:51.331+0000 7f4ed0ff9700 1 -- 172.21.15.87:0/3039533373 <== mon.0 v2:172.21.15.87:3300/0 5 ==== osd_map(2..2 src has 1..2) v4 ==== 936+0+0 (secure 0 0 0) 0x7f4ec404a590 con 0x7f4ed4103eb0
2024-04-25T04:40:52.273 INFO:teuthology.orchestra.run.smithi087.stdout:/usr/bin/ceph: stderr
2024-04-25T04:40:51.331+0000 7f4ed37fe700 1 -- 172.21.15.87:0/3039533373 >> [v2:172.21.15.87:6800/3749386288,v1:172.21.15.87:6801/3749386288] conn(0x7f4ebc0368f0 msgr2=0x7f4ebc038da0 unknown :-1 s=STATE_CONNECTING_RE l=1).process reconnect failed to v2:172.21.15.87:6800/3749386288
2024-04-25T04:40:52.273 INFO:teuthology.orchestra.run.smithi087.stdout:/usr/bin/ceph: stderr
2024-04-25T04:40:51.331+0000 7f4ed37fe700 1 --2- 172.21.15.87:0/3039533373 >> [v2:172.21.15.87:6800/3749386288,v1:172.21.15.87:6801/3749386288] conn(0x7f4ebc0368f0 0x7f4ebc038da0 unknown :-1 s=START_CONNECT pgs=0 cs=0 l=1 rev1=0 crypto rx=0 tx=0 comp rx=0 tx=0)._fault waiting 0.200000
2024-04-25T04:40:52.273 INFO:teuthology.orchestra.run.smithi087.stdout:/usr/bin/ceph: stderr
2024-04-25T04:40:51.336+0000 7f4ed0ff9700 1 -- 172.21.15.87:0/3039533373 <== mon.0 v2:172.21.15.87:3300/0 6 ==== mon_command_ack([{"prefix": "get_command_descriptions"}]=0 v0) v1 ==== 72+0+176702 (secure 0 0 0) 0x7f4ec402b910 con 0x7f4ed4103eb0
2024-04-25T04:40:52.273 INFO:teuthology.orchestra.run.smithi087.stdout:/usr/bin/ceph: stderr
2024-04-25T04:40:51.532+0000 7f4ed37fe700 1 -- 172.21.15.87:0/3039533373 >> [v2:172.21.15.87:6800/3749386288,v1:172.21.15.87:6801/3749386288] conn(0x7f4ebc0368f0 msgr2=0x7f4ebc038da0 unknown :-1 s=STATE_CONNECTING_RE l=1).process reconnect failed to v2:172.21.15.87:6800/3749386288
2024-04-25T04:40:52.273 INFO:teuthology.orchestra.run.smithi087.stdout:/usr/bin/ceph: stderr
2024-04-25T04:40:51.532+0000 7f4ed37fe700 1 --2- 172.21.15.87:0/3039533373 >> [v2:172.21.15.87:6800/3749386288,v1:172.21.15.87:6801/3749386288] conn(0x7f4ebc0368f0 0x7f4ebc038da0 unknown :-1 s=START_CONNECT pgs=0 cs=0 l=1 rev1=0 crypto rx=0 tx=0 comp rx=0 tx=0)._fault waiting 0.400000
2024-04-25T04:40:52.273 INFO:teuthology.orchestra.run.smithi087.stdout:/usr/bin/ceph: stderr
2024-04-25T04:40:51.611+0000 7f4eda6f1700 1 -- 172.21.15.87:0/3039533373 --> [v2:172.21.15.87:3300/0,v1:172.21.15.87:6789/0] -- mon_command({"prefix": "mgr stat"} v 0) v1 -- 0x7f4ed4112b90 con 0x7f4ed4103eb0
2024-04-25T04:40:52.273 INFO:teuthology.orchestra.run.smithi087.stdout:/usr/bin/ceph: stderr
2024-04-25T04:40:51.611+0000 7f4ed0ff9700 1 -- 172.21.15.87:0/3039533373 <== mon.0 v2:172.21.15.87:3300/0 7 ==== mon_command_ack([{"prefix": "mgr stat"}]=0 v9) v1 ==== 56+0+103 (secure 0 0 0) 0x7f4ec402b910 con 0x7f4ed4103eb0
2024-04-25T04:40:52.273 INFO:teuthology.orchestra.run.smithi087.stdout:/usr/bin/ceph: stderr
2024-04-25T04:40:51.613+0000 7f4eda6f1700 1 -- 172.21.15.87:0/3039533373 >> [v2:172.21.15.87:6800/3749386288,v1:172.21.15.87:6801/3749386288] conn(0x7f4ebc0368f0 msgr2=0x7f4ebc038da0 unknown :-1 s=STATE_CONNECTING l=1).mark_down
2024-04-25T04:40:52.273 INFO:teuthology.orchestra.run.smithi087.stdout:/usr/bin/ceph: stderr
2024-04-25T04:40:51.613+0000 7f4eda6f1700 1 --2- 172.21.15.87:0/3039533373 >> [v2:172.21.15.87:6800/3749386288,v1:172.21.15.87:6801/3749386288] conn(0x7f4ebc0368f0 0x7f4ebc038da0 unknown :-1 s=START_CONNECT pgs=0 cs=0 l=1 rev1=0 crypto rx=0 tx=0 comp rx=0 tx=0).stop
2024-04-25T04:40:52.273 INFO:teuthology.orchestra.run.smithi087.stdout:/usr/bin/ceph: stderr
2024-04-25T04:40:51.613+0000 7f4eda6f1700 1 -- 172.21.15.87:0/3039533373 >> [v2:172.21.15.87:3300/0,v1:172.21.15.87:6789/0] conn(0x7f4ed4103eb0 msgr2=0x7f4ed41115a0 secure :-1 s=STATE_CONNECTION_ESTABLISHED l=1).mark_down
2024-04-25T04:40:52.273 INFO:teuthology.orchestra.run.smithi087.stdout:/usr/bin/ceph: stderr
2024-04-25T04:40:51.613+0000 7f4eda6f1700 1 --2- 172.21.15.87:0/3039533373 >> [v2:172.21.15.87:3300/0,v1:172.21.15.87:6789/0] conn(0x7f4ed4103eb0 0x7f4ed41115a0 secure :-1 s=READY pgs=70 cs=0 l=1 rev1=1 crypto rx=0x7f4ec4011650 tx=0x7f4ec4009250 comp rx=0 tx=0).stop
2024-04-25T04:40:52.273 INFO:teuthology.orchestra.run.smithi087.stdout:/usr/bin/ceph: stderr
2024-04-25T04:40:51.613+0000 7f4eda6f1700 1 -- 172.21.15.87:0/3039533373 shutdown_connections
2024-04-25T04:40:52.273 INFO:teuthology.orchestra.run.smithi087.stdout:/usr/bin/ceph: stderr
