2024-04-25T04:50:29.744 INFO:teuthology.orchestra.run.smithi186.stdout:/usr/bin/ceph: stderr
2024-04-25T04:50:28.823+0000 7f9976d9d700 1 --2- 172.21.15.186:0/826054304 >> [v2:172.21.15.186:3300/0,v1:172.21.15.186:6789/0] conn(0x7f9978104e20 0x7f997819c3f0 secure :-1 s=READY pgs=19 cs=0 l=1 rev1=1 crypto rx=0x7f9968003de0 tx=0x7f9968011ab0 comp rx=0 tx=0).ready entity=mon.0 client_cookie=0 server_cookie=0 in_seq=0 out_seq=0
2024-04-25T04:50:29.744 INFO:teuthology.orchestra.run.smithi186.stdout:/usr/bin/ceph: stderr
2024-04-25T04:50:28.823+0000 7f995ffff700 1 -- 172.21.15.186:0/826054304 <== mon.0 v2:172.21.15.186:3300/0 1 ==== mon_map magic: 0 v1 ==== 229+0+0 (secure 0 0 0) 0x7f9968003930 con 0x7f9978104e20
2024-04-25T04:50:29.744 INFO:teuthology.orchestra.run.smithi186.stdout:/usr/bin/ceph: stderr
2024-04-25T04:50:28.823+0000 7f997d050700 1 -- 172.21.15.186:0/826054304 --> [v2:172.21.15.186:3300/0,v1:172.21.15.186:6789/0] -- mon_subscribe({mgrmap=0+}) v3 -- 0x7f997819cb30 con 0x7f9978104e20
2024-04-25T04:50:29.745 INFO:teuthology.orchestra.run.smithi186.stdout:/usr/bin/ceph: stderr
2024-04-25T04:50:28.823+0000 7f995ffff700 1 -- 172.21.15.186:0/826054304 <== mon.0 v2:172.21.15.186:3300/0 2 ==== config(27 keys) v1 ==== 1037+0+0 (secure 0 0 0) 0x7f9968003a90 con 0x7f9978104e20
2024-04-25T04:50:29.745 INFO:teuthology.orchestra.run.smithi186.stdout:/usr/bin/ceph: stderr
2024-04-25T04:50:28.823+0000 7f995ffff700 1 -- 172.21.15.186:0/826054304 <== mon.0 v2:172.21.15.186:3300/0 3 ==== mon_map magic: 0 v1 ==== 229+0+0 (secure 0 0 0) 0x7f9968019730 con 0x7f9978104e20
2024-04-25T04:50:29.745 INFO:teuthology.orchestra.run.smithi186.stdout:/usr/bin/ceph: stderr
2024-04-25T04:50:28.823+0000 7f997d050700 1 -- 172.21.15.186:0/826054304 --> [v2:172.21.15.186:3300/0,v1:172.21.15.186:6789/0] -- mon_subscribe({osdmap=0}) v3 -- 0x7f997819cfd0 con 0x7f9978104e20
2024-04-25T04:50:29.745 INFO:teuthology.orchestra.run.smithi186.stdout:/usr/bin/ceph: stderr
2024-04-25T04:50:28.824+0000 7f995ffff700 1 -- 172.21.15.186:0/826054304 <== mon.0 v2:172.21.15.186:3300/0 4 ==== mgrmap(e 4) v1 ==== 45272+0+0 (secure 0 0 0) 0x7f99680199d0 con 0x7f9978104e20
2024-04-25T04:50:29.745 INFO:teuthology.orchestra.run.smithi186.stdout:/usr/bin/ceph: stderr
2024-04-25T04:50:28.824+0000 7f997d050700 1 -- 172.21.15.186:0/826054304 --> [v2:172.21.15.186:3300/0,v1:172.21.15.186:6789/0] -- mon_command({"prefix": "get_command_descriptions"} v 0) v1 -- 0x7f9978195ca0 con 0x7f9978104e20
2024-04-25T04:50:29.745 INFO:teuthology.orchestra.run.smithi186.stdout:/usr/bin/ceph: stderr
2024-04-25T04:50:28.824+0000 7f995ffff700 1 --2- 172.21.15.186:0/826054304 >> [v2:172.21.15.186:6800/2392735000,v1:172.21.15.186:6801/2392735000] conn(0x7f99600382d0 0x7f996003a790 unknown :-1 s=NONE pgs=0 cs=0 l=1 rev1=0 crypto rx=0 tx=0 comp rx=0 tx=0).connect
2024-04-25T04:50:29.745 INFO:teuthology.orchestra.run.smithi186.stdout:/usr/bin/ceph: stderr
2024-04-25T04:50:28.824+0000 7f995ffff700 1 -- 172.21.15.186:0/826054304 <== mon.0 v2:172.21.15.186:3300/0 5 ==== osd_map(1..1 src has 1..1) v4 ==== 725+0+0 (secure 0 0 0) 0x7f996804c0c0 con 0x7f9978104e20
2024-04-25T04:50:29.745 INFO:teuthology.orchestra.run.smithi186.stdout:/usr/bin/ceph: stderr
2024-04-25T04:50:28.824+0000 7f997659c700 1 --2- 172.21.15.186:0/826054304 >> [v2:172.21.15.186:6800/2392735000,v1:172.21.15.186:6801/2392735000] conn(0x7f99600382d0 0x7f996003a790 unknown :-1 s=BANNER_CONNECTING pgs=0 cs=0 l=1 rev1=0 crypto rx=0 tx=0 comp rx=0 tx=0)._handle_peer_banner_payload supported=3 required=0
2024-04-25T04:50:29.745 INFO:teuthology.orchestra.run.smithi186.stdout:/usr/bin/ceph: stderr
2024-04-25T04:50:28.825+0000 7f997659c700 1 --2- 172.21.15.186:0/826054304 >> [v2:172.21.15.186:6800/2392735000,v1:172.21.15.186:6801/2392735000] conn(0x7f99600382d0 0x7f996003a790 secure :-1 s=READY pgs=8 cs=0 l=1 rev1=1 crypto rx=0x7f996c006fd0 tx=0x7f996c006e40 comp rx=0 tx=0).ready entity=mgr.14100 client_cookie=0 server_cookie=0 in_seq=0 out_seq=0
2024-04-25T04:50:29.745 INFO:teuthology.orchestra.run.smithi186.stdout:/usr/bin/ceph: stderr
2024-04-25T04:50:28.829+0000 7f995ffff700 1 -- 172.21.15.186:0/826054304 <== mon.0 v2:172.21.15.186:3300/0 6 ==== mon_command_ack([{"prefix": "get_command_descriptions"}]=0 v0) v1 ==== 72+0+180422 (secure 0 0 0) 0x7f99680109d0 con 0x7f9978104e20
2024-04-25T04:50:29.745 INFO:teuthology.orchestra.run.smithi186.stdout:/usr/bin/ceph: stderr
2024-04-25T04:50:29.073+0000 7f997d050700 1 -- 172.21.15.186:0/826054304 --> [v2:172.21.15.186:3300/0,v1:172.21.15.186:6789/0] -- mon_command({"prefix": "mgr module enable", "module": "cephadm"} v 0) v1 -- 0x7f997802cc70 con 0x7f9978104e20
2024-04-25T04:50:29.745 INFO:teuthology.orchestra.run.smithi186.stdout:/usr/bin/ceph: stderr
2024-04-25T04:50:29.126+0000 7f995ffff700 1 -- 172.21.15.186:0/826054304 <== mon.0 v2:172.21.15.186:3300/0 7 ==== mgrmap(e 5) v1 ==== 45283+0+0 (secure 0 0 0) 0x7f996800fd60 con 0x7f9978104e20
2024-04-25T04:50:29.746 INFO:teuthology.orchestra.run.smithi186.stdout:/usr/bin/ceph: stderr
2024-04-25T04:50:29.128+0000 7f995ffff700 1 -- 172.21.15.186:0/826054304 <== mon.0 v2:172.21.15.186:3300/0 8 ==== mon_command_ack([{"prefix": "mgr module enable", "module": "cephadm"}]=0 v5) v1 ==== 86+0+0 (secure 0 0 0) 0x7f996804be20 con 0x7f9978104e20
2024-04-25T04:50:29.746 INFO:teuthology.orchestra.run.smithi186.stdout:/usr/bin/ceph: stderr
2024-04-25T04:50:29.131+0000 7f997d050700 1 -- 172.21.15.186:0/826054304 >> [v2:172.21.15.186:6800/2392735000,v1:172.21.15.186:6801/2392735000] conn(0x7f99600382d0 msgr2=0x7f996003a790 secure :-1 s=STATE_CONNECTION_ESTABLISHED l=1).mark_down
2024-04-25T04:50:29.746 INFO:teuthology.orchestra.run.smithi186.stdout:/usr/bin/ceph: stderr
2024-04-25T04:50:29.131+0000 7f997d050700 1 --2- 172.21.15.186:0/826054304 >> [v2:172.21.15.186:6800/2392735000,v1:172.21.15.186:6801/2392735000] conn(0x7f99600382d0 0x7f996003a790 secure :-1 s=READY pgs=8 cs=0 l=1 rev1=1 crypto rx=0x7f996c006fd0 tx=0x7f996c006e40 comp rx=0 tx=0).stop
2024-04-25T04:50:29.746 INFO:teuthology.orchestra.run.smithi186.stdout:/usr/bin/ceph: stderr
2024-04-25T04:50:29.131+0000 7f997d050700 1 -- 172.21.15.186:0/826054304 >> [v2:172.21.15.186:3300/0,v1:172.21.15.186:6789/0] conn(0x7f9978104e20 msgr2=0x7f997819c3f0 secure :-1 s=STATE_CONNECTION_ESTABLISHED l=1).mark_down
2024-04-25T04:50:29.746 INFO:teuthology.orchestra.run.smithi186.stdout:/usr/bin/ceph: stderr
2024-04-25T04:50:29.131+0000 7f997d050700 1 --2- 172.21.15.186:0/826054304 >> [v2:172.21.15.186:3300/0,v1:172.21.15.186:6789/0] conn(0x7f9978104e20 0x7f997819c3f0 secure :-1 s=READY pgs=19 cs=0 l=1 rev1=1 crypto rx=0x7f9968003de0 tx=0x7f9968011ab0 comp rx=0 tx=0).stop
2024-04-25T04:50:29.746 INFO:teuthology.orchestra.run.smithi186.stdout:/usr/bin/ceph: stderr
2024-04-25T04:50:29.131+0000 7f997d050700 1 -- 172.21.15.186:0/826054304 shutdown_connections
2024-04-25T04:50:29.746 INFO:teuthology.orchestra.run.smithi186.stdout:/usr/bin/ceph: stderr
2024-04-25T04:50:29.131+0000 7f997d050700 1 --2- 172.21.15.186:0/826054304 >> [v2:172.21.15.186:6800/2392735000,v1:172.21.15.186:6801/2392735000] conn(0x7f99600382d0 0x7f996003a790 unknown :-1 s=CLOSED pgs=8 cs=0 l=1 rev1=1 crypto rx=0 tx=0 comp rx=0 tx=0).stop
2024-04-25T04:50:29.746 INFO:teuthology.orchestra.run.smithi186.stdout:/usr/bin/ceph: stderr
2024-04-25T04:50:29.131+0000 7f997d050700 1 --2- 172.21.15.186:0/826054304 >> [v2:172.21.15.186:3300/0,v1:172.21.15.186:6789/0] conn(0x7f9978104e20 0x7f997819c3f0 unknown :-1 s=CLOSED pgs=19 cs=0 l=1 rev1=1 crypto rx=0 tx=0 comp rx=0 tx=0).stop
2024-04-25T04:50:29.746 INFO:teuthology.orchestra.run.smithi186.stdout:/usr/bin/ceph: stderr
2024-04-25T04:50:29.131+0000 7f997d050700 1 -- 172.21.15.186:0/826054304 >> 172.21.15.186:0/826054304 conn(0x7f9978100a20 msgr2=0x7f99781909e0 unknown :-1 s=STATE_NONE l=0).mark_down
2024-04-25T04:50:29.746 INFO:teuthology.orchestra.run.smithi186.stdout:/usr/bin/ceph: stderr
2024-04-25T04:50:29.131+0000 7f997d050700 1 -- 172.21.15.186:0/826054304 shutdown_connections
2024-04-25T04:50:29.746 INFO:teuthology.orchestra.run.smithi186.stdout:/usr/bin/ceph: stderr
2024-04-25T04:50:29.131+0000 7f997d050700 1 -- 172.21.15.186:0/826054304 wait complete.
2024-04-25T04:50:30.393 INFO:journalctl@ceph.mon.smithi186.smithi186.stdout:Apr 25 04:50:30 smithi186 ceph-mon[26619]: from='client.? 172.21.15.186:0/826054304' entity='client.admin' cmd='[{"prefix": "mgr module enable", "module": "cephadm"}]': finished
2024-04-25T04:50:30.393 INFO:journalctl@ceph.mon.smithi186.smithi186.stdout:Apr 25 04:50:30 smithi186 ceph-mon[26619]: mgrmap e5: smithi186.fqtdxb(active, since 9s)
2024-04-25T04:50:31.089 INFO:teuthology.orchestra.run.smithi186.stdout:/usr/bin/ceph: stdout {
2024-04-25T04:50:31.089 INFO:teuthology.orchestra.run.smithi186.stdout:/usr/bin/ceph: stdout "epoch": 5,
2024-04-25T04:50:31.089 INFO:teuthology.orchestra.run.smithi186.stdout:/usr/bin/ceph: stdout "available": true,
2024-04-25T04:50:31.089 INFO:teuthology.orchestra.run.smithi186.stdout:/usr/bin/ceph: stdout "active_name": "smithi186.fqtdxb",
2024-04-25T04:50:31.089 INFO:teuthology.orchestra.run.smithi186.stdout:/usr/bin/ceph: stdout "num_standby": 0
2024-04-25T04:50:31.089 INFO:teuthology.orchestra.run.smithi186.stdout:/usr/bin/ceph: stdout }
2024-04-25T04:50:31.090 INFO:teuthology.orchestra.run.smithi186.stdout:/usr/bin/ceph: stderr
2024-04-25T04:50:30.186+0000 7fb1f0ab3700 1 Processor -- start
2024-04-25T04:50:31.090 INFO:teuthology.orchestra.run.smithi186.stdout:/usr/bin/ceph: stderr
2024-04-25T04:50:30.186+0000 7fb1f0ab3700 1 -- start start
2024-04-25T04:50:31.090 INFO:teuthology.orchestra.run.smithi186.stdout:/usr/bin/ceph: stderr
2024-04-25T04:50:30.186+0000 7fb1f0ab3700 1 --2- >> [v2:172.21.15.186:3300/0,v1:172.21.15.186:6789/0] conn(0x7fb1ec104e70 0x7fb1ec105290 unknown :-1 s=NONE pgs=0 cs=0 l=0 rev1=0 crypto rx=0 tx=0 comp rx=0 tx=0).connect
2024-04-25T04:50:31.090 INFO:teuthology.orchestra.run.smithi186.stdout:/usr/bin/ceph: stderr
2024-04-25T04:50:30.186+0000 7fb1f0ab3700 1 -- --> [v2:172.21.15.186:3300/0,v1:172.21.15.186:6789/0] -- mon_getmap magic: 0 v1 -- 0x7fb1ec0745e0 con 0x7fb1ec104e70
2024-04-25T04:50:31.090 INFO:teuthology.orchestra.run.smithi186.stdout:/usr/bin/ceph: stderr
2024-04-25T04:50:30.187+0000 7fb1ea59c700 1 --2- >> [v2:172.21.15.186:3300/0,v1:172.21.15.186:6789/0] conn(0x7fb1ec104e70 0x7fb1ec105290 unknown :-1 s=BANNER_CONNECTING pgs=0 cs=0 l=0 rev1=0 crypto rx=0 tx=0 comp rx=0 tx=0)._handle_peer_banner_payload supported=3 required=0
2024-04-25T04:50:31.090 INFO:teuthology.orchestra.run.smithi186.stdout:/usr/bin/ceph: stderr
2024-04-25T04:50:30.187+0000 7fb1ea59c700 1 --2- >> [v2:172.21.15.186:3300/0,v1:172.21.15.186:6789/0] conn(0x7fb1ec104e70 0x7fb1ec105290 unknown :-1 s=HELLO_CONNECTING pgs=0 cs=0 l=0 rev1=1 crypto rx=0 tx=0 comp rx=0 tx=0).handle_hello peer v2:172.21.15.186:3300/0 says I am v2:172.21.15.186:52362/0 (socket says 172.21.15.186:52362)
2024-04-25T04:50:31.090 INFO:teuthology.orchestra.run.smithi186.stdout:/usr/bin/ceph: stderr
2024-04-25T04:50:30.187+0000 7fb1ea59c700 1 -- 172.21.15.186:0/2101178575 learned_addr learned my addr 172.21.15.186:0/2101178575 (peer_addr_for_me v2:172.21.15.186:0/0)
2024-04-25T04:50:31.090 INFO:teuthology.orchestra.run.smithi186.stdout:/usr/bin/ceph: stderr
2024-04-25T04:50:30.187+0000 7fb1ea59c700 1 -- 172.21.15.186:0/2101178575 --> [v2:172.21.15.186:3300/0,v1:172.21.15.186:6789/0] -- mon_subscribe({config=0+,monmap=0+}) v3 -- 0x7fb1ec074720 con 0x7fb1ec104e70
2024-04-25T04:50:31.090 INFO:teuthology.orchestra.run.smithi186.stdout:/usr/bin/ceph: stderr
2024-04-25T04:50:30.187+0000 7fb1ea59c700 1 --2- 172.21.15.186:0/2101178575 >> [v2:172.21.15.186:3300/0,v1:172.21.15.186:6789/0] conn(0x7fb1ec104e70 0x7fb1ec105290 secure :-1 s=READY pgs=22 cs=0 l=1 rev1=1 crypto rx=0x7fb1dc0098a0 tx=0x7fb1dc009bb0 comp rx=0 tx=0).ready entity=mon.0 client_cookie=f5e3f9973ca27aa7 server_cookie=0 in_seq=0 out_seq=0
2024-04-25T04:50:31.090 INFO:teuthology.orchestra.run.smithi186.stdout:/usr/bin/ceph: stderr
2024-04-25T04:50:30.187+0000 7fb1e959a700 1 -- 172.21.15.186:0/2101178575 <== mon.0 v2:172.21.15.186:3300/0 1 ==== mon_map magic: 0 v1 ==== 229+0+0 (secure 0 0 0) 0x7fb1dc004180 con 0x7fb1ec104e70
2024-04-25T04:50:31.090 INFO:teuthology.orchestra.run.smithi186.stdout:/usr/bin/ceph: stderr
2024-04-25T04:50:30.187+0000 7fb1e959a700 1 -- 172.21.15.186:0/2101178575 <== mon.0 v2:172.21.15.186:3300/0 2 ==== config(27 keys) v1 ==== 1037+0+0 (secure 0 0 0) 0x7fb1dc0042e0 con 0x7fb1ec104e70
2024-04-25T04:50:31.090 INFO:teuthology.orchestra.run.smithi186.stdout:/usr/bin/ceph: stderr
2024-04-25T04:50:30.187+0000 7fb1e959a700 1 -- 172.21.15.186:0/2101178575 <== mon.0 v2:172.21.15.186:3300/0 3 ==== mon_map magic: 0 v1 ==== 229+0+0 (secure 0 0 0) 0x7fb1dc011a50 con 0x7fb1ec104e70
2024-04-25T04:50:31.091 INFO:teuthology.orchestra.run.smithi186.stdout:/usr/bin/ceph: stderr
2024-04-25T04:50:30.188+0000 7fb1f0ab3700 1 -- 172.21.15.186:0/2101178575 >> [v2:172.21.15.186:3300/0,v1:172.21.15.186:6789/0] conn(0x7fb1ec104e70 msgr2=0x7fb1ec105290 secure :-1 s=STATE_CONNECTION_ESTABLISHED l=1).mark_down
2024-04-25T04:50:31.091 INFO:teuthology.orchestra.run.smithi186.stdout:/usr/bin/ceph: stderr
2024-04-25T04:50:30.188+0000 7fb1f0ab3700 1 --2- 172.21.15.186:0/2101178575 >> [v2:172.21.15.186:3300/0,v1:172.21.15.186:6789/0] conn(0x7fb1ec104e70 0x7fb1ec105290 secure :-1 s=READY pgs=22 cs=0 l=1 rev1=1 crypto rx=0x7fb1dc0098a0 tx=0x7fb1dc009bb0 comp rx=0 tx=0).stop
2024-04-25T04:50:31.091 INFO:teuthology.orchestra.run.smithi186.stdout:/usr/bin/ceph: stderr
2024-04-25T04:50:30.188+0000 7fb1f0ab3700 1 -- 172.21.15.186:0/2101178575 shutdown_connections
2024-04-25T04:50:31.091 INFO:teuthology.orchestra.run.smithi186.stdout:/usr/bin/ceph: stderr
2024-04-25T04:50:30.188+0000 7fb1f0ab3700 1 --2- 172.21.15.186:0/2101178575 >> [v2:172.21.15.186:3300/0,v1:172.21.15.186:6789/0] conn(0x7fb1ec104e70 0x7fb1ec105290 unknown :-1 s=CLOSED pgs=22 cs=0 l=1 rev1=1 crypto rx=0 tx=0 comp rx=0 tx=0).stop
2024-04-25T04:50:31.091 INFO:teuthology.orchestra.run.smithi186.stdout:/usr/bin/ceph: stderr
2024-04-25T04:50:30.188+0000 7fb1f0ab3700 1 -- 172.21.15.186:0/2101178575 >> 172.21.15.186:0/2101178575 conn(0x7fb1ec1009f0 msgr2=0x7fb1ec102e50 unknown :-1 s=STATE_NONE l=0).mark_down
2024-04-25T04:50:31.091 INFO:teuthology.orchestra.run.smithi186.stdout:/usr/bin/ceph: stderr
2024-04-25T04:50:30.188+0000 7fb1f0ab3700 1 -- 172.21.15.186:0/2101178575 shutdown_connections
2024-04-25T04:50:31.091 INFO:teuthology.orchestra.run.smithi186.stdout:/usr/bin/ceph: stderr
2024-04-25T04:50:30.188+0000 7fb1f0ab3700 1 -- 172.21.15.186:0/2101178575 wait complete.
2024-04-25T04:50:31.091 INFO:teuthology.orchestra.run.smithi186.stdout:/usr/bin/ceph: stderr
2024-04-25T04:50:30.189+0000 7fb1f0ab3700 1 Processor -- start
2024-04-25T04:50:31.091 INFO:teuthology.orchestra.run.smithi186.stdout:/usr/bin/ceph: stderr
2024-04-25T04:50:30.189+0000 7fb1f0ab3700 1 -- start start
2024-04-25T04:50:31.091 INFO:teuthology.orchestra.run.smithi186.stdout:/usr/bin/ceph: stderr
2024-04-25T04:50:30.189+0000 7fb1f0ab3700 1 --2- >> [v2:172.21.15.186:3300/0,v1:172.21.15.186:6789/0] conn(0x7fb1ec104e70 0x7fb1ec19c370 unknown :-1 s=NONE pgs=0 cs=0 l=1 rev1=0 crypto rx=0 tx=0 comp rx=0 tx=0).connect
2024-04-25T04:50:31.091 INFO:teuthology.orchestra.run.smithi186.stdout:/usr/bin/ceph: stderr
2024-04-25T04:50:30.189+0000 7fb1f0ab3700 1 -- --> [v2:172.21.15.186:3300/0,v1:172.21.15.186:6789/0] -- mon_getmap magic: 0 v1 -- 0x7fb1ec19c8b0 con 0x7fb1ec104e70
2024-04-25T04:50:31.091 INFO:teuthology.orchestra.run.smithi186.stdout:/usr/bin/ceph: stderr
2024-04-25T04:50:30.189+0000 7fb1ea59c700 1 --2- >> [v2:172.21.15.186:3300/0,v1:172.21.15.186:6789/0] conn(0x7fb1ec104e70 0x7fb1ec19c370 unknown :-1 s=BANNER_CONNECTING pgs=0 cs=0 l=1 rev1=0 crypto rx=0 tx=0 comp rx=0 tx=0)._handle_peer_banner_payload supported=3 required=0
2024-04-25T04:50:31.091 INFO:teuthology.orchestra.run.smithi186.stdout:/usr/bin/ceph: stderr
2024-04-25T04:50:30.189+0000 7fb1ea59c700 1 --2- >> [v2:172.21.15.186:3300/0,v1:172.21.15.186:6789/0] conn(0x7fb1ec104e70 0x7fb1ec19c370 unknown :-1 s=HELLO_CONNECTING pgs=0 cs=0 l=1 rev1=1 crypto rx=0 tx=0 comp rx=0 tx=0).handle_hello peer v2:172.21.15.186:3300/0 says I am v2:172.21.15.186:52364/0 (socket says 172.21.15.186:52364)
2024-04-25T04:50:31.091 INFO:teuthology.orchestra.run.smithi186.stdout:/usr/bin/ceph: stderr
2024-04-25T04:50:30.189+0000 7fb1ea59c700 1 -- 172.21.15.186:0/3427647125 learned_addr learned my addr 172.21.15.186:0/3427647125 (peer_addr_for_me v2:172.21.15.186:0/0)
2024-04-25T04:50:31.091 INFO:teuthology.orchestra.run.smithi186.stdout:/usr/bin/ceph: stderr
2024-04-25T04:50:30.190+0000 7fb1ea59c700 1 -- 172.21.15.186:0/3427647125 --> [v2:172.21.15.186:3300/0,v1:172.21.15.186:6789/0] -- mon_subscribe({config=0+,monmap=0+}) v3 -- 0x7fb1dc009550 con 0x7fb1ec104e70
2024-04-25T04:50:31.092 INFO:teuthology.orchestra.run.smithi186.stdout:/usr/bin/ceph: stderr
2024-04-25T04:50:30.190+0000 7fb1ea59c700 1 --2- 172.21.15.186:0/3427647125 >> [v2:172.21.15.186:3300/0,v1:172.21.15.186:6789/0] conn(0x7fb1ec104e70 0x7fb1ec19c370 secure :-1 s=READY pgs=23 cs=0 l=1 rev1=1 crypto rx=0x7fb1dc000c00 tx=0x7fb1dc011ab0 comp rx=0 tx=0).ready entity=mon.0 client_cookie=0 server_cookie=0 in_seq=0 out_seq=0
2024-04-25T04:50:31.092 INFO:teuthology.orchestra.run.smithi186.stdout:/usr/bin/ceph: stderr
2024-04-25T04:50:30.190+0000 7fb1db7fe700 1 -- 172.21.15.186:0/3427647125 <== mon.0 v2:172.21.15.186:3300/0 1 ==== mon_map magic: 0 v1 ==== 229+0+0 (secure 0 0 0) 0x7fb1dc003b90 con 0x7fb1ec104e70
2024-04-25T04:50:31.092 INFO:teuthology.orchestra.run.smithi186.stdout:/usr/bin/ceph: stderr
2024-04-25T04:50:30.190+0000 7fb1db7fe700 1 -- 172.21.15.186:0/3427647125 <== mon.0 v2:172.21.15.186:3300/0 2 ==== config(27 keys) v1 ==== 1037+0+0 (secure 0 0 0) 0x7fb1dc0248b0 con 0x7fb1ec104e70
2024-04-25T04:50:31.092 INFO:teuthology.orchestra.run.smithi186.stdout:/usr/bin/ceph: stderr
2024-04-25T04:50:30.190+0000 7fb1f0ab3700 1 -- 172.21.15.186:0/3427647125 --> [v2:172.21.15.186:3300/0,v1:172.21.15.186:6789/0] -- mon_subscribe({mgrmap=0+}) v3 -- 0x7fb1ec19cab0 con 0x7fb1ec104e70
2024-04-25T04:50:31.092 INFO:teuthology.orchestra.run.smithi186.stdout:/usr/bin/ceph: stderr
2024-04-25T04:50:30.190+0000 7fb1db7fe700 1 -- 172.21.15.186:0/3427647125 <== mon.0 v2:172.21.15.186:3300/0 3 ==== mon_map magic: 0 v1 ==== 229+0+0 (secure 0 0 0) 0x7fb1dc01a8e0 con 0x7fb1ec104e70
2024-04-25T04:50:31.092 INFO:teuthology.orchestra.run.smithi186.stdout:/usr/bin/ceph: stderr
2024-04-25T04:50:30.190+0000 7fb1f0ab3700 1 -- 172.21.15.186:0/3427647125 --> [v2:172.21.15.186:3300/0,v1:172.21.15.186:6789/0] -- mon_subscribe({osdmap=0}) v3 -- 0x7fb1ec19cf50 con 0x7fb1ec104e70
2024-04-25T04:50:31.092 INFO:teuthology.orchestra.run.smithi186.stdout:/usr/bin/ceph: stderr
2024-04-25T04:50:30.191+0000 7fb1f0ab3700 1 -- 172.21.15.186:0/3427647125 --> [v2:172.21.15.186:3300/0,v1:172.21.15.186:6789/0] -- mon_command({"prefix": "get_command_descriptions"} v 0) v1 -- 0x7fb1ec195c20 con 0x7fb1ec104e70
2024-04-25T04:50:31.092 INFO:teuthology.orchestra.run.smithi186.stdout:/usr/bin/ceph: stderr
2024-04-25T04:50:30.191+0000 7fb1db7fe700 1 -- 172.21.15.186:0/3427647125 <== mon.0 v2:172.21.15.186:3300/0 4 ==== mgrmap(e 5) v1 ==== 45283+0+0 (secure 0 0 0) 0x7fb1dc01aba0 con 0x7fb1ec104e70
2024-04-25T04:50:31.092 INFO:teuthology.orchestra.run.smithi186.stdout:/usr/bin/ceph: stderr
2024-04-25T04:50:30.191+0000 7fb1db7fe700 1 --2- 172.21.15.186:0/3427647125 >> [v2:172.21.15.186:6800/2392735000,v1:172.21.15.186:6801/2392735000] conn(0x7fb1d4038320 0x7fb1d403a7e0 unknown :-1 s=NONE pgs=0 cs=0 l=1 rev1=0 crypto rx=0 tx=0 comp rx=0 tx=0).connect
2024-04-25T04:50:31.092 INFO:teuthology.orchestra.run.smithi186.stdout:/usr/bin/ceph: stderr
2024-04-25T04:50:30.191+0000 7fb1db7fe700 1 -- 172.21.15.186:0/3427647125 <== mon.0 v2:172.21.15.186:3300/0 5 ==== osd_map(1..1 src has 1..1) v4 ==== 725+0+0 (secure 0 0 0) 0x7fb1dc04c100 con 0x7fb1ec104e70
2024-04-25T04:50:31.092 INFO:teuthology.orchestra.run.smithi186.stdout:/usr/bin/ceph: stderr
2024-04-25T04:50:30.191+0000 7fb1e9d9b700 1 -- 172.21.15.186:0/3427647125 >> [v2:172.21.15.186:6800/2392735000,v1:172.21.15.186:6801/2392735000] conn(0x7fb1d4038320 msgr2=0x7fb1d403a7e0 unknown :-1 s=STATE_CONNECTING_RE l=1).process reconnect failed to v2:172.21.15.186:6800/2392735000
2024-04-25T04:50:31.092 INFO:teuthology.orchestra.run.smithi186.stdout:/usr/bin/ceph: stderr
2024-04-25T04:50:30.191+0000 7fb1e9d9b700 1 --2- 172.21.15.186:0/3427647125 >> [v2:172.21.15.186:6800/2392735000,v1:172.21.15.186:6801/2392735000] conn(0x7fb1d4038320 0x7fb1d403a7e0 unknown :-1 s=START_CONNECT pgs=0 cs=0 l=1 rev1=0 crypto rx=0 tx=0 comp rx=0 tx=0)._fault waiting 0.200000
2024-04-25T04:50:31.092 INFO:teuthology.orchestra.run.smithi186.stdout:/usr/bin/ceph: stderr
2024-04-25T04:50:30.200+0000 7fb1db7fe700 1 -- 172.21.15.186:0/3427647125 <== mon.0 v2:172.21.15.186:3300/0 6 ==== mon_command_ack([{"prefix": "get_command_descriptions"}]=0 v0) v1 ==== 72+0+180422 (secure 0 0 0) 0x7fb1dc0237b0 con 0x7fb1ec104e70
2024-04-25T04:50:31.092 INFO:teuthology.orchestra.run.smithi186.stdout:/usr/bin/ceph: stderr
2024-04-25T04:50:30.392+0000 7fb1e9d9b700 1 -- 172.21.15.186:0/3427647125 >> [v2:172.21.15.186:6800/2392735000,v1:172.21.15.186:6801/2392735000] conn(0x7fb1d4038320 msgr2=0x7fb1d403a7e0 unknown :-1 s=STATE_CONNECTING_RE l=1).process reconnect failed to v2:172.21.15.186:6800/2392735000
2024-04-25T04:50:31.092 INFO:teuthology.orchestra.run.smithi186.stdout:/usr/bin/ceph: stderr
2024-04-25T04:50:30.392+0000 7fb1e9d9b700 1 --2- 172.21.15.186:0/3427647125 >> [v2:172.21.15.186:6800/2392735000,v1:172.21.15.186:6801/2392735000] conn(0x7fb1d4038320 0x7fb1d403a7e0 unknown :-1 s=START_CONNECT pgs=0 cs=0 l=1 rev1=0 crypto rx=0 tx=0 comp rx=0 tx=0)._fault waiting 0.400000
2024-04-25T04:50:31.093 INFO:teuthology.orchestra.run.smithi186.stdout:/usr/bin/ceph: stderr
2024-04-25T04:50:30.484+0000 7fb1f0ab3700 1 -- 172.21.15.186:0/3427647125 --> [v2:172.21.15.186:3300/0,v1:172.21.15.186:6789/0] -- mon_command({"prefix": "mgr stat"} v 0) v1 -- 0x7fb1ec02cc70 con 0x7fb1ec104e70
2024-04-25T04:50:31.093 INFO:teuthology.orchestra.run.smithi186.stdout:/usr/bin/ceph: stderr
2024-04-25T04:50:30.485+0000 7fb1db7fe700 1 -- 172.21.15.186:0/3427647125 <== mon.0 v2:172.21.15.186:3300/0 7 ==== mon_command_ack([{"prefix": "mgr stat"}]=0 v5) v1 ==== 56+0+103 (secure 0 0 0) 0x7fb1dc0172b0 con 0x7fb1ec104e70
2024-04-25T04:50:31.093 INFO:teuthology.orchestra.run.smithi186.stdout:/usr/bin/ceph: stderr
2024-04-25T04:50:30.487+0000 7fb1f0ab3700 1 -- 172.21.15.186:0/3427647125 >> [v2:172.21.15.186:6800/2392735000,v1:172.21.15.186:6801/2392735000] conn(0x7fb1d4038320 msgr2=0x7fb1d403a7e0 unknown :-1 s=STATE_CONNECTING l=1).mark_down
2024-04-25T04:50:31.093 INFO:teuthology.orchestra.run.smithi186.stdout:/usr/bin/ceph: stderr
2024-04-25T04:50:30.487+0000 7fb1f0ab3700 1 --2- 172.21.15.186:0/3427647125 >> [v2:172.21.15.186:6800/2392735000,v1:172.21.15.186:6801/2392735000] conn(0x7fb1d4038320 0x7fb1d403a7e0 unknown :-1 s=START_CONNECT pgs=0 cs=0 l=1 rev1=0 crypto rx=0 tx=0 comp rx=0 tx=0).stop
2024-04-25T04:50:31.093 INFO:teuthology.orchestra.run.smithi186.stdout:/usr/bin/ceph: stderr
2024-04-25T04:50:30.487+0000 7fb1f0ab3700 1 -- 172.21.15.186:0/3427647125 >> [v2:172.21.15.186:3300/0,v1:172.21.15.186:6789/0] conn(0x7fb1ec104e70 msgr2=0x7fb1ec19c370 secure :-1 s=STATE_CONNECTION_ESTABLISHED l=1).mark_down
2024-04-25T04:50:31.093 INFO:teuthology.orchestra.run.smithi186.stdout:/usr/bin/ceph: stderr
2024-04-25T04:50:30.487+0000 7fb1f0ab3700 1 --2- 172.21.15.186:0/3427647125 >> [v2:172.21.15.186:3300/0,v1:172.21.15.186:6789/0] conn(0x7fb1ec104e70 0x7fb1ec19c370 secure :-1 s=READY pgs=23 cs=0 l=1 rev1=1 crypto rx=0x7fb1dc000c00 tx=0x7fb1dc011ab0 comp rx=0 tx=0).stop
2024-04-25T04:50:31.093 INFO:teuthology.orchestra.run.smithi186.stdout:/usr/bin/ceph: stderr
2024-04-25T04:50:30.487+0000 7fb1f0ab3700 1 -- 172.21.15.186:0/3427647125 shutdown_connections
2024-04-25T04:50:31.093 INFO:teuthology.orchestra.run.smithi186.stdout:/usr/bin/ceph: stderr
2024-04-25T04:50:30.487+0000 7fb1f0ab3700 1 --2- 172.21.15.186:0/3427647125 >> [v2:172.21.15.186:6800/2392735000,v1:172.21.15.186:6801/2392735000] conn(0x7fb1d4038320 0x7fb1d403a7e0 unknown :-1 s=CLOSED pgs=0 cs=0 l=1 rev1=0 crypto rx=0 tx=0 comp rx=0 tx=0).stop
2024-04-25T04:50:31.093 INFO:teuthology.orchestra.run.smithi186.stdout:/usr/bin/ceph: stderr
2024-04-25T04:50:30.487+0000 7fb1f0ab3700 1 --2- 172.21.15.186:0/3427647125 >> [v2:172.21.15.186:3300/0,v1:172.21.15.186:6789/0] conn(0x7fb1ec104e70 0x7fb1ec19c370 unknown :-1 s=CLOSED pgs=23 cs=0 l=1 rev1=1 crypto rx=0 tx=0 comp rx=0 tx=0).stop
2024-04-25T04:50:31.093 INFO:teuthology.orchestra.run.smithi186.stdout:/usr/bin/ceph: stderr
2024-04-25T04:50:30.487+0000 7fb1f0ab3700 1 -- 172.21.15.186:0/3427647125 >> 172.21.15.186:0/3427647125 conn(0x7fb1ec1009f0 msgr2=0x7fb1ec190a30 unknown :-1 s=STATE_NONE l=0).mark_down
2024-04-25T04:50:31.093 INFO:teuthology.orchestra.run.smithi186.stdout:/usr/bin/ceph: stderr
2024-04-25T04:50:30.487+0000 7fb1f0ab3700 1 -- 172.21.15.186:0/3427647125 shutdown_connections
2024-04-25T04:50:31.093 INFO:teuthology.orchestra.run.smithi186.stdout:/usr/bin/ceph: stderr
2024-04-25T04:50:30.487+0000 7fb1f0ab3700 1 -- 172.21.15.186:0/3427647125 wait complete.
2024-04-25T04:50:31.093 INFO:teuthology.orchestra.run.smithi186.stdout:Waiting for the mgr to restart...
2024-04-25T04:50:31.093 INFO:teuthology.orchestra.run.smithi186.stdout:Waiting for mgr epoch 5...
2024-04-25T04:50:31.384 INFO:journalctl@ceph.mon.smithi186.smithi186.stdout:Apr 25 04:50:31 smithi186 ceph-mon[26619]: from='client.? 172.21.15.186:0/3427647125' entity='client.admin' cmd=[{"prefix": "mgr stat"}]: dispatch
2024-04-25T04:50:36.016 INFO:journalctl@ceph.mon.smithi186.smithi186.stdout:Apr 25 04:50:35 smithi186 ceph-mon[26619]: Active manager daemon smithi186.fqtdxb restarted
2024-04-25T04:50:36.017 INFO:journalctl@ceph.mon.smithi186.smithi186.stdout:Apr 25 04:50:35 smithi186 ceph-mon[26619]: Activating manager daemon smithi186.fqtdxb
2024-04-25T04:50:36.017 INFO:journalctl@ceph.mon.smithi186.smithi186.stdout:Apr 25 04:50:35 smithi186 ceph-mon[26619]: osdmap e2: 0 total, 0 up, 0 in
2024-04-25T04:50:36.017 INFO:journalctl@ceph.mon.smithi186.smithi186.stdout:Apr 25 04:50:35 smithi186 ceph-mon[26619]: mgrmap e6: smithi186.fqtdxb(active, starting, since 0.0033938s)
2024-04-25T04:50:36.017 INFO:journalctl@ceph.mon.smithi186.smithi186.stdout:Apr 25 04:50:35 smithi186 ceph-mon[26619]: from='mgr.14116 172.21.15.186:0/8311543' entity='mgr.smithi186.fqtdxb' cmd=[{"prefix": "mon metadata", "id": "smithi186"}]: dispatch
2024-04-25T04:50:36.017 INFO:journalctl@ceph.mon.smithi186.smithi186.stdout:Apr 25 04:50:35 smithi186 ceph-mon[26619]: from='mgr.14116 172.21.15.186:0/8311543' entity='mgr.smithi186.fqtdxb' cmd=[{"prefix": "mgr metadata", "who": "smithi186.fqtdxb", "id": "smithi186.fqtdxb"}]: dispatch
2024-04-25T04:50:36.017 INFO:journalctl@ceph.mon.smithi186.smithi186.stdout:Apr 25 04:50:35 smithi186 ceph-mon[26619]: from='mgr.14116 172.21.15.186:0/8311543' entity='mgr.smithi186.fqtdxb' cmd=[{"prefix": "mds metadata"}]: dispatch
2024-04-25T04:50:36.017 INFO:journalctl@ceph.mon.smithi186.smithi186.stdout:Apr 25 04:50:35 smithi186 ceph-mon[26619]: from='mgr.14116 172.21.15.186:0/8311543' entity='mgr.smithi186.fqtdxb' cmd=[{"prefix": "osd metadata"}]: dispatch
2024-04-25T04:50:36.017 INFO:journalctl@ceph.mon.smithi186.smithi186.stdout:Apr 25 04:50:35 smithi186 ceph-mon[26619]: from='mgr.14116 172.21.15.186:0/8311543' entity='mgr.smithi186.fqtdxb' cmd=[{"prefix": "mon metadata"}]: dispatch
2024-04-25T04:50:36.017 INFO:journalctl@ceph.mon.smithi186.smithi186.stdout:Apr 25 04:50:35 smithi186 ceph-mon[26619]: Manager daemon smithi186.fqtdxb is now available
2024-04-25T04:50:36.017 INFO:journalctl@ceph.mon.smithi186.smithi186.stdout:Apr 25 04:50:35 smithi186 ceph-mon[26619]: from='mgr.14116 172.21.15.186:0/8311543' entity='mgr.smithi186.fqtdxb'
2024-04-25T04:50:36.017 INFO:journalctl@ceph.mon.smithi186.smithi186.stdout:Apr 25 04:50:35 smithi186 ceph-mon[26619]: from='mgr.14116 172.21.15.186:0/8311543' entity='mgr.smithi186.fqtdxb'
2024-04-25T04:50:36.017 INFO:journalctl@ceph.mon.smithi186.smithi186.stdout:Apr 25 04:50:35 smithi186 ceph-mon[26619]: from='mgr.14116 172.21.15.186:0/8311543' entity='mgr.smithi186.fqtdxb' cmd=[{"prefix": "config dump", "format": "json"}]: dispatch
2024-04-25T04:50:36.017 INFO:journalctl@ceph.mon.smithi186.smithi186.stdout:Apr 25 04:50:35 smithi186 ceph-mon[26619]: from='mgr.14116 172.21.15.186:0/8311543' entity='mgr.smithi186.fqtdxb' cmd=[{"prefix": "config dump", "format": "json"}]: dispatch
2024-04-25T04:50:36.018 INFO:journalctl@ceph.mon.smithi186.smithi186.stdout:Apr 25 04:50:35 smithi186 ceph-mon[26619]: from='mgr.14116 172.21.15.186:0/8311543' entity='mgr.smithi186.fqtdxb' cmd=[{"prefix": "config dump", "format": "json"}]: dispatch
2024-04-25T04:50:36.018 INFO:journalctl@ceph.mon.smithi186.smithi186.stdout:Apr 25 04:50:35 smithi186 ceph-mon[26619]: from='mgr.14116 172.21.15.186:0/8311543' entity='mgr.smithi186.fqtdxb' cmd=[{"prefix":"config rm","who":"mgr","name":"mgr/rbd_support/smithi186.fqtdxb/mirror_snapshot_schedule"}]: dispatch
2024-04-25T04:50:36.018 INFO:journalctl@ceph.mon.smithi186.smithi186.stdout:Apr 25 04:50:35 smithi186 ceph-mon[26619]: from='mgr.14116 172.21.15.186:0/8311543' entity='mgr.smithi186.fqtdxb' cmd=[{"prefix":"config rm","who":"mgr","name":"mgr/rbd_support/smithi186.fqtdxb/trash_purge_schedule"}]: dispatch
2024-04-25T04:50:37.187 INFO:journalctl@ceph.mon.smithi186.smithi186.stdout:Apr 25 04:50:36 smithi186 ceph-mon[26619]: Found migration_current of "None". Setting to last migration.
2024-04-25T04:50:37.187 INFO:journalctl@ceph.mon.smithi186.smithi186.stdout:Apr 25 04:50:36 smithi186 ceph-mon[26619]: from='mgr.14116 172.21.15.186:0/8311543' entity='mgr.smithi186.fqtdxb'
2024-04-25T04:50:37.187 INFO:journalctl@ceph.mon.smithi186.smithi186.stdout:Apr 25 04:50:36 smithi186 ceph-mon[26619]: from='mgr.14116 172.21.15.186:0/8311543' entity='mgr.smithi186.fqtdxb'
2024-04-25T04:50:37.187 INFO:journalctl@ceph.mon.smithi186.smithi186.stdout:Apr 25 04:50:36 smithi186 ceph-mon[26619]: mgrmap e7: smithi186.fqtdxb(active, since 1.00591s)
2024-04-25T04:50:37.489 INFO:teuthology.orchestra.run.smithi186.stdout:/usr/bin/ceph: stdout {
2024-04-25T04:50:37.490 INFO:teuthology.orchestra.run.smithi186.stdout:/usr/bin/ceph: stdout "mgrmap_epoch": 7,
2024-04-25T04:50:37.490 INFO:teuthology.orchestra.run.smithi186.stdout:/usr/bin/ceph: stdout "initialized": true
2024-04-25T04:50:37.490 INFO:teuthology.orchestra.run.smithi186.stdout:/usr/bin/ceph: stdout }
2024-04-25T04:50:37.490 INFO:teuthology.orchestra.run.smithi186.stdout:/usr/bin/ceph: stderr
2024-04-25T04:50:31.488+0000 7f0b620ad700 1 Processor -- start
2024-04-25T04:50:37.490 INFO:teuthology.orchestra.run.smithi186.stdout:/usr/bin/ceph: stderr
2024-04-25T04:50:31.488+0000 7f0b620ad700 1 -- start start
2024-04-25T04:50:37.490 INFO:teuthology.orchestra.run.smithi186.stdout:/usr/bin/ceph: stderr
2024-04-25T04:50:31.488+0000 7f0b620ad700 1 --2- >> [v2:172.21.15.186:3300/0,v1:172.21.15.186:6789/0] conn(0x7f0b5c107020 0x7f0b5c109410 unknown :-1 s=NONE pgs=0 cs=0 l=0 rev1=0 crypto rx=0 tx=0 comp rx=0 tx=0).connect
2024-04-25T04:50:37.490 INFO:teuthology.orchestra.run.smithi186.stdout:/usr/bin/ceph: stderr
2024-04-25T04:50:31.488+0000 7f0b620ad700 1 -- --> [v2:172.21.15.186:3300/0,v1:172.21.15.186:6789/0] -- mon_getmap magic: 0 v1 -- 0x7f0b5c079e50 con 0x7f0b5c107020
2024-04-25T04:50:37.490 INFO:teuthology.orchestra.run.smithi186.stdout:/usr/bin/ceph: stderr
2024-04-25T04:50:31.489+0000 7f0b5b7fe700 1 --2- >> [v2:172.21.15.186:3300/0,v1:172.21.15.186:6789/0] conn(0x7f0b5c107020 0x7f0b5c109410 unknown :-1 s=BANNER_CONNECTING pgs=0 cs=0 l=0 rev1=0 crypto rx=0 tx=0 comp rx=0 tx=0)._handle_peer_banner_payload supported=3 required=0
2024-04-25T04:50:37.490 INFO:teuthology.orchestra.run.smithi186.stdout:/usr/bin/ceph: stderr
2024-04-25T04:50:31.489+0000 7f0b5b7fe700 1 --2- >> [v2:172.21.15.186:3300/0,v1:172.21.15.186:6789/0] conn(0x7f0b5c107020 0x7f0b5c109410 unknown :-1 s=HELLO_CONNECTING pgs=0 cs=0 l=0 rev1=1 crypto rx=0 tx=0 comp rx=0 tx=0).handle_hello peer v2:172.21.15.186:3300/0 says I am v2:172.21.15.186:52374/0 (socket says 172.21.15.186:52374)
2024-04-25T04:50:37.490 INFO:teuthology.orchestra.run.smithi186.stdout:/usr/bin/ceph: stderr
2024-04-25T04:50:31.489+0000 7f0b5b7fe700 1 -- 172.21.15.186:0/4274990035 learned_addr learned my addr 172.21.15.186:0/4274990035 (peer_addr_for_me v2:172.21.15.186:0/0)
2024-04-25T04:50:37.491 INFO:teuthology.orchestra.run.smithi186.stdout:/usr/bin/ceph: stderr
2024-04-25T04:50:31.489+0000 7f0b5b7fe700 1 -- 172.21.15.186:0/4274990035 --> [v2:172.21.15.186:3300/0,v1:172.21.15.186:6789/0] -- mon_subscribe({config=0+,monmap=0+}) v3 -- 0x7f0b5c109950 con 0x7f0b5c107020
2024-04-25T04:50:37.491 INFO:teuthology.orchestra.run.smithi186.stdout:/usr/bin/ceph: stderr
2024-04-25T04:50:31.489+0000 7f0b5b7fe700 1 --2- 172.21.15.186:0/4274990035 >> [v2:172.21.15.186:3300/0,v1:172.21.15.186:6789/0] conn(0x7f0b5c107020 0x7f0b5c109410 secure :-1 s=READY pgs=24 cs=0 l=1 rev1=1 crypto rx=0x7f0b500098a0 tx=0x7f0b50009bb0 comp rx=0 tx=0).ready entity=mon.0 client_cookie=5db55a4963a11c77 server_cookie=0 in_seq=0 out_seq=0
2024-04-25T04:50:37.491 INFO:teuthology.orchestra.run.smithi186.stdout:/usr/bin/ceph: stderr
2024-04-25T04:50:31.489+0000 7f0b5a7fc700 1 -- 172.21.15.186:0/4274990035 <== mon.0 v2:172.21.15.186:3300/0 1 ==== mon_map magic: 0 v1 ==== 229+0+0 (secure 0 0 0) 0x7f0b50004180 con 0x7f0b5c107020
2024-04-25T04:50:37.491 INFO:teuthology.orchestra.run.smithi186.stdout:/usr/bin/ceph: stderr
2024-04-25T04:50:31.489+0000 7f0b5a7fc700 1 -- 172.21.15.186:0/4274990035 <== mon.0 v2:172.21.15.186:3300/0 2 ==== config(27 keys) v1 ==== 1037+0+0 (secure 0 0 0) 0x7f0b500042e0 con 0x7f0b5c107020
2024-04-25T04:50:37.491 INFO:teuthology.orchestra.run.smithi186.stdout:/usr/bin/ceph: stderr
2024-04-25T04:50:31.489+0000 7f0b5a7fc700 1 -- 172.21.15.186:0/4274990035 <== mon.0 v2:172.21.15.186:3300/0 3 ==== mon_map magic: 0 v1 ==== 229+0+0 (secure 0 0 0) 0x7f0b50011a50 con 0x7f0b5c107020
2024-04-25T04:50:37.491 INFO:teuthology.orchestra.run.smithi186.stdout:/usr/bin/ceph: stderr
2024-04-25T04:50:31.490+0000 7f0b620ad700 1 -- 172.21.15.186:0/4274990035 >> [v2:172.21.15.186:3300/0,v1:172.21.15.186:6789/0] conn(0x7f0b5c107020 msgr2=0x7f0b5c109410 secure :-1 s=STATE_CONNECTION_ESTABLISHED l=1).mark_down
2024-04-25T04:50:37.491 INFO:teuthology.orchestra.run.smithi186.stdout:/usr/bin/ceph: stderr
2024-04-25T04:50:31.490+0000 7f0b620ad700 1 --2- 172.21.15.186:0/4274990035 >> [v2:172.21.15.186:3300/0,v1:172.21.15.186:6789/0] conn(0x7f0b5c107020 0x7f0b5c109410 secure :-1 s=READY pgs=24 cs=0 l=1 rev1=1 crypto rx=0x7f0b500098a0 tx=0x7f0b50009bb0 comp rx=0 tx=0).stop
2024-04-25T04:50:37.491 INFO:teuthology.orchestra.run.smithi186.stdout:/usr/bin/ceph: stderr
2024-04-25T04:50:31.490+0000 7f0b620ad700 1 -- 172.21.15.186:0/4274990035 shutdown_connections
2024-04-25T04:50:37.491 INFO:teuthology.orchestra.run.smithi186.stdout:/usr/bin/ceph: stderr
2024-04-25T04:50:31.490+0000 7f0b620ad700 1 --2- 172.21.15.186:0/4274990035 >> [v2:172.21.15.186:3300/0,v1:172.21.15.186:6789/0] conn(0x7f0b5c107020 0x7f0b5c109410 unknown :-1 s=CLOSED pgs=24 cs=0 l=1 rev1=1 crypto rx=0 tx=0 comp rx=0 tx=0).stop
2024-04-25T04:50:37.491 INFO:teuthology.orchestra.run.smithi186.stdout:/usr/bin/ceph: stderr
2024-04-25T04:50:31.490+0000 7f0b620ad700 1 -- 172.21.15.186:0/4274990035 >> 172.21.15.186:0/4274990035 conn(0x7f0b5c1009f0 msgr2=0x7f0b5c102e50 unknown :-1 s=STATE_NONE l=0).mark_down
2024-04-25T04:50:37.491 INFO:teuthology.orchestra.run.smithi186.stdout:/usr/bin/ceph: stderr
2024-04-25T04:50:31.490+0000 7f0b620ad700 1 -- 172.21.15.186:0/4274990035 shutdown_connections
2024-04-25T04:50:37.491 INFO:teuthology.orchestra.run.smithi186.stdout:/usr/bin/ceph: stderr
2024-04-25T04:50:31.490+0000 7f0b620ad700 1 -- 172.21.15.186:0/4274990035 wait complete.
2024-04-25T04:50:37.491 INFO:teuthology.orchestra.run.smithi186.stdout:/usr/bin/ceph: stderr
2024-04-25T04:50:31.490+0000 7f0b620ad700 1 Processor -- start
2024-04-25T04:50:37.492 INFO:teuthology.orchestra.run.smithi186.stdout:/usr/bin/ceph: stderr
2024-04-25T04:50:31.491+0000 7f0b620ad700 1 -- start start
2024-04-25T04:50:37.492 INFO:teuthology.orchestra.run.smithi186.stdout:/usr/bin/ceph: stderr
2024-04-25T04:50:31.491+0000 7f0b620ad700 1 --2- >> [v2:172.21.15.186:3300/0,v1:172.21.15.186:6789/0] conn(0x7f0b5c107020 0x7f0b5c106980 unknown :-1 s=NONE pgs=0 cs=0 l=1 rev1=0 crypto rx=0 tx=0 comp rx=0 tx=0).connect
2024-04-25T04:50:37.492 INFO:teuthology.orchestra.run.smithi186.stdout:/usr/bin/ceph: stderr
2024-04-25T04:50:31.491+0000 7f0b620ad700 1 -- --> [v2:172.21.15.186:3300/0,v1:172.21.15.186:6789/0] -- mon_getmap magic: 0 v1 -- 0x7f0b5c106ec0 con 0x7f0b5c107020
2024-04-25T04:50:37.492 INFO:teuthology.orchestra.run.smithi186.stdout:/usr/bin/ceph: stderr
2024-04-25T04:50:31.491+0000 7f0b5b7fe700 1 --2- >> [v2:172.21.15.186:3300/0,v1:172.21.15.186:6789/0] conn(0x7f0b5c107020 0x7f0b5c106980 unknown :-1 s=BANNER_CONNECTING pgs=0 cs=0 l=1 rev1=0 crypto rx=0 tx=0 comp rx=0 tx=0)._handle_peer_banner_payload supported=3 required=0
2024-04-25T04:50:37.492 INFO:teuthology.orchestra.run.smithi186.stdout:/usr/bin/ceph: stderr
2024-04-25T04:50:31.491+0000 7f0b5b7fe700 1 --2- >> [v2:172.21.15.186:3300/0,v1:172.21.15.186:6789/0] conn(0x7f0b5c107020 0x7f0b5c106980 unknown :-1 s=HELLO_CONNECTING pgs=0 cs=0 l=1 rev1=1 crypto rx=0 tx=0 comp rx=0 tx=0).handle_hello peer v2:172.21.15.186:3300/0 says I am v2:172.21.15.186:52378/0 (socket says 172.21.15.186:52378)
2024-04-25T04:50:37.492 INFO:teuthology.orchestra.run.smithi186.stdout:/usr/bin/ceph: stderr
2024-04-25T04:50:31.491+0000 7f0b5b7fe700 1 -- 172.21.15.186:0/1619868576 learned_addr learned my addr 172.21.15.186:0/1619868576 (peer_addr_for_me v2:172.21.15.186:0/0)
2024-04-25T04:50:37.492 INFO:teuthology.orchestra.run.smithi186.stdout:/usr/bin/ceph: stderr
2024-04-25T04:50:31.491+0000 7f0b5b7fe700 1 -- 172.21.15.186:0/1619868576 --> [v2:172.21.15.186:3300/0,v1:172.21.15.186:6789/0] -- mon_subscribe({config=0+,monmap=0+}) v3 -- 0x7f0b50009550 con 0x7f0b5c107020
2024-04-25T04:50:37.492 INFO:teuthology.orchestra.run.smithi186.stdout:/usr/bin/ceph: stderr
2024-04-25T04:50:31.491+0000 7f0b5b7fe700 1 --2- 172.21.15.186:0/1619868576 >> [v2:172.21.15.186:3300/0,v1:172.21.15.186:6789/0] conn(0x7f0b5c107020 0x7f0b5c106980 secure :-1 s=READY pgs=25 cs=0 l=1 rev1=1 crypto rx=0x7f0b500119e0 tx=0x7f0b50011ac0 comp rx=0 tx=0).ready entity=mon.0 client_cookie=0 server_cookie=0 in_seq=0 out_seq=0
2024-04-25T04:50:37.492 INFO:teuthology.orchestra.run.smithi186.stdout:/usr/bin/ceph: stderr
2024-04-25T04:50:31.492+0000 7f0b58ff9700 1 -- 172.21.15.186:0/1619868576 <== mon.0 v2:172.21.15.186:3300/0 1 ==== mon_map magic: 0 v1 ==== 229+0+0 (secure 0 0 0) 0x7f0b50003b90 con 0x7f0b5c107020
2024-04-25T04:50:37.492 INFO:teuthology.orchestra.run.smithi186.stdout:/usr/bin/ceph: stderr
2024-04-25T04:50:31.492+0000 7f0b58ff9700 1 -- 172.21.15.186:0/1619868576 <== mon.0 v2:172.21.15.186:3300/0 2 ==== config(27 keys) v1 ==== 1037+0+0 (secure 0 0 0) 0x7f0b5001a8a0 con 0x7f0b5c107020
2024-04-25T04:50:37.492 INFO:teuthology.orchestra.run.smithi186.stdout:/usr/bin/ceph: stderr
2024-04-25T04:50:31.492+0000 7f0b620ad700 1 -- 172.21.15.186:0/1619868576 --> [v2:172.21.15.186:3300/0,v1:172.21.15.186:6789/0] -- mon_subscribe({mgrmap=0+}) v3 -- 0x7f0b5c104fd0 con 0x7f0b5c107020
2024-04-25T04:50:37.492 INFO:teuthology.orchestra.run.smithi186.stdout:/usr/bin/ceph: stderr
2024-04-25T04:50:31.492+0000 7f0b58ff9700 1 -- 172.21.15.186:0/1619868576 <== mon.0 v2:172.21.15.186:3300/0 3 ==== mon_map magic: 0 v1 ==== 229+0+0 (secure 0 0 0) 0x7f0b50019930 con 0x7f0b5c107020
2024-04-25T04:50:37.492 INFO:teuthology.orchestra.run.smithi186.stdout:/usr/bin/ceph: stderr
2024-04-25T04:50:31.492+0000 7f0b620ad700 1 -- 172.21.15.186:0/1619868576 --> [v2:172.21.15.186:3300/0,v1:172.21.15.186:6789/0] -- mon_subscribe({osdmap=0}) v3 -- 0x7f0b5c105470 con 0x7f0b5c107020
2024-04-25T04:50:37.492 INFO:teuthology.orchestra.run.smithi186.stdout:/usr/bin/ceph: stderr
2024-04-25T04:50:31.493+0000 7f0b58ff9700 1 -- 172.21.15.186:0/1619868576 <== mon.0 v2:172.21.15.186:3300/0 4 ==== mgrmap(e 5) v1 ==== 45283+0+0 (secure 0 0 0) 0x7f0b50019ba0 con 0x7f0b5c107020
2024-04-25T04:50:37.492 INFO:teuthology.orchestra.run.smithi186.stdout:/usr/bin/ceph: stderr
2024-04-25T04:50:31.493+0000 7f0b58ff9700 1 --2- 172.21.15.186:0/1619868576 >> [v2:172.21.15.186:6800/2392735000,v1:172.21.15.186:6801/2392735000] conn(0x7f0b44038330 0x7f0b4403a7f0 unknown :-1 s=NONE pgs=0 cs=0 l=1 rev1=0 crypto rx=0 tx=0 comp rx=0 tx=0).connect
2024-04-25T04:50:37.493 INFO:teuthology.orchestra.run.smithi186.stdout:/usr/bin/ceph: stderr
2024-04-25T04:50:31.493+0000 7f0b58ff9700 1 -- 172.21.15.186:0/1619868576 --> [v2:172.21.15.186:6800/2392735000,v1:172.21.15.186:6801/2392735000] -- command(tid 0: {"prefix": "get_command_descriptions"}) v1 -- 0x7f0b4403af00 con 0x7f0b44038330
2024-04-25T04:50:37.493 INFO:teuthology.orchestra.run.smithi186.stdout:/usr/bin/ceph: stderr
2024-04-25T04:50:31.493+0000 7f0b58ff9700 1 -- 172.21.15.186:0/1619868576 <== mon.0 v2:172.21.15.186:3300/0 5 ==== osd_map(1..1 src has 1..1) v4 ==== 725+0+0 (secure 0 0 0) 0x7f0b5004c960 con 0x7f0b5c107020
2024-04-25T04:50:37.493 INFO:teuthology.orchestra.run.smithi186.stdout:/usr/bin/ceph: stderr
2024-04-25T04:50:31.493+0000 7f0b5affd700 1 -- 172.21.15.186:0/1619868576 >> [v2:172.21.15.186:6800/2392735000,v1:172.21.15.186:6801/2392735000] conn(0x7f0b44038330 msgr2=0x7f0b4403a7f0 unknown :-1 s=STATE_CONNECTING_RE l=1).process reconnect failed to v2:172.21.15.186:6800/2392735000
2024-04-25T04:50:37.493 INFO:teuthology.orchestra.run.smithi186.stdout:/usr/bin/ceph: stderr
2024-04-25T04:50:31.493+0000 7f0b5affd700 1 --2- 172.21.15.186:0/1619868576 >> [v2:172.21.15.186:6800/2392735000,v1:172.21.15.186:6801/2392735000] conn(0x7f0b44038330 0x7f0b4403a7f0 unknown :-1 s=START_CONNECT pgs=0 cs=0 l=1 rev1=0 crypto rx=0 tx=0 comp rx=0 tx=0)._fault waiting 0.200000
2024-04-25T04:50:37.493 INFO:teuthology.orchestra.run.smithi186.stdout:/usr/bin/ceph: stderr
2024-04-25T04:50:31.694+0000 7f0b5affd700 1 -- 172.21.15.186:0/1619868576 >> [v2:172.21.15.186:6800/2392735000,v1:172.21.15.186:6801/2392735000] conn(0x7f0b44038330 msgr2=0x7f0b4403a7f0 unknown :-1 s=STATE_CONNECTING_RE l=1).process reconnect failed to v2:172.21.15.186:6800/2392735000
2024-04-25T04:50:37.493 INFO:teuthology.orchestra.run.smithi186.stdout:/usr/bin/ceph: stderr
2024-04-25T04:50:31.694+0000 7f0b5affd700 1 --2- 172.21.15.186:0/1619868576 >> [v2:172.21.15.186:6800/2392735000,v1:172.21.15.186:6801/2392735000] conn(0x7f0b44038330 0x7f0b4403a7f0 unknown :-1 s=START_CONNECT pgs=0 cs=0 l=1 rev1=0 crypto rx=0 tx=0 comp rx=0 tx=0)._fault waiting 0.400000
2024-04-25T04:50:37.493 INFO:teuthology.orchestra.run.smithi186.stdout:/usr/bin/ceph: stderr
2024-04-25T04:50:32.095+0000 7f0b5affd700 1 -- 172.21.15.186:0/1619868576 >> [v2:172.21.15.186:6800/2392735000,v1:172.21.15.186:6801/2392735000] conn(0x7f0b44038330 msgr2=0x7f0b4403a7f0 unknown :-1 s=STATE_CONNECTING_RE l=1).process reconnect failed to v2:172.21.15.186:6800/2392735000
2024-04-25T04:50:37.493 INFO:teuthology.orchestra.run.smithi186.stdout:/usr/bin/ceph: stderr
2024-04-25T04:50:32.095+0000 7f0b5affd700 1 --2- 172.21.15.186:0/1619868576 >> [v2:172.21.15.186:6800/2392735000,v1:172.21.15.186:6801/2392735000] conn(0x7f0b44038330 0x7f0b4403a7f0 unknown :-1 s=START_CONNECT pgs=0 cs=0 l=1 rev1=0 crypto rx=0 tx=0 comp rx=0 tx=0)._fault waiting 0.800000
2024-04-25T04:50:37.493 INFO:teuthology.orchestra.run.smithi186.stdout:/usr/bin/ceph: stderr
2024-04-25T04:50:32.896+0000 7f0b5affd700 1 -- 172.21.15.186:0/1619868576 >> [v2:172.21.15.186:6800/2392735000,v1:172.21.15.186:6801/2392735000] conn(0x7f0b44038330 msgr2=0x7f0b4403a7f0 unknown :-1 s=STATE_CONNECTING_RE l=1).process reconnect failed to v2:172.21.15.186:6800/2392735000
2024-04-25T04:50:37.493 INFO:teuthology.orchestra.run.smithi186.stdout:/usr/bin/ceph: stderr
2024-04-25T04:50:32.896+0000 7f0b5affd700 1 --2- 172.21.15.186:0/1619868576 >> [v2:172.21.15.186:6800/2392735000,v1:172.21.15.186:6801/2392735000] conn(0x7f0b44038330 0x7f0b4403a7f0 unknown :-1 s=START_CONNECT pgs=0 cs=0 l=1 rev1=0 crypto rx=0 tx=0 comp rx=0 tx=0)._fault waiting 1.600000
2024-04-25T04:50:37.494 INFO:teuthology.orchestra.run.smithi186.stdout:/usr/bin/ceph: stderr
2024-04-25T04:50:34.497+0000 7f0b5affd700 1 -- 172.21.15.186:0/1619868576 >> [v2:172.21.15.186:6800/2392735000,v1:172.21.15.186:6801/2392735000] conn(0x7f0b44038330 msgr2=0x7f0b4403a7f0 unknown :-1 s=STATE_CONNECTING_RE l=1).process reconnect failed to v2:172.21.15.186:6800/2392735000
2024-04-25T04:50:37.494 INFO:teuthology.orchestra.run.smithi186.stdout:/usr/bin/ceph: stderr
2024-04-25T04:50:34.497+0000 7f0b5affd700 1 --2- 172.21.15.186:0/1619868576 >> [v2:172.21.15.186:6800/2392735000,v1:172.21.15.186:6801/2392735000] conn(0x7f0b44038330 0x7f0b4403a7f0 unknown :-1 s=START_CONNECT pgs=0 cs=0 l=1 rev1=0 crypto rx=0 tx=0 comp rx=0 tx=0)._fault waiting 3.200000
2024-04-25T04:50:37.494 INFO:teuthology.orchestra.run.smithi186.stdout:/usr/bin/ceph: stderr
2024-04-25T04:50:35.804+0000 7f0b58ff9700 1 -- 172.21.15.186:0/1619868576 <== mon.0 v2:172.21.15.186:3300/0 6 ==== mgrmap(e 6) v1 ==== 45050+0+0 (secure 0 0 0) 0x7f0b5002c3a0 con 0x7f0b5c107020
2024-04-25T04:50:37.494 INFO:teuthology.orchestra.run.smithi186.stdout:/usr/bin/ceph: stderr
2024-04-25T04:50:35.804+0000 7f0b58ff9700 1 -- 172.21.15.186:0/1619868576 >> [v2:172.21.15.186:6800/2392735000,v1:172.21.15.186:6801/2392735000] conn(0x7f0b44038330 msgr2=0x7f0b4403a7f0 unknown :-1 s=STATE_CONNECTING l=1).mark_down
2024-04-25T04:50:37.494 INFO:teuthology.orchestra.run.smithi186.stdout:/usr/bin/ceph: stderr
2024-04-25T04:50:35.804+0000 7f0b58ff9700 1 --2- 172.21.15.186:0/1619868576 >> [v2:172.21.15.186:6800/2392735000,v1:172.21.15.186:6801/2392735000] conn(0x7f0b44038330 0x7f0b4403a7f0 unknown :-1 s=START_CONNECT pgs=0 cs=0 l=1 rev1=0 crypto rx=0 tx=0 comp rx=0 tx=0).stop
2024-04-25T04:50:37.494 INFO:teuthology.orchestra.run.smithi186.stdout:/usr/bin/ceph: stderr
2024-04-25T04:50:36.806+0000 7f0b58ff9700 1 -- 172.21.15.186:0/1619868576 <== mon.0 v2:172.21.15.186:3300/0 7 ==== mgrmap(e 7) v1 ==== 45177+0+0 (secure 0 0 0) 0x7f0b50029d40 con 0x7f0b5c107020
2024-04-25T04:50:37.495 INFO:teuthology.orchestra.run.smithi186.stdout:/usr/bin/ceph: stderr
2024-04-25T04:50:36.806+0000 7f0b58ff9700 1 --2- 172.21.15.186:0/1619868576 >> [v2:172.21.15.186:6800/3702403765,v1:172.21.15.186:6801/3702403765] conn(0x7f0b4403bc60 0x7f0b4403e050 unknown :-1 s=NONE pgs=0 cs=0 l=1 rev1=0 crypto rx=0 tx=0 comp rx=0 tx=0).connect
2024-04-25T04:50:37.495 INFO:teuthology.orchestra.run.smithi186.stdout:/usr/bin/ceph: stderr
2024-04-25T04:50:36.806+0000 7f0b58ff9700 1 -- 172.21.15.186:0/1619868576 --> [v2:172.21.15.186:6800/3702403765,v1:172.21.15.186:6801/3702403765] -- command(tid 0: {"prefix": "get_command_descriptions"}) v1 -- 0x7f0b4403af00 con 0x7f0b4403bc60
2024-04-25T04:50:37.495 INFO:teuthology.orchestra.run.smithi186.stdout:/usr/bin/ceph: stderr
2024-04-25T04:50:36.806+0000 7f0b5affd700 1 --2- 172.21.15.186:0/1619868576 >> [v2:172.21.15.186:6800/3702403765,v1:172.21.15.186:6801/3702403765] conn(0x7f0b4403bc60 0x7f0b4403e050 unknown :-1 s=BANNER_CONNECTING pgs=0 cs=0 l=1 rev1=0 crypto rx=0 tx=0 comp rx=0 tx=0)._handle_peer_banner_payload supported=3 required=0
2024-04-25T04:50:37.495 INFO:teuthology.orchestra.run.smithi186.stdout:/usr/bin/ceph: stderr
2024-04-25T04:50:36.807+0000 7f0b5affd700 1 --2- 172.21.15.186:0/1619868576 >> [v2:172.21.15.186:6800/3702403765,v1:172.21.15.186:6801/3702403765] conn(0x7f0b4403bc60 0x7f0b4403e050 secure :-1 s=READY pgs=1 cs=0 l=1 rev1=1 crypto rx=0x7f0b4c003a10 tx=0x7f0b4c0092b0 comp rx=0 tx=0).ready entity=mgr.14116 client_cookie=0 server_cookie=0 in_seq=0 out_seq=0
2024-04-25T04:50:37.495 INFO:teuthology.orchestra.run.smithi186.stdout:/usr/bin/ceph: stderr
2024-04-25T04:50:36.808+0000 7f0b58ff9700 1 -- 172.21.15.186:0/1619868576 <== mgr.14116 v2:172.21.15.186:6800/3702403765 1 ==== command_reply(tid 0: 0 ) v1 ==== 8+0+6910 (secure 0 0 0) 0x7f0b4403af00 con 0x7f0b4403bc60
2024-04-25T04:50:37.495 INFO:teuthology.orchestra.run.smithi186.stdout:/usr/bin/ceph: stderr
2024-04-25T04:50:36.814+0000 7f0b620ad700 1 -- 172.21.15.186:0/1619868576 --> [v2:172.21.15.186:6800/3702403765,v1:172.21.15.186:6801/3702403765] -- command(tid 1: {"prefix": "mgr_status"}) v1 -- 0x7f0b5c106520 con 0x7f0b4403bc60
2024-04-25T04:50:37.495 INFO:teuthology.orchestra.run.smithi186.stdout:/usr/bin/ceph: stderr
2024-04-25T04:50:36.814+0000 7f0b58ff9700 1 -- 172.21.15.186:0/1619868576 <== mgr.14116 v2:172.21.15.186:6800/3702403765 2 ==== command_reply(tid 1: 0 ) v1 ==== 8+0+51 (secure 0 0 0) 0x7f0b5c106520 con 0x7f0b4403bc60
2024-04-25T04:50:37.495 INFO:teuthology.orchestra.run.smithi186.stdout:/usr/bin/ceph: stderr
2024-04-25T04:50:36.814+0000 7f0b620ad700 1 -- 172.21.15.186:0/1619868576 >> [v2:172.21.15.186:6800/3702403765,v1:172.21.15.186:6801/3702403765] conn(0x7f0b4403bc60 msgr2=0x7f0b4403e050 secure :-1 s=STATE_CONNECTION_ESTABLISHED l=1).mark_down
2024-04-25T04:50:37.496 INFO:teuthology.orchestra.run.smithi186.stdout:/usr/bin/ceph: stderr
2024-04-25T04:50:36.814+0000 7f0b620ad700 1 --2- 172.21.15.186:0/1619868576 >> [v2:172.21.15.186:6800/3702403765,v1:172.21.15.186:6801/3702403765] conn(0x7f0b4403bc60 0x7f0b4403e050 secure :-1 s=READY pgs=1 cs=0 l=1 rev1=1 crypto rx=0x7f0b4c003a10 tx=0x7f0b4c0092b0 comp rx=0 tx=0).stop
