2024-04-25T05:14:57.755 INFO:teuthology.orchestra.run.smithi137.stdout:/usr/bin/ceph: stderr
2024-04-25T05:14:57.178+0000 7f4661085700 1 -- 172.21.15.137:0/1535712483 shutdown_connections
2024-04-25T05:14:57.756 INFO:teuthology.orchestra.run.smithi137.stdout:/usr/bin/ceph: stderr
2024-04-25T05:14:57.178+0000 7f4661085700 1 --2- 172.21.15.137:0/1535712483 >> [v2:172.21.15.137:6800/1235098283,v1:172.21.15.137:6801/1235098283] conn(0x7f4648036800 0x7f4648038cb0 unknown :-1 s=CLOSED pgs=19 cs=0 l=1 rev1=1 crypto rx=0 tx=0 comp rx=0 tx=0).stop
2024-04-25T05:14:57.756 INFO:teuthology.orchestra.run.smithi137.stdout:/usr/bin/ceph: stderr
2024-04-25T05:14:57.178+0000 7f4661085700 1 --2- 172.21.15.137:0/1535712483 >> [v2:172.21.15.137:3300/0,v1:172.21.15.137:6789/0] conn(0x7f465c102870 0x7f465c078c20 unknown :-1 s=CLOSED pgs=62 cs=0 l=1 rev1=1 crypto rx=0 tx=0 comp rx=0 tx=0).stop
2024-04-25T05:14:57.756 INFO:teuthology.orchestra.run.smithi137.stdout:/usr/bin/ceph: stderr
2024-04-25T05:14:57.178+0000 7f4661085700 1 -- 172.21.15.137:0/1535712483 >> 172.21.15.137:0/1535712483 conn(0x7f465c0fe030 msgr2=0x7f465c0feac0 unknown :-1 s=STATE_NONE l=0).mark_down
2024-04-25T05:14:57.756 INFO:teuthology.orchestra.run.smithi137.stdout:/usr/bin/ceph: stderr
2024-04-25T05:14:57.178+0000 7f4661085700 1 -- 172.21.15.137:0/1535712483 shutdown_connections
2024-04-25T05:14:57.756 INFO:teuthology.orchestra.run.smithi137.stdout:/usr/bin/ceph: stderr
2024-04-25T05:14:57.178+0000 7f4661085700 1 -- 172.21.15.137:0/1535712483 wait complete.
2024-04-25T05:14:58.332 INFO:journalctl@ceph.mon.smithi137.smithi137.stdout:Apr 25 05:14:58 smithi137 ceph-mon[26335]: from='client.? 172.21.15.137:0/1535712483' entity='client.admin'
2024-04-25T05:14:58.925 INFO:teuthology.orchestra.run.smithi137.stdout:/usr/bin/ceph: stderr
2024-04-25T05:14:58.155+0000 7f6bb42c0700 1 Processor -- start
2024-04-25T05:14:58.925 INFO:teuthology.orchestra.run.smithi137.stdout:/usr/bin/ceph: stderr
2024-04-25T05:14:58.155+0000 7f6bb42c0700 1 -- start start
2024-04-25T05:14:58.926 INFO:teuthology.orchestra.run.smithi137.stdout:/usr/bin/ceph: stderr
2024-04-25T05:14:58.155+0000 7f6bb42c0700 1 --2- >> [v2:172.21.15.137:3300/0,v1:172.21.15.137:6789/0] conn(0x7f6bac0712b0 0x7f6bac105470 unknown :-1 s=NONE pgs=0 cs=0 l=0 rev1=0 crypto rx=0 tx=0 comp rx=0 tx=0).connect
2024-04-25T05:14:58.926 INFO:teuthology.orchestra.run.smithi137.stdout:/usr/bin/ceph: stderr
2024-04-25T05:14:58.155+0000 7f6bb42c0700 1 -- --> [v2:172.21.15.137:3300/0,v1:172.21.15.137:6789/0] -- mon_getmap magic: 0 v1 -- 0x7f6bac1059b0 con 0x7f6bac0712b0
2024-04-25T05:14:58.926 INFO:teuthology.orchestra.run.smithi137.stdout:/usr/bin/ceph: stderr
2024-04-25T05:14:58.156+0000 7f6bb205c700 1 --2- >> [v2:172.21.15.137:3300/0,v1:172.21.15.137:6789/0] conn(0x7f6bac0712b0 0x7f6bac105470 unknown :-1 s=BANNER_CONNECTING pgs=0 cs=0 l=0 rev1=0 crypto rx=0 tx=0 comp rx=0 tx=0)._handle_peer_banner_payload supported=3 required=0
2024-04-25T05:14:58.926 INFO:teuthology.orchestra.run.smithi137.stdout:/usr/bin/ceph: stderr
2024-04-25T05:14:58.156+0000 7f6bb205c700 1 --2- >> [v2:172.21.15.137:3300/0,v1:172.21.15.137:6789/0] conn(0x7f6bac0712b0 0x7f6bac105470 unknown :-1 s=HELLO_CONNECTING pgs=0 cs=0 l=0 rev1=1 crypto rx=0 tx=0 comp rx=0 tx=0).handle_hello peer v2:172.21.15.137:3300/0 says I am v2:172.21.15.137:54206/0 (socket says 172.21.15.137:54206)
2024-04-25T05:14:58.926 INFO:teuthology.orchestra.run.smithi137.stdout:/usr/bin/ceph: stderr
2024-04-25T05:14:58.156+0000 7f6bb205c700 1 -- 172.21.15.137:0/2096928291 learned_addr learned my addr 172.21.15.137:0/2096928291 (peer_addr_for_me v2:172.21.15.137:0/0)
2024-04-25T05:14:58.926 INFO:teuthology.orchestra.run.smithi137.stdout:/usr/bin/ceph: stderr
2024-04-25T05:14:58.156+0000 7f6bb205c700 1 -- 172.21.15.137:0/2096928291 --> [v2:172.21.15.137:3300/0,v1:172.21.15.137:6789/0] -- mon_subscribe({config=0+,monmap=0+}) v3 -- 0x7f6bac105af0 con 0x7f6bac0712b0
2024-04-25T05:14:58.926 INFO:teuthology.orchestra.run.smithi137.stdout:/usr/bin/ceph: stderr
2024-04-25T05:14:58.156+0000 7f6bb205c700 1 --2- 172.21.15.137:0/2096928291 >> [v2:172.21.15.137:3300/0,v1:172.21.15.137:6789/0] conn(0x7f6bac0712b0 0x7f6bac105470 secure :-1 s=READY pgs=63 cs=0 l=1 rev1=1 crypto rx=0x7f6b9c0098e0 tx=0x7f6b9c009250 comp rx=0 tx=0).ready entity=mon.0 client_cookie=486dc46c1b3f5c1c server_cookie=0 in_seq=0 out_seq=0
2024-04-25T05:14:58.926 INFO:teuthology.orchestra.run.smithi137.stdout:/usr/bin/ceph: stderr
2024-04-25T05:14:58.156+0000 7f6bb105a700 1 -- 172.21.15.137:0/2096928291 <== mon.0 v2:172.21.15.137:3300/0 1 ==== mon_map magic: 0 v1 ==== 229+0+0 (secure 0 0 0) 0x7f6b9c00b860 con 0x7f6bac0712b0
2024-04-25T05:14:58.926 INFO:teuthology.orchestra.run.smithi137.stdout:/usr/bin/ceph: stderr
2024-04-25T05:14:58.156+0000 7f6bb105a700 1 -- 172.21.15.137:0/2096928291 <== mon.0 v2:172.21.15.137:3300/0 2 ==== config(27 keys) v1 ==== 1109+0+0 (secure 0 0 0) 0x7f6b9c00be90 con 0x7f6bac0712b0
2024-04-25T05:14:58.926 INFO:teuthology.orchestra.run.smithi137.stdout:/usr/bin/ceph: stderr
2024-04-25T05:14:58.156+0000 7f6bb105a700 1 -- 172.21.15.137:0/2096928291 <== mon.0 v2:172.21.15.137:3300/0 3 ==== mon_map magic: 0 v1 ==== 229+0+0 (secure 0 0 0) 0x7f6b9c0103c0 con 0x7f6bac0712b0
2024-04-25T05:14:58.926 INFO:teuthology.orchestra.run.smithi137.stdout:/usr/bin/ceph: stderr
2024-04-25T05:14:58.157+0000 7f6bb42c0700 1 -- 172.21.15.137:0/2096928291 >> [v2:172.21.15.137:3300/0,v1:172.21.15.137:6789/0] conn(0x7f6bac0712b0 msgr2=0x7f6bac105470 secure :-1 s=STATE_CONNECTION_ESTABLISHED l=1).mark_down
2024-04-25T05:14:58.926 INFO:teuthology.orchestra.run.smithi137.stdout:/usr/bin/ceph: stderr
2024-04-25T05:14:58.157+0000 7f6bb42c0700 1 --2- 172.21.15.137:0/2096928291 >> [v2:172.21.15.137:3300/0,v1:172.21.15.137:6789/0] conn(0x7f6bac0712b0 0x7f6bac105470 secure :-1 s=READY pgs=63 cs=0 l=1 rev1=1 crypto rx=0x7f6b9c0098e0 tx=0x7f6b9c009250 comp rx=0 tx=0).stop
2024-04-25T05:14:58.927 INFO:teuthology.orchestra.run.smithi137.stdout:/usr/bin/ceph: stderr
2024-04-25T05:14:58.157+0000 7f6bb42c0700 1 -- 172.21.15.137:0/2096928291 shutdown_connections
2024-04-25T05:14:58.927 INFO:teuthology.orchestra.run.smithi137.stdout:/usr/bin/ceph: stderr
2024-04-25T05:14:58.157+0000 7f6bb42c0700 1 --2- 172.21.15.137:0/2096928291 >> [v2:172.21.15.137:3300/0,v1:172.21.15.137:6789/0] conn(0x7f6bac0712b0 0x7f6bac105470 unknown :-1 s=CLOSED pgs=63 cs=0 l=1 rev1=1 crypto rx=0 tx=0 comp rx=0 tx=0).stop
2024-04-25T05:14:58.927 INFO:teuthology.orchestra.run.smithi137.stdout:/usr/bin/ceph: stderr
2024-04-25T05:14:58.157+0000 7f6bb42c0700 1 -- 172.21.15.137:0/2096928291 >> 172.21.15.137:0/2096928291 conn(0x7f6bac0fcec0 msgr2=0x7f6bac0ff2d0 unknown :-1 s=STATE_NONE l=0).mark_down
2024-04-25T05:14:58.927 INFO:teuthology.orchestra.run.smithi137.stdout:/usr/bin/ceph: stderr
2024-04-25T05:14:58.157+0000 7f6bb42c0700 1 -- 172.21.15.137:0/2096928291 shutdown_connections
2024-04-25T05:14:58.927 INFO:teuthology.orchestra.run.smithi137.stdout:/usr/bin/ceph: stderr
2024-04-25T05:14:58.157+0000 7f6bb42c0700 1 -- 172.21.15.137:0/2096928291 wait complete.
2024-04-25T05:14:58.927 INFO:teuthology.orchestra.run.smithi137.stdout:/usr/bin/ceph: stderr
2024-04-25T05:14:58.157+0000 7f6bb42c0700 1 Processor -- start
2024-04-25T05:14:58.927 INFO:teuthology.orchestra.run.smithi137.stdout:/usr/bin/ceph: stderr
2024-04-25T05:14:58.157+0000 7f6bb42c0700 1 -- start start
2024-04-25T05:14:58.927 INFO:teuthology.orchestra.run.smithi137.stdout:/usr/bin/ceph: stderr
2024-04-25T05:14:58.158+0000 7f6bb42c0700 1 --2- >> [v2:172.21.15.137:3300/0,v1:172.21.15.137:6789/0] conn(0x7f6bac0712b0 0x7f6bac111600 unknown :-1 s=NONE pgs=0 cs=0 l=1 rev1=0 crypto rx=0 tx=0 comp rx=0 tx=0).connect
2024-04-25T05:14:58.927 INFO:teuthology.orchestra.run.smithi137.stdout:/usr/bin/ceph: stderr
2024-04-25T05:14:58.158+0000 7f6bb42c0700 1 -- --> [v2:172.21.15.137:3300/0,v1:172.21.15.137:6789/0] -- mon_getmap magic: 0 v1 -- 0x7f6bac111b40 con 0x7f6bac0712b0
2024-04-25T05:14:58.927 INFO:teuthology.orchestra.run.smithi137.stdout:/usr/bin/ceph: stderr
2024-04-25T05:14:58.158+0000 7f6bb205c700 1 --2- >> [v2:172.21.15.137:3300/0,v1:172.21.15.137:6789/0] conn(0x7f6bac0712b0 0x7f6bac111600 unknown :-1 s=BANNER_CONNECTING pgs=0 cs=0 l=1 rev1=0 crypto rx=0 tx=0 comp rx=0 tx=0)._handle_peer_banner_payload supported=3 required=0
2024-04-25T05:14:58.927 INFO:teuthology.orchestra.run.smithi137.stdout:/usr/bin/ceph: stderr
2024-04-25T05:14:58.158+0000 7f6bb205c700 1 --2- >> [v2:172.21.15.137:3300/0,v1:172.21.15.137:6789/0] conn(0x7f6bac0712b0 0x7f6bac111600 unknown :-1 s=HELLO_CONNECTING pgs=0 cs=0 l=1 rev1=1 crypto rx=0 tx=0 comp rx=0 tx=0).handle_hello peer v2:172.21.15.137:3300/0 says I am v2:172.21.15.137:54216/0 (socket says 172.21.15.137:54216)
2024-04-25T05:14:58.928 INFO:teuthology.orchestra.run.smithi137.stdout:/usr/bin/ceph: stderr
2024-04-25T05:14:58.158+0000 7f6bb205c700 1 -- 172.21.15.137:0/2253117412 learned_addr learned my addr 172.21.15.137:0/2253117412 (peer_addr_for_me v2:172.21.15.137:0/0)
2024-04-25T05:14:58.928 INFO:teuthology.orchestra.run.smithi137.stdout:/usr/bin/ceph: stderr
2024-04-25T05:14:58.158+0000 7f6bb205c700 1 -- 172.21.15.137:0/2253117412 --> [v2:172.21.15.137:3300/0,v1:172.21.15.137:6789/0] -- mon_subscribe({config=0+,monmap=0+}) v3 -- 0x7f6b9c0094f0 con 0x7f6bac0712b0
2024-04-25T05:14:58.928 INFO:teuthology.orchestra.run.smithi137.stdout:/usr/bin/ceph: stderr
2024-04-25T05:14:58.158+0000 7f6bb205c700 1 --2- 172.21.15.137:0/2253117412 >> [v2:172.21.15.137:3300/0,v1:172.21.15.137:6789/0] conn(0x7f6bac0712b0 0x7f6bac111600 secure :-1 s=READY pgs=64 cs=0 l=1 rev1=1 crypto rx=0x7f6b9c0094c0 tx=0x7f6b9c009250 comp rx=0 tx=0).ready entity=mon.0 client_cookie=0 server_cookie=0 in_seq=0 out_seq=0
2024-04-25T05:14:58.928 INFO:teuthology.orchestra.run.smithi137.stdout:/usr/bin/ceph: stderr
2024-04-25T05:14:58.158+0000 7f6ba2ffd700 1 -- 172.21.15.137:0/2253117412 <== mon.0 v2:172.21.15.137:3300/0 1 ==== mon_map magic: 0 v1 ==== 229+0+0 (secure 0 0 0) 0x7f6b9c010890 con 0x7f6bac0712b0
2024-04-25T05:14:58.928 INFO:teuthology.orchestra.run.smithi137.stdout:/usr/bin/ceph: stderr
2024-04-25T05:14:58.158+0000 7f6ba2ffd700 1 -- 172.21.15.137:0/2253117412 <== mon.0 v2:172.21.15.137:3300/0 2 ==== config(27 keys) v1 ==== 1109+0+0 (secure 0 0 0) 0x7f6b9c010ec0 con 0x7f6bac0712b0
2024-04-25T05:14:58.928 INFO:teuthology.orchestra.run.smithi137.stdout:/usr/bin/ceph: stderr
2024-04-25T05:14:58.158+0000 7f6bb42c0700 1 -- 172.21.15.137:0/2253117412 --> [v2:172.21.15.137:3300/0,v1:172.21.15.137:6789/0] -- mon_subscribe({mgrmap=0+}) v3 -- 0x7f6bac111d40 con 0x7f6bac0712b0
2024-04-25T05:14:58.928 INFO:teuthology.orchestra.run.smithi137.stdout:/usr/bin/ceph: stderr
2024-04-25T05:14:58.158+0000 7f6ba2ffd700 1 -- 172.21.15.137:0/2253117412 <== mon.0 v2:172.21.15.137:3300/0 3 ==== mon_map magic: 0 v1 ==== 229+0+0 (secure 0 0 0) 0x7f6b9c0243f0 con 0x7f6bac0712b0
2024-04-25T05:14:58.928 INFO:teuthology.orchestra.run.smithi137.stdout:/usr/bin/ceph: stderr
2024-04-25T05:14:58.158+0000 7f6bb42c0700 1 -- 172.21.15.137:0/2253117412 --> [v2:172.21.15.137:3300/0,v1:172.21.15.137:6789/0] -- mon_subscribe({osdmap=0}) v3 -- 0x7f6bac1128b0 con 0x7f6bac0712b0
2024-04-25T05:14:58.928 INFO:teuthology.orchestra.run.smithi137.stdout:/usr/bin/ceph: stderr
2024-04-25T05:14:58.159+0000 7f6ba2ffd700 1 -- 172.21.15.137:0/2253117412 <== mon.0 v2:172.21.15.137:3300/0 4 ==== mgrmap(e 8) v1 ==== 43376+0+0 (secure 0 0 0) 0x7f6b9c01a7e0 con 0x7f6bac0712b0
2024-04-25T05:14:58.928 INFO:teuthology.orchestra.run.smithi137.stdout:/usr/bin/ceph: stderr
2024-04-25T05:14:58.159+0000 7f6bb42c0700 1 -- 172.21.15.137:0/2253117412 --> [v2:172.21.15.137:3300/0,v1:172.21.15.137:6789/0] -- mon_command({"prefix": "get_command_descriptions"} v 0) v1 -- 0x7f6bac05f5c0 con 0x7f6bac0712b0
2024-04-25T05:14:58.928 INFO:teuthology.orchestra.run.smithi137.stdout:/usr/bin/ceph: stderr
2024-04-25T05:14:58.159+0000 7f6ba2ffd700 1 --2- 172.21.15.137:0/2253117412 >> [v2:172.21.15.137:6800/1235098283,v1:172.21.15.137:6801/1235098283] conn(0x7f6b980368a0 0x7f6b98038d50 unknown :-1 s=NONE pgs=0 cs=0 l=1 rev1=0 crypto rx=0 tx=0 comp rx=0 tx=0).connect
2024-04-25T05:14:58.928 INFO:teuthology.orchestra.run.smithi137.stdout:/usr/bin/ceph: stderr
2024-04-25T05:14:58.159+0000 7f6ba2ffd700 1 -- 172.21.15.137:0/2253117412 <== mon.0 v2:172.21.15.137:3300/0 5 ==== osd_map(2..2 src has 1..2) v4 ==== 936+0+0 (secure 0 0 0) 0x7f6b9c04a230 con 0x7f6bac0712b0
2024-04-25T05:14:58.929 INFO:teuthology.orchestra.run.smithi137.stdout:/usr/bin/ceph: stderr
2024-04-25T05:14:58.159+0000 7f6bb185b700 1 --2- 172.21.15.137:0/2253117412 >> [v2:172.21.15.137:6800/1235098283,v1:172.21.15.137:6801/1235098283] conn(0x7f6b980368a0 0x7f6b98038d50 unknown :-1 s=BANNER_CONNECTING pgs=0 cs=0 l=1 rev1=0 crypto rx=0 tx=0 comp rx=0 tx=0)._handle_peer_banner_payload supported=3 required=0
2024-04-25T05:14:58.929 INFO:teuthology.orchestra.run.smithi137.stdout:/usr/bin/ceph: stderr
2024-04-25T05:14:58.160+0000 7f6bb185b700 1 --2- 172.21.15.137:0/2253117412 >> [v2:172.21.15.137:6800/1235098283,v1:172.21.15.137:6801/1235098283] conn(0x7f6b980368a0 0x7f6b98038d50 secure :-1 s=READY pgs=20 cs=0 l=1 rev1=1 crypto rx=0x7f6ba8009990 tx=0x7f6ba8006e40 comp rx=0 tx=0).ready entity=mgr.14120 client_cookie=0 server_cookie=0 in_seq=0 out_seq=0
2024-04-25T05:14:58.929 INFO:teuthology.orchestra.run.smithi137.stdout:/usr/bin/ceph: stderr
2024-04-25T05:14:58.164+0000 7f6ba2ffd700 1 -- 172.21.15.137:0/2253117412 <== mon.0 v2:172.21.15.137:3300/0 6 ==== mon_command_ack([{"prefix": "get_command_descriptions"}]=0 v0) v1 ==== 72+0+176702 (secure 0 0 0) 0x7f6b9c02b8e0 con 0x7f6bac0712b0
2024-04-25T05:14:58.929 INFO:teuthology.orchestra.run.smithi137.stdout:/usr/bin/ceph: stderr
2024-04-25T05:14:58.352+0000 7f6bb42c0700 1 -- 172.21.15.137:0/2253117412 --> [v2:172.21.15.137:3300/0,v1:172.21.15.137:6789/0] -- mon_command([{prefix=config set, name=mgr/dashboard/ssl_server_port}] v 0) v1 -- 0x7f6bac04bed0 con 0x7f6bac0712b0
2024-04-25T05:14:58.929 INFO:teuthology.orchestra.run.smithi137.stdout:/usr/bin/ceph: stderr
2024-04-25T05:14:58.356+0000 7f6ba2ffd700 1 -- 172.21.15.137:0/2253117412 <== mon.0 v2:172.21.15.137:3300/0 7 ==== mon_command_ack([{prefix=config set, name=mgr/dashboard/ssl_server_port}]=0 v8)=0 v8) v1 ==== 130+0+0 (secure 0 0 0) 0x7f6b9c02b2f0 con 0x7f6bac0712b0
2024-04-25T05:14:58.929 INFO:teuthology.orchestra.run.smithi137.stdout:/usr/bin/ceph: stderr
2024-04-25T05:14:58.358+0000 7f6bb42c0700 1 -- 172.21.15.137:0/2253117412 >> [v2:172.21.15.137:6800/1235098283,v1:172.21.15.137:6801/1235098283] conn(0x7f6b980368a0 msgr2=0x7f6b98038d50 secure :-1 s=STATE_CONNECTION_ESTABLISHED l=1).mark_down
2024-04-25T05:14:58.929 INFO:teuthology.orchestra.run.smithi137.stdout:/usr/bin/ceph: stderr
2024-04-25T05:14:58.358+0000 7f6bb42c0700 1 --2- 172.21.15.137:0/2253117412 >> [v2:172.21.15.137:6800/1235098283,v1:172.21.15.137:6801/1235098283] conn(0x7f6b980368a0 0x7f6b98038d50 secure :-1 s=READY pgs=20 cs=0 l=1 rev1=1 crypto rx=0x7f6ba8009990 tx=0x7f6ba8006e40 comp rx=0 tx=0).stop
2024-04-25T05:14:58.929 INFO:teuthology.orchestra.run.smithi137.stdout:/usr/bin/ceph: stderr
2024-04-25T05:14:58.358+0000 7f6bb42c0700 1 -- 172.21.15.137:0/2253117412 >> [v2:172.21.15.137:3300/0,v1:172.21.15.137:6789/0] conn(0x7f6bac0712b0 msgr2=0x7f6bac111600 secure :-1 s=STATE_CONNECTION_ESTABLISHED l=1).mark_down
2024-04-25T05:14:58.929 INFO:teuthology.orchestra.run.smithi137.stdout:/usr/bin/ceph: stderr
2024-04-25T05:14:58.358+0000 7f6bb42c0700 1 --2- 172.21.15.137:0/2253117412 >> [v2:172.21.15.137:3300/0,v1:172.21.15.137:6789/0] conn(0x7f6bac0712b0 0x7f6bac111600 secure :-1 s=READY pgs=64 cs=0 l=1 rev1=1 crypto rx=0x7f6b9c0094c0 tx=0x7f6b9c009250 comp rx=0 tx=0).stop
2024-04-25T05:14:58.929 INFO:teuthology.orchestra.run.smithi137.stdout:/usr/bin/ceph: stderr
2024-04-25T05:14:58.358+0000 7f6bb42c0700 1 -- 172.21.15.137:0/2253117412 shutdown_connections
2024-04-25T05:14:58.929 INFO:teuthology.orchestra.run.smithi137.stdout:/usr/bin/ceph: stderr
2024-04-25T05:14:58.358+0000 7f6bb42c0700 1 --2- 172.21.15.137:0/2253117412 >> [v2:172.21.15.137:6800/1235098283,v1:172.21.15.137:6801/1235098283] conn(0x7f6b980368a0 0x7f6b98038d50 unknown :-1 s=CLOSED pgs=20 cs=0 l=1 rev1=1 crypto rx=0 tx=0 comp rx=0 tx=0).stop
2024-04-25T05:14:58.929 INFO:teuthology.orchestra.run.smithi137.stdout:/usr/bin/ceph: stderr
2024-04-25T05:14:58.358+0000 7f6bb42c0700 1 --2- 172.21.15.137:0/2253117412 >> [v2:172.21.15.137:3300/0,v1:172.21.15.137:6789/0] conn(0x7f6bac0712b0 0x7f6bac111600 unknown :-1 s=CLOSED pgs=64 cs=0 l=1 rev1=1 crypto rx=0 tx=0 comp rx=0 tx=0).stop
2024-04-25T05:14:58.930 INFO:teuthology.orchestra.run.smithi137.stdout:/usr/bin/ceph: stderr
2024-04-25T05:14:58.358+0000 7f6bb42c0700 1 -- 172.21.15.137:0/2253117412 >> 172.21.15.137:0/2253117412 conn(0x7f6bac0fcec0 msgr2=0x7f6bac0fda10 unknown :-1 s=STATE_NONE l=0).mark_down
2024-04-25T05:14:58.930 INFO:teuthology.orchestra.run.smithi137.stdout:/usr/bin/ceph: stderr
2024-04-25T05:14:58.358+0000 7f6bb42c0700 1 -- 172.21.15.137:0/2253117412 shutdown_connections
2024-04-25T05:14:58.930 INFO:teuthology.orchestra.run.smithi137.stdout:/usr/bin/ceph: stderr
2024-04-25T05:14:58.359+0000 7f6bb42c0700 1 -- 172.21.15.137:0/2253117412 wait complete.
2024-04-25T05:14:58.930 INFO:teuthology.orchestra.run.smithi137.stdout:Enabling the dashboard module...
2024-04-25T05:14:59.582 INFO:journalctl@ceph.mon.smithi137.smithi137.stdout:Apr 25 05:14:59 smithi137 ceph-mon[26335]: pgmap v4: 0 pgs: ; 0 B data, 0 B used, 0 B / 0 B avail
2024-04-25T05:14:59.582 INFO:journalctl@ceph.mon.smithi137.smithi137.stdout:Apr 25 05:14:59 smithi137 ceph-mon[26335]: from='client.? 172.21.15.137:0/2253117412' entity='client.admin'
2024-04-25T05:15:00.673 INFO:journalctl@ceph.mon.smithi137.smithi137.stdout:Apr 25 05:15:00 smithi137 ceph-mon[26335]: from='client.? 172.21.15.137:0/3550700815' entity='client.admin' cmd=[{"prefix": "mgr module enable", "module": "dashboard"}]: dispatch
2024-04-25T05:15:01.015 INFO:teuthology.orchestra.run.smithi137.stdout:/usr/bin/ceph: stderr
2024-04-25T05:14:59.350+0000 7fd0913f0700 1 Processor -- start
2024-04-25T05:15:01.015 INFO:teuthology.orchestra.run.smithi137.stdout:/usr/bin/ceph: stderr
2024-04-25T05:14:59.350+0000 7fd0913f0700 1 -- start start
2024-04-25T05:15:01.015 INFO:teuthology.orchestra.run.smithi137.stdout:/usr/bin/ceph: stderr
2024-04-25T05:14:59.350+0000 7fd0913f0700 1 --2- >> [v2:172.21.15.137:3300/0,v1:172.21.15.137:6789/0] conn(0x7fd08c102880 0x7fd08c102c90 unknown :-1 s=NONE pgs=0 cs=0 l=0 rev1=0 crypto rx=0 tx=0 comp rx=0 tx=0).connect
2024-04-25T05:15:01.016 INFO:teuthology.orchestra.run.smithi137.stdout:/usr/bin/ceph: stderr
2024-04-25T05:14:59.350+0000 7fd0913f0700 1 -- --> [v2:172.21.15.137:3300/0,v1:172.21.15.137:6789/0] -- mon_getmap magic: 0 v1 -- 0x7fd08c1031d0 con 0x7fd08c102880
2024-04-25T05:15:01.016 INFO:teuthology.orchestra.run.smithi137.stdout:/usr/bin/ceph: stderr
2024-04-25T05:14:59.351+0000 7fd08affd700 1 --2- >> [v2:172.21.15.137:3300/0,v1:172.21.15.137:6789/0] conn(0x7fd08c102880 0x7fd08c102c90 unknown :-1 s=BANNER_CONNECTING pgs=0 cs=0 l=0 rev1=0 crypto rx=0 tx=0 comp rx=0 tx=0)._handle_peer_banner_payload supported=3 required=0
2024-04-25T05:15:01.016 INFO:teuthology.orchestra.run.smithi137.stdout:/usr/bin/ceph: stderr
2024-04-25T05:14:59.351+0000 7fd08affd700 1 --2- >> [v2:172.21.15.137:3300/0,v1:172.21.15.137:6789/0] conn(0x7fd08c102880 0x7fd08c102c90 unknown :-1 s=HELLO_CONNECTING pgs=0 cs=0 l=0 rev1=1 crypto rx=0 tx=0 comp rx=0 tx=0).handle_hello peer v2:172.21.15.137:3300/0 says I am v2:172.21.15.137:45028/0 (socket says 172.21.15.137:45028)
2024-04-25T05:15:01.016 INFO:teuthology.orchestra.run.smithi137.stdout:/usr/bin/ceph: stderr
2024-04-25T05:14:59.351+0000 7fd08affd700 1 -- 172.21.15.137:0/1756607978 learned_addr learned my addr 172.21.15.137:0/1756607978 (peer_addr_for_me v2:172.21.15.137:0/0)
2024-04-25T05:15:01.016 INFO:teuthology.orchestra.run.smithi137.stdout:/usr/bin/ceph: stderr
2024-04-25T05:14:59.351+0000 7fd08affd700 1 -- 172.21.15.137:0/1756607978 --> [v2:172.21.15.137:3300/0,v1:172.21.15.137:6789/0] -- mon_subscribe({config=0+,monmap=0+}) v3 -- 0x7fd08c103310 con 0x7fd08c102880
2024-04-25T05:15:01.016 INFO:teuthology.orchestra.run.smithi137.stdout:/usr/bin/ceph: stderr
2024-04-25T05:14:59.351+0000 7fd08affd700 1 --2- 172.21.15.137:0/1756607978 >> [v2:172.21.15.137:3300/0,v1:172.21.15.137:6789/0] conn(0x7fd08c102880 0x7fd08c102c90 secure :-1 s=READY pgs=65 cs=0 l=1 rev1=1 crypto rx=0x7fd07c009e50 tx=0x7fd07c009840 comp rx=0 tx=0).ready entity=mon.0 client_cookie=b0b433f14aae5ac1 server_cookie=0 in_seq=0 out_seq=0
2024-04-25T05:15:01.016 INFO:teuthology.orchestra.run.smithi137.stdout:/usr/bin/ceph: stderr
2024-04-25T05:14:59.351+0000 7fd08a7fc700 1 -- 172.21.15.137:0/1756607978 <== mon.0 v2:172.21.15.137:3300/0 1 ==== mon_map magic: 0 v1 ==== 229+0+0 (secure 0 0 0) 0x7fd07c0092e0 con 0x7fd08c102880
2024-04-25T05:15:01.016 INFO:teuthology.orchestra.run.smithi137.stdout:/usr/bin/ceph: stderr
2024-04-25T05:14:59.351+0000 7fd08a7fc700 1 -- 172.21.15.137:0/1756607978 <== mon.0 v2:172.21.15.137:3300/0 2 ==== config(27 keys) v1 ==== 1109+0+0 (secure 0 0 0) 0x7fd07c012430 con 0x7fd08c102880
2024-04-25T05:15:01.016 INFO:teuthology.orchestra.run.smithi137.stdout:/usr/bin/ceph: stderr
2024-04-25T05:14:59.351+0000 7fd08a7fc700 1 -- 172.21.15.137:0/1756607978 <== mon.0 v2:172.21.15.137:3300/0 3 ==== mon_map magic: 0 v1 ==== 229+0+0 (secure 0 0 0) 0x7fd07c0075a0 con 0x7fd08c102880
2024-04-25T05:15:01.016 INFO:teuthology.orchestra.run.smithi137.stdout:/usr/bin/ceph: stderr
2024-04-25T05:14:59.352+0000 7fd0913f0700 1 -- 172.21.15.137:0/1756607978 >> [v2:172.21.15.137:3300/0,v1:172.21.15.137:6789/0] conn(0x7fd08c102880 msgr2=0x7fd08c102c90 secure :-1 s=STATE_CONNECTION_ESTABLISHED l=1).mark_down
2024-04-25T05:15:01.016 INFO:teuthology.orchestra.run.smithi137.stdout:/usr/bin/ceph: stderr
2024-04-25T05:14:59.352+0000 7fd0913f0700 1 --2- 172.21.15.137:0/1756607978 >> [v2:172.21.15.137:3300/0,v1:172.21.15.137:6789/0] conn(0x7fd08c102880 0x7fd08c102c90 secure :-1 s=READY pgs=65 cs=0 l=1 rev1=1 crypto rx=0x7fd07c009e50 tx=0x7fd07c009840 comp rx=0 tx=0).stop
2024-04-25T05:15:01.016 INFO:teuthology.orchestra.run.smithi137.stdout:/usr/bin/ceph: stderr
2024-04-25T05:14:59.352+0000 7fd0913f0700 1 -- 172.21.15.137:0/1756607978 shutdown_connections
2024-04-25T05:15:01.016 INFO:teuthology.orchestra.run.smithi137.stdout:/usr/bin/ceph: stderr
2024-04-25T05:14:59.352+0000 7fd0913f0700 1 --2- 172.21.15.137:0/1756607978 >> [v2:172.21.15.137:3300/0,v1:172.21.15.137:6789/0] conn(0x7fd08c102880 0x7fd08c102c90 unknown :-1 s=CLOSED pgs=65 cs=0 l=1 rev1=1 crypto rx=0 tx=0 comp rx=0 tx=0).stop
2024-04-25T05:15:01.016 INFO:teuthology.orchestra.run.smithi137.stdout:/usr/bin/ceph: stderr
2024-04-25T05:14:59.352+0000 7fd0913f0700 1 -- 172.21.15.137:0/1756607978 >> 172.21.15.137:0/1756607978 conn(0x7fd08c0fe060 msgr2=0x7fd08c100470 unknown :-1 s=STATE_NONE l=0).mark_down
2024-04-25T05:15:01.017 INFO:teuthology.orchestra.run.smithi137.stdout:/usr/bin/ceph: stderr
2024-04-25T05:14:59.352+0000 7fd0913f0700 1 -- 172.21.15.137:0/1756607978 shutdown_connections
2024-04-25T05:15:01.017 INFO:teuthology.orchestra.run.smithi137.stdout:/usr/bin/ceph: stderr
2024-04-25T05:14:59.352+0000 7fd0913f0700 1 -- 172.21.15.137:0/1756607978 wait complete.
2024-04-25T05:15:01.017 INFO:teuthology.orchestra.run.smithi137.stdout:/usr/bin/ceph: stderr
2024-04-25T05:14:59.352+0000 7fd0913f0700 1 Processor -- start
2024-04-25T05:15:01.017 INFO:teuthology.orchestra.run.smithi137.stdout:/usr/bin/ceph: stderr
2024-04-25T05:14:59.352+0000 7fd0913f0700 1 -- start start
2024-04-25T05:15:01.017 INFO:teuthology.orchestra.run.smithi137.stdout:/usr/bin/ceph: stderr
2024-04-25T05:14:59.353+0000 7fd0913f0700 1 --2- >> [v2:172.21.15.137:3300/0,v1:172.21.15.137:6789/0] conn(0x7fd08c102880 0x7fd08c111660 unknown :-1 s=NONE pgs=0 cs=0 l=1 rev1=0 crypto rx=0 tx=0 comp rx=0 tx=0).connect
2024-04-25T05:15:01.017 INFO:teuthology.orchestra.run.smithi137.stdout:/usr/bin/ceph: stderr
2024-04-25T05:14:59.353+0000 7fd0913f0700 1 -- --> [v2:172.21.15.137:3300/0,v1:172.21.15.137:6789/0] -- mon_getmap magic: 0 v1 -- 0x7fd08c111ba0 con 0x7fd08c102880
2024-04-25T05:15:01.017 INFO:teuthology.orchestra.run.smithi137.stdout:/usr/bin/ceph: stderr
2024-04-25T05:14:59.353+0000 7fd08affd700 1 --2- >> [v2:172.21.15.137:3300/0,v1:172.21.15.137:6789/0] conn(0x7fd08c102880 0x7fd08c111660 unknown :-1 s=BANNER_CONNECTING pgs=0 cs=0 l=1 rev1=0 crypto rx=0 tx=0 comp rx=0 tx=0)._handle_peer_banner_payload supported=3 required=0
2024-04-25T05:15:01.017 INFO:teuthology.orchestra.run.smithi137.stdout:/usr/bin/ceph: stderr
2024-04-25T05:14:59.353+0000 7fd08affd700 1 --2- >> [v2:172.21.15.137:3300/0,v1:172.21.15.137:6789/0] conn(0x7fd08c102880 0x7fd08c111660 unknown :-1 s=HELLO_CONNECTING pgs=0 cs=0 l=1 rev1=1 crypto rx=0 tx=0 comp rx=0 tx=0).handle_hello peer v2:172.21.15.137:3300/0 says I am v2:172.21.15.137:45032/0 (socket says 172.21.15.137:45032)
2024-04-25T05:15:01.017 INFO:teuthology.orchestra.run.smithi137.stdout:/usr/bin/ceph: stderr
2024-04-25T05:14:59.353+0000 7fd08affd700 1 -- 172.21.15.137:0/3550700815 learned_addr learned my addr 172.21.15.137:0/3550700815 (peer_addr_for_me v2:172.21.15.137:0/0)
2024-04-25T05:15:01.017 INFO:teuthology.orchestra.run.smithi137.stdout:/usr/bin/ceph: stderr
2024-04-25T05:14:59.353+0000 7fd08affd700 1 -- 172.21.15.137:0/3550700815 --> [v2:172.21.15.137:3300/0,v1:172.21.15.137:6789/0] -- mon_subscribe({config=0+,monmap=0+}) v3 -- 0x7fd07c009ae0 con 0x7fd08c102880
2024-04-25T05:15:01.017 INFO:teuthology.orchestra.run.smithi137.stdout:/usr/bin/ceph: stderr
2024-04-25T05:14:59.353+0000 7fd08affd700 1 --2- 172.21.15.137:0/3550700815 >> [v2:172.21.15.137:3300/0,v1:172.21.15.137:6789/0] conn(0x7fd08c102880 0x7fd08c111660 secure :-1 s=READY pgs=66 cs=0 l=1 rev1=1 crypto rx=0x7fd07c009fd0 tx=0x7fd07c009840 comp rx=0 tx=0).ready entity=mon.0 client_cookie=0 server_cookie=0 in_seq=0 out_seq=0
2024-04-25T05:15:01.017 INFO:teuthology.orchestra.run.smithi137.stdout:/usr/bin/ceph: stderr
2024-04-25T05:14:59.353+0000 7fd083fff700 1 -- 172.21.15.137:0/3550700815 <== mon.0 v2:172.21.15.137:3300/0 1 ==== mon_map magic: 0 v1 ==== 229+0+0 (secure 0 0 0) 0x7fd07c0092e0 con 0x7fd08c102880
2024-04-25T05:15:01.017 INFO:teuthology.orchestra.run.smithi137.stdout:/usr/bin/ceph: stderr
2024-04-25T05:14:59.353+0000 7fd083fff700 1 -- 172.21.15.137:0/3550700815 <== mon.0 v2:172.21.15.137:3300/0 2 ==== config(27 keys) v1 ==== 1109+0+0 (secure 0 0 0) 0x7fd07c007ce0 con 0x7fd08c102880
2024-04-25T05:15:01.017 INFO:teuthology.orchestra.run.smithi137.stdout:/usr/bin/ceph: stderr
2024-04-25T05:14:59.353+0000 7fd0913f0700 1 -- 172.21.15.137:0/3550700815 --> [v2:172.21.15.137:3300/0,v1:172.21.15.137:6789/0] -- mon_subscribe({mgrmap=0+}) v3 -- 0x7fd08c111da0 con 0x7fd08c102880
2024-04-25T05:15:01.017 INFO:teuthology.orchestra.run.smithi137.stdout:/usr/bin/ceph: stderr
2024-04-25T05:14:59.353+0000 7fd083fff700 1 -- 172.21.15.137:0/3550700815 <== mon.0 v2:172.21.15.137:3300/0 3 ==== mon_map magic: 0 v1 ==== 229+0+0 (secure 0 0 0) 0x7fd07c025990 con 0x7fd08c102880
2024-04-25T05:15:01.017 INFO:teuthology.orchestra.run.smithi137.stdout:/usr/bin/ceph: stderr
2024-04-25T05:14:59.353+0000 7fd0913f0700 1 -- 172.21.15.137:0/3550700815 --> [v2:172.21.15.137:3300/0,v1:172.21.15.137:6789/0] -- mon_subscribe({osdmap=0}) v3 -- 0x7fd08c112910 con 0x7fd08c102880
2024-04-25T05:15:01.018 INFO:teuthology.orchestra.run.smithi137.stdout:/usr/bin/ceph: stderr
2024-04-25T05:14:59.354+0000 7fd083fff700 1 -- 172.21.15.137:0/3550700815 <== mon.0 v2:172.21.15.137:3300/0 4 ==== mgrmap(e 8) v1 ==== 43376+0+0 (secure 0 0 0) 0x7fd07c019050 con 0x7fd08c102880
2024-04-25T05:15:01.018 INFO:teuthology.orchestra.run.smithi137.stdout:/usr/bin/ceph: stderr
2024-04-25T05:14:59.354+0000 7fd0913f0700 1 -- 172.21.15.137:0/3550700815 --> [v2:172.21.15.137:3300/0,v1:172.21.15.137:6789/0] -- mon_command({"prefix": "get_command_descriptions"} v 0) v1 -- 0x7fd08c05f5c0 con 0x7fd08c102880
2024-04-25T05:15:01.018 INFO:teuthology.orchestra.run.smithi137.stdout:/usr/bin/ceph: stderr
2024-04-25T05:14:59.354+0000 7fd083fff700 1 --2- 172.21.15.137:0/3550700815 >> [v2:172.21.15.137:6800/1235098283,v1:172.21.15.137:6801/1235098283] conn(0x7fd078036850 0x7fd078038d00 unknown :-1 s=NONE pgs=0 cs=0 l=1 rev1=0 crypto rx=0 tx=0 comp rx=0 tx=0).connect
2024-04-25T05:15:01.018 INFO:teuthology.orchestra.run.smithi137.stdout:/usr/bin/ceph: stderr
2024-04-25T05:14:59.354+0000 7fd083fff700 1 -- 172.21.15.137:0/3550700815 <== mon.0 v2:172.21.15.137:3300/0 5 ==== osd_map(2..2 src has 1..2) v4 ==== 936+0+0 (secure 0 0 0) 0x7fd07c04a370 con 0x7fd08c102880
2024-04-25T05:15:01.018 INFO:teuthology.orchestra.run.smithi137.stdout:/usr/bin/ceph: stderr
2024-04-25T05:14:59.354+0000 7fd0827fc700 1 --2- 172.21.15.137:0/3550700815 >> [v2:172.21.15.137:6800/1235098283,v1:172.21.15.137:6801/1235098283] conn(0x7fd078036850 0x7fd078038d00 unknown :-1 s=BANNER_CONNECTING pgs=0 cs=0 l=1 rev1=0 crypto rx=0 tx=0 comp rx=0 tx=0)._handle_peer_banner_payload supported=3 required=0
2024-04-25T05:15:01.018 INFO:teuthology.orchestra.run.smithi137.stdout:/usr/bin/ceph: stderr
2024-04-25T05:14:59.355+0000 7fd0827fc700 1 --2- 172.21.15.137:0/3550700815 >> [v2:172.21.15.137:6800/1235098283,v1:172.21.15.137:6801/1235098283] conn(0x7fd078036850 0x7fd078038d00 secure :-1 s=READY pgs=21 cs=0 l=1 rev1=1 crypto rx=0x7fd074009990 tx=0x7fd074006e40 comp rx=0 tx=0).ready entity=mgr.14120 client_cookie=0 server_cookie=0 in_seq=0 out_seq=0
2024-04-25T05:15:01.018 INFO:teuthology.orchestra.run.smithi137.stdout:/usr/bin/ceph: stderr
2024-04-25T05:14:59.361+0000 7fd083fff700 1 -- 172.21.15.137:0/3550700815 <== mon.0 v2:172.21.15.137:3300/0 6 ==== mon_command_ack([{"prefix": "get_command_descriptions"}]=0 v0) v1 ==== 72+0+176702 (secure 0 0 0) 0x7fd07c02dbb0 con 0x7fd08c102880
2024-04-25T05:15:01.018 INFO:teuthology.orchestra.run.smithi137.stdout:/usr/bin/ceph: stderr
2024-04-25T05:14:59.600+0000 7fd0913f0700 1 -- 172.21.15.137:0/3550700815 --> [v2:172.21.15.137:3300/0,v1:172.21.15.137:6789/0] -- mon_command({"prefix": "mgr module enable", "module": "dashboard"} v 0) v1 -- 0x7fd08c04bed0 con 0x7fd08c102880
2024-04-25T05:15:01.018 INFO:teuthology.orchestra.run.smithi137.stdout:/usr/bin/ceph: stderr
2024-04-25T05:15:00.360+0000 7fd083fff700 1 -- 172.21.15.137:0/3550700815 <== mon.0 v2:172.21.15.137:3300/0 7 ==== mgrmap(e 9) v1 ==== 43389+0+0 (secure 0 0 0) 0x7fd07c01c790 con 0x7fd08c102880
2024-04-25T05:15:01.018 INFO:teuthology.orchestra.run.smithi137.stdout:/usr/bin/ceph: stderr
2024-04-25T05:15:00.361+0000 7fd083fff700 1 -- 172.21.15.137:0/3550700815 <== mon.0 v2:172.21.15.137:3300/0 8 ==== mon_command_ack([{"prefix": "mgr module enable", "module": "dashboard"}]=0 v9) v1 ==== 88+0+0 (secure 0 0 0) 0x7fd07c04c8b0 con 0x7fd08c102880
2024-04-25T05:15:01.018 INFO:teuthology.orchestra.run.smithi137.stdout:/usr/bin/ceph: stderr
2024-04-25T05:15:00.364+0000 7fd0913f0700 1 -- 172.21.15.137:0/3550700815 >> [v2:172.21.15.137:6800/1235098283,v1:172.21.15.137:6801/1235098283] conn(0x7fd078036850 msgr2=0x7fd078038d00 secure :-1 s=STATE_CONNECTION_ESTABLISHED l=1).mark_down
2024-04-25T05:15:01.019 INFO:teuthology.orchestra.run.smithi137.stdout:/usr/bin/ceph: stderr
2024-04-25T05:15:00.364+0000 7fd0913f0700 1 --2- 172.21.15.137:0/3550700815 >> [v2:172.21.15.137:6800/1235098283,v1:172.21.15.137:6801/1235098283] conn(0x7fd078036850 0x7fd078038d00 secure :-1 s=READY pgs=21 cs=0 l=1 rev1=1 crypto rx=0x7fd074009990 tx=0x7fd074006e40 comp rx=0 tx=0).stop
2024-04-25T05:15:01.019 INFO:teuthology.orchestra.run.smithi137.stdout:/usr/bin/ceph: stderr
2024-04-25T05:15:00.364+0000 7fd0913f0700 1 -- 172.21.15.137:0/3550700815 >> [v2:172.21.15.137:3300/0,v1:172.21.15.137:6789/0] conn(0x7fd08c102880 msgr2=0x7fd08c111660 secure :-1 s=STATE_CONNECTION_ESTABLISHED l=1).mark_down
2024-04-25T05:15:01.019 INFO:teuthology.orchestra.run.smithi137.stdout:/usr/bin/ceph: stderr
2024-04-25T05:15:00.364+0000 7fd0913f0700 1 --2- 172.21.15.137:0/3550700815 >> [v2:172.21.15.137:3300/0,v1:172.21.15.137:6789/0] conn(0x7fd08c102880 0x7fd08c111660 secure :-1 s=READY pgs=66 cs=0 l=1 rev1=1 crypto rx=0x7fd07c009fd0 tx=0x7fd07c009840 comp rx=0 tx=0).stop
2024-04-25T05:15:01.019 INFO:teuthology.orchestra.run.smithi137.stdout:/usr/bin/ceph: stderr
2024-04-25T05:15:00.364+0000 7fd0913f0700 1 -- 172.21.15.137:0/3550700815 shutdown_connections
2024-04-25T05:15:01.019 INFO:teuthology.orchestra.run.smithi137.stdout:/usr/bin/ceph: stderr
2024-04-25T05:15:00.364+0000 7fd0913f0700 1 --2- 172.21.15.137:0/3550700815 >> [v2:172.21.15.137:6800/1235098283,v1:172.21.15.137:6801/1235098283] conn(0x7fd078036850 0x7fd078038d00 unknown :-1 s=CLOSED pgs=21 cs=0 l=1 rev1=1 crypto rx=0 tx=0 comp rx=0 tx=0).stop
2024-04-25T05:15:01.019 INFO:teuthology.orchestra.run.smithi137.stdout:/usr/bin/ceph: stderr
2024-04-25T05:15:00.364+0000 7fd0913f0700 1 --2- 172.21.15.137:0/3550700815 >> [v2:172.21.15.137:3300/0,v1:172.21.15.137:6789/0] conn(0x7fd08c102880 0x7fd08c111660 unknown :-1 s=CLOSED pgs=66 cs=0 l=1 rev1=1 crypto rx=0 tx=0 comp rx=0 tx=0).stop
2024-04-25T05:15:01.019 INFO:teuthology.orchestra.run.smithi137.stdout:/usr/bin/ceph: stderr
2024-04-25T05:15:00.364+0000 7fd0913f0700 1 -- 172.21.15.137:0/3550700815 >> 172.21.15.137:0/3550700815 conn(0x7fd08c0fe060 msgr2=0x7fd08c0febb0 unknown :-1 s=STATE_NONE l=0).mark_down
2024-04-25T05:15:01.019 INFO:teuthology.orchestra.run.smithi137.stdout:/usr/bin/ceph: stderr
2024-04-25T05:15:00.364+0000 7fd0913f0700 1 -- 172.21.15.137:0/3550700815 shutdown_connections
2024-04-25T05:15:01.019 INFO:teuthology.orchestra.run.smithi137.stdout:/usr/bin/ceph: stderr
2024-04-25T05:15:00.364+0000 7fd0913f0700 1 -- 172.21.15.137:0/3550700815 wait complete.
2024-04-25T05:15:01.582 INFO:journalctl@ceph.mon.smithi137.smithi137.stdout:Apr 25 05:15:01 smithi137 ceph-mon[26335]: from='client.? 172.21.15.137:0/3550700815' entity='client.admin' cmd='[{"prefix": "mgr module enable", "module": "dashboard"}]': finished
2024-04-25T05:15:01.582 INFO:journalctl@ceph.mon.smithi137.smithi137.stdout:Apr 25 05:15:01 smithi137 ceph-mon[26335]: mgrmap e9: smithi137.fwyohs(active, since 24s)
2024-04-25T05:15:02.282 INFO:teuthology.orchestra.run.smithi137.stdout:/usr/bin/ceph: stdout {
2024-04-25T05:15:02.283 INFO:teuthology.orchestra.run.smithi137.stdout:/usr/bin/ceph: stdout "epoch": 9,
2024-04-25T05:15:02.283 INFO:teuthology.orchestra.run.smithi137.stdout:/usr/bin/ceph: stdout "available": true,
2024-04-25T05:15:02.283 INFO:teuthology.orchestra.run.smithi137.stdout:/usr/bin/ceph: stdout "active_name": "smithi137.fwyohs",
2024-04-25T05:15:02.283 INFO:teuthology.orchestra.run.smithi137.stdout:/usr/bin/ceph: stdout "num_standby": 0
2024-04-25T05:15:02.283 INFO:teuthology.orchestra.run.smithi137.stdout:/usr/bin/ceph: stdout }
2024-04-25T05:15:02.283 INFO:teuthology.orchestra.run.smithi137.stdout:/usr/bin/ceph: stderr
2024-04-25T05:15:01.427+0000 7fb0d301b700 1 Processor -- start
2024-04-25T05:15:02.283 INFO:teuthology.orchestra.run.smithi137.stdout:/usr/bin/ceph: stderr
2024-04-25T05:15:01.427+0000 7fb0d301b700 1 -- start start
2024-04-25T05:15:02.283 INFO:teuthology.orchestra.run.smithi137.stdout:/usr/bin/ceph: stderr
2024-04-25T05:15:01.427+0000 7fb0d301b700 1 --2- >> [v2:172.21.15.137:3300/0,v1:172.21.15.137:6789/0] conn(0x7fb0cc071310 0x7fb0cc105410 unknown :-1 s=NONE pgs=0 cs=0 l=0 rev1=0 crypto rx=0 tx=0 comp rx=0 tx=0).connect
2024-04-25T05:15:02.283 INFO:teuthology.orchestra.run.smithi137.stdout:/usr/bin/ceph: stderr
2024-04-25T05:15:01.427+0000 7fb0d301b700 1 -- --> [v2:172.21.15.137:3300/0,v1:172.21.15.137:6789/0] -- mon_getmap magic: 0 v1 -- 0x7fb0cc105950 con 0x7fb0cc071310
2024-04-25T05:15:02.283 INFO:teuthology.orchestra.run.smithi137.stdout:/usr/bin/ceph: stderr
2024-04-25T05:15:01.427+0000 7fb0d0db7700 1 --2- >> [v2:172.21.15.137:3300/0,v1:172.21.15.137:6789/0] conn(0x7fb0cc071310 0x7fb0cc105410 unknown :-1 s=BANNER_CONNECTING pgs=0 cs=0 l=0 rev1=0 crypto rx=0 tx=0 comp rx=0 tx=0)._handle_peer_banner_payload supported=3 required=0
2024-04-25T05:15:02.283 INFO:teuthology.orchestra.run.smithi137.stdout:/usr/bin/ceph: stderr
2024-04-25T05:15:01.427+0000 7fb0d0db7700 1 --2- >> [v2:172.21.15.137:3300/0,v1:172.21.15.137:6789/0] conn(0x7fb0cc071310 0x7fb0cc105410 unknown :-1 s=HELLO_CONNECTING pgs=0 cs=0 l=0 rev1=1 crypto rx=0 tx=0 comp rx=0 tx=0).handle_hello peer v2:172.21.15.137:3300/0 says I am v2:172.21.15.137:45066/0 (socket says 172.21.15.137:45066)
2024-04-25T05:15:02.283 INFO:teuthology.orchestra.run.smithi137.stdout:/usr/bin/ceph: stderr
2024-04-25T05:15:01.427+0000 7fb0d0db7700 1 -- 172.21.15.137:0/1063691515 learned_addr learned my addr 172.21.15.137:0/1063691515 (peer_addr_for_me v2:172.21.15.137:0/0)
2024-04-25T05:15:02.283 INFO:teuthology.orchestra.run.smithi137.stdout:/usr/bin/ceph: stderr
2024-04-25T05:15:01.427+0000 7fb0d0db7700 1 -- 172.21.15.137:0/1063691515 --> [v2:172.21.15.137:3300/0,v1:172.21.15.137:6789/0] -- mon_subscribe({config=0+,monmap=0+}) v3 -- 0x7fb0cc105a90 con 0x7fb0cc071310
2024-04-25T05:15:02.283 INFO:teuthology.orchestra.run.smithi137.stdout:/usr/bin/ceph: stderr
2024-04-25T05:15:01.428+0000 7fb0d0db7700 1 --2- 172.21.15.137:0/1063691515 >> [v2:172.21.15.137:3300/0,v1:172.21.15.137:6789/0] conn(0x7fb0cc071310 0x7fb0cc105410 secure :-1 s=READY pgs=69 cs=0 l=1 rev1=1 crypto rx=0x7fb0c00098e0 tx=0x7fb0c0009250 comp rx=0 tx=0).ready entity=mon.0 client_cookie=1c5708023a41f6f2 server_cookie=0 in_seq=0 out_seq=0
2024-04-25T05:15:02.284 INFO:teuthology.orchestra.run.smithi137.stdout:/usr/bin/ceph: stderr
2024-04-25T05:15:01.428+0000 7fb0cb7fe700 1 -- 172.21.15.137:0/1063691515 <== mon.0 v2:172.21.15.137:3300/0 1 ==== mon_map magic: 0 v1 ==== 229+0+0 (secure 0 0 0) 0x7fb0c000b860 con 0x7fb0cc071310
2024-04-25T05:15:02.284 INFO:teuthology.orchestra.run.smithi137.stdout:/usr/bin/ceph: stderr
2024-04-25T05:15:01.428+0000 7fb0cb7fe700 1 -- 172.21.15.137:0/1063691515 <== mon.0 v2:172.21.15.137:3300/0 2 ==== config(27 keys) v1 ==== 1109+0+0 (secure 0 0 0) 0x7fb0c000be90 con 0x7fb0cc071310
2024-04-25T05:15:02.284 INFO:teuthology.orchestra.run.smithi137.stdout:/usr/bin/ceph: stderr
2024-04-25T05:15:01.428+0000 7fb0cb7fe700 1 -- 172.21.15.137:0/1063691515 <== mon.0 v2:172.21.15.137:3300/0 3 ==== mon_map magic: 0 v1 ==== 229+0+0 (secure 0 0 0) 0x7fb0c00103c0 con 0x7fb0cc071310
2024-04-25T05:15:02.284 INFO:teuthology.orchestra.run.smithi137.stdout:/usr/bin/ceph: stderr
2024-04-25T05:15:01.428+0000 7fb0d301b700 1 -- 172.21.15.137:0/1063691515 >> [v2:172.21.15.137:3300/0,v1:172.21.15.137:6789/0] conn(0x7fb0cc071310 msgr2=0x7fb0cc105410 secure :-1 s=STATE_CONNECTION_ESTABLISHED l=1).mark_down
2024-04-25T05:15:02.284 INFO:teuthology.orchestra.run.smithi137.stdout:/usr/bin/ceph: stderr
2024-04-25T05:15:01.428+0000 7fb0d301b700 1 --2- 172.21.15.137:0/1063691515 >> [v2:172.21.15.137:3300/0,v1:172.21.15.137:6789/0] conn(0x7fb0cc071310 0x7fb0cc105410 secure :-1 s=READY pgs=69 cs=0 l=1 rev1=1 crypto rx=0x7fb0c00098e0 tx=0x7fb0c0009250 comp rx=0 tx=0).stop
2024-04-25T05:15:02.284 INFO:teuthology.orchestra.run.smithi137.stdout:/usr/bin/ceph: stderr
2024-04-25T05:15:01.429+0000 7fb0d301b700 1 -- 172.21.15.137:0/1063691515 shutdown_connections
2024-04-25T05:15:02.284 INFO:teuthology.orchestra.run.smithi137.stdout:/usr/bin/ceph: stderr
2024-04-25T05:15:01.429+0000 7fb0d301b700 1 --2- 172.21.15.137:0/1063691515 >> [v2:172.21.15.137:3300/0,v1:172.21.15.137:6789/0] conn(0x7fb0cc071310 0x7fb0cc105410 unknown :-1 s=CLOSED pgs=69 cs=0 l=1 rev1=1 crypto rx=0 tx=0 comp rx=0 tx=0).stop
2024-04-25T05:15:02.284 INFO:teuthology.orchestra.run.smithi137.stdout:/usr/bin/ceph: stderr
2024-04-25T05:15:01.429+0000 7fb0d301b700 1 -- 172.21.15.137:0/1063691515 >> 172.21.15.137:0/1063691515 conn(0x7fb0cc0fcec0 msgr2=0x7fb0cc0ff2d0 unknown :-1 s=STATE_NONE l=0).mark_down
2024-04-25T05:15:02.284 INFO:teuthology.orchestra.run.smithi137.stdout:/usr/bin/ceph: stderr
2024-04-25T05:15:01.429+0000 7fb0d301b700 1 -- 172.21.15.137:0/1063691515 shutdown_connections
2024-04-25T05:15:02.284 INFO:teuthology.orchestra.run.smithi137.stdout:/usr/bin/ceph: stderr
2024-04-25T05:15:01.429+0000 7fb0d301b700 1 -- 172.21.15.137:0/1063691515 wait complete.
2024-04-25T05:15:02.284 INFO:teuthology.orchestra.run.smithi137.stdout:/usr/bin/ceph: stderr
2024-04-25T05:15:01.430+0000 7fb0d301b700 1 Processor -- start
2024-04-25T05:15:02.284 INFO:teuthology.orchestra.run.smithi137.stdout:/usr/bin/ceph: stderr
2024-04-25T05:15:01.430+0000 7fb0d301b700 1 -- start start
2024-04-25T05:15:02.284 INFO:teuthology.orchestra.run.smithi137.stdout:/usr/bin/ceph: stderr
2024-04-25T05:15:01.430+0000 7fb0d301b700 1 --2- >> [v2:172.21.15.137:3300/0,v1:172.21.15.137:6789/0] conn(0x7fb0cc071310 0x7fb0cc102d60 unknown :-1 s=NONE pgs=0 cs=0 l=1 rev1=0 crypto rx=0 tx=0 comp rx=0 tx=0).connect
2024-04-25T05:15:02.284 INFO:teuthology.orchestra.run.smithi137.stdout:/usr/bin/ceph: stderr
2024-04-25T05:15:01.430+0000 7fb0d301b700 1 -- --> [v2:172.21.15.137:3300/0,v1:172.21.15.137:6789/0] -- mon_getmap magic: 0 v1 -- 0x7fb0cc1032a0 con 0x7fb0cc071310
2024-04-25T05:15:02.285 INFO:teuthology.orchestra.run.smithi137.stdout:/usr/bin/ceph: stderr
2024-04-25T05:15:01.430+0000 7fb0d0db7700 1 --2- >> [v2:172.21.15.137:3300/0,v1:172.21.15.137:6789/0] conn(0x7fb0cc071310 0x7fb0cc102d60 unknown :-1 s=BANNER_CONNECTING pgs=0 cs=0 l=1 rev1=0 crypto rx=0 tx=0 comp rx=0 tx=0)._handle_peer_banner_payload supported=3 required=0
2024-04-25T05:15:02.285 INFO:teuthology.orchestra.run.smithi137.stdout:/usr/bin/ceph: stderr
2024-04-25T05:15:01.430+0000 7fb0d0db7700 1 --2- >> [v2:172.21.15.137:3300/0,v1:172.21.15.137:6789/0] conn(0x7fb0cc071310 0x7fb0cc102d60 unknown :-1 s=HELLO_CONNECTING pgs=0 cs=0 l=1 rev1=1 crypto rx=0 tx=0 comp rx=0 tx=0).handle_hello peer v2:172.21.15.137:3300/0 says I am v2:172.21.15.137:45080/0 (socket says 172.21.15.137:45080)
2024-04-25T05:15:02.285 INFO:teuthology.orchestra.run.smithi137.stdout:/usr/bin/ceph: stderr
2024-04-25T05:15:01.430+0000 7fb0d0db7700 1 -- 172.21.15.137:0/2950784455 learned_addr learned my addr 172.21.15.137:0/2950784455 (peer_addr_for_me v2:172.21.15.137:0/0)
2024-04-25T05:15:02.285 INFO:teuthology.orchestra.run.smithi137.stdout:/usr/bin/ceph: stderr
2024-04-25T05:15:01.430+0000 7fb0d0db7700 1 -- 172.21.15.137:0/2950784455 --> [v2:172.21.15.137:3300/0,v1:172.21.15.137:6789/0] -- mon_subscribe({config=0+,monmap=0+}) v3 -- 0x7fb0c00094f0 con 0x7fb0cc071310
2024-04-25T05:15:02.285 INFO:teuthology.orchestra.run.smithi137.stdout:/usr/bin/ceph: stderr
2024-04-25T05:15:01.431+0000 7fb0d0db7700 1 --2- 172.21.15.137:0/2950784455 >> [v2:172.21.15.137:3300/0,v1:172.21.15.137:6789/0] conn(0x7fb0cc071310 0x7fb0cc102d60 secure :-1 s=READY pgs=70 cs=0 l=1 rev1=1 crypto rx=0x7fb0c00094c0 tx=0x7fb0c0009250 comp rx=0 tx=0).ready entity=mon.0 client_cookie=0 server_cookie=0 in_seq=0 out_seq=0
2024-04-25T05:15:02.285 INFO:teuthology.orchestra.run.smithi137.stdout:/usr/bin/ceph: stderr
2024-04-25T05:15:01.431+0000 7fb0c97fa700 1 -- 172.21.15.137:0/2950784455 <== mon.0 v2:172.21.15.137:3300/0 1 ==== mon_map magic: 0 v1 ==== 229+0+0 (secure 0 0 0) 0x7fb0c001a8c0 con 0x7fb0cc071310
2024-04-25T05:15:02.285 INFO:teuthology.orchestra.run.smithi137.stdout:/usr/bin/ceph: stderr
2024-04-25T05:15:01.431+0000 7fb0c97fa700 1 -- 172.21.15.137:0/2950784455 <== mon.0 v2:172.21.15.137:3300/0 2 ==== config(27 keys) v1 ==== 1109+0+0 (secure 0 0 0) 0x7fb0c00243f0 con 0x7fb0cc071310
2024-04-25T05:15:02.285 INFO:teuthology.orchestra.run.smithi137.stdout:/usr/bin/ceph: stderr
2024-04-25T05:15:01.431+0000 7fb0d301b700 1 -- 172.21.15.137:0/2950784455 --> [v2:172.21.15.137:3300/0,v1:172.21.15.137:6789/0] -- mon_subscribe({mgrmap=0+}) v3 -- 0x7fb0cc101310 con 0x7fb0cc071310
2024-04-25T05:15:02.285 INFO:teuthology.orchestra.run.smithi137.stdout:/usr/bin/ceph: stderr
2024-04-25T05:15:01.431+0000 7fb0c97fa700 1 -- 172.21.15.137:0/2950784455 <== mon.0 v2:172.21.15.137:3300/0 3 ==== mon_map magic: 0 v1 ==== 229+0+0 (secure 0 0 0) 0x7fb0c0019580 con 0x7fb0cc071310
2024-04-25T05:15:02.285 INFO:teuthology.orchestra.run.smithi137.stdout:/usr/bin/ceph: stderr
2024-04-25T05:15:01.431+0000 7fb0d301b700 1 -- 172.21.15.137:0/2950784455 --> [v2:172.21.15.137:3300/0,v1:172.21.15.137:6789/0] -- mon_subscribe({osdmap=0}) v3 -- 0x7fb0cc101800 con 0x7fb0cc071310
2024-04-25T05:15:02.285 INFO:teuthology.orchestra.run.smithi137.stdout:/usr/bin/ceph: stderr
2024-04-25T05:15:01.432+0000 7fb0c97fa700 1 -- 172.21.15.137:0/2950784455 <== mon.0 v2:172.21.15.137:3300/0 4 ==== mgrmap(e 9) v1 ==== 43389+0+0 (secure 0 0 0) 0x7fb0c00197c0 con 0x7fb0cc071310
2024-04-25T05:15:02.285 INFO:teuthology.orchestra.run.smithi137.stdout:/usr/bin/ceph: stderr
2024-04-25T05:15:01.432+0000 7fb0c97fa700 1 --2- 172.21.15.137:0/2950784455 >> [v2:172.21.15.137:6800/1235098283,v1:172.21.15.137:6801/1235098283] conn(0x7fb0bc0368a0 0x7fb0bc038d50 unknown :-1 s=NONE pgs=0 cs=0 l=1 rev1=0 crypto rx=0 tx=0 comp rx=0 tx=0).connect
2024-04-25T05:15:02.285 INFO:teuthology.orchestra.run.smithi137.stdout:/usr/bin/ceph: stderr
2024-04-25T05:15:01.432+0000 7fb0c97fa700 1 -- 172.21.15.137:0/2950784455 <== mon.0 v2:172.21.15.137:3300/0 5 ==== osd_map(2..2 src has 1..2) v4 ==== 936+0+0 (secure 0 0 0) 0x7fb0c0024a40 con 0x7fb0cc071310
2024-04-25T05:15:02.285 INFO:teuthology.orchestra.run.smithi137.stdout:/usr/bin/ceph: stderr
2024-04-25T05:15:01.432+0000 7fb0cbfff700 1 -- 172.21.15.137:0/2950784455 >> [v2:172.21.15.137:6800/1235098283,v1:172.21.15.137:6801/1235098283] conn(0x7fb0bc0368a0 msgr2=0x7fb0bc038d50 unknown :-1 s=STATE_CONNECTING_RE l=1).process reconnect failed to v2:172.21.15.137:6800/1235098283
2024-04-25T05:15:02.286 INFO:teuthology.orchestra.run.smithi137.stdout:/usr/bin/ceph: stderr
2024-04-25T05:15:01.432+0000 7fb0cbfff700 1 --2- 172.21.15.137:0/2950784455 >> [v2:172.21.15.137:6800/1235098283,v1:172.21.15.137:6801/1235098283] conn(0x7fb0bc0368a0 0x7fb0bc038d50 unknown :-1 s=START_CONNECT pgs=0 cs=0 l=1 rev1=0 crypto rx=0 tx=0 comp rx=0 tx=0)._fault waiting 0.200000
2024-04-25T05:15:02.286 INFO:teuthology.orchestra.run.smithi137.stdout:/usr/bin/ceph: stderr
2024-04-25T05:15:01.432+0000 7fb0d301b700 1 -- 172.21.15.137:0/2950784455 --> [v2:172.21.15.137:3300/0,v1:172.21.15.137:6789/0] -- mon_command({"prefix": "get_command_descriptions"} v 0) v1 -- 0x7fb0cc04bed0 con 0x7fb0cc071310
2024-04-25T05:15:02.286 INFO:teuthology.orchestra.run.smithi137.stdout:/usr/bin/ceph: stderr
2024-04-25T05:15:01.437+0000 7fb0c97fa700 1 -- 172.21.15.137:0/2950784455 <== mon.0 v2:172.21.15.137:3300/0 6 ==== mon_command_ack([{"prefix": "get_command_descriptions"}]=0 v0) v1 ==== 72+0+176702 (secure 0 0 0) 0x7fb0c0010de0 con 0x7fb0cc071310
2024-04-25T05:15:02.286 INFO:teuthology.orchestra.run.smithi137.stdout:/usr/bin/ceph: stderr
2024-04-25T05:15:01.633+0000 7fb0cbfff700 1 -- 172.21.15.137:0/2950784455 >> [v2:172.21.15.137:6800/1235098283,v1:172.21.15.137:6801/1235098283] conn(0x7fb0bc0368a0 msgr2=0x7fb0bc038d50 unknown :-1 s=STATE_CONNECTING_RE l=1).process reconnect failed to v2:172.21.15.137:6800/1235098283
2024-04-25T05:15:02.286 INFO:teuthology.orchestra.run.smithi137.stdout:/usr/bin/ceph: stderr
2024-04-25T05:15:01.633+0000 7fb0cbfff700 1 --2- 172.21.15.137:0/2950784455 >> [v2:172.21.15.137:6800/1235098283,v1:172.21.15.137:6801/1235098283] conn(0x7fb0bc0368a0 0x7fb0bc038d50 unknown :-1 s=START_CONNECT pgs=0 cs=0 l=1 rev1=0 crypto rx=0 tx=0 comp rx=0 tx=0)._fault waiting 0.400000
2024-04-25T05:15:02.286 INFO:teuthology.orchestra.run.smithi137.stdout:/usr/bin/ceph: stderr
2024-04-25T05:15:01.717+0000 7fb0d301b700 1 -- 172.21.15.137:0/2950784455 --> [v2:172.21.15.137:3300/0,v1:172.21.15.137:6789/0] -- mon_command({"prefix": "mgr stat"} v 0) v1 -- 0x7fb0cc101e20 con 0x7fb0cc071310
2024-04-25T05:15:02.286 INFO:teuthology.orchestra.run.smithi137.stdout:/usr/bin/ceph: stderr
2024-04-25T05:15:01.717+0000 7fb0c97fa700 1 -- 172.21.15.137:0/2950784455 <== mon.0 v2:172.21.15.137:3300/0 7 ==== mon_command_ack([{"prefix": "mgr stat"}]=0 v9) v1 ==== 56+0+103 (secure 0 0 0) 0x7fb0c0010380 con 0x7fb0cc071310
2024-04-25T05:15:02.286 INFO:teuthology.orchestra.run.smithi137.stdout:/usr/bin/ceph: stderr
2024-04-25T05:15:01.719+0000 7fb0d301b700 1 -- 172.21.15.137:0/2950784455 >> [v2:172.21.15.137:6800/1235098283,v1:172.21.15.137:6801/1235098283] conn(0x7fb0bc0368a0 msgr2=0x7fb0bc038d50 unknown :-1 s=STATE_CONNECTING l=1).mark_down
2024-04-25T05:15:02.286 INFO:teuthology.orchestra.run.smithi137.stdout:/usr/bin/ceph: stderr
2024-04-25T05:15:01.719+0000 7fb0d301b700 1 --2- 172.21.15.137:0/2950784455 >> [v2:172.21.15.137:6800/1235098283,v1:172.21.15.137:6801/1235098283] conn(0x7fb0bc0368a0 0x7fb0bc038d50 unknown :-1 s=START_CONNECT pgs=0 cs=0 l=1 rev1=0 crypto rx=0 tx=0 comp rx=0 tx=0).stop
2024-04-25T05:15:02.286 INFO:teuthology.orchestra.run.smithi137.stdout:/usr/bin/ceph: stderr
2024-04-25T05:15:01.719+0000 7fb0d301b700 1 -- 172.21.15.137:0/2950784455 >> [v2:172.21.15.137:3300/0,v1:172.21.15.137:6789/0] conn(0x7fb0cc071310 msgr2=0x7fb0cc102d60 secure :-1 s=STATE_CONNECTION_ESTABLISHED l=1).mark_down
2024-04-25T05:15:02.286 INFO:teuthology.orchestra.run.smithi137.stdout:/usr/bin/ceph: stderr
2024-04-25T05:15:01.719+0000 7fb0d301b700 1 --2- 172.21.15.137:0/2950784455 >> [v2:172.21.15.137:3300/0,v1:172.21.15.137:6789/0] conn(0x7fb0cc071310 0x7fb0cc102d60 secure :-1 s=READY pgs=70 cs=0 l=1 rev1=1 crypto rx=0x7fb0c00094c0 tx=0x7fb0c0009250 comp rx=0 tx=0).stop
2024-04-25T05:15:02.286 INFO:teuthology.orchestra.run.smithi137.stdout:/usr/bin/ceph: stderr
2024-04-25T05:15:01.719+0000 7fb0d301b700 1 -- 172.21.15.137:0/2950784455 shutdown_connections
2024-04-25T05:15:02.286 INFO:teuthology.orchestra.run.smithi137.stdout:/usr/bin/ceph: stderr
