2024-04-25T05:26:35.124 INFO:journalctl@ceph.mon.smithi029.smithi029.stdout:Apr 25 05:26:34 smithi029 ceph-mon[26653]: from='mgr.14116 172.21.15.29:0/4100131081' entity='mgr.smithi029.ecrcnb'
2024-04-25T05:26:35.753 INFO:teuthology.orchestra.run.smithi029.stdout:/usr/bin/ceph: stdout ssh-rsa AAAAB3NzaC1yc2EAAAADAQABAAABgQC4HyaFrBdaSgeGE2WNTJyPa439qyACZ/wHO3WwCd3dDyWAKYhQU1uUONcAi9y7zv34M86XBH/6c/qLlkSjLOU+rNYPtJUj1aZUDRLSAsw2Nfl7RoEUHmRtr0YWGhb7VK3/ShDZxCVU9SLv8fgZCMHXyCf0n4STYCm8ixMFY2nbiULPh1hkP42U9z+7g0j19Kz4offupbUOmhBKmf4bjTmWVb/OZwubJtEeGvzvmTVJ3VW+u8ldA/6VpSLX1Q7cvgLHAtH+GbIkeX+e6m/PfsfVHxek4u0EfnUQW1okNcIRXplDZBoLftXp6eni9xtNzgno+BU7tS1BCe6XFV3VCM0ldD8MuMtEuqopX5jHVDcCTUuFfUVi7SWSzQgD0EK+7O+fsnVXen5G2aVIdTd40dxeNmrt1AdAtF2begY4kPcxwC2ZBqnP7pZTNOvm6W4T/o8p0DWl1sJiukcK3ONZOGLAhipN3nLRCPS8P4O9u7KQ+9iyutn4YAX3JhiZrsbbaSM= ceph-304258f0-02c4-11ef-bc93-c7b262605968
2024-04-25T05:26:35.753 INFO:teuthology.orchestra.run.smithi029.stdout:/usr/bin/ceph: stderr
2024-04-25T05:26:34.910+0000 7f3afe438700 1 Processor -- start
2024-04-25T05:26:35.753 INFO:teuthology.orchestra.run.smithi029.stdout:/usr/bin/ceph: stderr
2024-04-25T05:26:34.910+0000 7f3afe438700 1 -- start start
2024-04-25T05:26:35.753 INFO:teuthology.orchestra.run.smithi029.stdout:/usr/bin/ceph: stderr
2024-04-25T05:26:34.910+0000 7f3afe438700 1 --2- >> [v2:172.21.15.29:3300/0,v1:172.21.15.29:6789/0] conn(0x7f3af8106670 0x7f3af8108a50 unknown :-1 s=NONE pgs=0 cs=0 l=0 rev1=0 crypto rx=0 tx=0 comp rx=0 tx=0).connect
2024-04-25T05:26:35.753 INFO:teuthology.orchestra.run.smithi029.stdout:/usr/bin/ceph: stderr
2024-04-25T05:26:34.910+0000 7f3afe438700 1 -- --> [v2:172.21.15.29:3300/0,v1:172.21.15.29:6789/0] -- mon_getmap magic: 0 v1 -- 0x7f3af80744b0 con 0x7f3af8106670
2024-04-25T05:26:35.753 INFO:teuthology.orchestra.run.smithi029.stdout:/usr/bin/ceph: stderr
2024-04-25T05:26:34.911+0000 7f3af7fff700 1 --2- >> [v2:172.21.15.29:3300/0,v1:172.21.15.29:6789/0] conn(0x7f3af8106670 0x7f3af8108a50 unknown :-1 s=BANNER_CONNECTING pgs=0 cs=0 l=0 rev1=0 crypto rx=0 tx=0 comp rx=0 tx=0)._handle_peer_banner_payload supported=3 required=0
2024-04-25T05:26:35.753 INFO:teuthology.orchestra.run.smithi029.stdout:/usr/bin/ceph: stderr
2024-04-25T05:26:34.911+0000 7f3af7fff700 1 --2- >> [v2:172.21.15.29:3300/0,v1:172.21.15.29:6789/0] conn(0x7f3af8106670 0x7f3af8108a50 unknown :-1 s=HELLO_CONNECTING pgs=0 cs=0 l=0 rev1=1 crypto rx=0 tx=0 comp rx=0 tx=0).handle_hello peer v2:172.21.15.29:3300/0 says I am v2:172.21.15.29:41630/0 (socket says 172.21.15.29:41630)
2024-04-25T05:26:35.753 INFO:teuthology.orchestra.run.smithi029.stdout:/usr/bin/ceph: stderr
2024-04-25T05:26:34.911+0000 7f3af7fff700 1 -- 172.21.15.29:0/2158539312 learned_addr learned my addr 172.21.15.29:0/2158539312 (peer_addr_for_me v2:172.21.15.29:0/0)
2024-04-25T05:26:35.753 INFO:teuthology.orchestra.run.smithi029.stdout:/usr/bin/ceph: stderr
2024-04-25T05:26:34.911+0000 7f3af7fff700 1 -- 172.21.15.29:0/2158539312 --> [v2:172.21.15.29:3300/0,v1:172.21.15.29:6789/0] -- mon_subscribe({config=0+,monmap=0+}) v3 -- 0x7f3af80745f0 con 0x7f3af8106670
2024-04-25T05:26:35.753 INFO:teuthology.orchestra.run.smithi029.stdout:/usr/bin/ceph: stderr
2024-04-25T05:26:34.911+0000 7f3af7fff700 1 --2- 172.21.15.29:0/2158539312 >> [v2:172.21.15.29:3300/0,v1:172.21.15.29:6789/0] conn(0x7f3af8106670 0x7f3af8108a50 secure :-1 s=READY pgs=39 cs=0 l=1 rev1=1 crypto rx=0x7f3ae80098a0 tx=0x7f3ae8009bb0 comp rx=0 tx=0).ready entity=mon.0 client_cookie=1bfe22c0233eeb83 server_cookie=0 in_seq=0 out_seq=0
2024-04-25T05:26:35.753 INFO:teuthology.orchestra.run.smithi029.stdout:/usr/bin/ceph: stderr
2024-04-25T05:26:34.911+0000 7f3af6ffd700 1 -- 172.21.15.29:0/2158539312 <== mon.0 v2:172.21.15.29:3300/0 1 ==== mon_map magic: 0 v1 ==== 229+0+0 (secure 0 0 0) 0x7f3ae8004180 con 0x7f3af8106670
2024-04-25T05:26:35.754 INFO:teuthology.orchestra.run.smithi029.stdout:/usr/bin/ceph: stderr
2024-04-25T05:26:34.911+0000 7f3af6ffd700 1 -- 172.21.15.29:0/2158539312 <== mon.0 v2:172.21.15.29:3300/0 2 ==== config(27 keys) v1 ==== 1037+0+0 (secure 0 0 0) 0x7f3ae80042e0 con 0x7f3af8106670
2024-04-25T05:26:35.754 INFO:teuthology.orchestra.run.smithi029.stdout:/usr/bin/ceph: stderr
2024-04-25T05:26:34.911+0000 7f3af6ffd700 1 -- 172.21.15.29:0/2158539312 <== mon.0 v2:172.21.15.29:3300/0 3 ==== mon_map magic: 0 v1 ==== 229+0+0 (secure 0 0 0) 0x7f3ae8011a50 con 0x7f3af8106670
2024-04-25T05:26:35.754 INFO:teuthology.orchestra.run.smithi029.stdout:/usr/bin/ceph: stderr
2024-04-25T05:26:34.912+0000 7f3afe438700 1 -- 172.21.15.29:0/2158539312 >> [v2:172.21.15.29:3300/0,v1:172.21.15.29:6789/0] conn(0x7f3af8106670 msgr2=0x7f3af8108a50 secure :-1 s=STATE_CONNECTION_ESTABLISHED l=1).mark_down
2024-04-25T05:26:35.754 INFO:teuthology.orchestra.run.smithi029.stdout:/usr/bin/ceph: stderr
2024-04-25T05:26:34.912+0000 7f3afe438700 1 --2- 172.21.15.29:0/2158539312 >> [v2:172.21.15.29:3300/0,v1:172.21.15.29:6789/0] conn(0x7f3af8106670 0x7f3af8108a50 secure :-1 s=READY pgs=39 cs=0 l=1 rev1=1 crypto rx=0x7f3ae80098a0 tx=0x7f3ae8009bb0 comp rx=0 tx=0).stop
2024-04-25T05:26:35.754 INFO:teuthology.orchestra.run.smithi029.stdout:/usr/bin/ceph: stderr
2024-04-25T05:26:34.912+0000 7f3afe438700 1 -- 172.21.15.29:0/2158539312 shutdown_connections
2024-04-25T05:26:35.754 INFO:teuthology.orchestra.run.smithi029.stdout:/usr/bin/ceph: stderr
2024-04-25T05:26:34.912+0000 7f3afe438700 1 --2- 172.21.15.29:0/2158539312 >> [v2:172.21.15.29:3300/0,v1:172.21.15.29:6789/0] conn(0x7f3af8106670 0x7f3af8108a50 unknown :-1 s=CLOSED pgs=39 cs=0 l=1 rev1=1 crypto rx=0 tx=0 comp rx=0 tx=0).stop
2024-04-25T05:26:35.754 INFO:teuthology.orchestra.run.smithi029.stdout:/usr/bin/ceph: stderr
2024-04-25T05:26:34.912+0000 7f3afe438700 1 -- 172.21.15.29:0/2158539312 >> 172.21.15.29:0/2158539312 conn(0x7f3af8100070 msgr2=0x7f3af8102480 unknown :-1 s=STATE_NONE l=0).mark_down
2024-04-25T05:26:35.754 INFO:teuthology.orchestra.run.smithi029.stdout:/usr/bin/ceph: stderr
2024-04-25T05:26:34.912+0000 7f3afe438700 1 -- 172.21.15.29:0/2158539312 shutdown_connections
2024-04-25T05:26:35.754 INFO:teuthology.orchestra.run.smithi029.stdout:/usr/bin/ceph: stderr
2024-04-25T05:26:34.912+0000 7f3afe438700 1 -- 172.21.15.29:0/2158539312 wait complete.
2024-04-25T05:26:35.754 INFO:teuthology.orchestra.run.smithi029.stdout:/usr/bin/ceph: stderr
2024-04-25T05:26:34.913+0000 7f3afe438700 1 Processor -- start
2024-04-25T05:26:35.754 INFO:teuthology.orchestra.run.smithi029.stdout:/usr/bin/ceph: stderr
2024-04-25T05:26:34.913+0000 7f3afe438700 1 -- start start
2024-04-25T05:26:35.754 INFO:teuthology.orchestra.run.smithi029.stdout:/usr/bin/ceph: stderr
2024-04-25T05:26:34.913+0000 7f3afe438700 1 --2- >> [v2:172.21.15.29:3300/0,v1:172.21.15.29:6789/0] conn(0x7f3af8106670 0x7f3af8199850 unknown :-1 s=NONE pgs=0 cs=0 l=1 rev1=0 crypto rx=0 tx=0 comp rx=0 tx=0).connect
2024-04-25T05:26:35.754 INFO:teuthology.orchestra.run.smithi029.stdout:/usr/bin/ceph: stderr
2024-04-25T05:26:34.913+0000 7f3afe438700 1 -- --> [v2:172.21.15.29:3300/0,v1:172.21.15.29:6789/0] -- mon_getmap magic: 0 v1 -- 0x7f3af8199d90 con 0x7f3af8106670
2024-04-25T05:26:35.755 INFO:teuthology.orchestra.run.smithi029.stdout:/usr/bin/ceph: stderr
2024-04-25T05:26:34.913+0000 7f3af7fff700 1 --2- >> [v2:172.21.15.29:3300/0,v1:172.21.15.29:6789/0] conn(0x7f3af8106670 0x7f3af8199850 unknown :-1 s=BANNER_CONNECTING pgs=0 cs=0 l=1 rev1=0 crypto rx=0 tx=0 comp rx=0 tx=0)._handle_peer_banner_payload supported=3 required=0
2024-04-25T05:26:35.755 INFO:teuthology.orchestra.run.smithi029.stdout:/usr/bin/ceph: stderr
2024-04-25T05:26:34.913+0000 7f3af7fff700 1 --2- >> [v2:172.21.15.29:3300/0,v1:172.21.15.29:6789/0] conn(0x7f3af8106670 0x7f3af8199850 unknown :-1 s=HELLO_CONNECTING pgs=0 cs=0 l=1 rev1=1 crypto rx=0 tx=0 comp rx=0 tx=0).handle_hello peer v2:172.21.15.29:3300/0 says I am v2:172.21.15.29:41640/0 (socket says 172.21.15.29:41640)
2024-04-25T05:26:35.755 INFO:teuthology.orchestra.run.smithi029.stdout:/usr/bin/ceph: stderr
2024-04-25T05:26:34.913+0000 7f3af7fff700 1 -- 172.21.15.29:0/1628548805 learned_addr learned my addr 172.21.15.29:0/1628548805 (peer_addr_for_me v2:172.21.15.29:0/0)
2024-04-25T05:26:35.755 INFO:teuthology.orchestra.run.smithi029.stdout:/usr/bin/ceph: stderr
2024-04-25T05:26:34.914+0000 7f3af7fff700 1 -- 172.21.15.29:0/1628548805 --> [v2:172.21.15.29:3300/0,v1:172.21.15.29:6789/0] -- mon_subscribe({config=0+,monmap=0+}) v3 -- 0x7f3ae8009550 con 0x7f3af8106670
2024-04-25T05:26:35.755 INFO:teuthology.orchestra.run.smithi029.stdout:/usr/bin/ceph: stderr
2024-04-25T05:26:34.914+0000 7f3af7fff700 1 --2- 172.21.15.29:0/1628548805 >> [v2:172.21.15.29:3300/0,v1:172.21.15.29:6789/0] conn(0x7f3af8106670 0x7f3af8199850 secure :-1 s=READY pgs=40 cs=0 l=1 rev1=1 crypto rx=0x7f3ae8000c00 tx=0x7f3ae8011ab0 comp rx=0 tx=0).ready entity=mon.0 client_cookie=0 server_cookie=0 in_seq=0 out_seq=0
2024-04-25T05:26:35.755 INFO:teuthology.orchestra.run.smithi029.stdout:/usr/bin/ceph: stderr
2024-04-25T05:26:34.914+0000 7f3af57fa700 1 -- 172.21.15.29:0/1628548805 <== mon.0 v2:172.21.15.29:3300/0 1 ==== mon_map magic: 0 v1 ==== 229+0+0 (secure 0 0 0) 0x7f3ae8003b90 con 0x7f3af8106670
2024-04-25T05:26:35.755 INFO:teuthology.orchestra.run.smithi029.stdout:/usr/bin/ceph: stderr
2024-04-25T05:26:34.914+0000 7f3af57fa700 1 -- 172.21.15.29:0/1628548805 <== mon.0 v2:172.21.15.29:3300/0 2 ==== config(27 keys) v1 ==== 1037+0+0 (secure 0 0 0) 0x7f3ae80248b0 con 0x7f3af8106670
2024-04-25T05:26:35.755 INFO:teuthology.orchestra.run.smithi029.stdout:/usr/bin/ceph: stderr
2024-04-25T05:26:34.914+0000 7f3afe438700 1 -- 172.21.15.29:0/1628548805 --> [v2:172.21.15.29:3300/0,v1:172.21.15.29:6789/0] -- mon_subscribe({mgrmap=0+}) v3 -- 0x7f3af8199f90 con 0x7f3af8106670
2024-04-25T05:26:35.755 INFO:teuthology.orchestra.run.smithi029.stdout:/usr/bin/ceph: stderr
2024-04-25T05:26:34.914+0000 7f3af57fa700 1 -- 172.21.15.29:0/1628548805 <== mon.0 v2:172.21.15.29:3300/0 3 ==== mon_map magic: 0 v1 ==== 229+0+0 (secure 0 0 0) 0x7f3ae801a8e0 con 0x7f3af8106670
2024-04-25T05:26:35.755 INFO:teuthology.orchestra.run.smithi029.stdout:/usr/bin/ceph: stderr
2024-04-25T05:26:34.914+0000 7f3afe438700 1 -- 172.21.15.29:0/1628548805 --> [v2:172.21.15.29:3300/0,v1:172.21.15.29:6789/0] -- mon_subscribe({osdmap=0}) v3 -- 0x7f3af819a3b0 con 0x7f3af8106670
2024-04-25T05:26:35.755 INFO:teuthology.orchestra.run.smithi029.stdout:/usr/bin/ceph: stderr
2024-04-25T05:26:34.915+0000 7f3af57fa700 1 -- 172.21.15.29:0/1628548805 <== mon.0 v2:172.21.15.29:3300/0 4 ==== mgrmap(e 8) v1 ==== 45084+0+0 (secure 0 0 0) 0x7f3ae801aba0 con 0x7f3af8106670
2024-04-25T05:26:35.755 INFO:teuthology.orchestra.run.smithi029.stdout:/usr/bin/ceph: stderr
2024-04-25T05:26:34.915+0000 7f3afe438700 1 -- 172.21.15.29:0/1628548805 --> [v2:172.21.15.29:3300/0,v1:172.21.15.29:6789/0] -- mon_command({"prefix": "get_command_descriptions"} v 0) v1 -- 0x7f3af8062380 con 0x7f3af8106670
2024-04-25T05:26:35.755 INFO:teuthology.orchestra.run.smithi029.stdout:/usr/bin/ceph: stderr
2024-04-25T05:26:34.915+0000 7f3af57fa700 1 --2- 172.21.15.29:0/1628548805 >> [v2:172.21.15.29:6800/4166757575,v1:172.21.15.29:6801/4166757575] conn(0x7f3ae00383f0 0x7f3ae003a8a0 unknown :-1 s=NONE pgs=0 cs=0 l=1 rev1=0 crypto rx=0 tx=0 comp rx=0 tx=0).connect
2024-04-25T05:26:35.755 INFO:teuthology.orchestra.run.smithi029.stdout:/usr/bin/ceph: stderr
2024-04-25T05:26:34.915+0000 7f3af57fa700 1 -- 172.21.15.29:0/1628548805 <== mon.0 v2:172.21.15.29:3300/0 5 ==== osd_map(2..2 src has 1..2) v4 ==== 940+0+0 (secure 0 0 0) 0x7f3ae804c5f0 con 0x7f3af8106670
2024-04-25T05:26:35.755 INFO:teuthology.orchestra.run.smithi029.stdout:/usr/bin/ceph: stderr
2024-04-25T05:26:34.915+0000 7f3af77fe700 1 --2- 172.21.15.29:0/1628548805 >> [v2:172.21.15.29:6800/4166757575,v1:172.21.15.29:6801/4166757575] conn(0x7f3ae00383f0 0x7f3ae003a8a0 unknown :-1 s=BANNER_CONNECTING pgs=0 cs=0 l=1 rev1=0 crypto rx=0 tx=0 comp rx=0 tx=0)._handle_peer_banner_payload supported=3 required=0
2024-04-25T05:26:35.755 INFO:teuthology.orchestra.run.smithi029.stdout:/usr/bin/ceph: stderr
2024-04-25T05:26:34.916+0000 7f3af77fe700 1 --2- 172.21.15.29:0/1628548805 >> [v2:172.21.15.29:6800/4166757575,v1:172.21.15.29:6801/4166757575] conn(0x7f3ae00383f0 0x7f3ae003a8a0 secure :-1 s=READY pgs=10 cs=0 l=1 rev1=1 crypto rx=0x7f3aec006fd0 tx=0x7f3aec006e40 comp rx=0 tx=0).ready entity=mgr.14116 client_cookie=0 server_cookie=0 in_seq=0 out_seq=0
2024-04-25T05:26:35.756 INFO:teuthology.orchestra.run.smithi029.stdout:/usr/bin/ceph: stderr
2024-04-25T05:26:34.920+0000 7f3af57fa700 1 -- 172.21.15.29:0/1628548805 <== mon.0 v2:172.21.15.29:3300/0 6 ==== mon_command_ack([{"prefix": "get_command_descriptions"}]=0 v0) v1 ==== 72+0+177933 (secure 0 0 0) 0x7f3ae802dc90 con 0x7f3af8106670
2024-04-25T05:26:35.756 INFO:teuthology.orchestra.run.smithi029.stdout:/usr/bin/ceph: stderr
2024-04-25T05:26:35.123+0000 7f3afe438700 1 -- 172.21.15.29:0/1628548805 --> [v2:172.21.15.29:6800/4166757575,v1:172.21.15.29:6801/4166757575] -- mgr_command(tid 0: {"prefix": "cephadm get-pub-key", "target": ["mon-mgr", ""]}) v1 -- 0x7f3af8102380 con 0x7f3ae00383f0
2024-04-25T05:26:35.756 INFO:teuthology.orchestra.run.smithi029.stdout:/usr/bin/ceph: stderr
2024-04-25T05:26:35.124+0000 7f3af57fa700 1 -- 172.21.15.29:0/1628548805 <== mgr.14116 v2:172.21.15.29:6800/4166757575 1 ==== mgr_command_reply(tid 0: 0 ) v1 ==== 8+0+595 (secure 0 0 0) 0x7f3af8102380 con 0x7f3ae00383f0
2024-04-25T05:26:35.756 INFO:teuthology.orchestra.run.smithi029.stdout:/usr/bin/ceph: stderr
2024-04-25T05:26:35.126+0000 7f3afe438700 1 -- 172.21.15.29:0/1628548805 >> [v2:172.21.15.29:6800/4166757575,v1:172.21.15.29:6801/4166757575] conn(0x7f3ae00383f0 msgr2=0x7f3ae003a8a0 secure :-1 s=STATE_CONNECTION_ESTABLISHED l=1).mark_down
2024-04-25T05:26:35.756 INFO:teuthology.orchestra.run.smithi029.stdout:/usr/bin/ceph: stderr
2024-04-25T05:26:35.126+0000 7f3afe438700 1 --2- 172.21.15.29:0/1628548805 >> [v2:172.21.15.29:6800/4166757575,v1:172.21.15.29:6801/4166757575] conn(0x7f3ae00383f0 0x7f3ae003a8a0 secure :-1 s=READY pgs=10 cs=0 l=1 rev1=1 crypto rx=0x7f3aec006fd0 tx=0x7f3aec006e40 comp rx=0 tx=0).stop
2024-04-25T05:26:35.756 INFO:teuthology.orchestra.run.smithi029.stdout:/usr/bin/ceph: stderr
2024-04-25T05:26:35.126+0000 7f3afe438700 1 -- 172.21.15.29:0/1628548805 >> [v2:172.21.15.29:3300/0,v1:172.21.15.29:6789/0] conn(0x7f3af8106670 msgr2=0x7f3af8199850 secure :-1 s=STATE_CONNECTION_ESTABLISHED l=1).mark_down
2024-04-25T05:26:35.756 INFO:teuthology.orchestra.run.smithi029.stdout:/usr/bin/ceph: stderr
2024-04-25T05:26:35.126+0000 7f3afe438700 1 --2- 172.21.15.29:0/1628548805 >> [v2:172.21.15.29:3300/0,v1:172.21.15.29:6789/0] conn(0x7f3af8106670 0x7f3af8199850 secure :-1 s=READY pgs=40 cs=0 l=1 rev1=1 crypto rx=0x7f3ae8000c00 tx=0x7f3ae8011ab0 comp rx=0 tx=0).stop
2024-04-25T05:26:35.756 INFO:teuthology.orchestra.run.smithi029.stdout:/usr/bin/ceph: stderr
2024-04-25T05:26:35.126+0000 7f3afe438700 1 -- 172.21.15.29:0/1628548805 shutdown_connections
2024-04-25T05:26:35.756 INFO:teuthology.orchestra.run.smithi029.stdout:/usr/bin/ceph: stderr
2024-04-25T05:26:35.126+0000 7f3afe438700 1 --2- 172.21.15.29:0/1628548805 >> [v2:172.21.15.29:6800/4166757575,v1:172.21.15.29:6801/4166757575] conn(0x7f3ae00383f0 0x7f3ae003a8a0 unknown :-1 s=CLOSED pgs=10 cs=0 l=1 rev1=1 crypto rx=0 tx=0 comp rx=0 tx=0).stop
2024-04-25T05:26:35.756 INFO:teuthology.orchestra.run.smithi029.stdout:/usr/bin/ceph: stderr
2024-04-25T05:26:35.126+0000 7f3afe438700 1 --2- 172.21.15.29:0/1628548805 >> [v2:172.21.15.29:3300/0,v1:172.21.15.29:6789/0] conn(0x7f3af8106670 0x7f3af8199850 unknown :-1 s=CLOSED pgs=40 cs=0 l=1 rev1=1 crypto rx=0 tx=0 comp rx=0 tx=0).stop
2024-04-25T05:26:35.756 INFO:teuthology.orchestra.run.smithi029.stdout:/usr/bin/ceph: stderr
2024-04-25T05:26:35.126+0000 7f3afe438700 1 -- 172.21.15.29:0/1628548805 >> 172.21.15.29:0/1628548805 conn(0x7f3af8100070 msgr2=0x7f3af8101760 unknown :-1 s=STATE_NONE l=0).mark_down
2024-04-25T05:26:35.756 INFO:teuthology.orchestra.run.smithi029.stdout:/usr/bin/ceph: stderr
2024-04-25T05:26:35.126+0000 7f3afe438700 1 -- 172.21.15.29:0/1628548805 shutdown_connections
2024-04-25T05:26:35.756 INFO:teuthology.orchestra.run.smithi029.stdout:/usr/bin/ceph: stderr
2024-04-25T05:26:35.126+0000 7f3afe438700 1 -- 172.21.15.29:0/1628548805 wait complete.
2024-04-25T05:26:35.756 INFO:teuthology.orchestra.run.smithi029.stdout:Wrote public SSH key to /home/ubuntu/cephtest/ceph.pub
2024-04-25T05:26:35.756 INFO:teuthology.orchestra.run.smithi029.stdout:Adding key to root@localhost authorized_keys...
2024-04-25T05:26:35.756 INFO:teuthology.orchestra.run.smithi029.stdout:Adding host smithi029...
2024-04-25T05:26:36.125 INFO:journalctl@ceph.mon.smithi029.smithi029.stdout:Apr 25 05:26:35 smithi029 ceph-mon[26653]: from='client.14134 -' entity='client.admin' cmd=[{"prefix": "cephadm get-pub-key", "target": ["mon-mgr", ""]}]: dispatch
2024-04-25T05:26:37.076 INFO:journalctl@ceph.mon.smithi029.smithi029.stdout:Apr 25 05:26:36 smithi029 ceph-mon[26653]: from='client.14136 -' entity='client.admin' cmd=[{"prefix": "orch host add", "hostname": "smithi029", "addr": "172.21.15.29", "target": ["mon-mgr", ""]}]: dispatch
2024-04-25T05:26:38.370 INFO:journalctl@ceph.mon.smithi029.smithi029.stdout:Apr 25 05:26:38 smithi029 ceph-mon[26653]: Deploying cephadm binary to smithi029
2024-04-25T05:26:39.521 INFO:teuthology.orchestra.run.smithi029.stdout:/usr/bin/ceph: stdout Added host 'smithi029' with addr '172.21.15.29'
2024-04-25T05:26:39.521 INFO:teuthology.orchestra.run.smithi029.stdout:/usr/bin/ceph: stderr
2024-04-25T05:26:36.241+0000 7f4ae63fb700 1 Processor -- start
2024-04-25T05:26:39.521 INFO:teuthology.orchestra.run.smithi029.stdout:/usr/bin/ceph: stderr
2024-04-25T05:26:36.241+0000 7f4ae63fb700 1 -- start start
2024-04-25T05:26:39.521 INFO:teuthology.orchestra.run.smithi029.stdout:/usr/bin/ceph: stderr
2024-04-25T05:26:36.241+0000 7f4ae63fb700 1 --2- >> [v2:172.21.15.29:3300/0,v1:172.21.15.29:6789/0] conn(0x7f4ae0106660 0x7f4ae0108a40 unknown :-1 s=NONE pgs=0 cs=0 l=0 rev1=0 crypto rx=0 tx=0 comp rx=0 tx=0).connect
2024-04-25T05:26:39.521 INFO:teuthology.orchestra.run.smithi029.stdout:/usr/bin/ceph: stderr
2024-04-25T05:26:36.241+0000 7f4ae63fb700 1 -- --> [v2:172.21.15.29:3300/0,v1:172.21.15.29:6789/0] -- mon_getmap magic: 0 v1 -- 0x7f4ae0079d30 con 0x7f4ae0106660
2024-04-25T05:26:39.521 INFO:teuthology.orchestra.run.smithi029.stdout:/usr/bin/ceph: stderr
2024-04-25T05:26:36.241+0000 7f4adffff700 1 --2- >> [v2:172.21.15.29:3300/0,v1:172.21.15.29:6789/0] conn(0x7f4ae0106660 0x7f4ae0108a40 unknown :-1 s=BANNER_CONNECTING pgs=0 cs=0 l=0 rev1=0 crypto rx=0 tx=0 comp rx=0 tx=0)._handle_peer_banner_payload supported=3 required=0
2024-04-25T05:26:39.521 INFO:teuthology.orchestra.run.smithi029.stdout:/usr/bin/ceph: stderr
2024-04-25T05:26:36.242+0000 7f4adffff700 1 --2- >> [v2:172.21.15.29:3300/0,v1:172.21.15.29:6789/0] conn(0x7f4ae0106660 0x7f4ae0108a40 unknown :-1 s=HELLO_CONNECTING pgs=0 cs=0 l=0 rev1=1 crypto rx=0 tx=0 comp rx=0 tx=0).handle_hello peer v2:172.21.15.29:3300/0 says I am v2:172.21.15.29:41648/0 (socket says 172.21.15.29:41648)
2024-04-25T05:26:39.521 INFO:teuthology.orchestra.run.smithi029.stdout:/usr/bin/ceph: stderr
2024-04-25T05:26:36.242+0000 7f4adffff700 1 -- 172.21.15.29:0/4224696562 learned_addr learned my addr 172.21.15.29:0/4224696562 (peer_addr_for_me v2:172.21.15.29:0/0)
2024-04-25T05:26:39.522 INFO:teuthology.orchestra.run.smithi029.stdout:/usr/bin/ceph: stderr
2024-04-25T05:26:36.242+0000 7f4adffff700 1 -- 172.21.15.29:0/4224696562 --> [v2:172.21.15.29:3300/0,v1:172.21.15.29:6789/0] -- mon_subscribe({config=0+,monmap=0+}) v3 -- 0x7f4ae0079e70 con 0x7f4ae0106660
2024-04-25T05:26:39.522 INFO:teuthology.orchestra.run.smithi029.stdout:/usr/bin/ceph: stderr
2024-04-25T05:26:36.242+0000 7f4adffff700 1 --2- 172.21.15.29:0/4224696562 >> [v2:172.21.15.29:3300/0,v1:172.21.15.29:6789/0] conn(0x7f4ae0106660 0x7f4ae0108a40 secure :-1 s=READY pgs=41 cs=0 l=1 rev1=1 crypto rx=0x7f4ad00098a0 tx=0x7f4ad0009bb0 comp rx=0 tx=0).ready entity=mon.0 client_cookie=6041fbc596ea82a server_cookie=0 in_seq=0 out_seq=0
2024-04-25T05:26:39.522 INFO:teuthology.orchestra.run.smithi029.stdout:/usr/bin/ceph: stderr
2024-04-25T05:26:36.242+0000 7f4adeffd700 1 -- 172.21.15.29:0/4224696562 <== mon.0 v2:172.21.15.29:3300/0 1 ==== mon_map magic: 0 v1 ==== 229+0+0 (secure 0 0 0) 0x7f4ad0004180 con 0x7f4ae0106660
2024-04-25T05:26:39.522 INFO:teuthology.orchestra.run.smithi029.stdout:/usr/bin/ceph: stderr
2024-04-25T05:26:36.242+0000 7f4adeffd700 1 -- 172.21.15.29:0/4224696562 <== mon.0 v2:172.21.15.29:3300/0 2 ==== config(27 keys) v1 ==== 1037+0+0 (secure 0 0 0) 0x7f4ad00042e0 con 0x7f4ae0106660
2024-04-25T05:26:39.522 INFO:teuthology.orchestra.run.smithi029.stdout:/usr/bin/ceph: stderr
2024-04-25T05:26:36.242+0000 7f4adeffd700 1 -- 172.21.15.29:0/4224696562 <== mon.0 v2:172.21.15.29:3300/0 3 ==== mon_map magic: 0 v1 ==== 229+0+0 (secure 0 0 0) 0x7f4ad0011a50 con 0x7f4ae0106660
2024-04-25T05:26:39.522 INFO:teuthology.orchestra.run.smithi029.stdout:/usr/bin/ceph: stderr
2024-04-25T05:26:36.243+0000 7f4ae63fb700 1 -- 172.21.15.29:0/4224696562 >> [v2:172.21.15.29:3300/0,v1:172.21.15.29:6789/0] conn(0x7f4ae0106660 msgr2=0x7f4ae0108a40 secure :-1 s=STATE_CONNECTION_ESTABLISHED l=1).mark_down
2024-04-25T05:26:39.522 INFO:teuthology.orchestra.run.smithi029.stdout:/usr/bin/ceph: stderr
2024-04-25T05:26:36.243+0000 7f4ae63fb700 1 --2- 172.21.15.29:0/4224696562 >> [v2:172.21.15.29:3300/0,v1:172.21.15.29:6789/0] conn(0x7f4ae0106660 0x7f4ae0108a40 secure :-1 s=READY pgs=41 cs=0 l=1 rev1=1 crypto rx=0x7f4ad00098a0 tx=0x7f4ad0009bb0 comp rx=0 tx=0).stop
2024-04-25T05:26:39.522 INFO:teuthology.orchestra.run.smithi029.stdout:/usr/bin/ceph: stderr
2024-04-25T05:26:36.243+0000 7f4ae63fb700 1 -- 172.21.15.29:0/4224696562 shutdown_connections
2024-04-25T05:26:39.522 INFO:teuthology.orchestra.run.smithi029.stdout:/usr/bin/ceph: stderr
2024-04-25T05:26:36.243+0000 7f4ae63fb700 1 --2- 172.21.15.29:0/4224696562 >> [v2:172.21.15.29:3300/0,v1:172.21.15.29:6789/0] conn(0x7f4ae0106660 0x7f4ae0108a40 unknown :-1 s=CLOSED pgs=41 cs=0 l=1 rev1=1 crypto rx=0 tx=0 comp rx=0 tx=0).stop
2024-04-25T05:26:39.522 INFO:teuthology.orchestra.run.smithi029.stdout:/usr/bin/ceph: stderr
2024-04-25T05:26:36.243+0000 7f4ae63fb700 1 -- 172.21.15.29:0/4224696562 >> 172.21.15.29:0/4224696562 conn(0x7f4ae0100060 msgr2=0x7f4ae0102490 unknown :-1 s=STATE_NONE l=0).mark_down
2024-04-25T05:26:39.522 INFO:teuthology.orchestra.run.smithi029.stdout:/usr/bin/ceph: stderr
2024-04-25T05:26:36.243+0000 7f4ae63fb700 1 -- 172.21.15.29:0/4224696562 shutdown_connections
2024-04-25T05:26:39.522 INFO:teuthology.orchestra.run.smithi029.stdout:/usr/bin/ceph: stderr
2024-04-25T05:26:36.243+0000 7f4ae63fb700 1 -- 172.21.15.29:0/4224696562 wait complete.
2024-04-25T05:26:39.522 INFO:teuthology.orchestra.run.smithi029.stdout:/usr/bin/ceph: stderr
2024-04-25T05:26:36.243+0000 7f4ae63fb700 1 Processor -- start
2024-04-25T05:26:39.522 INFO:teuthology.orchestra.run.smithi029.stdout:/usr/bin/ceph: stderr
2024-04-25T05:26:36.244+0000 7f4ae63fb700 1 -- start start
2024-04-25T05:26:39.523 INFO:teuthology.orchestra.run.smithi029.stdout:/usr/bin/ceph: stderr
2024-04-25T05:26:36.244+0000 7f4ae63fb700 1 --2- >> [v2:172.21.15.29:3300/0,v1:172.21.15.29:6789/0] conn(0x7f4ae0106660 0x7f4ae0105fc0 unknown :-1 s=NONE pgs=0 cs=0 l=1 rev1=0 crypto rx=0 tx=0 comp rx=0 tx=0).connect
2024-04-25T05:26:39.523 INFO:teuthology.orchestra.run.smithi029.stdout:/usr/bin/ceph: stderr
2024-04-25T05:26:36.244+0000 7f4ae63fb700 1 -- --> [v2:172.21.15.29:3300/0,v1:172.21.15.29:6789/0] -- mon_getmap magic: 0 v1 -- 0x7f4ae0106500 con 0x7f4ae0106660
2024-04-25T05:26:39.523 INFO:teuthology.orchestra.run.smithi029.stdout:/usr/bin/ceph: stderr
2024-04-25T05:26:36.244+0000 7f4adffff700 1 --2- >> [v2:172.21.15.29:3300/0,v1:172.21.15.29:6789/0] conn(0x7f4ae0106660 0x7f4ae0105fc0 unknown :-1 s=BANNER_CONNECTING pgs=0 cs=0 l=1 rev1=0 crypto rx=0 tx=0 comp rx=0 tx=0)._handle_peer_banner_payload supported=3 required=0
2024-04-25T05:26:39.523 INFO:teuthology.orchestra.run.smithi029.stdout:/usr/bin/ceph: stderr
2024-04-25T05:26:36.244+0000 7f4adffff700 1 --2- >> [v2:172.21.15.29:3300/0,v1:172.21.15.29:6789/0] conn(0x7f4ae0106660 0x7f4ae0105fc0 unknown :-1 s=HELLO_CONNECTING pgs=0 cs=0 l=1 rev1=1 crypto rx=0 tx=0 comp rx=0 tx=0).handle_hello peer v2:172.21.15.29:3300/0 says I am v2:172.21.15.29:41662/0 (socket says 172.21.15.29:41662)
2024-04-25T05:26:39.523 INFO:teuthology.orchestra.run.smithi029.stdout:/usr/bin/ceph: stderr
2024-04-25T05:26:36.244+0000 7f4adffff700 1 -- 172.21.15.29:0/1099637091 learned_addr learned my addr 172.21.15.29:0/1099637091 (peer_addr_for_me v2:172.21.15.29:0/0)
2024-04-25T05:26:39.523 INFO:teuthology.orchestra.run.smithi029.stdout:/usr/bin/ceph: stderr
2024-04-25T05:26:36.244+0000 7f4adffff700 1 -- 172.21.15.29:0/1099637091 --> [v2:172.21.15.29:3300/0,v1:172.21.15.29:6789/0] -- mon_subscribe({config=0+,monmap=0+}) v3 -- 0x7f4ad0009550 con 0x7f4ae0106660
2024-04-25T05:26:39.523 INFO:teuthology.orchestra.run.smithi029.stdout:/usr/bin/ceph: stderr
2024-04-25T05:26:36.244+0000 7f4adffff700 1 --2- 172.21.15.29:0/1099637091 >> [v2:172.21.15.29:3300/0,v1:172.21.15.29:6789/0] conn(0x7f4ae0106660 0x7f4ae0105fc0 secure :-1 s=READY pgs=42 cs=0 l=1 rev1=1 crypto rx=0x7f4ad0000c00 tx=0x7f4ad0011ab0 comp rx=0 tx=0).ready entity=mon.0 client_cookie=0 server_cookie=0 in_seq=0 out_seq=0
2024-04-25T05:26:39.523 INFO:teuthology.orchestra.run.smithi029.stdout:/usr/bin/ceph: stderr
2024-04-25T05:26:36.245+0000 7f4add7fa700 1 -- 172.21.15.29:0/1099637091 <== mon.0 v2:172.21.15.29:3300/0 1 ==== mon_map magic: 0 v1 ==== 229+0+0 (secure 0 0 0) 0x7f4ad0003b90 con 0x7f4ae0106660
2024-04-25T05:26:39.523 INFO:teuthology.orchestra.run.smithi029.stdout:/usr/bin/ceph: stderr
2024-04-25T05:26:36.245+0000 7f4add7fa700 1 -- 172.21.15.29:0/1099637091 <== mon.0 v2:172.21.15.29:3300/0 2 ==== config(27 keys) v1 ==== 1037+0+0 (secure 0 0 0) 0x7f4ad00248b0 con 0x7f4ae0106660
2024-04-25T05:26:39.523 INFO:teuthology.orchestra.run.smithi029.stdout:/usr/bin/ceph: stderr
2024-04-25T05:26:36.245+0000 7f4ae63fb700 1 -- 172.21.15.29:0/1099637091 --> [v2:172.21.15.29:3300/0,v1:172.21.15.29:6789/0] -- mon_subscribe({mgrmap=0+}) v3 -- 0x7f4ae0104670 con 0x7f4ae0106660
2024-04-25T05:26:39.523 INFO:teuthology.orchestra.run.smithi029.stdout:/usr/bin/ceph: stderr
2024-04-25T05:26:36.245+0000 7f4add7fa700 1 -- 172.21.15.29:0/1099637091 <== mon.0 v2:172.21.15.29:3300/0 3 ==== mon_map magic: 0 v1 ==== 229+0+0 (secure 0 0 0) 0x7f4ad001a8e0 con 0x7f4ae0106660
2024-04-25T05:26:39.523 INFO:teuthology.orchestra.run.smithi029.stdout:/usr/bin/ceph: stderr
2024-04-25T05:26:36.245+0000 7f4ae63fb700 1 -- 172.21.15.29:0/1099637091 --> [v2:172.21.15.29:3300/0,v1:172.21.15.29:6789/0] -- mon_subscribe({osdmap=0}) v3 -- 0x7f4ae0104af0 con 0x7f4ae0106660
2024-04-25T05:26:39.523 INFO:teuthology.orchestra.run.smithi029.stdout:/usr/bin/ceph: stderr
2024-04-25T05:26:36.246+0000 7f4add7fa700 1 -- 172.21.15.29:0/1099637091 <== mon.0 v2:172.21.15.29:3300/0 4 ==== mgrmap(e 8) v1 ==== 45084+0+0 (secure 0 0 0) 0x7f4ad0024a20 con 0x7f4ae0106660
2024-04-25T05:26:39.523 INFO:teuthology.orchestra.run.smithi029.stdout:/usr/bin/ceph: stderr
2024-04-25T05:26:36.246+0000 7f4ae63fb700 1 -- 172.21.15.29:0/1099637091 --> [v2:172.21.15.29:3300/0,v1:172.21.15.29:6789/0] -- mon_command({"prefix": "get_command_descriptions"} v 0) v1 -- 0x7f4ae0109b40 con 0x7f4ae0106660
2024-04-25T05:26:39.523 INFO:teuthology.orchestra.run.smithi029.stdout:/usr/bin/ceph: stderr
2024-04-25T05:26:36.246+0000 7f4add7fa700 1 --2- 172.21.15.29:0/1099637091 >> [v2:172.21.15.29:6800/4166757575,v1:172.21.15.29:6801/4166757575] conn(0x7f4ac8038440 0x7f4ac803a8f0 unknown :-1 s=NONE pgs=0 cs=0 l=1 rev1=0 crypto rx=0 tx=0 comp rx=0 tx=0).connect
2024-04-25T05:26:39.524 INFO:teuthology.orchestra.run.smithi029.stdout:/usr/bin/ceph: stderr
2024-04-25T05:26:36.246+0000 7f4add7fa700 1 -- 172.21.15.29:0/1099637091 <== mon.0 v2:172.21.15.29:3300/0 5 ==== osd_map(2..2 src has 1..2) v4 ==== 940+0+0 (secure 0 0 0) 0x7f4ad004c380 con 0x7f4ae0106660
2024-04-25T05:26:39.524 INFO:teuthology.orchestra.run.smithi029.stdout:/usr/bin/ceph: stderr
2024-04-25T05:26:36.246+0000 7f4adf7fe700 1 --2- 172.21.15.29:0/1099637091 >> [v2:172.21.15.29:6800/4166757575,v1:172.21.15.29:6801/4166757575] conn(0x7f4ac8038440 0x7f4ac803a8f0 unknown :-1 s=BANNER_CONNECTING pgs=0 cs=0 l=1 rev1=0 crypto rx=0 tx=0 comp rx=0 tx=0)._handle_peer_banner_payload supported=3 required=0
2024-04-25T05:26:39.524 INFO:teuthology.orchestra.run.smithi029.stdout:/usr/bin/ceph: stderr
2024-04-25T05:26:36.246+0000 7f4adf7fe700 1 --2- 172.21.15.29:0/1099637091 >> [v2:172.21.15.29:6800/4166757575,v1:172.21.15.29:6801/4166757575] conn(0x7f4ac8038440 0x7f4ac803a8f0 secure :-1 s=READY pgs=11 cs=0 l=1 rev1=1 crypto rx=0x7f4ad4006fd0 tx=0x7f4ad4006e40 comp rx=0 tx=0).ready entity=mgr.14116 client_cookie=0 server_cookie=0 in_seq=0 out_seq=0
2024-04-25T05:26:39.524 INFO:teuthology.orchestra.run.smithi029.stdout:/usr/bin/ceph: stderr
2024-04-25T05:26:36.251+0000 7f4add7fa700 1 -- 172.21.15.29:0/1099637091 <== mon.0 v2:172.21.15.29:3300/0 6 ==== mon_command_ack([{"prefix": "get_command_descriptions"}]=0 v0) v1 ==== 72+0+177933 (secure 0 0 0) 0x7f4ad0018b80 con 0x7f4ae0106660
2024-04-25T05:26:39.524 INFO:teuthology.orchestra.run.smithi029.stdout:/usr/bin/ceph: stderr
2024-04-25T05:26:36.455+0000 7f4ae63fb700 1 -- 172.21.15.29:0/1099637091 --> [v2:172.21.15.29:6800/4166757575,v1:172.21.15.29:6801/4166757575] -- mgr_command(tid 0: {"prefix": "orch host add", "hostname": "smithi029", "addr": "172.21.15.29", "target": ["mon-mgr", ""]}) v1 -- 0x7f4ae01023a0 con 0x7f4ac8038440
2024-04-25T05:26:39.524 INFO:teuthology.orchestra.run.smithi029.stdout:/usr/bin/ceph: stderr
2024-04-25T05:26:38.902+0000 7f4add7fa700 1 -- 172.21.15.29:0/1099637091 <== mgr.14116 v2:172.21.15.29:6800/4166757575 1 ==== mgr_command_reply(tid 0: 0 ) v1 ==== 8+0+48 (secure 0 0 0) 0x7f4ae01023a0 con 0x7f4ac8038440
2024-04-25T05:26:39.524 INFO:teuthology.orchestra.run.smithi029.stdout:/usr/bin/ceph: stderr
2024-04-25T05:26:38.904+0000 7f4ae63fb700 1 -- 172.21.15.29:0/1099637091 >> [v2:172.21.15.29:6800/4166757575,v1:172.21.15.29:6801/4166757575] conn(0x7f4ac8038440 msgr2=0x7f4ac803a8f0 secure :-1 s=STATE_CONNECTION_ESTABLISHED l=1).mark_down
2024-04-25T05:26:39.524 INFO:teuthology.orchestra.run.smithi029.stdout:/usr/bin/ceph: stderr
2024-04-25T05:26:38.904+0000 7f4ae63fb700 1 --2- 172.21.15.29:0/1099637091 >> [v2:172.21.15.29:6800/4166757575,v1:172.21.15.29:6801/4166757575] conn(0x7f4ac8038440 0x7f4ac803a8f0 secure :-1 s=READY pgs=11 cs=0 l=1 rev1=1 crypto rx=0x7f4ad4006fd0 tx=0x7f4ad4006e40 comp rx=0 tx=0).stop
2024-04-25T05:26:39.524 INFO:teuthology.orchestra.run.smithi029.stdout:/usr/bin/ceph: stderr
2024-04-25T05:26:38.904+0000 7f4ae63fb700 1 -- 172.21.15.29:0/1099637091 >> [v2:172.21.15.29:3300/0,v1:172.21.15.29:6789/0] conn(0x7f4ae0106660 msgr2=0x7f4ae0105fc0 secure :-1 s=STATE_CONNECTION_ESTABLISHED l=1).mark_down
2024-04-25T05:26:39.524 INFO:teuthology.orchestra.run.smithi029.stdout:/usr/bin/ceph: stderr
2024-04-25T05:26:38.904+0000 7f4ae63fb700 1 --2- 172.21.15.29:0/1099637091 >> [v2:172.21.15.29:3300/0,v1:172.21.15.29:6789/0] conn(0x7f4ae0106660 0x7f4ae0105fc0 secure :-1 s=READY pgs=42 cs=0 l=1 rev1=1 crypto rx=0x7f4ad0000c00 tx=0x7f4ad0011ab0 comp rx=0 tx=0).stop
2024-04-25T05:26:39.524 INFO:teuthology.orchestra.run.smithi029.stdout:/usr/bin/ceph: stderr
2024-04-25T05:26:38.905+0000 7f4ae63fb700 1 -- 172.21.15.29:0/1099637091 shutdown_connections
2024-04-25T05:26:39.524 INFO:teuthology.orchestra.run.smithi029.stdout:/usr/bin/ceph: stderr
2024-04-25T05:26:38.905+0000 7f4ae63fb700 1 --2- 172.21.15.29:0/1099637091 >> [v2:172.21.15.29:6800/4166757575,v1:172.21.15.29:6801/4166757575] conn(0x7f4ac8038440 0x7f4ac803a8f0 unknown :-1 s=CLOSED pgs=11 cs=0 l=1 rev1=1 crypto rx=0 tx=0 comp rx=0 tx=0).stop
2024-04-25T05:26:39.524 INFO:teuthology.orchestra.run.smithi029.stdout:/usr/bin/ceph: stderr
2024-04-25T05:26:38.905+0000 7f4ae63fb700 1 --2- 172.21.15.29:0/1099637091 >> [v2:172.21.15.29:3300/0,v1:172.21.15.29:6789/0] conn(0x7f4ae0106660 0x7f4ae0105fc0 unknown :-1 s=CLOSED pgs=42 cs=0 l=1 rev1=1 crypto rx=0 tx=0 comp rx=0 tx=0).stop
2024-04-25T05:26:39.524 INFO:teuthology.orchestra.run.smithi029.stdout:/usr/bin/ceph: stderr
2024-04-25T05:26:38.905+0000 7f4ae63fb700 1 -- 172.21.15.29:0/1099637091 >> 172.21.15.29:0/1099637091 conn(0x7f4ae0100060 msgr2=0x7f4ae0101780 unknown :-1 s=STATE_NONE l=0).mark_down
2024-04-25T05:26:39.524 INFO:teuthology.orchestra.run.smithi029.stdout:/usr/bin/ceph: stderr
2024-04-25T05:26:38.905+0000 7f4ae63fb700 1 -- 172.21.15.29:0/1099637091 shutdown_connections
2024-04-25T05:26:39.524 INFO:teuthology.orchestra.run.smithi029.stdout:/usr/bin/ceph: stderr
2024-04-25T05:26:38.905+0000 7f4ae63fb700 1 -- 172.21.15.29:0/1099637091 wait complete.
2024-04-25T05:26:39.524 INFO:teuthology.orchestra.run.smithi029.stdout:Deploying mon service with default placement...
2024-04-25T05:26:40.125 INFO:journalctl@ceph.mon.smithi029.smithi029.stdout:Apr 25 05:26:39 smithi029 ceph-mon[26653]: from='mgr.14116 172.21.15.29:0/4100131081' entity='mgr.smithi029.ecrcnb'
2024-04-25T05:26:40.125 INFO:journalctl@ceph.mon.smithi029.smithi029.stdout:Apr 25 05:26:39 smithi029 ceph-mon[26653]: Added host smithi029
2024-04-25T05:26:40.125 INFO:journalctl@ceph.mon.smithi029.smithi029.stdout:Apr 25 05:26:39 smithi029 ceph-mon[26653]: from='mgr.14116 172.21.15.29:0/4100131081' entity='mgr.smithi029.ecrcnb' cmd=[{"prefix": "config dump", "format": "json"}]: dispatch
2024-04-25T05:26:41.405 INFO:journalctl@ceph.mon.smithi029.smithi029.stdout:Apr 25 05:26:41 smithi029 ceph-mon[26653]: from='client.14138 -' entity='client.admin' cmd=[{"prefix": "orch apply", "service_type": "mon", "target": ["mon-mgr", ""]}]: dispatch
2024-04-25T05:26:41.405 INFO:journalctl@ceph.mon.smithi029.smithi029.stdout:Apr 25 05:26:41 smithi029 ceph-mon[26653]: Saving service mon spec with placement count:5
2024-04-25T05:26:41.405 INFO:journalctl@ceph.mon.smithi029.smithi029.stdout:Apr 25 05:26:41 smithi029 ceph-mon[26653]: from='mgr.14116 172.21.15.29:0/4100131081' entity='mgr.smithi029.ecrcnb'
2024-04-25T05:26:41.692 INFO:teuthology.orchestra.run.smithi029.stdout:/usr/bin/ceph: stdout Scheduled mon update...
2024-04-25T05:26:41.692 INFO:teuthology.orchestra.run.smithi029.stdout:/usr/bin/ceph: stderr
2024-04-25T05:26:39.923+0000 7fe088066700 1 Processor -- start
2024-04-25T05:26:41.692 INFO:teuthology.orchestra.run.smithi029.stdout:/usr/bin/ceph: stderr
2024-04-25T05:26:39.923+0000 7fe088066700 1 -- start start
2024-04-25T05:26:41.692 INFO:teuthology.orchestra.run.smithi029.stdout:/usr/bin/ceph: stderr
2024-04-25T05:26:39.924+0000 7fe088066700 1 --2- >> [v2:172.21.15.29:3300/0,v1:172.21.15.29:6789/0] conn(0x7fe080074430 0x7fe080108700 unknown :-1 s=NONE pgs=0 cs=0 l=0 rev1=0 crypto rx=0 tx=0 comp rx=0 tx=0).connect
2024-04-25T05:26:41.692 INFO:teuthology.orchestra.run.smithi029.stdout:/usr/bin/ceph: stderr
2024-04-25T05:26:39.924+0000 7fe088066700 1 -- --> [v2:172.21.15.29:3300/0,v1:172.21.15.29:6789/0] -- mon_getmap magic: 0 v1 -- 0x7fe080108c40 con 0x7fe080074430
2024-04-25T05:26:41.693 INFO:teuthology.orchestra.run.smithi029.stdout:/usr/bin/ceph: stderr
2024-04-25T05:26:39.924+0000 7fe085e02700 1 --2- >> [v2:172.21.15.29:3300/0,v1:172.21.15.29:6789/0] conn(0x7fe080074430 0x7fe080108700 unknown :-1 s=BANNER_CONNECTING pgs=0 cs=0 l=0 rev1=0 crypto rx=0 tx=0 comp rx=0 tx=0)._handle_peer_banner_payload supported=3 required=0
2024-04-25T05:26:41.693 INFO:teuthology.orchestra.run.smithi029.stdout:/usr/bin/ceph: stderr
2024-04-25T05:26:39.924+0000 7fe085e02700 1 --2- >> [v2:172.21.15.29:3300/0,v1:172.21.15.29:6789/0] conn(0x7fe080074430 0x7fe080108700 unknown :-1 s=HELLO_CONNECTING pgs=0 cs=0 l=0 rev1=1 crypto rx=0 tx=0 comp rx=0 tx=0).handle_hello peer v2:172.21.15.29:3300/0 says I am v2:172.21.15.29:41666/0 (socket says 172.21.15.29:41666)
2024-04-25T05:26:41.693 INFO:teuthology.orchestra.run.smithi029.stdout:/usr/bin/ceph: stderr
2024-04-25T05:26:39.924+0000 7fe085e02700 1 -- 172.21.15.29:0/1154507897 learned_addr learned my addr 172.21.15.29:0/1154507897 (peer_addr_for_me v2:172.21.15.29:0/0)
2024-04-25T05:26:41.693 INFO:teuthology.orchestra.run.smithi029.stdout:/usr/bin/ceph: stderr
2024-04-25T05:26:39.924+0000 7fe085e02700 1 -- 172.21.15.29:0/1154507897 --> [v2:172.21.15.29:3300/0,v1:172.21.15.29:6789/0] -- mon_subscribe({config=0+,monmap=0+}) v3 -- 0x7fe080108d80 con 0x7fe080074430
2024-04-25T05:26:41.693 INFO:teuthology.orchestra.run.smithi029.stdout:/usr/bin/ceph: stderr
2024-04-25T05:26:39.924+0000 7fe085e02700 1 --2- 172.21.15.29:0/1154507897 >> [v2:172.21.15.29:3300/0,v1:172.21.15.29:6789/0] conn(0x7fe080074430 0x7fe080108700 secure :-1 s=READY pgs=43 cs=0 l=1 rev1=1 crypto rx=0x7fe07c0098a0 tx=0x7fe07c009bb0 comp rx=0 tx=0).ready entity=mon.0 client_cookie=c3a927789e1b6b85 server_cookie=0 in_seq=0 out_seq=0
2024-04-25T05:26:41.693 INFO:teuthology.orchestra.run.smithi029.stdout:/usr/bin/ceph: stderr
2024-04-25T05:26:39.925+0000 7fe084e00700 1 -- 172.21.15.29:0/1154507897 <== mon.0 v2:172.21.15.29:3300/0 1 ==== mon_map magic: 0 v1 ==== 229+0+0 (secure 0 0 0) 0x7fe07c004180 con 0x7fe080074430
2024-04-25T05:26:41.693 INFO:teuthology.orchestra.run.smithi029.stdout:/usr/bin/ceph: stderr
2024-04-25T05:26:39.925+0000 7fe084e00700 1 -- 172.21.15.29:0/1154507897 <== mon.0 v2:172.21.15.29:3300/0 2 ==== config(27 keys) v1 ==== 1037+0+0 (secure 0 0 0) 0x7fe07c0042e0 con 0x7fe080074430
2024-04-25T05:26:41.693 INFO:teuthology.orchestra.run.smithi029.stdout:/usr/bin/ceph: stderr
2024-04-25T05:26:39.925+0000 7fe084e00700 1 -- 172.21.15.29:0/1154507897 <== mon.0 v2:172.21.15.29:3300/0 3 ==== mon_map magic: 0 v1 ==== 229+0+0 (secure 0 0 0) 0x7fe07c011a50 con 0x7fe080074430
2024-04-25T05:26:41.693 INFO:teuthology.orchestra.run.smithi029.stdout:/usr/bin/ceph: stderr
2024-04-25T05:26:39.925+0000 7fe088066700 1 -- 172.21.15.29:0/1154507897 >> [v2:172.21.15.29:3300/0,v1:172.21.15.29:6789/0] conn(0x7fe080074430 msgr2=0x7fe080108700 secure :-1 s=STATE_CONNECTION_ESTABLISHED l=1).mark_down
2024-04-25T05:26:41.693 INFO:teuthology.orchestra.run.smithi029.stdout:/usr/bin/ceph: stderr
2024-04-25T05:26:39.925+0000 7fe088066700 1 --2- 172.21.15.29:0/1154507897 >> [v2:172.21.15.29:3300/0,v1:172.21.15.29:6789/0] conn(0x7fe080074430 0x7fe080108700 secure :-1 s=READY pgs=43 cs=0 l=1 rev1=1 crypto rx=0x7fe07c0098a0 tx=0x7fe07c009bb0 comp rx=0 tx=0).stop
2024-04-25T05:26:41.693 INFO:teuthology.orchestra.run.smithi029.stdout:/usr/bin/ceph: stderr
2024-04-25T05:26:39.925+0000 7fe088066700 1 -- 172.21.15.29:0/1154507897 shutdown_connections
2024-04-25T05:26:41.693 INFO:teuthology.orchestra.run.smithi029.stdout:/usr/bin/ceph: stderr
2024-04-25T05:26:39.925+0000 7fe088066700 1 --2- 172.21.15.29:0/1154507897 >> [v2:172.21.15.29:3300/0,v1:172.21.15.29:6789/0] conn(0x7fe080074430 0x7fe080108700 unknown :-1 s=CLOSED pgs=43 cs=0 l=1 rev1=1 crypto rx=0 tx=0 comp rx=0 tx=0).stop
2024-04-25T05:26:41.693 INFO:teuthology.orchestra.run.smithi029.stdout:/usr/bin/ceph: stderr
2024-04-25T05:26:39.925+0000 7fe088066700 1 -- 172.21.15.29:0/1154507897 >> 172.21.15.29:0/1154507897 conn(0x7fe080100070 msgr2=0x7fe080102480 unknown :-1 s=STATE_NONE l=0).mark_down
2024-04-25T05:26:41.693 INFO:teuthology.orchestra.run.smithi029.stdout:/usr/bin/ceph: stderr
2024-04-25T05:26:39.925+0000 7fe088066700 1 -- 172.21.15.29:0/1154507897 shutdown_connections
2024-04-25T05:26:41.693 INFO:teuthology.orchestra.run.smithi029.stdout:/usr/bin/ceph: stderr
2024-04-25T05:26:39.925+0000 7fe088066700 1 -- 172.21.15.29:0/1154507897 wait complete.
2024-04-25T05:26:41.693 INFO:teuthology.orchestra.run.smithi029.stdout:/usr/bin/ceph: stderr
2024-04-25T05:26:39.926+0000 7fe088066700 1 Processor -- start
2024-04-25T05:26:41.694 INFO:teuthology.orchestra.run.smithi029.stdout:/usr/bin/ceph: stderr
2024-04-25T05:26:39.926+0000 7fe088066700 1 -- start start
2024-04-25T05:26:41.694 INFO:teuthology.orchestra.run.smithi029.stdout:/usr/bin/ceph: stderr
2024-04-25T05:26:39.926+0000 7fe088066700 1 --2- >> [v2:172.21.15.29:3300/0,v1:172.21.15.29:6789/0] conn(0x7fe080074430 0x7fe080199840 unknown :-1 s=NONE pgs=0 cs=0 l=1 rev1=0 crypto rx=0 tx=0 comp rx=0 tx=0).connect
2024-04-25T05:26:41.694 INFO:teuthology.orchestra.run.smithi029.stdout:/usr/bin/ceph: stderr
2024-04-25T05:26:39.926+0000 7fe088066700 1 -- --> [v2:172.21.15.29:3300/0,v1:172.21.15.29:6789/0] -- mon_getmap magic: 0 v1 -- 0x7fe080199d80 con 0x7fe080074430
2024-04-25T05:26:41.694 INFO:teuthology.orchestra.run.smithi029.stdout:/usr/bin/ceph: stderr
2024-04-25T05:26:39.926+0000 7fe085e02700 1 --2- >> [v2:172.21.15.29:3300/0,v1:172.21.15.29:6789/0] conn(0x7fe080074430 0x7fe080199840 unknown :-1 s=BANNER_CONNECTING pgs=0 cs=0 l=1 rev1=0 crypto rx=0 tx=0 comp rx=0 tx=0)._handle_peer_banner_payload supported=3 required=0
2024-04-25T05:26:41.694 INFO:teuthology.orchestra.run.smithi029.stdout:/usr/bin/ceph: stderr
2024-04-25T05:26:39.926+0000 7fe085e02700 1 --2- >> [v2:172.21.15.29:3300/0,v1:172.21.15.29:6789/0] conn(0x7fe080074430 0x7fe080199840 unknown :-1 s=HELLO_CONNECTING pgs=0 cs=0 l=1 rev1=1 crypto rx=0 tx=0 comp rx=0 tx=0).handle_hello peer v2:172.21.15.29:3300/0 says I am v2:172.21.15.29:41674/0 (socket says 172.21.15.29:41674)
2024-04-25T05:26:41.694 INFO:teuthology.orchestra.run.smithi029.stdout:/usr/bin/ceph: stderr
2024-04-25T05:26:39.926+0000 7fe085e02700 1 -- 172.21.15.29:0/4103671017 learned_addr learned my addr 172.21.15.29:0/4103671017 (peer_addr_for_me v2:172.21.15.29:0/0)
2024-04-25T05:26:41.694 INFO:teuthology.orchestra.run.smithi029.stdout:/usr/bin/ceph: stderr
2024-04-25T05:26:39.927+0000 7fe085e02700 1 -- 172.21.15.29:0/4103671017 --> [v2:172.21.15.29:3300/0,v1:172.21.15.29:6789/0] -- mon_subscribe({config=0+,monmap=0+}) v3 -- 0x7fe07c009550 con 0x7fe080074430
2024-04-25T05:26:41.694 INFO:teuthology.orchestra.run.smithi029.stdout:/usr/bin/ceph: stderr
2024-04-25T05:26:39.927+0000 7fe085e02700 1 --2- 172.21.15.29:0/4103671017 >> [v2:172.21.15.29:3300/0,v1:172.21.15.29:6789/0] conn(0x7fe080074430 0x7fe080199840 secure :-1 s=READY pgs=44 cs=0 l=1 rev1=1 crypto rx=0x7fe07c000c00 tx=0x7fe07c011ab0 comp rx=0 tx=0).ready entity=mon.0 client_cookie=0 server_cookie=0 in_seq=0 out_seq=0
2024-04-25T05:26:41.694 INFO:teuthology.orchestra.run.smithi029.stdout:/usr/bin/ceph: stderr
2024-04-25T05:26:39.927+0000 7fe076ffd700 1 -- 172.21.15.29:0/4103671017 <== mon.0 v2:172.21.15.29:3300/0 1 ==== mon_map magic: 0 v1 ==== 229+0+0 (secure 0 0 0) 0x7fe07c003b90 con 0x7fe080074430
2024-04-25T05:26:41.694 INFO:teuthology.orchestra.run.smithi029.stdout:/usr/bin/ceph: stderr
2024-04-25T05:26:39.927+0000 7fe088066700 1 -- 172.21.15.29:0/4103671017 --> [v2:172.21.15.29:3300/0,v1:172.21.15.29:6789/0] -- mon_subscribe({mgrmap=0+}) v3 -- 0x7fe080199f80 con 0x7fe080074430
2024-04-25T05:26:41.694 INFO:teuthology.orchestra.run.smithi029.stdout:/usr/bin/ceph: stderr
2024-04-25T05:26:39.927+0000 7fe076ffd700 1 -- 172.21.15.29:0/4103671017 <== mon.0 v2:172.21.15.29:3300/0 2 ==== config(27 keys) v1 ==== 1037+0+0 (secure 0 0 0) 0x7fe07c0248b0 con 0x7fe080074430
2024-04-25T05:26:41.694 INFO:teuthology.orchestra.run.smithi029.stdout:/usr/bin/ceph: stderr
2024-04-25T05:26:39.927+0000 7fe076ffd700 1 -- 172.21.15.29:0/4103671017 <== mon.0 v2:172.21.15.29:3300/0 3 ==== mon_map magic: 0 v1 ==== 229+0+0 (secure 0 0 0) 0x7fe07c01a8e0 con 0x7fe080074430
2024-04-25T05:26:41.694 INFO:teuthology.orchestra.run.smithi029.stdout:/usr/bin/ceph: stderr
2024-04-25T05:26:39.927+0000 7fe088066700 1 -- 172.21.15.29:0/4103671017 --> [v2:172.21.15.29:3300/0,v1:172.21.15.29:6789/0] -- mon_subscribe({osdmap=0}) v3 -- 0x7fe08019a3a0 con 0x7fe080074430
2024-04-25T05:26:41.694 INFO:teuthology.orchestra.run.smithi029.stdout:/usr/bin/ceph: stderr
2024-04-25T05:26:39.928+0000 7fe076ffd700 1 -- 172.21.15.29:0/4103671017 <== mon.0 v2:172.21.15.29:3300/0 4 ==== mgrmap(e 8) v1 ==== 45084+0+0 (secure 0 0 0) 0x7fe07c01aba0 con 0x7fe080074430
2024-04-25T05:26:41.694 INFO:teuthology.orchestra.run.smithi029.stdout:/usr/bin/ceph: stderr
2024-04-25T05:26:39.928+0000 7fe088066700 1 -- 172.21.15.29:0/4103671017 --> [v2:172.21.15.29:3300/0,v1:172.21.15.29:6789/0] -- mon_command({"prefix": "get_command_descriptions"} v 0) v1 -- 0x7fe080062380 con 0x7fe080074430
2024-04-25T05:26:41.695 INFO:teuthology.orchestra.run.smithi029.stdout:/usr/bin/ceph: stderr
2024-04-25T05:26:39.928+0000 7fe076ffd700 1 --2- 172.21.15.29:0/4103671017 >> [v2:172.21.15.29:6800/4166757575,v1:172.21.15.29:6801/4166757575] conn(0x7fe06c0383f0 0x7fe06c03a8a0 unknown :-1 s=NONE pgs=0 cs=0 l=1 rev1=0 crypto rx=0 tx=0 comp rx=0 tx=0).connect
2024-04-25T05:26:41.695 INFO:teuthology.orchestra.run.smithi029.stdout:/usr/bin/ceph: stderr
2024-04-25T05:26:39.928+0000 7fe076ffd700 1 -- 172.21.15.29:0/4103671017 <== mon.0 v2:172.21.15.29:3300/0 5 ==== osd_map(2..2 src has 1..2) v4 ==== 940+0+0 (secure 0 0 0) 0x7fe07c04c580 con 0x7fe080074430
2024-04-25T05:26:41.695 INFO:teuthology.orchestra.run.smithi029.stdout:/usr/bin/ceph: stderr
2024-04-25T05:26:39.928+0000 7fe085601700 1 --2- 172.21.15.29:0/4103671017 >> [v2:172.21.15.29:6800/4166757575,v1:172.21.15.29:6801/4166757575] conn(0x7fe06c0383f0 0x7fe06c03a8a0 unknown :-1 s=BANNER_CONNECTING pgs=0 cs=0 l=1 rev1=0 crypto rx=0 tx=0 comp rx=0 tx=0)._handle_peer_banner_payload supported=3 required=0
2024-04-25T05:26:41.695 INFO:teuthology.orchestra.run.smithi029.stdout:/usr/bin/ceph: stderr
2024-04-25T05:26:39.929+0000 7fe085601700 1 --2- 172.21.15.29:0/4103671017 >> [v2:172.21.15.29:6800/4166757575,v1:172.21.15.29:6801/4166757575] conn(0x7fe06c0383f0 0x7fe06c03a8a0 secure :-1 s=READY pgs=12 cs=0 l=1 rev1=1 crypto rx=0x7fe070006fd0 tx=0x7fe070006e40 comp rx=0 tx=0).ready entity=mgr.14116 client_cookie=0 server_cookie=0 in_seq=0 out_seq=0
2024-04-25T05:26:41.695 INFO:teuthology.orchestra.run.smithi029.stdout:/usr/bin/ceph: stderr
2024-04-25T05:26:39.933+0000 7fe076ffd700 1 -- 172.21.15.29:0/4103671017 <== mon.0 v2:172.21.15.29:3300/0 6 ==== mon_command_ack([{"prefix": "get_command_descriptions"}]=0 v0) v1 ==== 72+0+177933 (secure 0 0 0) 0x7fe07c02d910 con 0x7fe080074430
2024-04-25T05:26:41.695 INFO:teuthology.orchestra.run.smithi029.stdout:/usr/bin/ceph: stderr
2024-04-25T05:26:40.157+0000 7fe088066700 1 -- 172.21.15.29:0/4103671017 --> [v2:172.21.15.29:6800/4166757575,v1:172.21.15.29:6801/4166757575] -- mgr_command(tid 0: {"prefix": "orch apply", "service_type": "mon", "target": ["mon-mgr", ""]}) v1 -- 0x7fe080101510 con 0x7fe06c0383f0
2024-04-25T05:26:41.695 INFO:teuthology.orchestra.run.smithi029.stdout:/usr/bin/ceph: stderr
2024-04-25T05:26:40.162+0000 7fe076ffd700 1 -- 172.21.15.29:0/4103671017 <== mgr.14116 v2:172.21.15.29:6800/4166757575 1 ==== mgr_command_reply(tid 0: 0 ) v1 ==== 8+0+24 (secure 0 0 0) 0x7fe080101510 con 0x7fe06c0383f0
2024-04-25T05:26:41.695 INFO:teuthology.orchestra.run.smithi029.stdout:/usr/bin/ceph: stderr
2024-04-25T05:26:40.164+0000 7fe088066700 1 -- 172.21.15.29:0/4103671017 >> [v2:172.21.15.29:6800/4166757575,v1:172.21.15.29:6801/4166757575] conn(0x7fe06c0383f0 msgr2=0x7fe06c03a8a0 secure :-1 s=STATE_CONNECTION_ESTABLISHED l=1).mark_down
2024-04-25T05:26:41.695 INFO:teuthology.orchestra.run.smithi029.stdout:/usr/bin/ceph: stderr
2024-04-25T05:26:40.164+0000 7fe088066700 1 --2- 172.21.15.29:0/4103671017 >> [v2:172.21.15.29:6800/4166757575,v1:172.21.15.29:6801/4166757575] conn(0x7fe06c0383f0 0x7fe06c03a8a0 secure :-1 s=READY pgs=12 cs=0 l=1 rev1=1 crypto rx=0x7fe070006fd0 tx=0x7fe070006e40 comp rx=0 tx=0).stop
2024-04-25T05:26:41.695 INFO:teuthology.orchestra.run.smithi029.stdout:/usr/bin/ceph: stderr
2024-04-25T05:26:40.164+0000 7fe088066700 1 -- 172.21.15.29:0/4103671017 >> [v2:172.21.15.29:3300/0,v1:172.21.15.29:6789/0] conn(0x7fe080074430 msgr2=0x7fe080199840 secure :-1 s=STATE_CONNECTION_ESTABLISHED l=1).mark_down
2024-04-25T05:26:41.695 INFO:teuthology.orchestra.run.smithi029.stdout:/usr/bin/ceph: stderr
2024-04-25T05:26:40.164+0000 7fe088066700 1 --2- 172.21.15.29:0/4103671017 >> [v2:172.21.15.29:3300/0,v1:172.21.15.29:6789/0] conn(0x7fe080074430 0x7fe080199840 secure :-1 s=READY pgs=44 cs=0 l=1 rev1=1 crypto rx=0x7fe07c000c00 tx=0x7fe07c011ab0 comp rx=0 tx=0).stop
2024-04-25T05:26:41.695 INFO:teuthology.orchestra.run.smithi029.stdout:/usr/bin/ceph: stderr
2024-04-25T05:26:40.164+0000 7fe088066700 1 -- 172.21.15.29:0/4103671017 shutdown_connections
2024-04-25T05:26:41.695 INFO:teuthology.orchestra.run.smithi029.stdout:/usr/bin/ceph: stderr
2024-04-25T05:26:40.164+0000 7fe088066700 1 --2- 172.21.15.29:0/4103671017 >> [v2:172.21.15.29:6800/4166757575,v1:172.21.15.29:6801/4166757575] conn(0x7fe06c0383f0 0x7fe06c03a8a0 unknown :-1 s=CLOSED pgs=12 cs=0 l=1 rev1=1 crypto rx=0 tx=0 comp rx=0 tx=0).stop
2024-04-25T05:26:41.695 INFO:teuthology.orchestra.run.smithi029.stdout:/usr/bin/ceph: stderr
2024-04-25T05:26:40.164+0000 7fe088066700 1 --2- 172.21.15.29:0/4103671017 >> [v2:172.21.15.29:3300/0,v1:172.21.15.29:6789/0] conn(0x7fe080074430 0x7fe080199840 unknown :-1 s=CLOSED pgs=44 cs=0 l=1 rev1=1 crypto rx=0 tx=0 comp rx=0 tx=0).stop
2024-04-25T05:26:41.696 INFO:teuthology.orchestra.run.smithi029.stdout:/usr/bin/ceph: stderr
2024-04-25T05:26:40.164+0000 7fe088066700 1 -- 172.21.15.29:0/4103671017 >> 172.21.15.29:0/4103671017 conn(0x7fe080100070 msgr2=0x7fe080100e00 unknown :-1 s=STATE_NONE l=0).mark_down
2024-04-25T05:26:41.696 INFO:teuthology.orchestra.run.smithi029.stdout:/usr/bin/ceph: stderr
2024-04-25T05:26:40.164+0000 7fe088066700 1 -- 172.21.15.29:0/4103671017 shutdown_connections
2024-04-25T05:26:41.696 INFO:teuthology.orchestra.run.smithi029.stdout:/usr/bin/ceph: stderr
2024-04-25T05:26:40.164+0000 7fe088066700 1 -- 172.21.15.29:0/4103671017 wait complete.
