2024-04-25T05:26:17.787 INFO:teuthology.orchestra.run.smithi029.stdout:/usr/bin/ceph: stdout "status": "HEALTH_OK",
2024-04-25T05:26:17.787 INFO:teuthology.orchestra.run.smithi029.stdout:/usr/bin/ceph: stdout "checks": {},
2024-04-25T05:26:17.788 INFO:teuthology.orchestra.run.smithi029.stdout:/usr/bin/ceph: stdout "mutes": []
2024-04-25T05:26:17.788 INFO:teuthology.orchestra.run.smithi029.stdout:/usr/bin/ceph: stdout },
2024-04-25T05:26:17.788 INFO:teuthology.orchestra.run.smithi029.stdout:/usr/bin/ceph: stdout "election_epoch": 5,
2024-04-25T05:26:17.788 INFO:teuthology.orchestra.run.smithi029.stdout:/usr/bin/ceph: stdout "quorum": [
2024-04-25T05:26:17.788 INFO:teuthology.orchestra.run.smithi029.stdout:/usr/bin/ceph: stdout 0
2024-04-25T05:26:17.788 INFO:teuthology.orchestra.run.smithi029.stdout:/usr/bin/ceph: stdout ],
2024-04-25T05:26:17.788 INFO:teuthology.orchestra.run.smithi029.stdout:/usr/bin/ceph: stdout "quorum_names": [
2024-04-25T05:26:17.788 INFO:teuthology.orchestra.run.smithi029.stdout:/usr/bin/ceph: stdout "smithi029"
2024-04-25T05:26:17.788 INFO:teuthology.orchestra.run.smithi029.stdout:/usr/bin/ceph: stdout ],
2024-04-25T05:26:17.788 INFO:teuthology.orchestra.run.smithi029.stdout:/usr/bin/ceph: stdout "quorum_age": 10,
2024-04-25T05:26:17.788 INFO:teuthology.orchestra.run.smithi029.stdout:/usr/bin/ceph: stdout "monmap": {
2024-04-25T05:26:17.788 INFO:teuthology.orchestra.run.smithi029.stdout:/usr/bin/ceph: stdout "epoch": 1,
2024-04-25T05:26:17.788 INFO:teuthology.orchestra.run.smithi029.stdout:/usr/bin/ceph: stdout "min_mon_release_name": "reef",
2024-04-25T05:26:17.788 INFO:teuthology.orchestra.run.smithi029.stdout:/usr/bin/ceph: stdout "num_mons": 1
2024-04-25T05:26:17.788 INFO:teuthology.orchestra.run.smithi029.stdout:/usr/bin/ceph: stdout },
2024-04-25T05:26:17.788 INFO:teuthology.orchestra.run.smithi029.stdout:/usr/bin/ceph: stdout "osdmap": {
2024-04-25T05:26:17.789 INFO:teuthology.orchestra.run.smithi029.stdout:/usr/bin/ceph: stdout "epoch": 1,
2024-04-25T05:26:17.789 INFO:teuthology.orchestra.run.smithi029.stdout:/usr/bin/ceph: stdout "num_osds": 0,
2024-04-25T05:26:17.789 INFO:teuthology.orchestra.run.smithi029.stdout:/usr/bin/ceph: stdout "num_up_osds": 0,
2024-04-25T05:26:17.789 INFO:teuthology.orchestra.run.smithi029.stdout:/usr/bin/ceph: stdout "osd_up_since": 0,
2024-04-25T05:26:17.789 INFO:teuthology.orchestra.run.smithi029.stdout:/usr/bin/ceph: stdout "num_in_osds": 0,
2024-04-25T05:26:17.789 INFO:teuthology.orchestra.run.smithi029.stdout:/usr/bin/ceph: stdout "osd_in_since": 0,
2024-04-25T05:26:17.789 INFO:teuthology.orchestra.run.smithi029.stdout:/usr/bin/ceph: stdout "num_remapped_pgs": 0
2024-04-25T05:26:17.789 INFO:teuthology.orchestra.run.smithi029.stdout:/usr/bin/ceph: stdout },
2024-04-25T05:26:17.789 INFO:teuthology.orchestra.run.smithi029.stdout:/usr/bin/ceph: stdout "pgmap": {
2024-04-25T05:26:17.789 INFO:teuthology.orchestra.run.smithi029.stdout:/usr/bin/ceph: stdout "pgs_by_state": [],
2024-04-25T05:26:17.789 INFO:teuthology.orchestra.run.smithi029.stdout:/usr/bin/ceph: stdout "num_pgs": 0,
2024-04-25T05:26:17.789 INFO:teuthology.orchestra.run.smithi029.stdout:/usr/bin/ceph: stdout "num_pools": 0,
2024-04-25T05:26:17.789 INFO:teuthology.orchestra.run.smithi029.stdout:/usr/bin/ceph: stdout "num_objects": 0,
2024-04-25T05:26:17.789 INFO:teuthology.orchestra.run.smithi029.stdout:/usr/bin/ceph: stdout "data_bytes": 0,
2024-04-25T05:26:17.789 INFO:teuthology.orchestra.run.smithi029.stdout:/usr/bin/ceph: stdout "bytes_used": 0,
2024-04-25T05:26:17.790 INFO:teuthology.orchestra.run.smithi029.stdout:/usr/bin/ceph: stdout "bytes_avail": 0,
2024-04-25T05:26:17.790 INFO:teuthology.orchestra.run.smithi029.stdout:/usr/bin/ceph: stdout "bytes_total": 0
2024-04-25T05:26:17.790 INFO:teuthology.orchestra.run.smithi029.stdout:/usr/bin/ceph: stdout },
2024-04-25T05:26:17.790 INFO:teuthology.orchestra.run.smithi029.stdout:/usr/bin/ceph: stdout "fsmap": {
2024-04-25T05:26:17.790 INFO:teuthology.orchestra.run.smithi029.stdout:/usr/bin/ceph: stdout "epoch": 1,
2024-04-25T05:26:17.790 INFO:teuthology.orchestra.run.smithi029.stdout:/usr/bin/ceph: stdout "by_rank": [],
2024-04-25T05:26:17.790 INFO:teuthology.orchestra.run.smithi029.stdout:/usr/bin/ceph: stdout "up:standby": 0
2024-04-25T05:26:17.790 INFO:teuthology.orchestra.run.smithi029.stdout:/usr/bin/ceph: stdout },
2024-04-25T05:26:17.790 INFO:teuthology.orchestra.run.smithi029.stdout:/usr/bin/ceph: stdout "mgrmap": {
2024-04-25T05:26:17.790 INFO:teuthology.orchestra.run.smithi029.stdout:/usr/bin/ceph: stdout "available": true,
2024-04-25T05:26:17.790 INFO:teuthology.orchestra.run.smithi029.stdout:/usr/bin/ceph: stdout "num_standbys": 0,
2024-04-25T05:26:17.790 INFO:teuthology.orchestra.run.smithi029.stdout:/usr/bin/ceph: stdout "modules": [
2024-04-25T05:26:17.790 INFO:teuthology.orchestra.run.smithi029.stdout:/usr/bin/ceph: stdout "iostat",
2024-04-25T05:26:17.790 INFO:teuthology.orchestra.run.smithi029.stdout:/usr/bin/ceph: stdout "nfs",
2024-04-25T05:26:17.790 INFO:teuthology.orchestra.run.smithi029.stdout:/usr/bin/ceph: stdout "restful"
2024-04-25T05:26:17.790 INFO:teuthology.orchestra.run.smithi029.stdout:/usr/bin/ceph: stdout ],
2024-04-25T05:26:17.791 INFO:teuthology.orchestra.run.smithi029.stdout:/usr/bin/ceph: stdout "services": {}
2024-04-25T05:26:17.791 INFO:teuthology.orchestra.run.smithi029.stdout:/usr/bin/ceph: stdout },
2024-04-25T05:26:17.791 INFO:teuthology.orchestra.run.smithi029.stdout:/usr/bin/ceph: stdout "servicemap": {
2024-04-25T05:26:17.791 INFO:teuthology.orchestra.run.smithi029.stdout:/usr/bin/ceph: stdout "epoch": 1,
2024-04-25T05:26:17.791 INFO:teuthology.orchestra.run.smithi029.stdout:/usr/bin/ceph: stdout "modified": "2024-04-25T05:25:52.128112+0000",
2024-04-25T05:26:17.791 INFO:teuthology.orchestra.run.smithi029.stdout:/usr/bin/ceph: stdout "services": {}
2024-04-25T05:26:17.791 INFO:teuthology.orchestra.run.smithi029.stdout:/usr/bin/ceph: stdout },
2024-04-25T05:26:17.791 INFO:teuthology.orchestra.run.smithi029.stdout:/usr/bin/ceph: stdout "progress_events": {}
2024-04-25T05:26:17.791 INFO:teuthology.orchestra.run.smithi029.stdout:/usr/bin/ceph: stdout }
2024-04-25T05:26:17.791 INFO:teuthology.orchestra.run.smithi029.stdout:/usr/bin/ceph: stderr
2024-04-25T05:26:07.479+0000 7fed4c19d700 1 Processor -- start
2024-04-25T05:26:17.791 INFO:teuthology.orchestra.run.smithi029.stdout:/usr/bin/ceph: stderr
2024-04-25T05:26:07.479+0000 7fed4c19d700 1 -- start start
2024-04-25T05:26:17.791 INFO:teuthology.orchestra.run.smithi029.stdout:/usr/bin/ceph: stderr
2024-04-25T05:26:07.479+0000 7fed4c19d700 1 --2- >> [v2:172.21.15.29:3300/0,v1:172.21.15.29:6789/0] conn(0x7fed44104a10 0x7fed44104e20 unknown :-1 s=NONE pgs=0 cs=0 l=0 rev1=0 crypto rx=0 tx=0 comp rx=0 tx=0).connect
2024-04-25T05:26:17.791 INFO:teuthology.orchestra.run.smithi029.stdout:/usr/bin/ceph: stderr
2024-04-25T05:26:07.479+0000 7fed4c19d700 1 -- --> [v2:172.21.15.29:3300/0,v1:172.21.15.29:6789/0] -- mon_getmap magic: 0 v1 -- 0x7fed44105360 con 0x7fed44104a10
2024-04-25T05:26:17.791 INFO:teuthology.orchestra.run.smithi029.stdout:/usr/bin/ceph: stderr
2024-04-25T05:26:07.480+0000 7fed49f39700 1 --2- >> [v2:172.21.15.29:3300/0,v1:172.21.15.29:6789/0] conn(0x7fed44104a10 0x7fed44104e20 unknown :-1 s=BANNER_CONNECTING pgs=0 cs=0 l=0 rev1=0 crypto rx=0 tx=0 comp rx=0 tx=0)._handle_peer_banner_payload supported=3 required=0
2024-04-25T05:26:17.791 INFO:teuthology.orchestra.run.smithi029.stdout:/usr/bin/ceph: stderr
2024-04-25T05:26:07.480+0000 7fed49f39700 1 --2- >> [v2:172.21.15.29:3300/0,v1:172.21.15.29:6789/0] conn(0x7fed44104a10 0x7fed44104e20 unknown :-1 s=HELLO_CONNECTING pgs=0 cs=0 l=0 rev1=1 crypto rx=0 tx=0 comp rx=0 tx=0).handle_hello peer v2:172.21.15.29:3300/0 says I am v2:172.21.15.29:49268/0 (socket says 172.21.15.29:49268)
2024-04-25T05:26:17.792 INFO:teuthology.orchestra.run.smithi029.stdout:/usr/bin/ceph: stderr
2024-04-25T05:26:07.480+0000 7fed49f39700 1 -- 172.21.15.29:0/683873519 learned_addr learned my addr 172.21.15.29:0/683873519 (peer_addr_for_me v2:172.21.15.29:0/0)
2024-04-25T05:26:17.792 INFO:teuthology.orchestra.run.smithi029.stdout:/usr/bin/ceph: stderr
2024-04-25T05:26:07.480+0000 7fed49f39700 1 -- 172.21.15.29:0/683873519 --> [v2:172.21.15.29:3300/0,v1:172.21.15.29:6789/0] -- mon_subscribe({config=0+,monmap=0+}) v3 -- 0x7fed441054a0 con 0x7fed44104a10
2024-04-25T05:26:17.792 INFO:teuthology.orchestra.run.smithi029.stdout:/usr/bin/ceph: stderr
2024-04-25T05:26:07.480+0000 7fed49f39700 1 --2- 172.21.15.29:0/683873519 >> [v2:172.21.15.29:3300/0,v1:172.21.15.29:6789/0] conn(0x7fed44104a10 0x7fed44104e20 secure :-1 s=READY pgs=14 cs=0 l=1 rev1=1 crypto rx=0x7fed400098a0 tx=0x7fed40009bb0 comp rx=0 tx=0).ready entity=mon.0 client_cookie=a52d632078daff84 server_cookie=0 in_seq=0 out_seq=0
2024-04-25T05:26:17.792 INFO:teuthology.orchestra.run.smithi029.stdout:/usr/bin/ceph: stderr
2024-04-25T05:26:07.480+0000 7fed48f37700 1 -- 172.21.15.29:0/683873519 <== mon.0 v2:172.21.15.29:3300/0 1 ==== mon_map magic: 0 v1 ==== 229+0+0 (secure 0 0 0) 0x7fed40004180 con 0x7fed44104a10
2024-04-25T05:26:17.792 INFO:teuthology.orchestra.run.smithi029.stdout:/usr/bin/ceph: stderr
2024-04-25T05:26:07.480+0000 7fed48f37700 1 -- 172.21.15.29:0/683873519 <== mon.0 v2:172.21.15.29:3300/0 2 ==== config(27 keys) v1 ==== 1037+0+0 (secure 0 0 0) 0x7fed400042e0 con 0x7fed44104a10
2024-04-25T05:26:17.792 INFO:teuthology.orchestra.run.smithi029.stdout:/usr/bin/ceph: stderr
2024-04-25T05:26:07.480+0000 7fed48f37700 1 -- 172.21.15.29:0/683873519 <== mon.0 v2:172.21.15.29:3300/0 3 ==== mon_map magic: 0 v1 ==== 229+0+0 (secure 0 0 0) 0x7fed40011a50 con 0x7fed44104a10
2024-04-25T05:26:17.792 INFO:teuthology.orchestra.run.smithi029.stdout:/usr/bin/ceph: stderr
2024-04-25T05:26:07.481+0000 7fed4c19d700 1 -- 172.21.15.29:0/683873519 >> [v2:172.21.15.29:3300/0,v1:172.21.15.29:6789/0] conn(0x7fed44104a10 msgr2=0x7fed44104e20 secure :-1 s=STATE_CONNECTION_ESTABLISHED l=1).mark_down
2024-04-25T05:26:17.792 INFO:teuthology.orchestra.run.smithi029.stdout:/usr/bin/ceph: stderr
2024-04-25T05:26:07.481+0000 7fed4c19d700 1 --2- 172.21.15.29:0/683873519 >> [v2:172.21.15.29:3300/0,v1:172.21.15.29:6789/0] conn(0x7fed44104a10 0x7fed44104e20 secure :-1 s=READY pgs=14 cs=0 l=1 rev1=1 crypto rx=0x7fed400098a0 tx=0x7fed40009bb0 comp rx=0 tx=0).stop
2024-04-25T05:26:17.792 INFO:teuthology.orchestra.run.smithi029.stdout:/usr/bin/ceph: stderr
2024-04-25T05:26:07.481+0000 7fed4c19d700 1 -- 172.21.15.29:0/683873519 shutdown_connections
2024-04-25T05:26:17.792 INFO:teuthology.orchestra.run.smithi029.stdout:/usr/bin/ceph: stderr
2024-04-25T05:26:07.481+0000 7fed4c19d700 1 --2- 172.21.15.29:0/683873519 >> [v2:172.21.15.29:3300/0,v1:172.21.15.29:6789/0] conn(0x7fed44104a10 0x7fed44104e20 unknown :-1 s=CLOSED pgs=14 cs=0 l=1 rev1=1 crypto rx=0 tx=0 comp rx=0 tx=0).stop
2024-04-25T05:26:17.792 INFO:teuthology.orchestra.run.smithi029.stdout:/usr/bin/ceph: stderr
2024-04-25T05:26:07.481+0000 7fed4c19d700 1 -- 172.21.15.29:0/683873519 >> 172.21.15.29:0/683873519 conn(0x7fed44100060 msgr2=0x7fed44102490 unknown :-1 s=STATE_NONE l=0).mark_down
2024-04-25T05:26:17.792 INFO:teuthology.orchestra.run.smithi029.stdout:/usr/bin/ceph: stderr
2024-04-25T05:26:07.481+0000 7fed4c19d700 1 -- 172.21.15.29:0/683873519 shutdown_connections
2024-04-25T05:26:17.792 INFO:teuthology.orchestra.run.smithi029.stdout:/usr/bin/ceph: stderr
2024-04-25T05:26:07.481+0000 7fed4c19d700 1 -- 172.21.15.29:0/683873519 wait complete.
2024-04-25T05:26:17.792 INFO:teuthology.orchestra.run.smithi029.stdout:/usr/bin/ceph: stderr
2024-04-25T05:26:07.482+0000 7fed4c19d700 1 Processor -- start
2024-04-25T05:26:17.792 INFO:teuthology.orchestra.run.smithi029.stdout:/usr/bin/ceph: stderr
2024-04-25T05:26:07.482+0000 7fed4c19d700 1 -- start start
2024-04-25T05:26:17.793 INFO:teuthology.orchestra.run.smithi029.stdout:/usr/bin/ceph: stderr
2024-04-25T05:26:07.482+0000 7fed4c19d700 1 --2- >> [v2:172.21.15.29:3300/0,v1:172.21.15.29:6789/0] conn(0x7fed44104a10 0x7fed44199830 unknown :-1 s=NONE pgs=0 cs=0 l=1 rev1=0 crypto rx=0 tx=0 comp rx=0 tx=0).connect
2024-04-25T05:26:17.793 INFO:teuthology.orchestra.run.smithi029.stdout:/usr/bin/ceph: stderr
2024-04-25T05:26:07.482+0000 7fed4c19d700 1 -- --> [v2:172.21.15.29:3300/0,v1:172.21.15.29:6789/0] -- mon_getmap magic: 0 v1 -- 0x7fed44199d70 con 0x7fed44104a10
2024-04-25T05:26:17.793 INFO:teuthology.orchestra.run.smithi029.stdout:/usr/bin/ceph: stderr
2024-04-25T05:26:07.482+0000 7fed49f39700 1 --2- >> [v2:172.21.15.29:3300/0,v1:172.21.15.29:6789/0] conn(0x7fed44104a10 0x7fed44199830 unknown :-1 s=BANNER_CONNECTING pgs=0 cs=0 l=1 rev1=0 crypto rx=0 tx=0 comp rx=0 tx=0)._handle_peer_banner_payload supported=3 required=0
2024-04-25T05:26:17.793 INFO:teuthology.orchestra.run.smithi029.stdout:/usr/bin/ceph: stderr
2024-04-25T05:26:07.482+0000 7fed49f39700 1 --2- >> [v2:172.21.15.29:3300/0,v1:172.21.15.29:6789/0] conn(0x7fed44104a10 0x7fed44199830 unknown :-1 s=HELLO_CONNECTING pgs=0 cs=0 l=1 rev1=1 crypto rx=0 tx=0 comp rx=0 tx=0).handle_hello peer v2:172.21.15.29:3300/0 says I am v2:172.21.15.29:49278/0 (socket says 172.21.15.29:49278)
2024-04-25T05:26:17.793 INFO:teuthology.orchestra.run.smithi029.stdout:/usr/bin/ceph: stderr
2024-04-25T05:26:07.482+0000 7fed49f39700 1 -- 172.21.15.29:0/1952150377 learned_addr learned my addr 172.21.15.29:0/1952150377 (peer_addr_for_me v2:172.21.15.29:0/0)
2024-04-25T05:26:17.793 INFO:teuthology.orchestra.run.smithi029.stdout:/usr/bin/ceph: stderr
2024-04-25T05:26:07.482+0000 7fed49f39700 1 -- 172.21.15.29:0/1952150377 --> [v2:172.21.15.29:3300/0,v1:172.21.15.29:6789/0] -- mon_subscribe({config=0+,monmap=0+}) v3 -- 0x7fed40009550 con 0x7fed44104a10
2024-04-25T05:26:17.793 INFO:teuthology.orchestra.run.smithi029.stdout:/usr/bin/ceph: stderr
2024-04-25T05:26:07.482+0000 7fed49f39700 1 --2- 172.21.15.29:0/1952150377 >> [v2:172.21.15.29:3300/0,v1:172.21.15.29:6789/0] conn(0x7fed44104a10 0x7fed44199830 secure :-1 s=READY pgs=15 cs=0 l=1 rev1=1 crypto rx=0x7fed400119e0 tx=0x7fed40011ac0 comp rx=0 tx=0).ready entity=mon.0 client_cookie=0 server_cookie=0 in_seq=0 out_seq=0
2024-04-25T05:26:17.793 INFO:teuthology.orchestra.run.smithi029.stdout:/usr/bin/ceph: stderr
2024-04-25T05:26:07.482+0000 7fed3affd700 1 -- 172.21.15.29:0/1952150377 <== mon.0 v2:172.21.15.29:3300/0 1 ==== mon_map magic: 0 v1 ==== 229+0+0 (secure 0 0 0) 0x7fed40003b90 con 0x7fed44104a10
2024-04-25T05:26:17.793 INFO:teuthology.orchestra.run.smithi029.stdout:/usr/bin/ceph: stderr
2024-04-25T05:26:07.482+0000 7fed3affd700 1 -- 172.21.15.29:0/1952150377 <== mon.0 v2:172.21.15.29:3300/0 2 ==== config(27 keys) v1 ==== 1037+0+0 (secure 0 0 0) 0x7fed4001a8a0 con 0x7fed44104a10
2024-04-25T05:26:17.793 INFO:teuthology.orchestra.run.smithi029.stdout:/usr/bin/ceph: stderr
2024-04-25T05:26:07.483+0000 7fed4c19d700 1 -- 172.21.15.29:0/1952150377 --> [v2:172.21.15.29:3300/0,v1:172.21.15.29:6789/0] -- mon_subscribe({mgrmap=0+}) v3 -- 0x7fed44199f70 con 0x7fed44104a10
2024-04-25T05:26:17.793 INFO:teuthology.orchestra.run.smithi029.stdout:/usr/bin/ceph: stderr
2024-04-25T05:26:07.483+0000 7fed3affd700 1 -- 172.21.15.29:0/1952150377 <== mon.0 v2:172.21.15.29:3300/0 3 ==== mon_map magic: 0 v1 ==== 229+0+0 (secure 0 0 0) 0x7fed40019930 con 0x7fed44104a10
2024-04-25T05:26:17.793 INFO:teuthology.orchestra.run.smithi029.stdout:/usr/bin/ceph: stderr
2024-04-25T05:26:07.483+0000 7fed4c19d700 1 -- 172.21.15.29:0/1952150377 --> [v2:172.21.15.29:3300/0,v1:172.21.15.29:6789/0] -- mon_subscribe({osdmap=0}) v3 -- 0x7fed4419a390 con 0x7fed44104a10
2024-04-25T05:26:17.793 INFO:teuthology.orchestra.run.smithi029.stdout:/usr/bin/ceph: stderr
2024-04-25T05:26:07.483+0000 7fed3affd700 1 -- 172.21.15.29:0/1952150377 <== mon.0 v2:172.21.15.29:3300/0 4 ==== mgrmap(e 3) v1 ==== 44967+0+0 (secure 0 0 0) 0x7fed4001aa10 con 0x7fed44104a10
2024-04-25T05:26:17.793 INFO:teuthology.orchestra.run.smithi029.stdout:/usr/bin/ceph: stderr
2024-04-25T05:26:07.484+0000 7fed4c19d700 1 -- 172.21.15.29:0/1952150377 --> [v2:172.21.15.29:3300/0,v1:172.21.15.29:6789/0] -- mon_command({"prefix": "get_command_descriptions"} v 0) v1 -- 0x7fed44062380 con 0x7fed44104a10
2024-04-25T05:26:17.793 INFO:teuthology.orchestra.run.smithi029.stdout:/usr/bin/ceph: stderr
2024-04-25T05:26:07.484+0000 7fed3affd700 1 --2- 172.21.15.29:0/1952150377 >> [v2:172.21.15.29:6800/3312501560,v1:172.21.15.29:6801/3312501560] conn(0x7fed30038240 0x7fed3003a6f0 unknown :-1 s=NONE pgs=0 cs=0 l=1 rev1=0 crypto rx=0 tx=0 comp rx=0 tx=0).connect
2024-04-25T05:26:17.794 INFO:teuthology.orchestra.run.smithi029.stdout:/usr/bin/ceph: stderr
2024-04-25T05:26:07.484+0000 7fed3affd700 1 -- 172.21.15.29:0/1952150377 <== mon.0 v2:172.21.15.29:3300/0 5 ==== osd_map(1..1 src has 1..1) v4 ==== 725+0+0 (secure 0 0 0) 0x7fed4004c480 con 0x7fed44104a10
2024-04-25T05:26:17.794 INFO:teuthology.orchestra.run.smithi029.stdout:/usr/bin/ceph: stderr
2024-04-25T05:26:07.484+0000 7fed49738700 1 --2- 172.21.15.29:0/1952150377 >> [v2:172.21.15.29:6800/3312501560,v1:172.21.15.29:6801/3312501560] conn(0x7fed30038240 0x7fed3003a6f0 unknown :-1 s=BANNER_CONNECTING pgs=0 cs=0 l=1 rev1=0 crypto rx=0 tx=0 comp rx=0 tx=0)._handle_peer_banner_payload supported=3 required=0
2024-04-25T05:26:17.794 INFO:teuthology.orchestra.run.smithi029.stdout:/usr/bin/ceph: stderr
2024-04-25T05:26:07.484+0000 7fed49738700 1 --2- 172.21.15.29:0/1952150377 >> [v2:172.21.15.29:6800/3312501560,v1:172.21.15.29:6801/3312501560] conn(0x7fed30038240 0x7fed3003a6f0 secure :-1 s=READY pgs=6 cs=0 l=1 rev1=1 crypto rx=0x7fed34006fd0 tx=0x7fed34006e40 comp rx=0 tx=0).ready entity=mgr.14100 client_cookie=0 server_cookie=0 in_seq=0 out_seq=0
2024-04-25T05:26:17.794 INFO:teuthology.orchestra.run.smithi029.stdout:/usr/bin/ceph: stderr
2024-04-25T05:26:07.489+0000 7fed3affd700 1 -- 172.21.15.29:0/1952150377 <== mon.0 v2:172.21.15.29:3300/0 6 ==== mon_command_ack([{"prefix": "get_command_descriptions"}]=0 v0) v1 ==== 72+0+177933 (secure 0 0 0) 0x7fed40018530 con 0x7fed44104a10
2024-04-25T05:26:17.794 INFO:teuthology.orchestra.run.smithi029.stdout:/usr/bin/ceph: stderr
2024-04-25T05:26:07.773+0000 7fed4c19d700 1 -- 172.21.15.29:0/1952150377 --> [v2:172.21.15.29:3300/0,v1:172.21.15.29:6789/0] -- mon_command({"prefix": "status", "format": "json-pretty"} v 0) v1 -- 0x7fed4419d530 con 0x7fed44104a10
2024-04-25T05:26:17.794 INFO:teuthology.orchestra.run.smithi029.stdout:/usr/bin/ceph: stderr
2024-04-25T05:26:07.773+0000 7fed3affd700 1 -- 172.21.15.29:0/1952150377 <== mon.0 v2:172.21.15.29:3300/0 7 ==== mon_command_ack([{"prefix": "status", "format": "json-pretty"}]=0 v0) v1 ==== 79+0+1246 (secure 0 0 0) 0x7fed40018350 con 0x7fed44104a10
2024-04-25T05:26:17.794 INFO:teuthology.orchestra.run.smithi029.stdout:/usr/bin/ceph: stderr
2024-04-25T05:26:07.776+0000 7fed4c19d700 1 -- 172.21.15.29:0/1952150377 >> [v2:172.21.15.29:6800/3312501560,v1:172.21.15.29:6801/3312501560] conn(0x7fed30038240 msgr2=0x7fed3003a6f0 secure :-1 s=STATE_CONNECTION_ESTABLISHED l=1).mark_down
2024-04-25T05:26:17.794 INFO:teuthology.orchestra.run.smithi029.stdout:/usr/bin/ceph: stderr
2024-04-25T05:26:07.776+0000 7fed4c19d700 1 --2- 172.21.15.29:0/1952150377 >> [v2:172.21.15.29:6800/3312501560,v1:172.21.15.29:6801/3312501560] conn(0x7fed30038240 0x7fed3003a6f0 secure :-1 s=READY pgs=6 cs=0 l=1 rev1=1 crypto rx=0x7fed34006fd0 tx=0x7fed34006e40 comp rx=0 tx=0).stop
2024-04-25T05:26:17.794 INFO:teuthology.orchestra.run.smithi029.stdout:/usr/bin/ceph: stderr
2024-04-25T05:26:07.776+0000 7fed4c19d700 1 -- 172.21.15.29:0/1952150377 >> [v2:172.21.15.29:3300/0,v1:172.21.15.29:6789/0] conn(0x7fed44104a10 msgr2=0x7fed44199830 secure :-1 s=STATE_CONNECTION_ESTABLISHED l=1).mark_down
2024-04-25T05:26:17.794 INFO:teuthology.orchestra.run.smithi029.stdout:/usr/bin/ceph: stderr
2024-04-25T05:26:07.776+0000 7fed4c19d700 1 --2- 172.21.15.29:0/1952150377 >> [v2:172.21.15.29:3300/0,v1:172.21.15.29:6789/0] conn(0x7fed44104a10 0x7fed44199830 secure :-1 s=READY pgs=15 cs=0 l=1 rev1=1 crypto rx=0x7fed400119e0 tx=0x7fed40011ac0 comp rx=0 tx=0).stop
2024-04-25T05:26:17.794 INFO:teuthology.orchestra.run.smithi029.stdout:/usr/bin/ceph: stderr
2024-04-25T05:26:07.776+0000 7fed4c19d700 1 -- 172.21.15.29:0/1952150377 shutdown_connections
2024-04-25T05:26:17.794 INFO:teuthology.orchestra.run.smithi029.stdout:/usr/bin/ceph: stderr
2024-04-25T05:26:07.776+0000 7fed4c19d700 1 --2- 172.21.15.29:0/1952150377 >> [v2:172.21.15.29:6800/3312501560,v1:172.21.15.29:6801/3312501560] conn(0x7fed30038240 0x7fed3003a6f0 unknown :-1 s=CLOSED pgs=6 cs=0 l=1 rev1=1 crypto rx=0 tx=0 comp rx=0 tx=0).stop
2024-04-25T05:26:17.794 INFO:teuthology.orchestra.run.smithi029.stdout:/usr/bin/ceph: stderr
2024-04-25T05:26:07.776+0000 7fed4c19d700 1 --2- 172.21.15.29:0/1952150377 >> [v2:172.21.15.29:3300/0,v1:172.21.15.29:6789/0] conn(0x7fed44104a10 0x7fed44199830 unknown :-1 s=CLOSED pgs=15 cs=0 l=1 rev1=1 crypto rx=0 tx=0 comp rx=0 tx=0).stop
2024-04-25T05:26:17.794 INFO:teuthology.orchestra.run.smithi029.stdout:/usr/bin/ceph: stderr
2024-04-25T05:26:07.776+0000 7fed4c19d700 1 -- 172.21.15.29:0/1952150377 >> 172.21.15.29:0/1952150377 conn(0x7fed44100060 msgr2=0x7fed440798f0 unknown :-1 s=STATE_NONE l=0).mark_down
2024-04-25T05:26:17.794 INFO:teuthology.orchestra.run.smithi029.stdout:/usr/bin/ceph: stderr
2024-04-25T05:26:07.776+0000 7fed4c19d700 1 -- 172.21.15.29:0/1952150377 shutdown_connections
2024-04-25T05:26:17.795 INFO:teuthology.orchestra.run.smithi029.stdout:/usr/bin/ceph: stderr
2024-04-25T05:26:07.776+0000 7fed4c19d700 1 -- 172.21.15.29:0/1952150377 wait complete.
2024-04-25T05:26:17.795 INFO:teuthology.orchestra.run.smithi029.stdout:mgr is available
2024-04-25T05:26:20.725 INFO:journalctl@ceph.mon.smithi029.smithi029.stdout:Apr 25 05:26:20 smithi029 ceph-mon[26653]: from='client.? 172.21.15.29:0/2810341139' entity='client.admin' cmd=[{"prefix": "config assimilate-conf"}]: dispatch
2024-04-25T05:26:20.981 INFO:teuthology.orchestra.run.smithi029.stdout:/usr/bin/ceph: stdout
2024-04-25T05:26:20.981 INFO:teuthology.orchestra.run.smithi029.stdout:/usr/bin/ceph: stdout [global]
2024-04-25T05:26:20.981 INFO:teuthology.orchestra.run.smithi029.stdout:/usr/bin/ceph: stdout fsid = 304258f0-02c4-11ef-bc93-c7b262605968
2024-04-25T05:26:20.981 INFO:teuthology.orchestra.run.smithi029.stdout:/usr/bin/ceph: stdout mon_osd_allow_pg_remap = true
2024-04-25T05:26:20.981 INFO:teuthology.orchestra.run.smithi029.stdout:/usr/bin/ceph: stdout mon_osd_allow_primary_affinity = true
2024-04-25T05:26:20.982 INFO:teuthology.orchestra.run.smithi029.stdout:/usr/bin/ceph: stdout mon_warn_on_no_sortbitwise = false
2024-04-25T05:26:20.982 INFO:teuthology.orchestra.run.smithi029.stdout:/usr/bin/ceph: stdout osd_crush_chooseleaf_type = 0
2024-04-25T05:26:20.982 INFO:teuthology.orchestra.run.smithi029.stdout:/usr/bin/ceph: stdout
2024-04-25T05:26:20.982 INFO:teuthology.orchestra.run.smithi029.stdout:/usr/bin/ceph: stdout [mgr]
2024-04-25T05:26:20.982 INFO:teuthology.orchestra.run.smithi029.stdout:/usr/bin/ceph: stdout mgr/telemetry/nag = false
2024-04-25T05:26:20.982 INFO:teuthology.orchestra.run.smithi029.stdout:/usr/bin/ceph: stdout
2024-04-25T05:26:20.982 INFO:teuthology.orchestra.run.smithi029.stdout:/usr/bin/ceph: stdout [osd]
2024-04-25T05:26:20.982 INFO:teuthology.orchestra.run.smithi029.stdout:/usr/bin/ceph: stdout mon_osd_backfillfull_ratio = 0.85
2024-04-25T05:26:20.982 INFO:teuthology.orchestra.run.smithi029.stdout:/usr/bin/ceph: stdout mon_osd_full_ratio = 0.9
2024-04-25T05:26:20.982 INFO:teuthology.orchestra.run.smithi029.stdout:/usr/bin/ceph: stdout mon_osd_nearfull_ratio = 0.8
2024-04-25T05:26:20.982 INFO:teuthology.orchestra.run.smithi029.stdout:/usr/bin/ceph: stdout osd_map_max_advance = 10
2024-04-25T05:26:20.982 INFO:teuthology.orchestra.run.smithi029.stdout:/usr/bin/ceph: stdout osd_sloppy_crc = true
2024-04-25T05:26:20.982 INFO:teuthology.orchestra.run.smithi029.stdout:/usr/bin/ceph: stderr
2024-04-25T05:26:20.155+0000 7f50e8901700 1 Processor -- start
2024-04-25T05:26:20.982 INFO:teuthology.orchestra.run.smithi029.stdout:/usr/bin/ceph: stderr
2024-04-25T05:26:20.155+0000 7f50e8901700 1 -- start start
2024-04-25T05:26:20.982 INFO:teuthology.orchestra.run.smithi029.stdout:/usr/bin/ceph: stderr
2024-04-25T05:26:20.155+0000 7f50e8901700 1 --2- >> [v2:172.21.15.29:3300/0,v1:172.21.15.29:6789/0] conn(0x7f50e41071d0 0x7f50e41075e0 unknown :-1 s=NONE pgs=0 cs=0 l=0 rev1=0 crypto rx=0 tx=0 comp rx=0 tx=0).connect
2024-04-25T05:26:20.982 INFO:teuthology.orchestra.run.smithi029.stdout:/usr/bin/ceph: stderr
2024-04-25T05:26:20.155+0000 7f50e8901700 1 -- --> [v2:172.21.15.29:3300/0,v1:172.21.15.29:6789/0] -- mon_getmap magic: 0 v1 -- 0x7f50e4107b20 con 0x7f50e41071d0
2024-04-25T05:26:20.983 INFO:teuthology.orchestra.run.smithi029.stdout:/usr/bin/ceph: stderr
2024-04-25T05:26:20.155+0000 7f50e259c700 1 --2- >> [v2:172.21.15.29:3300/0,v1:172.21.15.29:6789/0] conn(0x7f50e41071d0 0x7f50e41075e0 unknown :-1 s=BANNER_CONNECTING pgs=0 cs=0 l=0 rev1=0 crypto rx=0 tx=0 comp rx=0 tx=0)._handle_peer_banner_payload supported=3 required=0
2024-04-25T05:26:20.983 INFO:teuthology.orchestra.run.smithi029.stdout:/usr/bin/ceph: stderr
2024-04-25T05:26:20.155+0000 7f50e259c700 1 --2- >> [v2:172.21.15.29:3300/0,v1:172.21.15.29:6789/0] conn(0x7f50e41071d0 0x7f50e41075e0 unknown :-1 s=HELLO_CONNECTING pgs=0 cs=0 l=0 rev1=1 crypto rx=0 tx=0 comp rx=0 tx=0).handle_hello peer v2:172.21.15.29:3300/0 says I am v2:172.21.15.29:59128/0 (socket says 172.21.15.29:59128)
2024-04-25T05:26:20.983 INFO:teuthology.orchestra.run.smithi029.stdout:/usr/bin/ceph: stderr
2024-04-25T05:26:20.155+0000 7f50e259c700 1 -- 172.21.15.29:0/3694699011 learned_addr learned my addr 172.21.15.29:0/3694699011 (peer_addr_for_me v2:172.21.15.29:0/0)
2024-04-25T05:26:20.983 INFO:teuthology.orchestra.run.smithi029.stdout:/usr/bin/ceph: stderr
2024-04-25T05:26:20.156+0000 7f50e259c700 1 -- 172.21.15.29:0/3694699011 --> [v2:172.21.15.29:3300/0,v1:172.21.15.29:6789/0] -- mon_subscribe({config=0+,monmap=0+}) v3 -- 0x7f50e4107c60 con 0x7f50e41071d0
2024-04-25T05:26:20.983 INFO:teuthology.orchestra.run.smithi029.stdout:/usr/bin/ceph: stderr
2024-04-25T05:26:20.156+0000 7f50e259c700 1 --2- 172.21.15.29:0/3694699011 >> [v2:172.21.15.29:3300/0,v1:172.21.15.29:6789/0] conn(0x7f50e41071d0 0x7f50e41075e0 secure :-1 s=READY pgs=16 cs=0 l=1 rev1=1 crypto rx=0x7f50d40098a0 tx=0x7f50d4009bb0 comp rx=0 tx=0).ready entity=mon.0 client_cookie=4d4feb0fbe6436e1 server_cookie=0 in_seq=0 out_seq=0
2024-04-25T05:26:20.983 INFO:teuthology.orchestra.run.smithi029.stdout:/usr/bin/ceph: stderr
2024-04-25T05:26:20.156+0000 7f50e159a700 1 -- 172.21.15.29:0/3694699011 <== mon.0 v2:172.21.15.29:3300/0 1 ==== mon_map magic: 0 v1 ==== 229+0+0 (secure 0 0 0) 0x7f50d4004180 con 0x7f50e41071d0
2024-04-25T05:26:20.983 INFO:teuthology.orchestra.run.smithi029.stdout:/usr/bin/ceph: stderr
2024-04-25T05:26:20.156+0000 7f50e159a700 1 -- 172.21.15.29:0/3694699011 <== mon.0 v2:172.21.15.29:3300/0 2 ==== config(27 keys) v1 ==== 1037+0+0 (secure 0 0 0) 0x7f50d40042e0 con 0x7f50e41071d0
2024-04-25T05:26:20.983 INFO:teuthology.orchestra.run.smithi029.stdout:/usr/bin/ceph: stderr
2024-04-25T05:26:20.156+0000 7f50e159a700 1 -- 172.21.15.29:0/3694699011 <== mon.0 v2:172.21.15.29:3300/0 3 ==== mon_map magic: 0 v1 ==== 229+0+0 (secure 0 0 0) 0x7f50d4011a50 con 0x7f50e41071d0
2024-04-25T05:26:20.983 INFO:teuthology.orchestra.run.smithi029.stdout:/usr/bin/ceph: stderr
2024-04-25T05:26:20.157+0000 7f50e8901700 1 -- 172.21.15.29:0/3694699011 >> [v2:172.21.15.29:3300/0,v1:172.21.15.29:6789/0] conn(0x7f50e41071d0 msgr2=0x7f50e41075e0 secure :-1 s=STATE_CONNECTION_ESTABLISHED l=1).mark_down
2024-04-25T05:26:20.983 INFO:teuthology.orchestra.run.smithi029.stdout:/usr/bin/ceph: stderr
2024-04-25T05:26:20.157+0000 7f50e8901700 1 --2- 172.21.15.29:0/3694699011 >> [v2:172.21.15.29:3300/0,v1:172.21.15.29:6789/0] conn(0x7f50e41071d0 0x7f50e41075e0 secure :-1 s=READY pgs=16 cs=0 l=1 rev1=1 crypto rx=0x7f50d40098a0 tx=0x7f50d4009bb0 comp rx=0 tx=0).stop
2024-04-25T05:26:20.983 INFO:teuthology.orchestra.run.smithi029.stdout:/usr/bin/ceph: stderr
2024-04-25T05:26:20.157+0000 7f50e8901700 1 -- 172.21.15.29:0/3694699011 shutdown_connections
2024-04-25T05:26:20.983 INFO:teuthology.orchestra.run.smithi029.stdout:/usr/bin/ceph: stderr
2024-04-25T05:26:20.157+0000 7f50e8901700 1 --2- 172.21.15.29:0/3694699011 >> [v2:172.21.15.29:3300/0,v1:172.21.15.29:6789/0] conn(0x7f50e41071d0 0x7f50e41075e0 unknown :-1 s=CLOSED pgs=16 cs=0 l=1 rev1=1 crypto rx=0 tx=0 comp rx=0 tx=0).stop
2024-04-25T05:26:20.983 INFO:teuthology.orchestra.run.smithi029.stdout:/usr/bin/ceph: stderr
2024-04-25T05:26:20.157+0000 7f50e8901700 1 -- 172.21.15.29:0/3694699011 >> 172.21.15.29:0/3694699011 conn(0x7f50e40ff7e0 msgr2=0x7f50e4101c10 unknown :-1 s=STATE_NONE l=0).mark_down
2024-04-25T05:26:20.983 INFO:teuthology.orchestra.run.smithi029.stdout:/usr/bin/ceph: stderr
2024-04-25T05:26:20.157+0000 7f50e8901700 1 -- 172.21.15.29:0/3694699011 shutdown_connections
2024-04-25T05:26:20.983 INFO:teuthology.orchestra.run.smithi029.stdout:/usr/bin/ceph: stderr
2024-04-25T05:26:20.157+0000 7f50e8901700 1 -- 172.21.15.29:0/3694699011 wait complete.
2024-04-25T05:26:20.983 INFO:teuthology.orchestra.run.smithi029.stdout:/usr/bin/ceph: stderr
2024-04-25T05:26:20.158+0000 7f50e8901700 1 Processor -- start
2024-04-25T05:26:20.983 INFO:teuthology.orchestra.run.smithi029.stdout:/usr/bin/ceph: stderr
2024-04-25T05:26:20.158+0000 7f50e8901700 1 -- start start
2024-04-25T05:26:20.984 INFO:teuthology.orchestra.run.smithi029.stdout:/usr/bin/ceph: stderr
2024-04-25T05:26:20.158+0000 7f50e8901700 1 --2- >> [v2:172.21.15.29:3300/0,v1:172.21.15.29:6789/0] conn(0x7f50e41071d0 0x7f50e419ba30 unknown :-1 s=NONE pgs=0 cs=0 l=1 rev1=0 crypto rx=0 tx=0 comp rx=0 tx=0).connect
2024-04-25T05:26:20.984 INFO:teuthology.orchestra.run.smithi029.stdout:/usr/bin/ceph: stderr
2024-04-25T05:26:20.158+0000 7f50e8901700 1 -- --> [v2:172.21.15.29:3300/0,v1:172.21.15.29:6789/0] -- mon_getmap magic: 0 v1 -- 0x7f50e419bf70 con 0x7f50e41071d0
2024-04-25T05:26:20.984 INFO:teuthology.orchestra.run.smithi029.stdout:/usr/bin/ceph: stderr
2024-04-25T05:26:20.158+0000 7f50e259c700 1 --2- >> [v2:172.21.15.29:3300/0,v1:172.21.15.29:6789/0] conn(0x7f50e41071d0 0x7f50e419ba30 unknown :-1 s=BANNER_CONNECTING pgs=0 cs=0 l=1 rev1=0 crypto rx=0 tx=0 comp rx=0 tx=0)._handle_peer_banner_payload supported=3 required=0
2024-04-25T05:26:20.984 INFO:teuthology.orchestra.run.smithi029.stdout:/usr/bin/ceph: stderr
2024-04-25T05:26:20.158+0000 7f50e259c700 1 --2- >> [v2:172.21.15.29:3300/0,v1:172.21.15.29:6789/0] conn(0x7f50e41071d0 0x7f50e419ba30 unknown :-1 s=HELLO_CONNECTING pgs=0 cs=0 l=1 rev1=1 crypto rx=0 tx=0 comp rx=0 tx=0).handle_hello peer v2:172.21.15.29:3300/0 says I am v2:172.21.15.29:59138/0 (socket says 172.21.15.29:59138)
2024-04-25T05:26:20.984 INFO:teuthology.orchestra.run.smithi029.stdout:/usr/bin/ceph: stderr
2024-04-25T05:26:20.158+0000 7f50e259c700 1 -- 172.21.15.29:0/2810341139 learned_addr learned my addr 172.21.15.29:0/2810341139 (peer_addr_for_me v2:172.21.15.29:0/0)
2024-04-25T05:26:20.984 INFO:teuthology.orchestra.run.smithi029.stdout:/usr/bin/ceph: stderr
2024-04-25T05:26:20.158+0000 7f50e259c700 1 -- 172.21.15.29:0/2810341139 --> [v2:172.21.15.29:3300/0,v1:172.21.15.29:6789/0] -- mon_subscribe({config=0+,monmap=0+}) v3 -- 0x7f50d4009550 con 0x7f50e41071d0
2024-04-25T05:26:20.984 INFO:teuthology.orchestra.run.smithi029.stdout:/usr/bin/ceph: stderr
2024-04-25T05:26:20.158+0000 7f50e259c700 1 --2- 172.21.15.29:0/2810341139 >> [v2:172.21.15.29:3300/0,v1:172.21.15.29:6789/0] conn(0x7f50e41071d0 0x7f50e419ba30 secure :-1 s=READY pgs=17 cs=0 l=1 rev1=1 crypto rx=0x7f50d40119e0 tx=0x7f50d4011ac0 comp rx=0 tx=0).ready entity=mon.0 client_cookie=0 server_cookie=0 in_seq=0 out_seq=0
2024-04-25T05:26:20.984 INFO:teuthology.orchestra.run.smithi029.stdout:/usr/bin/ceph: stderr
2024-04-25T05:26:20.159+0000 7f50d37fe700 1 -- 172.21.15.29:0/2810341139 <== mon.0 v2:172.21.15.29:3300/0 1 ==== mon_map magic: 0 v1 ==== 229+0+0 (secure 0 0 0) 0x7f50d4003b90 con 0x7f50e41071d0
2024-04-25T05:26:20.984 INFO:teuthology.orchestra.run.smithi029.stdout:/usr/bin/ceph: stderr
2024-04-25T05:26:20.159+0000 7f50d37fe700 1 -- 172.21.15.29:0/2810341139 <== mon.0 v2:172.21.15.29:3300/0 2 ==== config(27 keys) v1 ==== 1037+0+0 (secure 0 0 0) 0x7f50d401a8a0 con 0x7f50e41071d0
2024-04-25T05:26:20.984 INFO:teuthology.orchestra.run.smithi029.stdout:/usr/bin/ceph: stderr
2024-04-25T05:26:20.159+0000 7f50e8901700 1 -- 172.21.15.29:0/2810341139 --> [v2:172.21.15.29:3300/0,v1:172.21.15.29:6789/0] -- mon_subscribe({mgrmap=0+}) v3 -- 0x7f50e419c170 con 0x7f50e41071d0
2024-04-25T05:26:20.984 INFO:teuthology.orchestra.run.smithi029.stdout:/usr/bin/ceph: stderr
2024-04-25T05:26:20.159+0000 7f50d37fe700 1 -- 172.21.15.29:0/2810341139 <== mon.0 v2:172.21.15.29:3300/0 3 ==== mon_map magic: 0 v1 ==== 229+0+0 (secure 0 0 0) 0x7f50d4019930 con 0x7f50e41071d0
2024-04-25T05:26:20.984 INFO:teuthology.orchestra.run.smithi029.stdout:/usr/bin/ceph: stderr
2024-04-25T05:26:20.159+0000 7f50e8901700 1 -- 172.21.15.29:0/2810341139 --> [v2:172.21.15.29:3300/0,v1:172.21.15.29:6789/0] -- mon_subscribe({osdmap=0}) v3 -- 0x7f50e419c590 con 0x7f50e41071d0
2024-04-25T05:26:20.984 INFO:teuthology.orchestra.run.smithi029.stdout:/usr/bin/ceph: stderr
2024-04-25T05:26:20.159+0000 7f50d37fe700 1 -- 172.21.15.29:0/2810341139 <== mon.0 v2:172.21.15.29:3300/0 4 ==== mgrmap(e 4) v1 ==== 45073+0+0 (secure 0 0 0) 0x7f50d4019bf0 con 0x7f50e41071d0
2024-04-25T05:26:20.984 INFO:teuthology.orchestra.run.smithi029.stdout:/usr/bin/ceph: stderr
2024-04-25T05:26:20.160+0000 7f50d37fe700 1 --2- 172.21.15.29:0/2810341139 >> [v2:172.21.15.29:6800/3312501560,v1:172.21.15.29:6801/3312501560] conn(0x7f50cc038360 0x7f50cc03a810 unknown :-1 s=NONE pgs=0 cs=0 l=1 rev1=0 crypto rx=0 tx=0 comp rx=0 tx=0).connect
2024-04-25T05:26:20.984 INFO:teuthology.orchestra.run.smithi029.stdout:/usr/bin/ceph: stderr
2024-04-25T05:26:20.160+0000 7f50d37fe700 1 -- 172.21.15.29:0/2810341139 <== mon.0 v2:172.21.15.29:3300/0 5 ==== osd_map(1..1 src has 1..1) v4 ==== 725+0+0 (secure 0 0 0) 0x7f50d404c6b0 con 0x7f50e41071d0
2024-04-25T05:26:20.984 INFO:teuthology.orchestra.run.smithi029.stdout:/usr/bin/ceph: stderr
2024-04-25T05:26:20.160+0000 7f50e8901700 1 -- 172.21.15.29:0/2810341139 --> [v2:172.21.15.29:3300/0,v1:172.21.15.29:6789/0] -- mon_command({"prefix": "get_command_descriptions"} v 0) v1 -- 0x7f50e4062380 con 0x7f50e41071d0
2024-04-25T05:26:20.985 INFO:teuthology.orchestra.run.smithi029.stdout:/usr/bin/ceph: stderr
2024-04-25T05:26:20.160+0000 7f50e1d9b700 1 --2- 172.21.15.29:0/2810341139 >> [v2:172.21.15.29:6800/3312501560,v1:172.21.15.29:6801/3312501560] conn(0x7f50cc038360 0x7f50cc03a810 unknown :-1 s=BANNER_CONNECTING pgs=0 cs=0 l=1 rev1=0 crypto rx=0 tx=0 comp rx=0 tx=0)._handle_peer_banner_payload supported=3 required=0
2024-04-25T05:26:20.985 INFO:teuthology.orchestra.run.smithi029.stdout:/usr/bin/ceph: stderr
2024-04-25T05:26:20.160+0000 7f50e1d9b700 1 --2- 172.21.15.29:0/2810341139 >> [v2:172.21.15.29:6800/3312501560,v1:172.21.15.29:6801/3312501560] conn(0x7f50cc038360 0x7f50cc03a810 secure :-1 s=READY pgs=7 cs=0 l=1 rev1=1 crypto rx=0x7f50d8006fd0 tx=0x7f50d8006e40 comp rx=0 tx=0).ready entity=mgr.14100 client_cookie=0 server_cookie=0 in_seq=0 out_seq=0
2024-04-25T05:26:20.985 INFO:teuthology.orchestra.run.smithi029.stdout:/usr/bin/ceph: stderr
2024-04-25T05:26:20.165+0000 7f50d37fe700 1 -- 172.21.15.29:0/2810341139 <== mon.0 v2:172.21.15.29:3300/0 6 ==== mon_command_ack([{"prefix": "get_command_descriptions"}]=0 v0) v1 ==== 72+0+177933 (secure 0 0 0) 0x7f50d401a430 con 0x7f50e41071d0
2024-04-25T05:26:20.985 INFO:teuthology.orchestra.run.smithi029.stdout:/usr/bin/ceph: stderr
2024-04-25T05:26:20.364+0000 7f50e8901700 1 -- 172.21.15.29:0/2810341139 --> [v2:172.21.15.29:3300/0,v1:172.21.15.29:6789/0] -- mon_command({"prefix": "config assimilate-conf"} v 0) v1 -- 0x7f50e419f340 con 0x7f50e41071d0
2024-04-25T05:26:20.985 INFO:teuthology.orchestra.run.smithi029.stdout:/usr/bin/ceph: stderr
2024-04-25T05:26:20.364+0000 7f50d37fe700 1 -- 172.21.15.29:0/2810341139 <== mon.0 v2:172.21.15.29:3300/0 7 ==== mon_command_ack([{"prefix": "config assimilate-conf"}]=0 v3) v1 ==== 70+0+373 (secure 0 0 0) 0x7f50d4018350 con 0x7f50e41071d0
2024-04-25T05:26:20.985 INFO:teuthology.orchestra.run.smithi029.stdout:/usr/bin/ceph: stderr
2024-04-25T05:26:20.367+0000 7f50e8901700 1 -- 172.21.15.29:0/2810341139 >> [v2:172.21.15.29:6800/3312501560,v1:172.21.15.29:6801/3312501560] conn(0x7f50cc038360 msgr2=0x7f50cc03a810 secure :-1 s=STATE_CONNECTION_ESTABLISHED l=1).mark_down
2024-04-25T05:26:20.985 INFO:teuthology.orchestra.run.smithi029.stdout:/usr/bin/ceph: stderr
2024-04-25T05:26:20.367+0000 7f50e8901700 1 --2- 172.21.15.29:0/2810341139 >> [v2:172.21.15.29:6800/3312501560,v1:172.21.15.29:6801/3312501560] conn(0x7f50cc038360 0x7f50cc03a810 secure :-1 s=READY pgs=7 cs=0 l=1 rev1=1 crypto rx=0x7f50d8006fd0 tx=0x7f50d8006e40 comp rx=0 tx=0).stop
2024-04-25T05:26:20.985 INFO:teuthology.orchestra.run.smithi029.stdout:/usr/bin/ceph: stderr
2024-04-25T05:26:20.367+0000 7f50e8901700 1 -- 172.21.15.29:0/2810341139 >> [v2:172.21.15.29:3300/0,v1:172.21.15.29:6789/0] conn(0x7f50e41071d0 msgr2=0x7f50e419ba30 secure :-1 s=STATE_CONNECTION_ESTABLISHED l=1).mark_down
2024-04-25T05:26:20.985 INFO:teuthology.orchestra.run.smithi029.stdout:/usr/bin/ceph: stderr
2024-04-25T05:26:20.367+0000 7f50e8901700 1 --2- 172.21.15.29:0/2810341139 >> [v2:172.21.15.29:3300/0,v1:172.21.15.29:6789/0] conn(0x7f50e41071d0 0x7f50e419ba30 secure :-1 s=READY pgs=17 cs=0 l=1 rev1=1 crypto rx=0x7f50d40119e0 tx=0x7f50d4011ac0 comp rx=0 tx=0).stop
2024-04-25T05:26:20.985 INFO:teuthology.orchestra.run.smithi029.stdout:/usr/bin/ceph: stderr
2024-04-25T05:26:20.367+0000 7f50e8901700 1 -- 172.21.15.29:0/2810341139 shutdown_connections
2024-04-25T05:26:20.985 INFO:teuthology.orchestra.run.smithi029.stdout:/usr/bin/ceph: stderr
2024-04-25T05:26:20.367+0000 7f50e8901700 1 --2- 172.21.15.29:0/2810341139 >> [v2:172.21.15.29:6800/3312501560,v1:172.21.15.29:6801/3312501560] conn(0x7f50cc038360 0x7f50cc03a810 unknown :-1 s=CLOSED pgs=7 cs=0 l=1 rev1=1 crypto rx=0 tx=0 comp rx=0 tx=0).stop
2024-04-25T05:26:20.985 INFO:teuthology.orchestra.run.smithi029.stdout:/usr/bin/ceph: stderr
2024-04-25T05:26:20.367+0000 7f50e8901700 1 --2- 172.21.15.29:0/2810341139 >> [v2:172.21.15.29:3300/0,v1:172.21.15.29:6789/0] conn(0x7f50e41071d0 0x7f50e419ba30 unknown :-1 s=CLOSED pgs=17 cs=0 l=1 rev1=1 crypto rx=0 tx=0 comp rx=0 tx=0).stop
2024-04-25T05:26:20.985 INFO:teuthology.orchestra.run.smithi029.stdout:/usr/bin/ceph: stderr
2024-04-25T05:26:20.367+0000 7f50e8901700 1 -- 172.21.15.29:0/2810341139 >> 172.21.15.29:0/2810341139 conn(0x7f50e40ff7e0 msgr2=0x7f50e4100580 unknown :-1 s=STATE_NONE l=0).mark_down
2024-04-25T05:26:20.985 INFO:teuthology.orchestra.run.smithi029.stdout:/usr/bin/ceph: stderr
2024-04-25T05:26:20.367+0000 7f50e8901700 1 -- 172.21.15.29:0/2810341139 shutdown_connections
2024-04-25T05:26:20.985 INFO:teuthology.orchestra.run.smithi029.stdout:/usr/bin/ceph: stderr
2024-04-25T05:26:20.367+0000 7f50e8901700 1 -- 172.21.15.29:0/2810341139 wait complete.
2024-04-25T05:26:20.985 INFO:teuthology.orchestra.run.smithi029.stdout:Enabling cephadm module...
2024-04-25T05:26:22.096 INFO:journalctl@ceph.mon.smithi029.smithi029.stdout:Apr 25 05:26:21 smithi029 ceph-mon[26653]: from='client.? 172.21.15.29:0/2026641246' entity='client.admin' cmd=[{"prefix": "mgr module enable", "module": "cephadm"}]: dispatch
2024-04-25T05:26:22.376 INFO:teuthology.orchestra.run.smithi029.stdout:/usr/bin/ceph: stderr
2024-04-25T05:26:21.425+0000 7fe5a9fd2700 1 Processor -- start
2024-04-25T05:26:22.377 INFO:teuthology.orchestra.run.smithi029.stdout:/usr/bin/ceph: stderr
2024-04-25T05:26:21.425+0000 7fe5a9fd2700 1 -- start start
2024-04-25T05:26:22.377 INFO:teuthology.orchestra.run.smithi029.stdout:/usr/bin/ceph: stderr
2024-04-25T05:26:21.425+0000 7fe5a9fd2700 1 --2- >> [v2:172.21.15.29:3300/0,v1:172.21.15.29:6789/0] conn(0x7fe5a4104190 0x7fe5a41045a0 unknown :-1 s=NONE pgs=0 cs=0 l=0 rev1=0 crypto rx=0 tx=0 comp rx=0 tx=0).connect
2024-04-25T05:26:22.377 INFO:teuthology.orchestra.run.smithi029.stdout:/usr/bin/ceph: stderr
2024-04-25T05:26:21.425+0000 7fe5a9fd2700 1 -- --> [v2:172.21.15.29:3300/0,v1:172.21.15.29:6789/0] -- mon_getmap magic: 0 v1 -- 0x7fe5a4104ae0 con 0x7fe5a4104190
2024-04-25T05:26:22.377 INFO:teuthology.orchestra.run.smithi029.stdout:/usr/bin/ceph: stderr
2024-04-25T05:26:21.425+0000 7fe5a37fe700 1 --2- >> [v2:172.21.15.29:3300/0,v1:172.21.15.29:6789/0] conn(0x7fe5a4104190 0x7fe5a41045a0 unknown :-1 s=BANNER_CONNECTING pgs=0 cs=0 l=0 rev1=0 crypto rx=0 tx=0 comp rx=0 tx=0)._handle_peer_banner_payload supported=3 required=0
2024-04-25T05:26:22.377 INFO:teuthology.orchestra.run.smithi029.stdout:/usr/bin/ceph: stderr
2024-04-25T05:26:21.425+0000 7fe5a37fe700 1 --2- >> [v2:172.21.15.29:3300/0,v1:172.21.15.29:6789/0] conn(0x7fe5a4104190 0x7fe5a41045a0 unknown :-1 s=HELLO_CONNECTING pgs=0 cs=0 l=0 rev1=1 crypto rx=0 tx=0 comp rx=0 tx=0).handle_hello peer v2:172.21.15.29:3300/0 says I am v2:172.21.15.29:41160/0 (socket says 172.21.15.29:41160)
2024-04-25T05:26:22.377 INFO:teuthology.orchestra.run.smithi029.stdout:/usr/bin/ceph: stderr
2024-04-25T05:26:21.425+0000 7fe5a37fe700 1 -- 172.21.15.29:0/4067033029 learned_addr learned my addr 172.21.15.29:0/4067033029 (peer_addr_for_me v2:172.21.15.29:0/0)
2024-04-25T05:26:22.377 INFO:teuthology.orchestra.run.smithi029.stdout:/usr/bin/ceph: stderr
2024-04-25T05:26:21.426+0000 7fe5a37fe700 1 -- 172.21.15.29:0/4067033029 --> [v2:172.21.15.29:3300/0,v1:172.21.15.29:6789/0] -- mon_subscribe({config=0+,monmap=0+}) v3 -- 0x7fe5a4104c20 con 0x7fe5a4104190
2024-04-25T05:26:22.377 INFO:teuthology.orchestra.run.smithi029.stdout:/usr/bin/ceph: stderr
2024-04-25T05:26:21.426+0000 7fe5a37fe700 1 --2- 172.21.15.29:0/4067033029 >> [v2:172.21.15.29:3300/0,v1:172.21.15.29:6789/0] conn(0x7fe5a4104190 0x7fe5a41045a0 secure :-1 s=READY pgs=18 cs=0 l=1 rev1=1 crypto rx=0x7fe58c0098a0 tx=0x7fe58c009bb0 comp rx=0 tx=0).ready entity=mon.0 client_cookie=e99fc205487a6638 server_cookie=0 in_seq=0 out_seq=0
2024-04-25T05:26:22.377 INFO:teuthology.orchestra.run.smithi029.stdout:/usr/bin/ceph: stderr
2024-04-25T05:26:21.426+0000 7fe5a27fc700 1 -- 172.21.15.29:0/4067033029 <== mon.0 v2:172.21.15.29:3300/0 1 ==== mon_map magic: 0 v1 ==== 229+0+0 (secure 0 0 0) 0x7fe58c004180 con 0x7fe5a4104190
2024-04-25T05:26:22.377 INFO:teuthology.orchestra.run.smithi029.stdout:/usr/bin/ceph: stderr
2024-04-25T05:26:21.426+0000 7fe5a27fc700 1 -- 172.21.15.29:0/4067033029 <== mon.0 v2:172.21.15.29:3300/0 2 ==== config(27 keys) v1 ==== 1037+0+0 (secure 0 0 0) 0x7fe58c0042e0 con 0x7fe5a4104190
2024-04-25T05:26:22.377 INFO:teuthology.orchestra.run.smithi029.stdout:/usr/bin/ceph: stderr
2024-04-25T05:26:21.426+0000 7fe5a27fc700 1 -- 172.21.15.29:0/4067033029 <== mon.0 v2:172.21.15.29:3300/0 3 ==== mon_map magic: 0 v1 ==== 229+0+0 (secure 0 0 0) 0x7fe58c011a50 con 0x7fe5a4104190
2024-04-25T05:26:22.377 INFO:teuthology.orchestra.run.smithi029.stdout:/usr/bin/ceph: stderr
2024-04-25T05:26:21.426+0000 7fe5a9fd2700 1 -- 172.21.15.29:0/4067033029 >> [v2:172.21.15.29:3300/0,v1:172.21.15.29:6789/0] conn(0x7fe5a4104190 msgr2=0x7fe5a41045a0 secure :-1 s=STATE_CONNECTION_ESTABLISHED l=1).mark_down
2024-04-25T05:26:22.377 INFO:teuthology.orchestra.run.smithi029.stdout:/usr/bin/ceph: stderr
2024-04-25T05:26:21.426+0000 7fe5a9fd2700 1 --2- 172.21.15.29:0/4067033029 >> [v2:172.21.15.29:3300/0,v1:172.21.15.29:6789/0] conn(0x7fe5a4104190 0x7fe5a41045a0 secure :-1 s=READY pgs=18 cs=0 l=1 rev1=1 crypto rx=0x7fe58c0098a0 tx=0x7fe58c009bb0 comp rx=0 tx=0).stop
2024-04-25T05:26:22.378 INFO:teuthology.orchestra.run.smithi029.stdout:/usr/bin/ceph: stderr
2024-04-25T05:26:21.427+0000 7fe5a9fd2700 1 -- 172.21.15.29:0/4067033029 shutdown_connections
2024-04-25T05:26:22.378 INFO:teuthology.orchestra.run.smithi029.stdout:/usr/bin/ceph: stderr
2024-04-25T05:26:21.427+0000 7fe5a9fd2700 1 --2- 172.21.15.29:0/4067033029 >> [v2:172.21.15.29:3300/0,v1:172.21.15.29:6789/0] conn(0x7fe5a4104190 0x7fe5a41045a0 unknown :-1 s=CLOSED pgs=18 cs=0 l=1 rev1=1 crypto rx=0 tx=0 comp rx=0 tx=0).stop
2024-04-25T05:26:22.378 INFO:teuthology.orchestra.run.smithi029.stdout:/usr/bin/ceph: stderr
2024-04-25T05:26:21.427+0000 7fe5a9fd2700 1 -- 172.21.15.29:0/4067033029 >> 172.21.15.29:0/4067033029 conn(0x7fe5a40ff7e0 msgr2=0x7fe5a4101c10 unknown :-1 s=STATE_NONE l=0).mark_down
2024-04-25T05:26:22.378 INFO:teuthology.orchestra.run.smithi029.stdout:/usr/bin/ceph: stderr
2024-04-25T05:26:21.427+0000 7fe5a9fd2700 1 -- 172.21.15.29:0/4067033029 shutdown_connections
2024-04-25T05:26:22.378 INFO:teuthology.orchestra.run.smithi029.stdout:/usr/bin/ceph: stderr
2024-04-25T05:26:21.427+0000 7fe5a9fd2700 1 -- 172.21.15.29:0/4067033029 wait complete.
2024-04-25T05:26:22.378 INFO:teuthology.orchestra.run.smithi029.stdout:/usr/bin/ceph: stderr
2024-04-25T05:26:21.427+0000 7fe5a9fd2700 1 Processor -- start
2024-04-25T05:26:22.378 INFO:teuthology.orchestra.run.smithi029.stdout:/usr/bin/ceph: stderr
2024-04-25T05:26:21.428+0000 7fe5a9fd2700 1 -- start start
2024-04-25T05:26:22.378 INFO:teuthology.orchestra.run.smithi029.stdout:/usr/bin/ceph: stderr
2024-04-25T05:26:21.428+0000 7fe5a9fd2700 1 --2- >> [v2:172.21.15.29:3300/0,v1:172.21.15.29:6789/0] conn(0x7fe5a4104190 0x7fe5a4199830 unknown :-1 s=NONE pgs=0 cs=0 l=1 rev1=0 crypto rx=0 tx=0 comp rx=0 tx=0).connect
2024-04-25T05:26:22.378 INFO:teuthology.orchestra.run.smithi029.stdout:/usr/bin/ceph: stderr
2024-04-25T05:26:21.428+0000 7fe5a9fd2700 1 -- --> [v2:172.21.15.29:3300/0,v1:172.21.15.29:6789/0] -- mon_getmap magic: 0 v1 -- 0x7fe5a4199d70 con 0x7fe5a4104190
2024-04-25T05:26:22.378 INFO:teuthology.orchestra.run.smithi029.stdout:/usr/bin/ceph: stderr
2024-04-25T05:26:21.428+0000 7fe5a37fe700 1 --2- >> [v2:172.21.15.29:3300/0,v1:172.21.15.29:6789/0] conn(0x7fe5a4104190 0x7fe5a4199830 unknown :-1 s=BANNER_CONNECTING pgs=0 cs=0 l=1 rev1=0 crypto rx=0 tx=0 comp rx=0 tx=0)._handle_peer_banner_payload supported=3 required=0
2024-04-25T05:26:22.378 INFO:teuthology.orchestra.run.smithi029.stdout:/usr/bin/ceph: stderr
2024-04-25T05:26:21.428+0000 7fe5a37fe700 1 --2- >> [v2:172.21.15.29:3300/0,v1:172.21.15.29:6789/0] conn(0x7fe5a4104190 0x7fe5a4199830 unknown :-1 s=HELLO_CONNECTING pgs=0 cs=0 l=1 rev1=1 crypto rx=0 tx=0 comp rx=0 tx=0).handle_hello peer v2:172.21.15.29:3300/0 says I am v2:172.21.15.29:41162/0 (socket says 172.21.15.29:41162)
2024-04-25T05:26:22.378 INFO:teuthology.orchestra.run.smithi029.stdout:/usr/bin/ceph: stderr
2024-04-25T05:26:21.428+0000 7fe5a37fe700 1 -- 172.21.15.29:0/2026641246 learned_addr learned my addr 172.21.15.29:0/2026641246 (peer_addr_for_me v2:172.21.15.29:0/0)
2024-04-25T05:26:22.378 INFO:teuthology.orchestra.run.smithi029.stdout:/usr/bin/ceph: stderr
2024-04-25T05:26:21.428+0000 7fe5a37fe700 1 -- 172.21.15.29:0/2026641246 --> [v2:172.21.15.29:3300/0,v1:172.21.15.29:6789/0] -- mon_subscribe({config=0+,monmap=0+}) v3 -- 0x7fe58c009550 con 0x7fe5a4104190
2024-04-25T05:26:22.379 INFO:teuthology.orchestra.run.smithi029.stdout:/usr/bin/ceph: stderr
2024-04-25T05:26:21.428+0000 7fe5a37fe700 1 --2- 172.21.15.29:0/2026641246 >> [v2:172.21.15.29:3300/0,v1:172.21.15.29:6789/0] conn(0x7fe5a4104190 0x7fe5a4199830 secure :-1 s=READY pgs=19 cs=0 l=1 rev1=1 crypto rx=0x7fe58c000c00 tx=0x7fe58c011ab0 comp rx=0 tx=0).ready entity=mon.0 client_cookie=0 server_cookie=0 in_seq=0 out_seq=0
2024-04-25T05:26:22.379 INFO:teuthology.orchestra.run.smithi029.stdout:/usr/bin/ceph: stderr
2024-04-25T05:26:21.428+0000 7fe5a0ff9700 1 -- 172.21.15.29:0/2026641246 <== mon.0 v2:172.21.15.29:3300/0 1 ==== mon_map magic: 0 v1 ==== 229+0+0 (secure 0 0 0) 0x7fe58c003b90 con 0x7fe5a4104190
2024-04-25T05:26:22.379 INFO:teuthology.orchestra.run.smithi029.stdout:/usr/bin/ceph: stderr
2024-04-25T05:26:21.429+0000 7fe5a0ff9700 1 -- 172.21.15.29:0/2026641246 <== mon.0 v2:172.21.15.29:3300/0 2 ==== config(27 keys) v1 ==== 1037+0+0 (secure 0 0 0) 0x7fe58c0248b0 con 0x7fe5a4104190
2024-04-25T05:26:22.379 INFO:teuthology.orchestra.run.smithi029.stdout:/usr/bin/ceph: stderr
2024-04-25T05:26:21.429+0000 7fe5a9fd2700 1 -- 172.21.15.29:0/2026641246 --> [v2:172.21.15.29:3300/0,v1:172.21.15.29:6789/0] -- mon_subscribe({mgrmap=0+}) v3 -- 0x7fe5a4199f70 con 0x7fe5a4104190
2024-04-25T05:26:22.379 INFO:teuthology.orchestra.run.smithi029.stdout:/usr/bin/ceph: stderr
2024-04-25T05:26:21.429+0000 7fe5a0ff9700 1 -- 172.21.15.29:0/2026641246 <== mon.0 v2:172.21.15.29:3300/0 3 ==== mon_map magic: 0 v1 ==== 229+0+0 (secure 0 0 0) 0x7fe58c01a8e0 con 0x7fe5a4104190
2024-04-25T05:26:22.379 INFO:teuthology.orchestra.run.smithi029.stdout:/usr/bin/ceph: stderr
2024-04-25T05:26:21.429+0000 7fe5a9fd2700 1 -- 172.21.15.29:0/2026641246 --> [v2:172.21.15.29:3300/0,v1:172.21.15.29:6789/0] -- mon_subscribe({osdmap=0}) v3 -- 0x7fe5a419a390 con 0x7fe5a4104190
2024-04-25T05:26:22.379 INFO:teuthology.orchestra.run.smithi029.stdout:/usr/bin/ceph: stderr
2024-04-25T05:26:21.429+0000 7fe5a0ff9700 1 -- 172.21.15.29:0/2026641246 <== mon.0 v2:172.21.15.29:3300/0 4 ==== mgrmap(e 4) v1 ==== 45073+0+0 (secure 0 0 0) 0x7fe58c01ab50 con 0x7fe5a4104190
2024-04-25T05:26:22.379 INFO:teuthology.orchestra.run.smithi029.stdout:/usr/bin/ceph: stderr
2024-04-25T05:26:21.430+0000 7fe5a0ff9700 1 --2- 172.21.15.29:0/2026641246 >> [v2:172.21.15.29:6800/3312501560,v1:172.21.15.29:6801/3312501560] conn(0x7fe5900383f0 0x7fe59003a8a0 unknown :-1 s=NONE pgs=0 cs=0 l=1 rev1=0 crypto rx=0 tx=0 comp rx=0 tx=0).connect
2024-04-25T05:26:22.379 INFO:teuthology.orchestra.run.smithi029.stdout:/usr/bin/ceph: stderr
