2024-05-08T06:57:31.719+0000 7f92d0ff9700 1 -- 172.21.15.39:0/3677645336 <== mon.0 v2:172.21.15.39:3300/0 5 ==== osd_map(2..2 src has 1..2) v4 ==== 940+0+0 (secure 0 0 0) 0x7f92c404c170 con 0x7f92d4104e50
2024-05-08T06:57:38.186 INFO:teuthology.orchestra.run.smithi039.stdout:/usr/bin/ceph: stderr
2024-05-08T06:57:31.719+0000 7f92d2ffd700 1 -- 172.21.15.39:0/3677645336 >> [v2:172.21.15.39:6800/1517599895,v1:172.21.15.39:6801/1517599895] conn(0x7f92bc038370 msgr2=0x7f92bc03a830 unknown :-1 s=STATE_CONNECTING_RE l=1).process reconnect failed to v2:172.21.15.39:6800/1517599895
2024-05-08T06:57:38.187 INFO:teuthology.orchestra.run.smithi039.stdout:/usr/bin/ceph: stderr
2024-05-08T06:57:31.719+0000 7f92d2ffd700 1 --2- 172.21.15.39:0/3677645336 >> [v2:172.21.15.39:6800/1517599895,v1:172.21.15.39:6801/1517599895] conn(0x7f92bc038370 0x7f92bc03a830 unknown :-1 s=START_CONNECT pgs=0 cs=0 l=1 rev1=0 crypto rx=0 tx=0 comp rx=0 tx=0)._fault waiting 0.200000
2024-05-08T06:57:38.187 INFO:teuthology.orchestra.run.smithi039.stdout:/usr/bin/ceph: stderr
2024-05-08T06:57:31.920+0000 7f92d2ffd700 1 -- 172.21.15.39:0/3677645336 >> [v2:172.21.15.39:6800/1517599895,v1:172.21.15.39:6801/1517599895] conn(0x7f92bc038370 msgr2=0x7f92bc03a830 unknown :-1 s=STATE_CONNECTING_RE l=1).process reconnect failed to v2:172.21.15.39:6800/1517599895
2024-05-08T06:57:38.187 INFO:teuthology.orchestra.run.smithi039.stdout:/usr/bin/ceph: stderr
2024-05-08T06:57:31.920+0000 7f92d2ffd700 1 --2- 172.21.15.39:0/3677645336 >> [v2:172.21.15.39:6800/1517599895,v1:172.21.15.39:6801/1517599895] conn(0x7f92bc038370 0x7f92bc03a830 unknown :-1 s=START_CONNECT pgs=0 cs=0 l=1 rev1=0 crypto rx=0 tx=0 comp rx=0 tx=0)._fault waiting 0.400000
2024-05-08T06:57:38.187 INFO:teuthology.orchestra.run.smithi039.stdout:/usr/bin/ceph: stderr
2024-05-08T06:57:32.321+0000 7f92d2ffd700 1 -- 172.21.15.39:0/3677645336 >> [v2:172.21.15.39:6800/1517599895,v1:172.21.15.39:6801/1517599895] conn(0x7f92bc038370 msgr2=0x7f92bc03a830 unknown :-1 s=STATE_CONNECTING_RE l=1).process reconnect failed to v2:172.21.15.39:6800/1517599895
2024-05-08T06:57:38.187 INFO:teuthology.orchestra.run.smithi039.stdout:/usr/bin/ceph: stderr
2024-05-08T06:57:32.321+0000 7f92d2ffd700 1 --2- 172.21.15.39:0/3677645336 >> [v2:172.21.15.39:6800/1517599895,v1:172.21.15.39:6801/1517599895] conn(0x7f92bc038370 0x7f92bc03a830 unknown :-1 s=START_CONNECT pgs=0 cs=0 l=1 rev1=0 crypto rx=0 tx=0 comp rx=0 tx=0)._fault waiting 0.800000
2024-05-08T06:57:38.187 INFO:teuthology.orchestra.run.smithi039.stdout:/usr/bin/ceph: stderr
2024-05-08T06:57:33.122+0000 7f92d2ffd700 1 -- 172.21.15.39:0/3677645336 >> [v2:172.21.15.39:6800/1517599895,v1:172.21.15.39:6801/1517599895] conn(0x7f92bc038370 msgr2=0x7f92bc03a830 unknown :-1 s=STATE_CONNECTING_RE l=1).process reconnect failed to v2:172.21.15.39:6800/1517599895
2024-05-08T06:57:38.187 INFO:teuthology.orchestra.run.smithi039.stdout:/usr/bin/ceph: stderr
2024-05-08T06:57:33.122+0000 7f92d2ffd700 1 --2- 172.21.15.39:0/3677645336 >> [v2:172.21.15.39:6800/1517599895,v1:172.21.15.39:6801/1517599895] conn(0x7f92bc038370 0x7f92bc03a830 unknown :-1 s=START_CONNECT pgs=0 cs=0 l=1 rev1=0 crypto rx=0 tx=0 comp rx=0 tx=0)._fault waiting 1.600000
2024-05-08T06:57:38.187 INFO:teuthology.orchestra.run.smithi039.stdout:/usr/bin/ceph: stderr
2024-05-08T06:57:34.723+0000 7f92d2ffd700 1 -- 172.21.15.39:0/3677645336 >> [v2:172.21.15.39:6800/1517599895,v1:172.21.15.39:6801/1517599895] conn(0x7f92bc038370 msgr2=0x7f92bc03a830 unknown :-1 s=STATE_CONNECTING_RE l=1).process reconnect failed to v2:172.21.15.39:6800/1517599895
2024-05-08T06:57:38.187 INFO:teuthology.orchestra.run.smithi039.stdout:/usr/bin/ceph: stderr
2024-05-08T06:57:34.723+0000 7f92d2ffd700 1 --2- 172.21.15.39:0/3677645336 >> [v2:172.21.15.39:6800/1517599895,v1:172.21.15.39:6801/1517599895] conn(0x7f92bc038370 0x7f92bc03a830 unknown :-1 s=START_CONNECT pgs=0 cs=0 l=1 rev1=0 crypto rx=0 tx=0 comp rx=0 tx=0)._fault waiting 3.200000
2024-05-08T06:57:38.187 INFO:teuthology.orchestra.run.smithi039.stdout:/usr/bin/ceph: stderr
2024-05-08T06:57:36.378+0000 7f92d0ff9700 1 -- 172.21.15.39:0/3677645336 <== mon.0 v2:172.21.15.39:3300/0 6 ==== mgrmap(e 10) v1 ==== 45063+0+0 (secure 0 0 0) 0x7f92c402ad00 con 0x7f92d4104e50
2024-05-08T06:57:38.187 INFO:teuthology.orchestra.run.smithi039.stdout:/usr/bin/ceph: stderr
2024-05-08T06:57:36.378+0000 7f92d0ff9700 1 -- 172.21.15.39:0/3677645336 >> [v2:172.21.15.39:6800/1517599895,v1:172.21.15.39:6801/1517599895] conn(0x7f92bc038370 msgr2=0x7f92bc03a830 unknown :-1 s=STATE_CONNECTING l=1).mark_down
2024-05-08T06:57:38.187 INFO:teuthology.orchestra.run.smithi039.stdout:/usr/bin/ceph: stderr
2024-05-08T06:57:36.378+0000 7f92d0ff9700 1 --2- 172.21.15.39:0/3677645336 >> [v2:172.21.15.39:6800/1517599895,v1:172.21.15.39:6801/1517599895] conn(0x7f92bc038370 0x7f92bc03a830 unknown :-1 s=START_CONNECT pgs=0 cs=0 l=1 rev1=0 crypto rx=0 tx=0 comp rx=0 tx=0).stop
2024-05-08T06:57:38.187 INFO:teuthology.orchestra.run.smithi039.stdout:/usr/bin/ceph: stderr
2024-05-08T06:57:37.379+0000 7f92d0ff9700 1 -- 172.21.15.39:0/3677645336 <== mon.0 v2:172.21.15.39:3300/0 7 ==== mgrmap(e 11) v1 ==== 45190+0+0 (secure 0 0 0) 0x7f92c4016d40 con 0x7f92d4104e50
2024-05-08T06:57:38.187 INFO:teuthology.orchestra.run.smithi039.stdout:/usr/bin/ceph: stderr
2024-05-08T06:57:37.379+0000 7f92d0ff9700 1 --2- 172.21.15.39:0/3677645336 >> [v2:172.21.15.39:6800/205777408,v1:172.21.15.39:6801/205777408] conn(0x7f92bc03bde0 0x7f92bc03e1d0 unknown :-1 s=NONE pgs=0 cs=0 l=1 rev1=0 crypto rx=0 tx=0 comp rx=0 tx=0).connect
2024-05-08T06:57:38.188 INFO:teuthology.orchestra.run.smithi039.stdout:/usr/bin/ceph: stderr
2024-05-08T06:57:37.379+0000 7f92d0ff9700 1 -- 172.21.15.39:0/3677645336 --> [v2:172.21.15.39:6800/205777408,v1:172.21.15.39:6801/205777408] -- command(tid 0: {"prefix": "get_command_descriptions"}) v1 -- 0x7f92bc03af40 con 0x7f92bc03bde0
2024-05-08T06:57:38.188 INFO:teuthology.orchestra.run.smithi039.stdout:/usr/bin/ceph: stderr
2024-05-08T06:57:37.380+0000 7f92d2ffd700 1 --2- 172.21.15.39:0/3677645336 >> [v2:172.21.15.39:6800/205777408,v1:172.21.15.39:6801/205777408] conn(0x7f92bc03bde0 0x7f92bc03e1d0 unknown :-1 s=BANNER_CONNECTING pgs=0 cs=0 l=1 rev1=0 crypto rx=0 tx=0 comp rx=0 tx=0)._handle_peer_banner_payload supported=3 required=0
2024-05-08T06:57:38.188 INFO:teuthology.orchestra.run.smithi039.stdout:/usr/bin/ceph: stderr
2024-05-08T06:57:37.381+0000 7f92d2ffd700 1 --2- 172.21.15.39:0/3677645336 >> [v2:172.21.15.39:6800/205777408,v1:172.21.15.39:6801/205777408] conn(0x7f92bc03bde0 0x7f92bc03e1d0 secure :-1 s=READY pgs=3 cs=0 l=1 rev1=1 crypto rx=0x7f92c8003a10 tx=0x7f92c80092b0 comp rx=0 tx=0).ready entity=mgr.14164 client_cookie=0 server_cookie=0 in_seq=0 out_seq=0
2024-05-08T06:57:38.188 INFO:teuthology.orchestra.run.smithi039.stdout:/usr/bin/ceph: stderr
2024-05-08T06:57:37.381+0000 7f92d0ff9700 1 -- 172.21.15.39:0/3677645336 <== mgr.14164 v2:172.21.15.39:6800/205777408 1 ==== command_reply(tid 0: 0 ) v1 ==== 8+0+6910 (secure 0 0 0) 0x7f92bc03af40 con 0x7f92bc03bde0
2024-05-08T06:57:38.188 INFO:teuthology.orchestra.run.smithi039.stdout:/usr/bin/ceph: stderr
2024-05-08T06:57:37.387+0000 7f92d9c33700 1 -- 172.21.15.39:0/3677645336 --> [v2:172.21.15.39:6800/205777408,v1:172.21.15.39:6801/205777408] -- command(tid 1: {"prefix": "mgr_status"}) v1 -- 0x7f92d419d6e0 con 0x7f92bc03bde0
2024-05-08T06:57:38.188 INFO:teuthology.orchestra.run.smithi039.stdout:/usr/bin/ceph: stderr
2024-05-08T06:57:37.388+0000 7f92d0ff9700 1 -- 172.21.15.39:0/3677645336 <== mgr.14164 v2:172.21.15.39:6800/205777408 2 ==== command_reply(tid 1: 0 ) v1 ==== 8+0+52 (secure 0 0 0) 0x7f92d419d6e0 con 0x7f92bc03bde0
2024-05-08T06:57:38.188 INFO:teuthology.orchestra.run.smithi039.stdout:/usr/bin/ceph: stderr
2024-05-08T06:57:37.388+0000 7f92d9c33700 1 -- 172.21.15.39:0/3677645336 >> [v2:172.21.15.39:6800/205777408,v1:172.21.15.39:6801/205777408] conn(0x7f92bc03bde0 msgr2=0x7f92bc03e1d0 secure :-1 s=STATE_CONNECTION_ESTABLISHED l=1).mark_down
2024-05-08T06:57:38.188 INFO:teuthology.orchestra.run.smithi039.stdout:/usr/bin/ceph: stderr
2024-05-08T06:57:37.388+0000 7f92d9c33700 1 --2- 172.21.15.39:0/3677645336 >> [v2:172.21.15.39:6800/205777408,v1:172.21.15.39:6801/205777408] conn(0x7f92bc03bde0 0x7f92bc03e1d0 secure :-1 s=READY pgs=3 cs=0 l=1 rev1=1 crypto rx=0x7f92c8003a10 tx=0x7f92c80092b0 comp rx=0 tx=0).stop
2024-05-08T06:57:38.188 INFO:teuthology.orchestra.run.smithi039.stdout:/usr/bin/ceph: stderr
2024-05-08T06:57:37.388+0000 7f92d9c33700 1 -- 172.21.15.39:0/3677645336 >> [v2:172.21.15.39:3300/0,v1:172.21.15.39:6789/0] conn(0x7f92d4104e50 msgr2=0x7f92d419c3a0 secure :-1 s=STATE_CONNECTION_ESTABLISHED l=1).mark_down
2024-05-08T06:57:38.188 INFO:teuthology.orchestra.run.smithi039.stdout:/usr/bin/ceph: stderr
2024-05-08T06:57:37.388+0000 7f92d9c33700 1 --2- 172.21.15.39:0/3677645336 >> [v2:172.21.15.39:3300/0,v1:172.21.15.39:6789/0] conn(0x7f92d4104e50 0x7f92d419c3a0 secure :-1 s=READY pgs=74 cs=0 l=1 rev1=1 crypto rx=0x7f92c4011ad0 tx=0x7f92c4011bb0 comp rx=0 tx=0).stop
2024-05-08T06:57:38.188 INFO:teuthology.orchestra.run.smithi039.stdout:/usr/bin/ceph: stderr
2024-05-08T06:57:37.388+0000 7f92d9c33700 1 -- 172.21.15.39:0/3677645336 shutdown_connections
2024-05-08T06:57:38.188 INFO:teuthology.orchestra.run.smithi039.stdout:/usr/bin/ceph: stderr
2024-05-08T06:57:37.388+0000 7f92d9c33700 1 --2- 172.21.15.39:0/3677645336 >> [v2:172.21.15.39:6800/205777408,v1:172.21.15.39:6801/205777408] conn(0x7f92bc03bde0 0x7f92bc03e1d0 unknown :-1 s=CLOSED pgs=3 cs=0 l=1 rev1=1 crypto rx=0 tx=0 comp rx=0 tx=0).stop
2024-05-08T06:57:38.189 INFO:teuthology.orchestra.run.smithi039.stdout:/usr/bin/ceph: stderr
2024-05-08T06:57:37.388+0000 7f92d9c33700 1 --2- 172.21.15.39:0/3677645336 >> [v2:172.21.15.39:3300/0,v1:172.21.15.39:6789/0] conn(0x7f92d4104e50 0x7f92d419c3a0 unknown :-1 s=CLOSED pgs=74 cs=0 l=1 rev1=1 crypto rx=0 tx=0 comp rx=0 tx=0).stop
2024-05-08T06:57:38.189 INFO:teuthology.orchestra.run.smithi039.stdout:/usr/bin/ceph: stderr
2024-05-08T06:57:37.388+0000 7f92d9c33700 1 --2- 172.21.15.39:0/3677645336 >> [v2:172.21.15.39:6800/1517599895,v1:172.21.15.39:6801/1517599895] conn(0x7f92bc038370 0x7f92bc03a830 unknown :-1 s=CLOSED pgs=0 cs=0 l=1 rev1=0 crypto rx=0 tx=0 comp rx=0 tx=0).stop
2024-05-08T06:57:38.189 INFO:teuthology.orchestra.run.smithi039.stdout:/usr/bin/ceph: stderr
2024-05-08T06:57:37.388+0000 7f92d9c33700 1 -- 172.21.15.39:0/3677645336 >> 172.21.15.39:0/3677645336 conn(0x7f92d41009f0 msgr2=0x7f92d4190a10 unknown :-1 s=STATE_NONE l=0).mark_down
2024-05-08T06:57:38.189 INFO:teuthology.orchestra.run.smithi039.stdout:/usr/bin/ceph: stderr
2024-05-08T06:57:37.388+0000 7f92d9c33700 1 -- 172.21.15.39:0/3677645336 shutdown_connections
2024-05-08T06:57:38.189 INFO:teuthology.orchestra.run.smithi039.stdout:/usr/bin/ceph: stderr
2024-05-08T06:57:37.388+0000 7f92d9c33700 1 -- 172.21.15.39:0/3677645336 wait complete.
2024-05-08T06:57:38.189 INFO:teuthology.orchestra.run.smithi039.stdout:mgr epoch 9 is available
2024-05-08T06:57:38.189 INFO:teuthology.orchestra.run.smithi039.stdout:Generating a dashboard self-signed certificate...
2024-05-08T06:57:38.602 INFO:journalctl@ceph.mon.smithi039.smithi039.stdout:May 08 06:57:38 smithi039 ceph-mon[27296]: from='client.14168 -' entity='client.admin' cmd=[{"prefix": "get_command_descriptions"}]: dispatch
2024-05-08T06:57:38.602 INFO:journalctl@ceph.mon.smithi039.smithi039.stdout:May 08 06:57:38 smithi039 ceph-mon[27296]: mgrmap e11: smithi039.weeaqa(active, since 1.00596s)
2024-05-08T06:57:38.602 INFO:journalctl@ceph.mon.smithi039.smithi039.stdout:May 08 06:57:38 smithi039 ceph-mon[27296]: from='client.14168 -' entity='client.admin' cmd=[{"prefix": "mgr_status"}]: dispatch
2024-05-08T06:57:38.603 INFO:journalctl@ceph.mon.smithi039.smithi039.stdout:May 08 06:57:38 smithi039 ceph-mon[27296]: from='mgr.14164 172.21.15.39:0/2687577557' entity='mgr.smithi039.weeaqa'
2024-05-08T06:57:39.647 INFO:journalctl@ceph.mon.smithi039.smithi039.stdout:May 08 06:57:39 smithi039 ceph-mon[27296]: [08/May/2024:06:57:37] ENGINE Bus STARTING
2024-05-08T06:57:39.647 INFO:journalctl@ceph.mon.smithi039.smithi039.stdout:May 08 06:57:39 smithi039 ceph-mon[27296]: [08/May/2024:06:57:37] ENGINE Serving on http://172.21.15.39:8765
2024-05-08T06:57:39.647 INFO:journalctl@ceph.mon.smithi039.smithi039.stdout:May 08 06:57:39 smithi039 ceph-mon[27296]: [08/May/2024:06:57:37] ENGINE Serving on https://172.21.15.39:7150
2024-05-08T06:57:39.647 INFO:journalctl@ceph.mon.smithi039.smithi039.stdout:May 08 06:57:39 smithi039 ceph-mon[27296]: [08/May/2024:06:57:37] ENGINE Bus STARTED
2024-05-08T06:57:39.647 INFO:journalctl@ceph.mon.smithi039.smithi039.stdout:May 08 06:57:39 smithi039 ceph-mon[27296]: from='mgr.14164 172.21.15.39:0/2687577557' entity='mgr.smithi039.weeaqa'
2024-05-08T06:57:39.647 INFO:journalctl@ceph.mon.smithi039.smithi039.stdout:May 08 06:57:39 smithi039 ceph-mon[27296]: mgrmap e12: smithi039.weeaqa(active, since 2s)
2024-05-08T06:57:39.648 INFO:journalctl@ceph.mon.smithi039.smithi039.stdout:May 08 06:57:39 smithi039 ceph-mon[27296]: from='mgr.14164 172.21.15.39:0/2687577557' entity='mgr.smithi039.weeaqa'
2024-05-08T06:57:39.648 INFO:journalctl@ceph.mon.smithi039.smithi039.stdout:May 08 06:57:39 smithi039 ceph-mon[27296]: from='mgr.14164 172.21.15.39:0/2687577557' entity='mgr.smithi039.weeaqa'
2024-05-08T06:57:39.655 INFO:teuthology.orchestra.run.smithi039.stdout:/usr/bin/ceph: stdout Self-signed certificate created
2024-05-08T06:57:39.655 INFO:teuthology.orchestra.run.smithi039.stdout:/usr/bin/ceph: stderr
2024-05-08T06:57:38.611+0000 7fa715d06700 1 Processor -- start
2024-05-08T06:57:39.655 INFO:teuthology.orchestra.run.smithi039.stdout:/usr/bin/ceph: stderr
2024-05-08T06:57:38.611+0000 7fa715d06700 1 -- start start
2024-05-08T06:57:39.655 INFO:teuthology.orchestra.run.smithi039.stdout:/usr/bin/ceph: stderr
2024-05-08T06:57:38.611+0000 7fa715d06700 1 --2- >> [v2:172.21.15.39:3300/0,v1:172.21.15.39:6789/0] conn(0x7fa7101053c0 0x7fa7101057e0 unknown :-1 s=NONE pgs=0 cs=0 l=0 rev1=0 crypto rx=0 tx=0 comp rx=0 tx=0).connect
2024-05-08T06:57:39.655 INFO:teuthology.orchestra.run.smithi039.stdout:/usr/bin/ceph: stderr
2024-05-08T06:57:38.611+0000 7fa715d06700 1 -- --> [v2:172.21.15.39:3300/0,v1:172.21.15.39:6789/0] -- mon_getmap magic: 0 v1 -- 0x7fa710105db0 con 0x7fa7101053c0
2024-05-08T06:57:39.655 INFO:teuthology.orchestra.run.smithi039.stdout:/usr/bin/ceph: stderr
2024-05-08T06:57:38.612+0000 7fa70f7fe700 1 --2- >> [v2:172.21.15.39:3300/0,v1:172.21.15.39:6789/0] conn(0x7fa7101053c0 0x7fa7101057e0 unknown :-1 s=BANNER_CONNECTING pgs=0 cs=0 l=0 rev1=0 crypto rx=0 tx=0 comp rx=0 tx=0)._handle_peer_banner_payload supported=3 required=0
2024-05-08T06:57:39.655 INFO:teuthology.orchestra.run.smithi039.stdout:/usr/bin/ceph: stderr
2024-05-08T06:57:38.612+0000 7fa70f7fe700 1 --2- >> [v2:172.21.15.39:3300/0,v1:172.21.15.39:6789/0] conn(0x7fa7101053c0 0x7fa7101057e0 unknown :-1 s=HELLO_CONNECTING pgs=0 cs=0 l=0 rev1=1 crypto rx=0 tx=0 comp rx=0 tx=0).handle_hello peer v2:172.21.15.39:3300/0 says I am v2:172.21.15.39:56246/0 (socket says 172.21.15.39:56246)
2024-05-08T06:57:39.655 INFO:teuthology.orchestra.run.smithi039.stdout:/usr/bin/ceph: stderr
2024-05-08T06:57:38.612+0000 7fa70f7fe700 1 -- 172.21.15.39:0/2282454447 learned_addr learned my addr 172.21.15.39:0/2282454447 (peer_addr_for_me v2:172.21.15.39:0/0)
2024-05-08T06:57:39.655 INFO:teuthology.orchestra.run.smithi039.stdout:/usr/bin/ceph: stderr
2024-05-08T06:57:38.612+0000 7fa70f7fe700 1 -- 172.21.15.39:0/2282454447 --> [v2:172.21.15.39:3300/0,v1:172.21.15.39:6789/0] -- mon_subscribe({config=0+,monmap=0+}) v3 -- 0x7fa7101065c0 con 0x7fa7101053c0
2024-05-08T06:57:39.655 INFO:teuthology.orchestra.run.smithi039.stdout:/usr/bin/ceph: stderr
2024-05-08T06:57:38.612+0000 7fa70f7fe700 1 --2- 172.21.15.39:0/2282454447 >> [v2:172.21.15.39:3300/0,v1:172.21.15.39:6789/0] conn(0x7fa7101053c0 0x7fa7101057e0 secure :-1 s=READY pgs=82 cs=0 l=1 rev1=1 crypto rx=0x7fa700009e80 tx=0x7fa70000b330 comp rx=0 tx=0).ready entity=mon.0 client_cookie=6c9cbe701ac41407 server_cookie=0 in_seq=0 out_seq=0
2024-05-08T06:57:39.655 INFO:teuthology.orchestra.run.smithi039.stdout:/usr/bin/ceph: stderr
2024-05-08T06:57:38.612+0000 7fa70e7fc700 1 -- 172.21.15.39:0/2282454447 <== mon.0 v2:172.21.15.39:3300/0 1 ==== mon_map magic: 0 v1 ==== 229+0+0 (secure 0 0 0) 0x7fa70000e070 con 0x7fa7101053c0
2024-05-08T06:57:39.655 INFO:teuthology.orchestra.run.smithi039.stdout:/usr/bin/ceph: stderr
2024-05-08T06:57:38.612+0000 7fa70e7fc700 1 -- 172.21.15.39:0/2282454447 <== mon.0 v2:172.21.15.39:3300/0 2 ==== config(27 keys) v1 ==== 1101+0+0 (secure 0 0 0) 0x7fa70000b8c0 con 0x7fa7101053c0
2024-05-08T06:57:39.656 INFO:teuthology.orchestra.run.smithi039.stdout:/usr/bin/ceph: stderr
2024-05-08T06:57:38.612+0000 7fa70e7fc700 1 -- 172.21.15.39:0/2282454447 <== mon.0 v2:172.21.15.39:3300/0 3 ==== mon_map magic: 0 v1 ==== 229+0+0 (secure 0 0 0) 0x7fa7000044d0 con 0x7fa7101053c0
2024-05-08T06:57:39.656 INFO:teuthology.orchestra.run.smithi039.stdout:/usr/bin/ceph: stderr
2024-05-08T06:57:38.613+0000 7fa715d06700 1 -- 172.21.15.39:0/2282454447 >> [v2:172.21.15.39:3300/0,v1:172.21.15.39:6789/0] conn(0x7fa7101053c0 msgr2=0x7fa7101057e0 secure :-1 s=STATE_CONNECTION_ESTABLISHED l=1).mark_down
2024-05-08T06:57:39.656 INFO:teuthology.orchestra.run.smithi039.stdout:/usr/bin/ceph: stderr
2024-05-08T06:57:38.613+0000 7fa715d06700 1 --2- 172.21.15.39:0/2282454447 >> [v2:172.21.15.39:3300/0,v1:172.21.15.39:6789/0] conn(0x7fa7101053c0 0x7fa7101057e0 secure :-1 s=READY pgs=82 cs=0 l=1 rev1=1 crypto rx=0x7fa700009e80 tx=0x7fa70000b330 comp rx=0 tx=0).stop
2024-05-08T06:57:39.656 INFO:teuthology.orchestra.run.smithi039.stdout:/usr/bin/ceph: stderr
2024-05-08T06:57:38.613+0000 7fa715d06700 1 -- 172.21.15.39:0/2282454447 shutdown_connections
2024-05-08T06:57:39.656 INFO:teuthology.orchestra.run.smithi039.stdout:/usr/bin/ceph: stderr
2024-05-08T06:57:38.613+0000 7fa715d06700 1 --2- 172.21.15.39:0/2282454447 >> [v2:172.21.15.39:3300/0,v1:172.21.15.39:6789/0] conn(0x7fa7101053c0 0x7fa7101057e0 unknown :-1 s=CLOSED pgs=82 cs=0 l=1 rev1=1 crypto rx=0 tx=0 comp rx=0 tx=0).stop
2024-05-08T06:57:39.656 INFO:teuthology.orchestra.run.smithi039.stdout:/usr/bin/ceph: stderr
2024-05-08T06:57:38.613+0000 7fa715d06700 1 -- 172.21.15.39:0/2282454447 >> 172.21.15.39:0/2282454447 conn(0x7fa710100940 msgr2=0x7fa710102da0 unknown :-1 s=STATE_NONE l=0).mark_down
2024-05-08T06:57:39.656 INFO:teuthology.orchestra.run.smithi039.stdout:/usr/bin/ceph: stderr
2024-05-08T06:57:38.613+0000 7fa715d06700 1 -- 172.21.15.39:0/2282454447 shutdown_connections
2024-05-08T06:57:39.656 INFO:teuthology.orchestra.run.smithi039.stdout:/usr/bin/ceph: stderr
2024-05-08T06:57:38.613+0000 7fa715d06700 1 -- 172.21.15.39:0/2282454447 wait complete.
2024-05-08T06:57:39.656 INFO:teuthology.orchestra.run.smithi039.stdout:/usr/bin/ceph: stderr
2024-05-08T06:57:38.614+0000 7fa715d06700 1 Processor -- start
2024-05-08T06:57:39.656 INFO:teuthology.orchestra.run.smithi039.stdout:/usr/bin/ceph: stderr
2024-05-08T06:57:38.614+0000 7fa715d06700 1 -- start start
2024-05-08T06:57:39.656 INFO:teuthology.orchestra.run.smithi039.stdout:/usr/bin/ceph: stderr
2024-05-08T06:57:38.614+0000 7fa715d06700 1 --2- >> [v2:172.21.15.39:3300/0,v1:172.21.15.39:6789/0] conn(0x7fa7101053c0 0x7fa710197f00 unknown :-1 s=NONE pgs=0 cs=0 l=1 rev1=0 crypto rx=0 tx=0 comp rx=0 tx=0).connect
2024-05-08T06:57:39.656 INFO:teuthology.orchestra.run.smithi039.stdout:/usr/bin/ceph: stderr
2024-05-08T06:57:38.614+0000 7fa715d06700 1 -- --> [v2:172.21.15.39:3300/0,v1:172.21.15.39:6789/0] -- mon_getmap magic: 0 v1 -- 0x7fa710198440 con 0x7fa7101053c0
2024-05-08T06:57:39.656 INFO:teuthology.orchestra.run.smithi039.stdout:/usr/bin/ceph: stderr
2024-05-08T06:57:38.615+0000 7fa70f7fe700 1 --2- >> [v2:172.21.15.39:3300/0,v1:172.21.15.39:6789/0] conn(0x7fa7101053c0 0x7fa710197f00 unknown :-1 s=BANNER_CONNECTING pgs=0 cs=0 l=1 rev1=0 crypto rx=0 tx=0 comp rx=0 tx=0)._handle_peer_banner_payload supported=3 required=0
2024-05-08T06:57:39.656 INFO:teuthology.orchestra.run.smithi039.stdout:/usr/bin/ceph: stderr
2024-05-08T06:57:38.615+0000 7fa70f7fe700 1 --2- >> [v2:172.21.15.39:3300/0,v1:172.21.15.39:6789/0] conn(0x7fa7101053c0 0x7fa710197f00 unknown :-1 s=HELLO_CONNECTING pgs=0 cs=0 l=1 rev1=1 crypto rx=0 tx=0 comp rx=0 tx=0).handle_hello peer v2:172.21.15.39:3300/0 says I am v2:172.21.15.39:56250/0 (socket says 172.21.15.39:56250)
2024-05-08T06:57:39.656 INFO:teuthology.orchestra.run.smithi039.stdout:/usr/bin/ceph: stderr
2024-05-08T06:57:38.615+0000 7fa70f7fe700 1 -- 172.21.15.39:0/568800075 learned_addr learned my addr 172.21.15.39:0/568800075 (peer_addr_for_me v2:172.21.15.39:0/0)
2024-05-08T06:57:39.657 INFO:teuthology.orchestra.run.smithi039.stdout:/usr/bin/ceph: stderr
2024-05-08T06:57:38.615+0000 7fa70f7fe700 1 -- 172.21.15.39:0/568800075 --> [v2:172.21.15.39:3300/0,v1:172.21.15.39:6789/0] -- mon_subscribe({config=0+,monmap=0+}) v3 -- 0x7fa700009b30 con 0x7fa7101053c0
2024-05-08T06:57:39.657 INFO:teuthology.orchestra.run.smithi039.stdout:/usr/bin/ceph: stderr
2024-05-08T06:57:38.615+0000 7fa70f7fe700 1 --2- 172.21.15.39:0/568800075 >> [v2:172.21.15.39:3300/0,v1:172.21.15.39:6789/0] conn(0x7fa7101053c0 0x7fa710197f00 secure :-1 s=READY pgs=83 cs=0 l=1 rev1=1 crypto rx=0x7fa700004940 tx=0x7fa700004a20 comp rx=0 tx=0).ready entity=mon.0 client_cookie=0 server_cookie=0 in_seq=0 out_seq=0
2024-05-08T06:57:39.657 INFO:teuthology.orchestra.run.smithi039.stdout:/usr/bin/ceph: stderr
2024-05-08T06:57:38.615+0000 7fa70cff9700 1 -- 172.21.15.39:0/568800075 <== mon.0 v2:172.21.15.39:3300/0 1 ==== mon_map magic: 0 v1 ==== 229+0+0 (secure 0 0 0) 0x7fa70000e040 con 0x7fa7101053c0
2024-05-08T06:57:39.657 INFO:teuthology.orchestra.run.smithi039.stdout:/usr/bin/ceph: stderr
2024-05-08T06:57:38.615+0000 7fa70cff9700 1 -- 172.21.15.39:0/568800075 <== mon.0 v2:172.21.15.39:3300/0 2 ==== config(27 keys) v1 ==== 1101+0+0 (secure 0 0 0) 0x7fa70000bc40 con 0x7fa7101053c0
2024-05-08T06:57:39.657 INFO:teuthology.orchestra.run.smithi039.stdout:/usr/bin/ceph: stderr
2024-05-08T06:57:38.616+0000 7fa70cff9700 1 -- 172.21.15.39:0/568800075 <== mon.0 v2:172.21.15.39:3300/0 3 ==== mon_map magic: 0 v1 ==== 229+0+0 (secure 0 0 0) 0x7fa7000126e0 con 0x7fa7101053c0
2024-05-08T06:57:39.657 INFO:teuthology.orchestra.run.smithi039.stdout:/usr/bin/ceph: stderr
2024-05-08T06:57:38.616+0000 7fa715d06700 1 -- 172.21.15.39:0/568800075 --> [v2:172.21.15.39:3300/0,v1:172.21.15.39:6789/0] -- mon_subscribe({mgrmap=0+}) v3 -- 0x7fa710198640 con 0x7fa7101053c0
2024-05-08T06:57:39.657 INFO:teuthology.orchestra.run.smithi039.stdout:/usr/bin/ceph: stderr
2024-05-08T06:57:38.616+0000 7fa715d06700 1 -- 172.21.15.39:0/568800075 --> [v2:172.21.15.39:3300/0,v1:172.21.15.39:6789/0] -- mon_subscribe({osdmap=0}) v3 -- 0x7fa710198b40 con 0x7fa7101053c0
2024-05-08T06:57:39.657 INFO:teuthology.orchestra.run.smithi039.stdout:/usr/bin/ceph: stderr
2024-05-08T06:57:38.617+0000 7fa70cff9700 1 -- 172.21.15.39:0/568800075 <== mon.0 v2:172.21.15.39:3300/0 4 ==== mgrmap(e 11) v1 ==== 45190+0+0 (secure 0 0 0) 0x7fa700019040 con 0x7fa7101053c0
2024-05-08T06:57:39.657 INFO:teuthology.orchestra.run.smithi039.stdout:/usr/bin/ceph: stderr
2024-05-08T06:57:38.617+0000 7fa715d06700 1 -- 172.21.15.39:0/568800075 --> [v2:172.21.15.39:3300/0,v1:172.21.15.39:6789/0] -- mon_command({"prefix": "get_command_descriptions"} v 0) v1 -- 0x7fa710191c50 con 0x7fa7101053c0
2024-05-08T06:57:39.657 INFO:teuthology.orchestra.run.smithi039.stdout:/usr/bin/ceph: stderr
2024-05-08T06:57:38.617+0000 7fa70cff9700 1 --2- 172.21.15.39:0/568800075 >> [v2:172.21.15.39:6800/205777408,v1:172.21.15.39:6801/205777408] conn(0x7fa6f803a100 0x7fa6f803c5c0 unknown :-1 s=NONE pgs=0 cs=0 l=1 rev1=0 crypto rx=0 tx=0 comp rx=0 tx=0).connect
2024-05-08T06:57:39.657 INFO:teuthology.orchestra.run.smithi039.stdout:/usr/bin/ceph: stderr
2024-05-08T06:57:38.617+0000 7fa70cff9700 1 -- 172.21.15.39:0/568800075 <== mon.0 v2:172.21.15.39:3300/0 5 ==== osd_map(3..3 src has 1..3) v4 ==== 1155+0+0 (secure 0 0 0) 0x7fa70004b450 con 0x7fa7101053c0
2024-05-08T06:57:39.657 INFO:teuthology.orchestra.run.smithi039.stdout:/usr/bin/ceph: stderr
2024-05-08T06:57:38.617+0000 7fa70effd700 1 --2- 172.21.15.39:0/568800075 >> [v2:172.21.15.39:6800/205777408,v1:172.21.15.39:6801/205777408] conn(0x7fa6f803a100 0x7fa6f803c5c0 unknown :-1 s=BANNER_CONNECTING pgs=0 cs=0 l=1 rev1=0 crypto rx=0 tx=0 comp rx=0 tx=0)._handle_peer_banner_payload supported=3 required=0
2024-05-08T06:57:39.657 INFO:teuthology.orchestra.run.smithi039.stdout:/usr/bin/ceph: stderr
2024-05-08T06:57:38.618+0000 7fa70effd700 1 --2- 172.21.15.39:0/568800075 >> [v2:172.21.15.39:6800/205777408,v1:172.21.15.39:6801/205777408] conn(0x7fa6f803a100 0x7fa6f803c5c0 secure :-1 s=READY pgs=7 cs=0 l=1 rev1=1 crypto rx=0x7fa704006fd0 tx=0x7fa704006e40 comp rx=0 tx=0).ready entity=mgr.14164 client_cookie=0 server_cookie=0 in_seq=0 out_seq=0
2024-05-08T06:57:39.657 INFO:teuthology.orchestra.run.smithi039.stdout:/usr/bin/ceph: stderr
2024-05-08T06:57:38.622+0000 7fa70cff9700 1 -- 172.21.15.39:0/568800075 <== mon.0 v2:172.21.15.39:3300/0 6 ==== mon_command_ack([{"prefix": "get_command_descriptions"}]=0 v0) v1 ==== 72+0+180422 (secure 0 0 0) 0x7fa700011570 con 0x7fa7101053c0
2024-05-08T06:57:39.658 INFO:teuthology.orchestra.run.smithi039.stdout:/usr/bin/ceph: stderr
2024-05-08T06:57:38.834+0000 7fa70cff9700 1 -- 172.21.15.39:0/568800075 <== mon.0 v2:172.21.15.39:3300/0 7 ==== mgrmap(e 12) v1 ==== 45296+0+0 (secure 0 0 0) 0x7fa7000102f0 con 0x7fa7101053c0
2024-05-08T06:57:39.658 INFO:teuthology.orchestra.run.smithi039.stdout:/usr/bin/ceph: stderr
2024-05-08T06:57:38.846+0000 7fa715d06700 1 -- 172.21.15.39:0/568800075 --> [v2:172.21.15.39:6800/205777408,v1:172.21.15.39:6801/205777408] -- mgr_command(tid 0: {"prefix": "dashboard create-self-signed-cert", "target": ["mon-mgr", ""]}) v1 -- 0x7fa7100611d0 con 0x7fa6f803a100
2024-05-08T06:57:39.658 INFO:teuthology.orchestra.run.smithi039.stdout:/usr/bin/ceph: stderr
2024-05-08T06:57:39.079+0000 7fa70cff9700 1 -- 172.21.15.39:0/568800075 <== mgr.14164 v2:172.21.15.39:6800/205777408 1 ==== mgr_command_reply(tid 0: 0 ) v1 ==== 8+0+32 (secure 0 0 0) 0x7fa7100611d0 con 0x7fa6f803a100
2024-05-08T06:57:39.658 INFO:teuthology.orchestra.run.smithi039.stdout:/usr/bin/ceph: stderr
2024-05-08T06:57:39.081+0000 7fa715d06700 1 -- 172.21.15.39:0/568800075 >> [v2:172.21.15.39:6800/205777408,v1:172.21.15.39:6801/205777408] conn(0x7fa6f803a100 msgr2=0x7fa6f803c5c0 secure :-1 s=STATE_CONNECTION_ESTABLISHED l=1).mark_down
2024-05-08T06:57:39.658 INFO:teuthology.orchestra.run.smithi039.stdout:/usr/bin/ceph: stderr
2024-05-08T06:57:39.081+0000 7fa715d06700 1 --2- 172.21.15.39:0/568800075 >> [v2:172.21.15.39:6800/205777408,v1:172.21.15.39:6801/205777408] conn(0x7fa6f803a100 0x7fa6f803c5c0 secure :-1 s=READY pgs=7 cs=0 l=1 rev1=1 crypto rx=0x7fa704006fd0 tx=0x7fa704006e40 comp rx=0 tx=0).stop
2024-05-08T06:57:39.658 INFO:teuthology.orchestra.run.smithi039.stdout:/usr/bin/ceph: stderr
2024-05-08T06:57:39.081+0000 7fa715d06700 1 -- 172.21.15.39:0/568800075 >> [v2:172.21.15.39:3300/0,v1:172.21.15.39:6789/0] conn(0x7fa7101053c0 msgr2=0x7fa710197f00 secure :-1 s=STATE_CONNECTION_ESTABLISHED l=1).mark_down
2024-05-08T06:57:39.658 INFO:teuthology.orchestra.run.smithi039.stdout:/usr/bin/ceph: stderr
2024-05-08T06:57:39.081+0000 7fa715d06700 1 --2- 172.21.15.39:0/568800075 >> [v2:172.21.15.39:3300/0,v1:172.21.15.39:6789/0] conn(0x7fa7101053c0 0x7fa710197f00 secure :-1 s=READY pgs=83 cs=0 l=1 rev1=1 crypto rx=0x7fa700004940 tx=0x7fa700004a20 comp rx=0 tx=0).stop
2024-05-08T06:57:39.658 INFO:teuthology.orchestra.run.smithi039.stdout:/usr/bin/ceph: stderr
2024-05-08T06:57:39.081+0000 7fa715d06700 1 -- 172.21.15.39:0/568800075 shutdown_connections
2024-05-08T06:57:39.658 INFO:teuthology.orchestra.run.smithi039.stdout:/usr/bin/ceph: stderr
2024-05-08T06:57:39.081+0000 7fa715d06700 1 --2- 172.21.15.39:0/568800075 >> [v2:172.21.15.39:6800/205777408,v1:172.21.15.39:6801/205777408] conn(0x7fa6f803a100 0x7fa6f803c5c0 unknown :-1 s=CLOSED pgs=7 cs=0 l=1 rev1=1 crypto rx=0 tx=0 comp rx=0 tx=0).stop
2024-05-08T06:57:39.658 INFO:teuthology.orchestra.run.smithi039.stdout:/usr/bin/ceph: stderr
2024-05-08T06:57:39.081+0000 7fa715d06700 1 --2- 172.21.15.39:0/568800075 >> [v2:172.21.15.39:3300/0,v1:172.21.15.39:6789/0] conn(0x7fa7101053c0 0x7fa710197f00 unknown :-1 s=CLOSED pgs=83 cs=0 l=1 rev1=1 crypto rx=0 tx=0 comp rx=0 tx=0).stop
2024-05-08T06:57:39.658 INFO:teuthology.orchestra.run.smithi039.stdout:/usr/bin/ceph: stderr
2024-05-08T06:57:39.081+0000 7fa715d06700 1 -- 172.21.15.39:0/568800075 >> 172.21.15.39:0/568800075 conn(0x7fa710100940 msgr2=0x7fa71018ed90 unknown :-1 s=STATE_NONE l=0).mark_down
2024-05-08T06:57:39.658 INFO:teuthology.orchestra.run.smithi039.stdout:/usr/bin/ceph: stderr
2024-05-08T06:57:39.081+0000 7fa715d06700 1 -- 172.21.15.39:0/568800075 shutdown_connections
2024-05-08T06:57:39.658 INFO:teuthology.orchestra.run.smithi039.stdout:/usr/bin/ceph: stderr
2024-05-08T06:57:39.081+0000 7fa715d06700 1 -- 172.21.15.39:0/568800075 wait complete.
2024-05-08T06:57:39.658 INFO:teuthology.orchestra.run.smithi039.stdout:Creating initial admin user...
2024-05-08T06:57:40.526 INFO:journalctl@ceph.mon.smithi039.smithi039.stdout:May 08 06:57:40 smithi039 ceph-mon[27296]: from='client.14176 -' entity='client.admin' cmd=[{"prefix": "dashboard create-self-signed-cert", "target": ["mon-mgr", ""]}]: dispatch
2024-05-08T06:57:41.166 INFO:teuthology.orchestra.run.smithi039.stdout:/usr/bin/ceph: stdout {"username": "admin", "password": "$2b$12$OT5JWH3lQGlpdDvQbnGs9u2y31bXI4xy4kvoGJYFeAFtSN.tifaJC", "roles": ["administrator"], "name": null, "email": null, "lastUpdate": 1715151460, "enabled": true, "pwdExpirationDate": null, "pwdUpdateRequired": true}
2024-05-08T06:57:41.166 INFO:teuthology.orchestra.run.smithi039.stdout:/usr/bin/ceph: stderr
2024-05-08T06:57:40.068+0000 7f2b7fbcc700 1 Processor -- start
2024-05-08T06:57:41.166 INFO:teuthology.orchestra.run.smithi039.stdout:/usr/bin/ceph: stderr
2024-05-08T06:57:40.068+0000 7f2b7fbcc700 1 -- start start
2024-05-08T06:57:41.166 INFO:teuthology.orchestra.run.smithi039.stdout:/usr/bin/ceph: stderr
2024-05-08T06:57:40.068+0000 7f2b7fbcc700 1 --2- >> [v2:172.21.15.39:3300/0,v1:172.21.15.39:6789/0] conn(0x7f2b7807be60 0x7f2b7807a2c0 unknown :-1 s=NONE pgs=0 cs=0 l=0 rev1=0 crypto rx=0 tx=0 comp rx=0 tx=0).connect
2024-05-08T06:57:41.167 INFO:teuthology.orchestra.run.smithi039.stdout:/usr/bin/ceph: stderr
2024-05-08T06:57:40.068+0000 7f2b7fbcc700 1 -- --> [v2:172.21.15.39:3300/0,v1:172.21.15.39:6789/0] -- mon_getmap magic: 0 v1 -- 0x7f2b7807a890 con 0x7f2b7807be60
2024-05-08T06:57:41.167 INFO:teuthology.orchestra.run.smithi039.stdout:/usr/bin/ceph: stderr
2024-05-08T06:57:40.069+0000 7f2b7d968700 1 --2- >> [v2:172.21.15.39:3300/0,v1:172.21.15.39:6789/0] conn(0x7f2b7807be60 0x7f2b7807a2c0 unknown :-1 s=BANNER_CONNECTING pgs=0 cs=0 l=0 rev1=0 crypto rx=0 tx=0 comp rx=0 tx=0)._handle_peer_banner_payload supported=3 required=0
2024-05-08T06:57:41.167 INFO:teuthology.orchestra.run.smithi039.stdout:/usr/bin/ceph: stderr
2024-05-08T06:57:40.069+0000 7f2b7d968700 1 --2- >> [v2:172.21.15.39:3300/0,v1:172.21.15.39:6789/0] conn(0x7f2b7807be60 0x7f2b7807a2c0 unknown :-1 s=HELLO_CONNECTING pgs=0 cs=0 l=0 rev1=1 crypto rx=0 tx=0 comp rx=0 tx=0).handle_hello peer v2:172.21.15.39:3300/0 says I am v2:172.21.15.39:56258/0 (socket says 172.21.15.39:56258)
2024-05-08T06:57:41.167 INFO:teuthology.orchestra.run.smithi039.stdout:/usr/bin/ceph: stderr
2024-05-08T06:57:40.069+0000 7f2b7d968700 1 -- 172.21.15.39:0/2507588003 learned_addr learned my addr 172.21.15.39:0/2507588003 (peer_addr_for_me v2:172.21.15.39:0/0)
2024-05-08T06:57:41.167 INFO:teuthology.orchestra.run.smithi039.stdout:/usr/bin/ceph: stderr
2024-05-08T06:57:40.069+0000 7f2b7d968700 1 -- 172.21.15.39:0/2507588003 --> [v2:172.21.15.39:3300/0,v1:172.21.15.39:6789/0] -- mon_subscribe({config=0+,monmap=0+}) v3 -- 0x7f2b7807a9d0 con 0x7f2b7807be60
2024-05-08T06:57:41.167 INFO:teuthology.orchestra.run.smithi039.stdout:/usr/bin/ceph: stderr
2024-05-08T06:57:40.069+0000 7f2b7d968700 1 --2- 172.21.15.39:0/2507588003 >> [v2:172.21.15.39:3300/0,v1:172.21.15.39:6789/0] conn(0x7f2b7807be60 0x7f2b7807a2c0 secure :-1 s=READY pgs=84 cs=0 l=1 rev1=1 crypto rx=0x7f2b740098a0 tx=0x7f2b74009bb0 comp rx=0 tx=0).ready entity=mon.0 client_cookie=859c6df82b800648 server_cookie=0 in_seq=0 out_seq=0
2024-05-08T06:57:41.167 INFO:teuthology.orchestra.run.smithi039.stdout:/usr/bin/ceph: stderr
2024-05-08T06:57:40.069+0000 7f2b7c966700 1 -- 172.21.15.39:0/2507588003 <== mon.0 v2:172.21.15.39:3300/0 1 ==== mon_map magic: 0 v1 ==== 229+0+0 (secure 0 0 0) 0x7f2b74004180 con 0x7f2b7807be60
2024-05-08T06:57:41.167 INFO:teuthology.orchestra.run.smithi039.stdout:/usr/bin/ceph: stderr
2024-05-08T06:57:40.069+0000 7f2b7c966700 1 -- 172.21.15.39:0/2507588003 <== mon.0 v2:172.21.15.39:3300/0 2 ==== config(27 keys) v1 ==== 1101+0+0 (secure 0 0 0) 0x7f2b740042e0 con 0x7f2b7807be60
2024-05-08T06:57:41.167 INFO:teuthology.orchestra.run.smithi039.stdout:/usr/bin/ceph: stderr
2024-05-08T06:57:40.069+0000 7f2b7c966700 1 -- 172.21.15.39:0/2507588003 <== mon.0 v2:172.21.15.39:3300/0 3 ==== mon_map magic: 0 v1 ==== 229+0+0 (secure 0 0 0) 0x7f2b74011af0 con 0x7f2b7807be60
2024-05-08T06:57:41.167 INFO:teuthology.orchestra.run.smithi039.stdout:/usr/bin/ceph: stderr
2024-05-08T06:57:40.070+0000 7f2b7fbcc700 1 -- 172.21.15.39:0/2507588003 >> [v2:172.21.15.39:3300/0,v1:172.21.15.39:6789/0] conn(0x7f2b7807be60 msgr2=0x7f2b7807a2c0 secure :-1 s=STATE_CONNECTION_ESTABLISHED l=1).mark_down
2024-05-08T06:57:41.167 INFO:teuthology.orchestra.run.smithi039.stdout:/usr/bin/ceph: stderr
2024-05-08T06:57:40.070+0000 7f2b7fbcc700 1 --2- 172.21.15.39:0/2507588003 >> [v2:172.21.15.39:3300/0,v1:172.21.15.39:6789/0] conn(0x7f2b7807be60 0x7f2b7807a2c0 secure :-1 s=READY pgs=84 cs=0 l=1 rev1=1 crypto rx=0x7f2b740098a0 tx=0x7f2b74009bb0 comp rx=0 tx=0).stop
2024-05-08T06:57:41.167 INFO:teuthology.orchestra.run.smithi039.stdout:/usr/bin/ceph: stderr
2024-05-08T06:57:40.070+0000 7f2b7fbcc700 1 -- 172.21.15.39:0/2507588003 shutdown_connections
2024-05-08T06:57:41.167 INFO:teuthology.orchestra.run.smithi039.stdout:/usr/bin/ceph: stderr
2024-05-08T06:57:40.070+0000 7f2b7fbcc700 1 --2- 172.21.15.39:0/2507588003 >> [v2:172.21.15.39:3300/0,v1:172.21.15.39:6789/0] conn(0x7f2b7807be60 0x7f2b7807a2c0 unknown :-1 s=CLOSED pgs=84 cs=0 l=1 rev1=1 crypto rx=0 tx=0 comp rx=0 tx=0).stop
2024-05-08T06:57:41.167 INFO:teuthology.orchestra.run.smithi039.stdout:/usr/bin/ceph: stderr
2024-05-08T06:57:40.070+0000 7f2b7fbcc700 1 -- 172.21.15.39:0/2507588003 >> 172.21.15.39:0/2507588003 conn(0x7f2b78101b40 msgr2=0x7f2b78103f60 unknown :-1 s=STATE_NONE l=0).mark_down
2024-05-08T06:57:41.167 INFO:teuthology.orchestra.run.smithi039.stdout:/usr/bin/ceph: stderr
2024-05-08T06:57:40.070+0000 7f2b7fbcc700 1 -- 172.21.15.39:0/2507588003 shutdown_connections
2024-05-08T06:57:41.168 INFO:teuthology.orchestra.run.smithi039.stdout:/usr/bin/ceph: stderr
2024-05-08T06:57:40.070+0000 7f2b7fbcc700 1 -- 172.21.15.39:0/2507588003 wait complete.
2024-05-08T06:57:41.168 INFO:teuthology.orchestra.run.smithi039.stdout:/usr/bin/ceph: stderr
2024-05-08T06:57:40.071+0000 7f2b7fbcc700 1 Processor -- start
2024-05-08T06:57:41.168 INFO:teuthology.orchestra.run.smithi039.stdout:/usr/bin/ceph: stderr
2024-05-08T06:57:40.071+0000 7f2b7fbcc700 1 -- start start
2024-05-08T06:57:41.168 INFO:teuthology.orchestra.run.smithi039.stdout:/usr/bin/ceph: stderr
2024-05-08T06:57:40.071+0000 7f2b7fbcc700 1 --2- >> [v2:172.21.15.39:3300/0,v1:172.21.15.39:6789/0] conn(0x7f2b7807be60 0x7f2b7819c430 unknown :-1 s=NONE pgs=0 cs=0 l=1 rev1=0 crypto rx=0 tx=0 comp rx=0 tx=0).connect
2024-05-08T06:57:41.168 INFO:teuthology.orchestra.run.smithi039.stdout:/usr/bin/ceph: stderr
2024-05-08T06:57:40.071+0000 7f2b7fbcc700 1 -- --> [v2:172.21.15.39:3300/0,v1:172.21.15.39:6789/0] -- mon_getmap magic: 0 v1 -- 0x7f2b7819c970 con 0x7f2b7807be60
2024-05-08T06:57:41.168 INFO:teuthology.orchestra.run.smithi039.stdout:/usr/bin/ceph: stderr
2024-05-08T06:57:40.071+0000 7f2b7d968700 1 --2- >> [v2:172.21.15.39:3300/0,v1:172.21.15.39:6789/0] conn(0x7f2b7807be60 0x7f2b7819c430 unknown :-1 s=BANNER_CONNECTING pgs=0 cs=0 l=1 rev1=0 crypto rx=0 tx=0 comp rx=0 tx=0)._handle_peer_banner_payload supported=3 required=0
2024-05-08T06:57:41.168 INFO:teuthology.orchestra.run.smithi039.stdout:/usr/bin/ceph: stderr
2024-05-08T06:57:40.071+0000 7f2b7d968700 1 --2- >> [v2:172.21.15.39:3300/0,v1:172.21.15.39:6789/0] conn(0x7f2b7807be60 0x7f2b7819c430 unknown :-1 s=HELLO_CONNECTING pgs=0 cs=0 l=1 rev1=1 crypto rx=0 tx=0 comp rx=0 tx=0).handle_hello peer v2:172.21.15.39:3300/0 says I am v2:172.21.15.39:56260/0 (socket says 172.21.15.39:56260)
2024-05-08T06:57:41.168 INFO:teuthology.orchestra.run.smithi039.stdout:/usr/bin/ceph: stderr
2024-05-08T06:57:40.071+0000 7f2b7d968700 1 -- 172.21.15.39:0/3543300114 learned_addr learned my addr 172.21.15.39:0/3543300114 (peer_addr_for_me v2:172.21.15.39:0/0)
2024-05-08T06:57:41.168 INFO:teuthology.orchestra.run.smithi039.stdout:/usr/bin/ceph: stderr
2024-05-08T06:57:40.071+0000 7f2b7d968700 1 -- 172.21.15.39:0/3543300114 --> [v2:172.21.15.39:3300/0,v1:172.21.15.39:6789/0] -- mon_subscribe({config=0+,monmap=0+}) v3 -- 0x7f2b74009550 con 0x7f2b7807be60
2024-05-08T06:57:41.168 INFO:teuthology.orchestra.run.smithi039.stdout:/usr/bin/ceph: stderr
2024-05-08T06:57:40.071+0000 7f2b7d968700 1 --2- 172.21.15.39:0/3543300114 >> [v2:172.21.15.39:3300/0,v1:172.21.15.39:6789/0] conn(0x7f2b7807be60 0x7f2b7819c430 secure :-1 s=READY pgs=85 cs=0 l=1 rev1=1 crypto rx=0x7f2b74011670 tx=0x7f2b74011b50 comp rx=0 tx=0).ready entity=mon.0 client_cookie=0 server_cookie=0 in_seq=0 out_seq=0
2024-05-08T06:57:41.168 INFO:teuthology.orchestra.run.smithi039.stdout:/usr/bin/ceph: stderr
2024-05-08T06:57:40.071+0000 7f2b6effd700 1 -- 172.21.15.39:0/3543300114 <== mon.0 v2:172.21.15.39:3300/0 1 ==== mon_map magic: 0 v1 ==== 229+0+0 (secure 0 0 0) 0x7f2b74003a40 con 0x7f2b7807be60
2024-05-08T06:57:41.168 INFO:teuthology.orchestra.run.smithi039.stdout:/usr/bin/ceph: stderr
2024-05-08T06:57:40.071+0000 7f2b6effd700 1 -- 172.21.15.39:0/3543300114 <== mon.0 v2:172.21.15.39:3300/0 2 ==== config(27 keys) v1 ==== 1101+0+0 (secure 0 0 0) 0x7f2b74003ba0 con 0x7f2b7807be60
2024-05-08T06:57:41.168 INFO:teuthology.orchestra.run.smithi039.stdout:/usr/bin/ceph: stderr
2024-05-08T06:57:40.071+0000 7f2b7fbcc700 1 -- 172.21.15.39:0/3543300114 --> [v2:172.21.15.39:3300/0,v1:172.21.15.39:6789/0] -- mon_subscribe({mgrmap=0+}) v3 -- 0x7f2b7819cb70 con 0x7f2b7807be60
2024-05-08T06:57:41.168 INFO:teuthology.orchestra.run.smithi039.stdout:/usr/bin/ceph: stderr
2024-05-08T06:57:40.071+0000 7f2b6effd700 1 -- 172.21.15.39:0/3543300114 <== mon.0 v2:172.21.15.39:3300/0 3 ==== mon_map magic: 0 v1 ==== 229+0+0 (secure 0 0 0) 0x7f2b74024790 con 0x7f2b7807be60
2024-05-08T06:57:41.168 INFO:teuthology.orchestra.run.smithi039.stdout:/usr/bin/ceph: stderr
2024-05-08T06:57:40.072+0000 7f2b7fbcc700 1 -- 172.21.15.39:0/3543300114 --> [v2:172.21.15.39:3300/0,v1:172.21.15.39:6789/0] -- mon_subscribe({osdmap=0}) v3 -- 0x7f2b7819d010 con 0x7f2b7807be60
2024-05-08T06:57:41.169 INFO:teuthology.orchestra.run.smithi039.stdout:/usr/bin/ceph: stderr
2024-05-08T06:57:40.072+0000 7f2b6effd700 1 -- 172.21.15.39:0/3543300114 <== mon.0 v2:172.21.15.39:3300/0 4 ==== mgrmap(e 12) v1 ==== 45296+0+0 (secure 0 0 0) 0x7f2b7402d3f0 con 0x7f2b7807be60
2024-05-08T06:57:41.169 INFO:teuthology.orchestra.run.smithi039.stdout:/usr/bin/ceph: stderr
2024-05-08T06:57:40.072+0000 7f2b7fbcc700 1 -- 172.21.15.39:0/3543300114 --> [v2:172.21.15.39:3300/0,v1:172.21.15.39:6789/0] -- mon_command({"prefix": "get_command_descriptions"} v 0) v1 -- 0x7f2b7810c940 con 0x7f2b7807be60
2024-05-08T06:57:41.169 INFO:teuthology.orchestra.run.smithi039.stdout:/usr/bin/ceph: stderr
2024-05-08T06:57:40.072+0000 7f2b6effd700 1 --2- 172.21.15.39:0/3543300114 >> [v2:172.21.15.39:6800/205777408,v1:172.21.15.39:6801/205777408] conn(0x7f2b64038370 0x7f2b6403a830 unknown :-1 s=NONE pgs=0 cs=0 l=1 rev1=0 crypto rx=0 tx=0 comp rx=0 tx=0).connect
2024-05-08T06:57:41.169 INFO:teuthology.orchestra.run.smithi039.stdout:/usr/bin/ceph: stderr
2024-05-08T06:57:40.073+0000 7f2b6effd700 1 -- 172.21.15.39:0/3543300114 <== mon.0 v2:172.21.15.39:3300/0 5 ==== osd_map(3..3 src has 1..3) v4 ==== 1155+0+0 (secure 0 0 0) 0x7f2b7404c870 con 0x7f2b7807be60
2024-05-08T06:57:41.169 INFO:teuthology.orchestra.run.smithi039.stdout:/usr/bin/ceph: stderr
2024-05-08T06:57:40.073+0000 7f2b7d167700 1 --2- 172.21.15.39:0/3543300114 >> [v2:172.21.15.39:6800/205777408,v1:172.21.15.39:6801/205777408] conn(0x7f2b64038370 0x7f2b6403a830 unknown :-1 s=BANNER_CONNECTING pgs=0 cs=0 l=1 rev1=0 crypto rx=0 tx=0 comp rx=0 tx=0)._handle_peer_banner_payload supported=3 required=0
2024-05-08T06:57:41.169 INFO:teuthology.orchestra.run.smithi039.stdout:/usr/bin/ceph: stderr
2024-05-08T06:57:40.073+0000 7f2b7d167700 1 --2- 172.21.15.39:0/3543300114 >> [v2:172.21.15.39:6800/205777408,v1:172.21.15.39:6801/205777408] conn(0x7f2b64038370 0x7f2b6403a830 secure :-1 s=READY pgs=8 cs=0 l=1 rev1=1 crypto rx=0x7f2b68006fd0 tx=0x7f2b68006e40 comp rx=0 tx=0).ready entity=mgr.14164 client_cookie=0 server_cookie=0 in_seq=0 out_seq=0
2024-05-08T06:57:41.169 INFO:teuthology.orchestra.run.smithi039.stdout:/usr/bin/ceph: stderr
2024-05-08T06:57:40.077+0000 7f2b6effd700 1 -- 172.21.15.39:0/3543300114 <== mon.0 v2:172.21.15.39:3300/0 6 ==== mon_command_ack([{"prefix": "get_command_descriptions"}]=0 v0) v1 ==== 72+0+180422 (secure 0 0 0) 0x7f2b74010c00 con 0x7f2b7807be60
2024-05-08T06:57:41.169 INFO:teuthology.orchestra.run.smithi039.stdout:/usr/bin/ceph: stderr
2024-05-08T06:57:40.298+0000 7f2b7fbcc700 1 -- 172.21.15.39:0/3543300114 --> [v2:172.21.15.39:6800/205777408,v1:172.21.15.39:6801/205777408] -- mgr_command(tid 0: {"prefix": "dashboard ac-user-create", "username": "admin", "rolename": "administrator", "force_password": true, "pwd_update_required": true, "target": ["mon-mgr", ""]}) v1 -- 0x7f2b780621e0 con 0x7f2b64038370
2024-05-08T06:57:41.169 INFO:teuthology.orchestra.run.smithi039.stdout:/usr/bin/ceph: stderr
2024-05-08T06:57:40.545+0000 7f2b6effd700 1 -- 172.21.15.39:0/3543300114 <== mgr.14164 v2:172.21.15.39:6800/205777408 1 ==== mgr_command_reply(tid 0: 0 ) v1 ==== 8+0+252 (secure 0 0 0) 0x7f2b780621e0 con 0x7f2b64038370
2024-05-08T06:57:41.169 INFO:teuthology.orchestra.run.smithi039.stdout:/usr/bin/ceph: stderr
2024-05-08T06:57:40.547+0000 7f2b7fbcc700 1 -- 172.21.15.39:0/3543300114 >> [v2:172.21.15.39:6800/205777408,v1:172.21.15.39:6801/205777408] conn(0x7f2b64038370 msgr2=0x7f2b6403a830 secure :-1 s=STATE_CONNECTION_ESTABLISHED l=1).mark_down
2024-05-08T06:57:41.169 INFO:teuthology.orchestra.run.smithi039.stdout:/usr/bin/ceph: stderr
2024-05-08T06:57:40.547+0000 7f2b7fbcc700 1 --2- 172.21.15.39:0/3543300114 >> [v2:172.21.15.39:6800/205777408,v1:172.21.15.39:6801/205777408] conn(0x7f2b64038370 0x7f2b6403a830 secure :-1 s=READY pgs=8 cs=0 l=1 rev1=1 crypto rx=0x7f2b68006fd0 tx=0x7f2b68006e40 comp rx=0 tx=0).stop
2024-05-08T06:57:41.169 INFO:teuthology.orchestra.run.smithi039.stdout:/usr/bin/ceph: stderr
2024-05-08T06:57:40.547+0000 7f2b7fbcc700 1 -- 172.21.15.39:0/3543300114 >> [v2:172.21.15.39:3300/0,v1:172.21.15.39:6789/0] conn(0x7f2b7807be60 msgr2=0x7f2b7819c430 secure :-1 s=STATE_CONNECTION_ESTABLISHED l=1).mark_down
2024-05-08T06:57:41.169 INFO:teuthology.orchestra.run.smithi039.stdout:/usr/bin/ceph: stderr
2024-05-08T06:57:40.547+0000 7f2b7fbcc700 1 --2- 172.21.15.39:0/3543300114 >> [v2:172.21.15.39:3300/0,v1:172.21.15.39:6789/0] conn(0x7f2b7807be60 0x7f2b7819c430 secure :-1 s=READY pgs=85 cs=0 l=1 rev1=1 crypto rx=0x7f2b74011670 tx=0x7f2b74011b50 comp rx=0 tx=0).stop
2024-05-08T06:57:41.169 INFO:teuthology.orchestra.run.smithi039.stdout:/usr/bin/ceph: stderr
2024-05-08T06:57:40.547+0000 7f2b7fbcc700 1 -- 172.21.15.39:0/3543300114 shutdown_connections
2024-05-08T06:57:41.169 INFO:teuthology.orchestra.run.smithi039.stdout:/usr/bin/ceph: stderr
2024-05-08T06:57:40.547+0000 7f2b7fbcc700 1 --2- 172.21.15.39:0/3543300114 >> [v2:172.21.15.39:6800/205777408,v1:172.21.15.39:6801/205777408] conn(0x7f2b64038370 0x7f2b6403a830 unknown :-1 s=CLOSED pgs=8 cs=0 l=1 rev1=1 crypto rx=0 tx=0 comp rx=0 tx=0).stop
2024-05-08T06:57:41.169 INFO:teuthology.orchestra.run.smithi039.stdout:/usr/bin/ceph: stderr
2024-05-08T06:57:40.547+0000 7f2b7fbcc700 1 --2- 172.21.15.39:0/3543300114 >> [v2:172.21.15.39:3300/0,v1:172.21.15.39:6789/0] conn(0x7f2b7807be60 0x7f2b7819c430 unknown :-1 s=CLOSED pgs=85 cs=0 l=1 rev1=1 crypto rx=0 tx=0 comp rx=0 tx=0).stop
2024-05-08T06:57:41.170 INFO:teuthology.orchestra.run.smithi039.stdout:/usr/bin/ceph: stderr
2024-05-08T06:57:40.547+0000 7f2b7fbcc700 1 -- 172.21.15.39:0/3543300114 >> 172.21.15.39:0/3543300114 conn(0x7f2b78101b40 msgr2=0x7f2b781031f0 unknown :-1 s=STATE_NONE l=0).mark_down
2024-05-08T06:57:41.170 INFO:teuthology.orchestra.run.smithi039.stdout:/usr/bin/ceph: stderr
2024-05-08T06:57:40.547+0000 7f2b7fbcc700 1 -- 172.21.15.39:0/3543300114 shutdown_connections
2024-05-08T06:57:41.170 INFO:teuthology.orchestra.run.smithi039.stdout:/usr/bin/ceph: stderr
2024-05-08T06:57:40.547+0000 7f2b7fbcc700 1 -- 172.21.15.39:0/3543300114 wait complete.
2024-05-08T06:57:41.170 INFO:teuthology.orchestra.run.smithi039.stdout:Fetching dashboard port number...
2024-05-08T06:57:41.411 INFO:journalctl@ceph.mon.smithi039.smithi039.stdout:May 08 06:57:41 smithi039 ceph-mon[27296]: from='client.14178 -' entity='client.admin' cmd=[{"prefix": "dashboard ac-user-create", "username": "admin", "rolename": "administrator", "force_password": true, "pwd_update_required": true, "target": ["mon-mgr", ""]}]: dispatch
2024-05-08T06:57:41.411 INFO:journalctl@ceph.mon.smithi039.smithi039.stdout:May 08 06:57:41 smithi039 ceph-mon[27296]: from='mgr.14164 172.21.15.39:0/2687577557' entity='mgr.smithi039.weeaqa'
2024-05-08T06:57:42.585 INFO:journalctl@ceph.mon.smithi039.smithi039.stdout:May 08 06:57:42 smithi039 ceph-mon[27296]: from='client.? 172.21.15.39:0/2149992556' entity='client.admin' cmd=[{"prefix": "config get", "who": "mgr", "key": "mgr/dashboard/ssl_server_port"}]: dispatch
2024-05-08T06:57:42.594 INFO:teuthology.orchestra.run.smithi039.stdout:/usr/bin/ceph: stdout 8443
2024-05-08T06:57:42.594 INFO:teuthology.orchestra.run.smithi039.stdout:/usr/bin/ceph: stderr
2024-05-08T06:57:41.625+0000 7f96d56cf700 1 Processor -- start
2024-05-08T06:57:42.594 INFO:teuthology.orchestra.run.smithi039.stdout:/usr/bin/ceph: stderr
2024-05-08T06:57:41.625+0000 7f96d56cf700 1 -- start start
2024-05-08T06:57:42.594 INFO:teuthology.orchestra.run.smithi039.stdout:/usr/bin/ceph: stderr
2024-05-08T06:57:41.625+0000 7f96d56cf700 1 --2- >> [v2:172.21.15.39:3300/0,v1:172.21.15.39:6789/0] conn(0x7f96d0107000 0x7f96d01093f0 unknown :-1 s=NONE pgs=0 cs=0 l=0 rev1=0 crypto rx=0 tx=0 comp rx=0 tx=0).connect
2024-05-08T06:57:42.594 INFO:teuthology.orchestra.run.smithi039.stdout:/usr/bin/ceph: stderr
2024-05-08T06:57:41.625+0000 7f96d56cf700 1 -- --> [v2:172.21.15.39:3300/0,v1:172.21.15.39:6789/0] -- mon_getmap magic: 0 v1 -- 0x7f96d0079e50 con 0x7f96d0107000
2024-05-08T06:57:42.594 INFO:teuthology.orchestra.run.smithi039.stdout:/usr/bin/ceph: stderr
2024-05-08T06:57:41.626+0000 7f96ceffd700 1 --2- >> [v2:172.21.15.39:3300/0,v1:172.21.15.39:6789/0] conn(0x7f96d0107000 0x7f96d01093f0 unknown :-1 s=BANNER_CONNECTING pgs=0 cs=0 l=0 rev1=0 crypto rx=0 tx=0 comp rx=0 tx=0)._handle_peer_banner_payload supported=3 required=0
2024-05-08T06:57:42.594 INFO:teuthology.orchestra.run.smithi039.stdout:/usr/bin/ceph: stderr
2024-05-08T06:57:41.626+0000 7f96ceffd700 1 --2- >> [v2:172.21.15.39:3300/0,v1:172.21.15.39:6789/0] conn(0x7f96d0107000 0x7f96d01093f0 unknown :-1 s=HELLO_CONNECTING pgs=0 cs=0 l=0 rev1=1 crypto rx=0 tx=0 comp rx=0 tx=0).handle_hello peer v2:172.21.15.39:3300/0 says I am v2:172.21.15.39:56276/0 (socket says 172.21.15.39:56276)
2024-05-08T06:57:42.594 INFO:teuthology.orchestra.run.smithi039.stdout:/usr/bin/ceph: stderr
2024-05-08T06:57:41.626+0000 7f96ceffd700 1 -- 172.21.15.39:0/3778503555 learned_addr learned my addr 172.21.15.39:0/3778503555 (peer_addr_for_me v2:172.21.15.39:0/0)
2024-05-08T06:57:42.594 INFO:teuthology.orchestra.run.smithi039.stdout:/usr/bin/ceph: stderr
2024-05-08T06:57:41.626+0000 7f96ceffd700 1 -- 172.21.15.39:0/3778503555 --> [v2:172.21.15.39:3300/0,v1:172.21.15.39:6789/0] -- mon_subscribe({config=0+,monmap=0+}) v3 -- 0x7f96d0109930 con 0x7f96d0107000
2024-05-08T06:57:42.595 INFO:teuthology.orchestra.run.smithi039.stdout:/usr/bin/ceph: stderr
2024-05-08T06:57:41.626+0000 7f96ceffd700 1 --2- 172.21.15.39:0/3778503555 >> [v2:172.21.15.39:3300/0,v1:172.21.15.39:6789/0] conn(0x7f96d0107000 0x7f96d01093f0 secure :-1 s=READY pgs=86 cs=0 l=1 rev1=1 crypto rx=0x7f96c00098a0 tx=0x7f96c0009bb0 comp rx=0 tx=0).ready entity=mon.0 client_cookie=a4d60c9aae556a6e server_cookie=0 in_seq=0 out_seq=0
2024-05-08T06:57:42.595 INFO:teuthology.orchestra.run.smithi039.stdout:/usr/bin/ceph: stderr
2024-05-08T06:57:41.626+0000 7f96cdffb700 1 -- 172.21.15.39:0/3778503555 <== mon.0 v2:172.21.15.39:3300/0 1 ==== mon_map magic: 0 v1 ==== 229+0+0 (secure 0 0 0) 0x7f96c0004180 con 0x7f96d0107000
2024-05-08T06:57:42.595 INFO:teuthology.orchestra.run.smithi039.stdout:/usr/bin/ceph: stderr
2024-05-08T06:57:41.626+0000 7f96cdffb700 1 -- 172.21.15.39:0/3778503555 <== mon.0 v2:172.21.15.39:3300/0 2 ==== config(27 keys) v1 ==== 1101+0+0 (secure 0 0 0) 0x7f96c00042e0 con 0x7f96d0107000
2024-05-08T06:57:42.595 INFO:teuthology.orchestra.run.smithi039.stdout:/usr/bin/ceph: stderr
