2024-05-09T03:27:45.917+0000 7feec1eca700 1 -- 172.21.15.1:0/3818045179 wait complete.
2024-05-09T03:27:47.325 INFO:teuthology.orchestra.run.smithi001.stdout:/usr/bin/ceph: stderr
2024-05-09T03:27:45.918+0000 7feec1eca700 1 Processor -- start
2024-05-09T03:27:47.325 INFO:teuthology.orchestra.run.smithi001.stdout:/usr/bin/ceph: stderr
2024-05-09T03:27:45.918+0000 7feec1eca700 1 -- start start
2024-05-09T03:27:47.325 INFO:teuthology.orchestra.run.smithi001.stdout:/usr/bin/ceph: stderr
2024-05-09T03:27:45.918+0000 7feec1eca700 1 --2- >> [v2:172.21.15.1:3300/0,v1:172.21.15.1:6789/0] conn(0x7feebc071270 0x7feebc113950 unknown :-1 s=NONE pgs=0 cs=0 l=1 rev1=0 crypto rx=0 tx=0 comp rx=0 tx=0).connect
2024-05-09T03:27:47.325 INFO:teuthology.orchestra.run.smithi001.stdout:/usr/bin/ceph: stderr
2024-05-09T03:27:45.918+0000 7feec1eca700 1 -- --> [v2:172.21.15.1:3300/0,v1:172.21.15.1:6789/0] -- mon_getmap magic: 0 v1 -- 0x7feebc113e90 con 0x7feebc071270
2024-05-09T03:27:47.326 INFO:teuthology.orchestra.run.smithi001.stdout:/usr/bin/ceph: stderr
2024-05-09T03:27:45.918+0000 7feebb7fe700 1 --2- >> [v2:172.21.15.1:3300/0,v1:172.21.15.1:6789/0] conn(0x7feebc071270 0x7feebc113950 unknown :-1 s=BANNER_CONNECTING pgs=0 cs=0 l=1 rev1=0 crypto rx=0 tx=0 comp rx=0 tx=0)._handle_peer_banner_payload supported=3 required=0
2024-05-09T03:27:47.326 INFO:teuthology.orchestra.run.smithi001.stdout:/usr/bin/ceph: stderr
2024-05-09T03:27:45.918+0000 7feebb7fe700 1 --2- >> [v2:172.21.15.1:3300/0,v1:172.21.15.1:6789/0] conn(0x7feebc071270 0x7feebc113950 unknown :-1 s=HELLO_CONNECTING pgs=0 cs=0 l=1 rev1=1 crypto rx=0 tx=0 comp rx=0 tx=0).handle_hello peer v2:172.21.15.1:3300/0 says I am v2:172.21.15.1:47754/0 (socket says 172.21.15.1:47754)
2024-05-09T03:27:47.326 INFO:teuthology.orchestra.run.smithi001.stdout:/usr/bin/ceph: stderr
2024-05-09T03:27:45.918+0000 7feebb7fe700 1 -- 172.21.15.1:0/2886757166 learned_addr learned my addr 172.21.15.1:0/2886757166 (peer_addr_for_me v2:172.21.15.1:0/0)
2024-05-09T03:27:47.326 INFO:teuthology.orchestra.run.smithi001.stdout:/usr/bin/ceph: stderr
2024-05-09T03:27:45.918+0000 7feebb7fe700 1 -- 172.21.15.1:0/2886757166 --> [v2:172.21.15.1:3300/0,v1:172.21.15.1:6789/0] -- mon_subscribe({config=0+,monmap=0+}) v3 -- 0x7feeac0094f0 con 0x7feebc071270
2024-05-09T03:27:47.326 INFO:teuthology.orchestra.run.smithi001.stdout:/usr/bin/ceph: stderr
2024-05-09T03:27:45.919+0000 7feebb7fe700 1 --2- 172.21.15.1:0/2886757166 >> [v2:172.21.15.1:3300/0,v1:172.21.15.1:6789/0] conn(0x7feebc071270 0x7feebc113950 secure :-1 s=READY pgs=56 cs=0 l=1 rev1=1 crypto rx=0x7feeac0105b0 tx=0x7feeac009250 comp rx=0 tx=0).ready entity=mon.0 client_cookie=0 server_cookie=0 in_seq=0 out_seq=0
2024-05-09T03:27:47.327 INFO:teuthology.orchestra.run.smithi001.stdout:/usr/bin/ceph: stderr
2024-05-09T03:27:45.919+0000 7feea3fff700 1 -- 172.21.15.1:0/2886757166 <== mon.0 v2:172.21.15.1:3300/0 1 ==== mon_map magic: 0 v1 ==== 229+0+0 (secure 0 0 0) 0x7feeac010840 con 0x7feebc071270
2024-05-09T03:27:47.327 INFO:teuthology.orchestra.run.smithi001.stdout:/usr/bin/ceph: stderr
2024-05-09T03:27:45.919+0000 7feea3fff700 1 -- 172.21.15.1:0/2886757166 <== mon.0 v2:172.21.15.1:3300/0 2 ==== config(27 keys) v1 ==== 1109+0+0 (secure 0 0 0) 0x7feeac010e70 con 0x7feebc071270
2024-05-09T03:27:47.327 INFO:teuthology.orchestra.run.smithi001.stdout:/usr/bin/ceph: stderr
2024-05-09T03:27:45.919+0000 7feec1eca700 1 -- 172.21.15.1:0/2886757166 --> [v2:172.21.15.1:3300/0,v1:172.21.15.1:6789/0] -- mon_subscribe({mgrmap=0+}) v3 -- 0x7feebc1140f0 con 0x7feebc071270
2024-05-09T03:27:47.327 INFO:teuthology.orchestra.run.smithi001.stdout:/usr/bin/ceph: stderr
2024-05-09T03:27:45.919+0000 7feea3fff700 1 -- 172.21.15.1:0/2886757166 <== mon.0 v2:172.21.15.1:3300/0 3 ==== mon_map magic: 0 v1 ==== 229+0+0 (secure 0 0 0) 0x7feeac01ae30 con 0x7feebc071270
2024-05-09T03:27:47.327 INFO:teuthology.orchestra.run.smithi001.stdout:/usr/bin/ceph: stderr
2024-05-09T03:27:45.919+0000 7feec1eca700 1 -- 172.21.15.1:0/2886757166 --> [v2:172.21.15.1:3300/0,v1:172.21.15.1:6789/0] -- mon_subscribe({osdmap=0}) v3 -- 0x7feebc114c00 con 0x7feebc071270
2024-05-09T03:27:47.327 INFO:teuthology.orchestra.run.smithi001.stdout:/usr/bin/ceph: stderr
2024-05-09T03:27:45.920+0000 7feea3fff700 1 -- 172.21.15.1:0/2886757166 <== mon.0 v2:172.21.15.1:3300/0 4 ==== mgrmap(e 8) v1 ==== 43376+0+0 (secure 0 0 0) 0x7feeac02d3f0 con 0x7feebc071270
2024-05-09T03:27:47.327 INFO:teuthology.orchestra.run.smithi001.stdout:/usr/bin/ceph: stderr
2024-05-09T03:27:45.920+0000 7feea3fff700 1 --2- 172.21.15.1:0/2886757166 >> [v2:172.21.15.1:6800/1743588444,v1:172.21.15.1:6801/1743588444] conn(0x7feea4036770 0x7feea4038c20 unknown :-1 s=NONE pgs=0 cs=0 l=1 rev1=0 crypto rx=0 tx=0 comp rx=0 tx=0).connect
2024-05-09T03:27:47.328 INFO:teuthology.orchestra.run.smithi001.stdout:/usr/bin/ceph: stderr
2024-05-09T03:27:45.920+0000 7feea3fff700 1 -- 172.21.15.1:0/2886757166 <== mon.0 v2:172.21.15.1:3300/0 5 ==== osd_map(2..2 src has 1..2) v4 ==== 936+0+0 (secure 0 0 0) 0x7feeac04a250 con 0x7feebc071270
2024-05-09T03:27:47.328 INFO:teuthology.orchestra.run.smithi001.stdout:/usr/bin/ceph: stderr
2024-05-09T03:27:45.920+0000 7feebaffd700 1 --2- 172.21.15.1:0/2886757166 >> [v2:172.21.15.1:6800/1743588444,v1:172.21.15.1:6801/1743588444] conn(0x7feea4036770 0x7feea4038c20 unknown :-1 s=BANNER_CONNECTING pgs=0 cs=0 l=1 rev1=0 crypto rx=0 tx=0 comp rx=0 tx=0)._handle_peer_banner_payload supported=3 required=0
2024-05-09T03:27:47.328 INFO:teuthology.orchestra.run.smithi001.stdout:/usr/bin/ceph: stderr
2024-05-09T03:27:45.920+0000 7feec1eca700 1 -- 172.21.15.1:0/2886757166 --> [v2:172.21.15.1:3300/0,v1:172.21.15.1:6789/0] -- mon_command({"prefix": "get_command_descriptions"} v 0) v1 -- 0x7feebc05f5c0 con 0x7feebc071270
2024-05-09T03:27:47.328 INFO:teuthology.orchestra.run.smithi001.stdout:/usr/bin/ceph: stderr
2024-05-09T03:27:45.920+0000 7feebaffd700 1 --2- 172.21.15.1:0/2886757166 >> [v2:172.21.15.1:6800/1743588444,v1:172.21.15.1:6801/1743588444] conn(0x7feea4036770 0x7feea4038c20 secure :-1 s=READY pgs=18 cs=0 l=1 rev1=1 crypto rx=0x7feeb0009990 tx=0x7feeb0006e40 comp rx=0 tx=0).ready entity=mgr.14116 client_cookie=0 server_cookie=0 in_seq=0 out_seq=0
2024-05-09T03:27:47.328 INFO:teuthology.orchestra.run.smithi001.stdout:/usr/bin/ceph: stderr
2024-05-09T03:27:45.925+0000 7feea3fff700 1 -- 172.21.15.1:0/2886757166 <== mon.0 v2:172.21.15.1:3300/0 6 ==== mon_command_ack([{"prefix": "get_command_descriptions"}]=0 v0) v1 ==== 72+0+176702 (secure 0 0 0) 0x7feeac02b8e0 con 0x7feebc071270
2024-05-09T03:27:47.328 INFO:teuthology.orchestra.run.smithi001.stdout:/usr/bin/ceph: stderr
2024-05-09T03:27:46.134+0000 7feec1eca700 1 -- 172.21.15.1:0/2886757166 --> [v2:172.21.15.1:6800/1743588444,v1:172.21.15.1:6801/1743588444] -- mgr_command(tid 0: {"prefix": "orch apply", "service_type": "alertmanager", "target": ["mon-mgr", ""]}) v1 -- 0x7feebc0fe3d0 con 0x7feea4036770
2024-05-09T03:27:47.328 INFO:teuthology.orchestra.run.smithi001.stdout:/usr/bin/ceph: stderr
2024-05-09T03:27:46.138+0000 7feea3fff700 1 -- 172.21.15.1:0/2886757166 <== mgr.14116 v2:172.21.15.1:6800/1743588444 1 ==== mgr_command_reply(tid 0: 0 ) v1 ==== 8+0+33 (secure 0 0 0) 0x7feebc0fe3d0 con 0x7feea4036770
2024-05-09T03:27:47.328 INFO:teuthology.orchestra.run.smithi001.stdout:/usr/bin/ceph: stderr
2024-05-09T03:27:46.140+0000 7feec1eca700 1 -- 172.21.15.1:0/2886757166 >> [v2:172.21.15.1:6800/1743588444,v1:172.21.15.1:6801/1743588444] conn(0x7feea4036770 msgr2=0x7feea4038c20 secure :-1 s=STATE_CONNECTION_ESTABLISHED l=1).mark_down
2024-05-09T03:27:47.328 INFO:teuthology.orchestra.run.smithi001.stdout:/usr/bin/ceph: stderr
2024-05-09T03:27:46.140+0000 7feec1eca700 1 --2- 172.21.15.1:0/2886757166 >> [v2:172.21.15.1:6800/1743588444,v1:172.21.15.1:6801/1743588444] conn(0x7feea4036770 0x7feea4038c20 secure :-1 s=READY pgs=18 cs=0 l=1 rev1=1 crypto rx=0x7feeb0009990 tx=0x7feeb0006e40 comp rx=0 tx=0).stop
2024-05-09T03:27:47.329 INFO:teuthology.orchestra.run.smithi001.stdout:/usr/bin/ceph: stderr
2024-05-09T03:27:46.140+0000 7feec1eca700 1 -- 172.21.15.1:0/2886757166 >> [v2:172.21.15.1:3300/0,v1:172.21.15.1:6789/0] conn(0x7feebc071270 msgr2=0x7feebc113950 secure :-1 s=STATE_CONNECTION_ESTABLISHED l=1).mark_down
2024-05-09T03:27:47.329 INFO:teuthology.orchestra.run.smithi001.stdout:/usr/bin/ceph: stderr
2024-05-09T03:27:46.140+0000 7feec1eca700 1 --2- 172.21.15.1:0/2886757166 >> [v2:172.21.15.1:3300/0,v1:172.21.15.1:6789/0] conn(0x7feebc071270 0x7feebc113950 secure :-1 s=READY pgs=56 cs=0 l=1 rev1=1 crypto rx=0x7feeac0105b0 tx=0x7feeac009250 comp rx=0 tx=0).stop
2024-05-09T03:27:47.329 INFO:teuthology.orchestra.run.smithi001.stdout:/usr/bin/ceph: stderr
2024-05-09T03:27:46.140+0000 7feec1eca700 1 -- 172.21.15.1:0/2886757166 shutdown_connections
2024-05-09T03:27:47.329 INFO:teuthology.orchestra.run.smithi001.stdout:/usr/bin/ceph: stderr
2024-05-09T03:27:46.140+0000 7feec1eca700 1 --2- 172.21.15.1:0/2886757166 >> [v2:172.21.15.1:6800/1743588444,v1:172.21.15.1:6801/1743588444] conn(0x7feea4036770 0x7feea4038c20 unknown :-1 s=CLOSED pgs=18 cs=0 l=1 rev1=1 crypto rx=0 tx=0 comp rx=0 tx=0).stop
2024-05-09T03:27:47.329 INFO:teuthology.orchestra.run.smithi001.stdout:/usr/bin/ceph: stderr
2024-05-09T03:27:46.140+0000 7feec1eca700 1 --2- 172.21.15.1:0/2886757166 >> [v2:172.21.15.1:3300/0,v1:172.21.15.1:6789/0] conn(0x7feebc071270 0x7feebc113950 unknown :-1 s=CLOSED pgs=56 cs=0 l=1 rev1=1 crypto rx=0 tx=0 comp rx=0 tx=0).stop
2024-05-09T03:27:47.329 INFO:teuthology.orchestra.run.smithi001.stdout:/usr/bin/ceph: stderr
2024-05-09T03:27:46.140+0000 7feec1eca700 1 -- 172.21.15.1:0/2886757166 >> 172.21.15.1:0/2886757166 conn(0x7feebc0fcf40 msgr2=0x7feebc0fdc00 unknown :-1 s=STATE_NONE l=0).mark_down
2024-05-09T03:27:47.329 INFO:teuthology.orchestra.run.smithi001.stdout:/usr/bin/ceph: stderr
2024-05-09T03:27:46.140+0000 7feec1eca700 1 -- 172.21.15.1:0/2886757166 shutdown_connections
2024-05-09T03:27:47.329 INFO:teuthology.orchestra.run.smithi001.stdout:/usr/bin/ceph: stderr
2024-05-09T03:27:46.140+0000 7feec1eca700 1 -- 172.21.15.1:0/2886757166 wait complete.
2024-05-09T03:27:47.352 INFO:journalctl@ceph.mon.smithi001.smithi001.stdout:May 09 03:27:47 smithi001 ceph-mon[26946]: from='client.14150 -' entity='client.admin' cmd=[{"prefix": "orch apply", "service_type": "alertmanager", "target": ["mon-mgr", ""]}]: dispatch
2024-05-09T03:27:47.352 INFO:journalctl@ceph.mon.smithi001.smithi001.stdout:May 09 03:27:47 smithi001 ceph-mon[26946]: Saving service alertmanager spec with placement count:1
2024-05-09T03:27:47.352 INFO:journalctl@ceph.mon.smithi001.smithi001.stdout:May 09 03:27:47 smithi001 ceph-mon[26946]: from='mgr.14116 172.21.15.1:0/3045356778' entity='mgr.smithi001.jeadtk'
2024-05-09T03:27:47.352 INFO:journalctl@ceph.mon.smithi001.smithi001.stdout:May 09 03:27:47 smithi001 ceph-mon[26946]: pgmap v3: 0 pgs: ; 0 B data, 0 B used, 0 B / 0 B avail
2024-05-09T03:27:48.500 INFO:teuthology.orchestra.run.smithi001.stdout:/usr/bin/ceph: stderr
2024-05-09T03:27:47.770+0000 7f44eb60e700 1 Processor -- start
2024-05-09T03:27:48.500 INFO:teuthology.orchestra.run.smithi001.stdout:/usr/bin/ceph: stderr
2024-05-09T03:27:47.770+0000 7f44eb60e700 1 -- start start
2024-05-09T03:27:48.500 INFO:teuthology.orchestra.run.smithi001.stdout:/usr/bin/ceph: stderr
2024-05-09T03:27:47.770+0000 7f44eb60e700 1 --2- >> [v2:172.21.15.1:3300/0,v1:172.21.15.1:6789/0] conn(0x7f44e4071260 0x7f44e4105530 unknown :-1 s=NONE pgs=0 cs=0 l=0 rev1=0 crypto rx=0 tx=0 comp rx=0 tx=0).connect
2024-05-09T03:27:48.500 INFO:teuthology.orchestra.run.smithi001.stdout:/usr/bin/ceph: stderr
2024-05-09T03:27:47.770+0000 7f44eb60e700 1 -- --> [v2:172.21.15.1:3300/0,v1:172.21.15.1:6789/0] -- mon_getmap magic: 0 v1 -- 0x7f44e4071670 con 0x7f44e4071260
2024-05-09T03:27:48.500 INFO:teuthology.orchestra.run.smithi001.stdout:/usr/bin/ceph: stderr
2024-05-09T03:27:47.771+0000 7f44e93aa700 1 --2- >> [v2:172.21.15.1:3300/0,v1:172.21.15.1:6789/0] conn(0x7f44e4071260 0x7f44e4105530 unknown :-1 s=BANNER_CONNECTING pgs=0 cs=0 l=0 rev1=0 crypto rx=0 tx=0 comp rx=0 tx=0)._handle_peer_banner_payload supported=3 required=0
2024-05-09T03:27:48.500 INFO:teuthology.orchestra.run.smithi001.stdout:/usr/bin/ceph: stderr
2024-05-09T03:27:47.771+0000 7f44e93aa700 1 --2- >> [v2:172.21.15.1:3300/0,v1:172.21.15.1:6789/0] conn(0x7f44e4071260 0x7f44e4105530 unknown :-1 s=HELLO_CONNECTING pgs=0 cs=0 l=0 rev1=1 crypto rx=0 tx=0 comp rx=0 tx=0).handle_hello peer v2:172.21.15.1:3300/0 says I am v2:172.21.15.1:47758/0 (socket says 172.21.15.1:47758)
2024-05-09T03:27:48.500 INFO:teuthology.orchestra.run.smithi001.stdout:/usr/bin/ceph: stderr
2024-05-09T03:27:47.771+0000 7f44e93aa700 1 -- 172.21.15.1:0/2890833614 learned_addr learned my addr 172.21.15.1:0/2890833614 (peer_addr_for_me v2:172.21.15.1:0/0)
2024-05-09T03:27:48.501 INFO:teuthology.orchestra.run.smithi001.stdout:/usr/bin/ceph: stderr
2024-05-09T03:27:47.771+0000 7f44e93aa700 1 -- 172.21.15.1:0/2890833614 --> [v2:172.21.15.1:3300/0,v1:172.21.15.1:6789/0] -- mon_subscribe({config=0+,monmap=0+}) v3 -- 0x7f44e4105a70 con 0x7f44e4071260
2024-05-09T03:27:48.501 INFO:teuthology.orchestra.run.smithi001.stdout:/usr/bin/ceph: stderr
2024-05-09T03:27:47.771+0000 7f44e93aa700 1 --2- 172.21.15.1:0/2890833614 >> [v2:172.21.15.1:3300/0,v1:172.21.15.1:6789/0] conn(0x7f44e4071260 0x7f44e4105530 secure :-1 s=READY pgs=57 cs=0 l=1 rev1=1 crypto rx=0x7f44e00098e0 tx=0x7f44e0009250 comp rx=0 tx=0).ready entity=mon.0 client_cookie=48c2bb20ae0fdc5 server_cookie=0 in_seq=0 out_seq=0
2024-05-09T03:27:48.501 INFO:teuthology.orchestra.run.smithi001.stdout:/usr/bin/ceph: stderr
2024-05-09T03:27:47.771+0000 7f44dbfff700 1 -- 172.21.15.1:0/2890833614 <== mon.0 v2:172.21.15.1:3300/0 1 ==== mon_map magic: 0 v1 ==== 229+0+0 (secure 0 0 0) 0x7f44e000b860 con 0x7f44e4071260
2024-05-09T03:27:48.501 INFO:teuthology.orchestra.run.smithi001.stdout:/usr/bin/ceph: stderr
2024-05-09T03:27:47.771+0000 7f44dbfff700 1 -- 172.21.15.1:0/2890833614 <== mon.0 v2:172.21.15.1:3300/0 2 ==== config(27 keys) v1 ==== 1109+0+0 (secure 0 0 0) 0x7f44e000be90 con 0x7f44e4071260
2024-05-09T03:27:48.501 INFO:teuthology.orchestra.run.smithi001.stdout:/usr/bin/ceph: stderr
2024-05-09T03:27:47.771+0000 7f44dbfff700 1 -- 172.21.15.1:0/2890833614 <== mon.0 v2:172.21.15.1:3300/0 3 ==== mon_map magic: 0 v1 ==== 229+0+0 (secure 0 0 0) 0x7f44e00103c0 con 0x7f44e4071260
2024-05-09T03:27:48.501 INFO:teuthology.orchestra.run.smithi001.stdout:/usr/bin/ceph: stderr
2024-05-09T03:27:47.772+0000 7f44eb60e700 1 -- 172.21.15.1:0/2890833614 >> [v2:172.21.15.1:3300/0,v1:172.21.15.1:6789/0] conn(0x7f44e4071260 msgr2=0x7f44e4105530 secure :-1 s=STATE_CONNECTION_ESTABLISHED l=1).mark_down
2024-05-09T03:27:48.501 INFO:teuthology.orchestra.run.smithi001.stdout:/usr/bin/ceph: stderr
2024-05-09T03:27:47.772+0000 7f44eb60e700 1 --2- 172.21.15.1:0/2890833614 >> [v2:172.21.15.1:3300/0,v1:172.21.15.1:6789/0] conn(0x7f44e4071260 0x7f44e4105530 secure :-1 s=READY pgs=57 cs=0 l=1 rev1=1 crypto rx=0x7f44e00098e0 tx=0x7f44e0009250 comp rx=0 tx=0).stop
2024-05-09T03:27:48.501 INFO:teuthology.orchestra.run.smithi001.stdout:/usr/bin/ceph: stderr
2024-05-09T03:27:47.772+0000 7f44eb60e700 1 -- 172.21.15.1:0/2890833614 shutdown_connections
2024-05-09T03:27:48.501 INFO:teuthology.orchestra.run.smithi001.stdout:/usr/bin/ceph: stderr
2024-05-09T03:27:47.772+0000 7f44eb60e700 1 --2- 172.21.15.1:0/2890833614 >> [v2:172.21.15.1:3300/0,v1:172.21.15.1:6789/0] conn(0x7f44e4071260 0x7f44e4105530 unknown :-1 s=CLOSED pgs=57 cs=0 l=1 rev1=1 crypto rx=0 tx=0 comp rx=0 tx=0).stop
2024-05-09T03:27:48.501 INFO:teuthology.orchestra.run.smithi001.stdout:/usr/bin/ceph: stderr
2024-05-09T03:27:47.772+0000 7f44eb60e700 1 -- 172.21.15.1:0/2890833614 >> 172.21.15.1:0/2890833614 conn(0x7f44e40fcfc0 msgr2=0x7f44e40ff3d0 unknown :-1 s=STATE_NONE l=0).mark_down
2024-05-09T03:27:48.501 INFO:teuthology.orchestra.run.smithi001.stdout:/usr/bin/ceph: stderr
2024-05-09T03:27:47.772+0000 7f44eb60e700 1 -- 172.21.15.1:0/2890833614 shutdown_connections
2024-05-09T03:27:48.501 INFO:teuthology.orchestra.run.smithi001.stdout:/usr/bin/ceph: stderr
2024-05-09T03:27:47.772+0000 7f44eb60e700 1 -- 172.21.15.1:0/2890833614 wait complete.
2024-05-09T03:27:48.501 INFO:teuthology.orchestra.run.smithi001.stdout:/usr/bin/ceph: stderr
2024-05-09T03:27:47.773+0000 7f44eb60e700 1 Processor -- start
2024-05-09T03:27:48.501 INFO:teuthology.orchestra.run.smithi001.stdout:/usr/bin/ceph: stderr
2024-05-09T03:27:47.773+0000 7f44eb60e700 1 -- start start
2024-05-09T03:27:48.502 INFO:teuthology.orchestra.run.smithi001.stdout:/usr/bin/ceph: stderr
2024-05-09T03:27:47.773+0000 7f44eb60e700 1 --2- >> [v2:172.21.15.1:3300/0,v1:172.21.15.1:6789/0] conn(0x7f44e4071260 0x7f44e4102e80 unknown :-1 s=NONE pgs=0 cs=0 l=1 rev1=0 crypto rx=0 tx=0 comp rx=0 tx=0).connect
2024-05-09T03:27:48.502 INFO:teuthology.orchestra.run.smithi001.stdout:/usr/bin/ceph: stderr
2024-05-09T03:27:47.773+0000 7f44eb60e700 1 -- --> [v2:172.21.15.1:3300/0,v1:172.21.15.1:6789/0] -- mon_getmap magic: 0 v1 -- 0x7f44e41033c0 con 0x7f44e4071260
2024-05-09T03:27:48.502 INFO:teuthology.orchestra.run.smithi001.stdout:/usr/bin/ceph: stderr
2024-05-09T03:27:47.773+0000 7f44e93aa700 1 --2- >> [v2:172.21.15.1:3300/0,v1:172.21.15.1:6789/0] conn(0x7f44e4071260 0x7f44e4102e80 unknown :-1 s=BANNER_CONNECTING pgs=0 cs=0 l=1 rev1=0 crypto rx=0 tx=0 comp rx=0 tx=0)._handle_peer_banner_payload supported=3 required=0
2024-05-09T03:27:48.502 INFO:teuthology.orchestra.run.smithi001.stdout:/usr/bin/ceph: stderr
2024-05-09T03:27:47.773+0000 7f44e93aa700 1 --2- >> [v2:172.21.15.1:3300/0,v1:172.21.15.1:6789/0] conn(0x7f44e4071260 0x7f44e4102e80 unknown :-1 s=HELLO_CONNECTING pgs=0 cs=0 l=1 rev1=1 crypto rx=0 tx=0 comp rx=0 tx=0).handle_hello peer v2:172.21.15.1:3300/0 says I am v2:172.21.15.1:47770/0 (socket says 172.21.15.1:47770)
2024-05-09T03:27:48.502 INFO:teuthology.orchestra.run.smithi001.stdout:/usr/bin/ceph: stderr
2024-05-09T03:27:47.773+0000 7f44e93aa700 1 -- 172.21.15.1:0/2114460697 learned_addr learned my addr 172.21.15.1:0/2114460697 (peer_addr_for_me v2:172.21.15.1:0/0)
2024-05-09T03:27:48.502 INFO:teuthology.orchestra.run.smithi001.stdout:/usr/bin/ceph: stderr
2024-05-09T03:27:47.773+0000 7f44e93aa700 1 -- 172.21.15.1:0/2114460697 --> [v2:172.21.15.1:3300/0,v1:172.21.15.1:6789/0] -- mon_subscribe({config=0+,monmap=0+}) v3 -- 0x7f44e00094f0 con 0x7f44e4071260
2024-05-09T03:27:48.502 INFO:teuthology.orchestra.run.smithi001.stdout:/usr/bin/ceph: stderr
2024-05-09T03:27:47.774+0000 7f44e93aa700 1 --2- 172.21.15.1:0/2114460697 >> [v2:172.21.15.1:3300/0,v1:172.21.15.1:6789/0] conn(0x7f44e4071260 0x7f44e4102e80 secure :-1 s=READY pgs=58 cs=0 l=1 rev1=1 crypto rx=0x7f44e00105b0 tx=0x7f44e0009250 comp rx=0 tx=0).ready entity=mon.0 client_cookie=0 server_cookie=0 in_seq=0 out_seq=0
2024-05-09T03:27:48.502 INFO:teuthology.orchestra.run.smithi001.stdout:/usr/bin/ceph: stderr
2024-05-09T03:27:47.774+0000 7f44d9ffb700 1 -- 172.21.15.1:0/2114460697 <== mon.0 v2:172.21.15.1:3300/0 1 ==== mon_map magic: 0 v1 ==== 229+0+0 (secure 0 0 0) 0x7f44e0010840 con 0x7f44e4071260
2024-05-09T03:27:48.502 INFO:teuthology.orchestra.run.smithi001.stdout:/usr/bin/ceph: stderr
2024-05-09T03:27:47.774+0000 7f44d9ffb700 1 -- 172.21.15.1:0/2114460697 <== mon.0 v2:172.21.15.1:3300/0 2 ==== config(27 keys) v1 ==== 1109+0+0 (secure 0 0 0) 0x7f44e0010e70 con 0x7f44e4071260
2024-05-09T03:27:48.502 INFO:teuthology.orchestra.run.smithi001.stdout:/usr/bin/ceph: stderr
2024-05-09T03:27:47.774+0000 7f44eb60e700 1 -- 172.21.15.1:0/2114460697 --> [v2:172.21.15.1:3300/0,v1:172.21.15.1:6789/0] -- mon_subscribe({mgrmap=0+}) v3 -- 0x7f44e4101430 con 0x7f44e4071260
2024-05-09T03:27:48.502 INFO:teuthology.orchestra.run.smithi001.stdout:/usr/bin/ceph: stderr
2024-05-09T03:27:47.774+0000 7f44d9ffb700 1 -- 172.21.15.1:0/2114460697 <== mon.0 v2:172.21.15.1:3300/0 3 ==== mon_map magic: 0 v1 ==== 229+0+0 (secure 0 0 0) 0x7f44e001ae30 con 0x7f44e4071260
2024-05-09T03:27:48.502 INFO:teuthology.orchestra.run.smithi001.stdout:/usr/bin/ceph: stderr
2024-05-09T03:27:47.774+0000 7f44eb60e700 1 -- 172.21.15.1:0/2114460697 --> [v2:172.21.15.1:3300/0,v1:172.21.15.1:6789/0] -- mon_subscribe({osdmap=0}) v3 -- 0x7f44e4101920 con 0x7f44e4071260
2024-05-09T03:27:48.502 INFO:teuthology.orchestra.run.smithi001.stdout:/usr/bin/ceph: stderr
2024-05-09T03:27:47.775+0000 7f44d9ffb700 1 -- 172.21.15.1:0/2114460697 <== mon.0 v2:172.21.15.1:3300/0 4 ==== mgrmap(e 8) v1 ==== 43376+0+0 (secure 0 0 0) 0x7f44e002d3f0 con 0x7f44e4071260
2024-05-09T03:27:48.502 INFO:teuthology.orchestra.run.smithi001.stdout:/usr/bin/ceph: stderr
2024-05-09T03:27:47.775+0000 7f44eb60e700 1 -- 172.21.15.1:0/2114460697 --> [v2:172.21.15.1:3300/0,v1:172.21.15.1:6789/0] -- mon_command({"prefix": "get_command_descriptions"} v 0) v1 -- 0x7f44e404bed0 con 0x7f44e4071260
2024-05-09T03:27:48.503 INFO:teuthology.orchestra.run.smithi001.stdout:/usr/bin/ceph: stderr
2024-05-09T03:27:47.775+0000 7f44d9ffb700 1 --2- 172.21.15.1:0/2114460697 >> [v2:172.21.15.1:6800/1743588444,v1:172.21.15.1:6801/1743588444] conn(0x7f44d0036790 0x7f44d0038c40 unknown :-1 s=NONE pgs=0 cs=0 l=1 rev1=0 crypto rx=0 tx=0 comp rx=0 tx=0).connect
2024-05-09T03:27:48.503 INFO:teuthology.orchestra.run.smithi001.stdout:/usr/bin/ceph: stderr
2024-05-09T03:27:47.775+0000 7f44d9ffb700 1 -- 172.21.15.1:0/2114460697 <== mon.0 v2:172.21.15.1:3300/0 5 ==== osd_map(2..2 src has 1..2) v4 ==== 936+0+0 (secure 0 0 0) 0x7f44e004a2f0 con 0x7f44e4071260
2024-05-09T03:27:48.503 INFO:teuthology.orchestra.run.smithi001.stdout:/usr/bin/ceph: stderr
2024-05-09T03:27:47.775+0000 7f44e8ba9700 1 --2- 172.21.15.1:0/2114460697 >> [v2:172.21.15.1:6800/1743588444,v1:172.21.15.1:6801/1743588444] conn(0x7f44d0036790 0x7f44d0038c40 unknown :-1 s=BANNER_CONNECTING pgs=0 cs=0 l=1 rev1=0 crypto rx=0 tx=0 comp rx=0 tx=0)._handle_peer_banner_payload supported=3 required=0
2024-05-09T03:27:48.503 INFO:teuthology.orchestra.run.smithi001.stdout:/usr/bin/ceph: stderr
2024-05-09T03:27:47.776+0000 7f44e8ba9700 1 --2- 172.21.15.1:0/2114460697 >> [v2:172.21.15.1:6800/1743588444,v1:172.21.15.1:6801/1743588444] conn(0x7f44d0036790 0x7f44d0038c40 secure :-1 s=READY pgs=19 cs=0 l=1 rev1=1 crypto rx=0x7f44d4009990 tx=0x7f44d4006e40 comp rx=0 tx=0).ready entity=mgr.14116 client_cookie=0 server_cookie=0 in_seq=0 out_seq=0
2024-05-09T03:27:48.503 INFO:teuthology.orchestra.run.smithi001.stdout:/usr/bin/ceph: stderr
2024-05-09T03:27:47.780+0000 7f44d9ffb700 1 -- 172.21.15.1:0/2114460697 <== mon.0 v2:172.21.15.1:3300/0 6 ==== mon_command_ack([{"prefix": "get_command_descriptions"}]=0 v0) v1 ==== 72+0+176702 (secure 0 0 0) 0x7f44e00109a0 con 0x7f44e4071260
2024-05-09T03:27:48.503 INFO:teuthology.orchestra.run.smithi001.stdout:/usr/bin/ceph: stderr
2024-05-09T03:27:47.973+0000 7f44eb60e700 1 -- 172.21.15.1:0/2114460697 --> [v2:172.21.15.1:3300/0,v1:172.21.15.1:6789/0] -- mon_command([{prefix=config set, name=mgr/cephadm/container_init}] v 0) v1 -- 0x7f44e41068b0 con 0x7f44e4071260
2024-05-09T03:27:48.503 INFO:teuthology.orchestra.run.smithi001.stdout:/usr/bin/ceph: stderr
2024-05-09T03:27:47.976+0000 7f44d9ffb700 1 -- 172.21.15.1:0/2114460697 <== mon.0 v2:172.21.15.1:3300/0 7 ==== mon_command_ack([{prefix=config set, name=mgr/cephadm/container_init}]=0 v7)=0 v7) v1 ==== 142+0+0 (secure 0 0 0) 0x7f44e002b2f0 con 0x7f44e4071260
2024-05-09T03:27:48.503 INFO:teuthology.orchestra.run.smithi001.stdout:/usr/bin/ceph: stderr
2024-05-09T03:27:47.978+0000 7f44eb60e700 1 -- 172.21.15.1:0/2114460697 >> [v2:172.21.15.1:6800/1743588444,v1:172.21.15.1:6801/1743588444] conn(0x7f44d0036790 msgr2=0x7f44d0038c40 secure :-1 s=STATE_CONNECTION_ESTABLISHED l=1).mark_down
2024-05-09T03:27:48.503 INFO:teuthology.orchestra.run.smithi001.stdout:/usr/bin/ceph: stderr
2024-05-09T03:27:47.978+0000 7f44eb60e700 1 --2- 172.21.15.1:0/2114460697 >> [v2:172.21.15.1:6800/1743588444,v1:172.21.15.1:6801/1743588444] conn(0x7f44d0036790 0x7f44d0038c40 secure :-1 s=READY pgs=19 cs=0 l=1 rev1=1 crypto rx=0x7f44d4009990 tx=0x7f44d4006e40 comp rx=0 tx=0).stop
2024-05-09T03:27:48.503 INFO:teuthology.orchestra.run.smithi001.stdout:/usr/bin/ceph: stderr
2024-05-09T03:27:47.978+0000 7f44eb60e700 1 -- 172.21.15.1:0/2114460697 >> [v2:172.21.15.1:3300/0,v1:172.21.15.1:6789/0] conn(0x7f44e4071260 msgr2=0x7f44e4102e80 secure :-1 s=STATE_CONNECTION_ESTABLISHED l=1).mark_down
2024-05-09T03:27:48.503 INFO:teuthology.orchestra.run.smithi001.stdout:/usr/bin/ceph: stderr
2024-05-09T03:27:47.978+0000 7f44eb60e700 1 --2- 172.21.15.1:0/2114460697 >> [v2:172.21.15.1:3300/0,v1:172.21.15.1:6789/0] conn(0x7f44e4071260 0x7f44e4102e80 secure :-1 s=READY pgs=58 cs=0 l=1 rev1=1 crypto rx=0x7f44e00105b0 tx=0x7f44e0009250 comp rx=0 tx=0).stop
2024-05-09T03:27:48.503 INFO:teuthology.orchestra.run.smithi001.stdout:/usr/bin/ceph: stderr
2024-05-09T03:27:47.978+0000 7f44eb60e700 1 -- 172.21.15.1:0/2114460697 shutdown_connections
2024-05-09T03:27:48.503 INFO:teuthology.orchestra.run.smithi001.stdout:/usr/bin/ceph: stderr
2024-05-09T03:27:47.978+0000 7f44eb60e700 1 --2- 172.21.15.1:0/2114460697 >> [v2:172.21.15.1:6800/1743588444,v1:172.21.15.1:6801/1743588444] conn(0x7f44d0036790 0x7f44d0038c40 unknown :-1 s=CLOSED pgs=19 cs=0 l=1 rev1=1 crypto rx=0 tx=0 comp rx=0 tx=0).stop
2024-05-09T03:27:48.503 INFO:teuthology.orchestra.run.smithi001.stdout:/usr/bin/ceph: stderr
2024-05-09T03:27:47.978+0000 7f44eb60e700 1 --2- 172.21.15.1:0/2114460697 >> [v2:172.21.15.1:3300/0,v1:172.21.15.1:6789/0] conn(0x7f44e4071260 0x7f44e4102e80 unknown :-1 s=CLOSED pgs=58 cs=0 l=1 rev1=1 crypto rx=0 tx=0 comp rx=0 tx=0).stop
2024-05-09T03:27:48.504 INFO:teuthology.orchestra.run.smithi001.stdout:/usr/bin/ceph: stderr
2024-05-09T03:27:47.978+0000 7f44eb60e700 1 -- 172.21.15.1:0/2114460697 >> 172.21.15.1:0/2114460697 conn(0x7f44e40fcfc0 msgr2=0x7f44e40fdc60 unknown :-1 s=STATE_NONE l=0).mark_down
2024-05-09T03:27:48.504 INFO:teuthology.orchestra.run.smithi001.stdout:/usr/bin/ceph: stderr
2024-05-09T03:27:47.978+0000 7f44eb60e700 1 -- 172.21.15.1:0/2114460697 shutdown_connections
2024-05-09T03:27:48.504 INFO:teuthology.orchestra.run.smithi001.stdout:/usr/bin/ceph: stderr
2024-05-09T03:27:47.979+0000 7f44eb60e700 1 -- 172.21.15.1:0/2114460697 wait complete.
2024-05-09T03:27:49.120 INFO:journalctl@ceph.mon.smithi001.smithi001.stdout:May 09 03:27:48 smithi001 ceph-mon[26946]: from='client.? 172.21.15.1:0/2114460697' entity='client.admin'
2024-05-09T03:27:49.120 INFO:journalctl@ceph.mon.smithi001.smithi001.stdout:May 09 03:27:48 smithi001 ceph-mon[26946]: pgmap v4: 0 pgs: ; 0 B data, 0 B used, 0 B / 0 B avail
2024-05-09T03:27:49.673 INFO:teuthology.orchestra.run.smithi001.stdout:/usr/bin/ceph: stderr
2024-05-09T03:27:48.897+0000 7f0db9254700 1 Processor -- start
2024-05-09T03:27:49.673 INFO:teuthology.orchestra.run.smithi001.stdout:/usr/bin/ceph: stderr
2024-05-09T03:27:48.897+0000 7f0db9254700 1 -- start start
2024-05-09T03:27:49.673 INFO:teuthology.orchestra.run.smithi001.stdout:/usr/bin/ceph: stderr
2024-05-09T03:27:48.897+0000 7f0db9254700 1 --2- >> [v2:172.21.15.1:3300/0,v1:172.21.15.1:6789/0] conn(0x7f0db41029b0 0x7f0db4102dc0 unknown :-1 s=NONE pgs=0 cs=0 l=0 rev1=0 crypto rx=0 tx=0 comp rx=0 tx=0).connect
2024-05-09T03:27:49.673 INFO:teuthology.orchestra.run.smithi001.stdout:/usr/bin/ceph: stderr
2024-05-09T03:27:48.897+0000 7f0db9254700 1 -- --> [v2:172.21.15.1:3300/0,v1:172.21.15.1:6789/0] -- mon_getmap magic: 0 v1 -- 0x7f0db4103300 con 0x7f0db41029b0
2024-05-09T03:27:49.673 INFO:teuthology.orchestra.run.smithi001.stdout:/usr/bin/ceph: stderr
2024-05-09T03:27:48.898+0000 7f0db2d9d700 1 --2- >> [v2:172.21.15.1:3300/0,v1:172.21.15.1:6789/0] conn(0x7f0db41029b0 0x7f0db4102dc0 unknown :-1 s=BANNER_CONNECTING pgs=0 cs=0 l=0 rev1=0 crypto rx=0 tx=0 comp rx=0 tx=0)._handle_peer_banner_payload supported=3 required=0
2024-05-09T03:27:49.674 INFO:teuthology.orchestra.run.smithi001.stdout:/usr/bin/ceph: stderr
2024-05-09T03:27:48.898+0000 7f0db2d9d700 1 --2- >> [v2:172.21.15.1:3300/0,v1:172.21.15.1:6789/0] conn(0x7f0db41029b0 0x7f0db4102dc0 unknown :-1 s=HELLO_CONNECTING pgs=0 cs=0 l=0 rev1=1 crypto rx=0 tx=0 comp rx=0 tx=0).handle_hello peer v2:172.21.15.1:3300/0 says I am v2:172.21.15.1:47772/0 (socket says 172.21.15.1:47772)
2024-05-09T03:27:49.674 INFO:teuthology.orchestra.run.smithi001.stdout:/usr/bin/ceph: stderr
2024-05-09T03:27:48.898+0000 7f0db2d9d700 1 -- 172.21.15.1:0/1600175223 learned_addr learned my addr 172.21.15.1:0/1600175223 (peer_addr_for_me v2:172.21.15.1:0/0)
2024-05-09T03:27:49.674 INFO:teuthology.orchestra.run.smithi001.stdout:/usr/bin/ceph: stderr
2024-05-09T03:27:48.898+0000 7f0db2d9d700 1 -- 172.21.15.1:0/1600175223 --> [v2:172.21.15.1:3300/0,v1:172.21.15.1:6789/0] -- mon_subscribe({config=0+,monmap=0+}) v3 -- 0x7f0db4103440 con 0x7f0db41029b0
2024-05-09T03:27:49.674 INFO:teuthology.orchestra.run.smithi001.stdout:/usr/bin/ceph: stderr
2024-05-09T03:27:48.898+0000 7f0db2d9d700 1 --2- 172.21.15.1:0/1600175223 >> [v2:172.21.15.1:3300/0,v1:172.21.15.1:6789/0] conn(0x7f0db41029b0 0x7f0db4102dc0 secure :-1 s=READY pgs=59 cs=0 l=1 rev1=1 crypto rx=0x7f0da4009e50 tx=0x7f0da4009840 comp rx=0 tx=0).ready entity=mon.0 client_cookie=911238fcc270507c server_cookie=0 in_seq=0 out_seq=0
2024-05-09T03:27:49.674 INFO:teuthology.orchestra.run.smithi001.stdout:/usr/bin/ceph: stderr
2024-05-09T03:27:48.898+0000 7f0db1d9b700 1 -- 172.21.15.1:0/1600175223 <== mon.0 v2:172.21.15.1:3300/0 1 ==== mon_map magic: 0 v1 ==== 229+0+0 (secure 0 0 0) 0x7f0da40092e0 con 0x7f0db41029b0
2024-05-09T03:27:49.674 INFO:teuthology.orchestra.run.smithi001.stdout:/usr/bin/ceph: stderr
2024-05-09T03:27:48.898+0000 7f0db1d9b700 1 -- 172.21.15.1:0/1600175223 <== mon.0 v2:172.21.15.1:3300/0 2 ==== config(27 keys) v1 ==== 1109+0+0 (secure 0 0 0) 0x7f0da4012430 con 0x7f0db41029b0
2024-05-09T03:27:49.674 INFO:teuthology.orchestra.run.smithi001.stdout:/usr/bin/ceph: stderr
2024-05-09T03:27:48.898+0000 7f0db1d9b700 1 -- 172.21.15.1:0/1600175223 <== mon.0 v2:172.21.15.1:3300/0 3 ==== mon_map magic: 0 v1 ==== 229+0+0 (secure 0 0 0) 0x7f0da40075c0 con 0x7f0db41029b0
2024-05-09T03:27:49.674 INFO:teuthology.orchestra.run.smithi001.stdout:/usr/bin/ceph: stderr
2024-05-09T03:27:48.899+0000 7f0db9254700 1 -- 172.21.15.1:0/1600175223 >> [v2:172.21.15.1:3300/0,v1:172.21.15.1:6789/0] conn(0x7f0db41029b0 msgr2=0x7f0db4102dc0 secure :-1 s=STATE_CONNECTION_ESTABLISHED l=1).mark_down
2024-05-09T03:27:49.674 INFO:teuthology.orchestra.run.smithi001.stdout:/usr/bin/ceph: stderr
2024-05-09T03:27:48.899+0000 7f0db9254700 1 --2- 172.21.15.1:0/1600175223 >> [v2:172.21.15.1:3300/0,v1:172.21.15.1:6789/0] conn(0x7f0db41029b0 0x7f0db4102dc0 secure :-1 s=READY pgs=59 cs=0 l=1 rev1=1 crypto rx=0x7f0da4009e50 tx=0x7f0da4009840 comp rx=0 tx=0).stop
2024-05-09T03:27:49.674 INFO:teuthology.orchestra.run.smithi001.stdout:/usr/bin/ceph: stderr
2024-05-09T03:27:48.899+0000 7f0db9254700 1 -- 172.21.15.1:0/1600175223 shutdown_connections
2024-05-09T03:27:49.674 INFO:teuthology.orchestra.run.smithi001.stdout:/usr/bin/ceph: stderr
2024-05-09T03:27:48.899+0000 7f0db9254700 1 --2- 172.21.15.1:0/1600175223 >> [v2:172.21.15.1:3300/0,v1:172.21.15.1:6789/0] conn(0x7f0db41029b0 0x7f0db4102dc0 unknown :-1 s=CLOSED pgs=59 cs=0 l=1 rev1=1 crypto rx=0 tx=0 comp rx=0 tx=0).stop
2024-05-09T03:27:49.674 INFO:teuthology.orchestra.run.smithi001.stdout:/usr/bin/ceph: stderr
2024-05-09T03:27:48.899+0000 7f0db9254700 1 -- 172.21.15.1:0/1600175223 >> 172.21.15.1:0/1600175223 conn(0x7f0db40fe150 msgr2=0x7f0db4100560 unknown :-1 s=STATE_NONE l=0).mark_down
2024-05-09T03:27:49.674 INFO:teuthology.orchestra.run.smithi001.stdout:/usr/bin/ceph: stderr
2024-05-09T03:27:48.899+0000 7f0db9254700 1 -- 172.21.15.1:0/1600175223 shutdown_connections
2024-05-09T03:27:49.675 INFO:teuthology.orchestra.run.smithi001.stdout:/usr/bin/ceph: stderr
2024-05-09T03:27:48.899+0000 7f0db9254700 1 -- 172.21.15.1:0/1600175223 wait complete.
2024-05-09T03:27:49.675 INFO:teuthology.orchestra.run.smithi001.stdout:/usr/bin/ceph: stderr
2024-05-09T03:27:48.900+0000 7f0db9254700 1 Processor -- start
2024-05-09T03:27:49.675 INFO:teuthology.orchestra.run.smithi001.stdout:/usr/bin/ceph: stderr
2024-05-09T03:27:48.900+0000 7f0db9254700 1 -- start start
2024-05-09T03:27:49.675 INFO:teuthology.orchestra.run.smithi001.stdout:/usr/bin/ceph: stderr
2024-05-09T03:27:48.900+0000 7f0db9254700 1 --2- >> [v2:172.21.15.1:3300/0,v1:172.21.15.1:6789/0] conn(0x7f0db41029b0 0x7f0db4078c10 unknown :-1 s=NONE pgs=0 cs=0 l=1 rev1=0 crypto rx=0 tx=0 comp rx=0 tx=0).connect
2024-05-09T03:27:49.675 INFO:teuthology.orchestra.run.smithi001.stdout:/usr/bin/ceph: stderr
2024-05-09T03:27:48.900+0000 7f0db9254700 1 -- --> [v2:172.21.15.1:3300/0,v1:172.21.15.1:6789/0] -- mon_getmap magic: 0 v1 -- 0x7f0db4079150 con 0x7f0db41029b0
2024-05-09T03:27:49.675 INFO:teuthology.orchestra.run.smithi001.stdout:/usr/bin/ceph: stderr
2024-05-09T03:27:48.900+0000 7f0db2d9d700 1 --2- >> [v2:172.21.15.1:3300/0,v1:172.21.15.1:6789/0] conn(0x7f0db41029b0 0x7f0db4078c10 unknown :-1 s=BANNER_CONNECTING pgs=0 cs=0 l=1 rev1=0 crypto rx=0 tx=0 comp rx=0 tx=0)._handle_peer_banner_payload supported=3 required=0
2024-05-09T03:27:49.675 INFO:teuthology.orchestra.run.smithi001.stdout:/usr/bin/ceph: stderr
2024-05-09T03:27:48.900+0000 7f0db2d9d700 1 --2- >> [v2:172.21.15.1:3300/0,v1:172.21.15.1:6789/0] conn(0x7f0db41029b0 0x7f0db4078c10 unknown :-1 s=HELLO_CONNECTING pgs=0 cs=0 l=1 rev1=1 crypto rx=0 tx=0 comp rx=0 tx=0).handle_hello peer v2:172.21.15.1:3300/0 says I am v2:172.21.15.1:47774/0 (socket says 172.21.15.1:47774)
2024-05-09T03:27:49.675 INFO:teuthology.orchestra.run.smithi001.stdout:/usr/bin/ceph: stderr
2024-05-09T03:27:48.900+0000 7f0db2d9d700 1 -- 172.21.15.1:0/2502672151 learned_addr learned my addr 172.21.15.1:0/2502672151 (peer_addr_for_me v2:172.21.15.1:0/0)
2024-05-09T03:27:49.675 INFO:teuthology.orchestra.run.smithi001.stdout:/usr/bin/ceph: stderr
2024-05-09T03:27:48.900+0000 7f0db2d9d700 1 -- 172.21.15.1:0/2502672151 --> [v2:172.21.15.1:3300/0,v1:172.21.15.1:6789/0] -- mon_subscribe({config=0+,monmap=0+}) v3 -- 0x7f0da4009ae0 con 0x7f0db41029b0
2024-05-09T03:27:49.675 INFO:teuthology.orchestra.run.smithi001.stdout:/usr/bin/ceph: stderr
2024-05-09T03:27:48.900+0000 7f0db2d9d700 1 --2- 172.21.15.1:0/2502672151 >> [v2:172.21.15.1:3300/0,v1:172.21.15.1:6789/0] conn(0x7f0db41029b0 0x7f0db4078c10 secure :-1 s=READY pgs=60 cs=0 l=1 rev1=1 crypto rx=0x7f0da4009fd0 tx=0x7f0da4009840 comp rx=0 tx=0).ready entity=mon.0 client_cookie=0 server_cookie=0 in_seq=0 out_seq=0
2024-05-09T03:27:49.675 INFO:teuthology.orchestra.run.smithi001.stdout:/usr/bin/ceph: stderr
2024-05-09T03:27:48.901+0000 7f0dab7fe700 1 -- 172.21.15.1:0/2502672151 <== mon.0 v2:172.21.15.1:3300/0 1 ==== mon_map magic: 0 v1 ==== 229+0+0 (secure 0 0 0) 0x7f0da40092e0 con 0x7f0db41029b0
2024-05-09T03:27:49.675 INFO:teuthology.orchestra.run.smithi001.stdout:/usr/bin/ceph: stderr
2024-05-09T03:27:48.901+0000 7f0dab7fe700 1 -- 172.21.15.1:0/2502672151 <== mon.0 v2:172.21.15.1:3300/0 2 ==== config(27 keys) v1 ==== 1109+0+0 (secure 0 0 0) 0x7f0da4007d50 con 0x7f0db41029b0
2024-05-09T03:27:49.675 INFO:teuthology.orchestra.run.smithi001.stdout:/usr/bin/ceph: stderr
2024-05-09T03:27:48.901+0000 7f0db9254700 1 -- 172.21.15.1:0/2502672151 --> [v2:172.21.15.1:3300/0,v1:172.21.15.1:6789/0] -- mon_subscribe({mgrmap=0+}) v3 -- 0x7f0db4077220 con 0x7f0db41029b0
2024-05-09T03:27:49.675 INFO:teuthology.orchestra.run.smithi001.stdout:/usr/bin/ceph: stderr
2024-05-09T03:27:48.901+0000 7f0dab7fe700 1 -- 172.21.15.1:0/2502672151 <== mon.0 v2:172.21.15.1:3300/0 3 ==== mon_map magic: 0 v1 ==== 229+0+0 (secure 0 0 0) 0x7f0da401c9f0 con 0x7f0db41029b0
2024-05-09T03:27:49.675 INFO:teuthology.orchestra.run.smithi001.stdout:/usr/bin/ceph: stderr
2024-05-09T03:27:48.901+0000 7f0db9254700 1 -- 172.21.15.1:0/2502672151 --> [v2:172.21.15.1:3300/0,v1:172.21.15.1:6789/0] -- mon_subscribe({osdmap=0}) v3 -- 0x7f0db4077710 con 0x7f0db41029b0
2024-05-09T03:27:49.676 INFO:teuthology.orchestra.run.smithi001.stdout:/usr/bin/ceph: stderr
2024-05-09T03:27:48.901+0000 7f0dab7fe700 1 -- 172.21.15.1:0/2502672151 <== mon.0 v2:172.21.15.1:3300/0 4 ==== mgrmap(e 8) v1 ==== 43376+0+0 (secure 0 0 0) 0x7f0da4019070 con 0x7f0db41029b0
2024-05-09T03:27:49.676 INFO:teuthology.orchestra.run.smithi001.stdout:/usr/bin/ceph: stderr
2024-05-09T03:27:48.902+0000 7f0dab7fe700 1 --2- 172.21.15.1:0/2502672151 >> [v2:172.21.15.1:6800/1743588444,v1:172.21.15.1:6801/1743588444] conn(0x7f0da00367e0 0x7f0da0038c90 unknown :-1 s=NONE pgs=0 cs=0 l=1 rev1=0 crypto rx=0 tx=0 comp rx=0 tx=0).connect
2024-05-09T03:27:49.676 INFO:teuthology.orchestra.run.smithi001.stdout:/usr/bin/ceph: stderr
2024-05-09T03:27:48.902+0000 7f0dab7fe700 1 -- 172.21.15.1:0/2502672151 <== mon.0 v2:172.21.15.1:3300/0 5 ==== osd_map(2..2 src has 1..2) v4 ==== 936+0+0 (secure 0 0 0) 0x7f0da404a010 con 0x7f0db41029b0
2024-05-09T03:27:49.676 INFO:teuthology.orchestra.run.smithi001.stdout:/usr/bin/ceph: stderr
2024-05-09T03:27:48.902+0000 7f0db9254700 1 -- 172.21.15.1:0/2502672151 --> [v2:172.21.15.1:3300/0,v1:172.21.15.1:6789/0] -- mon_command({"prefix": "get_command_descriptions"} v 0) v1 -- 0x7f0db404bed0 con 0x7f0db41029b0
2024-05-09T03:27:49.676 INFO:teuthology.orchestra.run.smithi001.stdout:/usr/bin/ceph: stderr
2024-05-09T03:27:48.902+0000 7f0db259c700 1 --2- 172.21.15.1:0/2502672151 >> [v2:172.21.15.1:6800/1743588444,v1:172.21.15.1:6801/1743588444] conn(0x7f0da00367e0 0x7f0da0038c90 unknown :-1 s=BANNER_CONNECTING pgs=0 cs=0 l=1 rev1=0 crypto rx=0 tx=0 comp rx=0 tx=0)._handle_peer_banner_payload supported=3 required=0
2024-05-09T03:27:49.676 INFO:teuthology.orchestra.run.smithi001.stdout:/usr/bin/ceph: stderr
2024-05-09T03:27:48.902+0000 7f0db259c700 1 --2- 172.21.15.1:0/2502672151 >> [v2:172.21.15.1:6800/1743588444,v1:172.21.15.1:6801/1743588444] conn(0x7f0da00367e0 0x7f0da0038c90 secure :-1 s=READY pgs=20 cs=0 l=1 rev1=1 crypto rx=0x7f0d9c009990 tx=0x7f0d9c006e40 comp rx=0 tx=0).ready entity=mgr.14116 client_cookie=0 server_cookie=0 in_seq=0 out_seq=0
2024-05-09T03:27:49.676 INFO:teuthology.orchestra.run.smithi001.stdout:/usr/bin/ceph: stderr
2024-05-09T03:27:48.907+0000 7f0dab7fe700 1 -- 172.21.15.1:0/2502672151 <== mon.0 v2:172.21.15.1:3300/0 6 ==== mon_command_ack([{"prefix": "get_command_descriptions"}]=0 v0) v1 ==== 72+0+176702 (secure 0 0 0) 0x7f0da402a080 con 0x7f0db41029b0
2024-05-09T03:27:49.676 INFO:teuthology.orchestra.run.smithi001.stdout:/usr/bin/ceph: stderr
2024-05-09T03:27:49.102+0000 7f0db9254700 1 -- 172.21.15.1:0/2502672151 --> [v2:172.21.15.1:3300/0,v1:172.21.15.1:6789/0] -- mon_command([{prefix=config set, name=mgr/dashboard/ssl_server_port}] v 0) v1 -- 0x7f0db4104670 con 0x7f0db41029b0
2024-05-09T03:27:49.676 INFO:teuthology.orchestra.run.smithi001.stdout:/usr/bin/ceph: stderr
2024-05-09T03:27:49.105+0000 7f0dab7fe700 1 -- 172.21.15.1:0/2502672151 <== mon.0 v2:172.21.15.1:3300/0 7 ==== mon_command_ack([{prefix=config set, name=mgr/dashboard/ssl_server_port}]=0 v8)=0 v8) v1 ==== 130+0+0 (secure 0 0 0) 0x7f0da4017020 con 0x7f0db41029b0
2024-05-09T03:27:49.676 INFO:teuthology.orchestra.run.smithi001.stdout:/usr/bin/ceph: stderr
2024-05-09T03:27:49.107+0000 7f0db9254700 1 -- 172.21.15.1:0/2502672151 >> [v2:172.21.15.1:6800/1743588444,v1:172.21.15.1:6801/1743588444] conn(0x7f0da00367e0 msgr2=0x7f0da0038c90 secure :-1 s=STATE_CONNECTION_ESTABLISHED l=1).mark_down
2024-05-09T03:27:49.676 INFO:teuthology.orchestra.run.smithi001.stdout:/usr/bin/ceph: stderr
2024-05-09T03:27:49.107+0000 7f0db9254700 1 --2- 172.21.15.1:0/2502672151 >> [v2:172.21.15.1:6800/1743588444,v1:172.21.15.1:6801/1743588444] conn(0x7f0da00367e0 0x7f0da0038c90 secure :-1 s=READY pgs=20 cs=0 l=1 rev1=1 crypto rx=0x7f0d9c009990 tx=0x7f0d9c006e40 comp rx=0 tx=0).stop
2024-05-09T03:27:49.676 INFO:teuthology.orchestra.run.smithi001.stdout:/usr/bin/ceph: stderr
2024-05-09T03:27:49.107+0000 7f0db9254700 1 -- 172.21.15.1:0/2502672151 >> [v2:172.21.15.1:3300/0,v1:172.21.15.1:6789/0] conn(0x7f0db41029b0 msgr2=0x7f0db4078c10 secure :-1 s=STATE_CONNECTION_ESTABLISHED l=1).mark_down
2024-05-09T03:27:49.676 INFO:teuthology.orchestra.run.smithi001.stdout:/usr/bin/ceph: stderr
2024-05-09T03:27:49.107+0000 7f0db9254700 1 --2- 172.21.15.1:0/2502672151 >> [v2:172.21.15.1:3300/0,v1:172.21.15.1:6789/0] conn(0x7f0db41029b0 0x7f0db4078c10 secure :-1 s=READY pgs=60 cs=0 l=1 rev1=1 crypto rx=0x7f0da4009fd0 tx=0x7f0da4009840 comp rx=0 tx=0).stop
2024-05-09T03:27:49.676 INFO:teuthology.orchestra.run.smithi001.stdout:/usr/bin/ceph: stderr
2024-05-09T03:27:49.107+0000 7f0db9254700 1 -- 172.21.15.1:0/2502672151 shutdown_connections
2024-05-09T03:27:49.677 INFO:teuthology.orchestra.run.smithi001.stdout:/usr/bin/ceph: stderr
2024-05-09T03:27:49.107+0000 7f0db9254700 1 --2- 172.21.15.1:0/2502672151 >> [v2:172.21.15.1:6800/1743588444,v1:172.21.15.1:6801/1743588444] conn(0x7f0da00367e0 0x7f0da0038c90 unknown :-1 s=CLOSED pgs=20 cs=0 l=1 rev1=1 crypto rx=0 tx=0 comp rx=0 tx=0).stop
2024-05-09T03:27:49.677 INFO:teuthology.orchestra.run.smithi001.stdout:/usr/bin/ceph: stderr
2024-05-09T03:27:49.107+0000 7f0db9254700 1 --2- 172.21.15.1:0/2502672151 >> [v2:172.21.15.1:3300/0,v1:172.21.15.1:6789/0] conn(0x7f0db41029b0 0x7f0db4078c10 unknown :-1 s=CLOSED pgs=60 cs=0 l=1 rev1=1 crypto rx=0 tx=0 comp rx=0 tx=0).stop
2024-05-09T03:27:49.677 INFO:teuthology.orchestra.run.smithi001.stdout:/usr/bin/ceph: stderr
2024-05-09T03:27:49.107+0000 7f0db9254700 1 -- 172.21.15.1:0/2502672151 >> 172.21.15.1:0/2502672151 conn(0x7f0db40fe150 msgr2=0x7f0db40feca0 unknown :-1 s=STATE_NONE l=0).mark_down
2024-05-09T03:27:49.677 INFO:teuthology.orchestra.run.smithi001.stdout:/usr/bin/ceph: stderr
2024-05-09T03:27:49.107+0000 7f0db9254700 1 -- 172.21.15.1:0/2502672151 shutdown_connections
2024-05-09T03:27:49.677 INFO:teuthology.orchestra.run.smithi001.stdout:/usr/bin/ceph: stderr
2024-05-09T03:27:49.107+0000 7f0db9254700 1 -- 172.21.15.1:0/2502672151 wait complete.
2024-05-09T03:27:49.677 INFO:teuthology.orchestra.run.smithi001.stdout:Enabling the dashboard module...
2024-05-09T03:27:50.352 INFO:journalctl@ceph.mon.smithi001.smithi001.stdout:May 09 03:27:50 smithi001 ceph-mon[26946]: from='client.? 172.21.15.1:0/2502672151' entity='client.admin'
2024-05-09T03:27:51.421 INFO:journalctl@ceph.mon.smithi001.smithi001.stdout:May 09 03:27:51 smithi001 ceph-mon[26946]: from='client.? 172.21.15.1:0/1120499364' entity='client.admin' cmd=[{"prefix": "mgr module enable", "module": "dashboard"}]: dispatch
2024-05-09T03:27:51.421 INFO:journalctl@ceph.mon.smithi001.smithi001.stdout:May 09 03:27:51 smithi001 ceph-mon[26946]: pgmap v5: 0 pgs: ; 0 B data, 0 B used, 0 B / 0 B avail
2024-05-09T03:27:51.713 INFO:teuthology.orchestra.run.smithi001.stdout:/usr/bin/ceph: stderr
2024-05-09T03:27:50.114+0000 7f436214d700 1 Processor -- start
2024-05-09T03:27:51.714 INFO:teuthology.orchestra.run.smithi001.stdout:/usr/bin/ceph: stderr
2024-05-09T03:27:50.114+0000 7f436214d700 1 -- start start
2024-05-09T03:27:51.714 INFO:teuthology.orchestra.run.smithi001.stdout:/usr/bin/ceph: stderr
2024-05-09T03:27:50.114+0000 7f436214d700 1 --2- >> [v2:172.21.15.1:3300/0,v1:172.21.15.1:6789/0] conn(0x7f435c1028f0 0x7f435c102d00 unknown :-1 s=NONE pgs=0 cs=0 l=0 rev1=0 crypto rx=0 tx=0 comp rx=0 tx=0).connect
2024-05-09T03:27:51.714 INFO:teuthology.orchestra.run.smithi001.stdout:/usr/bin/ceph: stderr
2024-05-09T03:27:50.114+0000 7f436214d700 1 -- --> [v2:172.21.15.1:3300/0,v1:172.21.15.1:6789/0] -- mon_getmap magic: 0 v1 -- 0x7f435c103240 con 0x7f435c1028f0
2024-05-09T03:27:51.714 INFO:teuthology.orchestra.run.smithi001.stdout:/usr/bin/ceph: stderr
2024-05-09T03:27:50.114+0000 7f435b7fe700 1 --2- >> [v2:172.21.15.1:3300/0,v1:172.21.15.1:6789/0] conn(0x7f435c1028f0 0x7f435c102d00 unknown :-1 s=BANNER_CONNECTING pgs=0 cs=0 l=0 rev1=0 crypto rx=0 tx=0 comp rx=0 tx=0)._handle_peer_banner_payload supported=3 required=0
2024-05-09T03:27:51.714 INFO:teuthology.orchestra.run.smithi001.stdout:/usr/bin/ceph: stderr
2024-05-09T03:27:50.114+0000 7f435b7fe700 1 --2- >> [v2:172.21.15.1:3300/0,v1:172.21.15.1:6789/0] conn(0x7f435c1028f0 0x7f435c102d00 unknown :-1 s=HELLO_CONNECTING pgs=0 cs=0 l=0 rev1=1 crypto rx=0 tx=0 comp rx=0 tx=0).handle_hello peer v2:172.21.15.1:3300/0 says I am v2:172.21.15.1:47790/0 (socket says 172.21.15.1:47790)
2024-05-09T03:27:51.714 INFO:teuthology.orchestra.run.smithi001.stdout:/usr/bin/ceph: stderr
2024-05-09T03:27:50.114+0000 7f435b7fe700 1 -- 172.21.15.1:0/1101831584 learned_addr learned my addr 172.21.15.1:0/1101831584 (peer_addr_for_me v2:172.21.15.1:0/0)
2024-05-09T03:27:51.714 INFO:teuthology.orchestra.run.smithi001.stdout:/usr/bin/ceph: stderr
2024-05-09T03:27:50.115+0000 7f435b7fe700 1 -- 172.21.15.1:0/1101831584 --> [v2:172.21.15.1:3300/0,v1:172.21.15.1:6789/0] -- mon_subscribe({config=0+,monmap=0+}) v3 -- 0x7f435c103380 con 0x7f435c1028f0
2024-05-09T03:27:51.714 INFO:teuthology.orchestra.run.smithi001.stdout:/usr/bin/ceph: stderr
2024-05-09T03:27:50.115+0000 7f435b7fe700 1 --2- 172.21.15.1:0/1101831584 >> [v2:172.21.15.1:3300/0,v1:172.21.15.1:6789/0] conn(0x7f435c1028f0 0x7f435c102d00 secure :-1 s=READY pgs=61 cs=0 l=1 rev1=1 crypto rx=0x7f434c0098e0 tx=0x7f434c009250 comp rx=0 tx=0).ready entity=mon.0 client_cookie=3320d619150d65f8 server_cookie=0 in_seq=0 out_seq=0
2024-05-09T03:27:51.714 INFO:teuthology.orchestra.run.smithi001.stdout:/usr/bin/ceph: stderr
2024-05-09T03:27:50.115+0000 7f435a7fc700 1 -- 172.21.15.1:0/1101831584 <== mon.0 v2:172.21.15.1:3300/0 1 ==== mon_map magic: 0 v1 ==== 229+0+0 (secure 0 0 0) 0x7f434c00b860 con 0x7f435c1028f0
2024-05-09T03:27:51.714 INFO:teuthology.orchestra.run.smithi001.stdout:/usr/bin/ceph: stderr
2024-05-09T03:27:50.115+0000 7f435a7fc700 1 -- 172.21.15.1:0/1101831584 <== mon.0 v2:172.21.15.1:3300/0 2 ==== config(27 keys) v1 ==== 1109+0+0 (secure 0 0 0) 0x7f434c00be90 con 0x7f435c1028f0
2024-05-09T03:27:51.714 INFO:teuthology.orchestra.run.smithi001.stdout:/usr/bin/ceph: stderr
2024-05-09T03:27:50.115+0000 7f435a7fc700 1 -- 172.21.15.1:0/1101831584 <== mon.0 v2:172.21.15.1:3300/0 3 ==== mon_map magic: 0 v1 ==== 229+0+0 (secure 0 0 0) 0x7f434c0103c0 con 0x7f435c1028f0
2024-05-09T03:27:51.714 INFO:teuthology.orchestra.run.smithi001.stdout:/usr/bin/ceph: stderr
2024-05-09T03:27:50.116+0000 7f436214d700 1 -- 172.21.15.1:0/1101831584 >> [v2:172.21.15.1:3300/0,v1:172.21.15.1:6789/0] conn(0x7f435c1028f0 msgr2=0x7f435c102d00 secure :-1 s=STATE_CONNECTION_ESTABLISHED l=1).mark_down
2024-05-09T03:27:51.715 INFO:teuthology.orchestra.run.smithi001.stdout:/usr/bin/ceph: stderr
2024-05-09T03:27:50.116+0000 7f436214d700 1 --2- 172.21.15.1:0/1101831584 >> [v2:172.21.15.1:3300/0,v1:172.21.15.1:6789/0] conn(0x7f435c1028f0 0x7f435c102d00 secure :-1 s=READY pgs=61 cs=0 l=1 rev1=1 crypto rx=0x7f434c0098e0 tx=0x7f434c009250 comp rx=0 tx=0).stop
2024-05-09T03:27:51.715 INFO:teuthology.orchestra.run.smithi001.stdout:/usr/bin/ceph: stderr
2024-05-09T03:27:50.116+0000 7f436214d700 1 -- 172.21.15.1:0/1101831584 shutdown_connections
2024-05-09T03:27:51.715 INFO:teuthology.orchestra.run.smithi001.stdout:/usr/bin/ceph: stderr
2024-05-09T03:27:50.116+0000 7f436214d700 1 --2- 172.21.15.1:0/1101831584 >> [v2:172.21.15.1:3300/0,v1:172.21.15.1:6789/0] conn(0x7f435c1028f0 0x7f435c102d00 unknown :-1 s=CLOSED pgs=61 cs=0 l=1 rev1=1 crypto rx=0 tx=0 comp rx=0 tx=0).stop
2024-05-09T03:27:51.715 INFO:teuthology.orchestra.run.smithi001.stdout:/usr/bin/ceph: stderr
2024-05-09T03:27:50.116+0000 7f436214d700 1 -- 172.21.15.1:0/1101831584 >> 172.21.15.1:0/1101831584 conn(0x7f435c0fe0b0 msgr2=0x7f435c1004c0 unknown :-1 s=STATE_NONE l=0).mark_down
2024-05-09T03:27:51.715 INFO:teuthology.orchestra.run.smithi001.stdout:/usr/bin/ceph: stderr
2024-05-09T03:27:50.116+0000 7f436214d700 1 -- 172.21.15.1:0/1101831584 shutdown_connections
2024-05-09T03:27:51.715 INFO:teuthology.orchestra.run.smithi001.stdout:/usr/bin/ceph: stderr
2024-05-09T03:27:50.116+0000 7f436214d700 1 -- 172.21.15.1:0/1101831584 wait complete.
2024-05-09T03:27:51.715 INFO:teuthology.orchestra.run.smithi001.stdout:/usr/bin/ceph: stderr
2024-05-09T03:27:50.116+0000 7f436214d700 1 Processor -- start
2024-05-09T03:27:51.715 INFO:teuthology.orchestra.run.smithi001.stdout:/usr/bin/ceph: stderr
2024-05-09T03:27:50.116+0000 7f436214d700 1 -- start start
2024-05-09T03:27:51.715 INFO:teuthology.orchestra.run.smithi001.stdout:/usr/bin/ceph: stderr
2024-05-09T03:27:50.117+0000 7f436214d700 1 --2- >> [v2:172.21.15.1:3300/0,v1:172.21.15.1:6789/0] conn(0x7f435c1028f0 0x7f435c111750 unknown :-1 s=NONE pgs=0 cs=0 l=1 rev1=0 crypto rx=0 tx=0 comp rx=0 tx=0).connect
2024-05-09T03:27:51.715 INFO:teuthology.orchestra.run.smithi001.stdout:/usr/bin/ceph: stderr
2024-05-09T03:27:50.117+0000 7f436214d700 1 -- --> [v2:172.21.15.1:3300/0,v1:172.21.15.1:6789/0] -- mon_getmap magic: 0 v1 -- 0x7f435c111c90 con 0x7f435c1028f0
2024-05-09T03:27:51.715 INFO:teuthology.orchestra.run.smithi001.stdout:/usr/bin/ceph: stderr
2024-05-09T03:27:50.117+0000 7f435b7fe700 1 --2- >> [v2:172.21.15.1:3300/0,v1:172.21.15.1:6789/0] conn(0x7f435c1028f0 0x7f435c111750 unknown :-1 s=BANNER_CONNECTING pgs=0 cs=0 l=1 rev1=0 crypto rx=0 tx=0 comp rx=0 tx=0)._handle_peer_banner_payload supported=3 required=0
2024-05-09T03:27:51.715 INFO:teuthology.orchestra.run.smithi001.stdout:/usr/bin/ceph: stderr
2024-05-09T03:27:50.117+0000 7f435b7fe700 1 --2- >> [v2:172.21.15.1:3300/0,v1:172.21.15.1:6789/0] conn(0x7f435c1028f0 0x7f435c111750 unknown :-1 s=HELLO_CONNECTING pgs=0 cs=0 l=1 rev1=1 crypto rx=0 tx=0 comp rx=0 tx=0).handle_hello peer v2:172.21.15.1:3300/0 says I am v2:172.21.15.1:47794/0 (socket says 172.21.15.1:47794)
2024-05-09T03:27:51.715 INFO:teuthology.orchestra.run.smithi001.stdout:/usr/bin/ceph: stderr
2024-05-09T03:27:50.117+0000 7f435b7fe700 1 -- 172.21.15.1:0/1120499364 learned_addr learned my addr 172.21.15.1:0/1120499364 (peer_addr_for_me v2:172.21.15.1:0/0)
