2024-05-09T03:37:20.357+0000 7f0b67161700 1 -- 172.21.15.63:0/438332992 >> [v2:172.21.15.63:3300/0,v1:172.21.15.63:6789/0] conn(0x7f0b60108340 msgr2=0x7f0b60108760 secure :-1 s=STATE_CONNECTION_ESTABLISHED l=1).mark_down
2024-05-09T03:37:27.479 INFO:teuthology.orchestra.run.smithi063.stdout:/usr/bin/ceph: stderr
2024-05-09T03:37:20.357+0000 7f0b67161700 1 --2- 172.21.15.63:0/438332992 >> [v2:172.21.15.63:3300/0,v1:172.21.15.63:6789/0] conn(0x7f0b60108340 0x7f0b60108760 secure :-1 s=READY pgs=28 cs=0 l=1 rev1=1 crypto rx=0x7f0b4c0098a0 tx=0x7f0b4c009bb0 comp rx=0 tx=0).stop
2024-05-09T03:37:27.479 INFO:teuthology.orchestra.run.smithi063.stdout:/usr/bin/ceph: stderr
2024-05-09T03:37:20.357+0000 7f0b67161700 1 -- 172.21.15.63:0/438332992 shutdown_connections
2024-05-09T03:37:27.479 INFO:teuthology.orchestra.run.smithi063.stdout:/usr/bin/ceph: stderr
2024-05-09T03:37:20.357+0000 7f0b67161700 1 --2- 172.21.15.63:0/438332992 >> [v2:172.21.15.63:3300/0,v1:172.21.15.63:6789/0] conn(0x7f0b60108340 0x7f0b60108760 unknown :-1 s=CLOSED pgs=28 cs=0 l=1 rev1=1 crypto rx=0 tx=0 comp rx=0 tx=0).stop
2024-05-09T03:37:27.479 INFO:teuthology.orchestra.run.smithi063.stdout:/usr/bin/ceph: stderr
2024-05-09T03:37:20.357+0000 7f0b67161700 1 -- 172.21.15.63:0/438332992 >> 172.21.15.63:0/438332992 conn(0x7f0b60103920 msgr2=0x7f0b60105d40 unknown :-1 s=STATE_NONE l=0).mark_down
2024-05-09T03:37:27.479 INFO:teuthology.orchestra.run.smithi063.stdout:/usr/bin/ceph: stderr
2024-05-09T03:37:20.357+0000 7f0b67161700 1 -- 172.21.15.63:0/438332992 shutdown_connections
2024-05-09T03:37:27.479 INFO:teuthology.orchestra.run.smithi063.stdout:/usr/bin/ceph: stderr
2024-05-09T03:37:20.357+0000 7f0b67161700 1 -- 172.21.15.63:0/438332992 wait complete.
2024-05-09T03:37:27.480 INFO:teuthology.orchestra.run.smithi063.stdout:/usr/bin/ceph: stderr
2024-05-09T03:37:20.357+0000 7f0b67161700 1 Processor -- start
2024-05-09T03:37:27.480 INFO:teuthology.orchestra.run.smithi063.stdout:/usr/bin/ceph: stderr
2024-05-09T03:37:20.357+0000 7f0b67161700 1 -- start start
2024-05-09T03:37:27.480 INFO:teuthology.orchestra.run.smithi063.stdout:/usr/bin/ceph: stderr
2024-05-09T03:37:20.357+0000 7f0b67161700 1 --2- >> [v2:172.21.15.63:3300/0,v1:172.21.15.63:6789/0] conn(0x7f0b60108340 0x7f0b6019c190 unknown :-1 s=NONE pgs=0 cs=0 l=1 rev1=0 crypto rx=0 tx=0 comp rx=0 tx=0).connect
2024-05-09T03:37:27.480 INFO:teuthology.orchestra.run.smithi063.stdout:/usr/bin/ceph: stderr
2024-05-09T03:37:20.357+0000 7f0b67161700 1 -- --> [v2:172.21.15.63:3300/0,v1:172.21.15.63:6789/0] -- mon_getmap magic: 0 -- 0x7f0b6010c770 con 0x7f0b60108340
2024-05-09T03:37:27.480 INFO:teuthology.orchestra.run.smithi063.stdout:/usr/bin/ceph: stderr
2024-05-09T03:37:20.357+0000 7f0b64efd700 1 --2- >> [v2:172.21.15.63:3300/0,v1:172.21.15.63:6789/0] conn(0x7f0b60108340 0x7f0b6019c190 unknown :-1 s=BANNER_CONNECTING pgs=0 cs=0 l=1 rev1=0 crypto rx=0 tx=0 comp rx=0 tx=0)._handle_peer_banner_payload supported=3 required=0
2024-05-09T03:37:27.480 INFO:teuthology.orchestra.run.smithi063.stdout:/usr/bin/ceph: stderr
2024-05-09T03:37:20.357+0000 7f0b64efd700 1 --2- >> [v2:172.21.15.63:3300/0,v1:172.21.15.63:6789/0] conn(0x7f0b60108340 0x7f0b6019c190 unknown :-1 s=HELLO_CONNECTING pgs=0 cs=0 l=1 rev1=1 crypto rx=0 tx=0 comp rx=0 tx=0).handle_hello peer v2:172.21.15.63:3300/0 says I am v2:172.21.15.63:34810/0 (socket says 172.21.15.63:34810)
2024-05-09T03:37:27.480 INFO:teuthology.orchestra.run.smithi063.stdout:/usr/bin/ceph: stderr
2024-05-09T03:37:20.357+0000 7f0b64efd700 1 -- 172.21.15.63:0/2443111149 learned_addr learned my addr 172.21.15.63:0/2443111149 (peer_addr_for_me v2:172.21.15.63:0/0)
2024-05-09T03:37:27.480 INFO:teuthology.orchestra.run.smithi063.stdout:/usr/bin/ceph: stderr
2024-05-09T03:37:20.357+0000 7f0b64efd700 1 -- 172.21.15.63:0/2443111149 --> [v2:172.21.15.63:3300/0,v1:172.21.15.63:6789/0] -- mon_subscribe({config=0+,monmap=0+}) -- 0x7f0b6019c6d0 con 0x7f0b60108340
2024-05-09T03:37:27.480 INFO:teuthology.orchestra.run.smithi063.stdout:/usr/bin/ceph: stderr
2024-05-09T03:37:20.357+0000 7f0b64efd700 1 --2- 172.21.15.63:0/2443111149 >> [v2:172.21.15.63:3300/0,v1:172.21.15.63:6789/0] conn(0x7f0b60108340 0x7f0b6019c190 secure :-1 s=READY pgs=29 cs=0 l=1 rev1=1 crypto rx=0x7f0b4c0116a0 tx=0x7f0b4c011a60 comp rx=0 tx=0).ready entity=mon.0 client_cookie=0 server_cookie=0 in_seq=0 out_seq=0
2024-05-09T03:37:27.480 INFO:teuthology.orchestra.run.smithi063.stdout:/usr/bin/ceph: stderr
2024-05-09T03:37:20.357+0000 7f0b5dffb700 1 -- 172.21.15.63:0/2443111149 <== mon.0 v2:172.21.15.63:3300/0 1 ==== mon_map magic: 0 ==== 205+0+0 (secure 0 0 0) 0x7f0b4c0039f0 con 0x7f0b60108340
2024-05-09T03:37:27.480 INFO:teuthology.orchestra.run.smithi063.stdout:/usr/bin/ceph: stderr
2024-05-09T03:37:20.357+0000 7f0b5dffb700 1 -- 172.21.15.63:0/2443111149 <== mon.0 v2:172.21.15.63:3300/0 2 ==== config(25 keys) ==== 1032+0+0 (secure 0 0 0) 0x7f0b4c003b90 con 0x7f0b60108340
2024-05-09T03:37:27.480 INFO:teuthology.orchestra.run.smithi063.stdout:/usr/bin/ceph: stderr
2024-05-09T03:37:20.357+0000 7f0b67161700 1 -- 172.21.15.63:0/2443111149 --> [v2:172.21.15.63:3300/0,v1:172.21.15.63:6789/0] -- mon_subscribe({mgrmap=0+}) -- 0x7f0b6019c960 con 0x7f0b60108340
2024-05-09T03:37:27.480 INFO:teuthology.orchestra.run.smithi063.stdout:/usr/bin/ceph: stderr
2024-05-09T03:37:20.357+0000 7f0b5dffb700 1 -- 172.21.15.63:0/2443111149 <== mon.0 v2:172.21.15.63:3300/0 3 ==== mon_map magic: 0 ==== 205+0+0 (secure 0 0 0) 0x7f0b4c01a600 con 0x7f0b60108340
2024-05-09T03:37:27.480 INFO:teuthology.orchestra.run.smithi063.stdout:/usr/bin/ceph: stderr
2024-05-09T03:37:20.357+0000 7f0b67161700 1 -- 172.21.15.63:0/2443111149 --> [v2:172.21.15.63:3300/0,v1:172.21.15.63:6789/0] -- mon_subscribe({osdmap=0}) -- 0x7f0b6019f650 con 0x7f0b60108340
2024-05-09T03:37:27.481 INFO:teuthology.orchestra.run.smithi063.stdout:/usr/bin/ceph: stderr
2024-05-09T03:37:20.361+0000 7f0b5dffb700 1 -- 172.21.15.63:0/2443111149 <== mon.0 v2:172.21.15.63:3300/0 4 ==== mgrmap(e 5) ==== 50222+0+0 (secure 0 0 0) 0x7f0b4c01a900 con 0x7f0b60108340
2024-05-09T03:37:27.481 INFO:teuthology.orchestra.run.smithi063.stdout:/usr/bin/ceph: stderr
2024-05-09T03:37:20.361+0000 7f0b5dffb700 1 --2- 172.21.15.63:0/2443111149 >> [v2:172.21.15.63:6800/3298026101,v1:172.21.15.63:6801/3298026101] conn(0x7f0b5003e420 0x7f0b500408e0 unknown :-1 s=NONE pgs=0 cs=0 l=1 rev1=0 crypto rx=0 tx=0 comp rx=0 tx=0).connect
2024-05-09T03:37:27.481 INFO:teuthology.orchestra.run.smithi063.stdout:/usr/bin/ceph: stderr
2024-05-09T03:37:20.361+0000 7f0b67161700 1 -- 172.21.15.63:0/2443111149 --> [v2:172.21.15.63:6800/3298026101,v1:172.21.15.63:6801/3298026101] -- command(tid 0: {"prefix": "get_command_descriptions"}) -- 0x7f0b60064bb0 con 0x7f0b5003e420
2024-05-09T03:37:27.481 INFO:teuthology.orchestra.run.smithi063.stdout:/usr/bin/ceph: stderr
2024-05-09T03:37:20.361+0000 7f0b5dffb700 1 -- 172.21.15.63:0/2443111149 <== mon.0 v2:172.21.15.63:3300/0 5 ==== osd_map(1..1 src has 1..1) ==== 725+0+0 (secure 0 0 0) 0x7f0b4c053b70 con 0x7f0b60108340
2024-05-09T03:37:27.481 INFO:teuthology.orchestra.run.smithi063.stdout:/usr/bin/ceph: stderr
2024-05-09T03:37:20.361+0000 7f0b5ffff700 1 -- 172.21.15.63:0/2443111149 >> [v2:172.21.15.63:6800/3298026101,v1:172.21.15.63:6801/3298026101] conn(0x7f0b5003e420 msgr2=0x7f0b500408e0 unknown :-1 s=STATE_CONNECTING_RE l=1).process reconnect failed to v2:172.21.15.63:6800/3298026101
2024-05-09T03:37:27.481 INFO:teuthology.orchestra.run.smithi063.stdout:/usr/bin/ceph: stderr
2024-05-09T03:37:20.361+0000 7f0b5ffff700 1 --2- 172.21.15.63:0/2443111149 >> [v2:172.21.15.63:6800/3298026101,v1:172.21.15.63:6801/3298026101] conn(0x7f0b5003e420 0x7f0b500408e0 unknown :-1 s=START_CONNECT pgs=0 cs=0 l=1 rev1=0 crypto rx=0 tx=0 comp rx=0 tx=0)._fault waiting 0.200000
2024-05-09T03:37:27.481 INFO:teuthology.orchestra.run.smithi063.stdout:/usr/bin/ceph: stderr
2024-05-09T03:37:20.565+0000 7f0b5ffff700 1 -- 172.21.15.63:0/2443111149 >> [v2:172.21.15.63:6800/3298026101,v1:172.21.15.63:6801/3298026101] conn(0x7f0b5003e420 msgr2=0x7f0b500408e0 unknown :-1 s=STATE_CONNECTING_RE l=1).process reconnect failed to v2:172.21.15.63:6800/3298026101
2024-05-09T03:37:27.481 INFO:teuthology.orchestra.run.smithi063.stdout:/usr/bin/ceph: stderr
2024-05-09T03:37:20.565+0000 7f0b5ffff700 1 --2- 172.21.15.63:0/2443111149 >> [v2:172.21.15.63:6800/3298026101,v1:172.21.15.63:6801/3298026101] conn(0x7f0b5003e420 0x7f0b500408e0 unknown :-1 s=START_CONNECT pgs=0 cs=0 l=1 rev1=0 crypto rx=0 tx=0 comp rx=0 tx=0)._fault waiting 0.400000
2024-05-09T03:37:27.481 INFO:teuthology.orchestra.run.smithi063.stdout:/usr/bin/ceph: stderr
2024-05-09T03:37:20.969+0000 7f0b5ffff700 1 -- 172.21.15.63:0/2443111149 >> [v2:172.21.15.63:6800/3298026101,v1:172.21.15.63:6801/3298026101] conn(0x7f0b5003e420 msgr2=0x7f0b500408e0 unknown :-1 s=STATE_CONNECTING_RE l=1).process reconnect failed to v2:172.21.15.63:6800/3298026101
2024-05-09T03:37:27.481 INFO:teuthology.orchestra.run.smithi063.stdout:/usr/bin/ceph: stderr
2024-05-09T03:37:20.969+0000 7f0b5ffff700 1 --2- 172.21.15.63:0/2443111149 >> [v2:172.21.15.63:6800/3298026101,v1:172.21.15.63:6801/3298026101] conn(0x7f0b5003e420 0x7f0b500408e0 unknown :-1 s=START_CONNECT pgs=0 cs=0 l=1 rev1=0 crypto rx=0 tx=0 comp rx=0 tx=0)._fault waiting 0.800000
2024-05-09T03:37:27.481 INFO:teuthology.orchestra.run.smithi063.stdout:/usr/bin/ceph: stderr
2024-05-09T03:37:21.773+0000 7f0b5ffff700 1 -- 172.21.15.63:0/2443111149 >> [v2:172.21.15.63:6800/3298026101,v1:172.21.15.63:6801/3298026101] conn(0x7f0b5003e420 msgr2=0x7f0b500408e0 unknown :-1 s=STATE_CONNECTING_RE l=1).process reconnect failed to v2:172.21.15.63:6800/3298026101
2024-05-09T03:37:27.481 INFO:teuthology.orchestra.run.smithi063.stdout:/usr/bin/ceph: stderr
2024-05-09T03:37:21.773+0000 7f0b5ffff700 1 --2- 172.21.15.63:0/2443111149 >> [v2:172.21.15.63:6800/3298026101,v1:172.21.15.63:6801/3298026101] conn(0x7f0b5003e420 0x7f0b500408e0 unknown :-1 s=START_CONNECT pgs=0 cs=0 l=1 rev1=0 crypto rx=0 tx=0 comp rx=0 tx=0)._fault waiting 1.600000
2024-05-09T03:37:27.481 INFO:teuthology.orchestra.run.smithi063.stdout:/usr/bin/ceph: stderr
2024-05-09T03:37:23.377+0000 7f0b5ffff700 1 -- 172.21.15.63:0/2443111149 >> [v2:172.21.15.63:6800/3298026101,v1:172.21.15.63:6801/3298026101] conn(0x7f0b5003e420 msgr2=0x7f0b500408e0 unknown :-1 s=STATE_CONNECTING_RE l=1).process reconnect failed to v2:172.21.15.63:6800/3298026101
2024-05-09T03:37:27.481 INFO:teuthology.orchestra.run.smithi063.stdout:/usr/bin/ceph: stderr
2024-05-09T03:37:23.377+0000 7f0b5ffff700 1 --2- 172.21.15.63:0/2443111149 >> [v2:172.21.15.63:6800/3298026101,v1:172.21.15.63:6801/3298026101] conn(0x7f0b5003e420 0x7f0b500408e0 unknown :-1 s=START_CONNECT pgs=0 cs=0 l=1 rev1=0 crypto rx=0 tx=0 comp rx=0 tx=0)._fault waiting 3.200000
2024-05-09T03:37:27.482 INFO:teuthology.orchestra.run.smithi063.stdout:/usr/bin/ceph: stderr
2024-05-09T03:37:25.765+0000 7f0b5dffb700 1 -- 172.21.15.63:0/2443111149 <== mon.0 v2:172.21.15.63:3300/0 6 ==== mgrmap(e 6) ==== 49989+0+0 (secure 0 0 0) 0x7f0b4c02d3f0 con 0x7f0b60108340
2024-05-09T03:37:27.482 INFO:teuthology.orchestra.run.smithi063.stdout:/usr/bin/ceph: stderr
2024-05-09T03:37:25.765+0000 7f0b5dffb700 1 -- 172.21.15.63:0/2443111149 >> [v2:172.21.15.63:6800/3298026101,v1:172.21.15.63:6801/3298026101] conn(0x7f0b5003e420 msgr2=0x7f0b500408e0 unknown :-1 s=STATE_CONNECTING l=1).mark_down
2024-05-09T03:37:27.482 INFO:teuthology.orchestra.run.smithi063.stdout:/usr/bin/ceph: stderr
2024-05-09T03:37:25.765+0000 7f0b5dffb700 1 --2- 172.21.15.63:0/2443111149 >> [v2:172.21.15.63:6800/3298026101,v1:172.21.15.63:6801/3298026101] conn(0x7f0b5003e420 0x7f0b500408e0 unknown :-1 s=START_CONNECT pgs=0 cs=0 l=1 rev1=0 crypto rx=0 tx=0 comp rx=0 tx=0).stop
2024-05-09T03:37:27.482 INFO:teuthology.orchestra.run.smithi063.stdout:/usr/bin/ceph: stderr
2024-05-09T03:37:26.765+0000 7f0b5dffb700 1 -- 172.21.15.63:0/2443111149 <== mon.0 v2:172.21.15.63:3300/0 7 ==== mgrmap(e 7) ==== 50116+0+0 (secure 0 0 0) 0x7f0b4c055830 con 0x7f0b60108340
2024-05-09T03:37:27.482 INFO:teuthology.orchestra.run.smithi063.stdout:/usr/bin/ceph: stderr
2024-05-09T03:37:26.765+0000 7f0b5dffb700 1 --2- 172.21.15.63:0/2443111149 >> [v2:172.21.15.63:6800/2566297549,v1:172.21.15.63:6801/2566297549] conn(0x7f0b50041b20 0x7f0b50043f10 unknown :-1 s=NONE pgs=0 cs=0 l=1 rev1=0 crypto rx=0 tx=0 comp rx=0 tx=0).connect
2024-05-09T03:37:27.482 INFO:teuthology.orchestra.run.smithi063.stdout:/usr/bin/ceph: stderr
2024-05-09T03:37:26.765+0000 7f0b5dffb700 1 -- 172.21.15.63:0/2443111149 --> [v2:172.21.15.63:6800/2566297549,v1:172.21.15.63:6801/2566297549] -- command(tid 0: {"prefix": "get_command_descriptions"}) -- 0x7f0b4c03f9d0 con 0x7f0b50041b20
2024-05-09T03:37:27.482 INFO:teuthology.orchestra.run.smithi063.stdout:/usr/bin/ceph: stderr
2024-05-09T03:37:26.769+0000 7f0b5ffff700 1 --2- 172.21.15.63:0/2443111149 >> [v2:172.21.15.63:6800/2566297549,v1:172.21.15.63:6801/2566297549] conn(0x7f0b50041b20 0x7f0b50043f10 unknown :-1 s=BANNER_CONNECTING pgs=0 cs=0 l=1 rev1=0 crypto rx=0 tx=0 comp rx=0 tx=0)._handle_peer_banner_payload supported=3 required=0
2024-05-09T03:37:27.482 INFO:teuthology.orchestra.run.smithi063.stdout:/usr/bin/ceph: stderr
2024-05-09T03:37:26.769+0000 7f0b5ffff700 1 --2- 172.21.15.63:0/2443111149 >> [v2:172.21.15.63:6800/2566297549,v1:172.21.15.63:6801/2566297549] conn(0x7f0b50041b20 0x7f0b50043f10 secure :-1 s=READY pgs=1 cs=0 l=1 rev1=1 crypto rx=0x7f0b54003a10 tx=0x7f0b54009290 comp rx=0 tx=0).ready entity=mgr.14120 client_cookie=0 server_cookie=0 in_seq=0 out_seq=0
2024-05-09T03:37:27.482 INFO:teuthology.orchestra.run.smithi063.stdout:/usr/bin/ceph: stderr
2024-05-09T03:37:26.769+0000 7f0b5dffb700 1 -- 172.21.15.63:0/2443111149 <== mgr.14120 v2:172.21.15.63:6800/2566297549 1 ==== command_reply(tid 0: 0 ) ==== 8+0+9564 (secure 0 0 0) 0x7f0b4c03f9d0 con 0x7f0b50041b20
2024-05-09T03:37:27.482 INFO:teuthology.orchestra.run.smithi063.stdout:/usr/bin/ceph: stderr
2024-05-09T03:37:26.789+0000 7f0b67161700 1 -- 172.21.15.63:0/2443111149 --> [v2:172.21.15.63:6800/2566297549,v1:172.21.15.63:6801/2566297549] -- command(tid 1: {"prefix": "mgr_status"}) -- 0x7f0b60104af0 con 0x7f0b50041b20
2024-05-09T03:37:27.482 INFO:teuthology.orchestra.run.smithi063.stdout:/usr/bin/ceph: stderr
2024-05-09T03:37:26.789+0000 7f0b5dffb700 1 -- 172.21.15.63:0/2443111149 <== mgr.14120 v2:172.21.15.63:6800/2566297549 2 ==== command_reply(tid 1: 0 ) ==== 8+0+51 (secure 0 0 0) 0x7f0b60104af0 con 0x7f0b50041b20
2024-05-09T03:37:27.482 INFO:teuthology.orchestra.run.smithi063.stdout:/usr/bin/ceph: stderr
2024-05-09T03:37:26.789+0000 7f0b67161700 1 -- 172.21.15.63:0/2443111149 >> [v2:172.21.15.63:6800/2566297549,v1:172.21.15.63:6801/2566297549] conn(0x7f0b50041b20 msgr2=0x7f0b50043f10 secure :-1 s=STATE_CONNECTION_ESTABLISHED l=1).mark_down
2024-05-09T03:37:27.482 INFO:teuthology.orchestra.run.smithi063.stdout:/usr/bin/ceph: stderr
2024-05-09T03:37:26.789+0000 7f0b67161700 1 --2- 172.21.15.63:0/2443111149 >> [v2:172.21.15.63:6800/2566297549,v1:172.21.15.63:6801/2566297549] conn(0x7f0b50041b20 0x7f0b50043f10 secure :-1 s=READY pgs=1 cs=0 l=1 rev1=1 crypto rx=0x7f0b54003a10 tx=0x7f0b54009290 comp rx=0 tx=0).stop
2024-05-09T03:37:27.483 INFO:teuthology.orchestra.run.smithi063.stdout:/usr/bin/ceph: stderr
2024-05-09T03:37:26.789+0000 7f0b67161700 1 -- 172.21.15.63:0/2443111149 >> [v2:172.21.15.63:3300/0,v1:172.21.15.63:6789/0] conn(0x7f0b60108340 msgr2=0x7f0b6019c190 secure :-1 s=STATE_CONNECTION_ESTABLISHED l=1).mark_down
2024-05-09T03:37:27.483 INFO:teuthology.orchestra.run.smithi063.stdout:/usr/bin/ceph: stderr
2024-05-09T03:37:26.789+0000 7f0b67161700 1 --2- 172.21.15.63:0/2443111149 >> [v2:172.21.15.63:3300/0,v1:172.21.15.63:6789/0] conn(0x7f0b60108340 0x7f0b6019c190 secure :-1 s=READY pgs=29 cs=0 l=1 rev1=1 crypto rx=0x7f0b4c0116a0 tx=0x7f0b4c011a60 comp rx=0 tx=0).stop
2024-05-09T03:37:27.483 INFO:teuthology.orchestra.run.smithi063.stdout:/usr/bin/ceph: stderr
2024-05-09T03:37:26.789+0000 7f0b67161700 1 -- 172.21.15.63:0/2443111149 shutdown_connections
2024-05-09T03:37:27.483 INFO:teuthology.orchestra.run.smithi063.stdout:/usr/bin/ceph: stderr
2024-05-09T03:37:26.789+0000 7f0b67161700 1 --2- 172.21.15.63:0/2443111149 >> [v2:172.21.15.63:3300/0,v1:172.21.15.63:6789/0] conn(0x7f0b60108340 0x7f0b6019c190 unknown :-1 s=CLOSED pgs=29 cs=0 l=1 rev1=1 crypto rx=0 tx=0 comp rx=0 tx=0).stop
2024-05-09T03:37:27.483 INFO:teuthology.orchestra.run.smithi063.stdout:/usr/bin/ceph: stderr
2024-05-09T03:37:26.789+0000 7f0b67161700 1 --2- 172.21.15.63:0/2443111149 >> [v2:172.21.15.63:6800/2566297549,v1:172.21.15.63:6801/2566297549] conn(0x7f0b50041b20 0x7f0b50043f10 unknown :-1 s=CLOSED pgs=1 cs=0 l=1 rev1=1 crypto rx=0 tx=0 comp rx=0 tx=0).stop
2024-05-09T03:37:27.483 INFO:teuthology.orchestra.run.smithi063.stdout:/usr/bin/ceph: stderr
2024-05-09T03:37:26.789+0000 7f0b67161700 1 --2- 172.21.15.63:0/2443111149 >> [v2:172.21.15.63:6800/3298026101,v1:172.21.15.63:6801/3298026101] conn(0x7f0b5003e420 0x7f0b500408e0 unknown :-1 s=CLOSED pgs=0 cs=0 l=1 rev1=0 crypto rx=0 tx=0 comp rx=0 tx=0).stop
2024-05-09T03:37:27.483 INFO:teuthology.orchestra.run.smithi063.stdout:/usr/bin/ceph: stderr
2024-05-09T03:37:26.789+0000 7f0b67161700 1 -- 172.21.15.63:0/2443111149 >> 172.21.15.63:0/2443111149 conn(0x7f0b60103920 msgr2=0x7f0b601043e0 unknown :-1 s=STATE_NONE l=0).mark_down
2024-05-09T03:37:27.483 INFO:teuthology.orchestra.run.smithi063.stdout:/usr/bin/ceph: stderr
2024-05-09T03:37:26.789+0000 7f0b67161700 1 -- 172.21.15.63:0/2443111149 shutdown_connections
2024-05-09T03:37:27.483 INFO:teuthology.orchestra.run.smithi063.stdout:/usr/bin/ceph: stderr
2024-05-09T03:37:26.789+0000 7f0b67161700 1 -- 172.21.15.63:0/2443111149 wait complete.
2024-05-09T03:37:27.483 INFO:teuthology.orchestra.run.smithi063.stdout:mgr epoch 5 is available
2024-05-09T03:37:27.483 INFO:teuthology.orchestra.run.smithi063.stdout:Setting orchestrator backend to cephadm...
2024-05-09T03:37:28.103 INFO:journalctl@ceph.mon.a.smithi063.stdout:May 09 03:37:27 smithi063 bash[21593]: audit
2024-05-09T03:37:26.772651+0000 mgr.x (mgr.14120) 2 : audit [DBG] from='client.14124 -' entity='client.admin' cmd=[{"prefix": "get_command_descriptions"}]: dispatch
2024-05-09T03:37:28.103 INFO:journalctl@ceph.mon.a.smithi063.stdout:May 09 03:37:27 smithi063 bash[21593]: audit
2024-05-09T03:37:26.772651+0000 mgr.x (mgr.14120) 2 : audit [DBG] from='client.14124 -' entity='client.admin' cmd=[{"prefix": "get_command_descriptions"}]: dispatch
2024-05-09T03:37:28.103 INFO:journalctl@ceph.mon.a.smithi063.stdout:May 09 03:37:27 smithi063 bash[21593]: audit
2024-05-09T03:37:26.792247+0000 mgr.x (mgr.14120) 3 : audit [DBG] from='client.14124 -' entity='client.admin' cmd=[{"prefix": "mgr_status"}]: dispatch
2024-05-09T03:37:28.103 INFO:journalctl@ceph.mon.a.smithi063.stdout:May 09 03:37:27 smithi063 bash[21593]: audit
2024-05-09T03:37:26.792247+0000 mgr.x (mgr.14120) 3 : audit [DBG] from='client.14124 -' entity='client.admin' cmd=[{"prefix": "mgr_status"}]: dispatch
2024-05-09T03:37:28.103 INFO:journalctl@ceph.mon.a.smithi063.stdout:May 09 03:37:27 smithi063 bash[21593]: audit
2024-05-09T03:37:27.613549+0000 mon.a (mon.0) 56 : audit [DBG] from='mgr.14120 172.21.15.63:0/195101679' entity='mgr.x' cmd=[{"prefix": "config dump", "format": "json"}]: dispatch
2024-05-09T03:37:28.103 INFO:journalctl@ceph.mon.a.smithi063.stdout:May 09 03:37:27 smithi063 bash[21593]: audit
2024-05-09T03:37:27.613549+0000 mon.a (mon.0) 56 : audit [DBG] from='mgr.14120 172.21.15.63:0/195101679' entity='mgr.x' cmd=[{"prefix": "config dump", "format": "json"}]: dispatch
2024-05-09T03:37:29.044 INFO:journalctl@ceph.mon.a.smithi063.stdout:May 09 03:37:28 smithi063 bash[21593]: cephadm
2024-05-09T03:37:27.338075+0000 mgr.x (mgr.14120) 4 : cephadm [INF] [09/May/2024:03:37:27] ENGINE Bus STARTING
2024-05-09T03:37:29.044 INFO:journalctl@ceph.mon.a.smithi063.stdout:May 09 03:37:28 smithi063 bash[21593]: cephadm
2024-05-09T03:37:27.338075+0000 mgr.x (mgr.14120) 4 : cephadm [INF] [09/May/2024:03:37:27] ENGINE Bus STARTING
2024-05-09T03:37:29.044 INFO:journalctl@ceph.mon.a.smithi063.stdout:May 09 03:37:28 smithi063 bash[21593]: cephadm
2024-05-09T03:37:27.460684+0000 mgr.x (mgr.14120) 5 : cephadm [INF] [09/May/2024:03:37:27] ENGINE Serving on https://172.21.15.63:7150
2024-05-09T03:37:29.044 INFO:journalctl@ceph.mon.a.smithi063.stdout:May 09 03:37:28 smithi063 bash[21593]: cephadm
2024-05-09T03:37:27.460684+0000 mgr.x (mgr.14120) 5 : cephadm [INF] [09/May/2024:03:37:27] ENGINE Serving on https://172.21.15.63:7150
2024-05-09T03:37:29.044 INFO:journalctl@ceph.mon.a.smithi063.stdout:May 09 03:37:28 smithi063 bash[21593]: cephadm
2024-05-09T03:37:27.562223+0000 mgr.x (mgr.14120) 6 : cephadm [INF] [09/May/2024:03:37:27] ENGINE Serving on http://172.21.15.63:8765
2024-05-09T03:37:29.044 INFO:journalctl@ceph.mon.a.smithi063.stdout:May 09 03:37:28 smithi063 bash[21593]: cephadm
2024-05-09T03:37:27.562223+0000 mgr.x (mgr.14120) 6 : cephadm [INF] [09/May/2024:03:37:27] ENGINE Serving on http://172.21.15.63:8765
2024-05-09T03:37:29.045 INFO:journalctl@ceph.mon.a.smithi063.stdout:May 09 03:37:28 smithi063 bash[21593]: cephadm
2024-05-09T03:37:27.562617+0000 mgr.x (mgr.14120) 7 : cephadm [INF] [09/May/2024:03:37:27] ENGINE Bus STARTED
2024-05-09T03:37:29.045 INFO:journalctl@ceph.mon.a.smithi063.stdout:May 09 03:37:28 smithi063 bash[21593]: cephadm
2024-05-09T03:37:27.562617+0000 mgr.x (mgr.14120) 7 : cephadm [INF] [09/May/2024:03:37:27] ENGINE Bus STARTED
2024-05-09T03:37:29.045 INFO:journalctl@ceph.mon.a.smithi063.stdout:May 09 03:37:28 smithi063 bash[21593]: cluster
2024-05-09T03:37:27.840003+0000 mon.a (mon.0) 57 : cluster [DBG] mgrmap e8: x(active, since 2s)
2024-05-09T03:37:29.045 INFO:journalctl@ceph.mon.a.smithi063.stdout:May 09 03:37:28 smithi063 bash[21593]: cluster
2024-05-09T03:37:27.840003+0000 mon.a (mon.0) 57 : cluster [DBG] mgrmap e8: x(active, since 2s)
2024-05-09T03:37:29.045 INFO:journalctl@ceph.mon.a.smithi063.stdout:May 09 03:37:28 smithi063 bash[21593]: audit
2024-05-09T03:37:28.720775+0000 mon.a (mon.0) 58 : audit [INF] from='mgr.14120 172.21.15.63:0/195101679' entity='mgr.x'
2024-05-09T03:37:29.045 INFO:journalctl@ceph.mon.a.smithi063.stdout:May 09 03:37:28 smithi063 bash[21593]: audit
2024-05-09T03:37:28.720775+0000 mon.a (mon.0) 58 : audit [INF] from='mgr.14120 172.21.15.63:0/195101679' entity='mgr.x'
2024-05-09T03:37:29.045 INFO:journalctl@ceph.mon.a.smithi063.stdout:May 09 03:37:28 smithi063 bash[21593]: audit
2024-05-09T03:37:28.786475+0000 mon.a (mon.0) 59 : audit [DBG] from='mgr.14120 172.21.15.63:0/195101679' entity='mgr.x' cmd=[{"prefix": "config dump", "format": "json"}]: dispatch
2024-05-09T03:37:29.045 INFO:journalctl@ceph.mon.a.smithi063.stdout:May 09 03:37:28 smithi063 bash[21593]: audit
2024-05-09T03:37:28.786475+0000 mon.a (mon.0) 59 : audit [DBG] from='mgr.14120 172.21.15.63:0/195101679' entity='mgr.x' cmd=[{"prefix": "config dump", "format": "json"}]: dispatch
2024-05-09T03:37:29.358 INFO:teuthology.orchestra.run.smithi063.stdout:/usr/bin/ceph: stderr
2024-05-09T03:37:28.273+0000 7fad1fa88700 1 Processor -- start
2024-05-09T03:37:29.358 INFO:teuthology.orchestra.run.smithi063.stdout:/usr/bin/ceph: stderr
2024-05-09T03:37:28.273+0000 7fad1fa88700 1 -- start start
2024-05-09T03:37:29.358 INFO:teuthology.orchestra.run.smithi063.stdout:/usr/bin/ceph: stderr
2024-05-09T03:37:28.277+0000 7fad1fa88700 1 --2- >> [v2:172.21.15.63:3300/0,v1:172.21.15.63:6789/0] conn(0x7fad1810a5c0 0x7fad1810a9e0 unknown :-1 s=NONE pgs=0 cs=0 l=0 rev1=0 crypto rx=0 tx=0 comp rx=0 tx=0).connect
2024-05-09T03:37:29.358 INFO:teuthology.orchestra.run.smithi063.stdout:/usr/bin/ceph: stderr
2024-05-09T03:37:28.277+0000 7fad1fa88700 1 -- --> [v2:172.21.15.63:3300/0,v1:172.21.15.63:6789/0] -- mon_getmap magic: 0 -- 0x7fad1810afb0 con 0x7fad1810a5c0
2024-05-09T03:37:29.358 INFO:teuthology.orchestra.run.smithi063.stdout:/usr/bin/ceph: stderr
2024-05-09T03:37:28.277+0000 7fad1d824700 1 --2- >> [v2:172.21.15.63:3300/0,v1:172.21.15.63:6789/0] conn(0x7fad1810a5c0 0x7fad1810a9e0 unknown :-1 s=BANNER_CONNECTING pgs=0 cs=0 l=0 rev1=0 crypto rx=0 tx=0 comp rx=0 tx=0)._handle_peer_banner_payload supported=3 required=0
2024-05-09T03:37:29.358 INFO:teuthology.orchestra.run.smithi063.stdout:/usr/bin/ceph: stderr
2024-05-09T03:37:28.277+0000 7fad1d824700 1 --2- >> [v2:172.21.15.63:3300/0,v1:172.21.15.63:6789/0] conn(0x7fad1810a5c0 0x7fad1810a9e0 unknown :-1 s=HELLO_CONNECTING pgs=0 cs=0 l=0 rev1=1 crypto rx=0 tx=0 comp rx=0 tx=0).handle_hello peer v2:172.21.15.63:3300/0 says I am v2:172.21.15.63:34888/0 (socket says 172.21.15.63:34888)
2024-05-09T03:37:29.358 INFO:teuthology.orchestra.run.smithi063.stdout:/usr/bin/ceph: stderr
2024-05-09T03:37:28.277+0000 7fad1d824700 1 -- 172.21.15.63:0/4127078715 learned_addr learned my addr 172.21.15.63:0/4127078715 (peer_addr_for_me v2:172.21.15.63:0/0)
2024-05-09T03:37:29.358 INFO:teuthology.orchestra.run.smithi063.stdout:/usr/bin/ceph: stderr
2024-05-09T03:37:28.277+0000 7fad1d824700 1 -- 172.21.15.63:0/4127078715 --> [v2:172.21.15.63:3300/0,v1:172.21.15.63:6789/0] -- mon_subscribe({config=0+,monmap=0+}) -- 0x7fad1810b770 con 0x7fad1810a5c0
2024-05-09T03:37:29.358 INFO:teuthology.orchestra.run.smithi063.stdout:/usr/bin/ceph: stderr
2024-05-09T03:37:28.277+0000 7fad1d824700 1 --2- 172.21.15.63:0/4127078715 >> [v2:172.21.15.63:3300/0,v1:172.21.15.63:6789/0] conn(0x7fad1810a5c0 0x7fad1810a9e0 secure :-1 s=READY pgs=37 cs=0 l=1 rev1=1 crypto rx=0x7fad140098a0 tx=0x7fad14009bb0 comp rx=0 tx=0).ready entity=mon.0 client_cookie=bb07f38721ed88b5 server_cookie=0 in_seq=0 out_seq=0
2024-05-09T03:37:29.358 INFO:teuthology.orchestra.run.smithi063.stdout:/usr/bin/ceph: stderr
2024-05-09T03:37:28.277+0000 7fad1c822700 1 -- 172.21.15.63:0/4127078715 <== mon.0 v2:172.21.15.63:3300/0 1 ==== mon_map magic: 0 ==== 205+0+0 (secure 0 0 0) 0x7fad14004160 con 0x7fad1810a5c0
2024-05-09T03:37:29.358 INFO:teuthology.orchestra.run.smithi063.stdout:/usr/bin/ceph: stderr
2024-05-09T03:37:28.277+0000 7fad1c822700 1 -- 172.21.15.63:0/4127078715 <== mon.0 v2:172.21.15.63:3300/0 2 ==== config(25 keys) ==== 1032+0+0 (secure 0 0 0) 0x7fad14004300 con 0x7fad1810a5c0
2024-05-09T03:37:29.359 INFO:teuthology.orchestra.run.smithi063.stdout:/usr/bin/ceph: stderr
2024-05-09T03:37:28.277+0000 7fad1c822700 1 -- 172.21.15.63:0/4127078715 <== mon.0 v2:172.21.15.63:3300/0 3 ==== mon_map magic: 0 ==== 205+0+0 (secure 0 0 0) 0x7fad140119e0 con 0x7fad1810a5c0
2024-05-09T03:37:29.359 INFO:teuthology.orchestra.run.smithi063.stdout:/usr/bin/ceph: stderr
2024-05-09T03:37:28.277+0000 7fad1fa88700 1 -- 172.21.15.63:0/4127078715 >> [v2:172.21.15.63:3300/0,v1:172.21.15.63:6789/0] conn(0x7fad1810a5c0 msgr2=0x7fad1810a9e0 secure :-1 s=STATE_CONNECTION_ESTABLISHED l=1).mark_down
2024-05-09T03:37:29.359 INFO:teuthology.orchestra.run.smithi063.stdout:/usr/bin/ceph: stderr
2024-05-09T03:37:28.277+0000 7fad1fa88700 1 --2- 172.21.15.63:0/4127078715 >> [v2:172.21.15.63:3300/0,v1:172.21.15.63:6789/0] conn(0x7fad1810a5c0 0x7fad1810a9e0 secure :-1 s=READY pgs=37 cs=0 l=1 rev1=1 crypto rx=0x7fad140098a0 tx=0x7fad14009bb0 comp rx=0 tx=0).stop
2024-05-09T03:37:29.359 INFO:teuthology.orchestra.run.smithi063.stdout:/usr/bin/ceph: stderr
2024-05-09T03:37:28.277+0000 7fad1fa88700 1 -- 172.21.15.63:0/4127078715 shutdown_connections
2024-05-09T03:37:29.359 INFO:teuthology.orchestra.run.smithi063.stdout:/usr/bin/ceph: stderr
2024-05-09T03:37:28.277+0000 7fad1fa88700 1 --2- 172.21.15.63:0/4127078715 >> [v2:172.21.15.63:3300/0,v1:172.21.15.63:6789/0] conn(0x7fad1810a5c0 0x7fad1810a9e0 unknown :-1 s=CLOSED pgs=37 cs=0 l=1 rev1=1 crypto rx=0 tx=0 comp rx=0 tx=0).stop
2024-05-09T03:37:29.359 INFO:teuthology.orchestra.run.smithi063.stdout:/usr/bin/ceph: stderr
2024-05-09T03:37:28.277+0000 7fad1fa88700 1 -- 172.21.15.63:0/4127078715 >> 172.21.15.63:0/4127078715 conn(0x7fad1807dad0 msgr2=0x7fad181085d0 unknown :-1 s=STATE_NONE l=0).mark_down
2024-05-09T03:37:29.359 INFO:teuthology.orchestra.run.smithi063.stdout:/usr/bin/ceph: stderr
2024-05-09T03:37:28.277+0000 7fad1fa88700 1 -- 172.21.15.63:0/4127078715 shutdown_connections
2024-05-09T03:37:29.359 INFO:teuthology.orchestra.run.smithi063.stdout:/usr/bin/ceph: stderr
2024-05-09T03:37:28.277+0000 7fad1fa88700 1 -- 172.21.15.63:0/4127078715 wait complete.
2024-05-09T03:37:29.359 INFO:teuthology.orchestra.run.smithi063.stdout:/usr/bin/ceph: stderr
2024-05-09T03:37:28.277+0000 7fad1fa88700 1 Processor -- start
2024-05-09T03:37:29.359 INFO:teuthology.orchestra.run.smithi063.stdout:/usr/bin/ceph: stderr
2024-05-09T03:37:28.277+0000 7fad1fa88700 1 -- start start
2024-05-09T03:37:29.359 INFO:teuthology.orchestra.run.smithi063.stdout:/usr/bin/ceph: stderr
2024-05-09T03:37:28.277+0000 7fad1fa88700 1 --2- >> [v2:172.21.15.63:3300/0,v1:172.21.15.63:6789/0] conn(0x7fad1810a5c0 0x7fad1819e3c0 unknown :-1 s=NONE pgs=0 cs=0 l=1 rev1=0 crypto rx=0 tx=0 comp rx=0 tx=0).connect
2024-05-09T03:37:29.359 INFO:teuthology.orchestra.run.smithi063.stdout:/usr/bin/ceph: stderr
2024-05-09T03:37:28.277+0000 7fad1fa88700 1 -- --> [v2:172.21.15.63:3300/0,v1:172.21.15.63:6789/0] -- mon_getmap magic: 0 -- 0x7fad1810e9a0 con 0x7fad1810a5c0
2024-05-09T03:37:29.359 INFO:teuthology.orchestra.run.smithi063.stdout:/usr/bin/ceph: stderr
2024-05-09T03:37:28.277+0000 7fad1d824700 1 --2- >> [v2:172.21.15.63:3300/0,v1:172.21.15.63:6789/0] conn(0x7fad1810a5c0 0x7fad1819e3c0 unknown :-1 s=BANNER_CONNECTING pgs=0 cs=0 l=1 rev1=0 crypto rx=0 tx=0 comp rx=0 tx=0)._handle_peer_banner_payload supported=3 required=0
2024-05-09T03:37:29.359 INFO:teuthology.orchestra.run.smithi063.stdout:/usr/bin/ceph: stderr
2024-05-09T03:37:28.277+0000 7fad1d824700 1 --2- >> [v2:172.21.15.63:3300/0,v1:172.21.15.63:6789/0] conn(0x7fad1810a5c0 0x7fad1819e3c0 unknown :-1 s=HELLO_CONNECTING pgs=0 cs=0 l=1 rev1=1 crypto rx=0 tx=0 comp rx=0 tx=0).handle_hello peer v2:172.21.15.63:3300/0 says I am v2:172.21.15.63:34894/0 (socket says 172.21.15.63:34894)
2024-05-09T03:37:29.360 INFO:teuthology.orchestra.run.smithi063.stdout:/usr/bin/ceph: stderr
2024-05-09T03:37:28.277+0000 7fad1d824700 1 -- 172.21.15.63:0/224572779 learned_addr learned my addr 172.21.15.63:0/224572779 (peer_addr_for_me v2:172.21.15.63:0/0)
2024-05-09T03:37:29.360 INFO:teuthology.orchestra.run.smithi063.stdout:/usr/bin/ceph: stderr
2024-05-09T03:37:28.277+0000 7fad1d824700 1 -- 172.21.15.63:0/224572779 --> [v2:172.21.15.63:3300/0,v1:172.21.15.63:6789/0] -- mon_subscribe({config=0+,monmap=0+}) -- 0x7fad1819e900 con 0x7fad1810a5c0
2024-05-09T03:37:29.360 INFO:teuthology.orchestra.run.smithi063.stdout:/usr/bin/ceph: stderr
2024-05-09T03:37:28.281+0000 7fad1d824700 1 --2- 172.21.15.63:0/224572779 >> [v2:172.21.15.63:3300/0,v1:172.21.15.63:6789/0] conn(0x7fad1810a5c0 0x7fad1819e3c0 secure :-1 s=READY pgs=38 cs=0 l=1 rev1=1 crypto rx=0x7fad140119b0 tx=0x7fad14011a90 comp rx=0 tx=0).ready entity=mon.0 client_cookie=0 server_cookie=0 in_seq=0 out_seq=0
2024-05-09T03:37:29.360 INFO:teuthology.orchestra.run.smithi063.stdout:/usr/bin/ceph: stderr
2024-05-09T03:37:28.281+0000 7fad0effd700 1 -- 172.21.15.63:0/224572779 <== mon.0 v2:172.21.15.63:3300/0 1 ==== mon_map magic: 0 ==== 205+0+0 (secure 0 0 0) 0x7fad14003b70 con 0x7fad1810a5c0
2024-05-09T03:37:29.360 INFO:teuthology.orchestra.run.smithi063.stdout:/usr/bin/ceph: stderr
2024-05-09T03:37:28.281+0000 7fad0effd700 1 -- 172.21.15.63:0/224572779 <== mon.0 v2:172.21.15.63:3300/0 2 ==== config(25 keys) ==== 1032+0+0 (secure 0 0 0) 0x7fad1401a8a0 con 0x7fad1810a5c0
2024-05-09T03:37:29.360 INFO:teuthology.orchestra.run.smithi063.stdout:/usr/bin/ceph: stderr
2024-05-09T03:37:28.281+0000 7fad1fa88700 1 -- 172.21.15.63:0/224572779 --> [v2:172.21.15.63:3300/0,v1:172.21.15.63:6789/0] -- mon_subscribe({mgrmap=0+}) -- 0x7fad1819eb90 con 0x7fad1810a5c0
2024-05-09T03:37:29.360 INFO:teuthology.orchestra.run.smithi063.stdout:/usr/bin/ceph: stderr
2024-05-09T03:37:28.281+0000 7fad0effd700 1 -- 172.21.15.63:0/224572779 <== mon.0 v2:172.21.15.63:3300/0 3 ==== mon_map magic: 0 ==== 205+0+0 (secure 0 0 0) 0x7fad14024830 con 0x7fad1810a5c0
2024-05-09T03:37:29.360 INFO:teuthology.orchestra.run.smithi063.stdout:/usr/bin/ceph: stderr
2024-05-09T03:37:28.281+0000 7fad1fa88700 1 -- 172.21.15.63:0/224572779 --> [v2:172.21.15.63:3300/0,v1:172.21.15.63:6789/0] -- mon_subscribe({osdmap=0}) -- 0x7fad181a1880 con 0x7fad1810a5c0
2024-05-09T03:37:29.360 INFO:teuthology.orchestra.run.smithi063.stdout:/usr/bin/ceph: stderr
2024-05-09T03:37:28.281+0000 7fad1fa88700 1 -- 172.21.15.63:0/224572779 --> [v2:172.21.15.63:3300/0,v1:172.21.15.63:6789/0] -- mon_command({"prefix": "get_command_descriptions"} v 0) -- 0x7fad18064bb0 con 0x7fad1810a5c0
2024-05-09T03:37:29.360 INFO:teuthology.orchestra.run.smithi063.stdout:/usr/bin/ceph: stderr
2024-05-09T03:37:28.281+0000 7fad0effd700 1 -- 172.21.15.63:0/224572779 <== mon.0 v2:172.21.15.63:3300/0 4 ==== mgrmap(e 8) ==== 50222+0+0 (secure 0 0 0) 0x7fad14022020 con 0x7fad1810a5c0
2024-05-09T03:37:29.360 INFO:teuthology.orchestra.run.smithi063.stdout:/usr/bin/ceph: stderr
2024-05-09T03:37:28.281+0000 7fad0effd700 1 --2- 172.21.15.63:0/224572779 >> [v2:172.21.15.63:6800/2566297549,v1:172.21.15.63:6801/2566297549] conn(0x7fad0403e420 0x7fad040408e0 unknown :-1 s=NONE pgs=0 cs=0 l=1 rev1=0 crypto rx=0 tx=0 comp rx=0 tx=0).connect
2024-05-09T03:37:29.360 INFO:teuthology.orchestra.run.smithi063.stdout:/usr/bin/ceph: stderr
2024-05-09T03:37:28.281+0000 7fad0effd700 1 -- 172.21.15.63:0/224572779 <== mon.0 v2:172.21.15.63:3300/0 5 ==== osd_map(2..2 src has 1..2) ==== 940+0+0 (secure 0 0 0) 0x7fad14053da0 con 0x7fad1810a5c0
2024-05-09T03:37:29.360 INFO:teuthology.orchestra.run.smithi063.stdout:/usr/bin/ceph: stderr
2024-05-09T03:37:28.281+0000 7fad1d023700 1 --2- 172.21.15.63:0/224572779 >> [v2:172.21.15.63:6800/2566297549,v1:172.21.15.63:6801/2566297549] conn(0x7fad0403e420 0x7fad040408e0 unknown :-1 s=BANNER_CONNECTING pgs=0 cs=0 l=1 rev1=0 crypto rx=0 tx=0 comp rx=0 tx=0)._handle_peer_banner_payload supported=3 required=0
2024-05-09T03:37:29.360 INFO:teuthology.orchestra.run.smithi063.stdout:/usr/bin/ceph: stderr
2024-05-09T03:37:28.281+0000 7fad1d023700 1 --2- 172.21.15.63:0/224572779 >> [v2:172.21.15.63:6800/2566297549,v1:172.21.15.63:6801/2566297549] conn(0x7fad0403e420 0x7fad040408e0 secure :-1 s=READY pgs=7 cs=0 l=1 rev1=1 crypto rx=0x7fad08006fd0 tx=0x7fad08006e40 comp rx=0 tx=0).ready entity=mgr.14120 client_cookie=0 server_cookie=0 in_seq=0 out_seq=0
2024-05-09T03:37:29.361 INFO:teuthology.orchestra.run.smithi063.stdout:/usr/bin/ceph: stderr
2024-05-09T03:37:28.285+0000 7fad0effd700 1 -- 172.21.15.63:0/224572779 <== mon.0 v2:172.21.15.63:3300/0 6 ==== mon_command_ack([{"prefix": "get_command_descriptions"}]=0 v0) ==== 72+0+192323 (secure 0 0 0) 0x7fad1400b3e0 con 0x7fad1810a5c0
2024-05-09T03:37:29.361 INFO:teuthology.orchestra.run.smithi063.stdout:/usr/bin/ceph: stderr
2024-05-09T03:37:28.709+0000 7fad1fa88700 1 -- 172.21.15.63:0/224572779 --> [v2:172.21.15.63:6800/2566297549,v1:172.21.15.63:6801/2566297549] -- mgr_command(tid 0: {"prefix": "orch set backend", "module_name": "cephadm", "target": ["mon-mgr", ""]}) -- 0x7fad181083c0 con 0x7fad0403e420
2024-05-09T03:37:29.361 INFO:teuthology.orchestra.run.smithi063.stdout:/usr/bin/ceph: stderr
2024-05-09T03:37:28.717+0000 7fad0effd700 1 -- 172.21.15.63:0/224572779 <== mgr.14120 v2:172.21.15.63:6800/2566297549 1 ==== mgr_command_reply(tid 0: 0 ) ==== 8+0+0 (secure 0 0 0) 0x7fad181083c0 con 0x7fad0403e420
2024-05-09T03:37:29.361 INFO:teuthology.orchestra.run.smithi063.stdout:/usr/bin/ceph: stderr
2024-05-09T03:37:28.721+0000 7fad1fa88700 1 -- 172.21.15.63:0/224572779 >> [v2:172.21.15.63:6800/2566297549,v1:172.21.15.63:6801/2566297549] conn(0x7fad0403e420 msgr2=0x7fad040408e0 secure :-1 s=STATE_CONNECTION_ESTABLISHED l=1).mark_down
2024-05-09T03:37:29.361 INFO:teuthology.orchestra.run.smithi063.stdout:/usr/bin/ceph: stderr
2024-05-09T03:37:28.721+0000 7fad1fa88700 1 --2- 172.21.15.63:0/224572779 >> [v2:172.21.15.63:6800/2566297549,v1:172.21.15.63:6801/2566297549] conn(0x7fad0403e420 0x7fad040408e0 secure :-1 s=READY pgs=7 cs=0 l=1 rev1=1 crypto rx=0x7fad08006fd0 tx=0x7fad08006e40 comp rx=0 tx=0).stop
2024-05-09T03:37:29.361 INFO:teuthology.orchestra.run.smithi063.stdout:/usr/bin/ceph: stderr
2024-05-09T03:37:28.721+0000 7fad1fa88700 1 -- 172.21.15.63:0/224572779 >> [v2:172.21.15.63:3300/0,v1:172.21.15.63:6789/0] conn(0x7fad1810a5c0 msgr2=0x7fad1819e3c0 secure :-1 s=STATE_CONNECTION_ESTABLISHED l=1).mark_down
2024-05-09T03:37:29.361 INFO:teuthology.orchestra.run.smithi063.stdout:/usr/bin/ceph: stderr
2024-05-09T03:37:28.721+0000 7fad1fa88700 1 --2- 172.21.15.63:0/224572779 >> [v2:172.21.15.63:3300/0,v1:172.21.15.63:6789/0] conn(0x7fad1810a5c0 0x7fad1819e3c0 secure :-1 s=READY pgs=38 cs=0 l=1 rev1=1 crypto rx=0x7fad140119b0 tx=0x7fad14011a90 comp rx=0 tx=0).stop
2024-05-09T03:37:29.361 INFO:teuthology.orchestra.run.smithi063.stdout:/usr/bin/ceph: stderr
2024-05-09T03:37:28.721+0000 7fad1fa88700 1 -- 172.21.15.63:0/224572779 shutdown_connections
2024-05-09T03:37:29.361 INFO:teuthology.orchestra.run.smithi063.stdout:/usr/bin/ceph: stderr
2024-05-09T03:37:28.721+0000 7fad1fa88700 1 --2- 172.21.15.63:0/224572779 >> [v2:172.21.15.63:6800/2566297549,v1:172.21.15.63:6801/2566297549] conn(0x7fad0403e420 0x7fad040408e0 unknown :-1 s=CLOSED pgs=7 cs=0 l=1 rev1=1 crypto rx=0 tx=0 comp rx=0 tx=0).stop
2024-05-09T03:37:29.361 INFO:teuthology.orchestra.run.smithi063.stdout:/usr/bin/ceph: stderr
2024-05-09T03:37:28.721+0000 7fad1fa88700 1 --2- 172.21.15.63:0/224572779 >> [v2:172.21.15.63:3300/0,v1:172.21.15.63:6789/0] conn(0x7fad1810a5c0 0x7fad1819e3c0 unknown :-1 s=CLOSED pgs=38 cs=0 l=1 rev1=1 crypto rx=0 tx=0 comp rx=0 tx=0).stop
2024-05-09T03:37:29.361 INFO:teuthology.orchestra.run.smithi063.stdout:/usr/bin/ceph: stderr
2024-05-09T03:37:28.721+0000 7fad1fa88700 1 -- 172.21.15.63:0/224572779 >> 172.21.15.63:0/224572779 conn(0x7fad1807dad0 msgr2=0x7fad18107cb0 unknown :-1 s=STATE_NONE l=0).mark_down
2024-05-09T03:37:29.361 INFO:teuthology.orchestra.run.smithi063.stdout:/usr/bin/ceph: stderr
2024-05-09T03:37:28.721+0000 7fad1fa88700 1 -- 172.21.15.63:0/224572779 shutdown_connections
2024-05-09T03:37:29.361 INFO:teuthology.orchestra.run.smithi063.stdout:/usr/bin/ceph: stderr
2024-05-09T03:37:28.721+0000 7fad1fa88700 1 -- 172.21.15.63:0/224572779 wait complete.
2024-05-09T03:37:30.293 INFO:journalctl@ceph.mon.a.smithi063.stdout:May 09 03:37:29 smithi063 bash[21593]: audit
2024-05-09T03:37:28.714176+0000 mgr.x (mgr.14120) 8 : audit [DBG] from='client.14132 -' entity='client.admin' cmd=[{"prefix": "orch set backend", "module_name": "cephadm", "target": ["mon-mgr", ""]}]: dispatch
2024-05-09T03:37:30.294 INFO:journalctl@ceph.mon.a.smithi063.stdout:May 09 03:37:29 smithi063 bash[21593]: audit
2024-05-09T03:37:28.714176+0000 mgr.x (mgr.14120) 8 : audit [DBG] from='client.14132 -' entity='client.admin' cmd=[{"prefix": "orch set backend", "module_name": "cephadm", "target": ["mon-mgr", ""]}]: dispatch
2024-05-09T03:37:31.182 INFO:teuthology.orchestra.run.smithi063.stdout:/usr/bin/ceph: stdout value unchanged
2024-05-09T03:37:31.183 INFO:teuthology.orchestra.run.smithi063.stdout:/usr/bin/ceph: stderr
2024-05-09T03:37:30.205+0000 7fb382232700 1 Processor -- start
2024-05-09T03:37:31.183 INFO:teuthology.orchestra.run.smithi063.stdout:/usr/bin/ceph: stderr
2024-05-09T03:37:30.205+0000 7fb382232700 1 -- start start
2024-05-09T03:37:31.183 INFO:teuthology.orchestra.run.smithi063.stdout:/usr/bin/ceph: stderr
2024-05-09T03:37:30.205+0000 7fb382232700 1 --2- >> [v2:172.21.15.63:3300/0,v1:172.21.15.63:6789/0] conn(0x7fb37c10a5a0 0x7fb37c10a9c0 unknown :-1 s=NONE pgs=0 cs=0 l=0 rev1=0 crypto rx=0 tx=0 comp rx=0 tx=0).connect
2024-05-09T03:37:31.183 INFO:teuthology.orchestra.run.smithi063.stdout:/usr/bin/ceph: stderr
2024-05-09T03:37:30.205+0000 7fb382232700 1 -- --> [v2:172.21.15.63:3300/0,v1:172.21.15.63:6789/0] -- mon_getmap magic: 0 -- 0x7fb37c10af90 con 0x7fb37c10a5a0
2024-05-09T03:37:31.184 INFO:teuthology.orchestra.run.smithi063.stdout:/usr/bin/ceph: stderr
2024-05-09T03:37:30.205+0000 7fb37b7fe700 1 --2- >> [v2:172.21.15.63:3300/0,v1:172.21.15.63:6789/0] conn(0x7fb37c10a5a0 0x7fb37c10a9c0 unknown :-1 s=BANNER_CONNECTING pgs=0 cs=0 l=0 rev1=0 crypto rx=0 tx=0 comp rx=0 tx=0)._handle_peer_banner_payload supported=3 required=0
2024-05-09T03:37:31.184 INFO:teuthology.orchestra.run.smithi063.stdout:/usr/bin/ceph: stderr
2024-05-09T03:37:30.205+0000 7fb37b7fe700 1 --2- >> [v2:172.21.15.63:3300/0,v1:172.21.15.63:6789/0] conn(0x7fb37c10a5a0 0x7fb37c10a9c0 unknown :-1 s=HELLO_CONNECTING pgs=0 cs=0 l=0 rev1=1 crypto rx=0 tx=0 comp rx=0 tx=0).handle_hello peer v2:172.21.15.63:3300/0 says I am v2:172.21.15.63:47350/0 (socket says 172.21.15.63:47350)
2024-05-09T03:37:31.184 INFO:teuthology.orchestra.run.smithi063.stdout:/usr/bin/ceph: stderr
2024-05-09T03:37:30.205+0000 7fb37b7fe700 1 -- 172.21.15.63:0/2050456743 learned_addr learned my addr 172.21.15.63:0/2050456743 (peer_addr_for_me v2:172.21.15.63:0/0)
2024-05-09T03:37:31.184 INFO:teuthology.orchestra.run.smithi063.stdout:/usr/bin/ceph: stderr
2024-05-09T03:37:30.205+0000 7fb37b7fe700 1 -- 172.21.15.63:0/2050456743 --> [v2:172.21.15.63:3300/0,v1:172.21.15.63:6789/0] -- mon_subscribe({config=0+,monmap=0+}) -- 0x7fb37c10b750 con 0x7fb37c10a5a0
2024-05-09T03:37:31.185 INFO:teuthology.orchestra.run.smithi063.stdout:/usr/bin/ceph: stderr
2024-05-09T03:37:30.205+0000 7fb37b7fe700 1 --2- 172.21.15.63:0/2050456743 >> [v2:172.21.15.63:3300/0,v1:172.21.15.63:6789/0] conn(0x7fb37c10a5a0 0x7fb37c10a9c0 secure :-1 s=READY pgs=39 cs=0 l=1 rev1=1 crypto rx=0x7fb3640098a0 tx=0x7fb364009bb0 comp rx=0 tx=0).ready entity=mon.0 client_cookie=264eab92d48a3a70 server_cookie=0 in_seq=0 out_seq=0
2024-05-09T03:37:31.185 INFO:teuthology.orchestra.run.smithi063.stdout:/usr/bin/ceph: stderr
2024-05-09T03:37:30.205+0000 7fb37a7fc700 1 -- 172.21.15.63:0/2050456743 <== mon.0 v2:172.21.15.63:3300/0 1 ==== mon_map magic: 0 ==== 205+0+0 (secure 0 0 0) 0x7fb364004160 con 0x7fb37c10a5a0
2024-05-09T03:37:31.185 INFO:teuthology.orchestra.run.smithi063.stdout:/usr/bin/ceph: stderr
2024-05-09T03:37:30.205+0000 7fb37a7fc700 1 -- 172.21.15.63:0/2050456743 <== mon.0 v2:172.21.15.63:3300/0 2 ==== config(25 keys) ==== 1032+0+0 (secure 0 0 0) 0x7fb364004300 con 0x7fb37c10a5a0
2024-05-09T03:37:31.185 INFO:teuthology.orchestra.run.smithi063.stdout:/usr/bin/ceph: stderr
2024-05-09T03:37:30.205+0000 7fb37a7fc700 1 -- 172.21.15.63:0/2050456743 <== mon.0 v2:172.21.15.63:3300/0 3 ==== mon_map magic: 0 ==== 205+0+0 (secure 0 0 0) 0x7fb3640119e0 con 0x7fb37c10a5a0
2024-05-09T03:37:31.185 INFO:teuthology.orchestra.run.smithi063.stdout:/usr/bin/ceph: stderr
2024-05-09T03:37:30.205+0000 7fb382232700 1 -- 172.21.15.63:0/2050456743 >> [v2:172.21.15.63:3300/0,v1:172.21.15.63:6789/0] conn(0x7fb37c10a5a0 msgr2=0x7fb37c10a9c0 secure :-1 s=STATE_CONNECTION_ESTABLISHED l=1).mark_down
2024-05-09T03:37:31.185 INFO:teuthology.orchestra.run.smithi063.stdout:/usr/bin/ceph: stderr
2024-05-09T03:37:30.205+0000 7fb382232700 1 --2- 172.21.15.63:0/2050456743 >> [v2:172.21.15.63:3300/0,v1:172.21.15.63:6789/0] conn(0x7fb37c10a5a0 0x7fb37c10a9c0 secure :-1 s=READY pgs=39 cs=0 l=1 rev1=1 crypto rx=0x7fb3640098a0 tx=0x7fb364009bb0 comp rx=0 tx=0).stop
2024-05-09T03:37:31.185 INFO:teuthology.orchestra.run.smithi063.stdout:/usr/bin/ceph: stderr
2024-05-09T03:37:30.205+0000 7fb382232700 1 -- 172.21.15.63:0/2050456743 shutdown_connections
2024-05-09T03:37:31.187 INFO:teuthology.orchestra.run.smithi063.stdout:/usr/bin/ceph: stderr
2024-05-09T03:37:30.205+0000 7fb382232700 1 --2- 172.21.15.63:0/2050456743 >> [v2:172.21.15.63:3300/0,v1:172.21.15.63:6789/0] conn(0x7fb37c10a5a0 0x7fb37c10a9c0 unknown :-1 s=CLOSED pgs=39 cs=0 l=1 rev1=1 crypto rx=0 tx=0 comp rx=0 tx=0).stop
2024-05-09T03:37:31.187 INFO:teuthology.orchestra.run.smithi063.stdout:/usr/bin/ceph: stderr
2024-05-09T03:37:30.205+0000 7fb382232700 1 -- 172.21.15.63:0/2050456743 >> 172.21.15.63:0/2050456743 conn(0x7fb37c07daa0 msgr2=0x7fb37c1085d0 unknown :-1 s=STATE_NONE l=0).mark_down
2024-05-09T03:37:31.187 INFO:teuthology.orchestra.run.smithi063.stdout:/usr/bin/ceph: stderr
2024-05-09T03:37:30.205+0000 7fb382232700 1 -- 172.21.15.63:0/2050456743 shutdown_connections
2024-05-09T03:37:31.187 INFO:teuthology.orchestra.run.smithi063.stdout:/usr/bin/ceph: stderr
2024-05-09T03:37:30.205+0000 7fb382232700 1 -- 172.21.15.63:0/2050456743 wait complete.
2024-05-09T03:37:31.188 INFO:teuthology.orchestra.run.smithi063.stdout:/usr/bin/ceph: stderr
2024-05-09T03:37:30.209+0000 7fb382232700 1 Processor -- start
2024-05-09T03:37:31.188 INFO:teuthology.orchestra.run.smithi063.stdout:/usr/bin/ceph: stderr
2024-05-09T03:37:30.209+0000 7fb382232700 1 -- start start
2024-05-09T03:37:31.188 INFO:teuthology.orchestra.run.smithi063.stdout:/usr/bin/ceph: stderr
2024-05-09T03:37:30.209+0000 7fb382232700 1 --2- >> [v2:172.21.15.63:3300/0,v1:172.21.15.63:6789/0] conn(0x7fb37c10a5a0 0x7fb37c19e3a0 unknown :-1 s=NONE pgs=0 cs=0 l=1 rev1=0 crypto rx=0 tx=0 comp rx=0 tx=0).connect
2024-05-09T03:37:31.188 INFO:teuthology.orchestra.run.smithi063.stdout:/usr/bin/ceph: stderr
2024-05-09T03:37:30.209+0000 7fb382232700 1 -- --> [v2:172.21.15.63:3300/0,v1:172.21.15.63:6789/0] -- mon_getmap magic: 0 -- 0x7fb37c10e980 con 0x7fb37c10a5a0
2024-05-09T03:37:31.188 INFO:teuthology.orchestra.run.smithi063.stdout:/usr/bin/ceph: stderr
2024-05-09T03:37:30.209+0000 7fb37b7fe700 1 --2- >> [v2:172.21.15.63:3300/0,v1:172.21.15.63:6789/0] conn(0x7fb37c10a5a0 0x7fb37c19e3a0 unknown :-1 s=BANNER_CONNECTING pgs=0 cs=0 l=1 rev1=0 crypto rx=0 tx=0 comp rx=0 tx=0)._handle_peer_banner_payload supported=3 required=0
2024-05-09T03:37:31.188 INFO:teuthology.orchestra.run.smithi063.stdout:/usr/bin/ceph: stderr
2024-05-09T03:37:30.209+0000 7fb37b7fe700 1 --2- >> [v2:172.21.15.63:3300/0,v1:172.21.15.63:6789/0] conn(0x7fb37c10a5a0 0x7fb37c19e3a0 unknown :-1 s=HELLO_CONNECTING pgs=0 cs=0 l=1 rev1=1 crypto rx=0 tx=0 comp rx=0 tx=0).handle_hello peer v2:172.21.15.63:3300/0 says I am v2:172.21.15.63:47364/0 (socket says 172.21.15.63:47364)
2024-05-09T03:37:31.188 INFO:teuthology.orchestra.run.smithi063.stdout:/usr/bin/ceph: stderr
2024-05-09T03:37:30.209+0000 7fb37b7fe700 1 -- 172.21.15.63:0/1304410807 learned_addr learned my addr 172.21.15.63:0/1304410807 (peer_addr_for_me v2:172.21.15.63:0/0)
2024-05-09T03:37:31.188 INFO:teuthology.orchestra.run.smithi063.stdout:/usr/bin/ceph: stderr
2024-05-09T03:37:30.209+0000 7fb37b7fe700 1 -- 172.21.15.63:0/1304410807 --> [v2:172.21.15.63:3300/0,v1:172.21.15.63:6789/0] -- mon_subscribe({config=0+,monmap=0+}) -- 0x7fb37c19e8e0 con 0x7fb37c10a5a0
2024-05-09T03:37:31.188 INFO:teuthology.orchestra.run.smithi063.stdout:/usr/bin/ceph: stderr
2024-05-09T03:37:30.209+0000 7fb37b7fe700 1 --2- 172.21.15.63:0/1304410807 >> [v2:172.21.15.63:3300/0,v1:172.21.15.63:6789/0] conn(0x7fb37c10a5a0 0x7fb37c19e3a0 secure :-1 s=READY pgs=40 cs=0 l=1 rev1=1 crypto rx=0x7fb364006b20 tx=0x7fb364011a60 comp rx=0 tx=0).ready entity=mon.0 client_cookie=0 server_cookie=0 in_seq=0 out_seq=0
2024-05-09T03:37:31.188 INFO:teuthology.orchestra.run.smithi063.stdout:/usr/bin/ceph: stderr
2024-05-09T03:37:30.209+0000 7fb378ff9700 1 -- 172.21.15.63:0/1304410807 <== mon.0 v2:172.21.15.63:3300/0 1 ==== mon_map magic: 0 ==== 205+0+0 (secure 0 0 0) 0x7fb364003a60 con 0x7fb37c10a5a0
2024-05-09T03:37:31.188 INFO:teuthology.orchestra.run.smithi063.stdout:/usr/bin/ceph: stderr
2024-05-09T03:37:30.209+0000 7fb378ff9700 1 -- 172.21.15.63:0/1304410807 <== mon.0 v2:172.21.15.63:3300/0 2 ==== config(25 keys) ==== 1032+0+0 (secure 0 0 0) 0x7fb364003c00 con 0x7fb37c10a5a0
2024-05-09T03:37:31.188 INFO:teuthology.orchestra.run.smithi063.stdout:/usr/bin/ceph: stderr
2024-05-09T03:37:30.209+0000 7fb378ff9700 1 -- 172.21.15.63:0/1304410807 <== mon.0 v2:172.21.15.63:3300/0 3 ==== mon_map magic: 0 ==== 205+0+0 (secure 0 0 0) 0x7fb364024780 con 0x7fb37c10a5a0
2024-05-09T03:37:31.188 INFO:teuthology.orchestra.run.smithi063.stdout:/usr/bin/ceph: stderr
2024-05-09T03:37:30.209+0000 7fb382232700 1 -- 172.21.15.63:0/1304410807 --> [v2:172.21.15.63:3300/0,v1:172.21.15.63:6789/0] -- mon_subscribe({mgrmap=0+}) -- 0x7fb37c19eb70 con 0x7fb37c10a5a0
2024-05-09T03:37:31.189 INFO:teuthology.orchestra.run.smithi063.stdout:/usr/bin/ceph: stderr
2024-05-09T03:37:30.209+0000 7fb382232700 1 -- 172.21.15.63:0/1304410807 --> [v2:172.21.15.63:3300/0,v1:172.21.15.63:6789/0] -- mon_subscribe({osdmap=0}) -- 0x7fb37c1a1860 con 0x7fb37c10a5a0
2024-05-09T03:37:31.191 INFO:teuthology.orchestra.run.smithi063.stdout:/usr/bin/ceph: stderr
2024-05-09T03:37:30.209+0000 7fb378ff9700 1 -- 172.21.15.63:0/1304410807 <== mon.0 v2:172.21.15.63:3300/0 4 ==== mgrmap(e 8) ==== 50222+0+0 (secure 0 0 0) 0x7fb364022020 con 0x7fb37c10a5a0
2024-05-09T03:37:31.191 INFO:teuthology.orchestra.run.smithi063.stdout:/usr/bin/ceph: stderr
2024-05-09T03:37:30.209+0000 7fb382232700 1 -- 172.21.15.63:0/1304410807 --> [v2:172.21.15.63:3300/0,v1:172.21.15.63:6789/0] -- mon_command({"prefix": "get_command_descriptions"} v 0) -- 0x7fb37c064bb0 con 0x7fb37c10a5a0
2024-05-09T03:37:31.191 INFO:teuthology.orchestra.run.smithi063.stdout:/usr/bin/ceph: stderr
2024-05-09T03:37:30.209+0000 7fb378ff9700 1 --2- 172.21.15.63:0/1304410807 >> [v2:172.21.15.63:6800/2566297549,v1:172.21.15.63:6801/2566297549] conn(0x7fb36803e470 0x7fb368040930 unknown :-1 s=NONE pgs=0 cs=0 l=1 rev1=0 crypto rx=0 tx=0 comp rx=0 tx=0).connect
2024-05-09T03:37:31.191 INFO:teuthology.orchestra.run.smithi063.stdout:/usr/bin/ceph: stderr
2024-05-09T03:37:30.209+0000 7fb378ff9700 1 -- 172.21.15.63:0/1304410807 <== mon.0 v2:172.21.15.63:3300/0 5 ==== osd_map(2..2 src has 1..2) ==== 940+0+0 (secure 0 0 0) 0x7fb364053b50 con 0x7fb37c10a5a0
2024-05-09T03:37:31.191 INFO:teuthology.orchestra.run.smithi063.stdout:/usr/bin/ceph: stderr
