2024-05-20T21:57:10.521+0000 7fa680d99640 1 -- 172.21.15.50:0/1740039428 <== mon.0 v1:172.21.15.50:6789/0 3 ==== mon_map magic: 0 ==== 170+0+0 (unknown 1792418109 0 0) 0x7fa674001080 con 0x7fa684107910
2024-05-20T21:57:11.743 INFO:teuthology.orchestra.run.smithi050.stdout:/usr/bin/ceph: stderr
2024-05-20T21:57:10.521+0000 7fa680d99640 1 -- 172.21.15.50:0/1740039428 <== mon.0 v1:172.21.15.50:6789/0 4 ==== auth_reply(proto 2 0 (0) Success) ==== 580+0+0 (unknown 1365185310 0 0) 0x7fa68419bc60 con 0x7fa684107910
2024-05-20T21:57:11.743 INFO:teuthology.orchestra.run.smithi050.stdout:/usr/bin/ceph: stderr
2024-05-20T21:57:10.521+0000 7fa680d99640 1 -- 172.21.15.50:0/1740039428 --> v1:172.21.15.50:6789/0 -- mon_subscribe({config=0+,monmap=0+}) -- 0x7fa68419be30 con 0x7fa684107910
2024-05-20T21:57:11.743 INFO:teuthology.orchestra.run.smithi050.stdout:/usr/bin/ceph: stderr
2024-05-20T21:57:10.521+0000 7fa689230640 1 -- 172.21.15.50:0/1740039428 --> v1:172.21.15.50:6789/0 -- mon_subscribe({mgrmap=0+}) -- 0x7fa68419c140 con 0x7fa684107910
2024-05-20T21:57:11.743 INFO:teuthology.orchestra.run.smithi050.stdout:/usr/bin/ceph: stderr
2024-05-20T21:57:10.521+0000 7fa689230640 1 -- 172.21.15.50:0/1740039428 --> v1:172.21.15.50:6789/0 -- mon_subscribe({osdmap=0}) -- 0x7fa68419fcd0 con 0x7fa684107910
2024-05-20T21:57:11.743 INFO:teuthology.orchestra.run.smithi050.stdout:/usr/bin/ceph: stderr
2024-05-20T21:57:10.521+0000 7fa680d99640 1 -- 172.21.15.50:0/1740039428 <== mon.0 v1:172.21.15.50:6789/0 5 ==== config(25 keys) ==== 1068+0+0 (unknown 3511714155 0 0) 0x7fa6740055d0 con 0x7fa684107910
2024-05-20T21:57:11.743 INFO:teuthology.orchestra.run.smithi050.stdout:/usr/bin/ceph: stderr
2024-05-20T21:57:10.521+0000 7fa680d99640 1 -- 172.21.15.50:0/1740039428 <== mon.0 v1:172.21.15.50:6789/0 6 ==== mon_map magic: 0 ==== 170+0+0 (unknown 1792418109 0 0) 0x7fa674005f40 con 0x7fa684107910
2024-05-20T21:57:11.744 INFO:teuthology.orchestra.run.smithi050.stdout:/usr/bin/ceph: stderr
2024-05-20T21:57:10.525+0000 7fa680d99640 1 -- 172.21.15.50:0/1740039428 <== mon.0 v1:172.21.15.50:6789/0 7 ==== mgrmap(e 8) ==== 46252+0+0 (unknown 652970133 0 0) 0x7fa6740116c0 con 0x7fa684107910
2024-05-20T21:57:11.744 INFO:teuthology.orchestra.run.smithi050.stdout:/usr/bin/ceph: stderr
2024-05-20T21:57:10.525+0000 7fa689230640 1 -- 172.21.15.50:0/1740039428 --> v1:172.21.15.50:6789/0 -- mon_command({"prefix": "get_command_descriptions"} v 0) -- 0x7fa664005080 con 0x7fa684107910
2024-05-20T21:57:11.744 INFO:teuthology.orchestra.run.smithi050.stdout:/usr/bin/ceph: stderr
2024-05-20T21:57:10.525+0000 7fa680d99640 1 -- 172.21.15.50:0/1740039428 <== mon.0 v1:172.21.15.50:6789/0 8 ==== osd_map(2..2 src has 1..2) ==== 897+0+0 (unknown 3179596823 0 0) 0x7fa6740479d0 con 0x7fa684107910
2024-05-20T21:57:11.744 INFO:teuthology.orchestra.run.smithi050.stdout:/usr/bin/ceph: stderr
2024-05-20T21:57:10.529+0000 7fa680d99640 1 -- 172.21.15.50:0/1740039428 <== mon.0 v1:172.21.15.50:6789/0 9 ==== mon_command_ack([{"prefix": "get_command_descriptions"}]=0 v0) ==== 72+0+186418 (unknown 1092875540 0 3075472397) 0x7fa674017610 con 0x7fa684107910
2024-05-20T21:57:11.744 INFO:teuthology.orchestra.run.smithi050.stdout:/usr/bin/ceph: stderr
2024-05-20T21:57:10.973+0000 7fa689230640 1 -- 172.21.15.50:0/1740039428 --> v1:172.21.15.50:6789/0 -- mon_command({"prefix": "mgr module enable", "module": "dashboard"} v 0) -- 0x7fa664005370 con 0x7fa684107910
2024-05-20T21:57:11.744 INFO:teuthology.orchestra.run.smithi050.stdout:/usr/bin/ceph: stderr
2024-05-20T21:57:11.121+0000 7fa680d99640 1 -- 172.21.15.50:0/1740039428 <== mon.0 v1:172.21.15.50:6789/0 10 ==== mon_command_ack([{"prefix": "mgr module enable", "module": "dashboard"}]=0 v9) ==== 88+0+0 (unknown 1498667528 0 0) 0x7fa674016f10 con 0x7fa684107910
2024-05-20T21:57:11.745 INFO:teuthology.orchestra.run.smithi050.stdout:/usr/bin/ceph: stderr
2024-05-20T21:57:11.125+0000 7fa689230640 1 -- 172.21.15.50:0/1740039428 >> v1:172.21.15.50:6800/3032841639 conn(0x7fa67003a440 legacy=0x7fa67003c900 unknown :-1 s=STATE_CONNECTION_ESTABLISHED l=1).mark_down
2024-05-20T21:57:11.745 INFO:teuthology.orchestra.run.smithi050.stdout:/usr/bin/ceph: stderr
2024-05-20T21:57:11.125+0000 7fa689230640 1 -- 172.21.15.50:0/1740039428 >> v1:172.21.15.50:6789/0 conn(0x7fa684107910 legacy=0x7fa68419b550 unknown :-1 s=STATE_CONNECTION_ESTABLISHED l=1).mark_down
2024-05-20T21:57:11.745 INFO:teuthology.orchestra.run.smithi050.stdout:/usr/bin/ceph: stderr
2024-05-20T21:57:11.125+0000 7fa689230640 1 -- 172.21.15.50:0/1740039428 shutdown_connections
2024-05-20T21:57:11.745 INFO:teuthology.orchestra.run.smithi050.stdout:/usr/bin/ceph: stderr
2024-05-20T21:57:11.125+0000 7fa689230640 1 -- 172.21.15.50:0/1740039428 >> 172.21.15.50:0/1740039428 conn(0x7fa68407ae20 msgr2=0x7fa684192210 unknown :-1 s=STATE_NONE l=0).mark_down
2024-05-20T21:57:11.745 INFO:teuthology.orchestra.run.smithi050.stdout:/usr/bin/ceph: stderr
2024-05-20T21:57:11.125+0000 7fa689230640 1 -- 172.21.15.50:0/1740039428 shutdown_connections
2024-05-20T21:57:11.745 INFO:teuthology.orchestra.run.smithi050.stdout:/usr/bin/ceph: stderr
2024-05-20T21:57:11.125+0000 7fa689230640 1 -- 172.21.15.50:0/1740039428 wait complete.
2024-05-20T21:57:12.385 INFO:journalctl@ceph.mon.a.smithi050.stdout:May 20 21:57:12 smithi050 bash[21866]: audit
2024-05-20T21:57:11.126414+0000 mon.a (mon.0) 73 : audit 1 from='client.? v1:172.21.15.50:0/1740039428' entity='client.admin' cmd='[{"prefix": "mgr module enable", "module": "dashboard"}]': finished
2024-05-20T21:57:12.385 INFO:journalctl@ceph.mon.a.smithi050.stdout:May 20 21:57:12 smithi050 bash[21866]: cluster
2024-05-20T21:57:11.131806+0000 mon.a (mon.0) 74 : cluster 0 mgrmap e9: y(active, since 25s)
2024-05-20T21:57:12.662 INFO:journalctl@ceph.mgr.y.smithi050.stdout:May 20 21:57:12 smithi050 bash[22118]: debug
2024-05-20T21:57:12.589+0000 7fa51c31a040 -1 mgr[py] Module rook has missing NOTIFY_TYPES member
2024-05-20T21:57:12.946 INFO:journalctl@ceph.mgr.y.smithi050.stdout:May 20 21:57:12 smithi050 bash[22118]: debug
2024-05-20T21:57:12.661+0000 7fa51c31a040 -1 mgr[py] Module iostat has missing NOTIFY_TYPES member
2024-05-20T21:57:12.947 INFO:journalctl@ceph.mgr.y.smithi050.stdout:May 20 21:57:12 smithi050 bash[22118]: debug
2024-05-20T21:57:12.821+0000 7fa51c31a040 -1 mgr[py] Module telemetry has missing NOTIFY_TYPES member
2024-05-20T21:57:13.446 INFO:journalctl@ceph.mon.a.smithi050.stdout:May 20 21:57:13 smithi050 bash[21866]: audit
2024-05-20T21:57:12.985891+0000 mon.a (mon.0) 75 : audit 0 from='client.? v1:172.21.15.50:0/3276654440' entity='client.admin' cmd=[{"prefix": "mgr stat"}]: dispatch
2024-05-20T21:57:13.656 INFO:teuthology.orchestra.run.smithi050.stdout:/usr/bin/ceph: stdout {
2024-05-20T21:57:13.657 INFO:teuthology.orchestra.run.smithi050.stdout:/usr/bin/ceph: stdout "epoch": 9,
2024-05-20T21:57:13.657 INFO:teuthology.orchestra.run.smithi050.stdout:/usr/bin/ceph: stdout "available": true,
2024-05-20T21:57:13.657 INFO:teuthology.orchestra.run.smithi050.stdout:/usr/bin/ceph: stdout "active_name": "y",
2024-05-20T21:57:13.657 INFO:teuthology.orchestra.run.smithi050.stdout:/usr/bin/ceph: stdout "num_standby": 0
2024-05-20T21:57:13.657 INFO:teuthology.orchestra.run.smithi050.stdout:/usr/bin/ceph: stdout }
2024-05-20T21:57:13.657 INFO:teuthology.orchestra.run.smithi050.stdout:/usr/bin/ceph: stderr
2024-05-20T21:57:12.525+0000 7f951dc04640 1 Processor -- start
2024-05-20T21:57:13.657 INFO:teuthology.orchestra.run.smithi050.stdout:/usr/bin/ceph: stderr
2024-05-20T21:57:12.525+0000 7f951dc04640 1 -- start start
2024-05-20T21:57:13.657 INFO:teuthology.orchestra.run.smithi050.stdout:/usr/bin/ceph: stderr
2024-05-20T21:57:12.529+0000 7f951dc04640 1 -- --> v1:172.21.15.50:6789/0 -- auth(proto 0 34 bytes epoch 0) -- 0x7f9518078e40 con 0x7f95181061d0
2024-05-20T21:57:13.657 INFO:teuthology.orchestra.run.smithi050.stdout:/usr/bin/ceph: stderr
2024-05-20T21:57:12.529+0000 7f95177fe640 1 --1- >> v1:172.21.15.50:6789/0 conn(0x7f95181061d0 0x7f95181085c0 :-1 s=CONNECTING_WAIT_BANNER_AND_IDENTIFY pgs=0 cs=0 l=0).handle_server_banner_and_identify peer v1:172.21.15.50:6789/0 says I am v1:172.21.15.50:53420/0 (socket says 172.21.15.50:53420)
2024-05-20T21:57:13.658 INFO:teuthology.orchestra.run.smithi050.stdout:/usr/bin/ceph: stderr
2024-05-20T21:57:12.529+0000 7f95177fe640 1 -- 172.21.15.50:0/2619592816 learned_addr learned my addr 172.21.15.50:0/2619592816 (peer_addr_for_me v1:172.21.15.50:0/0)
2024-05-20T21:57:13.658 INFO:teuthology.orchestra.run.smithi050.stdout:/usr/bin/ceph: stderr
2024-05-20T21:57:12.529+0000 7f95167fc640 1 -- 172.21.15.50:0/2619592816 <== mon.0 v1:172.21.15.50:6789/0 1 ==== auth_reply(proto 2 0 (0) Success) ==== 33+0+0 (unknown 2091184304 0 0) 0x7f9518078e40 con 0x7f95181061d0
2024-05-20T21:57:13.658 INFO:teuthology.orchestra.run.smithi050.stdout:/usr/bin/ceph: stderr
2024-05-20T21:57:12.529+0000 7f95167fc640 1 -- 172.21.15.50:0/2619592816 --> v1:172.21.15.50:6789/0 -- auth(proto 2 36 bytes epoch 0) -- 0x7f9504003520 con 0x7f95181061d0
2024-05-20T21:57:13.658 INFO:teuthology.orchestra.run.smithi050.stdout:/usr/bin/ceph: stderr
2024-05-20T21:57:12.529+0000 7f95167fc640 1 -- 172.21.15.50:0/2619592816 <== mon.0 v1:172.21.15.50:6789/0 2 ==== auth_reply(proto 2 0 (0) Success) ==== 214+0+0 (unknown 1089600368 0 0) 0x7f9504003520 con 0x7f95181061d0
2024-05-20T21:57:13.658 INFO:teuthology.orchestra.run.smithi050.stdout:/usr/bin/ceph: stderr
2024-05-20T21:57:12.529+0000 7f95167fc640 1 -- 172.21.15.50:0/2619592816 --> v1:172.21.15.50:6789/0 -- mon_subscribe({config=0+,monmap=0+}) -- 0x7f951810acf0 con 0x7f95181061d0
2024-05-20T21:57:13.658 INFO:teuthology.orchestra.run.smithi050.stdout:/usr/bin/ceph: stderr
2024-05-20T21:57:12.529+0000 7f95167fc640 1 -- 172.21.15.50:0/2619592816 <== mon.0 v1:172.21.15.50:6789/0 3 ==== mon_map magic: 0 ==== 170+0+0 (unknown 1792418109 0 0) 0x7f9508001580 con 0x7f95181061d0
2024-05-20T21:57:13.658 INFO:teuthology.orchestra.run.smithi050.stdout:/usr/bin/ceph: stderr
2024-05-20T21:57:12.529+0000 7f95167fc640 1 -- 172.21.15.50:0/2619592816 <== mon.0 v1:172.21.15.50:6789/0 4 ==== config(25 keys) ==== 1068+0+0 (unknown 3511714155 0 0) 0x7f95080048a0 con 0x7f95181061d0
2024-05-20T21:57:13.658 INFO:teuthology.orchestra.run.smithi050.stdout:/usr/bin/ceph: stderr
2024-05-20T21:57:12.529+0000 7f95167fc640 1 -- 172.21.15.50:0/2619592816 <== mon.0 v1:172.21.15.50:6789/0 5 ==== mon_map magic: 0 ==== 170+0+0 (unknown 1792418109 0 0) 0x7f95080059e0 con 0x7f95181061d0
2024-05-20T21:57:13.658 INFO:teuthology.orchestra.run.smithi050.stdout:/usr/bin/ceph: stderr
2024-05-20T21:57:12.529+0000 7f951dc04640 1 -- 172.21.15.50:0/2619592816 >> v1:172.21.15.50:6789/0 conn(0x7f95181061d0 legacy=0x7f95181085c0 unknown :-1 s=STATE_CONNECTION_ESTABLISHED l=1).mark_down
2024-05-20T21:57:13.658 INFO:teuthology.orchestra.run.smithi050.stdout:/usr/bin/ceph: stderr
2024-05-20T21:57:12.529+0000 7f951dc04640 1 -- 172.21.15.50:0/2619592816 shutdown_connections
2024-05-20T21:57:13.658 INFO:teuthology.orchestra.run.smithi050.stdout:/usr/bin/ceph: stderr
2024-05-20T21:57:12.529+0000 7f951dc04640 1 -- 172.21.15.50:0/2619592816 >> 172.21.15.50:0/2619592816 conn(0x7f95180ffb60 msgr2=0x7f9518101fc0 unknown :-1 s=STATE_NONE l=0).mark_down
2024-05-20T21:57:13.658 INFO:teuthology.orchestra.run.smithi050.stdout:/usr/bin/ceph: stderr
2024-05-20T21:57:12.529+0000 7f951dc04640 1 -- 172.21.15.50:0/2619592816 shutdown_connections
2024-05-20T21:57:13.659 INFO:teuthology.orchestra.run.smithi050.stdout:/usr/bin/ceph: stderr
2024-05-20T21:57:12.529+0000 7f951dc04640 1 -- 172.21.15.50:0/2619592816 wait complete.
2024-05-20T21:57:13.659 INFO:teuthology.orchestra.run.smithi050.stdout:/usr/bin/ceph: stderr
2024-05-20T21:57:12.529+0000 7f951dc04640 1 Processor -- start
2024-05-20T21:57:13.659 INFO:teuthology.orchestra.run.smithi050.stdout:/usr/bin/ceph: stderr
2024-05-20T21:57:12.529+0000 7f951dc04640 1 -- start start
2024-05-20T21:57:13.659 INFO:teuthology.orchestra.run.smithi050.stdout:/usr/bin/ceph: stderr
2024-05-20T21:57:12.529+0000 7f951dc04640 1 -- --> v1:172.21.15.50:6789/0 -- auth(proto 0 34 bytes epoch 0) -- 0x7f951819bc10 con 0x7f95181061d0
2024-05-20T21:57:13.659 INFO:teuthology.orchestra.run.smithi050.stdout:/usr/bin/ceph: stderr
2024-05-20T21:57:12.529+0000 7f95177fe640 1 --1- >> v1:172.21.15.50:6789/0 conn(0x7f95181061d0 0x7f951819b500 :-1 s=CONNECTING_WAIT_BANNER_AND_IDENTIFY pgs=0 cs=0 l=1).handle_server_banner_and_identify peer v1:172.21.15.50:6789/0 says I am v1:172.21.15.50:53426/0 (socket says 172.21.15.50:53426)
2024-05-20T21:57:13.659 INFO:teuthology.orchestra.run.smithi050.stdout:/usr/bin/ceph: stderr
2024-05-20T21:57:12.529+0000 7f95177fe640 1 -- 172.21.15.50:0/3276654440 learned_addr learned my addr 172.21.15.50:0/3276654440 (peer_addr_for_me v1:172.21.15.50:0/0)
2024-05-20T21:57:13.659 INFO:teuthology.orchestra.run.smithi050.stdout:/usr/bin/ceph: stderr
2024-05-20T21:57:12.529+0000 7f9514ff9640 1 -- 172.21.15.50:0/3276654440 <== mon.0 v1:172.21.15.50:6789/0 1 ==== auth_reply(proto 2 0 (0) Success) ==== 33+0+0 (unknown 1355749220 0 0) 0x7f951819bc10 con 0x7f95181061d0
2024-05-20T21:57:13.659 INFO:teuthology.orchestra.run.smithi050.stdout:/usr/bin/ceph: stderr
2024-05-20T21:57:12.529+0000 7f9514ff9640 1 -- 172.21.15.50:0/3276654440 --> v1:172.21.15.50:6789/0 -- auth(proto 2 36 bytes epoch 0) -- 0x7f9504005410 con 0x7f95181061d0
2024-05-20T21:57:13.659 INFO:teuthology.orchestra.run.smithi050.stdout:/usr/bin/ceph: stderr
2024-05-20T21:57:12.529+0000 7f9514ff9640 1 -- 172.21.15.50:0/3276654440 <== mon.0 v1:172.21.15.50:6789/0 2 ==== auth_reply(proto 2 0 (0) Success) ==== 764+0+0 (unknown 1270194104 0 0) 0x7f9504005410 con 0x7f95181061d0
2024-05-20T21:57:13.659 INFO:teuthology.orchestra.run.smithi050.stdout:/usr/bin/ceph: stderr
2024-05-20T21:57:12.529+0000 7f9514ff9640 1 -- 172.21.15.50:0/3276654440 --> v1:172.21.15.50:6789/0 -- auth(proto 2 165 bytes epoch 0) -- 0x7f951819bc10 con 0x7f95181061d0
2024-05-20T21:57:13.659 INFO:teuthology.orchestra.run.smithi050.stdout:/usr/bin/ceph: stderr
2024-05-20T21:57:12.529+0000 7f9514ff9640 1 -- 172.21.15.50:0/3276654440 <== mon.0 v1:172.21.15.50:6789/0 3 ==== mon_map magic: 0 ==== 170+0+0 (unknown 1792418109 0 0) 0x7f9508001080 con 0x7f95181061d0
2024-05-20T21:57:13.659 INFO:teuthology.orchestra.run.smithi050.stdout:/usr/bin/ceph: stderr
2024-05-20T21:57:12.529+0000 7f9514ff9640 1 -- 172.21.15.50:0/3276654440 <== mon.0 v1:172.21.15.50:6789/0 4 ==== auth_reply(proto 2 0 (0) Success) ==== 580+0+0 (unknown 29459664 0 0) 0x7f951819bc10 con 0x7f95181061d0
2024-05-20T21:57:13.659 INFO:teuthology.orchestra.run.smithi050.stdout:/usr/bin/ceph: stderr
2024-05-20T21:57:12.529+0000 7f9514ff9640 1 -- 172.21.15.50:0/3276654440 --> v1:172.21.15.50:6789/0 -- mon_subscribe({config=0+,monmap=0+}) -- 0x7f951819bde0 con 0x7f95181061d0
2024-05-20T21:57:13.660 INFO:teuthology.orchestra.run.smithi050.stdout:/usr/bin/ceph: stderr
2024-05-20T21:57:12.529+0000 7f951dc04640 1 -- 172.21.15.50:0/3276654440 --> v1:172.21.15.50:6789/0 -- mon_subscribe({mgrmap=0+}) -- 0x7f951819c0f0 con 0x7f95181061d0
2024-05-20T21:57:13.660 INFO:teuthology.orchestra.run.smithi050.stdout:/usr/bin/ceph: stderr
2024-05-20T21:57:12.533+0000 7f951dc04640 1 -- 172.21.15.50:0/3276654440 --> v1:172.21.15.50:6789/0 -- mon_subscribe({osdmap=0}) -- 0x7f951819fc80 con 0x7f95181061d0
2024-05-20T21:57:13.660 INFO:teuthology.orchestra.run.smithi050.stdout:/usr/bin/ceph: stderr
2024-05-20T21:57:12.533+0000 7f9514ff9640 1 -- 172.21.15.50:0/3276654440 <== mon.0 v1:172.21.15.50:6789/0 5 ==== config(25 keys) ==== 1068+0+0 (unknown 3511714155 0 0) 0x7f95080048a0 con 0x7f95181061d0
2024-05-20T21:57:13.660 INFO:teuthology.orchestra.run.smithi050.stdout:/usr/bin/ceph: stderr
2024-05-20T21:57:12.533+0000 7f9514ff9640 1 -- 172.21.15.50:0/3276654440 <== mon.0 v1:172.21.15.50:6789/0 6 ==== mon_map magic: 0 ==== 170+0+0 (unknown 1792418109 0 0) 0x7f9508006030 con 0x7f95181061d0
2024-05-20T21:57:13.660 INFO:teuthology.orchestra.run.smithi050.stdout:/usr/bin/ceph: stderr
2024-05-20T21:57:12.533+0000 7f9514ff9640 1 -- 172.21.15.50:0/3276654440 <== mon.0 v1:172.21.15.50:6789/0 7 ==== mgrmap(e 9) ==== 46265+0+0 (unknown 3285910310 0 0) 0x7f95080061d0 con 0x7f95181061d0
2024-05-20T21:57:13.660 INFO:teuthology.orchestra.run.smithi050.stdout:/usr/bin/ceph: stderr
2024-05-20T21:57:12.533+0000 7f9514ff9640 1 -- 172.21.15.50:0/3276654440 <== mon.0 v1:172.21.15.50:6789/0 8 ==== osd_map(2..2 src has 1..2) ==== 897+0+0 (unknown 3179596823 0 0) 0x7f9508048790 con 0x7f95181061d0
2024-05-20T21:57:13.660 INFO:teuthology.orchestra.run.smithi050.stdout:/usr/bin/ceph: stderr
2024-05-20T21:57:12.533+0000 7f9516ffd640 1 -- 172.21.15.50:0/3276654440 >> v1:172.21.15.50:6800/3032841639 conn(0x7f950403a530 legacy=0x7f950403c9f0 unknown :-1 s=STATE_CONNECTING_RE l=1).process reconnect failed to v1:172.21.15.50:6800/3032841639
2024-05-20T21:57:13.660 INFO:teuthology.orchestra.run.smithi050.stdout:/usr/bin/ceph: stderr
2024-05-20T21:57:12.533+0000 7f951dc04640 1 -- 172.21.15.50:0/3276654440 --> v1:172.21.15.50:6789/0 -- mon_command({"prefix": "get_command_descriptions"} v 0) -- 0x7f94f80050b0 con 0x7f95181061d0
2024-05-20T21:57:13.660 INFO:teuthology.orchestra.run.smithi050.stdout:/usr/bin/ceph: stderr
2024-05-20T21:57:12.537+0000 7f9514ff9640 1 -- 172.21.15.50:0/3276654440 <== mon.0 v1:172.21.15.50:6789/0 9 ==== mon_command_ack([{"prefix": "get_command_descriptions"}]=0 v0) ==== 72+0+186418 (unknown 1092875540 0 3075472397) 0x7f95080175e0 con 0x7f95181061d0
2024-05-20T21:57:13.660 INFO:teuthology.orchestra.run.smithi050.stdout:/usr/bin/ceph: stderr
2024-05-20T21:57:12.737+0000 7f9516ffd640 1 -- 172.21.15.50:0/3276654440 >> v1:172.21.15.50:6800/3032841639 conn(0x7f950403a530 legacy=0x7f950403c9f0 unknown :-1 s=STATE_CONNECTING_RE l=1).process reconnect failed to v1:172.21.15.50:6800/3032841639
2024-05-20T21:57:13.660 INFO:teuthology.orchestra.run.smithi050.stdout:/usr/bin/ceph: stderr
2024-05-20T21:57:12.981+0000 7f951dc04640 1 -- 172.21.15.50:0/3276654440 --> v1:172.21.15.50:6789/0 -- mon_command({"prefix": "mgr stat"} v 0) -- 0x7f94f8005bb0 con 0x7f95181061d0
2024-05-20T21:57:13.660 INFO:teuthology.orchestra.run.smithi050.stdout:/usr/bin/ceph: stderr
2024-05-20T21:57:12.981+0000 7f9514ff9640 1 -- 172.21.15.50:0/3276654440 <== mon.0 v1:172.21.15.50:6789/0 10 ==== mon_command_ack([{"prefix": "mgr stat"}]=0 v9) ==== 56+0+88 (unknown 2005831594 0 1748205903) 0x7f9508016ee0 con 0x7f95181061d0
2024-05-20T21:57:13.660 INFO:teuthology.orchestra.run.smithi050.stdout:/usr/bin/ceph: stderr
2024-05-20T21:57:12.985+0000 7f951dc04640 1 -- 172.21.15.50:0/3276654440 >> v1:172.21.15.50:6800/3032841639 conn(0x7f950403a530 legacy=0x7f950403c9f0 unknown :-1 s=STATE_CONNECTING l=1).mark_down
2024-05-20T21:57:13.661 INFO:teuthology.orchestra.run.smithi050.stdout:/usr/bin/ceph: stderr
2024-05-20T21:57:12.985+0000 7f951dc04640 1 -- 172.21.15.50:0/3276654440 >> v1:172.21.15.50:6789/0 conn(0x7f95181061d0 legacy=0x7f951819b500 unknown :-1 s=STATE_CONNECTION_ESTABLISHED l=1).mark_down
2024-05-20T21:57:13.661 INFO:teuthology.orchestra.run.smithi050.stdout:/usr/bin/ceph: stderr
2024-05-20T21:57:12.985+0000 7f951dc04640 1 -- 172.21.15.50:0/3276654440 shutdown_connections
2024-05-20T21:57:13.661 INFO:teuthology.orchestra.run.smithi050.stdout:/usr/bin/ceph: stderr
2024-05-20T21:57:12.985+0000 7f951dc04640 1 -- 172.21.15.50:0/3276654440 >> 172.21.15.50:0/3276654440 conn(0x7f95180ffb60 msgr2=0x7f9518103fc0 unknown :-1 s=STATE_NONE l=0).mark_down
2024-05-20T21:57:13.661 INFO:teuthology.orchestra.run.smithi050.stdout:/usr/bin/ceph: stderr
2024-05-20T21:57:12.985+0000 7f951dc04640 1 -- 172.21.15.50:0/3276654440 shutdown_connections
2024-05-20T21:57:13.661 INFO:teuthology.orchestra.run.smithi050.stdout:/usr/bin/ceph: stderr
2024-05-20T21:57:12.985+0000 7f951dc04640 1 -- 172.21.15.50:0/3276654440 wait complete.
2024-05-20T21:57:13.661 INFO:teuthology.orchestra.run.smithi050.stdout:Waiting for the mgr to restart...
2024-05-20T21:57:13.661 INFO:teuthology.orchestra.run.smithi050.stdout:Waiting for mgr epoch 9...
2024-05-20T21:57:13.877 INFO:journalctl@ceph.mgr.y.smithi050.stdout:May 20 21:57:13 smithi050 bash[22118]: debug
2024-05-20T21:57:13.521+0000 7fa51c31a040 -1 mgr[py] Module osd_support has missing NOTIFY_TYPES member
2024-05-20T21:57:13.877 INFO:journalctl@ceph.mgr.y.smithi050.stdout:May 20 21:57:13 smithi050 bash[22118]: debug
2024-05-20T21:57:13.597+0000 7fa51c31a040 -1 mgr[py] Module selftest has missing NOTIFY_TYPES member
2024-05-20T21:57:13.877 INFO:journalctl@ceph.mgr.y.smithi050.stdout:May 20 21:57:13 smithi050 bash[22118]: debug
2024-05-20T21:57:13.673+0000 7fa51c31a040 -1 mgr[py] Module progress has missing NOTIFY_TYPES member
2024-05-20T21:57:14.196 INFO:journalctl@ceph.mgr.y.smithi050.stdout:May 20 21:57:13 smithi050 bash[22118]: debug
2024-05-20T21:57:13.873+0000 7fa51c31a040 -1 mgr[py] Module rgw has missing NOTIFY_TYPES member
2024-05-20T21:57:14.196 INFO:journalctl@ceph.mgr.y.smithi050.stdout:May 20 21:57:13 smithi050 bash[22118]: debug
2024-05-20T21:57:13.957+0000 7fa51c31a040 -1 mgr[py] Module crash has missing NOTIFY_TYPES member
2024-05-20T21:57:14.196 INFO:journalctl@ceph.mgr.y.smithi050.stdout:May 20 21:57:14 smithi050 bash[22118]: debug
2024-05-20T21:57:14.033+0000 7fa51c31a040 -1 mgr[py] Module telegraf has missing NOTIFY_TYPES member
2024-05-20T21:57:14.603 INFO:journalctl@ceph.mgr.y.smithi050.stdout:May 20 21:57:14 smithi050 bash[22118]: debug
2024-05-20T21:57:14.309+0000 7fa51c31a040 -1 mgr[py] Module pg_autoscaler has missing NOTIFY_TYPES member
2024-05-20T21:57:14.603 INFO:journalctl@ceph.mgr.y.smithi050.stdout:May 20 21:57:14 smithi050 bash[22118]: debug
2024-05-20T21:57:14.385+0000 7fa51c31a040 -1 mgr[py] Module zabbix has missing NOTIFY_TYPES member
2024-05-20T21:57:14.946 INFO:journalctl@ceph.mgr.y.smithi050.stdout:May 20 21:57:14 smithi050 bash[22118]: debug
2024-05-20T21:57:14.601+0000 7fa51c31a040 -1 mgr[py] Module nfs has missing NOTIFY_TYPES member
2024-05-20T21:57:14.946 INFO:journalctl@ceph.mgr.y.smithi050.stdout:May 20 21:57:14 smithi050 bash[22118]: debug
2024-05-20T21:57:14.685+0000 7fa51c31a040 -1 mgr[py] Module balancer has missing NOTIFY_TYPES member
2024-05-20T21:57:15.320 INFO:journalctl@ceph.mgr.y.smithi050.stdout:May 20 21:57:14 smithi050 bash[22118]: debug
2024-05-20T21:57:14.952+0000 7fa51c31a040 -1 mgr[py] Module diskprediction_local has missing NOTIFY_TYPES member
2024-05-20T21:57:15.320 INFO:journalctl@ceph.mgr.y.smithi050.stdout:May 20 21:57:15 smithi050 bash[22118]: debug
2024-05-20T21:57:15.140+0000 7fa51c31a040 -1 mgr[py] Module orchestrator has missing NOTIFY_TYPES member
2024-05-20T21:57:15.596 INFO:journalctl@ceph.mgr.y.smithi050.stdout:May 20 21:57:15 smithi050 bash[22118]: debug
2024-05-20T21:57:15.316+0000 7fa51c31a040 -1 mgr[py] Module rbd_support has missing NOTIFY_TYPES member
2024-05-20T21:57:15.596 INFO:journalctl@ceph.mgr.y.smithi050.stdout:May 20 21:57:15 smithi050 bash[22118]: debug
2024-05-20T21:57:15.400+0000 7fa51c31a040 -1 mgr[py] Module alerts has missing NOTIFY_TYPES member
2024-05-20T21:57:15.946 INFO:journalctl@ceph.mgr.y.smithi050.stdout:May 20 21:57:15 smithi050 bash[22118]: debug
2024-05-20T21:57:15.592+0000 7fa51c31a040 -1 mgr[py] Module test_orchestrator has missing NOTIFY_TYPES member
2024-05-20T21:57:16.784 INFO:journalctl@ceph.mgr.y.smithi050.stdout:May 20 21:57:16 smithi050 bash[22118]: debug
2024-05-20T21:57:16.456+0000 7fa51c31a040 -1 mgr[py] Module influx has missing NOTIFY_TYPES member
2024-05-20T21:57:16.784 INFO:journalctl@ceph.mgr.y.smithi050.stdout:May 20 21:57:16 smithi050 bash[22118]: debug
2024-05-20T21:57:16.540+0000 7fa51c31a040 -1 mgr[py] Module status has missing NOTIFY_TYPES member
2024-05-20T21:57:17.197 INFO:journalctl@ceph.mgr.y.smithi050.stdout:May 20 21:57:16 smithi050 bash[22118]: debug
2024-05-20T21:57:16.780+0000 7fa51c31a040 -1 mgr[py] Module volumes has missing NOTIFY_TYPES member
2024-05-20T21:57:17.197 INFO:journalctl@ceph.mgr.y.smithi050.stdout:May 20 21:57:16 smithi050 bash[22118]: debug
2024-05-20T21:57:16.860+0000 7fa51c31a040 -1 mgr[py] Module osd_perf_query has missing NOTIFY_TYPES member
2024-05-20T21:57:17.636 INFO:journalctl@ceph.mgr.y.smithi050.stdout:May 20 21:57:17 smithi050 bash[22118]: debug
2024-05-20T21:57:17.276+0000 7fa51c31a040 -1 mgr[py] Module prometheus has missing NOTIFY_TYPES member
2024-05-20T21:57:17.636 INFO:journalctl@ceph.mgr.y.smithi050.stdout:May 20 21:57:17 smithi050 bash[22118]: debug
2024-05-20T21:57:17.360+0000 7fa51c31a040 -1 mgr[py] Module snap_schedule has missing NOTIFY_TYPES member
2024-05-20T21:57:17.636 INFO:journalctl@ceph.mon.a.smithi050.stdout:May 20 21:57:17 smithi050 bash[21866]: cluster
2024-05-20T21:57:17.389834+0000 mon.a (mon.0) 76 : cluster 1 Active manager daemon y restarted
2024-05-20T21:57:17.636 INFO:journalctl@ceph.mon.a.smithi050.stdout:May 20 21:57:17 smithi050 bash[21866]: cluster
2024-05-20T21:57:17.390066+0000 mon.a (mon.0) 77 : cluster 1 Activating manager daemon y
2024-05-20T21:57:17.636 INFO:journalctl@ceph.mon.a.smithi050.stdout:May 20 21:57:17 smithi050 bash[21866]: cluster
2024-05-20T21:57:17.397477+0000 mon.a (mon.0) 78 : cluster 0 osdmap e3: 0 total, 0 up, 0 in
2024-05-20T21:57:17.636 INFO:journalctl@ceph.mon.a.smithi050.stdout:May 20 21:57:17 smithi050 bash[21866]: cluster
2024-05-20T21:57:17.397706+0000 mon.a (mon.0) 79 : cluster 0 mgrmap e10: y(active, starting, since 0.00773668s)
2024-05-20T21:57:17.636 INFO:journalctl@ceph.mon.a.smithi050.stdout:May 20 21:57:17 smithi050 bash[21866]: audit
2024-05-20T21:57:17.399177+0000 mon.a (mon.0) 80 : audit 0 from='mgr.14150 v1:172.21.15.50:0/3230959122' entity='mgr.y' cmd=[{"prefix": "mon metadata", "id": "a"}]: dispatch
2024-05-20T21:57:17.636 INFO:journalctl@ceph.mon.a.smithi050.stdout:May 20 21:57:17 smithi050 bash[21866]: audit
2024-05-20T21:57:17.400984+0000 mon.a (mon.0) 81 : audit 0 from='mgr.14150 v1:172.21.15.50:0/3230959122' entity='mgr.y' cmd=[{"prefix": "mgr metadata", "who": "y", "id": "y"}]: dispatch
2024-05-20T21:57:17.637 INFO:journalctl@ceph.mon.a.smithi050.stdout:May 20 21:57:17 smithi050 bash[21866]: audit
2024-05-20T21:57:17.402223+0000 mon.a (mon.0) 82 : audit 0 from='mgr.14150 v1:172.21.15.50:0/3230959122' entity='mgr.y' cmd=[{"prefix": "mds metadata"}]: dispatch
2024-05-20T21:57:17.637 INFO:journalctl@ceph.mon.a.smithi050.stdout:May 20 21:57:17 smithi050 bash[21866]: audit
2024-05-20T21:57:17.402344+0000 mon.a (mon.0) 83 : audit 0 from='mgr.14150 v1:172.21.15.50:0/3230959122' entity='mgr.y' cmd=[{"prefix": "osd metadata"}]: dispatch
2024-05-20T21:57:17.637 INFO:journalctl@ceph.mon.a.smithi050.stdout:May 20 21:57:17 smithi050 bash[21866]: audit
2024-05-20T21:57:17.402454+0000 mon.a (mon.0) 84 : audit 0 from='mgr.14150 v1:172.21.15.50:0/3230959122' entity='mgr.y' cmd=[{"prefix": "mon metadata"}]: dispatch
2024-05-20T21:57:17.637 INFO:journalctl@ceph.mon.a.smithi050.stdout:May 20 21:57:17 smithi050 bash[21866]: cluster
2024-05-20T21:57:17.429955+0000 mon.a (mon.0) 85 : cluster 1 Manager daemon y is now available
2024-05-20T21:57:18.702 INFO:journalctl@ceph.mon.a.smithi050.stdout:May 20 21:57:18 smithi050 bash[21866]: audit
2024-05-20T21:57:17.449698+0000 mon.a (mon.0) 86 : audit 0 from='mgr.14150 v1:172.21.15.50:0/3230959122' entity='mgr.y' cmd=[{"prefix": "config dump", "format": "json"}]: dispatch
2024-05-20T21:57:18.703 INFO:journalctl@ceph.mon.a.smithi050.stdout:May 20 21:57:18 smithi050 bash[21866]: audit
2024-05-20T21:57:17.467431+0000 mon.a (mon.0) 87 : audit 1 from='mgr.14150 v1:172.21.15.50:0/3230959122' entity='mgr.y' cmd=[{"prefix":"config rm","who":"mgr","name":"mgr/rbd_support/y/mirror_snapshot_schedule"}]: dispatch
2024-05-20T21:57:18.703 INFO:journalctl@ceph.mon.a.smithi050.stdout:May 20 21:57:18 smithi050 bash[21866]: audit
2024-05-20T21:57:17.470585+0000 mon.a (mon.0) 88 : audit 1 from='mgr.14150 v1:172.21.15.50:0/3230959122' entity='mgr.y' cmd=[{"prefix":"config rm","who":"mgr","name":"mgr/rbd_support/y/trash_purge_schedule"}]: dispatch
2024-05-20T21:57:18.703 INFO:journalctl@ceph.mon.a.smithi050.stdout:May 20 21:57:18 smithi050 bash[21866]: cluster
2024-05-20T21:57:18.402331+0000 mon.a (mon.0) 89 : cluster 0 mgrmap e11: y(active, since 1.01236s)
2024-05-20T21:57:19.072 INFO:teuthology.orchestra.run.smithi050.stdout:/usr/bin/ceph: stdout {
2024-05-20T21:57:19.072 INFO:teuthology.orchestra.run.smithi050.stdout:/usr/bin/ceph: stdout "mgrmap_epoch": 11,
2024-05-20T21:57:19.072 INFO:teuthology.orchestra.run.smithi050.stdout:/usr/bin/ceph: stdout "initialized": true
2024-05-20T21:57:19.072 INFO:teuthology.orchestra.run.smithi050.stdout:/usr/bin/ceph: stdout }
2024-05-20T21:57:19.072 INFO:teuthology.orchestra.run.smithi050.stdout:/usr/bin/ceph: stderr
2024-05-20T21:57:14.549+0000 7f396feb7640 1 Processor -- start
2024-05-20T21:57:19.072 INFO:teuthology.orchestra.run.smithi050.stdout:/usr/bin/ceph: stderr
2024-05-20T21:57:14.549+0000 7f396feb7640 1 -- start start
2024-05-20T21:57:19.072 INFO:teuthology.orchestra.run.smithi050.stdout:/usr/bin/ceph: stderr
2024-05-20T21:57:14.549+0000 7f396feb7640 1 -- --> v1:172.21.15.50:6789/0 -- auth(proto 0 34 bytes epoch 0) -- 0x7f3968078e60 con 0x7f3968103fa0
2024-05-20T21:57:19.072 INFO:teuthology.orchestra.run.smithi050.stdout:/usr/bin/ceph: stderr
2024-05-20T21:57:14.549+0000 7f396dc53640 1 --1- >> v1:172.21.15.50:6789/0 conn(0x7f3968103fa0 0x7f39681043c0 :-1 s=CONNECTING_WAIT_BANNER_AND_IDENTIFY pgs=0 cs=0 l=0).handle_server_banner_and_identify peer v1:172.21.15.50:6789/0 says I am v1:172.21.15.50:53432/0 (socket says 172.21.15.50:53432)
2024-05-20T21:57:19.072 INFO:teuthology.orchestra.run.smithi050.stdout:/usr/bin/ceph: stderr
2024-05-20T21:57:14.549+0000 7f396dc53640 1 -- 172.21.15.50:0/1025766597 learned_addr learned my addr 172.21.15.50:0/1025766597 (peer_addr_for_me v1:172.21.15.50:0/0)
2024-05-20T21:57:19.072 INFO:teuthology.orchestra.run.smithi050.stdout:/usr/bin/ceph: stderr
2024-05-20T21:57:14.549+0000 7f396cc51640 1 -- 172.21.15.50:0/1025766597 <== mon.0 v1:172.21.15.50:6789/0 1 ==== auth_reply(proto 2 0 (0) Success) ==== 33+0+0 (unknown 959635219 0 0) 0x7f3968078e60 con 0x7f3968103fa0
2024-05-20T21:57:19.073 INFO:teuthology.orchestra.run.smithi050.stdout:/usr/bin/ceph: stderr
2024-05-20T21:57:14.549+0000 7f396cc51640 1 -- 172.21.15.50:0/1025766597 --> v1:172.21.15.50:6789/0 -- auth(proto 2 36 bytes epoch 0) -- 0x7f3954003520 con 0x7f3968103fa0
2024-05-20T21:57:19.073 INFO:teuthology.orchestra.run.smithi050.stdout:/usr/bin/ceph: stderr
2024-05-20T21:57:14.549+0000 7f396cc51640 1 -- 172.21.15.50:0/1025766597 <== mon.0 v1:172.21.15.50:6789/0 2 ==== auth_reply(proto 2 0 (0) Success) ==== 214+0+0 (unknown 3362225088 0 0) 0x7f3954003520 con 0x7f3968103fa0
2024-05-20T21:57:19.073 INFO:teuthology.orchestra.run.smithi050.stdout:/usr/bin/ceph: stderr
2024-05-20T21:57:14.549+0000 7f396cc51640 1 -- 172.21.15.50:0/1025766597 --> v1:172.21.15.50:6789/0 -- mon_subscribe({config=0+,monmap=0+}) -- 0x7f3968105ae0 con 0x7f3968103fa0
2024-05-20T21:57:19.073 INFO:teuthology.orchestra.run.smithi050.stdout:/usr/bin/ceph: stderr
2024-05-20T21:57:14.549+0000 7f396cc51640 1 -- 172.21.15.50:0/1025766597 <== mon.0 v1:172.21.15.50:6789/0 3 ==== mon_map magic: 0 ==== 170+0+0 (unknown 1792418109 0 0) 0x7f3964001580 con 0x7f3968103fa0
2024-05-20T21:57:19.073 INFO:teuthology.orchestra.run.smithi050.stdout:/usr/bin/ceph: stderr
2024-05-20T21:57:14.549+0000 7f396cc51640 1 -- 172.21.15.50:0/1025766597 <== mon.0 v1:172.21.15.50:6789/0 4 ==== config(25 keys) ==== 1068+0+0 (unknown 3511714155 0 0) 0x7f39640048a0 con 0x7f3968103fa0
2024-05-20T21:57:19.073 INFO:teuthology.orchestra.run.smithi050.stdout:/usr/bin/ceph: stderr
2024-05-20T21:57:14.549+0000 7f396cc51640 1 -- 172.21.15.50:0/1025766597 <== mon.0 v1:172.21.15.50:6789/0 5 ==== mon_map magic: 0 ==== 170+0+0 (unknown 1792418109 0 0) 0x7f39640059e0 con 0x7f3968103fa0
2024-05-20T21:57:19.073 INFO:teuthology.orchestra.run.smithi050.stdout:/usr/bin/ceph: stderr
2024-05-20T21:57:14.553+0000 7f396feb7640 1 -- 172.21.15.50:0/1025766597 >> v1:172.21.15.50:6789/0 conn(0x7f3968103fa0 legacy=0x7f39681043c0 unknown :-1 s=STATE_CONNECTION_ESTABLISHED l=1).mark_down
2024-05-20T21:57:19.074 INFO:teuthology.orchestra.run.smithi050.stdout:/usr/bin/ceph: stderr
2024-05-20T21:57:14.553+0000 7f396feb7640 1 -- 172.21.15.50:0/1025766597 shutdown_connections
2024-05-20T21:57:19.074 INFO:teuthology.orchestra.run.smithi050.stdout:/usr/bin/ceph: stderr
2024-05-20T21:57:14.553+0000 7f396feb7640 1 -- 172.21.15.50:0/1025766597 >> 172.21.15.50:0/1025766597 conn(0x7f39680ffb60 msgr2=0x7f3968101fc0 unknown :-1 s=STATE_NONE l=0).mark_down
2024-05-20T21:57:19.074 INFO:teuthology.orchestra.run.smithi050.stdout:/usr/bin/ceph: stderr
2024-05-20T21:57:14.553+0000 7f396feb7640 1 -- 172.21.15.50:0/1025766597 shutdown_connections
2024-05-20T21:57:19.074 INFO:teuthology.orchestra.run.smithi050.stdout:/usr/bin/ceph: stderr
2024-05-20T21:57:14.553+0000 7f396feb7640 1 -- 172.21.15.50:0/1025766597 wait complete.
2024-05-20T21:57:19.074 INFO:teuthology.orchestra.run.smithi050.stdout:/usr/bin/ceph: stderr
2024-05-20T21:57:14.553+0000 7f396feb7640 1 Processor -- start
2024-05-20T21:57:19.074 INFO:teuthology.orchestra.run.smithi050.stdout:/usr/bin/ceph: stderr
2024-05-20T21:57:14.553+0000 7f396feb7640 1 -- start start
2024-05-20T21:57:19.075 INFO:teuthology.orchestra.run.smithi050.stdout:/usr/bin/ceph: stderr
2024-05-20T21:57:14.553+0000 7f396feb7640 1 -- --> v1:172.21.15.50:6789/0 -- auth(proto 0 34 bytes epoch 0) -- 0x7f396819bc20 con 0x7f3968103fa0
2024-05-20T21:57:19.075 INFO:teuthology.orchestra.run.smithi050.stdout:/usr/bin/ceph: stderr
2024-05-20T21:57:14.553+0000 7f396dc53640 1 --1- >> v1:172.21.15.50:6789/0 conn(0x7f3968103fa0 0x7f396819b510 :-1 s=CONNECTING_WAIT_BANNER_AND_IDENTIFY pgs=0 cs=0 l=1).handle_server_banner_and_identify peer v1:172.21.15.50:6789/0 says I am v1:172.21.15.50:53448/0 (socket says 172.21.15.50:53448)
2024-05-20T21:57:19.075 INFO:teuthology.orchestra.run.smithi050.stdout:/usr/bin/ceph: stderr
2024-05-20T21:57:14.553+0000 7f396dc53640 1 -- 172.21.15.50:0/4116228981 learned_addr learned my addr 172.21.15.50:0/4116228981 (peer_addr_for_me v1:172.21.15.50:0/0)
2024-05-20T21:57:19.075 INFO:teuthology.orchestra.run.smithi050.stdout:/usr/bin/ceph: stderr
2024-05-20T21:57:14.553+0000 7f395effd640 1 -- 172.21.15.50:0/4116228981 <== mon.0 v1:172.21.15.50:6789/0 1 ==== auth_reply(proto 2 0 (0) Success) ==== 33+0+0 (unknown 4100170553 0 0) 0x7f396819bc20 con 0x7f3968103fa0
2024-05-20T21:57:19.075 INFO:teuthology.orchestra.run.smithi050.stdout:/usr/bin/ceph: stderr
2024-05-20T21:57:14.553+0000 7f395effd640 1 -- 172.21.15.50:0/4116228981 --> v1:172.21.15.50:6789/0 -- auth(proto 2 36 bytes epoch 0) -- 0x7f3954005410 con 0x7f3968103fa0
2024-05-20T21:57:19.075 INFO:teuthology.orchestra.run.smithi050.stdout:/usr/bin/ceph: stderr
2024-05-20T21:57:14.553+0000 7f395effd640 1 -- 172.21.15.50:0/4116228981 <== mon.0 v1:172.21.15.50:6789/0 2 ==== auth_reply(proto 2 0 (0) Success) ==== 764+0+0 (unknown 3368007840 0 0) 0x7f3954005410 con 0x7f3968103fa0
2024-05-20T21:57:19.076 INFO:teuthology.orchestra.run.smithi050.stdout:/usr/bin/ceph: stderr
2024-05-20T21:57:14.553+0000 7f395effd640 1 -- 172.21.15.50:0/4116228981 --> v1:172.21.15.50:6789/0 -- auth(proto 2 165 bytes epoch 0) -- 0x7f396819bc20 con 0x7f3968103fa0
2024-05-20T21:57:19.076 INFO:teuthology.orchestra.run.smithi050.stdout:/usr/bin/ceph: stderr
2024-05-20T21:57:14.553+0000 7f395effd640 1 -- 172.21.15.50:0/4116228981 <== mon.0 v1:172.21.15.50:6789/0 3 ==== mon_map magic: 0 ==== 170+0+0 (unknown 1792418109 0 0) 0x7f3964001080 con 0x7f3968103fa0
2024-05-20T21:57:19.076 INFO:teuthology.orchestra.run.smithi050.stdout:/usr/bin/ceph: stderr
2024-05-20T21:57:14.553+0000 7f395effd640 1 -- 172.21.15.50:0/4116228981 <== mon.0 v1:172.21.15.50:6789/0 4 ==== auth_reply(proto 2 0 (0) Success) ==== 580+0+0 (unknown 1492254295 0 0) 0x7f396819bc20 con 0x7f3968103fa0
2024-05-20T21:57:19.076 INFO:teuthology.orchestra.run.smithi050.stdout:/usr/bin/ceph: stderr
2024-05-20T21:57:14.553+0000 7f395effd640 1 -- 172.21.15.50:0/4116228981 --> v1:172.21.15.50:6789/0 -- mon_subscribe({config=0+,monmap=0+}) -- 0x7f396819bdf0 con 0x7f3968103fa0
2024-05-20T21:57:19.076 INFO:teuthology.orchestra.run.smithi050.stdout:/usr/bin/ceph: stderr
2024-05-20T21:57:14.553+0000 7f396feb7640 1 -- 172.21.15.50:0/4116228981 --> v1:172.21.15.50:6789/0 -- mon_subscribe({mgrmap=0+}) -- 0x7f396819c100 con 0x7f3968103fa0
2024-05-20T21:57:19.076 INFO:teuthology.orchestra.run.smithi050.stdout:/usr/bin/ceph: stderr
2024-05-20T21:57:14.553+0000 7f396feb7640 1 -- 172.21.15.50:0/4116228981 --> v1:172.21.15.50:6789/0 -- mon_subscribe({osdmap=0}) -- 0x7f396819fc90 con 0x7f3968103fa0
2024-05-20T21:57:19.077 INFO:teuthology.orchestra.run.smithi050.stdout:/usr/bin/ceph: stderr
2024-05-20T21:57:14.553+0000 7f395effd640 1 -- 172.21.15.50:0/4116228981 <== mon.0 v1:172.21.15.50:6789/0 5 ==== config(25 keys) ==== 1068+0+0 (unknown 3511714155 0 0) 0x7f39640048a0 con 0x7f3968103fa0
2024-05-20T21:57:19.077 INFO:teuthology.orchestra.run.smithi050.stdout:/usr/bin/ceph: stderr
2024-05-20T21:57:14.553+0000 7f395effd640 1 -- 172.21.15.50:0/4116228981 <== mon.0 v1:172.21.15.50:6789/0 6 ==== mon_map magic: 0 ==== 170+0+0 (unknown 1792418109 0 0) 0x7f3964005fc0 con 0x7f3968103fa0
2024-05-20T21:57:19.077 INFO:teuthology.orchestra.run.smithi050.stdout:/usr/bin/ceph: stderr
2024-05-20T21:57:14.553+0000 7f395effd640 1 -- 172.21.15.50:0/4116228981 <== mon.0 v1:172.21.15.50:6789/0 7 ==== mgrmap(e 9) ==== 46265+0+0 (unknown 3285910310 0 0) 0x7f3964007210 con 0x7f3968103fa0
2024-05-20T21:57:19.077 INFO:teuthology.orchestra.run.smithi050.stdout:/usr/bin/ceph: stderr
2024-05-20T21:57:14.553+0000 7f395effd640 1 -- 172.21.15.50:0/4116228981 --> v1:172.21.15.50:6800/3032841639 -- command(tid 0: {"prefix": "get_command_descriptions"}) -- 0x7f3964001080 con 0x7f395403a570
2024-05-20T21:57:19.077 INFO:teuthology.orchestra.run.smithi050.stdout:/usr/bin/ceph: stderr
2024-05-20T21:57:14.553+0000 7f395effd640 1 -- 172.21.15.50:0/4116228981 <== mon.0 v1:172.21.15.50:6789/0 8 ==== osd_map(2..2 src has 1..2) ==== 897+0+0 (unknown 3179596823 0 0) 0x7f39640478b0 con 0x7f3968103fa0
2024-05-20T21:57:19.077 INFO:teuthology.orchestra.run.smithi050.stdout:/usr/bin/ceph: stderr
2024-05-20T21:57:14.553+0000 7f396d452640 1 -- 172.21.15.50:0/4116228981 >> v1:172.21.15.50:6800/3032841639 conn(0x7f395403a570 legacy=0x7f395403ca30 unknown :-1 s=STATE_CONNECTING_RE l=1).process reconnect failed to v1:172.21.15.50:6800/3032841639
2024-05-20T21:57:19.077 INFO:teuthology.orchestra.run.smithi050.stdout:/usr/bin/ceph: stderr
2024-05-20T21:57:14.756+0000 7f396d452640 1 -- 172.21.15.50:0/4116228981 >> v1:172.21.15.50:6800/3032841639 conn(0x7f395403a570 legacy=0x7f395403ca30 unknown :-1 s=STATE_CONNECTING_RE l=1).process reconnect failed to v1:172.21.15.50:6800/3032841639
2024-05-20T21:57:19.078 INFO:teuthology.orchestra.run.smithi050.stdout:/usr/bin/ceph: stderr
2024-05-20T21:57:15.160+0000 7f396d452640 1 -- 172.21.15.50:0/4116228981 >> v1:172.21.15.50:6800/3032841639 conn(0x7f395403a570 legacy=0x7f395403ca30 unknown :-1 s=STATE_CONNECTING_RE l=1).process reconnect failed to v1:172.21.15.50:6800/3032841639
2024-05-20T21:57:19.078 INFO:teuthology.orchestra.run.smithi050.stdout:/usr/bin/ceph: stderr
2024-05-20T21:57:15.964+0000 7f396d452640 1 -- 172.21.15.50:0/4116228981 >> v1:172.21.15.50:6800/3032841639 conn(0x7f395403a570 legacy=0x7f395403ca30 unknown :-1 s=STATE_CONNECTING_RE l=1).process reconnect failed to v1:172.21.15.50:6800/3032841639
2024-05-20T21:57:19.078 INFO:teuthology.orchestra.run.smithi050.stdout:/usr/bin/ceph: stderr
2024-05-20T21:57:17.388+0000 7f395effd640 1 -- 172.21.15.50:0/4116228981 <== mon.0 v1:172.21.15.50:6789/0 9 ==== mgrmap(e 10) ==== 46067+0+0 (unknown 3864161487 0 0) 0x7f39640461f0 con 0x7f3968103fa0
2024-05-20T21:57:19.078 INFO:teuthology.orchestra.run.smithi050.stdout:/usr/bin/ceph: stderr
2024-05-20T21:57:17.392+0000 7f395effd640 1 -- 172.21.15.50:0/4116228981 >> v1:172.21.15.50:6800/3032841639 conn(0x7f395403a570 legacy=0x7f395403ca30 unknown :-1 s=STATE_CONNECTING l=1).mark_down
2024-05-20T21:57:19.078 INFO:teuthology.orchestra.run.smithi050.stdout:/usr/bin/ceph: stderr
2024-05-20T21:57:18.392+0000 7f395effd640 1 -- 172.21.15.50:0/4116228981 <== mon.0 v1:172.21.15.50:6789/0 10 ==== mgrmap(e 11) ==== 46159+0+0 (unknown 278098294 0 0) 0x7f396401f520 con 0x7f3968103fa0
2024-05-20T21:57:19.079 INFO:teuthology.orchestra.run.smithi050.stdout:/usr/bin/ceph: stderr
2024-05-20T21:57:18.392+0000 7f395effd640 1 -- 172.21.15.50:0/4116228981 --> v1:172.21.15.50:6800/2944911247 -- command(tid 0: {"prefix": "get_command_descriptions"}) -- 0x7f3964001080 con 0x7f395403ef40
2024-05-20T21:57:19.079 INFO:teuthology.orchestra.run.smithi050.stdout:/usr/bin/ceph: stderr
2024-05-20T21:57:18.396+0000 7f395effd640 1 -- 172.21.15.50:0/4116228981 <== mgr.14150 v1:172.21.15.50:6800/2944911247 1 ==== command_reply(tid 0: 0 ) ==== 8+0+7774 (unknown 0 0 4109177037) 0x7f3964001080 con 0x7f395403ef40
2024-05-20T21:57:19.079 INFO:teuthology.orchestra.run.smithi050.stdout:/usr/bin/ceph: stderr
2024-05-20T21:57:18.408+0000 7f396feb7640 1 -- 172.21.15.50:0/4116228981 --> v1:172.21.15.50:6800/2944911247 -- command(tid 1: {"prefix": "mgr_status"}) -- 0x7f394c0025a0 con 0x7f395403ef40
2024-05-20T21:57:19.079 INFO:teuthology.orchestra.run.smithi050.stdout:/usr/bin/ceph: stderr
2024-05-20T21:57:18.408+0000 7f395effd640 1 -- 172.21.15.50:0/4116228981 <== mgr.14150 v1:172.21.15.50:6800/2944911247 2 ==== command_reply(tid 1: 0 ) ==== 8+0+52 (unknown 0 0 3086460295) 0x7f394c0025a0 con 0x7f395403ef40
2024-05-20T21:57:19.079 INFO:teuthology.orchestra.run.smithi050.stdout:/usr/bin/ceph: stderr
2024-05-20T21:57:18.408+0000 7f396feb7640 1 -- 172.21.15.50:0/4116228981 >> v1:172.21.15.50:6800/2944911247 conn(0x7f395403ef40 legacy=0x7f3954041330 unknown :-1 s=STATE_CONNECTION_ESTABLISHED l=1).mark_down
2024-05-20T21:57:19.079 INFO:teuthology.orchestra.run.smithi050.stdout:/usr/bin/ceph: stderr
2024-05-20T21:57:18.408+0000 7f396feb7640 1 -- 172.21.15.50:0/4116228981 >> v1:172.21.15.50:6789/0 conn(0x7f3968103fa0 legacy=0x7f396819b510 unknown :-1 s=STATE_CONNECTION_ESTABLISHED l=1).mark_down
2024-05-20T21:57:19.080 INFO:teuthology.orchestra.run.smithi050.stdout:/usr/bin/ceph: stderr
2024-05-20T21:57:18.408+0000 7f396feb7640 1 -- 172.21.15.50:0/4116228981 shutdown_connections
2024-05-20T21:57:19.080 INFO:teuthology.orchestra.run.smithi050.stdout:/usr/bin/ceph: stderr
2024-05-20T21:57:18.408+0000 7f396feb7640 1 -- 172.21.15.50:0/4116228981 >> 172.21.15.50:0/4116228981 conn(0x7f39680ffb60 msgr2=0x7f3968101fc0 unknown :-1 s=STATE_NONE l=0).mark_down
2024-05-20T21:57:19.080 INFO:teuthology.orchestra.run.smithi050.stdout:/usr/bin/ceph: stderr
2024-05-20T21:57:18.408+0000 7f396feb7640 1 -- 172.21.15.50:0/4116228981 shutdown_connections
2024-05-20T21:57:19.080 INFO:teuthology.orchestra.run.smithi050.stdout:/usr/bin/ceph: stderr
2024-05-20T21:57:18.408+0000 7f396feb7640 1 -- 172.21.15.50:0/4116228981 wait complete.
2024-05-20T21:57:19.080 INFO:teuthology.orchestra.run.smithi050.stdout:mgr epoch 9 is available
2024-05-20T21:57:19.080 INFO:teuthology.orchestra.run.smithi050.stdout:Generating a dashboard self-signed certificate...
2024-05-20T21:57:19.441 INFO:journalctl@ceph.mgr.y.smithi050.stdout:May 20 21:57:19 smithi050 bash[22118]: debug
2024-05-20T21:57:19.328+0000 7fa4828db640 -1 log_channel(cephadm) log [ERR] : [20/May/2024:21:57:19] ENGINE Error in HTTPServer.serve
2024-05-20T21:57:19.441 INFO:journalctl@ceph.mgr.y.smithi050.stdout:May 20 21:57:19 smithi050 bash[22118]: Traceback (most recent call last):
2024-05-20T21:57:19.442 INFO:journalctl@ceph.mgr.y.smithi050.stdout:May 20 21:57:19 smithi050 bash[22118]: File "/lib/python3.9/site-packages/cheroot/server.py", line 1823, in serve
2024-05-20T21:57:19.442 INFO:journalctl@ceph.mgr.y.smithi050.stdout:May 20 21:57:19 smithi050 bash[22118]: self._connections.run(self.expiration_interval)
2024-05-20T21:57:19.442 INFO:journalctl@ceph.mgr.y.smithi050.stdout:May 20 21:57:19 smithi050 bash[22118]: File "/lib/python3.9/site-packages/cheroot/connections.py", line 203, in run
2024-05-20T21:57:19.442 INFO:journalctl@ceph.mgr.y.smithi050.stdout:May 20 21:57:19 smithi050 bash[22118]: self._run(expiration_interval)
2024-05-20T21:57:19.442 INFO:journalctl@ceph.mgr.y.smithi050.stdout:May 20 21:57:19 smithi050 bash[22118]: File "/lib/python3.9/site-packages/cheroot/connections.py", line 246, in _run
2024-05-20T21:57:19.442 INFO:journalctl@ceph.mgr.y.smithi050.stdout:May 20 21:57:19 smithi050 bash[22118]: new_conn = self._from_server_socket(self.server.socket)
2024-05-20T21:57:19.442 INFO:journalctl@ceph.mgr.y.smithi050.stdout:May 20 21:57:19 smithi050 bash[22118]: File "/lib/python3.9/site-packages/cheroot/connections.py", line 300, in _from_server_socket
2024-05-20T21:57:19.442 INFO:journalctl@ceph.mgr.y.smithi050.stdout:May 20 21:57:19 smithi050 bash[22118]: s, ssl_env = self.server.ssl_adapter.wrap(s)
2024-05-20T21:57:19.442 INFO:journalctl@ceph.mgr.y.smithi050.stdout:May 20 21:57:19 smithi050 bash[22118]: File "/lib/python3.9/site-packages/cheroot/ssl/builtin.py", line 277, in wrap
2024-05-20T21:57:19.442 INFO:journalctl@ceph.mgr.y.smithi050.stdout:May 20 21:57:19 smithi050 bash[22118]: s = self.context.wrap_socket(
2024-05-20T21:57:19.442 INFO:journalctl@ceph.mgr.y.smithi050.stdout:May 20 21:57:19 smithi050 bash[22118]: File "/lib64/python3.9/ssl.py", line 501, in wrap_socket
2024-05-20T21:57:19.442 INFO:journalctl@ceph.mgr.y.smithi050.stdout:May 20 21:57:19 smithi050 bash[22118]: return self.sslsocket_class._create(
2024-05-20T21:57:19.442 INFO:journalctl@ceph.mgr.y.smithi050.stdout:May 20 21:57:19 smithi050 bash[22118]: File "/lib64/python3.9/ssl.py", line 1074, in _create
2024-05-20T21:57:19.443 INFO:journalctl@ceph.mgr.y.smithi050.stdout:May 20 21:57:19 smithi050 bash[22118]: self.do_handshake()
2024-05-20T21:57:19.443 INFO:journalctl@ceph.mgr.y.smithi050.stdout:May 20 21:57:19 smithi050 bash[22118]: File "/lib64/python3.9/ssl.py", line 1343, in do_handshake
2024-05-20T21:57:19.443 INFO:journalctl@ceph.mgr.y.smithi050.stdout:May 20 21:57:19 smithi050 bash[22118]: self._sslobj.do_handshake()
2024-05-20T21:57:19.443 INFO:journalctl@ceph.mgr.y.smithi050.stdout:May 20 21:57:19 smithi050 bash[22118]: ssl.SSLZeroReturnError: TLS/SSL connection has been closed (EOF) (_ssl.c:1129)
2024-05-20T21:57:19.696 INFO:journalctl@ceph.mon.a.smithi050.stdout:May 20 21:57:19 smithi050 bash[21866]: cephadm
2024-05-20T21:57:19.109483+0000 mgr.y (mgr.14150) 3 : cephadm 1 [20/May/2024:21:57:19] ENGINE Bus STARTING
2024-05-20T21:57:20.697 INFO:journalctl@ceph.mon.a.smithi050.stdout:May 20 21:57:20 smithi050 bash[21866]: cephadm
2024-05-20T21:57:19.211183+0000 mgr.y (mgr.14150) 4 : cephadm 1 [20/May/2024:21:57:19] ENGINE Serving on http://172.21.15.50:8765
2024-05-20T21:57:20.697 INFO:journalctl@ceph.mon.a.smithi050.stdout:May 20 21:57:20 smithi050 bash[21866]: cephadm
2024-05-20T21:57:19.332416+0000 mgr.y (mgr.14150) 5 : cephadm 1 [20/May/2024:21:57:19] ENGINE Serving on https://172.21.15.50:7150
2024-05-20T21:57:20.697 INFO:journalctl@ceph.mon.a.smithi050.stdout:May 20 21:57:20 smithi050 bash[21866]: cephadm
2024-05-20T21:57:19.332525+0000 mgr.y (mgr.14150) 6 : cephadm 1 [20/May/2024:21:57:19] ENGINE Bus STARTED
2024-05-20T21:57:20.698 INFO:journalctl@ceph.mon.a.smithi050.stdout:May 20 21:57:20 smithi050 bash[21866]: cephadm
2024-05-20T21:57:19.334278+0000 mgr.y (mgr.14150) 7 : cephadm 4 [20/May/2024:21:57:19] ENGINE Error in HTTPServer.serve
2024-05-20T21:57:20.698 INFO:journalctl@ceph.mon.a.smithi050.stdout:May 20 21:57:20 smithi050 bash[21866]: Traceback (most recent call last):
2024-05-20T21:57:20.698 INFO:journalctl@ceph.mon.a.smithi050.stdout:May 20 21:57:20 smithi050 bash[21866]: File "/lib/python3.9/site-packages/cheroot/server.py", line 1823, in serve
2024-05-20T21:57:20.698 INFO:journalctl@ceph.mon.a.smithi050.stdout:May 20 21:57:20 smithi050 bash[21866]: self._connections.run(self.expiration_interval)
2024-05-20T21:57:20.698 INFO:journalctl@ceph.mon.a.smithi050.stdout:May 20 21:57:20 smithi050 bash[21866]: File "/lib/python3.9/site-packages/cheroot/connections.py", line 203, in run
2024-05-20T21:57:20.698 INFO:journalctl@ceph.mon.a.smithi050.stdout:May 20 21:57:20 smithi050 bash[21866]: self._run(expiration_interval)
2024-05-20T21:57:20.698 INFO:journalctl@ceph.mon.a.smithi050.stdout:May 20 21:57:20 smithi050 bash[21866]: File "/lib/python3.9/site-packages/cheroot/connections.py", line 246, in _run
2024-05-20T21:57:20.698 INFO:journalctl@ceph.mon.a.smithi050.stdout:May 20 21:57:20 smithi050 bash[21866]: new_conn = self._from_server_socket(self.server.socket)
2024-05-20T21:57:20.698 INFO:journalctl@ceph.mon.a.smithi050.stdout:May 20 21:57:20 smithi050 bash[21866]: File "/lib/python3.9/site-packages/cheroot/connections.py", line 300, in _from_server_socket
2024-05-20T21:57:20.698 INFO:journalctl@ceph.mon.a.smithi050.stdout:May 20 21:57:20 smithi050 bash[21866]: s, ssl_env = self.server.ssl_adapter.wrap(s)
2024-05-20T21:57:20.699 INFO:journalctl@ceph.mon.a.smithi050.stdout:May 20 21:57:20 smithi050 bash[21866]: File "/lib/python3.9/site-packages/cheroot/ssl/builtin.py", line 277, in wrap
2024-05-20T21:57:20.699 INFO:journalctl@ceph.mon.a.smithi050.stdout:May 20 21:57:20 smithi050 bash[21866]: s = self.context.wrap_socket(
2024-05-20T21:57:20.699 INFO:journalctl@ceph.mon.a.smithi050.stdout:May 20 21:57:20 smithi050 bash[21866]: File "/lib64/python3.9/ssl.py", line 501, in wrap_socket
2024-05-20T21:57:20.699 INFO:journalctl@ceph.mon.a.smithi050.stdout:May 20 21:57:20 smithi050 bash[21866]: return self.sslsocket_class._create(
