2024-09-06T14:20:02.775 INFO:teuthology.orchestra.run.smithi142.stdout:/usr/bin/ceph: stderr
2024-09-06T14:20:02.198+0000 7f73a2405640 1 -- 172.21.15.142:0/2189578587 >> [v2:172.21.15.142:3300/0,v1:172.21.15.142:6789/0] conn(0x7f739c105b60 msgr2=0x7f739c190540 secure :-1 s=STATE_CONNECTION_ESTABLISHED l=1).mark_down
2024-09-06T14:20:02.775 INFO:teuthology.orchestra.run.smithi142.stdout:/usr/bin/ceph: stderr
2024-09-06T14:20:02.198+0000 7f73a2405640 1 --2- 172.21.15.142:0/2189578587 >> [v2:172.21.15.142:3300/0,v1:172.21.15.142:6789/0] conn(0x7f739c105b60 0x7f739c190540 secure :-1 s=READY pgs=63 cs=0 l=1 rev1=1 crypto rx=0x7f738c006f10 tx=0x7f738c032740 comp rx=0 tx=0).stop
2024-09-06T14:20:02.775 INFO:teuthology.orchestra.run.smithi142.stdout:/usr/bin/ceph: stderr
2024-09-06T14:20:02.198+0000 7f73a2405640 1 -- 172.21.15.142:0/2189578587 shutdown_connections
2024-09-06T14:20:02.775 INFO:teuthology.orchestra.run.smithi142.stdout:/usr/bin/ceph: stderr
2024-09-06T14:20:02.198+0000 7f73a2405640 1 --2- 172.21.15.142:0/2189578587 >> v2:172.21.15.142:6800/853729507 conn(0x7f738803da50 0x7f738803ff10 unknown :-1 s=CLOSED pgs=6 cs=0 l=1 rev1=1 crypto rx=0 tx=0 comp rx=0 tx=0).stop
2024-09-06T14:20:02.775 INFO:teuthology.orchestra.run.smithi142.stdout:/usr/bin/ceph: stderr
2024-09-06T14:20:02.198+0000 7f73a2405640 1 --2- 172.21.15.142:0/2189578587 >> [v2:172.21.15.142:3300/0,v1:172.21.15.142:6789/0] conn(0x7f739c105b60 0x7f739c190540 unknown :-1 s=CLOSED pgs=63 cs=0 l=1 rev1=1 crypto rx=0 tx=0 comp rx=0 tx=0).stop
2024-09-06T14:20:02.775 INFO:teuthology.orchestra.run.smithi142.stdout:/usr/bin/ceph: stderr
2024-09-06T14:20:02.198+0000 7f73a2405640 1 -- 172.21.15.142:0/2189578587 >> 172.21.15.142:0/2189578587 conn(0x7f739c100700 msgr2=0x7f739c104880 unknown :-1 s=STATE_NONE l=0).mark_down
2024-09-06T14:20:02.775 INFO:teuthology.orchestra.run.smithi142.stdout:/usr/bin/ceph: stderr
2024-09-06T14:20:02.198+0000 7f73a2405640 1 -- 172.21.15.142:0/2189578587 shutdown_connections
2024-09-06T14:20:02.775 INFO:teuthology.orchestra.run.smithi142.stdout:/usr/bin/ceph: stderr
2024-09-06T14:20:02.198+0000 7f73a2405640 1 -- 172.21.15.142:0/2189578587 wait complete.
2024-09-06T14:20:03.038 INFO:journalctl@ceph.mon.a.smithi142.stdout:Sep 06 14:20:02 smithi142 ceph-mon[29958]: from='client.14156 -' entity='client.admin' cmd=[{"prefix": "orch certmgr generate-certificates", "module_name": "dashboard", "target": ["mon-mgr", ""]}]: dispatch
2024-09-06T14:20:03.038 INFO:journalctl@ceph.mon.a.smithi142.stdout:Sep 06 14:20:02 smithi142 ceph-mon[29958]: from='mgr.14146 172.21.15.142:0/1211974415' entity='mgr.y'
2024-09-06T14:20:04.706 INFO:journalctl@ceph.mon.a.smithi142.stdout:Sep 06 14:20:04 smithi142 ceph-mon[29958]: from='client.14158 -' entity='client.admin' cmd=[{"prefix": "dashboard set-ssl-certificate", "target": ["mon-mgr", ""]}]: dispatch
2024-09-06T14:20:04.707 INFO:journalctl@ceph.mon.a.smithi142.stdout:Sep 06 14:20:04 smithi142 ceph-mon[29958]: from='mgr.14146 172.21.15.142:0/1211974415' entity='mgr.y'
2024-09-06T14:20:04.840 INFO:teuthology.orchestra.run.smithi142.stdout:/usr/bin/ceph: stdout SSL certificate updated
2024-09-06T14:20:04.841 INFO:teuthology.orchestra.run.smithi142.stdout:/usr/bin/ceph: stderr
2024-09-06T14:20:03.239+0000 7fc6865ab640 1 Processor -- start
2024-09-06T14:20:04.841 INFO:teuthology.orchestra.run.smithi142.stdout:/usr/bin/ceph: stderr
2024-09-06T14:20:03.239+0000 7fc6865ab640 1 -- start start
2024-09-06T14:20:04.841 INFO:teuthology.orchestra.run.smithi142.stdout:/usr/bin/ceph: stderr
2024-09-06T14:20:03.239+0000 7fc6865ab640 1 --2- >> [v2:172.21.15.142:3300/0,v1:172.21.15.142:6789/0] conn(0x7fc680106710 0x7fc680106b10 unknown :-1 s=NONE pgs=0 cs=0 l=0 rev1=0 crypto rx=0 tx=0 comp rx=0 tx=0).connect
2024-09-06T14:20:04.841 INFO:teuthology.orchestra.run.smithi142.stdout:/usr/bin/ceph: stderr
2024-09-06T14:20:03.239+0000 7fc6865ab640 1 -- --> [v2:172.21.15.142:3300/0,v1:172.21.15.142:6789/0] -- mon_getmap magic: 0 -- 0x7fc680107100 con 0x7fc680106710
2024-09-06T14:20:04.841 INFO:teuthology.orchestra.run.smithi142.stdout:/usr/bin/ceph: stderr
2024-09-06T14:20:03.240+0000 7fc67ffff640 1 --2- >> [v2:172.21.15.142:3300/0,v1:172.21.15.142:6789/0] conn(0x7fc680106710 0x7fc680106b10 unknown :-1 s=BANNER_CONNECTING pgs=0 cs=0 l=0 rev1=0 crypto rx=0 tx=0 comp rx=0 tx=0)._handle_peer_banner_payload supported=3 required=0
2024-09-06T14:20:04.841 INFO:teuthology.orchestra.run.smithi142.stdout:/usr/bin/ceph: stderr
2024-09-06T14:20:03.240+0000 7fc67ffff640 1 --2- >> [v2:172.21.15.142:3300/0,v1:172.21.15.142:6789/0] conn(0x7fc680106710 0x7fc680106b10 unknown :-1 s=HELLO_CONNECTING pgs=0 cs=0 l=0 rev1=1 crypto rx=0 tx=0 comp rx=0 tx=0).handle_hello peer v2:172.21.15.142:3300/0 says I am v2:172.21.15.142:33536/0 (socket says 172.21.15.142:33536)
2024-09-06T14:20:04.841 INFO:teuthology.orchestra.run.smithi142.stdout:/usr/bin/ceph: stderr
2024-09-06T14:20:03.240+0000 7fc67ffff640 1 -- 172.21.15.142:0/1991689566 learned_addr learned my addr 172.21.15.142:0/1991689566 (peer_addr_for_me v2:172.21.15.142:0/0)
2024-09-06T14:20:04.841 INFO:teuthology.orchestra.run.smithi142.stdout:/usr/bin/ceph: stderr
2024-09-06T14:20:03.240+0000 7fc67ffff640 1 -- 172.21.15.142:0/1991689566 --> [v2:172.21.15.142:3300/0,v1:172.21.15.142:6789/0] -- mon_subscribe({config=0+,monmap=0+}) -- 0x7fc680107280 con 0x7fc680106710
2024-09-06T14:20:04.841 INFO:teuthology.orchestra.run.smithi142.stdout:/usr/bin/ceph: stderr
2024-09-06T14:20:03.241+0000 7fc67ffff640 1 --2- 172.21.15.142:0/1991689566 >> [v2:172.21.15.142:3300/0,v1:172.21.15.142:6789/0] conn(0x7fc680106710 0x7fc680106b10 secure :-1 s=READY pgs=64 cs=0 l=1 rev1=1 crypto rx=0x7fc670009820 tx=0x7fc67002a270 comp rx=0 tx=0).ready entity=mon.0 client_cookie=dd6f1f49df255d04 server_cookie=0 in_seq=0 out_seq=0
2024-09-06T14:20:04.841 INFO:teuthology.orchestra.run.smithi142.stdout:/usr/bin/ceph: stderr
2024-09-06T14:20:03.241+0000 7fc67effd640 1 -- 172.21.15.142:0/1991689566 <== mon.0 v2:172.21.15.142:3300/0 1 ==== mon_map magic: 0 ==== 205+0+0 (secure 0 0 0) 0x7fc670037070 con 0x7fc680106710
2024-09-06T14:20:04.841 INFO:teuthology.orchestra.run.smithi142.stdout:/usr/bin/ceph: stderr
2024-09-06T14:20:03.241+0000 7fc67effd640 1 -- 172.21.15.142:0/1991689566 <== mon.0 v2:172.21.15.142:3300/0 2 ==== config(25 keys) ==== 1054+0+0 (secure 0 0 0) 0x7fc6700328c0 con 0x7fc680106710
2024-09-06T14:20:04.841 INFO:teuthology.orchestra.run.smithi142.stdout:/usr/bin/ceph: stderr
2024-09-06T14:20:03.241+0000 7fc67effd640 1 -- 172.21.15.142:0/1991689566 <== mon.0 v2:172.21.15.142:3300/0 3 ==== mon_map magic: 0 ==== 205+0+0 (secure 0 0 0) 0x7fc670030640 con 0x7fc680106710
2024-09-06T14:20:04.841 INFO:teuthology.orchestra.run.smithi142.stdout:/usr/bin/ceph: stderr
2024-09-06T14:20:03.241+0000 7fc6865ab640 1 -- 172.21.15.142:0/1991689566 >> [v2:172.21.15.142:3300/0,v1:172.21.15.142:6789/0] conn(0x7fc680106710 msgr2=0x7fc680106b10 secure :-1 s=STATE_CONNECTION_ESTABLISHED l=1).mark_down
2024-09-06T14:20:04.842 INFO:teuthology.orchestra.run.smithi142.stdout:/usr/bin/ceph: stderr
2024-09-06T14:20:03.241+0000 7fc6865ab640 1 --2- 172.21.15.142:0/1991689566 >> [v2:172.21.15.142:3300/0,v1:172.21.15.142:6789/0] conn(0x7fc680106710 0x7fc680106b10 secure :-1 s=READY pgs=64 cs=0 l=1 rev1=1 crypto rx=0x7fc670009820 tx=0x7fc67002a270 comp rx=0 tx=0).stop
2024-09-06T14:20:04.842 INFO:teuthology.orchestra.run.smithi142.stdout:/usr/bin/ceph: stderr
2024-09-06T14:20:03.241+0000 7fc6865ab640 1 -- 172.21.15.142:0/1991689566 shutdown_connections
2024-09-06T14:20:04.842 INFO:teuthology.orchestra.run.smithi142.stdout:/usr/bin/ceph: stderr
2024-09-06T14:20:03.241+0000 7fc6865ab640 1 --2- 172.21.15.142:0/1991689566 >> [v2:172.21.15.142:3300/0,v1:172.21.15.142:6789/0] conn(0x7fc680106710 0x7fc680106b10 unknown :-1 s=CLOSED pgs=64 cs=0 l=1 rev1=1 crypto rx=0 tx=0 comp rx=0 tx=0).stop
2024-09-06T14:20:04.842 INFO:teuthology.orchestra.run.smithi142.stdout:/usr/bin/ceph: stderr
2024-09-06T14:20:03.241+0000 7fc6865ab640 1 -- 172.21.15.142:0/1991689566 >> 172.21.15.142:0/1991689566 conn(0x7fc680102020 msgr2=0x7fc680104440 unknown :-1 s=STATE_NONE l=0).mark_down
2024-09-06T14:20:04.842 INFO:teuthology.orchestra.run.smithi142.stdout:/usr/bin/ceph: stderr
2024-09-06T14:20:03.241+0000 7fc6865ab640 1 -- 172.21.15.142:0/1991689566 shutdown_connections
2024-09-06T14:20:04.842 INFO:teuthology.orchestra.run.smithi142.stdout:/usr/bin/ceph: stderr
2024-09-06T14:20:03.241+0000 7fc6865ab640 1 -- 172.21.15.142:0/1991689566 wait complete.
2024-09-06T14:20:04.842 INFO:teuthology.orchestra.run.smithi142.stdout:/usr/bin/ceph: stderr
2024-09-06T14:20:03.242+0000 7fc6865ab640 1 Processor -- start
2024-09-06T14:20:04.842 INFO:teuthology.orchestra.run.smithi142.stdout:/usr/bin/ceph: stderr
2024-09-06T14:20:03.242+0000 7fc6865ab640 1 -- start start
2024-09-06T14:20:04.842 INFO:teuthology.orchestra.run.smithi142.stdout:/usr/bin/ceph: stderr
2024-09-06T14:20:03.242+0000 7fc6865ab640 1 --2- >> [v2:172.21.15.142:3300/0,v1:172.21.15.142:6789/0] conn(0x7fc680106710 0x7fc68019a650 unknown :-1 s=NONE pgs=0 cs=0 l=1 rev1=0 crypto rx=0 tx=0 comp rx=0 tx=0).connect
2024-09-06T14:20:04.842 INFO:teuthology.orchestra.run.smithi142.stdout:/usr/bin/ceph: stderr
2024-09-06T14:20:03.242+0000 7fc6865ab640 1 -- --> [v2:172.21.15.142:3300/0,v1:172.21.15.142:6789/0] -- mon_getmap magic: 0 -- 0x7fc68010ab40 con 0x7fc680106710
2024-09-06T14:20:04.842 INFO:teuthology.orchestra.run.smithi142.stdout:/usr/bin/ceph: stderr
2024-09-06T14:20:03.242+0000 7fc67ffff640 1 --2- >> [v2:172.21.15.142:3300/0,v1:172.21.15.142:6789/0] conn(0x7fc680106710 0x7fc68019a650 unknown :-1 s=BANNER_CONNECTING pgs=0 cs=0 l=1 rev1=0 crypto rx=0 tx=0 comp rx=0 tx=0)._handle_peer_banner_payload supported=3 required=0
2024-09-06T14:20:04.842 INFO:teuthology.orchestra.run.smithi142.stdout:/usr/bin/ceph: stderr
2024-09-06T14:20:03.242+0000 7fc67ffff640 1 --2- >> [v2:172.21.15.142:3300/0,v1:172.21.15.142:6789/0] conn(0x7fc680106710 0x7fc68019a650 unknown :-1 s=HELLO_CONNECTING pgs=0 cs=0 l=1 rev1=1 crypto rx=0 tx=0 comp rx=0 tx=0).handle_hello peer v2:172.21.15.142:3300/0 says I am v2:172.21.15.142:33552/0 (socket says 172.21.15.142:33552)
2024-09-06T14:20:04.842 INFO:teuthology.orchestra.run.smithi142.stdout:/usr/bin/ceph: stderr
2024-09-06T14:20:03.242+0000 7fc67ffff640 1 -- 172.21.15.142:0/3690891429 learned_addr learned my addr 172.21.15.142:0/3690891429 (peer_addr_for_me v2:172.21.15.142:0/0)
2024-09-06T14:20:04.843 INFO:teuthology.orchestra.run.smithi142.stdout:/usr/bin/ceph: stderr
2024-09-06T14:20:03.243+0000 7fc67ffff640 1 -- 172.21.15.142:0/3690891429 --> [v2:172.21.15.142:3300/0,v1:172.21.15.142:6789/0] -- mon_subscribe({config=0+,monmap=0+}) -- 0x7fc68019abb0 con 0x7fc680106710
2024-09-06T14:20:04.843 INFO:teuthology.orchestra.run.smithi142.stdout:/usr/bin/ceph: stderr
2024-09-06T14:20:03.243+0000 7fc67ffff640 1 --2- 172.21.15.142:0/3690891429 >> [v2:172.21.15.142:3300/0,v1:172.21.15.142:6789/0] conn(0x7fc680106710 0x7fc68019a650 secure :-1 s=READY pgs=65 cs=0 l=1 rev1=1 crypto rx=0x7fc670000c00 tx=0x7fc670030b70 comp rx=0 tx=0).ready entity=mon.0 client_cookie=0 server_cookie=0 in_seq=0 out_seq=0
2024-09-06T14:20:04.843 INFO:teuthology.orchestra.run.smithi142.stdout:/usr/bin/ceph: stderr
2024-09-06T14:20:03.243+0000 7fc67d7fa640 1 -- 172.21.15.142:0/3690891429 <== mon.0 v2:172.21.15.142:3300/0 1 ==== mon_map magic: 0 ==== 205+0+0 (secure 0 0 0) 0x7fc670037040 con 0x7fc680106710
2024-09-06T14:20:04.843 INFO:teuthology.orchestra.run.smithi142.stdout:/usr/bin/ceph: stderr
2024-09-06T14:20:03.243+0000 7fc67d7fa640 1 -- 172.21.15.142:0/3690891429 <== mon.0 v2:172.21.15.142:3300/0 2 ==== config(25 keys) ==== 1054+0+0 (secure 0 0 0) 0x7fc670040070 con 0x7fc680106710
2024-09-06T14:20:04.843 INFO:teuthology.orchestra.run.smithi142.stdout:/usr/bin/ceph: stderr
2024-09-06T14:20:03.243+0000 7fc67d7fa640 1 -- 172.21.15.142:0/3690891429 <== mon.0 v2:172.21.15.142:3300/0 3 ==== mon_map magic: 0 ==== 205+0+0 (secure 0 0 0) 0x7fc67003a390 con 0x7fc680106710
2024-09-06T14:20:04.843 INFO:teuthology.orchestra.run.smithi142.stdout:/usr/bin/ceph: stderr
2024-09-06T14:20:03.243+0000 7fc6865ab640 1 -- 172.21.15.142:0/3690891429 --> [v2:172.21.15.142:3300/0,v1:172.21.15.142:6789/0] -- mon_subscribe({mgrmap=0+}) -- 0x7fc68019ae40 con 0x7fc680106710
2024-09-06T14:20:04.843 INFO:teuthology.orchestra.run.smithi142.stdout:/usr/bin/ceph: stderr
2024-09-06T14:20:03.243+0000 7fc6865ab640 1 -- 172.21.15.142:0/3690891429 --> [v2:172.21.15.142:3300/0,v1:172.21.15.142:6789/0] -- mon_subscribe({osdmap=0}) -- 0x7fc68019b800 con 0x7fc680106710
2024-09-06T14:20:04.843 INFO:teuthology.orchestra.run.smithi142.stdout:/usr/bin/ceph: stderr
2024-09-06T14:20:03.244+0000 7fc67d7fa640 1 -- 172.21.15.142:0/3690891429 <== mon.0 v2:172.21.15.142:3300/0 4 ==== mgrmap(e 12) ==== 50088+0+0 (secure 0 0 0) 0x7fc67003b430 con 0x7fc680106710
2024-09-06T14:20:04.843 INFO:teuthology.orchestra.run.smithi142.stdout:/usr/bin/ceph: stderr
2024-09-06T14:20:03.244+0000 7fc6865ab640 1 -- 172.21.15.142:0/3690891429 --> [v2:172.21.15.142:3300/0,v1:172.21.15.142:6789/0] -- mon_command({"prefix": "get_command_descriptions"} v 0) -- 0x7fc680106b10 con 0x7fc680106710
2024-09-06T14:20:04.843 INFO:teuthology.orchestra.run.smithi142.stdout:/usr/bin/ceph: stderr
2024-09-06T14:20:03.244+0000 7fc67d7fa640 1 --2- 172.21.15.142:0/3690891429 >> v2:172.21.15.142:6800/853729507 conn(0x7fc66803daa0 0x7fc66803ff60 unknown :-1 s=NONE pgs=0 cs=0 l=1 rev1=0 crypto rx=0 tx=0 comp rx=0 tx=0).connect
2024-09-06T14:20:04.843 INFO:teuthology.orchestra.run.smithi142.stdout:/usr/bin/ceph: stderr
2024-09-06T14:20:03.244+0000 7fc67d7fa640 1 -- 172.21.15.142:0/3690891429 <== mon.0 v2:172.21.15.142:3300/0 5 ==== osd_map(3..3 src has 1..3) ==== 983+0+0 (secure 0 0 0) 0x7fc670071f10 con 0x7fc680106710
2024-09-06T14:20:04.843 INFO:teuthology.orchestra.run.smithi142.stdout:/usr/bin/ceph: stderr
2024-09-06T14:20:03.244+0000 7fc67f7fe640 1 --2- 172.21.15.142:0/3690891429 >> v2:172.21.15.142:6800/853729507 conn(0x7fc66803daa0 0x7fc66803ff60 unknown :-1 s=BANNER_CONNECTING pgs=0 cs=0 l=1 rev1=0 crypto rx=0 tx=0 comp rx=0 tx=0)._handle_peer_banner_payload supported=3 required=0
2024-09-06T14:20:04.843 INFO:teuthology.orchestra.run.smithi142.stdout:/usr/bin/ceph: stderr
2024-09-06T14:20:03.245+0000 7fc67f7fe640 1 --2- 172.21.15.142:0/3690891429 >> v2:172.21.15.142:6800/853729507 conn(0x7fc66803daa0 0x7fc66803ff60 secure :-1 s=READY pgs=7 cs=0 l=1 rev1=1 crypto rx=0x7fc6740098c0 tx=0x7fc674006db0 comp rx=0 tx=0).ready entity=mgr.14146 client_cookie=0 server_cookie=0 in_seq=0 out_seq=0
2024-09-06T14:20:04.843 INFO:teuthology.orchestra.run.smithi142.stdout:/usr/bin/ceph: stderr
2024-09-06T14:20:03.249+0000 7fc67d7fa640 1 -- 172.21.15.142:0/3690891429 <== mon.0 v2:172.21.15.142:3300/0 6 ==== mon_command_ack([{"prefix": "get_command_descriptions"}]=0 v0) ==== 72+0+180031 (secure 0 0 0) 0x7fc670036da0 con 0x7fc680106710
2024-09-06T14:20:04.844 INFO:teuthology.orchestra.run.smithi142.stdout:/usr/bin/ceph: stderr
2024-09-06T14:20:03.431+0000 7fc6865ab640 1 -- 172.21.15.142:0/3690891429 --> v2:172.21.15.142:6800/853729507 -- mgr_command(tid 0: {"prefix": "dashboard set-ssl-certificate", "target": ["mon-mgr", ""]}) -- 0x7fc6801031f0 con 0x7fc66803daa0
2024-09-06T14:20:04.844 INFO:teuthology.orchestra.run.smithi142.stdout:/usr/bin/ceph: stderr
2024-09-06T14:20:03.434+0000 7fc67d7fa640 1 -- 172.21.15.142:0/3690891429 <== mgr.14146 v2:172.21.15.142:6800/853729507 1 ==== mgr_command_reply(tid 0: 0 ) ==== 8+0+24 (secure 0 0 0) 0x7fc6801031f0 con 0x7fc66803daa0
2024-09-06T14:20:04.844 INFO:teuthology.orchestra.run.smithi142.stdout:/usr/bin/ceph: stderr
2024-09-06T14:20:03.436+0000 7fc6865ab640 1 -- 172.21.15.142:0/3690891429 >> v2:172.21.15.142:6800/853729507 conn(0x7fc66803daa0 msgr2=0x7fc66803ff60 secure :-1 s=STATE_CONNECTION_ESTABLISHED l=1).mark_down
2024-09-06T14:20:04.844 INFO:teuthology.orchestra.run.smithi142.stdout:/usr/bin/ceph: stderr
2024-09-06T14:20:03.436+0000 7fc6865ab640 1 --2- 172.21.15.142:0/3690891429 >> v2:172.21.15.142:6800/853729507 conn(0x7fc66803daa0 0x7fc66803ff60 secure :-1 s=READY pgs=7 cs=0 l=1 rev1=1 crypto rx=0x7fc6740098c0 tx=0x7fc674006db0 comp rx=0 tx=0).stop
2024-09-06T14:20:04.844 INFO:teuthology.orchestra.run.smithi142.stdout:/usr/bin/ceph: stderr
2024-09-06T14:20:03.437+0000 7fc6865ab640 1 -- 172.21.15.142:0/3690891429 >> [v2:172.21.15.142:3300/0,v1:172.21.15.142:6789/0] conn(0x7fc680106710 msgr2=0x7fc68019a650 secure :-1 s=STATE_CONNECTION_ESTABLISHED l=1).mark_down
2024-09-06T14:20:04.844 INFO:teuthology.orchestra.run.smithi142.stdout:/usr/bin/ceph: stderr
2024-09-06T14:20:03.437+0000 7fc6865ab640 1 --2- 172.21.15.142:0/3690891429 >> [v2:172.21.15.142:3300/0,v1:172.21.15.142:6789/0] conn(0x7fc680106710 0x7fc68019a650 secure :-1 s=READY pgs=65 cs=0 l=1 rev1=1 crypto rx=0x7fc670000c00 tx=0x7fc670030b70 comp rx=0 tx=0).stop
2024-09-06T14:20:04.844 INFO:teuthology.orchestra.run.smithi142.stdout:/usr/bin/ceph: stderr
2024-09-06T14:20:03.437+0000 7fc6865ab640 1 -- 172.21.15.142:0/3690891429 shutdown_connections
2024-09-06T14:20:04.844 INFO:teuthology.orchestra.run.smithi142.stdout:/usr/bin/ceph: stderr
2024-09-06T14:20:03.437+0000 7fc6865ab640 1 --2- 172.21.15.142:0/3690891429 >> v2:172.21.15.142:6800/853729507 conn(0x7fc66803daa0 0x7fc66803ff60 unknown :-1 s=CLOSED pgs=7 cs=0 l=1 rev1=1 crypto rx=0 tx=0 comp rx=0 tx=0).stop
2024-09-06T14:20:04.844 INFO:teuthology.orchestra.run.smithi142.stdout:/usr/bin/ceph: stderr
2024-09-06T14:20:03.437+0000 7fc6865ab640 1 --2- 172.21.15.142:0/3690891429 >> [v2:172.21.15.142:3300/0,v1:172.21.15.142:6789/0] conn(0x7fc680106710 0x7fc68019a650 unknown :-1 s=CLOSED pgs=65 cs=0 l=1 rev1=1 crypto rx=0 tx=0 comp rx=0 tx=0).stop
2024-09-06T14:20:04.844 INFO:teuthology.orchestra.run.smithi142.stdout:/usr/bin/ceph: stderr
2024-09-06T14:20:03.437+0000 7fc6865ab640 1 -- 172.21.15.142:0/3690891429 >> 172.21.15.142:0/3690891429 conn(0x7fc680102020 msgr2=0x7fc680102ae0 unknown :-1 s=STATE_NONE l=0).mark_down
2024-09-06T14:20:04.844 INFO:teuthology.orchestra.run.smithi142.stdout:/usr/bin/ceph: stderr
2024-09-06T14:20:03.437+0000 7fc6865ab640 1 -- 172.21.15.142:0/3690891429 shutdown_connections
2024-09-06T14:20:04.844 INFO:teuthology.orchestra.run.smithi142.stdout:/usr/bin/ceph: stderr
2024-09-06T14:20:03.437+0000 7fc6865ab640 1 -- 172.21.15.142:0/3690891429 wait complete.
2024-09-06T14:20:06.181 INFO:teuthology.orchestra.run.smithi142.stdout:/usr/bin/ceph: stdout SSL certificate key updated
2024-09-06T14:20:06.181 INFO:teuthology.orchestra.run.smithi142.stdout:/usr/bin/ceph: stderr
2024-09-06T14:20:05.412+0000 7f9653273640 1 Processor -- start
2024-09-06T14:20:06.181 INFO:teuthology.orchestra.run.smithi142.stdout:/usr/bin/ceph: stderr
2024-09-06T14:20:05.413+0000 7f9653273640 1 -- start start
2024-09-06T14:20:06.181 INFO:teuthology.orchestra.run.smithi142.stdout:/usr/bin/ceph: stderr
2024-09-06T14:20:05.413+0000 7f9653273640 1 --2- >> [v2:172.21.15.142:3300/0,v1:172.21.15.142:6789/0] conn(0x7f964c1055b0 0x7f964c1059b0 unknown :-1 s=NONE pgs=0 cs=0 l=0 rev1=0 crypto rx=0 tx=0 comp rx=0 tx=0).connect
2024-09-06T14:20:06.181 INFO:teuthology.orchestra.run.smithi142.stdout:/usr/bin/ceph: stderr
2024-09-06T14:20:05.413+0000 7f9653273640 1 -- --> [v2:172.21.15.142:3300/0,v1:172.21.15.142:6789/0] -- mon_getmap magic: 0 -- 0x7f964c105fa0 con 0x7f964c1055b0
2024-09-06T14:20:06.182 INFO:teuthology.orchestra.run.smithi142.stdout:/usr/bin/ceph: stderr
2024-09-06T14:20:05.413+0000 7f965100f640 1 --2- >> [v2:172.21.15.142:3300/0,v1:172.21.15.142:6789/0] conn(0x7f964c1055b0 0x7f964c1059b0 unknown :-1 s=BANNER_CONNECTING pgs=0 cs=0 l=0 rev1=0 crypto rx=0 tx=0 comp rx=0 tx=0)._handle_peer_banner_payload supported=3 required=0
2024-09-06T14:20:06.182 INFO:teuthology.orchestra.run.smithi142.stdout:/usr/bin/ceph: stderr
2024-09-06T14:20:05.413+0000 7f965100f640 1 --2- >> [v2:172.21.15.142:3300/0,v1:172.21.15.142:6789/0] conn(0x7f964c1055b0 0x7f964c1059b0 unknown :-1 s=HELLO_CONNECTING pgs=0 cs=0 l=0 rev1=1 crypto rx=0 tx=0 comp rx=0 tx=0).handle_hello peer v2:172.21.15.142:3300/0 says I am v2:172.21.15.142:33562/0 (socket says 172.21.15.142:33562)
2024-09-06T14:20:06.182 INFO:teuthology.orchestra.run.smithi142.stdout:/usr/bin/ceph: stderr
2024-09-06T14:20:05.413+0000 7f965100f640 1 -- 172.21.15.142:0/1505059537 learned_addr learned my addr 172.21.15.142:0/1505059537 (peer_addr_for_me v2:172.21.15.142:0/0)
2024-09-06T14:20:06.182 INFO:teuthology.orchestra.run.smithi142.stdout:/usr/bin/ceph: stderr
2024-09-06T14:20:05.413+0000 7f965100f640 1 -- 172.21.15.142:0/1505059537 --> [v2:172.21.15.142:3300/0,v1:172.21.15.142:6789/0] -- mon_subscribe({config=0+,monmap=0+}) -- 0x7f964c106120 con 0x7f964c1055b0
2024-09-06T14:20:06.182 INFO:teuthology.orchestra.run.smithi142.stdout:/usr/bin/ceph: stderr
2024-09-06T14:20:05.414+0000 7f965100f640 1 --2- 172.21.15.142:0/1505059537 >> [v2:172.21.15.142:3300/0,v1:172.21.15.142:6789/0] conn(0x7f964c1055b0 0x7f964c1059b0 secure :-1 s=READY pgs=66 cs=0 l=1 rev1=1 crypto rx=0x7f9648009820 tx=0x7f964802a270 comp rx=0 tx=0).ready entity=mon.0 client_cookie=a9e311154d636a85 server_cookie=0 in_seq=0 out_seq=0
2024-09-06T14:20:06.182 INFO:teuthology.orchestra.run.smithi142.stdout:/usr/bin/ceph: stderr
2024-09-06T14:20:05.414+0000 7f9643fff640 1 -- 172.21.15.142:0/1505059537 <== mon.0 v2:172.21.15.142:3300/0 1 ==== mon_map magic: 0 ==== 205+0+0 (secure 0 0 0) 0x7f9648037070 con 0x7f964c1055b0
2024-09-06T14:20:06.183 INFO:teuthology.orchestra.run.smithi142.stdout:/usr/bin/ceph: stderr
2024-09-06T14:20:05.414+0000 7f9643fff640 1 -- 172.21.15.142:0/1505059537 <== mon.0 v2:172.21.15.142:3300/0 2 ==== config(25 keys) ==== 1054+0+0 (secure 0 0 0) 0x7f96480328c0 con 0x7f964c1055b0
2024-09-06T14:20:06.183 INFO:teuthology.orchestra.run.smithi142.stdout:/usr/bin/ceph: stderr
2024-09-06T14:20:05.414+0000 7f9643fff640 1 -- 172.21.15.142:0/1505059537 <== mon.0 v2:172.21.15.142:3300/0 3 ==== mon_map magic: 0 ==== 205+0+0 (secure 0 0 0) 0x7f9648030640 con 0x7f964c1055b0
2024-09-06T14:20:06.183 INFO:teuthology.orchestra.run.smithi142.stdout:/usr/bin/ceph: stderr
2024-09-06T14:20:05.415+0000 7f9653273640 1 -- 172.21.15.142:0/1505059537 >> [v2:172.21.15.142:3300/0,v1:172.21.15.142:6789/0] conn(0x7f964c1055b0 msgr2=0x7f964c1059b0 secure :-1 s=STATE_CONNECTION_ESTABLISHED l=1).mark_down
2024-09-06T14:20:06.183 INFO:teuthology.orchestra.run.smithi142.stdout:/usr/bin/ceph: stderr
2024-09-06T14:20:05.415+0000 7f9653273640 1 --2- 172.21.15.142:0/1505059537 >> [v2:172.21.15.142:3300/0,v1:172.21.15.142:6789/0] conn(0x7f964c1055b0 0x7f964c1059b0 secure :-1 s=READY pgs=66 cs=0 l=1 rev1=1 crypto rx=0x7f9648009820 tx=0x7f964802a270 comp rx=0 tx=0).stop
2024-09-06T14:20:06.183 INFO:teuthology.orchestra.run.smithi142.stdout:/usr/bin/ceph: stderr
2024-09-06T14:20:05.415+0000 7f9653273640 1 -- 172.21.15.142:0/1505059537 shutdown_connections
2024-09-06T14:20:06.183 INFO:teuthology.orchestra.run.smithi142.stdout:/usr/bin/ceph: stderr
2024-09-06T14:20:05.415+0000 7f9653273640 1 --2- 172.21.15.142:0/1505059537 >> [v2:172.21.15.142:3300/0,v1:172.21.15.142:6789/0] conn(0x7f964c1055b0 0x7f964c1059b0 unknown :-1 s=CLOSED pgs=66 cs=0 l=1 rev1=1 crypto rx=0 tx=0 comp rx=0 tx=0).stop
2024-09-06T14:20:06.183 INFO:teuthology.orchestra.run.smithi142.stdout:/usr/bin/ceph: stderr
2024-09-06T14:20:05.415+0000 7f9653273640 1 -- 172.21.15.142:0/1505059537 >> 172.21.15.142:0/1505059537 conn(0x7f964c100f40 msgr2=0x7f964c103360 unknown :-1 s=STATE_NONE l=0).mark_down
2024-09-06T14:20:06.183 INFO:teuthology.orchestra.run.smithi142.stdout:/usr/bin/ceph: stderr
2024-09-06T14:20:05.415+0000 7f9653273640 1 -- 172.21.15.142:0/1505059537 shutdown_connections
2024-09-06T14:20:06.184 INFO:teuthology.orchestra.run.smithi142.stdout:/usr/bin/ceph: stderr
2024-09-06T14:20:05.415+0000 7f9653273640 1 -- 172.21.15.142:0/1505059537 wait complete.
2024-09-06T14:20:06.184 INFO:teuthology.orchestra.run.smithi142.stdout:/usr/bin/ceph: stderr
2024-09-06T14:20:05.415+0000 7f9653273640 1 Processor -- start
2024-09-06T14:20:06.184 INFO:teuthology.orchestra.run.smithi142.stdout:/usr/bin/ceph: stderr
2024-09-06T14:20:05.415+0000 7f9653273640 1 -- start start
2024-09-06T14:20:06.184 INFO:teuthology.orchestra.run.smithi142.stdout:/usr/bin/ceph: stderr
2024-09-06T14:20:05.415+0000 7f9653273640 1 --2- >> [v2:172.21.15.142:3300/0,v1:172.21.15.142:6789/0] conn(0x7f964c1055b0 0x7f964c079850 unknown :-1 s=NONE pgs=0 cs=0 l=1 rev1=0 crypto rx=0 tx=0 comp rx=0 tx=0).connect
2024-09-06T14:20:06.184 INFO:teuthology.orchestra.run.smithi142.stdout:/usr/bin/ceph: stderr
2024-09-06T14:20:05.415+0000 7f9653273640 1 -- --> [v2:172.21.15.142:3300/0,v1:172.21.15.142:6789/0] -- mon_getmap magic: 0 -- 0x7f964c109a30 con 0x7f964c1055b0
2024-09-06T14:20:06.184 INFO:teuthology.orchestra.run.smithi142.stdout:/usr/bin/ceph: stderr
2024-09-06T14:20:05.416+0000 7f965100f640 1 --2- >> [v2:172.21.15.142:3300/0,v1:172.21.15.142:6789/0] conn(0x7f964c1055b0 0x7f964c079850 unknown :-1 s=BANNER_CONNECTING pgs=0 cs=0 l=1 rev1=0 crypto rx=0 tx=0 comp rx=0 tx=0)._handle_peer_banner_payload supported=3 required=0
2024-09-06T14:20:06.184 INFO:teuthology.orchestra.run.smithi142.stdout:/usr/bin/ceph: stderr
2024-09-06T14:20:05.416+0000 7f965100f640 1 --2- >> [v2:172.21.15.142:3300/0,v1:172.21.15.142:6789/0] conn(0x7f964c1055b0 0x7f964c079850 unknown :-1 s=HELLO_CONNECTING pgs=0 cs=0 l=1 rev1=1 crypto rx=0 tx=0 comp rx=0 tx=0).handle_hello peer v2:172.21.15.142:3300/0 says I am v2:172.21.15.142:33564/0 (socket says 172.21.15.142:33564)
2024-09-06T14:20:06.184 INFO:teuthology.orchestra.run.smithi142.stdout:/usr/bin/ceph: stderr
2024-09-06T14:20:05.416+0000 7f965100f640 1 -- 172.21.15.142:0/1716092894 learned_addr learned my addr 172.21.15.142:0/1716092894 (peer_addr_for_me v2:172.21.15.142:0/0)
2024-09-06T14:20:06.185 INFO:teuthology.orchestra.run.smithi142.stdout:/usr/bin/ceph: stderr
2024-09-06T14:20:05.416+0000 7f965100f640 1 -- 172.21.15.142:0/1716092894 --> [v2:172.21.15.142:3300/0,v1:172.21.15.142:6789/0] -- mon_subscribe({config=0+,monmap=0+}) -- 0x7f964c079db0 con 0x7f964c1055b0
2024-09-06T14:20:06.185 INFO:teuthology.orchestra.run.smithi142.stdout:/usr/bin/ceph: stderr
2024-09-06T14:20:05.416+0000 7f965100f640 1 --2- 172.21.15.142:0/1716092894 >> [v2:172.21.15.142:3300/0,v1:172.21.15.142:6789/0] conn(0x7f964c1055b0 0x7f964c079850 secure :-1 s=READY pgs=67 cs=0 l=1 rev1=1 crypto rx=0x7f964802a830 tx=0x7f9648030bc0 comp rx=0 tx=0).ready entity=mon.0 client_cookie=0 server_cookie=0 in_seq=0 out_seq=0
2024-09-06T14:20:06.185 INFO:teuthology.orchestra.run.smithi142.stdout:/usr/bin/ceph: stderr
2024-09-06T14:20:05.416+0000 7f96427fc640 1 -- 172.21.15.142:0/1716092894 <== mon.0 v2:172.21.15.142:3300/0 1 ==== mon_map magic: 0 ==== 205+0+0 (secure 0 0 0) 0x7f9648037040 con 0x7f964c1055b0
2024-09-06T14:20:06.185 INFO:teuthology.orchestra.run.smithi142.stdout:/usr/bin/ceph: stderr
2024-09-06T14:20:05.416+0000 7f96427fc640 1 -- 172.21.15.142:0/1716092894 <== mon.0 v2:172.21.15.142:3300/0 2 ==== config(25 keys) ==== 1054+0+0 (secure 0 0 0) 0x7f9648040070 con 0x7f964c1055b0
2024-09-06T14:20:06.185 INFO:teuthology.orchestra.run.smithi142.stdout:/usr/bin/ceph: stderr
2024-09-06T14:20:05.416+0000 7f9653273640 1 -- 172.21.15.142:0/1716092894 --> [v2:172.21.15.142:3300/0,v1:172.21.15.142:6789/0] -- mon_subscribe({mgrmap=0+}) -- 0x7f964c19d390 con 0x7f964c1055b0
2024-09-06T14:20:06.185 INFO:teuthology.orchestra.run.smithi142.stdout:/usr/bin/ceph: stderr
2024-09-06T14:20:05.416+0000 7f96427fc640 1 -- 172.21.15.142:0/1716092894 <== mon.0 v2:172.21.15.142:3300/0 3 ==== mon_map magic: 0 ==== 205+0+0 (secure 0 0 0) 0x7f964803be40 con 0x7f964c1055b0
2024-09-06T14:20:06.185 INFO:teuthology.orchestra.run.smithi142.stdout:/usr/bin/ceph: stderr
2024-09-06T14:20:05.416+0000 7f9653273640 1 -- 172.21.15.142:0/1716092894 --> [v2:172.21.15.142:3300/0,v1:172.21.15.142:6789/0] -- mon_subscribe({osdmap=0}) -- 0x7f964c19d860 con 0x7f964c1055b0
2024-09-06T14:20:06.185 INFO:teuthology.orchestra.run.smithi142.stdout:/usr/bin/ceph: stderr
2024-09-06T14:20:05.417+0000 7f96427fc640 1 -- 172.21.15.142:0/1716092894 <== mon.0 v2:172.21.15.142:3300/0 4 ==== mgrmap(e 12) ==== 50088+0+0 (secure 0 0 0) 0x7f964803b430 con 0x7f964c1055b0
2024-09-06T14:20:06.185 INFO:teuthology.orchestra.run.smithi142.stdout:/usr/bin/ceph: stderr
2024-09-06T14:20:05.417+0000 7f9653273640 1 -- 172.21.15.142:0/1716092894 --> [v2:172.21.15.142:3300/0,v1:172.21.15.142:6789/0] -- mon_command({"prefix": "get_command_descriptions"} v 0) -- 0x7f964c1059b0 con 0x7f964c1055b0
2024-09-06T14:20:06.186 INFO:teuthology.orchestra.run.smithi142.stdout:/usr/bin/ceph: stderr
2024-09-06T14:20:05.418+0000 7f96427fc640 1 --2- 172.21.15.142:0/1716092894 >> v2:172.21.15.142:6800/853729507 conn(0x7f963803da50 0x7f963803ff10 unknown :-1 s=NONE pgs=0 cs=0 l=1 rev1=0 crypto rx=0 tx=0 comp rx=0 tx=0).connect
2024-09-06T14:20:06.186 INFO:teuthology.orchestra.run.smithi142.stdout:/usr/bin/ceph: stderr
2024-09-06T14:20:05.418+0000 7f96427fc640 1 -- 172.21.15.142:0/1716092894 <== mon.0 v2:172.21.15.142:3300/0 5 ==== osd_map(3..3 src has 1..3) ==== 983+0+0 (secure 0 0 0) 0x7f9648071ef0 con 0x7f964c1055b0
2024-09-06T14:20:06.186 INFO:teuthology.orchestra.run.smithi142.stdout:/usr/bin/ceph: stderr
2024-09-06T14:20:05.418+0000 7f965080e640 1 --2- 172.21.15.142:0/1716092894 >> v2:172.21.15.142:6800/853729507 conn(0x7f963803da50 0x7f963803ff10 unknown :-1 s=BANNER_CONNECTING pgs=0 cs=0 l=1 rev1=0 crypto rx=0 tx=0 comp rx=0 tx=0)._handle_peer_banner_payload supported=3 required=0
2024-09-06T14:20:06.186 INFO:teuthology.orchestra.run.smithi142.stdout:/usr/bin/ceph: stderr
2024-09-06T14:20:05.418+0000 7f965080e640 1 --2- 172.21.15.142:0/1716092894 >> v2:172.21.15.142:6800/853729507 conn(0x7f963803da50 0x7f963803ff10 secure :-1 s=READY pgs=8 cs=0 l=1 rev1=1 crypto rx=0x7f963c0098c0 tx=0x7f963c006db0 comp rx=0 tx=0).ready entity=mgr.14146 client_cookie=0 server_cookie=0 in_seq=0 out_seq=0
2024-09-06T14:20:06.186 INFO:teuthology.orchestra.run.smithi142.stdout:/usr/bin/ceph: stderr
2024-09-06T14:20:05.422+0000 7f96427fc640 1 -- 172.21.15.142:0/1716092894 <== mon.0 v2:172.21.15.142:3300/0 6 ==== mon_command_ack([{"prefix": "get_command_descriptions"}]=0 v0) ==== 72+0+180031 (secure 0 0 0) 0x7f964802e200 con 0x7f964c1055b0
2024-09-06T14:20:06.186 INFO:teuthology.orchestra.run.smithi142.stdout:/usr/bin/ceph: stderr
2024-09-06T14:20:05.587+0000 7f9653273640 1 -- 172.21.15.142:0/1716092894 --> v2:172.21.15.142:6800/853729507 -- mgr_command(tid 0: {"prefix": "dashboard set-ssl-certificate-key", "target": ["mon-mgr", ""]}) -- 0x7f964c102140 con 0x7f963803da50
2024-09-06T14:20:06.186 INFO:teuthology.orchestra.run.smithi142.stdout:/usr/bin/ceph: stderr
2024-09-06T14:20:05.590+0000 7f96427fc640 1 -- 172.21.15.142:0/1716092894 <== mgr.14146 v2:172.21.15.142:6800/853729507 1 ==== mgr_command_reply(tid 0: 0 ) ==== 8+0+28 (secure 0 0 0) 0x7f964c102140 con 0x7f963803da50
2024-09-06T14:20:06.186 INFO:teuthology.orchestra.run.smithi142.stdout:/usr/bin/ceph: stderr
2024-09-06T14:20:05.592+0000 7f9653273640 1 -- 172.21.15.142:0/1716092894 >> v2:172.21.15.142:6800/853729507 conn(0x7f963803da50 msgr2=0x7f963803ff10 secure :-1 s=STATE_CONNECTION_ESTABLISHED l=1).mark_down
2024-09-06T14:20:06.187 INFO:teuthology.orchestra.run.smithi142.stdout:/usr/bin/ceph: stderr
2024-09-06T14:20:05.592+0000 7f9653273640 1 --2- 172.21.15.142:0/1716092894 >> v2:172.21.15.142:6800/853729507 conn(0x7f963803da50 0x7f963803ff10 secure :-1 s=READY pgs=8 cs=0 l=1 rev1=1 crypto rx=0x7f963c0098c0 tx=0x7f963c006db0 comp rx=0 tx=0).stop
2024-09-06T14:20:06.187 INFO:teuthology.orchestra.run.smithi142.stdout:/usr/bin/ceph: stderr
2024-09-06T14:20:05.592+0000 7f9653273640 1 -- 172.21.15.142:0/1716092894 >> [v2:172.21.15.142:3300/0,v1:172.21.15.142:6789/0] conn(0x7f964c1055b0 msgr2=0x7f964c079850 secure :-1 s=STATE_CONNECTION_ESTABLISHED l=1).mark_down
2024-09-06T14:20:06.187 INFO:teuthology.orchestra.run.smithi142.stdout:/usr/bin/ceph: stderr
2024-09-06T14:20:05.592+0000 7f9653273640 1 --2- 172.21.15.142:0/1716092894 >> [v2:172.21.15.142:3300/0,v1:172.21.15.142:6789/0] conn(0x7f964c1055b0 0x7f964c079850 secure :-1 s=READY pgs=67 cs=0 l=1 rev1=1 crypto rx=0x7f964802a830 tx=0x7f9648030bc0 comp rx=0 tx=0).stop
2024-09-06T14:20:06.187 INFO:teuthology.orchestra.run.smithi142.stdout:/usr/bin/ceph: stderr
2024-09-06T14:20:05.592+0000 7f9653273640 1 -- 172.21.15.142:0/1716092894 shutdown_connections
2024-09-06T14:20:06.187 INFO:teuthology.orchestra.run.smithi142.stdout:/usr/bin/ceph: stderr
2024-09-06T14:20:05.592+0000 7f9653273640 1 --2- 172.21.15.142:0/1716092894 >> v2:172.21.15.142:6800/853729507 conn(0x7f963803da50 0x7f963803ff10 unknown :-1 s=CLOSED pgs=8 cs=0 l=1 rev1=1 crypto rx=0 tx=0 comp rx=0 tx=0).stop
2024-09-06T14:20:06.187 INFO:teuthology.orchestra.run.smithi142.stdout:/usr/bin/ceph: stderr
2024-09-06T14:20:05.592+0000 7f9653273640 1 --2- 172.21.15.142:0/1716092894 >> [v2:172.21.15.142:3300/0,v1:172.21.15.142:6789/0] conn(0x7f964c1055b0 0x7f964c079850 unknown :-1 s=CLOSED pgs=67 cs=0 l=1 rev1=1 crypto rx=0 tx=0 comp rx=0 tx=0).stop
2024-09-06T14:20:06.187 INFO:teuthology.orchestra.run.smithi142.stdout:/usr/bin/ceph: stderr
2024-09-06T14:20:05.592+0000 7f9653273640 1 -- 172.21.15.142:0/1716092894 >> 172.21.15.142:0/1716092894 conn(0x7f964c100f40 msgr2=0x7f964c101a30 unknown :-1 s=STATE_NONE l=0).mark_down
2024-09-06T14:20:06.187 INFO:teuthology.orchestra.run.smithi142.stdout:/usr/bin/ceph: stderr
2024-09-06T14:20:05.592+0000 7f9653273640 1 -- 172.21.15.142:0/1716092894 shutdown_connections
2024-09-06T14:20:06.187 INFO:teuthology.orchestra.run.smithi142.stdout:/usr/bin/ceph: stderr
2024-09-06T14:20:05.592+0000 7f9653273640 1 -- 172.21.15.142:0/1716092894 wait complete.
2024-09-06T14:20:06.188 INFO:teuthology.orchestra.run.smithi142.stdout:Creating initial admin user...
2024-09-06T14:20:06.744 INFO:journalctl@ceph.mon.a.smithi142.stdout:Sep 06 14:20:06 smithi142 ceph-mon[29958]: from='client.14160 -' entity='client.admin' cmd=[{"prefix": "dashboard set-ssl-certificate-key", "target": ["mon-mgr", ""]}]: dispatch
2024-09-06T14:20:06.744 INFO:journalctl@ceph.mon.a.smithi142.stdout:Sep 06 14:20:06 smithi142 ceph-mon[29958]: from='mgr.14146 172.21.15.142:0/1211974415' entity='mgr.y'
2024-09-06T14:20:07.627 INFO:teuthology.orchestra.run.smithi142.stdout:/usr/bin/ceph: stdout {"username": "admin", "password": "$2b$12$jMVNskIiME08RzQNu5t16eubMFaJXbLs6t3CsODshr4AMp05zcetW", "roles": ["administrator"], "name": null, "email": null, "lastUpdate": 1725632406, "enabled": true, "pwdExpirationDate": null, "pwdUpdateRequired": true}
2024-09-06T14:20:07.627 INFO:teuthology.orchestra.run.smithi142.stdout:/usr/bin/ceph: stderr
2024-09-06T14:20:06.576+0000 7fdb860e6640 1 Processor -- start
2024-09-06T14:20:07.627 INFO:teuthology.orchestra.run.smithi142.stdout:/usr/bin/ceph: stderr
2024-09-06T14:20:06.576+0000 7fdb860e6640 1 -- start start
2024-09-06T14:20:07.627 INFO:teuthology.orchestra.run.smithi142.stdout:/usr/bin/ceph: stderr
2024-09-06T14:20:06.576+0000 7fdb860e6640 1 --2- >> [v2:172.21.15.142:3300/0,v1:172.21.15.142:6789/0] conn(0x7fdb801055f0 0x7fdb801059f0 unknown :-1 s=NONE pgs=0 cs=0 l=0 rev1=0 crypto rx=0 tx=0 comp rx=0 tx=0).connect
2024-09-06T14:20:07.627 INFO:teuthology.orchestra.run.smithi142.stdout:/usr/bin/ceph: stderr
2024-09-06T14:20:06.576+0000 7fdb860e6640 1 -- --> [v2:172.21.15.142:3300/0,v1:172.21.15.142:6789/0] -- mon_getmap magic: 0 -- 0x7fdb80105fe0 con 0x7fdb801055f0
2024-09-06T14:20:07.627 INFO:teuthology.orchestra.run.smithi142.stdout:/usr/bin/ceph: stderr
2024-09-06T14:20:06.576+0000 7fdb7f7fe640 1 --2- >> [v2:172.21.15.142:3300/0,v1:172.21.15.142:6789/0] conn(0x7fdb801055f0 0x7fdb801059f0 unknown :-1 s=BANNER_CONNECTING pgs=0 cs=0 l=0 rev1=0 crypto rx=0 tx=0 comp rx=0 tx=0)._handle_peer_banner_payload supported=3 required=0
2024-09-06T14:20:07.628 INFO:teuthology.orchestra.run.smithi142.stdout:/usr/bin/ceph: stderr
2024-09-06T14:20:06.576+0000 7fdb7f7fe640 1 --2- >> [v2:172.21.15.142:3300/0,v1:172.21.15.142:6789/0] conn(0x7fdb801055f0 0x7fdb801059f0 unknown :-1 s=HELLO_CONNECTING pgs=0 cs=0 l=0 rev1=1 crypto rx=0 tx=0 comp rx=0 tx=0).handle_hello peer v2:172.21.15.142:3300/0 says I am v2:172.21.15.142:33576/0 (socket says 172.21.15.142:33576)
2024-09-06T14:20:07.628 INFO:teuthology.orchestra.run.smithi142.stdout:/usr/bin/ceph: stderr
2024-09-06T14:20:06.576+0000 7fdb7f7fe640 1 -- 172.21.15.142:0/4254139650 learned_addr learned my addr 172.21.15.142:0/4254139650 (peer_addr_for_me v2:172.21.15.142:0/0)
2024-09-06T14:20:07.628 INFO:teuthology.orchestra.run.smithi142.stdout:/usr/bin/ceph: stderr
2024-09-06T14:20:06.576+0000 7fdb7f7fe640 1 -- 172.21.15.142:0/4254139650 --> [v2:172.21.15.142:3300/0,v1:172.21.15.142:6789/0] -- mon_subscribe({config=0+,monmap=0+}) -- 0x7fdb80106160 con 0x7fdb801055f0
2024-09-06T14:20:07.628 INFO:teuthology.orchestra.run.smithi142.stdout:/usr/bin/ceph: stderr
2024-09-06T14:20:06.577+0000 7fdb7f7fe640 1 --2- 172.21.15.142:0/4254139650 >> [v2:172.21.15.142:3300/0,v1:172.21.15.142:6789/0] conn(0x7fdb801055f0 0x7fdb801059f0 secure :-1 s=READY pgs=68 cs=0 l=1 rev1=1 crypto rx=0x7fdb70009820 tx=0x7fdb7002a270 comp rx=0 tx=0).ready entity=mon.0 client_cookie=436a99870961c1c6 server_cookie=0 in_seq=0 out_seq=0
2024-09-06T14:20:07.628 INFO:teuthology.orchestra.run.smithi142.stdout:/usr/bin/ceph: stderr
2024-09-06T14:20:06.577+0000 7fdb7e7fc640 1 -- 172.21.15.142:0/4254139650 <== mon.0 v2:172.21.15.142:3300/0 1 ==== mon_map magic: 0 ==== 205+0+0 (secure 0 0 0) 0x7fdb70037070 con 0x7fdb801055f0
2024-09-06T14:20:07.628 INFO:teuthology.orchestra.run.smithi142.stdout:/usr/bin/ceph: stderr
2024-09-06T14:20:06.577+0000 7fdb7e7fc640 1 -- 172.21.15.142:0/4254139650 <== mon.0 v2:172.21.15.142:3300/0 2 ==== config(25 keys) ==== 1054+0+0 (secure 0 0 0) 0x7fdb700328c0 con 0x7fdb801055f0
2024-09-06T14:20:07.628 INFO:teuthology.orchestra.run.smithi142.stdout:/usr/bin/ceph: stderr
2024-09-06T14:20:06.577+0000 7fdb7e7fc640 1 -- 172.21.15.142:0/4254139650 <== mon.0 v2:172.21.15.142:3300/0 3 ==== mon_map magic: 0 ==== 205+0+0 (secure 0 0 0) 0x7fdb70030640 con 0x7fdb801055f0
2024-09-06T14:20:07.628 INFO:teuthology.orchestra.run.smithi142.stdout:/usr/bin/ceph: stderr
2024-09-06T14:20:06.578+0000 7fdb860e6640 1 -- 172.21.15.142:0/4254139650 >> [v2:172.21.15.142:3300/0,v1:172.21.15.142:6789/0] conn(0x7fdb801055f0 msgr2=0x7fdb801059f0 secure :-1 s=STATE_CONNECTION_ESTABLISHED l=1).mark_down
2024-09-06T14:20:07.628 INFO:teuthology.orchestra.run.smithi142.stdout:/usr/bin/ceph: stderr
2024-09-06T14:20:06.578+0000 7fdb860e6640 1 --2- 172.21.15.142:0/4254139650 >> [v2:172.21.15.142:3300/0,v1:172.21.15.142:6789/0] conn(0x7fdb801055f0 0x7fdb801059f0 secure :-1 s=READY pgs=68 cs=0 l=1 rev1=1 crypto rx=0x7fdb70009820 tx=0x7fdb7002a270 comp rx=0 tx=0).stop
2024-09-06T14:20:07.628 INFO:teuthology.orchestra.run.smithi142.stdout:/usr/bin/ceph: stderr
2024-09-06T14:20:06.578+0000 7fdb860e6640 1 -- 172.21.15.142:0/4254139650 shutdown_connections
2024-09-06T14:20:07.628 INFO:teuthology.orchestra.run.smithi142.stdout:/usr/bin/ceph: stderr
2024-09-06T14:20:06.578+0000 7fdb860e6640 1 --2- 172.21.15.142:0/4254139650 >> [v2:172.21.15.142:3300/0,v1:172.21.15.142:6789/0] conn(0x7fdb801055f0 0x7fdb801059f0 unknown :-1 s=CLOSED pgs=68 cs=0 l=1 rev1=1 crypto rx=0 tx=0 comp rx=0 tx=0).stop
2024-09-06T14:20:07.628 INFO:teuthology.orchestra.run.smithi142.stdout:/usr/bin/ceph: stderr
2024-09-06T14:20:06.578+0000 7fdb860e6640 1 -- 172.21.15.142:0/4254139650 >> 172.21.15.142:0/4254139650 conn(0x7fdb80100ee0 msgr2=0x7fdb80103300 unknown :-1 s=STATE_NONE l=0).mark_down
2024-09-06T14:20:07.628 INFO:teuthology.orchestra.run.smithi142.stdout:/usr/bin/ceph: stderr
2024-09-06T14:20:06.578+0000 7fdb860e6640 1 -- 172.21.15.142:0/4254139650 shutdown_connections
2024-09-06T14:20:07.629 INFO:teuthology.orchestra.run.smithi142.stdout:/usr/bin/ceph: stderr
2024-09-06T14:20:06.578+0000 7fdb860e6640 1 -- 172.21.15.142:0/4254139650 wait complete.
2024-09-06T14:20:07.629 INFO:teuthology.orchestra.run.smithi142.stdout:/usr/bin/ceph: stderr
2024-09-06T14:20:06.578+0000 7fdb860e6640 1 Processor -- start
2024-09-06T14:20:07.629 INFO:teuthology.orchestra.run.smithi142.stdout:/usr/bin/ceph: stderr
2024-09-06T14:20:06.579+0000 7fdb860e6640 1 -- start start
2024-09-06T14:20:07.629 INFO:teuthology.orchestra.run.smithi142.stdout:/usr/bin/ceph: stderr
2024-09-06T14:20:06.579+0000 7fdb860e6640 1 --2- >> [v2:172.21.15.142:3300/0,v1:172.21.15.142:6789/0] conn(0x7fdb801055f0 0x7fdb8007a0e0 unknown :-1 s=NONE pgs=0 cs=0 l=1 rev1=0 crypto rx=0 tx=0 comp rx=0 tx=0).connect
2024-09-06T14:20:07.629 INFO:teuthology.orchestra.run.smithi142.stdout:/usr/bin/ceph: stderr
2024-09-06T14:20:06.579+0000 7fdb860e6640 1 -- --> [v2:172.21.15.142:3300/0,v1:172.21.15.142:6789/0] -- mon_getmap magic: 0 -- 0x7fdb80109a70 con 0x7fdb801055f0
2024-09-06T14:20:07.629 INFO:teuthology.orchestra.run.smithi142.stdout:/usr/bin/ceph: stderr
2024-09-06T14:20:06.579+0000 7fdb7f7fe640 1 --2- >> [v2:172.21.15.142:3300/0,v1:172.21.15.142:6789/0] conn(0x7fdb801055f0 0x7fdb8007a0e0 unknown :-1 s=BANNER_CONNECTING pgs=0 cs=0 l=1 rev1=0 crypto rx=0 tx=0 comp rx=0 tx=0)._handle_peer_banner_payload supported=3 required=0
2024-09-06T14:20:07.629 INFO:teuthology.orchestra.run.smithi142.stdout:/usr/bin/ceph: stderr
2024-09-06T14:20:06.579+0000 7fdb7f7fe640 1 --2- >> [v2:172.21.15.142:3300/0,v1:172.21.15.142:6789/0] conn(0x7fdb801055f0 0x7fdb8007a0e0 unknown :-1 s=HELLO_CONNECTING pgs=0 cs=0 l=1 rev1=1 crypto rx=0 tx=0 comp rx=0 tx=0).handle_hello peer v2:172.21.15.142:3300/0 says I am v2:172.21.15.142:33580/0 (socket says 172.21.15.142:33580)
2024-09-06T14:20:07.629 INFO:teuthology.orchestra.run.smithi142.stdout:/usr/bin/ceph: stderr
2024-09-06T14:20:06.579+0000 7fdb7f7fe640 1 -- 172.21.15.142:0/76521004 learned_addr learned my addr 172.21.15.142:0/76521004 (peer_addr_for_me v2:172.21.15.142:0/0)
2024-09-06T14:20:07.629 INFO:teuthology.orchestra.run.smithi142.stdout:/usr/bin/ceph: stderr
2024-09-06T14:20:06.579+0000 7fdb7f7fe640 1 -- 172.21.15.142:0/76521004 --> [v2:172.21.15.142:3300/0,v1:172.21.15.142:6789/0] -- mon_subscribe({config=0+,monmap=0+}) -- 0x7fdb8007a640 con 0x7fdb801055f0
2024-09-06T14:20:07.629 INFO:teuthology.orchestra.run.smithi142.stdout:/usr/bin/ceph: stderr
2024-09-06T14:20:06.579+0000 7fdb7f7fe640 1 --2- 172.21.15.142:0/76521004 >> [v2:172.21.15.142:3300/0,v1:172.21.15.142:6789/0] conn(0x7fdb801055f0 0x7fdb8007a0e0 secure :-1 s=READY pgs=69 cs=0 l=1 rev1=1 crypto rx=0x7fdb7002a830 tx=0x7fdb70030bc0 comp rx=0 tx=0).ready entity=mon.0 client_cookie=0 server_cookie=0 in_seq=0 out_seq=0
2024-09-06T14:20:07.629 INFO:teuthology.orchestra.run.smithi142.stdout:/usr/bin/ceph: stderr
2024-09-06T14:20:06.579+0000 7fdb7cff9640 1 -- 172.21.15.142:0/76521004 <== mon.0 v2:172.21.15.142:3300/0 1 ==== mon_map magic: 0 ==== 205+0+0 (secure 0 0 0) 0x7fdb70037040 con 0x7fdb801055f0
2024-09-06T14:20:07.629 INFO:teuthology.orchestra.run.smithi142.stdout:/usr/bin/ceph: stderr
2024-09-06T14:20:06.580+0000 7fdb860e6640 1 -- 172.21.15.142:0/76521004 --> [v2:172.21.15.142:3300/0,v1:172.21.15.142:6789/0] -- mon_subscribe({mgrmap=0+}) -- 0x7fdb8019d360 con 0x7fdb801055f0
2024-09-06T14:20:07.629 INFO:teuthology.orchestra.run.smithi142.stdout:/usr/bin/ceph: stderr
2024-09-06T14:20:06.580+0000 7fdb7cff9640 1 -- 172.21.15.142:0/76521004 <== mon.0 v2:172.21.15.142:3300/0 2 ==== config(25 keys) ==== 1054+0+0 (secure 0 0 0) 0x7fdb70040070 con 0x7fdb801055f0
2024-09-06T14:20:07.629 INFO:teuthology.orchestra.run.smithi142.stdout:/usr/bin/ceph: stderr
2024-09-06T14:20:06.580+0000 7fdb7cff9640 1 -- 172.21.15.142:0/76521004 <== mon.0 v2:172.21.15.142:3300/0 3 ==== mon_map magic: 0 ==== 205+0+0 (secure 0 0 0) 0x7fdb7003be40 con 0x7fdb801055f0
2024-09-06T14:20:07.630 INFO:teuthology.orchestra.run.smithi142.stdout:/usr/bin/ceph: stderr
2024-09-06T14:20:06.580+0000 7fdb860e6640 1 -- 172.21.15.142:0/76521004 --> [v2:172.21.15.142:3300/0,v1:172.21.15.142:6789/0] -- mon_subscribe({osdmap=0}) -- 0x7fdb8019d830 con 0x7fdb801055f0
2024-09-06T14:20:07.630 INFO:teuthology.orchestra.run.smithi142.stdout:/usr/bin/ceph: stderr
2024-09-06T14:20:06.580+0000 7fdb7cff9640 1 -- 172.21.15.142:0/76521004 <== mon.0 v2:172.21.15.142:3300/0 4 ==== mgrmap(e 12) ==== 50088+0+0 (secure 0 0 0) 0x7fdb7003a4f0 con 0x7fdb801055f0
2024-09-06T14:20:07.630 INFO:teuthology.orchestra.run.smithi142.stdout:/usr/bin/ceph: stderr
2024-09-06T14:20:06.581+0000 7fdb860e6640 1 -- 172.21.15.142:0/76521004 --> [v2:172.21.15.142:3300/0,v1:172.21.15.142:6789/0] -- mon_command({"prefix": "get_command_descriptions"} v 0) -- 0x7fdb80109bf0 con 0x7fdb801055f0
2024-09-06T14:20:07.630 INFO:teuthology.orchestra.run.smithi142.stdout:/usr/bin/ceph: stderr
2024-09-06T14:20:06.581+0000 7fdb7cff9640 1 --2- 172.21.15.142:0/76521004 >> v2:172.21.15.142:6800/853729507 conn(0x7fdb6803da50 0x7fdb6803ff10 unknown :-1 s=NONE pgs=0 cs=0 l=1 rev1=0 crypto rx=0 tx=0 comp rx=0 tx=0).connect
2024-09-06T14:20:07.630 INFO:teuthology.orchestra.run.smithi142.stdout:/usr/bin/ceph: stderr
2024-09-06T14:20:06.581+0000 7fdb7cff9640 1 -- 172.21.15.142:0/76521004 <== mon.0 v2:172.21.15.142:3300/0 5 ==== osd_map(3..3 src has 1..3) ==== 983+0+0 (secure 0 0 0) 0x7fdb70071f10 con 0x7fdb801055f0
2024-09-06T14:20:07.630 INFO:teuthology.orchestra.run.smithi142.stdout:/usr/bin/ceph: stderr
2024-09-06T14:20:06.581+0000 7fdb7effd640 1 --2- 172.21.15.142:0/76521004 >> v2:172.21.15.142:6800/853729507 conn(0x7fdb6803da50 0x7fdb6803ff10 unknown :-1 s=BANNER_CONNECTING pgs=0 cs=0 l=1 rev1=0 crypto rx=0 tx=0 comp rx=0 tx=0)._handle_peer_banner_payload supported=3 required=0
2024-09-06T14:20:07.630 INFO:teuthology.orchestra.run.smithi142.stdout:/usr/bin/ceph: stderr
2024-09-06T14:20:06.581+0000 7fdb7effd640 1 --2- 172.21.15.142:0/76521004 >> v2:172.21.15.142:6800/853729507 conn(0x7fdb6803da50 0x7fdb6803ff10 secure :-1 s=READY pgs=9 cs=0 l=1 rev1=1 crypto rx=0x7fdb740098c0 tx=0x7fdb74006db0 comp rx=0 tx=0).ready entity=mgr.14146 client_cookie=0 server_cookie=0 in_seq=0 out_seq=0
2024-09-06T14:20:07.630 INFO:teuthology.orchestra.run.smithi142.stdout:/usr/bin/ceph: stderr
2024-09-06T14:20:06.585+0000 7fdb7cff9640 1 -- 172.21.15.142:0/76521004 <== mon.0 v2:172.21.15.142:3300/0 6 ==== mon_command_ack([{"prefix": "get_command_descriptions"}]=0 v0) ==== 72+0+180031 (secure 0 0 0) 0x7fdb70030d50 con 0x7fdb801055f0
2024-09-06T14:20:07.630 INFO:teuthology.orchestra.run.smithi142.stdout:/usr/bin/ceph: stderr
2024-09-06T14:20:06.748+0000 7fdb860e6640 1 -- 172.21.15.142:0/76521004 --> v2:172.21.15.142:6800/853729507 -- mgr_command(tid 0: {"prefix": "dashboard ac-user-create", "username": "admin", "rolename": "administrator", "force_password": true, "pwd_update_required": true, "target": ["mon-mgr", ""]}) -- 0x7fdb8019dba0 con 0x7fdb6803da50
2024-09-06T14:20:07.630 INFO:teuthology.orchestra.run.smithi142.stdout:/usr/bin/ceph: stderr
2024-09-06T14:20:06.970+0000 7fdb7cff9640 1 -- 172.21.15.142:0/76521004 <== mgr.14146 v2:172.21.15.142:6800/853729507 1 ==== mgr_command_reply(tid 0: 0 ) ==== 8+0+252 (secure 0 0 0) 0x7fdb8019dba0 con 0x7fdb6803da50
2024-09-06T14:20:07.630 INFO:teuthology.orchestra.run.smithi142.stdout:/usr/bin/ceph: stderr
2024-09-06T14:20:06.972+0000 7fdb860e6640 1 -- 172.21.15.142:0/76521004 >> v2:172.21.15.142:6800/853729507 conn(0x7fdb6803da50 msgr2=0x7fdb6803ff10 secure :-1 s=STATE_CONNECTION_ESTABLISHED l=1).mark_down
2024-09-06T14:20:07.630 INFO:teuthology.orchestra.run.smithi142.stdout:/usr/bin/ceph: stderr
2024-09-06T14:20:06.972+0000 7fdb860e6640 1 --2- 172.21.15.142:0/76521004 >> v2:172.21.15.142:6800/853729507 conn(0x7fdb6803da50 0x7fdb6803ff10 secure :-1 s=READY pgs=9 cs=0 l=1 rev1=1 crypto rx=0x7fdb740098c0 tx=0x7fdb74006db0 comp rx=0 tx=0).stop
2024-09-06T14:20:07.631 INFO:teuthology.orchestra.run.smithi142.stdout:/usr/bin/ceph: stderr
2024-09-06T14:20:06.972+0000 7fdb860e6640 1 -- 172.21.15.142:0/76521004 >> [v2:172.21.15.142:3300/0,v1:172.21.15.142:6789/0] conn(0x7fdb801055f0 msgr2=0x7fdb8007a0e0 secure :-1 s=STATE_CONNECTION_ESTABLISHED l=1).mark_down
2024-09-06T14:20:07.631 INFO:teuthology.orchestra.run.smithi142.stdout:/usr/bin/ceph: stderr
2024-09-06T14:20:06.972+0000 7fdb860e6640 1 --2- 172.21.15.142:0/76521004 >> [v2:172.21.15.142:3300/0,v1:172.21.15.142:6789/0] conn(0x7fdb801055f0 0x7fdb8007a0e0 secure :-1 s=READY pgs=69 cs=0 l=1 rev1=1 crypto rx=0x7fdb7002a830 tx=0x7fdb70030bc0 comp rx=0 tx=0).stop
2024-09-06T14:20:07.631 INFO:teuthology.orchestra.run.smithi142.stdout:/usr/bin/ceph: stderr
2024-09-06T14:20:06.972+0000 7fdb860e6640 1 -- 172.21.15.142:0/76521004 shutdown_connections
2024-09-06T14:20:07.631 INFO:teuthology.orchestra.run.smithi142.stdout:/usr/bin/ceph: stderr
2024-09-06T14:20:06.972+0000 7fdb860e6640 1 --2- 172.21.15.142:0/76521004 >> v2:172.21.15.142:6800/853729507 conn(0x7fdb6803da50 0x7fdb6803ff10 unknown :-1 s=CLOSED pgs=9 cs=0 l=1 rev1=1 crypto rx=0 tx=0 comp rx=0 tx=0).stop
2024-09-06T14:20:07.631 INFO:teuthology.orchestra.run.smithi142.stdout:/usr/bin/ceph: stderr
2024-09-06T14:20:06.972+0000 7fdb860e6640 1 --2- 172.21.15.142:0/76521004 >> [v2:172.21.15.142:3300/0,v1:172.21.15.142:6789/0] conn(0x7fdb801055f0 0x7fdb8007a0e0 unknown :-1 s=CLOSED pgs=69 cs=0 l=1 rev1=1 crypto rx=0 tx=0 comp rx=0 tx=0).stop
2024-09-06T14:20:07.631 INFO:teuthology.orchestra.run.smithi142.stdout:/usr/bin/ceph: stderr
2024-09-06T14:20:06.972+0000 7fdb860e6640 1 -- 172.21.15.142:0/76521004 >> 172.21.15.142:0/76521004 conn(0x7fdb80100ee0 msgr2=0x7fdb80101a10 unknown :-1 s=STATE_NONE l=0).mark_down
2024-09-06T14:20:07.631 INFO:teuthology.orchestra.run.smithi142.stdout:/usr/bin/ceph: stderr
2024-09-06T14:20:06.972+0000 7fdb860e6640 1 -- 172.21.15.142:0/76521004 shutdown_connections
2024-09-06T14:20:07.631 INFO:teuthology.orchestra.run.smithi142.stdout:/usr/bin/ceph: stderr
