2024-09-06T14:19:24.707+0000 7f606bfff640 1 -- 172.21.15.142:0/1023349693 <== mon.0 v2:172.21.15.142:3300/0 3 ==== mon_map magic: 0 ==== 205+0+0 (secure 0 0 0) 0x7f607403be40 con 0x7f6084106680
2024-09-06T14:19:25.394 INFO:teuthology.orchestra.run.smithi142.stdout:/usr/bin/ceph: stderr
2024-09-06T14:19:24.707+0000 7f60896f5640 1 -- 172.21.15.142:0/1023349693 --> [v2:172.21.15.142:3300/0,v1:172.21.15.142:6789/0] -- mon_subscribe({osdmap=0}) -- 0x7f608419da70 con 0x7f6084106680
2024-09-06T14:19:25.394 INFO:teuthology.orchestra.run.smithi142.stdout:/usr/bin/ceph: stderr
2024-09-06T14:19:24.708+0000 7f606bfff640 1 -- 172.21.15.142:0/1023349693 <== mon.0 v2:172.21.15.142:3300/0 4 ==== mgrmap(e 1) ==== 807+0+0 (secure 0 0 0) 0x7f6074045460 con 0x7f6084106680
2024-09-06T14:19:25.394 INFO:teuthology.orchestra.run.smithi142.stdout:/usr/bin/ceph: stderr
2024-09-06T14:19:24.708+0000 7f606bfff640 1 -- 172.21.15.142:0/1023349693 <== mon.0 v2:172.21.15.142:3300/0 5 ==== osd_map(1..1 src has 1..1) ==== 725+0+0 (secure 0 0 0) 0x7f607403a750 con 0x7f6084106680
2024-09-06T14:19:25.394 INFO:teuthology.orchestra.run.smithi142.stdout:/usr/bin/ceph: stderr
2024-09-06T14:19:24.708+0000 7f60896f5640 1 -- 172.21.15.142:0/1023349693 --> [v2:172.21.15.142:3300/0,v1:172.21.15.142:6789/0] -- mon_command({"prefix": "get_command_descriptions"} v 0) -- 0x7f6084106b00 con 0x7f6084106680
2024-09-06T14:19:25.394 INFO:teuthology.orchestra.run.smithi142.stdout:/usr/bin/ceph: stderr
2024-09-06T14:19:24.710+0000 7f606bfff640 1 -- 172.21.15.142:0/1023349693 <== mon.0 v2:172.21.15.142:3300/0 6 ==== mon_command_ack([{"prefix": "get_command_descriptions"}]=0 v0) ==== 72+0+75856 (secure 0 0 0) 0x7f607403b430 con 0x7f6084106680
2024-09-06T14:19:25.394 INFO:teuthology.orchestra.run.smithi142.stdout:/usr/bin/ceph: stderr
2024-09-06T14:19:24.773+0000 7f60896f5640 1 -- 172.21.15.142:0/1023349693 --> [v2:172.21.15.142:3300/0,v1:172.21.15.142:6789/0] -- mon_command({"prefix": "status", "format": "json-pretty"} v 0) -- 0x7f608419dcd0 con 0x7f6084106680
2024-09-06T14:19:25.394 INFO:teuthology.orchestra.run.smithi142.stdout:/usr/bin/ceph: stderr
2024-09-06T14:19:24.773+0000 7f606bfff640 1 -- 172.21.15.142:0/1023349693 <== mon.0 v2:172.21.15.142:3300/0 7 ==== mon_command_ack([{"prefix": "status", "format": "json-pretty"}]=0 v0) ==== 79+0+1291 (secure 0 0 0) 0x7f607403b680 con 0x7f6084106680
2024-09-06T14:19:25.394 INFO:teuthology.orchestra.run.smithi142.stdout:/usr/bin/ceph: stderr
2024-09-06T14:19:24.774+0000 7f60896f5640 1 -- 172.21.15.142:0/1023349693 >> [v2:172.21.15.142:3300/0,v1:172.21.15.142:6789/0] conn(0x7f6084106680 msgr2=0x7f608419c8c0 secure :-1 s=STATE_CONNECTION_ESTABLISHED l=1).mark_down
2024-09-06T14:19:25.394 INFO:teuthology.orchestra.run.smithi142.stdout:/usr/bin/ceph: stderr
2024-09-06T14:19:24.774+0000 7f60896f5640 1 --2- 172.21.15.142:0/1023349693 >> [v2:172.21.15.142:3300/0,v1:172.21.15.142:6789/0] conn(0x7f6084106680 0x7f608419c8c0 secure :-1 s=READY pgs=8 cs=0 l=1 rev1=1 crypto rx=0x7f6074000c00 tx=0x7f6074032740 comp rx=0 tx=0).stop
2024-09-06T14:19:25.394 INFO:teuthology.orchestra.run.smithi142.stdout:/usr/bin/ceph: stderr
2024-09-06T14:19:24.774+0000 7f60896f5640 1 -- 172.21.15.142:0/1023349693 shutdown_connections
2024-09-06T14:19:25.394 INFO:teuthology.orchestra.run.smithi142.stdout:/usr/bin/ceph: stderr
2024-09-06T14:19:24.774+0000 7f60896f5640 1 --2- 172.21.15.142:0/1023349693 >> [v2:172.21.15.142:3300/0,v1:172.21.15.142:6789/0] conn(0x7f6084106680 0x7f608419c8c0 unknown :-1 s=CLOSED pgs=8 cs=0 l=1 rev1=1 crypto rx=0 tx=0 comp rx=0 tx=0).stop
2024-09-06T14:19:25.394 INFO:teuthology.orchestra.run.smithi142.stdout:/usr/bin/ceph: stderr
2024-09-06T14:19:24.775+0000 7f60896f5640 1 -- 172.21.15.142:0/1023349693 >> 172.21.15.142:0/1023349693 conn(0x7f6084101fd0 msgr2=0x7f6084102a80 unknown :-1 s=STATE_NONE l=0).mark_down
2024-09-06T14:19:25.395 INFO:teuthology.orchestra.run.smithi142.stdout:/usr/bin/ceph: stderr
2024-09-06T14:19:24.775+0000 7f60896f5640 1 -- 172.21.15.142:0/1023349693 shutdown_connections
2024-09-06T14:19:25.395 INFO:teuthology.orchestra.run.smithi142.stdout:/usr/bin/ceph: stderr
2024-09-06T14:19:24.775+0000 7f60896f5640 1 -- 172.21.15.142:0/1023349693 wait complete.
2024-09-06T14:19:25.395 INFO:teuthology.orchestra.run.smithi142.stdout:mgr not available, waiting (2/15)...
2024-09-06T14:19:26.456 INFO:journalctl@ceph.mgr.y.smithi142.stdout:Sep 06 14:19:26 smithi142 ceph-ce32462e-6c5a-11ef-bce4-c7b262605968-mgr-y[30184]:
2024-09-06T14:19:26.078+0000 7f49abcfa040 -1 log_channel(cluster) log [ERR] : Failed to load ceph-mgr modules: volumes
2024-09-06T14:19:26.457 INFO:journalctl@ceph.mon.a.smithi142.stdout:Sep 06 14:19:26 smithi142 ceph-mon[29958]: Activating manager daemon y
2024-09-06T14:19:26.457 INFO:journalctl@ceph.mon.a.smithi142.stdout:Sep 06 14:19:26 smithi142 ceph-mon[29958]: mgrmap e2: y(active, starting, since 0.0033352s)
2024-09-06T14:19:26.457 INFO:journalctl@ceph.mon.a.smithi142.stdout:Sep 06 14:19:26 smithi142 ceph-mon[29958]: from='mgr.14100 172.21.15.142:0/2357524858' entity='mgr.y' cmd={"prefix": "mds metadata"} : dispatch
2024-09-06T14:19:26.458 INFO:journalctl@ceph.mon.a.smithi142.stdout:Sep 06 14:19:26 smithi142 ceph-mon[29958]: from='mgr.14100 172.21.15.142:0/2357524858' entity='mgr.y' cmd={"prefix": "osd metadata"} : dispatch
2024-09-06T14:19:26.458 INFO:journalctl@ceph.mon.a.smithi142.stdout:Sep 06 14:19:26 smithi142 ceph-mon[29958]: from='mgr.14100 172.21.15.142:0/2357524858' entity='mgr.y' cmd={"prefix": "mon metadata"} : dispatch
2024-09-06T14:19:26.458 INFO:journalctl@ceph.mon.a.smithi142.stdout:Sep 06 14:19:26 smithi142 ceph-mon[29958]: from='mgr.14100 172.21.15.142:0/2357524858' entity='mgr.y' cmd={"prefix": "mon metadata", "id": "a"} : dispatch
2024-09-06T14:19:26.458 INFO:journalctl@ceph.mon.a.smithi142.stdout:Sep 06 14:19:26 smithi142 ceph-mon[29958]: from='mgr.14100 172.21.15.142:0/2357524858' entity='mgr.y' cmd={"prefix": "mgr metadata", "who": "y", "id": "y"} : dispatch
2024-09-06T14:19:26.458 INFO:journalctl@ceph.mon.a.smithi142.stdout:Sep 06 14:19:26 smithi142 ceph-mon[29958]: Manager daemon y is now available
2024-09-06T14:19:26.458 INFO:journalctl@ceph.mon.a.smithi142.stdout:Sep 06 14:19:26 smithi142 ceph-mon[29958]: from='mgr.14100 172.21.15.142:0/2357524858' entity='mgr.y' cmd={"prefix":"config rm","who":"mgr","name":"mgr/rbd_support/y/mirror_snapshot_schedule"} : dispatch
2024-09-06T14:19:26.459 INFO:journalctl@ceph.mon.a.smithi142.stdout:Sep 06 14:19:26 smithi142 ceph-mon[29958]: from='mgr.14100 172.21.15.142:0/2357524858' entity='mgr.y' cmd={"prefix":"config rm","who":"mgr","name":"mgr/rbd_support/y/trash_purge_schedule"} : dispatch
2024-09-06T14:19:26.459 INFO:journalctl@ceph.mon.a.smithi142.stdout:Sep 06 14:19:26 smithi142 ceph-mon[29958]: from='mgr.14100 172.21.15.142:0/2357524858' entity='mgr.y'
2024-09-06T14:19:26.459 INFO:journalctl@ceph.mon.a.smithi142.stdout:Sep 06 14:19:26 smithi142 ceph-mon[29958]: from='mgr.14100 172.21.15.142:0/2357524858' entity='mgr.y'
2024-09-06T14:19:26.459 INFO:journalctl@ceph.mon.a.smithi142.stdout:Sep 06 14:19:26 smithi142 ceph-mon[29958]: from='mgr.14100 172.21.15.142:0/2357524858' entity='mgr.y'
2024-09-06T14:19:28.456 INFO:journalctl@ceph.mon.a.smithi142.stdout:Sep 06 14:19:28 smithi142 ceph-mon[29958]: mgrmap e3: y(active, since 1.00694s)
2024-09-06T14:19:28.457 INFO:journalctl@ceph.mon.a.smithi142.stdout:Sep 06 14:19:28 smithi142 ceph-mon[29958]: from='client.? 172.21.15.142:0/1396649916' entity='client.admin' cmd={"prefix": "status", "format": "json-pretty"} : dispatch
2024-09-06T14:19:28.615 INFO:teuthology.orchestra.run.smithi142.stdout:/usr/bin/ceph: stdout
2024-09-06T14:19:28.616 INFO:teuthology.orchestra.run.smithi142.stdout:/usr/bin/ceph: stdout {
2024-09-06T14:19:28.616 INFO:teuthology.orchestra.run.smithi142.stdout:/usr/bin/ceph: stdout "fsid": "ce32462e-6c5a-11ef-bce4-c7b262605968",
2024-09-06T14:19:28.616 INFO:teuthology.orchestra.run.smithi142.stdout:/usr/bin/ceph: stdout "health": {
2024-09-06T14:19:28.616 INFO:teuthology.orchestra.run.smithi142.stdout:/usr/bin/ceph: stdout "status": "HEALTH_OK",
2024-09-06T14:19:28.616 INFO:teuthology.orchestra.run.smithi142.stdout:/usr/bin/ceph: stdout "checks": {},
2024-09-06T14:19:28.616 INFO:teuthology.orchestra.run.smithi142.stdout:/usr/bin/ceph: stdout "mutes": []
2024-09-06T14:19:28.616 INFO:teuthology.orchestra.run.smithi142.stdout:/usr/bin/ceph: stdout },
2024-09-06T14:19:28.616 INFO:teuthology.orchestra.run.smithi142.stdout:/usr/bin/ceph: stdout "election_epoch": 5,
2024-09-06T14:19:28.616 INFO:teuthology.orchestra.run.smithi142.stdout:/usr/bin/ceph: stdout "quorum": [
2024-09-06T14:19:28.616 INFO:teuthology.orchestra.run.smithi142.stdout:/usr/bin/ceph: stdout 0
2024-09-06T14:19:28.616 INFO:teuthology.orchestra.run.smithi142.stdout:/usr/bin/ceph: stdout ],
2024-09-06T14:19:28.616 INFO:teuthology.orchestra.run.smithi142.stdout:/usr/bin/ceph: stdout "quorum_names": [
2024-09-06T14:19:28.616 INFO:teuthology.orchestra.run.smithi142.stdout:/usr/bin/ceph: stdout "a"
2024-09-06T14:19:28.617 INFO:teuthology.orchestra.run.smithi142.stdout:/usr/bin/ceph: stdout ],
2024-09-06T14:19:28.617 INFO:teuthology.orchestra.run.smithi142.stdout:/usr/bin/ceph: stdout "quorum_age": 9,
2024-09-06T14:19:28.617 INFO:teuthology.orchestra.run.smithi142.stdout:/usr/bin/ceph: stdout "monmap": {
2024-09-06T14:19:28.617 INFO:teuthology.orchestra.run.smithi142.stdout:/usr/bin/ceph: stdout "epoch": 1,
2024-09-06T14:19:28.617 INFO:teuthology.orchestra.run.smithi142.stdout:/usr/bin/ceph: stdout "min_mon_release_name": "squid",
2024-09-06T14:19:28.617 INFO:teuthology.orchestra.run.smithi142.stdout:/usr/bin/ceph: stdout "num_mons": 1
2024-09-06T14:19:28.617 INFO:teuthology.orchestra.run.smithi142.stdout:/usr/bin/ceph: stdout },
2024-09-06T14:19:28.617 INFO:teuthology.orchestra.run.smithi142.stdout:/usr/bin/ceph: stdout "osdmap": {
2024-09-06T14:19:28.617 INFO:teuthology.orchestra.run.smithi142.stdout:/usr/bin/ceph: stdout "epoch": 1,
2024-09-06T14:19:28.617 INFO:teuthology.orchestra.run.smithi142.stdout:/usr/bin/ceph: stdout "num_osds": 0,
2024-09-06T14:19:28.617 INFO:teuthology.orchestra.run.smithi142.stdout:/usr/bin/ceph: stdout "num_up_osds": 0,
2024-09-06T14:19:28.617 INFO:teuthology.orchestra.run.smithi142.stdout:/usr/bin/ceph: stdout "osd_up_since": 0,
2024-09-06T14:19:28.627 INFO:teuthology.orchestra.run.smithi142.stdout:/usr/bin/ceph: stdout "num_in_osds": 0,
2024-09-06T14:19:28.627 INFO:teuthology.orchestra.run.smithi142.stdout:/usr/bin/ceph: stdout "osd_in_since": 0,
2024-09-06T14:19:28.627 INFO:teuthology.orchestra.run.smithi142.stdout:/usr/bin/ceph: stdout "num_remapped_pgs": 0
2024-09-06T14:19:28.627 INFO:teuthology.orchestra.run.smithi142.stdout:/usr/bin/ceph: stdout },
2024-09-06T14:19:28.627 INFO:teuthology.orchestra.run.smithi142.stdout:/usr/bin/ceph: stdout "pgmap": {
2024-09-06T14:19:28.628 INFO:teuthology.orchestra.run.smithi142.stdout:/usr/bin/ceph: stdout "pgs_by_state": [],
2024-09-06T14:19:28.628 INFO:teuthology.orchestra.run.smithi142.stdout:/usr/bin/ceph: stdout "num_pgs": 0,
2024-09-06T14:19:28.628 INFO:teuthology.orchestra.run.smithi142.stdout:/usr/bin/ceph: stdout "num_pools": 0,
2024-09-06T14:19:28.628 INFO:teuthology.orchestra.run.smithi142.stdout:/usr/bin/ceph: stdout "num_objects": 0,
2024-09-06T14:19:28.628 INFO:teuthology.orchestra.run.smithi142.stdout:/usr/bin/ceph: stdout "data_bytes": 0,
2024-09-06T14:19:28.628 INFO:teuthology.orchestra.run.smithi142.stdout:/usr/bin/ceph: stdout "bytes_used": 0,
2024-09-06T14:19:28.628 INFO:teuthology.orchestra.run.smithi142.stdout:/usr/bin/ceph: stdout "bytes_avail": 0,
2024-09-06T14:19:28.628 INFO:teuthology.orchestra.run.smithi142.stdout:/usr/bin/ceph: stdout "bytes_total": 0
2024-09-06T14:19:28.628 INFO:teuthology.orchestra.run.smithi142.stdout:/usr/bin/ceph: stdout },
2024-09-06T14:19:28.628 INFO:teuthology.orchestra.run.smithi142.stdout:/usr/bin/ceph: stdout "fsmap": {
2024-09-06T14:19:28.628 INFO:teuthology.orchestra.run.smithi142.stdout:/usr/bin/ceph: stdout "epoch": 1,
2024-09-06T14:19:28.628 INFO:teuthology.orchestra.run.smithi142.stdout:/usr/bin/ceph: stdout "btime": "2024-09-06T14:19:13:103085+0000",
2024-09-06T14:19:28.628 INFO:teuthology.orchestra.run.smithi142.stdout:/usr/bin/ceph: stdout "by_rank": [],
2024-09-06T14:19:28.629 INFO:teuthology.orchestra.run.smithi142.stdout:/usr/bin/ceph: stdout "up:standby": 0
2024-09-06T14:19:28.629 INFO:teuthology.orchestra.run.smithi142.stdout:/usr/bin/ceph: stdout },
2024-09-06T14:19:28.629 INFO:teuthology.orchestra.run.smithi142.stdout:/usr/bin/ceph: stdout "mgrmap": {
2024-09-06T14:19:28.629 INFO:teuthology.orchestra.run.smithi142.stdout:/usr/bin/ceph: stdout "available": true,
2024-09-06T14:19:28.629 INFO:teuthology.orchestra.run.smithi142.stdout:/usr/bin/ceph: stdout "num_standbys": 0,
2024-09-06T14:19:28.629 INFO:teuthology.orchestra.run.smithi142.stdout:/usr/bin/ceph: stdout "modules": [
2024-09-06T14:19:28.629 INFO:teuthology.orchestra.run.smithi142.stdout:/usr/bin/ceph: stdout "iostat",
2024-09-06T14:19:28.629 INFO:teuthology.orchestra.run.smithi142.stdout:/usr/bin/ceph: stdout "nfs",
2024-09-06T14:19:28.629 INFO:teuthology.orchestra.run.smithi142.stdout:/usr/bin/ceph: stdout "restful"
2024-09-06T14:19:28.629 INFO:teuthology.orchestra.run.smithi142.stdout:/usr/bin/ceph: stdout ],
2024-09-06T14:19:28.629 INFO:teuthology.orchestra.run.smithi142.stdout:/usr/bin/ceph: stdout "services": {}
2024-09-06T14:19:28.629 INFO:teuthology.orchestra.run.smithi142.stdout:/usr/bin/ceph: stdout },
2024-09-06T14:19:28.629 INFO:teuthology.orchestra.run.smithi142.stdout:/usr/bin/ceph: stdout "servicemap": {
2024-09-06T14:19:28.629 INFO:teuthology.orchestra.run.smithi142.stdout:/usr/bin/ceph: stdout "epoch": 1,
2024-09-06T14:19:28.630 INFO:teuthology.orchestra.run.smithi142.stdout:/usr/bin/ceph: stdout "modified": "2024-09-06T14:19:13.103728+0000",
2024-09-06T14:19:28.630 INFO:teuthology.orchestra.run.smithi142.stdout:/usr/bin/ceph: stdout "services": {}
2024-09-06T14:19:28.630 INFO:teuthology.orchestra.run.smithi142.stdout:/usr/bin/ceph: stdout },
2024-09-06T14:19:28.630 INFO:teuthology.orchestra.run.smithi142.stdout:/usr/bin/ceph: stdout "progress_events": {}
2024-09-06T14:19:28.630 INFO:teuthology.orchestra.run.smithi142.stdout:/usr/bin/ceph: stdout }
2024-09-06T14:19:28.630 INFO:teuthology.orchestra.run.smithi142.stdout:/usr/bin/ceph: stderr
2024-09-06T14:19:27.792+0000 7f49269b9640 1 Processor -- start
2024-09-06T14:19:28.630 INFO:teuthology.orchestra.run.smithi142.stdout:/usr/bin/ceph: stderr
2024-09-06T14:19:27.792+0000 7f49269b9640 1 -- start start
2024-09-06T14:19:28.630 INFO:teuthology.orchestra.run.smithi142.stdout:/usr/bin/ceph: stderr
2024-09-06T14:19:27.793+0000 7f49269b9640 1 --2- >> [v2:172.21.15.142:3300/0,v1:172.21.15.142:6789/0] conn(0x7f4920106770 0x7f4920106b70 unknown :-1 s=NONE pgs=0 cs=0 l=0 rev1=0 crypto rx=0 tx=0 comp rx=0 tx=0).connect
2024-09-06T14:19:28.630 INFO:teuthology.orchestra.run.smithi142.stdout:/usr/bin/ceph: stderr
2024-09-06T14:19:27.793+0000 7f49269b9640 1 -- --> [v2:172.21.15.142:3300/0,v1:172.21.15.142:6789/0] -- mon_getmap magic: 0 -- 0x7f4920107160 con 0x7f4920106770
2024-09-06T14:19:28.630 INFO:teuthology.orchestra.run.smithi142.stdout:/usr/bin/ceph: stderr
2024-09-06T14:19:27.793+0000 7f491ffff640 1 --2- >> [v2:172.21.15.142:3300/0,v1:172.21.15.142:6789/0] conn(0x7f4920106770 0x7f4920106b70 unknown :-1 s=BANNER_CONNECTING pgs=0 cs=0 l=0 rev1=0 crypto rx=0 tx=0 comp rx=0 tx=0)._handle_peer_banner_payload supported=3 required=0
2024-09-06T14:19:28.630 INFO:teuthology.orchestra.run.smithi142.stdout:/usr/bin/ceph: stderr
2024-09-06T14:19:27.793+0000 7f491ffff640 1 --2- >> [v2:172.21.15.142:3300/0,v1:172.21.15.142:6789/0] conn(0x7f4920106770 0x7f4920106b70 unknown :-1 s=HELLO_CONNECTING pgs=0 cs=0 l=0 rev1=1 crypto rx=0 tx=0 comp rx=0 tx=0).handle_hello peer v2:172.21.15.142:3300/0 says I am v2:172.21.15.142:39484/0 (socket says 172.21.15.142:39484)
2024-09-06T14:19:28.630 INFO:teuthology.orchestra.run.smithi142.stdout:/usr/bin/ceph: stderr
2024-09-06T14:19:27.793+0000 7f491ffff640 1 -- 172.21.15.142:0/157862230 learned_addr learned my addr 172.21.15.142:0/157862230 (peer_addr_for_me v2:172.21.15.142:0/0)
2024-09-06T14:19:28.630 INFO:teuthology.orchestra.run.smithi142.stdout:/usr/bin/ceph: stderr
2024-09-06T14:19:27.793+0000 7f491ffff640 1 -- 172.21.15.142:0/157862230 --> [v2:172.21.15.142:3300/0,v1:172.21.15.142:6789/0] -- mon_subscribe({config=0+,monmap=0+}) -- 0x7f49201072e0 con 0x7f4920106770
2024-09-06T14:19:28.631 INFO:teuthology.orchestra.run.smithi142.stdout:/usr/bin/ceph: stderr
2024-09-06T14:19:27.794+0000 7f491ffff640 1 --2- 172.21.15.142:0/157862230 >> [v2:172.21.15.142:3300/0,v1:172.21.15.142:6789/0] conn(0x7f4920106770 0x7f4920106b70 secure :-1 s=READY pgs=14 cs=0 l=1 rev1=1 crypto rx=0x7f4910009820 tx=0x7f491002a270 comp rx=0 tx=0).ready entity=mon.0 client_cookie=34c90acd22a4bfb3 server_cookie=0 in_seq=0 out_seq=0
2024-09-06T14:19:28.631 INFO:teuthology.orchestra.run.smithi142.stdout:/usr/bin/ceph: stderr
2024-09-06T14:19:27.794+0000 7f491effd640 1 -- 172.21.15.142:0/157862230 <== mon.0 v2:172.21.15.142:3300/0 1 ==== mon_map magic: 0 ==== 205+0+0 (secure 0 0 0) 0x7f4910037070 con 0x7f4920106770
2024-09-06T14:19:28.631 INFO:teuthology.orchestra.run.smithi142.stdout:/usr/bin/ceph: stderr
2024-09-06T14:19:27.794+0000 7f491effd640 1 -- 172.21.15.142:0/157862230 <== mon.0 v2:172.21.15.142:3300/0 2 ==== config(25 keys) ==== 1023+0+0 (secure 0 0 0) 0x7f49100328a0 con 0x7f4920106770
2024-09-06T14:19:28.631 INFO:teuthology.orchestra.run.smithi142.stdout:/usr/bin/ceph: stderr
2024-09-06T14:19:27.794+0000 7f491effd640 1 -- 172.21.15.142:0/157862230 <== mon.0 v2:172.21.15.142:3300/0 3 ==== mon_map magic: 0 ==== 205+0+0 (secure 0 0 0) 0x7f4910030690 con 0x7f4920106770
2024-09-06T14:19:28.631 INFO:teuthology.orchestra.run.smithi142.stdout:/usr/bin/ceph: stderr
2024-09-06T14:19:27.795+0000 7f49269b9640 1 -- 172.21.15.142:0/157862230 >> [v2:172.21.15.142:3300/0,v1:172.21.15.142:6789/0] conn(0x7f4920106770 msgr2=0x7f4920106b70 secure :-1 s=STATE_CONNECTION_ESTABLISHED l=1).mark_down
2024-09-06T14:19:28.631 INFO:teuthology.orchestra.run.smithi142.stdout:/usr/bin/ceph: stderr
2024-09-06T14:19:27.795+0000 7f49269b9640 1 --2- 172.21.15.142:0/157862230 >> [v2:172.21.15.142:3300/0,v1:172.21.15.142:6789/0] conn(0x7f4920106770 0x7f4920106b70 secure :-1 s=READY pgs=14 cs=0 l=1 rev1=1 crypto rx=0x7f4910009820 tx=0x7f491002a270 comp rx=0 tx=0).stop
2024-09-06T14:19:28.631 INFO:teuthology.orchestra.run.smithi142.stdout:/usr/bin/ceph: stderr
2024-09-06T14:19:27.795+0000 7f49269b9640 1 -- 172.21.15.142:0/157862230 shutdown_connections
2024-09-06T14:19:28.631 INFO:teuthology.orchestra.run.smithi142.stdout:/usr/bin/ceph: stderr
2024-09-06T14:19:27.795+0000 7f49269b9640 1 --2- 172.21.15.142:0/157862230 >> [v2:172.21.15.142:3300/0,v1:172.21.15.142:6789/0] conn(0x7f4920106770 0x7f4920106b70 unknown :-1 s=CLOSED pgs=14 cs=0 l=1 rev1=1 crypto rx=0 tx=0 comp rx=0 tx=0).stop
2024-09-06T14:19:28.631 INFO:teuthology.orchestra.run.smithi142.stdout:/usr/bin/ceph: stderr
2024-09-06T14:19:27.795+0000 7f49269b9640 1 -- 172.21.15.142:0/157862230 >> 172.21.15.142:0/157862230 conn(0x7f4920102060 msgr2=0x7f4920104480 unknown :-1 s=STATE_NONE l=0).mark_down
2024-09-06T14:19:28.631 INFO:teuthology.orchestra.run.smithi142.stdout:/usr/bin/ceph: stderr
2024-09-06T14:19:27.795+0000 7f49269b9640 1 -- 172.21.15.142:0/157862230 shutdown_connections
2024-09-06T14:19:28.631 INFO:teuthology.orchestra.run.smithi142.stdout:/usr/bin/ceph: stderr
2024-09-06T14:19:27.795+0000 7f49269b9640 1 -- 172.21.15.142:0/157862230 wait complete.
2024-09-06T14:19:28.631 INFO:teuthology.orchestra.run.smithi142.stdout:/usr/bin/ceph: stderr
2024-09-06T14:19:27.795+0000 7f49269b9640 1 Processor -- start
2024-09-06T14:19:28.631 INFO:teuthology.orchestra.run.smithi142.stdout:/usr/bin/ceph: stderr
2024-09-06T14:19:27.795+0000 7f49269b9640 1 -- start start
2024-09-06T14:19:28.632 INFO:teuthology.orchestra.run.smithi142.stdout:/usr/bin/ceph: stderr
2024-09-06T14:19:27.796+0000 7f49269b9640 1 --2- >> [v2:172.21.15.142:3300/0,v1:172.21.15.142:6789/0] conn(0x7f4920106770 0x7f492019a6b0 unknown :-1 s=NONE pgs=0 cs=0 l=1 rev1=0 crypto rx=0 tx=0 comp rx=0 tx=0).connect
2024-09-06T14:19:28.632 INFO:teuthology.orchestra.run.smithi142.stdout:/usr/bin/ceph: stderr
2024-09-06T14:19:27.796+0000 7f49269b9640 1 -- --> [v2:172.21.15.142:3300/0,v1:172.21.15.142:6789/0] -- mon_getmap magic: 0 -- 0x7f4920108580 con 0x7f4920106770
2024-09-06T14:19:28.632 INFO:teuthology.orchestra.run.smithi142.stdout:/usr/bin/ceph: stderr
2024-09-06T14:19:27.796+0000 7f491ffff640 1 --2- >> [v2:172.21.15.142:3300/0,v1:172.21.15.142:6789/0] conn(0x7f4920106770 0x7f492019a6b0 unknown :-1 s=BANNER_CONNECTING pgs=0 cs=0 l=1 rev1=0 crypto rx=0 tx=0 comp rx=0 tx=0)._handle_peer_banner_payload supported=3 required=0
2024-09-06T14:19:28.632 INFO:teuthology.orchestra.run.smithi142.stdout:/usr/bin/ceph: stderr
2024-09-06T14:19:27.796+0000 7f491ffff640 1 --2- >> [v2:172.21.15.142:3300/0,v1:172.21.15.142:6789/0] conn(0x7f4920106770 0x7f492019a6b0 unknown :-1 s=HELLO_CONNECTING pgs=0 cs=0 l=1 rev1=1 crypto rx=0 tx=0 comp rx=0 tx=0).handle_hello peer v2:172.21.15.142:3300/0 says I am v2:172.21.15.142:39486/0 (socket says 172.21.15.142:39486)
2024-09-06T14:19:28.632 INFO:teuthology.orchestra.run.smithi142.stdout:/usr/bin/ceph: stderr
2024-09-06T14:19:27.796+0000 7f491ffff640 1 -- 172.21.15.142:0/1396649916 learned_addr learned my addr 172.21.15.142:0/1396649916 (peer_addr_for_me v2:172.21.15.142:0/0)
2024-09-06T14:19:28.632 INFO:teuthology.orchestra.run.smithi142.stdout:/usr/bin/ceph: stderr
2024-09-06T14:19:27.796+0000 7f491ffff640 1 -- 172.21.15.142:0/1396649916 --> [v2:172.21.15.142:3300/0,v1:172.21.15.142:6789/0] -- mon_subscribe({config=0+,monmap=0+}) -- 0x7f492019ac10 con 0x7f4920106770
2024-09-06T14:19:28.632 INFO:teuthology.orchestra.run.smithi142.stdout:/usr/bin/ceph: stderr
2024-09-06T14:19:27.796+0000 7f491ffff640 1 --2- 172.21.15.142:0/1396649916 >> [v2:172.21.15.142:3300/0,v1:172.21.15.142:6789/0] conn(0x7f4920106770 0x7f492019a6b0 secure :-1 s=READY pgs=15 cs=0 l=1 rev1=1 crypto rx=0x7f4910006f10 tx=0x7f4910032670 comp rx=0 tx=0).ready entity=mon.0 client_cookie=0 server_cookie=0 in_seq=0 out_seq=0
2024-09-06T14:19:28.632 INFO:teuthology.orchestra.run.smithi142.stdout:/usr/bin/ceph: stderr
2024-09-06T14:19:27.797+0000 7f491d7fa640 1 -- 172.21.15.142:0/1396649916 <== mon.0 v2:172.21.15.142:3300/0 1 ==== mon_map magic: 0 ==== 205+0+0 (secure 0 0 0) 0x7f4910037040 con 0x7f4920106770
2024-09-06T14:19:28.632 INFO:teuthology.orchestra.run.smithi142.stdout:/usr/bin/ceph: stderr
2024-09-06T14:19:27.797+0000 7f491d7fa640 1 -- 172.21.15.142:0/1396649916 <== mon.0 v2:172.21.15.142:3300/0 2 ==== config(25 keys) ==== 1023+0+0 (secure 0 0 0) 0x7f4910040070 con 0x7f4920106770
2024-09-06T14:19:28.632 INFO:teuthology.orchestra.run.smithi142.stdout:/usr/bin/ceph: stderr
2024-09-06T14:19:27.797+0000 7f49269b9640 1 -- 172.21.15.142:0/1396649916 --> [v2:172.21.15.142:3300/0,v1:172.21.15.142:6789/0] -- mon_subscribe({mgrmap=0+}) -- 0x7f492019aea0 con 0x7f4920106770
2024-09-06T14:19:28.632 INFO:teuthology.orchestra.run.smithi142.stdout:/usr/bin/ceph: stderr
2024-09-06T14:19:27.797+0000 7f49269b9640 1 -- 172.21.15.142:0/1396649916 --> [v2:172.21.15.142:3300/0,v1:172.21.15.142:6789/0] -- mon_subscribe({osdmap=0}) -- 0x7f492019b860 con 0x7f4920106770
2024-09-06T14:19:28.632 INFO:teuthology.orchestra.run.smithi142.stdout:/usr/bin/ceph: stderr
2024-09-06T14:19:27.797+0000 7f491d7fa640 1 -- 172.21.15.142:0/1396649916 <== mon.0 v2:172.21.15.142:3300/0 3 ==== mon_map magic: 0 ==== 205+0+0 (secure 0 0 0) 0x7f491003a390 con 0x7f4920106770
2024-09-06T14:19:28.632 INFO:teuthology.orchestra.run.smithi142.stdout:/usr/bin/ceph: stderr
2024-09-06T14:19:27.798+0000 7f491d7fa640 1 -- 172.21.15.142:0/1396649916 <== mon.0 v2:172.21.15.142:3300/0 4 ==== mgrmap(e 3) ==== 50009+0+0 (secure 0 0 0) 0x7f491003a600 con 0x7f4920106770
2024-09-06T14:19:28.632 INFO:teuthology.orchestra.run.smithi142.stdout:/usr/bin/ceph: stderr
2024-09-06T14:19:27.798+0000 7f491d7fa640 1 --2- 172.21.15.142:0/1396649916 >> v2:172.21.15.142:6800/1202860895 conn(0x7f490803d970 0x7f490803fe30 unknown :-1 s=NONE pgs=0 cs=0 l=1 rev1=0 crypto rx=0 tx=0 comp rx=0 tx=0).connect
2024-09-06T14:19:28.633 INFO:teuthology.orchestra.run.smithi142.stdout:/usr/bin/ceph: stderr
2024-09-06T14:19:27.798+0000 7f491d7fa640 1 -- 172.21.15.142:0/1396649916 <== mon.0 v2:172.21.15.142:3300/0 5 ==== osd_map(1..1 src has 1..1) ==== 725+0+0 (secure 0 0 0) 0x7f4910071820 con 0x7f4920106770
2024-09-06T14:19:28.633 INFO:teuthology.orchestra.run.smithi142.stdout:/usr/bin/ceph: stderr
2024-09-06T14:19:27.798+0000 7f491f7fe640 1 --2- 172.21.15.142:0/1396649916 >> v2:172.21.15.142:6800/1202860895 conn(0x7f490803d970 0x7f490803fe30 unknown :-1 s=BANNER_CONNECTING pgs=0 cs=0 l=1 rev1=0 crypto rx=0 tx=0 comp rx=0 tx=0)._handle_peer_banner_payload supported=3 required=0
2024-09-06T14:19:28.633 INFO:teuthology.orchestra.run.smithi142.stdout:/usr/bin/ceph: stderr
2024-09-06T14:19:27.798+0000 7f49269b9640 1 -- 172.21.15.142:0/1396649916 --> [v2:172.21.15.142:3300/0,v1:172.21.15.142:6789/0] -- mon_command({"prefix": "get_command_descriptions"} v 0) -- 0x7f490c0050b0 con 0x7f4920106770
2024-09-06T14:19:28.633 INFO:teuthology.orchestra.run.smithi142.stdout:/usr/bin/ceph: stderr
2024-09-06T14:19:27.798+0000 7f491f7fe640 1 --2- 172.21.15.142:0/1396649916 >> v2:172.21.15.142:6800/1202860895 conn(0x7f490803d970 0x7f490803fe30 secure :-1 s=READY pgs=5 cs=0 l=1 rev1=1 crypto rx=0x7f49140098c0 tx=0x7f4914006db0 comp rx=0 tx=0).ready entity=mgr.14100 client_cookie=0 server_cookie=0 in_seq=0 out_seq=0
2024-09-06T14:19:28.633 INFO:teuthology.orchestra.run.smithi142.stdout:/usr/bin/ceph: stderr
2024-09-06T14:19:27.803+0000 7f491d7fa640 1 -- 172.21.15.142:0/1396649916 <== mon.0 v2:172.21.15.142:3300/0 6 ==== mon_command_ack([{"prefix": "get_command_descriptions"}]=0 v0) ==== 72+0+180031 (secure 0 0 0) 0x7f491003a8f0 con 0x7f4920106770
2024-09-06T14:19:28.633 INFO:teuthology.orchestra.run.smithi142.stdout:/usr/bin/ceph: stderr
2024-09-06T14:19:28.010+0000 7f49269b9640 1 -- 172.21.15.142:0/1396649916 --> [v2:172.21.15.142:3300/0,v1:172.21.15.142:6789/0] -- mon_command({"prefix": "status", "format": "json-pretty"} v 0) -- 0x7f490c0053a0 con 0x7f4920106770
2024-09-06T14:19:28.633 INFO:teuthology.orchestra.run.smithi142.stdout:/usr/bin/ceph: stderr
2024-09-06T14:19:28.011+0000 7f491d7fa640 1 -- 172.21.15.142:0/1396649916 <== mon.0 v2:172.21.15.142:3300/0 7 ==== mon_command_ack([{"prefix": "status", "format": "json-pretty"}]=0 v0) ==== 79+0+1290 (secure 0 0 0) 0x7f4910039d90 con 0x7f4920106770
2024-09-06T14:19:28.633 INFO:teuthology.orchestra.run.smithi142.stdout:/usr/bin/ceph: stderr
2024-09-06T14:19:28.012+0000 7f49269b9640 1 -- 172.21.15.142:0/1396649916 >> v2:172.21.15.142:6800/1202860895 conn(0x7f490803d970 msgr2=0x7f490803fe30 secure :-1 s=STATE_CONNECTION_ESTABLISHED l=1).mark_down
2024-09-06T14:19:28.633 INFO:teuthology.orchestra.run.smithi142.stdout:/usr/bin/ceph: stderr
2024-09-06T14:19:28.012+0000 7f49269b9640 1 --2- 172.21.15.142:0/1396649916 >> v2:172.21.15.142:6800/1202860895 conn(0x7f490803d970 0x7f490803fe30 secure :-1 s=READY pgs=5 cs=0 l=1 rev1=1 crypto rx=0x7f49140098c0 tx=0x7f4914006db0 comp rx=0 tx=0).stop
2024-09-06T14:19:28.633 INFO:teuthology.orchestra.run.smithi142.stdout:/usr/bin/ceph: stderr
2024-09-06T14:19:28.013+0000 7f49269b9640 1 -- 172.21.15.142:0/1396649916 >> [v2:172.21.15.142:3300/0,v1:172.21.15.142:6789/0] conn(0x7f4920106770 msgr2=0x7f492019a6b0 secure :-1 s=STATE_CONNECTION_ESTABLISHED l=1).mark_down
2024-09-06T14:19:28.633 INFO:teuthology.orchestra.run.smithi142.stdout:/usr/bin/ceph: stderr
2024-09-06T14:19:28.013+0000 7f49269b9640 1 --2- 172.21.15.142:0/1396649916 >> [v2:172.21.15.142:3300/0,v1:172.21.15.142:6789/0] conn(0x7f4920106770 0x7f492019a6b0 secure :-1 s=READY pgs=15 cs=0 l=1 rev1=1 crypto rx=0x7f4910006f10 tx=0x7f4910032670 comp rx=0 tx=0).stop
2024-09-06T14:19:28.633 INFO:teuthology.orchestra.run.smithi142.stdout:/usr/bin/ceph: stderr
2024-09-06T14:19:28.013+0000 7f49269b9640 1 -- 172.21.15.142:0/1396649916 shutdown_connections
2024-09-06T14:19:28.633 INFO:teuthology.orchestra.run.smithi142.stdout:/usr/bin/ceph: stderr
2024-09-06T14:19:28.013+0000 7f49269b9640 1 --2- 172.21.15.142:0/1396649916 >> v2:172.21.15.142:6800/1202860895 conn(0x7f490803d970 0x7f490803fe30 unknown :-1 s=CLOSED pgs=5 cs=0 l=1 rev1=1 crypto rx=0 tx=0 comp rx=0 tx=0).stop
2024-09-06T14:19:28.633 INFO:teuthology.orchestra.run.smithi142.stdout:/usr/bin/ceph: stderr
2024-09-06T14:19:28.013+0000 7f49269b9640 1 --2- 172.21.15.142:0/1396649916 >> [v2:172.21.15.142:3300/0,v1:172.21.15.142:6789/0] conn(0x7f4920106770 0x7f492019a6b0 unknown :-1 s=CLOSED pgs=15 cs=0 l=1 rev1=1 crypto rx=0 tx=0 comp rx=0 tx=0).stop
2024-09-06T14:19:28.634 INFO:teuthology.orchestra.run.smithi142.stdout:/usr/bin/ceph: stderr
2024-09-06T14:19:28.013+0000 7f49269b9640 1 -- 172.21.15.142:0/1396649916 >> 172.21.15.142:0/1396649916 conn(0x7f4920102060 msgr2=0x7f4920102bf0 unknown :-1 s=STATE_NONE l=0).mark_down
2024-09-06T14:19:28.634 INFO:teuthology.orchestra.run.smithi142.stdout:/usr/bin/ceph: stderr
2024-09-06T14:19:28.013+0000 7f49269b9640 1 -- 172.21.15.142:0/1396649916 shutdown_connections
2024-09-06T14:19:28.634 INFO:teuthology.orchestra.run.smithi142.stdout:/usr/bin/ceph: stderr
2024-09-06T14:19:28.013+0000 7f49269b9640 1 -- 172.21.15.142:0/1396649916 wait complete.
2024-09-06T14:19:28.634 INFO:teuthology.orchestra.run.smithi142.stdout:mgr is available
2024-09-06T14:19:29.456 INFO:journalctl@ceph.mon.a.smithi142.stdout:Sep 06 14:19:29 smithi142 ceph-mon[29958]: mgrmap e4: y(active, since 2s)
2024-09-06T14:19:29.745 INFO:teuthology.orchestra.run.smithi142.stdout:/usr/bin/ceph: stdout
2024-09-06T14:19:29.787 INFO:teuthology.orchestra.run.smithi142.stdout:/usr/bin/ceph: stdout [global]
2024-09-06T14:19:29.787 INFO:teuthology.orchestra.run.smithi142.stdout:/usr/bin/ceph: stdout fsid = ce32462e-6c5a-11ef-bce4-c7b262605968
2024-09-06T14:19:29.787 INFO:teuthology.orchestra.run.smithi142.stdout:/usr/bin/ceph: stdout mon_cluster_log_file_level = debug
2024-09-06T14:19:29.787 INFO:teuthology.orchestra.run.smithi142.stdout:/usr/bin/ceph: stdout mon_host = [v2:172.21.15.142:3300,v1:172.21.15.142:6789]
2024-09-06T14:19:29.787 INFO:teuthology.orchestra.run.smithi142.stdout:/usr/bin/ceph: stdout mon_osd_allow_pg_remap = true
2024-09-06T14:19:29.787 INFO:teuthology.orchestra.run.smithi142.stdout:/usr/bin/ceph: stdout mon_osd_allow_primary_affinity = true
2024-09-06T14:19:29.788 INFO:teuthology.orchestra.run.smithi142.stdout:/usr/bin/ceph: stdout mon_warn_on_no_sortbitwise = false
2024-09-06T14:19:29.788 INFO:teuthology.orchestra.run.smithi142.stdout:/usr/bin/ceph: stdout osd_crush_chooseleaf_type = 0
2024-09-06T14:19:29.788 INFO:teuthology.orchestra.run.smithi142.stdout:/usr/bin/ceph: stdout
2024-09-06T14:19:29.794 INFO:teuthology.orchestra.run.smithi142.stdout:/usr/bin/ceph: stdout [mgr]
2024-09-06T14:19:29.794 INFO:teuthology.orchestra.run.smithi142.stdout:/usr/bin/ceph: stdout mgr/telemetry/nag = false
2024-09-06T14:19:29.794 INFO:teuthology.orchestra.run.smithi142.stdout:/usr/bin/ceph: stdout
2024-09-06T14:19:29.794 INFO:teuthology.orchestra.run.smithi142.stdout:/usr/bin/ceph: stdout [osd]
2024-09-06T14:19:29.794 INFO:teuthology.orchestra.run.smithi142.stdout:/usr/bin/ceph: stdout osd_map_max_advance = 10
2024-09-06T14:19:29.794 INFO:teuthology.orchestra.run.smithi142.stdout:/usr/bin/ceph: stdout osd_sloppy_crc = true
2024-09-06T14:19:29.794 INFO:teuthology.orchestra.run.smithi142.stdout:/usr/bin/ceph: stderr
2024-09-06T14:19:29.004+0000 7fa31cd60640 1 Processor -- start
2024-09-06T14:19:29.795 INFO:teuthology.orchestra.run.smithi142.stdout:/usr/bin/ceph: stderr
2024-09-06T14:19:29.004+0000 7fa31cd60640 1 -- start start
2024-09-06T14:19:29.795 INFO:teuthology.orchestra.run.smithi142.stdout:/usr/bin/ceph: stderr
2024-09-06T14:19:29.004+0000 7fa31cd60640 1 --2- >> [v2:172.21.15.142:3300/0,v1:172.21.15.142:6789/0] conn(0x7fa318106710 0x7fa318106b10 unknown :-1 s=NONE pgs=0 cs=0 l=0 rev1=0 crypto rx=0 tx=0 comp rx=0 tx=0).connect
2024-09-06T14:19:29.795 INFO:teuthology.orchestra.run.smithi142.stdout:/usr/bin/ceph: stderr
2024-09-06T14:19:29.004+0000 7fa31cd60640 1 -- --> [v2:172.21.15.142:3300/0,v1:172.21.15.142:6789/0] -- mon_getmap magic: 0 -- 0x7fa318107100 con 0x7fa318106710
2024-09-06T14:19:29.795 INFO:teuthology.orchestra.run.smithi142.stdout:/usr/bin/ceph: stderr
2024-09-06T14:19:29.004+0000 7fa31659c640 1 --2- >> [v2:172.21.15.142:3300/0,v1:172.21.15.142:6789/0] conn(0x7fa318106710 0x7fa318106b10 unknown :-1 s=BANNER_CONNECTING pgs=0 cs=0 l=0 rev1=0 crypto rx=0 tx=0 comp rx=0 tx=0)._handle_peer_banner_payload supported=3 required=0
2024-09-06T14:19:29.795 INFO:teuthology.orchestra.run.smithi142.stdout:/usr/bin/ceph: stderr
2024-09-06T14:19:29.004+0000 7fa31659c640 1 --2- >> [v2:172.21.15.142:3300/0,v1:172.21.15.142:6789/0] conn(0x7fa318106710 0x7fa318106b10 unknown :-1 s=HELLO_CONNECTING pgs=0 cs=0 l=0 rev1=1 crypto rx=0 tx=0 comp rx=0 tx=0).handle_hello peer v2:172.21.15.142:3300/0 says I am v2:172.21.15.142:39492/0 (socket says 172.21.15.142:39492)
2024-09-06T14:19:29.795 INFO:teuthology.orchestra.run.smithi142.stdout:/usr/bin/ceph: stderr
2024-09-06T14:19:29.004+0000 7fa31659c640 1 -- 172.21.15.142:0/3332527926 learned_addr learned my addr 172.21.15.142:0/3332527926 (peer_addr_for_me v2:172.21.15.142:0/0)
2024-09-06T14:19:29.795 INFO:teuthology.orchestra.run.smithi142.stdout:/usr/bin/ceph: stderr
2024-09-06T14:19:29.005+0000 7fa31659c640 1 -- 172.21.15.142:0/3332527926 --> [v2:172.21.15.142:3300/0,v1:172.21.15.142:6789/0] -- mon_subscribe({config=0+,monmap=0+}) -- 0x7fa318107280 con 0x7fa318106710
2024-09-06T14:19:29.795 INFO:teuthology.orchestra.run.smithi142.stdout:/usr/bin/ceph: stderr
2024-09-06T14:19:29.005+0000 7fa31659c640 1 --2- 172.21.15.142:0/3332527926 >> [v2:172.21.15.142:3300/0,v1:172.21.15.142:6789/0] conn(0x7fa318106710 0x7fa318106b10 secure :-1 s=READY pgs=16 cs=0 l=1 rev1=1 crypto rx=0x7fa308009820 tx=0x7fa30802a270 comp rx=0 tx=0).ready entity=mon.0 client_cookie=d89d623526c332a6 server_cookie=0 in_seq=0 out_seq=0
2024-09-06T14:19:29.795 INFO:teuthology.orchestra.run.smithi142.stdout:/usr/bin/ceph: stderr
2024-09-06T14:19:29.006+0000 7fa315d9b640 1 -- 172.21.15.142:0/3332527926 <== mon.0 v2:172.21.15.142:3300/0 1 ==== mon_map magic: 0 ==== 205+0+0 (secure 0 0 0) 0x7fa308037070 con 0x7fa318106710
2024-09-06T14:19:29.795 INFO:teuthology.orchestra.run.smithi142.stdout:/usr/bin/ceph: stderr
2024-09-06T14:19:29.006+0000 7fa315d9b640 1 -- 172.21.15.142:0/3332527926 <== mon.0 v2:172.21.15.142:3300/0 2 ==== config(25 keys) ==== 1023+0+0 (secure 0 0 0) 0x7fa3080328a0 con 0x7fa318106710
2024-09-06T14:19:29.795 INFO:teuthology.orchestra.run.smithi142.stdout:/usr/bin/ceph: stderr
2024-09-06T14:19:29.006+0000 7fa315d9b640 1 -- 172.21.15.142:0/3332527926 <== mon.0 v2:172.21.15.142:3300/0 3 ==== mon_map magic: 0 ==== 205+0+0 (secure 0 0 0) 0x7fa308030690 con 0x7fa318106710
2024-09-06T14:19:29.795 INFO:teuthology.orchestra.run.smithi142.stdout:/usr/bin/ceph: stderr
2024-09-06T14:19:29.006+0000 7fa31cd60640 1 -- 172.21.15.142:0/3332527926 >> [v2:172.21.15.142:3300/0,v1:172.21.15.142:6789/0] conn(0x7fa318106710 msgr2=0x7fa318106b10 secure :-1 s=STATE_CONNECTION_ESTABLISHED l=1).mark_down
2024-09-06T14:19:29.796 INFO:teuthology.orchestra.run.smithi142.stdout:/usr/bin/ceph: stderr
2024-09-06T14:19:29.006+0000 7fa31cd60640 1 --2- 172.21.15.142:0/3332527926 >> [v2:172.21.15.142:3300/0,v1:172.21.15.142:6789/0] conn(0x7fa318106710 0x7fa318106b10 secure :-1 s=READY pgs=16 cs=0 l=1 rev1=1 crypto rx=0x7fa308009820 tx=0x7fa30802a270 comp rx=0 tx=0).stop
2024-09-06T14:19:29.796 INFO:teuthology.orchestra.run.smithi142.stdout:/usr/bin/ceph: stderr
2024-09-06T14:19:29.006+0000 7fa31cd60640 1 -- 172.21.15.142:0/3332527926 shutdown_connections
2024-09-06T14:19:29.796 INFO:teuthology.orchestra.run.smithi142.stdout:/usr/bin/ceph: stderr
2024-09-06T14:19:29.006+0000 7fa31cd60640 1 --2- 172.21.15.142:0/3332527926 >> [v2:172.21.15.142:3300/0,v1:172.21.15.142:6789/0] conn(0x7fa318106710 0x7fa318106b10 unknown :-1 s=CLOSED pgs=16 cs=0 l=1 rev1=1 crypto rx=0 tx=0 comp rx=0 tx=0).stop
2024-09-06T14:19:29.796 INFO:teuthology.orchestra.run.smithi142.stdout:/usr/bin/ceph: stderr
2024-09-06T14:19:29.006+0000 7fa31cd60640 1 -- 172.21.15.142:0/3332527926 >> 172.21.15.142:0/3332527926 conn(0x7fa318102020 msgr2=0x7fa318104440 unknown :-1 s=STATE_NONE l=0).mark_down
2024-09-06T14:19:29.796 INFO:teuthology.orchestra.run.smithi142.stdout:/usr/bin/ceph: stderr
2024-09-06T14:19:29.006+0000 7fa31cd60640 1 -- 172.21.15.142:0/3332527926 shutdown_connections
2024-09-06T14:19:29.796 INFO:teuthology.orchestra.run.smithi142.stdout:/usr/bin/ceph: stderr
2024-09-06T14:19:29.006+0000 7fa31cd60640 1 -- 172.21.15.142:0/3332527926 wait complete.
2024-09-06T14:19:29.796 INFO:teuthology.orchestra.run.smithi142.stdout:/usr/bin/ceph: stderr
2024-09-06T14:19:29.007+0000 7fa31cd60640 1 Processor -- start
2024-09-06T14:19:29.796 INFO:teuthology.orchestra.run.smithi142.stdout:/usr/bin/ceph: stderr
2024-09-06T14:19:29.007+0000 7fa31cd60640 1 -- start start
2024-09-06T14:19:29.796 INFO:teuthology.orchestra.run.smithi142.stdout:/usr/bin/ceph: stderr
2024-09-06T14:19:29.007+0000 7fa31cd60640 1 --2- >> [v2:172.21.15.142:3300/0,v1:172.21.15.142:6789/0] conn(0x7fa318106710 0x7fa31819a6e0 unknown :-1 s=NONE pgs=0 cs=0 l=1 rev1=0 crypto rx=0 tx=0 comp rx=0 tx=0).connect
2024-09-06T14:19:29.796 INFO:teuthology.orchestra.run.smithi142.stdout:/usr/bin/ceph: stderr
2024-09-06T14:19:29.007+0000 7fa31cd60640 1 -- --> [v2:172.21.15.142:3300/0,v1:172.21.15.142:6789/0] -- mon_getmap magic: 0 -- 0x7fa31810ab40 con 0x7fa318106710
2024-09-06T14:19:29.796 INFO:teuthology.orchestra.run.smithi142.stdout:/usr/bin/ceph: stderr
2024-09-06T14:19:29.007+0000 7fa31659c640 1 --2- >> [v2:172.21.15.142:3300/0,v1:172.21.15.142:6789/0] conn(0x7fa318106710 0x7fa31819a6e0 unknown :-1 s=BANNER_CONNECTING pgs=0 cs=0 l=1 rev1=0 crypto rx=0 tx=0 comp rx=0 tx=0)._handle_peer_banner_payload supported=3 required=0
2024-09-06T14:19:29.796 INFO:teuthology.orchestra.run.smithi142.stdout:/usr/bin/ceph: stderr
2024-09-06T14:19:29.007+0000 7fa31659c640 1 --2- >> [v2:172.21.15.142:3300/0,v1:172.21.15.142:6789/0] conn(0x7fa318106710 0x7fa31819a6e0 unknown :-1 s=HELLO_CONNECTING pgs=0 cs=0 l=1 rev1=1 crypto rx=0 tx=0 comp rx=0 tx=0).handle_hello peer v2:172.21.15.142:3300/0 says I am v2:172.21.15.142:39508/0 (socket says 172.21.15.142:39508)
2024-09-06T14:19:29.796 INFO:teuthology.orchestra.run.smithi142.stdout:/usr/bin/ceph: stderr
2024-09-06T14:19:29.007+0000 7fa31659c640 1 -- 172.21.15.142:0/1585255306 learned_addr learned my addr 172.21.15.142:0/1585255306 (peer_addr_for_me v2:172.21.15.142:0/0)
2024-09-06T14:19:29.797 INFO:teuthology.orchestra.run.smithi142.stdout:/usr/bin/ceph: stderr
2024-09-06T14:19:29.007+0000 7fa31659c640 1 -- 172.21.15.142:0/1585255306 --> [v2:172.21.15.142:3300/0,v1:172.21.15.142:6789/0] -- mon_subscribe({config=0+,monmap=0+}) -- 0x7fa31819ac40 con 0x7fa318106710
2024-09-06T14:19:29.797 INFO:teuthology.orchestra.run.smithi142.stdout:/usr/bin/ceph: stderr
2024-09-06T14:19:29.008+0000 7fa31659c640 1 --2- 172.21.15.142:0/1585255306 >> [v2:172.21.15.142:3300/0,v1:172.21.15.142:6789/0] conn(0x7fa318106710 0x7fa31819a6e0 secure :-1 s=READY pgs=17 cs=0 l=1 rev1=1 crypto rx=0x7fa308006f10 tx=0x7fa308032670 comp rx=0 tx=0).ready entity=mon.0 client_cookie=0 server_cookie=0 in_seq=0 out_seq=0
2024-09-06T14:19:29.797 INFO:teuthology.orchestra.run.smithi142.stdout:/usr/bin/ceph: stderr
2024-09-06T14:19:29.008+0000 7fa30f7fe640 1 -- 172.21.15.142:0/1585255306 <== mon.0 v2:172.21.15.142:3300/0 1 ==== mon_map magic: 0 ==== 205+0+0 (secure 0 0 0) 0x7fa308037040 con 0x7fa318106710
2024-09-06T14:19:29.797 INFO:teuthology.orchestra.run.smithi142.stdout:/usr/bin/ceph: stderr
2024-09-06T14:19:29.008+0000 7fa30f7fe640 1 -- 172.21.15.142:0/1585255306 <== mon.0 v2:172.21.15.142:3300/0 2 ==== config(25 keys) ==== 1023+0+0 (secure 0 0 0) 0x7fa308040070 con 0x7fa318106710
2024-09-06T14:19:29.797 INFO:teuthology.orchestra.run.smithi142.stdout:/usr/bin/ceph: stderr
2024-09-06T14:19:29.008+0000 7fa31cd60640 1 -- 172.21.15.142:0/1585255306 --> [v2:172.21.15.142:3300/0,v1:172.21.15.142:6789/0] -- mon_subscribe({mgrmap=0+}) -- 0x7fa31819aed0 con 0x7fa318106710
2024-09-06T14:19:29.797 INFO:teuthology.orchestra.run.smithi142.stdout:/usr/bin/ceph: stderr
2024-09-06T14:19:29.008+0000 7fa30f7fe640 1 -- 172.21.15.142:0/1585255306 <== mon.0 v2:172.21.15.142:3300/0 3 ==== mon_map magic: 0 ==== 205+0+0 (secure 0 0 0) 0x7fa30803a390 con 0x7fa318106710
2024-09-06T14:19:29.797 INFO:teuthology.orchestra.run.smithi142.stdout:/usr/bin/ceph: stderr
2024-09-06T14:19:29.008+0000 7fa31cd60640 1 -- 172.21.15.142:0/1585255306 --> [v2:172.21.15.142:3300/0,v1:172.21.15.142:6789/0] -- mon_subscribe({osdmap=0}) -- 0x7fa31819b890 con 0x7fa318106710
2024-09-06T14:19:29.797 INFO:teuthology.orchestra.run.smithi142.stdout:/usr/bin/ceph: stderr
2024-09-06T14:19:29.009+0000 7fa30f7fe640 1 -- 172.21.15.142:0/1585255306 <== mon.0 v2:172.21.15.142:3300/0 4 ==== mgrmap(e 4) ==== 50064+0+0 (secure 0 0 0) 0x7fa30803a650 con 0x7fa318106710
2024-09-06T14:19:29.797 INFO:teuthology.orchestra.run.smithi142.stdout:/usr/bin/ceph: stderr
2024-09-06T14:19:29.009+0000 7fa31cd60640 1 -- 172.21.15.142:0/1585255306 --> [v2:172.21.15.142:3300/0,v1:172.21.15.142:6789/0] -- mon_command({"prefix": "get_command_descriptions"} v 0) -- 0x7fa318106b90 con 0x7fa318106710
2024-09-06T14:19:29.797 INFO:teuthology.orchestra.run.smithi142.stdout:/usr/bin/ceph: stderr
2024-09-06T14:19:29.009+0000 7fa30f7fe640 1 --2- 172.21.15.142:0/1585255306 >> v2:172.21.15.142:6800/1202860895 conn(0x7fa30403d9b0 0x7fa30403fe70 unknown :-1 s=NONE pgs=0 cs=0 l=1 rev1=0 crypto rx=0 tx=0 comp rx=0 tx=0).connect
2024-09-06T14:19:29.797 INFO:teuthology.orchestra.run.smithi142.stdout:/usr/bin/ceph: stderr
2024-09-06T14:19:29.009+0000 7fa30f7fe640 1 -- 172.21.15.142:0/1585255306 <== mon.0 v2:172.21.15.142:3300/0 5 ==== osd_map(1..1 src has 1..1) ==== 725+0+0 (secure 0 0 0) 0x7fa308071b00 con 0x7fa318106710
2024-09-06T14:19:29.797 INFO:teuthology.orchestra.run.smithi142.stdout:/usr/bin/ceph: stderr
2024-09-06T14:19:29.009+0000 7fa30ffff640 1 --2- 172.21.15.142:0/1585255306 >> v2:172.21.15.142:6800/1202860895 conn(0x7fa30403d9b0 0x7fa30403fe70 unknown :-1 s=BANNER_CONNECTING pgs=0 cs=0 l=1 rev1=0 crypto rx=0 tx=0 comp rx=0 tx=0)._handle_peer_banner_payload supported=3 required=0
2024-09-06T14:19:29.797 INFO:teuthology.orchestra.run.smithi142.stdout:/usr/bin/ceph: stderr
2024-09-06T14:19:29.009+0000 7fa30ffff640 1 --2- 172.21.15.142:0/1585255306 >> v2:172.21.15.142:6800/1202860895 conn(0x7fa30403d9b0 0x7fa30403fe70 secure :-1 s=READY pgs=6 cs=0 l=1 rev1=1 crypto rx=0x7fa3000098c0 tx=0x7fa300006db0 comp rx=0 tx=0).ready entity=mgr.14100 client_cookie=0 server_cookie=0 in_seq=0 out_seq=0
2024-09-06T14:19:29.798 INFO:teuthology.orchestra.run.smithi142.stdout:/usr/bin/ceph: stderr
2024-09-06T14:19:29.013+0000 7fa30f7fe640 1 -- 172.21.15.142:0/1585255306 <== mon.0 v2:172.21.15.142:3300/0 6 ==== mon_command_ack([{"prefix": "get_command_descriptions"}]=0 v0) ==== 72+0+180031 (secure 0 0 0) 0x7fa30803a940 con 0x7fa318106710
2024-09-06T14:19:29.798 INFO:teuthology.orchestra.run.smithi142.stdout:/usr/bin/ceph: stderr
2024-09-06T14:19:29.166+0000 7fa31cd60640 1 -- 172.21.15.142:0/1585255306 --> [v2:172.21.15.142:3300/0,v1:172.21.15.142:6789/0] -- mon_command({"prefix": "config assimilate-conf"} v 0) -- 0x7fa31819bfb0 con 0x7fa318106710
2024-09-06T14:19:29.798 INFO:teuthology.orchestra.run.smithi142.stdout:/usr/bin/ceph: stderr
2024-09-06T14:19:29.167+0000 7fa30f7fe640 1 -- 172.21.15.142:0/1585255306 <== mon.0 v2:172.21.15.142:3300/0 7 ==== mon_command_ack([{"prefix": "config assimilate-conf"}]=0 v3) ==== 70+0+376 (secure 0 0 0) 0x7fa308045460 con 0x7fa318106710
2024-09-06T14:19:29.798 INFO:teuthology.orchestra.run.smithi142.stdout:/usr/bin/ceph: stderr
2024-09-06T14:19:29.169+0000 7fa31cd60640 1 -- 172.21.15.142:0/1585255306 >> v2:172.21.15.142:6800/1202860895 conn(0x7fa30403d9b0 msgr2=0x7fa30403fe70 secure :-1 s=STATE_CONNECTION_ESTABLISHED l=1).mark_down
2024-09-06T14:19:29.798 INFO:teuthology.orchestra.run.smithi142.stdout:/usr/bin/ceph: stderr
2024-09-06T14:19:29.169+0000 7fa31cd60640 1 --2- 172.21.15.142:0/1585255306 >> v2:172.21.15.142:6800/1202860895 conn(0x7fa30403d9b0 0x7fa30403fe70 secure :-1 s=READY pgs=6 cs=0 l=1 rev1=1 crypto rx=0x7fa3000098c0 tx=0x7fa300006db0 comp rx=0 tx=0).stop
2024-09-06T14:19:29.798 INFO:teuthology.orchestra.run.smithi142.stdout:/usr/bin/ceph: stderr
2024-09-06T14:19:29.169+0000 7fa31cd60640 1 -- 172.21.15.142:0/1585255306 >> [v2:172.21.15.142:3300/0,v1:172.21.15.142:6789/0] conn(0x7fa318106710 msgr2=0x7fa31819a6e0 secure :-1 s=STATE_CONNECTION_ESTABLISHED l=1).mark_down
2024-09-06T14:19:29.798 INFO:teuthology.orchestra.run.smithi142.stdout:/usr/bin/ceph: stderr
2024-09-06T14:19:29.169+0000 7fa31cd60640 1 --2- 172.21.15.142:0/1585255306 >> [v2:172.21.15.142:3300/0,v1:172.21.15.142:6789/0] conn(0x7fa318106710 0x7fa31819a6e0 secure :-1 s=READY pgs=17 cs=0 l=1 rev1=1 crypto rx=0x7fa308006f10 tx=0x7fa308032670 comp rx=0 tx=0).stop
2024-09-06T14:19:29.798 INFO:teuthology.orchestra.run.smithi142.stdout:/usr/bin/ceph: stderr
2024-09-06T14:19:29.169+0000 7fa31cd60640 1 -- 172.21.15.142:0/1585255306 shutdown_connections
2024-09-06T14:19:29.799 INFO:teuthology.orchestra.run.smithi142.stdout:/usr/bin/ceph: stderr
2024-09-06T14:19:29.169+0000 7fa31cd60640 1 --2- 172.21.15.142:0/1585255306 >> v2:172.21.15.142:6800/1202860895 conn(0x7fa30403d9b0 0x7fa30403fe70 unknown :-1 s=CLOSED pgs=6 cs=0 l=1 rev1=1 crypto rx=0 tx=0 comp rx=0 tx=0).stop
2024-09-06T14:19:29.799 INFO:teuthology.orchestra.run.smithi142.stdout:/usr/bin/ceph: stderr
2024-09-06T14:19:29.169+0000 7fa31cd60640 1 --2- 172.21.15.142:0/1585255306 >> [v2:172.21.15.142:3300/0,v1:172.21.15.142:6789/0] conn(0x7fa318106710 0x7fa31819a6e0 unknown :-1 s=CLOSED pgs=17 cs=0 l=1 rev1=1 crypto rx=0 tx=0 comp rx=0 tx=0).stop
2024-09-06T14:19:29.799 INFO:teuthology.orchestra.run.smithi142.stdout:/usr/bin/ceph: stderr
2024-09-06T14:19:29.169+0000 7fa31cd60640 1 -- 172.21.15.142:0/1585255306 >> 172.21.15.142:0/1585255306 conn(0x7fa318102020 msgr2=0x7fa318102b10 unknown :-1 s=STATE_NONE l=0).mark_down
2024-09-06T14:19:29.799 INFO:teuthology.orchestra.run.smithi142.stdout:/usr/bin/ceph: stderr
2024-09-06T14:19:29.169+0000 7fa31cd60640 1 -- 172.21.15.142:0/1585255306 shutdown_connections
2024-09-06T14:19:29.799 INFO:teuthology.orchestra.run.smithi142.stdout:/usr/bin/ceph: stderr
2024-09-06T14:19:29.169+0000 7fa31cd60640 1 -- 172.21.15.142:0/1585255306 wait complete.
2024-09-06T14:19:29.799 INFO:teuthology.orchestra.run.smithi142.stdout:Enabling cephadm module...
2024-09-06T14:19:30.167 INFO:journalctl@ceph.mon.a.smithi142.stdout:Sep 06 14:19:30 smithi142 ceph-mon[29958]: from='client.? 172.21.15.142:0/1585255306' entity='client.admin' cmd={"prefix": "config assimilate-conf"} : dispatch
2024-09-06T14:19:31.391 INFO:journalctl@ceph.mon.a.smithi142.stdout:Sep 06 14:19:31 smithi142 ceph-mon[29958]: from='client.? 172.21.15.142:0/402729962' entity='client.admin' cmd={"prefix": "mgr module enable", "module": "cephadm"} : dispatch
2024-09-06T14:19:31.391 INFO:journalctl@ceph.mgr.y.smithi142.stdout:Sep 06 14:19:31 smithi142 ceph-ce32462e-6c5a-11ef-bce4-c7b262605968-mgr-y[30184]: ignoring --setuser ceph since I am not root
2024-09-06T14:19:31.391 INFO:journalctl@ceph.mgr.y.smithi142.stdout:Sep 06 14:19:31 smithi142 ceph-ce32462e-6c5a-11ef-bce4-c7b262605968-mgr-y[30184]: ignoring --setgroup ceph since I am not root
2024-09-06T14:19:31.863 INFO:teuthology.orchestra.run.smithi142.stdout:/usr/bin/ceph: stderr
2024-09-06T14:19:30.172+0000 7f7112aa7640 1 Processor -- start
2024-09-06T14:19:31.864 INFO:teuthology.orchestra.run.smithi142.stdout:/usr/bin/ceph: stderr
2024-09-06T14:19:30.172+0000 7f7112aa7640 1 -- start start
2024-09-06T14:19:31.864 INFO:teuthology.orchestra.run.smithi142.stdout:/usr/bin/ceph: stderr
2024-09-06T14:19:30.172+0000 7f7112aa7640 1 --2- >> [v2:172.21.15.142:3300/0,v1:172.21.15.142:6789/0] conn(0x7f710c106710 0x7f710c106b10 unknown :-1 s=NONE pgs=0 cs=0 l=0 rev1=0 crypto rx=0 tx=0 comp rx=0 tx=0).connect
2024-09-06T14:19:31.864 INFO:teuthology.orchestra.run.smithi142.stdout:/usr/bin/ceph: stderr
2024-09-06T14:19:30.172+0000 7f7112aa7640 1 -- --> [v2:172.21.15.142:3300/0,v1:172.21.15.142:6789/0] -- mon_getmap magic: 0 -- 0x7f710c107100 con 0x7f710c106710
2024-09-06T14:19:31.864 INFO:teuthology.orchestra.run.smithi142.stdout:/usr/bin/ceph: stderr
2024-09-06T14:19:30.172+0000 7f7110843640 1 --2- >> [v2:172.21.15.142:3300/0,v1:172.21.15.142:6789/0] conn(0x7f710c106710 0x7f710c106b10 unknown :-1 s=BANNER_CONNECTING pgs=0 cs=0 l=0 rev1=0 crypto rx=0 tx=0 comp rx=0 tx=0)._handle_peer_banner_payload supported=3 required=0
2024-09-06T14:19:31.864 INFO:teuthology.orchestra.run.smithi142.stdout:/usr/bin/ceph: stderr
2024-09-06T14:19:30.172+0000 7f7110843640 1 --2- >> [v2:172.21.15.142:3300/0,v1:172.21.15.142:6789/0] conn(0x7f710c106710 0x7f710c106b10 unknown :-1 s=HELLO_CONNECTING pgs=0 cs=0 l=0 rev1=1 crypto rx=0 tx=0 comp rx=0 tx=0).handle_hello peer v2:172.21.15.142:3300/0 says I am v2:172.21.15.142:39512/0 (socket says 172.21.15.142:39512)
2024-09-06T14:19:31.864 INFO:teuthology.orchestra.run.smithi142.stdout:/usr/bin/ceph: stderr
2024-09-06T14:19:30.172+0000 7f7110843640 1 -- 172.21.15.142:0/1504138116 learned_addr learned my addr 172.21.15.142:0/1504138116 (peer_addr_for_me v2:172.21.15.142:0/0)
