2024-09-06T14:19:47.508 INFO:journalctl@ceph.mon.a.smithi142.stdout:Sep 06 14:19:47 smithi142 ceph-mon[29958]: from='mgr.14116 172.21.15.142:0/3534094648' entity='mgr.y' cmd={"prefix": "config dump", "format": "json"} : dispatch
2024-09-06T14:19:48.315 INFO:teuthology.orchestra.run.smithi142.stdout:/usr/bin/ceph: stdout Scheduled mon update...
2024-09-06T14:19:48.315 INFO:teuthology.orchestra.run.smithi142.stdout:/usr/bin/ceph: stderr
2024-09-06T14:19:47.319+0000 7f0b48b55640 1 Processor -- start
2024-09-06T14:19:48.315 INFO:teuthology.orchestra.run.smithi142.stdout:/usr/bin/ceph: stderr
2024-09-06T14:19:47.319+0000 7f0b48b55640 1 -- start start
2024-09-06T14:19:48.315 INFO:teuthology.orchestra.run.smithi142.stdout:/usr/bin/ceph: stderr
2024-09-06T14:19:47.319+0000 7f0b48b55640 1 --2- >> [v2:172.21.15.142:3300/0,v1:172.21.15.142:6789/0] conn(0x7f0b441055b0 0x7f0b441059b0 unknown :-1 s=NONE pgs=0 cs=0 l=0 rev1=0 crypto rx=0 tx=0 comp rx=0 tx=0).connect
2024-09-06T14:19:48.315 INFO:teuthology.orchestra.run.smithi142.stdout:/usr/bin/ceph: stderr
2024-09-06T14:19:47.319+0000 7f0b48b55640 1 -- --> [v2:172.21.15.142:3300/0,v1:172.21.15.142:6789/0] -- mon_getmap magic: 0 -- 0x7f0b44105fa0 con 0x7f0b441055b0
2024-09-06T14:19:48.316 INFO:teuthology.orchestra.run.smithi142.stdout:/usr/bin/ceph: stderr
2024-09-06T14:19:47.319+0000 7f0b4259c640 1 --2- >> [v2:172.21.15.142:3300/0,v1:172.21.15.142:6789/0] conn(0x7f0b441055b0 0x7f0b441059b0 unknown :-1 s=BANNER_CONNECTING pgs=0 cs=0 l=0 rev1=0 crypto rx=0 tx=0 comp rx=0 tx=0)._handle_peer_banner_payload supported=3 required=0
2024-09-06T14:19:48.316 INFO:teuthology.orchestra.run.smithi142.stdout:/usr/bin/ceph: stderr
2024-09-06T14:19:47.319+0000 7f0b4259c640 1 --2- >> [v2:172.21.15.142:3300/0,v1:172.21.15.142:6789/0] conn(0x7f0b441055b0 0x7f0b441059b0 unknown :-1 s=HELLO_CONNECTING pgs=0 cs=0 l=0 rev1=1 crypto rx=0 tx=0 comp rx=0 tx=0).handle_hello peer v2:172.21.15.142:3300/0 says I am v2:172.21.15.142:34998/0 (socket says 172.21.15.142:34998)
2024-09-06T14:19:48.316 INFO:teuthology.orchestra.run.smithi142.stdout:/usr/bin/ceph: stderr
2024-09-06T14:19:47.319+0000 7f0b4259c640 1 -- 172.21.15.142:0/3468737501 learned_addr learned my addr 172.21.15.142:0/3468737501 (peer_addr_for_me v2:172.21.15.142:0/0)
2024-09-06T14:19:48.316 INFO:teuthology.orchestra.run.smithi142.stdout:/usr/bin/ceph: stderr
2024-09-06T14:19:47.320+0000 7f0b4259c640 1 -- 172.21.15.142:0/3468737501 --> [v2:172.21.15.142:3300/0,v1:172.21.15.142:6789/0] -- mon_subscribe({config=0+,monmap=0+}) -- 0x7f0b44106120 con 0x7f0b441055b0
2024-09-06T14:19:48.316 INFO:teuthology.orchestra.run.smithi142.stdout:/usr/bin/ceph: stderr
2024-09-06T14:19:47.320+0000 7f0b4259c640 1 --2- 172.21.15.142:0/3468737501 >> [v2:172.21.15.142:3300/0,v1:172.21.15.142:6789/0] conn(0x7f0b441055b0 0x7f0b441059b0 secure :-1 s=READY pgs=41 cs=0 l=1 rev1=1 crypto rx=0x7f0b34009820 tx=0x7f0b3402a270 comp rx=0 tx=0).ready entity=mon.0 client_cookie=3d8249ed737ea98b server_cookie=0 in_seq=0 out_seq=0
2024-09-06T14:19:48.316 INFO:teuthology.orchestra.run.smithi142.stdout:/usr/bin/ceph: stderr
2024-09-06T14:19:47.320+0000 7f0b4159a640 1 -- 172.21.15.142:0/3468737501 <== mon.0 v2:172.21.15.142:3300/0 1 ==== mon_map magic: 0 ==== 205+0+0 (secure 0 0 0) 0x7f0b34037070 con 0x7f0b441055b0
2024-09-06T14:19:48.316 INFO:teuthology.orchestra.run.smithi142.stdout:/usr/bin/ceph: stderr
2024-09-06T14:19:47.321+0000 7f0b4159a640 1 -- 172.21.15.142:0/3468737501 <== mon.0 v2:172.21.15.142:3300/0 2 ==== config(25 keys) ==== 1023+0+0 (secure 0 0 0) 0x7f0b340328a0 con 0x7f0b441055b0
2024-09-06T14:19:48.316 INFO:teuthology.orchestra.run.smithi142.stdout:/usr/bin/ceph: stderr
2024-09-06T14:19:47.321+0000 7f0b4159a640 1 -- 172.21.15.142:0/3468737501 <== mon.0 v2:172.21.15.142:3300/0 3 ==== mon_map magic: 0 ==== 205+0+0 (secure 0 0 0) 0x7f0b34030690 con 0x7f0b441055b0
2024-09-06T14:19:48.316 INFO:teuthology.orchestra.run.smithi142.stdout:/usr/bin/ceph: stderr
2024-09-06T14:19:47.321+0000 7f0b48b55640 1 -- 172.21.15.142:0/3468737501 >> [v2:172.21.15.142:3300/0,v1:172.21.15.142:6789/0] conn(0x7f0b441055b0 msgr2=0x7f0b441059b0 secure :-1 s=STATE_CONNECTION_ESTABLISHED l=1).mark_down
2024-09-06T14:19:48.316 INFO:teuthology.orchestra.run.smithi142.stdout:/usr/bin/ceph: stderr
2024-09-06T14:19:47.321+0000 7f0b48b55640 1 --2- 172.21.15.142:0/3468737501 >> [v2:172.21.15.142:3300/0,v1:172.21.15.142:6789/0] conn(0x7f0b441055b0 0x7f0b441059b0 secure :-1 s=READY pgs=41 cs=0 l=1 rev1=1 crypto rx=0x7f0b34009820 tx=0x7f0b3402a270 comp rx=0 tx=0).stop
2024-09-06T14:19:48.316 INFO:teuthology.orchestra.run.smithi142.stdout:/usr/bin/ceph: stderr
2024-09-06T14:19:47.321+0000 7f0b48b55640 1 -- 172.21.15.142:0/3468737501 shutdown_connections
2024-09-06T14:19:48.316 INFO:teuthology.orchestra.run.smithi142.stdout:/usr/bin/ceph: stderr
2024-09-06T14:19:47.321+0000 7f0b48b55640 1 --2- 172.21.15.142:0/3468737501 >> [v2:172.21.15.142:3300/0,v1:172.21.15.142:6789/0] conn(0x7f0b441055b0 0x7f0b441059b0 unknown :-1 s=CLOSED pgs=41 cs=0 l=1 rev1=1 crypto rx=0 tx=0 comp rx=0 tx=0).stop
2024-09-06T14:19:48.316 INFO:teuthology.orchestra.run.smithi142.stdout:/usr/bin/ceph: stderr
2024-09-06T14:19:47.321+0000 7f0b48b55640 1 -- 172.21.15.142:0/3468737501 >> 172.21.15.142:0/3468737501 conn(0x7f0b44100ea0 msgr2=0x7f0b441032c0 unknown :-1 s=STATE_NONE l=0).mark_down
2024-09-06T14:19:48.317 INFO:teuthology.orchestra.run.smithi142.stdout:/usr/bin/ceph: stderr
2024-09-06T14:19:47.321+0000 7f0b48b55640 1 -- 172.21.15.142:0/3468737501 shutdown_connections
2024-09-06T14:19:48.317 INFO:teuthology.orchestra.run.smithi142.stdout:/usr/bin/ceph: stderr
2024-09-06T14:19:47.321+0000 7f0b48b55640 1 -- 172.21.15.142:0/3468737501 wait complete.
2024-09-06T14:19:48.317 INFO:teuthology.orchestra.run.smithi142.stdout:/usr/bin/ceph: stderr
2024-09-06T14:19:47.322+0000 7f0b48b55640 1 Processor -- start
2024-09-06T14:19:48.317 INFO:teuthology.orchestra.run.smithi142.stdout:/usr/bin/ceph: stderr
2024-09-06T14:19:47.322+0000 7f0b48b55640 1 -- start start
2024-09-06T14:19:48.317 INFO:teuthology.orchestra.run.smithi142.stdout:/usr/bin/ceph: stderr
2024-09-06T14:19:47.322+0000 7f0b48b55640 1 --2- >> [v2:172.21.15.142:3300/0,v1:172.21.15.142:6789/0] conn(0x7f0b441055b0 0x7f0b4419a710 unknown :-1 s=NONE pgs=0 cs=0 l=1 rev1=0 crypto rx=0 tx=0 comp rx=0 tx=0).connect
2024-09-06T14:19:48.317 INFO:teuthology.orchestra.run.smithi142.stdout:/usr/bin/ceph: stderr
2024-09-06T14:19:47.322+0000 7f0b48b55640 1 -- --> [v2:172.21.15.142:3300/0,v1:172.21.15.142:6789/0] -- mon_getmap magic: 0 -- 0x7f0b44109a30 con 0x7f0b441055b0
2024-09-06T14:19:48.317 INFO:teuthology.orchestra.run.smithi142.stdout:/usr/bin/ceph: stderr
2024-09-06T14:19:47.322+0000 7f0b4259c640 1 --2- >> [v2:172.21.15.142:3300/0,v1:172.21.15.142:6789/0] conn(0x7f0b441055b0 0x7f0b4419a710 unknown :-1 s=BANNER_CONNECTING pgs=0 cs=0 l=1 rev1=0 crypto rx=0 tx=0 comp rx=0 tx=0)._handle_peer_banner_payload supported=3 required=0
2024-09-06T14:19:48.317 INFO:teuthology.orchestra.run.smithi142.stdout:/usr/bin/ceph: stderr
2024-09-06T14:19:47.322+0000 7f0b4259c640 1 --2- >> [v2:172.21.15.142:3300/0,v1:172.21.15.142:6789/0] conn(0x7f0b441055b0 0x7f0b4419a710 unknown :-1 s=HELLO_CONNECTING pgs=0 cs=0 l=1 rev1=1 crypto rx=0 tx=0 comp rx=0 tx=0).handle_hello peer v2:172.21.15.142:3300/0 says I am v2:172.21.15.142:35004/0 (socket says 172.21.15.142:35004)
2024-09-06T14:19:48.317 INFO:teuthology.orchestra.run.smithi142.stdout:/usr/bin/ceph: stderr
2024-09-06T14:19:47.322+0000 7f0b4259c640 1 -- 172.21.15.142:0/1114883639 learned_addr learned my addr 172.21.15.142:0/1114883639 (peer_addr_for_me v2:172.21.15.142:0/0)
2024-09-06T14:19:48.317 INFO:teuthology.orchestra.run.smithi142.stdout:/usr/bin/ceph: stderr
2024-09-06T14:19:47.323+0000 7f0b4259c640 1 -- 172.21.15.142:0/1114883639 --> [v2:172.21.15.142:3300/0,v1:172.21.15.142:6789/0] -- mon_subscribe({config=0+,monmap=0+}) -- 0x7f0b4419ac70 con 0x7f0b441055b0
2024-09-06T14:19:48.317 INFO:teuthology.orchestra.run.smithi142.stdout:/usr/bin/ceph: stderr
2024-09-06T14:19:47.323+0000 7f0b4259c640 1 --2- 172.21.15.142:0/1114883639 >> [v2:172.21.15.142:3300/0,v1:172.21.15.142:6789/0] conn(0x7f0b441055b0 0x7f0b4419a710 secure :-1 s=READY pgs=42 cs=0 l=1 rev1=1 crypto rx=0x7f0b34000c00 tx=0x7f0b34032740 comp rx=0 tx=0).ready entity=mon.0 client_cookie=0 server_cookie=0 in_seq=0 out_seq=0
2024-09-06T14:19:48.317 INFO:teuthology.orchestra.run.smithi142.stdout:/usr/bin/ceph: stderr
2024-09-06T14:19:47.323+0000 7f0b337fe640 1 -- 172.21.15.142:0/1114883639 <== mon.0 v2:172.21.15.142:3300/0 1 ==== mon_map magic: 0 ==== 205+0+0 (secure 0 0 0) 0x7f0b34037040 con 0x7f0b441055b0
2024-09-06T14:19:48.317 INFO:teuthology.orchestra.run.smithi142.stdout:/usr/bin/ceph: stderr
2024-09-06T14:19:47.323+0000 7f0b337fe640 1 -- 172.21.15.142:0/1114883639 <== mon.0 v2:172.21.15.142:3300/0 2 ==== config(25 keys) ==== 1023+0+0 (secure 0 0 0) 0x7f0b34040070 con 0x7f0b441055b0
2024-09-06T14:19:48.318 INFO:teuthology.orchestra.run.smithi142.stdout:/usr/bin/ceph: stderr
2024-09-06T14:19:47.323+0000 7f0b48b55640 1 -- 172.21.15.142:0/1114883639 --> [v2:172.21.15.142:3300/0,v1:172.21.15.142:6789/0] -- mon_subscribe({mgrmap=0+}) -- 0x7f0b4419af00 con 0x7f0b441055b0
2024-09-06T14:19:48.318 INFO:teuthology.orchestra.run.smithi142.stdout:/usr/bin/ceph: stderr
2024-09-06T14:19:47.323+0000 7f0b337fe640 1 -- 172.21.15.142:0/1114883639 <== mon.0 v2:172.21.15.142:3300/0 3 ==== mon_map magic: 0 ==== 205+0+0 (secure 0 0 0) 0x7f0b3403be40 con 0x7f0b441055b0
2024-09-06T14:19:48.318 INFO:teuthology.orchestra.run.smithi142.stdout:/usr/bin/ceph: stderr
2024-09-06T14:19:47.323+0000 7f0b48b55640 1 -- 172.21.15.142:0/1114883639 --> [v2:172.21.15.142:3300/0,v1:172.21.15.142:6789/0] -- mon_subscribe({osdmap=0}) -- 0x7f0b4419b8c0 con 0x7f0b441055b0
2024-09-06T14:19:48.318 INFO:teuthology.orchestra.run.smithi142.stdout:/usr/bin/ceph: stderr
2024-09-06T14:19:47.324+0000 7f0b337fe640 1 -- 172.21.15.142:0/1114883639 <== mon.0 v2:172.21.15.142:3300/0 4 ==== mgrmap(e 8) ==== 50075+0+0 (secure 0 0 0) 0x7f0b34045460 con 0x7f0b441055b0
2024-09-06T14:19:48.318 INFO:teuthology.orchestra.run.smithi142.stdout:/usr/bin/ceph: stderr
2024-09-06T14:19:47.324+0000 7f0b48b55640 1 -- 172.21.15.142:0/1114883639 --> [v2:172.21.15.142:3300/0,v1:172.21.15.142:6789/0] -- mon_command({"prefix": "get_command_descriptions"} v 0) -- 0x7f0b44105a30 con 0x7f0b441055b0
2024-09-06T14:19:48.318 INFO:teuthology.orchestra.run.smithi142.stdout:/usr/bin/ceph: stderr
2024-09-06T14:19:47.324+0000 7f0b337fe640 1 --2- 172.21.15.142:0/1114883639 >> v2:172.21.15.142:6800/3892080990 conn(0x7f0b2c03d9e0 0x7f0b2c03fea0 unknown :-1 s=NONE pgs=0 cs=0 l=1 rev1=0 crypto rx=0 tx=0 comp rx=0 tx=0).connect
2024-09-06T14:19:48.318 INFO:teuthology.orchestra.run.smithi142.stdout:/usr/bin/ceph: stderr
2024-09-06T14:19:47.324+0000 7f0b337fe640 1 -- 172.21.15.142:0/1114883639 <== mon.0 v2:172.21.15.142:3300/0 5 ==== osd_map(2..2 src has 1..2) ==== 854+0+0 (secure 0 0 0) 0x7f0b34071a10 con 0x7f0b441055b0
2024-09-06T14:19:48.318 INFO:teuthology.orchestra.run.smithi142.stdout:/usr/bin/ceph: stderr
2024-09-06T14:19:47.324+0000 7f0b41d9b640 1 --2- 172.21.15.142:0/1114883639 >> v2:172.21.15.142:6800/3892080990 conn(0x7f0b2c03d9e0 0x7f0b2c03fea0 unknown :-1 s=BANNER_CONNECTING pgs=0 cs=0 l=1 rev1=0 crypto rx=0 tx=0 comp rx=0 tx=0)._handle_peer_banner_payload supported=3 required=0
2024-09-06T14:19:48.318 INFO:teuthology.orchestra.run.smithi142.stdout:/usr/bin/ceph: stderr
2024-09-06T14:19:47.325+0000 7f0b41d9b640 1 --2- 172.21.15.142:0/1114883639 >> v2:172.21.15.142:6800/3892080990 conn(0x7f0b2c03d9e0 0x7f0b2c03fea0 secure :-1 s=READY pgs=11 cs=0 l=1 rev1=1 crypto rx=0x7f0b380098c0 tx=0x7f0b38006db0 comp rx=0 tx=0).ready entity=mgr.14116 client_cookie=0 server_cookie=0 in_seq=0 out_seq=0
2024-09-06T14:19:48.318 INFO:teuthology.orchestra.run.smithi142.stdout:/usr/bin/ceph: stderr
2024-09-06T14:19:47.331+0000 7f0b337fe640 1 -- 172.21.15.142:0/1114883639 <== mon.0 v2:172.21.15.142:3300/0 6 ==== mon_command_ack([{"prefix": "get_command_descriptions"}]=0 v0) ==== 72+0+180031 (secure 0 0 0) 0x7f0b3403b430 con 0x7f0b441055b0
2024-09-06T14:19:48.319 INFO:teuthology.orchestra.run.smithi142.stdout:/usr/bin/ceph: stderr
2024-09-06T14:19:47.512+0000 7f0b48b55640 1 -- 172.21.15.142:0/1114883639 --> v2:172.21.15.142:6800/3892080990 -- mgr_command(tid 0: {"prefix": "orch apply", "service_type": "mon", "unmanaged": true, "target": ["mon-mgr", ""]}) -- 0x7f0b4419c110 con 0x7f0b2c03d9e0
2024-09-06T14:19:48.319 INFO:teuthology.orchestra.run.smithi142.stdout:/usr/bin/ceph: stderr
2024-09-06T14:19:47.519+0000 7f0b337fe640 1 -- 172.21.15.142:0/1114883639 <== mgr.14116 v2:172.21.15.142:6800/3892080990 1 ==== mgr_command_reply(tid 0: 0 ) ==== 8+0+24 (secure 0 0 0) 0x7f0b4419c110 con 0x7f0b2c03d9e0
2024-09-06T14:19:48.319 INFO:teuthology.orchestra.run.smithi142.stdout:/usr/bin/ceph: stderr
2024-09-06T14:19:47.522+0000 7f0b48b55640 1 -- 172.21.15.142:0/1114883639 >> v2:172.21.15.142:6800/3892080990 conn(0x7f0b2c03d9e0 msgr2=0x7f0b2c03fea0 secure :-1 s=STATE_CONNECTION_ESTABLISHED l=1).mark_down
2024-09-06T14:19:48.319 INFO:teuthology.orchestra.run.smithi142.stdout:/usr/bin/ceph: stderr
2024-09-06T14:19:47.522+0000 7f0b48b55640 1 --2- 172.21.15.142:0/1114883639 >> v2:172.21.15.142:6800/3892080990 conn(0x7f0b2c03d9e0 0x7f0b2c03fea0 secure :-1 s=READY pgs=11 cs=0 l=1 rev1=1 crypto rx=0x7f0b380098c0 tx=0x7f0b38006db0 comp rx=0 tx=0).stop
2024-09-06T14:19:48.319 INFO:teuthology.orchestra.run.smithi142.stdout:/usr/bin/ceph: stderr
2024-09-06T14:19:47.522+0000 7f0b48b55640 1 -- 172.21.15.142:0/1114883639 >> [v2:172.21.15.142:3300/0,v1:172.21.15.142:6789/0] conn(0x7f0b441055b0 msgr2=0x7f0b4419a710 secure :-1 s=STATE_CONNECTION_ESTABLISHED l=1).mark_down
2024-09-06T14:19:48.319 INFO:teuthology.orchestra.run.smithi142.stdout:/usr/bin/ceph: stderr
2024-09-06T14:19:47.522+0000 7f0b48b55640 1 --2- 172.21.15.142:0/1114883639 >> [v2:172.21.15.142:3300/0,v1:172.21.15.142:6789/0] conn(0x7f0b441055b0 0x7f0b4419a710 secure :-1 s=READY pgs=42 cs=0 l=1 rev1=1 crypto rx=0x7f0b34000c00 tx=0x7f0b34032740 comp rx=0 tx=0).stop
2024-09-06T14:19:48.319 INFO:teuthology.orchestra.run.smithi142.stdout:/usr/bin/ceph: stderr
2024-09-06T14:19:47.522+0000 7f0b48b55640 1 -- 172.21.15.142:0/1114883639 shutdown_connections
2024-09-06T14:19:48.319 INFO:teuthology.orchestra.run.smithi142.stdout:/usr/bin/ceph: stderr
2024-09-06T14:19:47.522+0000 7f0b48b55640 1 --2- 172.21.15.142:0/1114883639 >> v2:172.21.15.142:6800/3892080990 conn(0x7f0b2c03d9e0 0x7f0b2c03fea0 unknown :-1 s=CLOSED pgs=11 cs=0 l=1 rev1=1 crypto rx=0 tx=0 comp rx=0 tx=0).stop
2024-09-06T14:19:48.319 INFO:teuthology.orchestra.run.smithi142.stdout:/usr/bin/ceph: stderr
2024-09-06T14:19:47.522+0000 7f0b48b55640 1 --2- 172.21.15.142:0/1114883639 >> [v2:172.21.15.142:3300/0,v1:172.21.15.142:6789/0] conn(0x7f0b441055b0 0x7f0b4419a710 unknown :-1 s=CLOSED pgs=42 cs=0 l=1 rev1=1 crypto rx=0 tx=0 comp rx=0 tx=0).stop
2024-09-06T14:19:48.319 INFO:teuthology.orchestra.run.smithi142.stdout:/usr/bin/ceph: stderr
2024-09-06T14:19:47.522+0000 7f0b48b55640 1 -- 172.21.15.142:0/1114883639 >> 172.21.15.142:0/1114883639 conn(0x7f0b44100ea0 msgr2=0x7f0b44079930 unknown :-1 s=STATE_NONE l=0).mark_down
2024-09-06T14:19:48.319 INFO:teuthology.orchestra.run.smithi142.stdout:/usr/bin/ceph: stderr
2024-09-06T14:19:47.522+0000 7f0b48b55640 1 -- 172.21.15.142:0/1114883639 shutdown_connections
2024-09-06T14:19:48.319 INFO:teuthology.orchestra.run.smithi142.stdout:/usr/bin/ceph: stderr
2024-09-06T14:19:47.522+0000 7f0b48b55640 1 -- 172.21.15.142:0/1114883639 wait complete.
2024-09-06T14:19:48.319 INFO:teuthology.orchestra.run.smithi142.stdout:Deploying unmanaged mgr service...
2024-09-06T14:19:48.877 INFO:journalctl@ceph.mon.a.smithi142.stdout:Sep 06 14:19:48 smithi142 ceph-mon[29958]: from='client.14136 -' entity='client.admin' cmd=[{"prefix": "orch apply", "service_type": "mon", "unmanaged": true, "target": ["mon-mgr", ""]}]: dispatch
2024-09-06T14:19:48.877 INFO:journalctl@ceph.mon.a.smithi142.stdout:Sep 06 14:19:48 smithi142 ceph-mon[29958]: Saving service mon spec with placement count:5
2024-09-06T14:19:48.877 INFO:journalctl@ceph.mon.a.smithi142.stdout:Sep 06 14:19:48 smithi142 ceph-mon[29958]: from='mgr.14116 172.21.15.142:0/3534094648' entity='mgr.y'
2024-09-06T14:19:49.606 INFO:teuthology.orchestra.run.smithi142.stdout:/usr/bin/ceph: stdout Scheduled mgr update...
2024-09-06T14:19:49.606 INFO:teuthology.orchestra.run.smithi142.stdout:/usr/bin/ceph: stderr
2024-09-06T14:19:48.738+0000 7fc0f35ac640 1 Processor -- start
2024-09-06T14:19:49.606 INFO:teuthology.orchestra.run.smithi142.stdout:/usr/bin/ceph: stderr
2024-09-06T14:19:48.738+0000 7fc0f35ac640 1 -- start start
2024-09-06T14:19:49.607 INFO:teuthology.orchestra.run.smithi142.stdout:/usr/bin/ceph: stderr
2024-09-06T14:19:48.738+0000 7fc0f35ac640 1 --2- >> [v2:172.21.15.142:3300/0,v1:172.21.15.142:6789/0] conn(0x7fc0ec07a490 0x7fc0ec1092f0 unknown :-1 s=NONE pgs=0 cs=0 l=0 rev1=0 crypto rx=0 tx=0 comp rx=0 tx=0).connect
2024-09-06T14:19:49.607 INFO:teuthology.orchestra.run.smithi142.stdout:/usr/bin/ceph: stderr
2024-09-06T14:19:48.738+0000 7fc0f35ac640 1 -- --> [v2:172.21.15.142:3300/0,v1:172.21.15.142:6789/0] -- mon_getmap magic: 0 -- 0x7fc0ec109830 con 0x7fc0ec07a490
2024-09-06T14:19:49.607 INFO:teuthology.orchestra.run.smithi142.stdout:/usr/bin/ceph: stderr
2024-09-06T14:19:48.738+0000 7fc0f1348640 1 --2- >> [v2:172.21.15.142:3300/0,v1:172.21.15.142:6789/0] conn(0x7fc0ec07a490 0x7fc0ec1092f0 unknown :-1 s=BANNER_CONNECTING pgs=0 cs=0 l=0 rev1=0 crypto rx=0 tx=0 comp rx=0 tx=0)._handle_peer_banner_payload supported=3 required=0
2024-09-06T14:19:49.607 INFO:teuthology.orchestra.run.smithi142.stdout:/usr/bin/ceph: stderr
2024-09-06T14:19:48.738+0000 7fc0f1348640 1 --2- >> [v2:172.21.15.142:3300/0,v1:172.21.15.142:6789/0] conn(0x7fc0ec07a490 0x7fc0ec1092f0 unknown :-1 s=HELLO_CONNECTING pgs=0 cs=0 l=0 rev1=1 crypto rx=0 tx=0 comp rx=0 tx=0).handle_hello peer v2:172.21.15.142:3300/0 says I am v2:172.21.15.142:35018/0 (socket says 172.21.15.142:35018)
2024-09-06T14:19:49.607 INFO:teuthology.orchestra.run.smithi142.stdout:/usr/bin/ceph: stderr
2024-09-06T14:19:48.738+0000 7fc0f1348640 1 -- 172.21.15.142:0/2331609373 learned_addr learned my addr 172.21.15.142:0/2331609373 (peer_addr_for_me v2:172.21.15.142:0/0)
2024-09-06T14:19:49.607 INFO:teuthology.orchestra.run.smithi142.stdout:/usr/bin/ceph: stderr
2024-09-06T14:19:48.738+0000 7fc0f1348640 1 -- 172.21.15.142:0/2331609373 --> [v2:172.21.15.142:3300/0,v1:172.21.15.142:6789/0] -- mon_subscribe({config=0+,monmap=0+}) -- 0x7fc0ec1099b0 con 0x7fc0ec07a490
2024-09-06T14:19:49.607 INFO:teuthology.orchestra.run.smithi142.stdout:/usr/bin/ceph: stderr
2024-09-06T14:19:48.739+0000 7fc0f1348640 1 --2- 172.21.15.142:0/2331609373 >> [v2:172.21.15.142:3300/0,v1:172.21.15.142:6789/0] conn(0x7fc0ec07a490 0x7fc0ec1092f0 secure :-1 s=READY pgs=43 cs=0 l=1 rev1=1 crypto rx=0x7fc0e0009820 tx=0x7fc0e002a270 comp rx=0 tx=0).ready entity=mon.0 client_cookie=f1e3ec5d8ddc865 server_cookie=0 in_seq=0 out_seq=0
2024-09-06T14:19:49.607 INFO:teuthology.orchestra.run.smithi142.stdout:/usr/bin/ceph: stderr
2024-09-06T14:19:48.739+0000 7fc0dffff640 1 -- 172.21.15.142:0/2331609373 <== mon.0 v2:172.21.15.142:3300/0 1 ==== mon_map magic: 0 ==== 205+0+0 (secure 0 0 0) 0x7fc0e0037070 con 0x7fc0ec07a490
2024-09-06T14:19:49.607 INFO:teuthology.orchestra.run.smithi142.stdout:/usr/bin/ceph: stderr
2024-09-06T14:19:48.739+0000 7fc0dffff640 1 -- 172.21.15.142:0/2331609373 <== mon.0 v2:172.21.15.142:3300/0 2 ==== config(25 keys) ==== 1023+0+0 (secure 0 0 0) 0x7fc0e00328a0 con 0x7fc0ec07a490
2024-09-06T14:19:49.607 INFO:teuthology.orchestra.run.smithi142.stdout:/usr/bin/ceph: stderr
2024-09-06T14:19:48.739+0000 7fc0dffff640 1 -- 172.21.15.142:0/2331609373 <== mon.0 v2:172.21.15.142:3300/0 3 ==== mon_map magic: 0 ==== 205+0+0 (secure 0 0 0) 0x7fc0e0030690 con 0x7fc0ec07a490
2024-09-06T14:19:49.607 INFO:teuthology.orchestra.run.smithi142.stdout:/usr/bin/ceph: stderr
2024-09-06T14:19:48.740+0000 7fc0f35ac640 1 -- 172.21.15.142:0/2331609373 >> [v2:172.21.15.142:3300/0,v1:172.21.15.142:6789/0] conn(0x7fc0ec07a490 msgr2=0x7fc0ec1092f0 secure :-1 s=STATE_CONNECTION_ESTABLISHED l=1).mark_down
2024-09-06T14:19:49.607 INFO:teuthology.orchestra.run.smithi142.stdout:/usr/bin/ceph: stderr
2024-09-06T14:19:48.740+0000 7fc0f35ac640 1 --2- 172.21.15.142:0/2331609373 >> [v2:172.21.15.142:3300/0,v1:172.21.15.142:6789/0] conn(0x7fc0ec07a490 0x7fc0ec1092f0 secure :-1 s=READY pgs=43 cs=0 l=1 rev1=1 crypto rx=0x7fc0e0009820 tx=0x7fc0e002a270 comp rx=0 tx=0).stop
2024-09-06T14:19:49.607 INFO:teuthology.orchestra.run.smithi142.stdout:/usr/bin/ceph: stderr
2024-09-06T14:19:48.740+0000 7fc0f35ac640 1 -- 172.21.15.142:0/2331609373 shutdown_connections
2024-09-06T14:19:49.608 INFO:teuthology.orchestra.run.smithi142.stdout:/usr/bin/ceph: stderr
2024-09-06T14:19:48.740+0000 7fc0f35ac640 1 --2- 172.21.15.142:0/2331609373 >> [v2:172.21.15.142:3300/0,v1:172.21.15.142:6789/0] conn(0x7fc0ec07a490 0x7fc0ec1092f0 unknown :-1 s=CLOSED pgs=43 cs=0 l=1 rev1=1 crypto rx=0 tx=0 comp rx=0 tx=0).stop
2024-09-06T14:19:49.608 INFO:teuthology.orchestra.run.smithi142.stdout:/usr/bin/ceph: stderr
2024-09-06T14:19:48.740+0000 7fc0f35ac640 1 -- 172.21.15.142:0/2331609373 >> 172.21.15.142:0/2331609373 conn(0x7fc0ec100ee0 msgr2=0x7fc0ec103300 unknown :-1 s=STATE_NONE l=0).mark_down
2024-09-06T14:19:49.608 INFO:teuthology.orchestra.run.smithi142.stdout:/usr/bin/ceph: stderr
2024-09-06T14:19:48.740+0000 7fc0f35ac640 1 -- 172.21.15.142:0/2331609373 shutdown_connections
2024-09-06T14:19:49.608 INFO:teuthology.orchestra.run.smithi142.stdout:/usr/bin/ceph: stderr
2024-09-06T14:19:48.740+0000 7fc0f35ac640 1 -- 172.21.15.142:0/2331609373 wait complete.
2024-09-06T14:19:49.608 INFO:teuthology.orchestra.run.smithi142.stdout:/usr/bin/ceph: stderr
2024-09-06T14:19:48.740+0000 7fc0f35ac640 1 Processor -- start
2024-09-06T14:19:49.608 INFO:teuthology.orchestra.run.smithi142.stdout:/usr/bin/ceph: stderr
2024-09-06T14:19:48.740+0000 7fc0f35ac640 1 -- start start
2024-09-06T14:19:49.608 INFO:teuthology.orchestra.run.smithi142.stdout:/usr/bin/ceph: stderr
2024-09-06T14:19:48.740+0000 7fc0f35ac640 1 --2- >> [v2:172.21.15.142:3300/0,v1:172.21.15.142:6789/0] conn(0x7fc0ec07a490 0x7fc0ec19a6a0 unknown :-1 s=NONE pgs=0 cs=0 l=1 rev1=0 crypto rx=0 tx=0 comp rx=0 tx=0).connect
2024-09-06T14:19:49.608 INFO:teuthology.orchestra.run.smithi142.stdout:/usr/bin/ceph: stderr
2024-09-06T14:19:48.740+0000 7fc0f35ac640 1 -- --> [v2:172.21.15.142:3300/0,v1:172.21.15.142:6789/0] -- mon_getmap magic: 0 -- 0x7fc0ec10a9b0 con 0x7fc0ec07a490
2024-09-06T14:19:49.608 INFO:teuthology.orchestra.run.smithi142.stdout:/usr/bin/ceph: stderr
2024-09-06T14:19:48.741+0000 7fc0f1348640 1 --2- >> [v2:172.21.15.142:3300/0,v1:172.21.15.142:6789/0] conn(0x7fc0ec07a490 0x7fc0ec19a6a0 unknown :-1 s=BANNER_CONNECTING pgs=0 cs=0 l=1 rev1=0 crypto rx=0 tx=0 comp rx=0 tx=0)._handle_peer_banner_payload supported=3 required=0
2024-09-06T14:19:49.608 INFO:teuthology.orchestra.run.smithi142.stdout:/usr/bin/ceph: stderr
2024-09-06T14:19:48.741+0000 7fc0f1348640 1 --2- >> [v2:172.21.15.142:3300/0,v1:172.21.15.142:6789/0] conn(0x7fc0ec07a490 0x7fc0ec19a6a0 unknown :-1 s=HELLO_CONNECTING pgs=0 cs=0 l=1 rev1=1 crypto rx=0 tx=0 comp rx=0 tx=0).handle_hello peer v2:172.21.15.142:3300/0 says I am v2:172.21.15.142:35026/0 (socket says 172.21.15.142:35026)
2024-09-06T14:19:49.608 INFO:teuthology.orchestra.run.smithi142.stdout:/usr/bin/ceph: stderr
2024-09-06T14:19:48.741+0000 7fc0f1348640 1 -- 172.21.15.142:0/388536913 learned_addr learned my addr 172.21.15.142:0/388536913 (peer_addr_for_me v2:172.21.15.142:0/0)
2024-09-06T14:19:49.608 INFO:teuthology.orchestra.run.smithi142.stdout:/usr/bin/ceph: stderr
2024-09-06T14:19:48.741+0000 7fc0f1348640 1 -- 172.21.15.142:0/388536913 --> [v2:172.21.15.142:3300/0,v1:172.21.15.142:6789/0] -- mon_subscribe({config=0+,monmap=0+}) -- 0x7fc0ec19ac00 con 0x7fc0ec07a490
2024-09-06T14:19:49.608 INFO:teuthology.orchestra.run.smithi142.stdout:/usr/bin/ceph: stderr
2024-09-06T14:19:48.741+0000 7fc0f1348640 1 --2- 172.21.15.142:0/388536913 >> [v2:172.21.15.142:3300/0,v1:172.21.15.142:6789/0] conn(0x7fc0ec07a490 0x7fc0ec19a6a0 secure :-1 s=READY pgs=44 cs=0 l=1 rev1=1 crypto rx=0x7fc0e0006f10 tx=0x7fc0e0032670 comp rx=0 tx=0).ready entity=mon.0 client_cookie=0 server_cookie=0 in_seq=0 out_seq=0
2024-09-06T14:19:49.609 INFO:teuthology.orchestra.run.smithi142.stdout:/usr/bin/ceph: stderr
2024-09-06T14:19:48.741+0000 7fc0de7fc640 1 -- 172.21.15.142:0/388536913 <== mon.0 v2:172.21.15.142:3300/0 1 ==== mon_map magic: 0 ==== 205+0+0 (secure 0 0 0) 0x7fc0e0037040 con 0x7fc0ec07a490
2024-09-06T14:19:49.609 INFO:teuthology.orchestra.run.smithi142.stdout:/usr/bin/ceph: stderr
2024-09-06T14:19:48.741+0000 7fc0de7fc640 1 -- 172.21.15.142:0/388536913 <== mon.0 v2:172.21.15.142:3300/0 2 ==== config(25 keys) ==== 1023+0+0 (secure 0 0 0) 0x7fc0e0040070 con 0x7fc0ec07a490
2024-09-06T14:19:49.609 INFO:teuthology.orchestra.run.smithi142.stdout:/usr/bin/ceph: stderr
2024-09-06T14:19:48.741+0000 7fc0f35ac640 1 -- 172.21.15.142:0/388536913 --> [v2:172.21.15.142:3300/0,v1:172.21.15.142:6789/0] -- mon_subscribe({mgrmap=0+}) -- 0x7fc0ec19ae90 con 0x7fc0ec07a490
2024-09-06T14:19:49.609 INFO:teuthology.orchestra.run.smithi142.stdout:/usr/bin/ceph: stderr
2024-09-06T14:19:48.741+0000 7fc0de7fc640 1 -- 172.21.15.142:0/388536913 <== mon.0 v2:172.21.15.142:3300/0 3 ==== mon_map magic: 0 ==== 205+0+0 (secure 0 0 0) 0x7fc0e003a390 con 0x7fc0ec07a490
2024-09-06T14:19:49.609 INFO:teuthology.orchestra.run.smithi142.stdout:/usr/bin/ceph: stderr
2024-09-06T14:19:48.741+0000 7fc0f35ac640 1 -- 172.21.15.142:0/388536913 --> [v2:172.21.15.142:3300/0,v1:172.21.15.142:6789/0] -- mon_subscribe({osdmap=0}) -- 0x7fc0ec19b850 con 0x7fc0ec07a490
2024-09-06T14:19:49.609 INFO:teuthology.orchestra.run.smithi142.stdout:/usr/bin/ceph: stderr
2024-09-06T14:19:48.742+0000 7fc0de7fc640 1 -- 172.21.15.142:0/388536913 <== mon.0 v2:172.21.15.142:3300/0 4 ==== mgrmap(e 8) ==== 50075+0+0 (secure 0 0 0) 0x7fc0e003a600 con 0x7fc0ec07a490
2024-09-06T14:19:49.609 INFO:teuthology.orchestra.run.smithi142.stdout:/usr/bin/ceph: stderr
2024-09-06T14:19:48.742+0000 7fc0f35ac640 1 -- 172.21.15.142:0/388536913 --> [v2:172.21.15.142:3300/0,v1:172.21.15.142:6789/0] -- mon_command({"prefix": "get_command_descriptions"} v 0) -- 0x7fc0ec107360 con 0x7fc0ec07a490
2024-09-06T14:19:49.609 INFO:teuthology.orchestra.run.smithi142.stdout:/usr/bin/ceph: stderr
2024-09-06T14:19:48.742+0000 7fc0de7fc640 1 --2- 172.21.15.142:0/388536913 >> v2:172.21.15.142:6800/3892080990 conn(0x7fc0d803da50 0x7fc0d803ff10 unknown :-1 s=NONE pgs=0 cs=0 l=1 rev1=0 crypto rx=0 tx=0 comp rx=0 tx=0).connect
2024-09-06T14:19:49.609 INFO:teuthology.orchestra.run.smithi142.stdout:/usr/bin/ceph: stderr
2024-09-06T14:19:48.742+0000 7fc0de7fc640 1 -- 172.21.15.142:0/388536913 <== mon.0 v2:172.21.15.142:3300/0 5 ==== osd_map(2..2 src has 1..2) ==== 854+0+0 (secure 0 0 0) 0x7fc0e0071b20 con 0x7fc0ec07a490
2024-09-06T14:19:49.609 INFO:teuthology.orchestra.run.smithi142.stdout:/usr/bin/ceph: stderr
2024-09-06T14:19:48.742+0000 7fc0f0b47640 1 --2- 172.21.15.142:0/388536913 >> v2:172.21.15.142:6800/3892080990 conn(0x7fc0d803da50 0x7fc0d803ff10 unknown :-1 s=BANNER_CONNECTING pgs=0 cs=0 l=1 rev1=0 crypto rx=0 tx=0 comp rx=0 tx=0)._handle_peer_banner_payload supported=3 required=0
2024-09-06T14:19:49.609 INFO:teuthology.orchestra.run.smithi142.stdout:/usr/bin/ceph: stderr
2024-09-06T14:19:48.743+0000 7fc0f0b47640 1 --2- 172.21.15.142:0/388536913 >> v2:172.21.15.142:6800/3892080990 conn(0x7fc0d803da50 0x7fc0d803ff10 secure :-1 s=READY pgs=12 cs=0 l=1 rev1=1 crypto rx=0x7fc0e80098c0 tx=0x7fc0e8006db0 comp rx=0 tx=0).ready entity=mgr.14116 client_cookie=0 server_cookie=0 in_seq=0 out_seq=0
2024-09-06T14:19:49.609 INFO:teuthology.orchestra.run.smithi142.stdout:/usr/bin/ceph: stderr
2024-09-06T14:19:48.746+0000 7fc0de7fc640 1 -- 172.21.15.142:0/388536913 <== mon.0 v2:172.21.15.142:3300/0 6 ==== mon_command_ack([{"prefix": "get_command_descriptions"}]=0 v0) ==== 72+0+180031 (secure 0 0 0) 0x7fc0e0042ce0 con 0x7fc0ec07a490
2024-09-06T14:19:49.609 INFO:teuthology.orchestra.run.smithi142.stdout:/usr/bin/ceph: stderr
2024-09-06T14:19:48.915+0000 7fc0f35ac640 1 -- 172.21.15.142:0/388536913 --> v2:172.21.15.142:6800/3892080990 -- mgr_command(tid 0: {"prefix": "orch apply", "service_type": "mgr", "unmanaged": true, "target": ["mon-mgr", ""]}) -- 0x7fc0ec102150 con 0x7fc0d803da50
2024-09-06T14:19:49.610 INFO:teuthology.orchestra.run.smithi142.stdout:/usr/bin/ceph: stderr
2024-09-06T14:19:48.922+0000 7fc0de7fc640 1 -- 172.21.15.142:0/388536913 <== mgr.14116 v2:172.21.15.142:6800/3892080990 1 ==== mgr_command_reply(tid 0: 0 ) ==== 8+0+24 (secure 0 0 0) 0x7fc0ec102150 con 0x7fc0d803da50
2024-09-06T14:19:49.610 INFO:teuthology.orchestra.run.smithi142.stdout:/usr/bin/ceph: stderr
2024-09-06T14:19:48.924+0000 7fc0f35ac640 1 -- 172.21.15.142:0/388536913 >> v2:172.21.15.142:6800/3892080990 conn(0x7fc0d803da50 msgr2=0x7fc0d803ff10 secure :-1 s=STATE_CONNECTION_ESTABLISHED l=1).mark_down
2024-09-06T14:19:49.610 INFO:teuthology.orchestra.run.smithi142.stdout:/usr/bin/ceph: stderr
2024-09-06T14:19:48.924+0000 7fc0f35ac640 1 --2- 172.21.15.142:0/388536913 >> v2:172.21.15.142:6800/3892080990 conn(0x7fc0d803da50 0x7fc0d803ff10 secure :-1 s=READY pgs=12 cs=0 l=1 rev1=1 crypto rx=0x7fc0e80098c0 tx=0x7fc0e8006db0 comp rx=0 tx=0).stop
2024-09-06T14:19:49.610 INFO:teuthology.orchestra.run.smithi142.stdout:/usr/bin/ceph: stderr
2024-09-06T14:19:48.924+0000 7fc0f35ac640 1 -- 172.21.15.142:0/388536913 >> [v2:172.21.15.142:3300/0,v1:172.21.15.142:6789/0] conn(0x7fc0ec07a490 msgr2=0x7fc0ec19a6a0 secure :-1 s=STATE_CONNECTION_ESTABLISHED l=1).mark_down
2024-09-06T14:19:49.610 INFO:teuthology.orchestra.run.smithi142.stdout:/usr/bin/ceph: stderr
2024-09-06T14:19:48.924+0000 7fc0f35ac640 1 --2- 172.21.15.142:0/388536913 >> [v2:172.21.15.142:3300/0,v1:172.21.15.142:6789/0] conn(0x7fc0ec07a490 0x7fc0ec19a6a0 secure :-1 s=READY pgs=44 cs=0 l=1 rev1=1 crypto rx=0x7fc0e0006f10 tx=0x7fc0e0032670 comp rx=0 tx=0).stop
2024-09-06T14:19:49.610 INFO:teuthology.orchestra.run.smithi142.stdout:/usr/bin/ceph: stderr
2024-09-06T14:19:48.924+0000 7fc0f35ac640 1 -- 172.21.15.142:0/388536913 shutdown_connections
2024-09-06T14:19:49.610 INFO:teuthology.orchestra.run.smithi142.stdout:/usr/bin/ceph: stderr
2024-09-06T14:19:48.924+0000 7fc0f35ac640 1 --2- 172.21.15.142:0/388536913 >> v2:172.21.15.142:6800/3892080990 conn(0x7fc0d803da50 0x7fc0d803ff10 unknown :-1 s=CLOSED pgs=12 cs=0 l=1 rev1=1 crypto rx=0 tx=0 comp rx=0 tx=0).stop
2024-09-06T14:19:49.610 INFO:teuthology.orchestra.run.smithi142.stdout:/usr/bin/ceph: stderr
2024-09-06T14:19:48.924+0000 7fc0f35ac640 1 --2- 172.21.15.142:0/388536913 >> [v2:172.21.15.142:3300/0,v1:172.21.15.142:6789/0] conn(0x7fc0ec07a490 0x7fc0ec19a6a0 unknown :-1 s=CLOSED pgs=44 cs=0 l=1 rev1=1 crypto rx=0 tx=0 comp rx=0 tx=0).stop
2024-09-06T14:19:49.610 INFO:teuthology.orchestra.run.smithi142.stdout:/usr/bin/ceph: stderr
2024-09-06T14:19:48.924+0000 7fc0f35ac640 1 -- 172.21.15.142:0/388536913 >> 172.21.15.142:0/388536913 conn(0x7fc0ec100ee0 msgr2=0x7fc0ec101a40 unknown :-1 s=STATE_NONE l=0).mark_down
2024-09-06T14:19:49.610 INFO:teuthology.orchestra.run.smithi142.stdout:/usr/bin/ceph: stderr
2024-09-06T14:19:48.924+0000 7fc0f35ac640 1 -- 172.21.15.142:0/388536913 shutdown_connections
2024-09-06T14:19:49.610 INFO:teuthology.orchestra.run.smithi142.stdout:/usr/bin/ceph: stderr
2024-09-06T14:19:48.924+0000 7fc0f35ac640 1 -- 172.21.15.142:0/388536913 wait complete.
2024-09-06T14:19:50.159 INFO:journalctl@ceph.mon.a.smithi142.stdout:Sep 06 14:19:49 smithi142 ceph-mon[29958]: from='client.14138 -' entity='client.admin' cmd=[{"prefix": "orch apply", "service_type": "mgr", "unmanaged": true, "target": ["mon-mgr", ""]}]: dispatch
2024-09-06T14:19:50.160 INFO:journalctl@ceph.mon.a.smithi142.stdout:Sep 06 14:19:49 smithi142 ceph-mon[29958]: Saving service mgr spec with placement count:2
2024-09-06T14:19:50.160 INFO:journalctl@ceph.mon.a.smithi142.stdout:Sep 06 14:19:49 smithi142 ceph-mon[29958]: from='mgr.14116 172.21.15.142:0/3534094648' entity='mgr.y'
2024-09-06T14:19:51.291 INFO:journalctl@ceph.mon.a.smithi142.stdout:Sep 06 14:19:51 smithi142 ceph-mon[29958]: from='client.? 172.21.15.142:0/3699077227' entity='client.admin'
2024-09-06T14:19:51.292 INFO:journalctl@ceph.mon.a.smithi142.stdout:Sep 06 14:19:51 smithi142 ceph-mon[29958]: from='mgr.14116 172.21.15.142:0/3534094648' entity='mgr.y'
2024-09-06T14:19:51.299 INFO:teuthology.orchestra.run.smithi142.stdout:/usr/bin/ceph: stderr
2024-09-06T14:19:50.003+0000 7fe40cc8c640 1 Processor -- start
2024-09-06T14:19:51.300 INFO:teuthology.orchestra.run.smithi142.stdout:/usr/bin/ceph: stderr
2024-09-06T14:19:50.003+0000 7fe40cc8c640 1 -- start start
2024-09-06T14:19:51.300 INFO:teuthology.orchestra.run.smithi142.stdout:/usr/bin/ceph: stderr
2024-09-06T14:19:50.003+0000 7fe40cc8c640 1 --2- >> [v2:172.21.15.142:3300/0,v1:172.21.15.142:6789/0] conn(0x7fe408106710 0x7fe408106b10 unknown :-1 s=NONE pgs=0 cs=0 l=0 rev1=0 crypto rx=0 tx=0 comp rx=0 tx=0).connect
2024-09-06T14:19:51.300 INFO:teuthology.orchestra.run.smithi142.stdout:/usr/bin/ceph: stderr
2024-09-06T14:19:50.003+0000 7fe40cc8c640 1 -- --> [v2:172.21.15.142:3300/0,v1:172.21.15.142:6789/0] -- mon_getmap magic: 0 -- 0x7fe408107100 con 0x7fe408106710
2024-09-06T14:19:51.300 INFO:teuthology.orchestra.run.smithi142.stdout:/usr/bin/ceph: stderr
2024-09-06T14:19:50.003+0000 7fe40659c640 1 --2- >> [v2:172.21.15.142:3300/0,v1:172.21.15.142:6789/0] conn(0x7fe408106710 0x7fe408106b10 unknown :-1 s=BANNER_CONNECTING pgs=0 cs=0 l=0 rev1=0 crypto rx=0 tx=0 comp rx=0 tx=0)._handle_peer_banner_payload supported=3 required=0
2024-09-06T14:19:51.300 INFO:teuthology.orchestra.run.smithi142.stdout:/usr/bin/ceph: stderr
2024-09-06T14:19:50.003+0000 7fe40659c640 1 --2- >> [v2:172.21.15.142:3300/0,v1:172.21.15.142:6789/0] conn(0x7fe408106710 0x7fe408106b10 unknown :-1 s=HELLO_CONNECTING pgs=0 cs=0 l=0 rev1=1 crypto rx=0 tx=0 comp rx=0 tx=0).handle_hello peer v2:172.21.15.142:3300/0 says I am v2:172.21.15.142:35034/0 (socket says 172.21.15.142:35034)
2024-09-06T14:19:51.301 INFO:teuthology.orchestra.run.smithi142.stdout:/usr/bin/ceph: stderr
2024-09-06T14:19:50.003+0000 7fe40659c640 1 -- 172.21.15.142:0/3527459192 learned_addr learned my addr 172.21.15.142:0/3527459192 (peer_addr_for_me v2:172.21.15.142:0/0)
2024-09-06T14:19:51.301 INFO:teuthology.orchestra.run.smithi142.stdout:/usr/bin/ceph: stderr
2024-09-06T14:19:50.004+0000 7fe40659c640 1 -- 172.21.15.142:0/3527459192 --> [v2:172.21.15.142:3300/0,v1:172.21.15.142:6789/0] -- mon_subscribe({config=0+,monmap=0+}) -- 0x7fe408107280 con 0x7fe408106710
2024-09-06T14:19:51.301 INFO:teuthology.orchestra.run.smithi142.stdout:/usr/bin/ceph: stderr
2024-09-06T14:19:50.004+0000 7fe40659c640 1 --2- 172.21.15.142:0/3527459192 >> [v2:172.21.15.142:3300/0,v1:172.21.15.142:6789/0] conn(0x7fe408106710 0x7fe408106b10 secure :-1 s=READY pgs=45 cs=0 l=1 rev1=1 crypto rx=0x7fe3f8009820 tx=0x7fe3f802a270 comp rx=0 tx=0).ready entity=mon.0 client_cookie=5fa3789b4bf9d826 server_cookie=0 in_seq=0 out_seq=0
2024-09-06T14:19:51.301 INFO:teuthology.orchestra.run.smithi142.stdout:/usr/bin/ceph: stderr
2024-09-06T14:19:50.004+0000 7fe40559a640 1 -- 172.21.15.142:0/3527459192 <== mon.0 v2:172.21.15.142:3300/0 1 ==== mon_map magic: 0 ==== 205+0+0 (secure 0 0 0) 0x7fe3f8037070 con 0x7fe408106710
2024-09-06T14:19:51.301 INFO:teuthology.orchestra.run.smithi142.stdout:/usr/bin/ceph: stderr
2024-09-06T14:19:50.004+0000 7fe40559a640 1 -- 172.21.15.142:0/3527459192 <== mon.0 v2:172.21.15.142:3300/0 2 ==== config(25 keys) ==== 1023+0+0 (secure 0 0 0) 0x7fe3f80328a0 con 0x7fe408106710
2024-09-06T14:19:51.301 INFO:teuthology.orchestra.run.smithi142.stdout:/usr/bin/ceph: stderr
2024-09-06T14:19:50.004+0000 7fe40559a640 1 -- 172.21.15.142:0/3527459192 <== mon.0 v2:172.21.15.142:3300/0 3 ==== mon_map magic: 0 ==== 205+0+0 (secure 0 0 0) 0x7fe3f8030690 con 0x7fe408106710
2024-09-06T14:19:51.302 INFO:teuthology.orchestra.run.smithi142.stdout:/usr/bin/ceph: stderr
2024-09-06T14:19:50.005+0000 7fe40cc8c640 1 -- 172.21.15.142:0/3527459192 >> [v2:172.21.15.142:3300/0,v1:172.21.15.142:6789/0] conn(0x7fe408106710 msgr2=0x7fe408106b10 secure :-1 s=STATE_CONNECTION_ESTABLISHED l=1).mark_down
2024-09-06T14:19:51.302 INFO:teuthology.orchestra.run.smithi142.stdout:/usr/bin/ceph: stderr
2024-09-06T14:19:50.005+0000 7fe40cc8c640 1 --2- 172.21.15.142:0/3527459192 >> [v2:172.21.15.142:3300/0,v1:172.21.15.142:6789/0] conn(0x7fe408106710 0x7fe408106b10 secure :-1 s=READY pgs=45 cs=0 l=1 rev1=1 crypto rx=0x7fe3f8009820 tx=0x7fe3f802a270 comp rx=0 tx=0).stop
2024-09-06T14:19:51.302 INFO:teuthology.orchestra.run.smithi142.stdout:/usr/bin/ceph: stderr
2024-09-06T14:19:50.005+0000 7fe40cc8c640 1 -- 172.21.15.142:0/3527459192 shutdown_connections
2024-09-06T14:19:51.302 INFO:teuthology.orchestra.run.smithi142.stdout:/usr/bin/ceph: stderr
2024-09-06T14:19:50.005+0000 7fe40cc8c640 1 --2- 172.21.15.142:0/3527459192 >> [v2:172.21.15.142:3300/0,v1:172.21.15.142:6789/0] conn(0x7fe408106710 0x7fe408106b10 unknown :-1 s=CLOSED pgs=45 cs=0 l=1 rev1=1 crypto rx=0 tx=0 comp rx=0 tx=0).stop
2024-09-06T14:19:51.302 INFO:teuthology.orchestra.run.smithi142.stdout:/usr/bin/ceph: stderr
2024-09-06T14:19:50.005+0000 7fe40cc8c640 1 -- 172.21.15.142:0/3527459192 >> 172.21.15.142:0/3527459192 conn(0x7fe408102020 msgr2=0x7fe408104440 unknown :-1 s=STATE_NONE l=0).mark_down
2024-09-06T14:19:51.303 INFO:teuthology.orchestra.run.smithi142.stdout:/usr/bin/ceph: stderr
2024-09-06T14:19:50.005+0000 7fe40cc8c640 1 -- 172.21.15.142:0/3527459192 shutdown_connections
2024-09-06T14:19:51.303 INFO:teuthology.orchestra.run.smithi142.stdout:/usr/bin/ceph: stderr
2024-09-06T14:19:50.005+0000 7fe40cc8c640 1 -- 172.21.15.142:0/3527459192 wait complete.
2024-09-06T14:19:51.303 INFO:teuthology.orchestra.run.smithi142.stdout:/usr/bin/ceph: stderr
2024-09-06T14:19:50.006+0000 7fe40cc8c640 1 Processor -- start
2024-09-06T14:19:51.303 INFO:teuthology.orchestra.run.smithi142.stdout:/usr/bin/ceph: stderr
2024-09-06T14:19:50.006+0000 7fe40cc8c640 1 -- start start
2024-09-06T14:19:51.303 INFO:teuthology.orchestra.run.smithi142.stdout:/usr/bin/ceph: stderr
2024-09-06T14:19:50.006+0000 7fe40cc8c640 1 --2- >> [v2:172.21.15.142:3300/0,v1:172.21.15.142:6789/0] conn(0x7fe408106710 0x7fe40819a710 unknown :-1 s=NONE pgs=0 cs=0 l=1 rev1=0 crypto rx=0 tx=0 comp rx=0 tx=0).connect
2024-09-06T14:19:51.303 INFO:teuthology.orchestra.run.smithi142.stdout:/usr/bin/ceph: stderr
2024-09-06T14:19:50.006+0000 7fe40cc8c640 1 -- --> [v2:172.21.15.142:3300/0,v1:172.21.15.142:6789/0] -- mon_getmap magic: 0 -- 0x7fe40810ab40 con 0x7fe408106710
2024-09-06T14:19:51.304 INFO:teuthology.orchestra.run.smithi142.stdout:/usr/bin/ceph: stderr
2024-09-06T14:19:50.006+0000 7fe40659c640 1 --2- >> [v2:172.21.15.142:3300/0,v1:172.21.15.142:6789/0] conn(0x7fe408106710 0x7fe40819a710 unknown :-1 s=BANNER_CONNECTING pgs=0 cs=0 l=1 rev1=0 crypto rx=0 tx=0 comp rx=0 tx=0)._handle_peer_banner_payload supported=3 required=0
2024-09-06T14:19:51.304 INFO:teuthology.orchestra.run.smithi142.stdout:/usr/bin/ceph: stderr
2024-09-06T14:19:50.006+0000 7fe40659c640 1 --2- >> [v2:172.21.15.142:3300/0,v1:172.21.15.142:6789/0] conn(0x7fe408106710 0x7fe40819a710 unknown :-1 s=HELLO_CONNECTING pgs=0 cs=0 l=1 rev1=1 crypto rx=0 tx=0 comp rx=0 tx=0).handle_hello peer v2:172.21.15.142:3300/0 says I am v2:172.21.15.142:35044/0 (socket says 172.21.15.142:35044)
2024-09-06T14:19:51.304 INFO:teuthology.orchestra.run.smithi142.stdout:/usr/bin/ceph: stderr
2024-09-06T14:19:50.006+0000 7fe40659c640 1 -- 172.21.15.142:0/3699077227 learned_addr learned my addr 172.21.15.142:0/3699077227 (peer_addr_for_me v2:172.21.15.142:0/0)
2024-09-06T14:19:51.304 INFO:teuthology.orchestra.run.smithi142.stdout:/usr/bin/ceph: stderr
2024-09-06T14:19:50.006+0000 7fe40659c640 1 -- 172.21.15.142:0/3699077227 --> [v2:172.21.15.142:3300/0,v1:172.21.15.142:6789/0] -- mon_subscribe({config=0+,monmap=0+}) -- 0x7fe40819ac70 con 0x7fe408106710
2024-09-06T14:19:51.304 INFO:teuthology.orchestra.run.smithi142.stdout:/usr/bin/ceph: stderr
2024-09-06T14:19:50.007+0000 7fe40659c640 1 --2- 172.21.15.142:0/3699077227 >> [v2:172.21.15.142:3300/0,v1:172.21.15.142:6789/0] conn(0x7fe408106710 0x7fe40819a710 secure :-1 s=READY pgs=46 cs=0 l=1 rev1=1 crypto rx=0x7fe3f8000c00 tx=0x7fe3f8032740 comp rx=0 tx=0).ready entity=mon.0 client_cookie=0 server_cookie=0 in_seq=0 out_seq=0
2024-09-06T14:19:51.304 INFO:teuthology.orchestra.run.smithi142.stdout:/usr/bin/ceph: stderr
2024-09-06T14:19:50.007+0000 7fe3f77fe640 1 -- 172.21.15.142:0/3699077227 <== mon.0 v2:172.21.15.142:3300/0 1 ==== mon_map magic: 0 ==== 205+0+0 (secure 0 0 0) 0x7fe3f8037040 con 0x7fe408106710
2024-09-06T14:19:51.305 INFO:teuthology.orchestra.run.smithi142.stdout:/usr/bin/ceph: stderr
2024-09-06T14:19:50.007+0000 7fe3f77fe640 1 -- 172.21.15.142:0/3699077227 <== mon.0 v2:172.21.15.142:3300/0 2 ==== config(25 keys) ==== 1023+0+0 (secure 0 0 0) 0x7fe3f8040070 con 0x7fe408106710
2024-09-06T14:19:51.305 INFO:teuthology.orchestra.run.smithi142.stdout:/usr/bin/ceph: stderr
2024-09-06T14:19:50.007+0000 7fe40cc8c640 1 -- 172.21.15.142:0/3699077227 --> [v2:172.21.15.142:3300/0,v1:172.21.15.142:6789/0] -- mon_subscribe({mgrmap=0+}) -- 0x7fe40819af00 con 0x7fe408106710
2024-09-06T14:19:51.305 INFO:teuthology.orchestra.run.smithi142.stdout:/usr/bin/ceph: stderr
2024-09-06T14:19:50.007+0000 7fe3f77fe640 1 -- 172.21.15.142:0/3699077227 <== mon.0 v2:172.21.15.142:3300/0 3 ==== mon_map magic: 0 ==== 205+0+0 (secure 0 0 0) 0x7fe3f803be40 con 0x7fe408106710
2024-09-06T14:19:51.305 INFO:teuthology.orchestra.run.smithi142.stdout:/usr/bin/ceph: stderr
2024-09-06T14:19:50.007+0000 7fe40cc8c640 1 -- 172.21.15.142:0/3699077227 --> [v2:172.21.15.142:3300/0,v1:172.21.15.142:6789/0] -- mon_subscribe({osdmap=0}) -- 0x7fe40819b870 con 0x7fe408106710
2024-09-06T14:19:51.305 INFO:teuthology.orchestra.run.smithi142.stdout:/usr/bin/ceph: stderr
2024-09-06T14:19:50.008+0000 7fe3f77fe640 1 -- 172.21.15.142:0/3699077227 <== mon.0 v2:172.21.15.142:3300/0 4 ==== mgrmap(e 8) ==== 50075+0+0 (secure 0 0 0) 0x7fe3f8045460 con 0x7fe408106710
2024-09-06T14:19:51.305 INFO:teuthology.orchestra.run.smithi142.stdout:/usr/bin/ceph: stderr
2024-09-06T14:19:50.008+0000 7fe40cc8c640 1 -- 172.21.15.142:0/3699077227 --> [v2:172.21.15.142:3300/0,v1:172.21.15.142:6789/0] -- mon_command({"prefix": "get_command_descriptions"} v 0) -- 0x7fe408106b90 con 0x7fe408106710
2024-09-06T14:19:51.306 INFO:teuthology.orchestra.run.smithi142.stdout:/usr/bin/ceph: stderr
2024-09-06T14:19:50.008+0000 7fe3f77fe640 1 --2- 172.21.15.142:0/3699077227 >> v2:172.21.15.142:6800/3892080990 conn(0x7fe3f003da50 0x7fe3f003ff10 unknown :-1 s=NONE pgs=0 cs=0 l=1 rev1=0 crypto rx=0 tx=0 comp rx=0 tx=0).connect
2024-09-06T14:19:51.306 INFO:teuthology.orchestra.run.smithi142.stdout:/usr/bin/ceph: stderr
2024-09-06T14:19:50.008+0000 7fe3f77fe640 1 -- 172.21.15.142:0/3699077227 <== mon.0 v2:172.21.15.142:3300/0 5 ==== osd_map(2..2 src has 1..2) ==== 854+0+0 (secure 0 0 0) 0x7fe3f80719c0 con 0x7fe408106710
2024-09-06T14:19:51.306 INFO:teuthology.orchestra.run.smithi142.stdout:/usr/bin/ceph: stderr
2024-09-06T14:19:50.008+0000 7fe405d9b640 1 --2- 172.21.15.142:0/3699077227 >> v2:172.21.15.142:6800/3892080990 conn(0x7fe3f003da50 0x7fe3f003ff10 unknown :-1 s=BANNER_CONNECTING pgs=0 cs=0 l=1 rev1=0 crypto rx=0 tx=0 comp rx=0 tx=0)._handle_peer_banner_payload supported=3 required=0
2024-09-06T14:19:51.306 INFO:teuthology.orchestra.run.smithi142.stdout:/usr/bin/ceph: stderr
2024-09-06T14:19:50.009+0000 7fe405d9b640 1 --2- 172.21.15.142:0/3699077227 >> v2:172.21.15.142:6800/3892080990 conn(0x7fe3f003da50 0x7fe3f003ff10 secure :-1 s=READY pgs=13 cs=0 l=1 rev1=1 crypto rx=0x7fe3fc0098c0 tx=0x7fe3fc006db0 comp rx=0 tx=0).ready entity=mgr.14116 client_cookie=0 server_cookie=0 in_seq=0 out_seq=0
2024-09-06T14:19:51.306 INFO:teuthology.orchestra.run.smithi142.stdout:/usr/bin/ceph: stderr
2024-09-06T14:19:50.012+0000 7fe3f77fe640 1 -- 172.21.15.142:0/3699077227 <== mon.0 v2:172.21.15.142:3300/0 6 ==== mon_command_ack([{"prefix": "get_command_descriptions"}]=0 v0) ==== 72+0+180031 (secure 0 0 0) 0x7fe3f803b430 con 0x7fe408106710
2024-09-06T14:19:51.306 INFO:teuthology.orchestra.run.smithi142.stdout:/usr/bin/ceph: stderr
2024-09-06T14:19:50.164+0000 7fe40cc8c640 1 -- 172.21.15.142:0/3699077227 --> [v2:172.21.15.142:3300/0,v1:172.21.15.142:6789/0] -- mon_command([{prefix=config set, name=mgr/cephadm/container_init}] v 0) -- 0x7fe40819c050 con 0x7fe408106710
2024-09-06T14:19:51.307 INFO:teuthology.orchestra.run.smithi142.stdout:/usr/bin/ceph: stderr
2024-09-06T14:19:50.169+0000 7fe3f77fe640 1 -- 172.21.15.142:0/3699077227 <== mon.0 v2:172.21.15.142:3300/0 7 ==== mon_command_ack([{prefix=config set, name=mgr/cephadm/container_init}]=0 v6)=0 v6) ==== 142+0+0 (secure 0 0 0) 0x7fe3f8045750 con 0x7fe408106710
2024-09-06T14:19:51.307 INFO:teuthology.orchestra.run.smithi142.stdout:/usr/bin/ceph: stderr
2024-09-06T14:19:50.172+0000 7fe40cc8c640 1 -- 172.21.15.142:0/3699077227 >> v2:172.21.15.142:6800/3892080990 conn(0x7fe3f003da50 msgr2=0x7fe3f003ff10 secure :-1 s=STATE_CONNECTION_ESTABLISHED l=1).mark_down
2024-09-06T14:19:51.307 INFO:teuthology.orchestra.run.smithi142.stdout:/usr/bin/ceph: stderr
2024-09-06T14:19:50.172+0000 7fe40cc8c640 1 --2- 172.21.15.142:0/3699077227 >> v2:172.21.15.142:6800/3892080990 conn(0x7fe3f003da50 0x7fe3f003ff10 secure :-1 s=READY pgs=13 cs=0 l=1 rev1=1 crypto rx=0x7fe3fc0098c0 tx=0x7fe3fc006db0 comp rx=0 tx=0).stop
2024-09-06T14:19:51.307 INFO:teuthology.orchestra.run.smithi142.stdout:/usr/bin/ceph: stderr
2024-09-06T14:19:50.172+0000 7fe40cc8c640 1 -- 172.21.15.142:0/3699077227 >> [v2:172.21.15.142:3300/0,v1:172.21.15.142:6789/0] conn(0x7fe408106710 msgr2=0x7fe40819a710 secure :-1 s=STATE_CONNECTION_ESTABLISHED l=1).mark_down
2024-09-06T14:19:51.307 INFO:teuthology.orchestra.run.smithi142.stdout:/usr/bin/ceph: stderr
2024-09-06T14:19:50.172+0000 7fe40cc8c640 1 --2- 172.21.15.142:0/3699077227 >> [v2:172.21.15.142:3300/0,v1:172.21.15.142:6789/0] conn(0x7fe408106710 0x7fe40819a710 secure :-1 s=READY pgs=46 cs=0 l=1 rev1=1 crypto rx=0x7fe3f8000c00 tx=0x7fe3f8032740 comp rx=0 tx=0).stop
2024-09-06T14:19:51.308 INFO:teuthology.orchestra.run.smithi142.stdout:/usr/bin/ceph: stderr
2024-09-06T14:19:50.172+0000 7fe40cc8c640 1 -- 172.21.15.142:0/3699077227 shutdown_connections
2024-09-06T14:19:51.308 INFO:teuthology.orchestra.run.smithi142.stdout:/usr/bin/ceph: stderr
2024-09-06T14:19:50.172+0000 7fe40cc8c640 1 --2- 172.21.15.142:0/3699077227 >> v2:172.21.15.142:6800/3892080990 conn(0x7fe3f003da50 0x7fe3f003ff10 unknown :-1 s=CLOSED pgs=13 cs=0 l=1 rev1=1 crypto rx=0 tx=0 comp rx=0 tx=0).stop
2024-09-06T14:19:51.308 INFO:teuthology.orchestra.run.smithi142.stdout:/usr/bin/ceph: stderr
2024-09-06T14:19:50.172+0000 7fe40cc8c640 1 --2- 172.21.15.142:0/3699077227 >> [v2:172.21.15.142:3300/0,v1:172.21.15.142:6789/0] conn(0x7fe408106710 0x7fe40819a710 unknown :-1 s=CLOSED pgs=46 cs=0 l=1 rev1=1 crypto rx=0 tx=0 comp rx=0 tx=0).stop
2024-09-06T14:19:51.308 INFO:teuthology.orchestra.run.smithi142.stdout:/usr/bin/ceph: stderr
2024-09-06T14:19:50.172+0000 7fe40cc8c640 1 -- 172.21.15.142:0/3699077227 >> 172.21.15.142:0/3699077227 conn(0x7fe408102020 msgr2=0x7fe408102b30 unknown :-1 s=STATE_NONE l=0).mark_down
2024-09-06T14:19:51.308 INFO:teuthology.orchestra.run.smithi142.stdout:/usr/bin/ceph: stderr
2024-09-06T14:19:50.172+0000 7fe40cc8c640 1 -- 172.21.15.142:0/3699077227 shutdown_connections
2024-09-06T14:19:51.309 INFO:teuthology.orchestra.run.smithi142.stdout:/usr/bin/ceph: stderr
2024-09-06T14:19:50.172+0000 7fe40cc8c640 1 -- 172.21.15.142:0/3699077227 wait complete.
2024-09-06T14:19:52.480 INFO:teuthology.orchestra.run.smithi142.stdout:/usr/bin/ceph: stderr
2024-09-06T14:19:51.695+0000 7fb9bcf95640 1 Processor -- start
2024-09-06T14:19:52.480 INFO:teuthology.orchestra.run.smithi142.stdout:/usr/bin/ceph: stderr
2024-09-06T14:19:51.696+0000 7fb9bcf95640 1 -- start start
2024-09-06T14:19:52.480 INFO:teuthology.orchestra.run.smithi142.stdout:/usr/bin/ceph: stderr
2024-09-06T14:19:51.696+0000 7fb9bcf95640 1 --2- >> [v2:172.21.15.142:3300/0,v1:172.21.15.142:6789/0] conn(0x7fb9b8104a70 0x7fb9b8104e50 unknown :-1 s=NONE pgs=0 cs=0 l=0 rev1=0 crypto rx=0 tx=0 comp rx=0 tx=0).connect
2024-09-06T14:19:52.480 INFO:teuthology.orchestra.run.smithi142.stdout:/usr/bin/ceph: stderr
2024-09-06T14:19:51.696+0000 7fb9bcf95640 1 -- --> [v2:172.21.15.142:3300/0,v1:172.21.15.142:6789/0] -- mon_getmap magic: 0 -- 0x7fb9b8105440 con 0x7fb9b8104a70
2024-09-06T14:19:52.480 INFO:teuthology.orchestra.run.smithi142.stdout:/usr/bin/ceph: stderr
2024-09-06T14:19:51.696+0000 7fb9b659c640 1 --2- >> [v2:172.21.15.142:3300/0,v1:172.21.15.142:6789/0] conn(0x7fb9b8104a70 0x7fb9b8104e50 unknown :-1 s=BANNER_CONNECTING pgs=0 cs=0 l=0 rev1=0 crypto rx=0 tx=0 comp rx=0 tx=0)._handle_peer_banner_payload supported=3 required=0
2024-09-06T14:19:52.480 INFO:teuthology.orchestra.run.smithi142.stdout:/usr/bin/ceph: stderr
2024-09-06T14:19:51.696+0000 7fb9b659c640 1 --2- >> [v2:172.21.15.142:3300/0,v1:172.21.15.142:6789/0] conn(0x7fb9b8104a70 0x7fb9b8104e50 unknown :-1 s=HELLO_CONNECTING pgs=0 cs=0 l=0 rev1=1 crypto rx=0 tx=0 comp rx=0 tx=0).handle_hello peer v2:172.21.15.142:3300/0 says I am v2:172.21.15.142:35056/0 (socket says 172.21.15.142:35056)
2024-09-06T14:19:52.481 INFO:teuthology.orchestra.run.smithi142.stdout:/usr/bin/ceph: stderr
