2024-09-21T17:40:38.475+0000 7fd6793b5640 1 --2- >> [v2:172.21.15.42:3300/0,v1:172.21.15.42:6789/0] conn(0x7fd674105870 0x7fd67419a930 unknown :-1 s=HELLO_CONNECTING pgs=0 cs=0 l=1 rev1=1 crypto rx=0 tx=0 comp rx=0 tx=0).handle_hello peer v2:172.21.15.42:3300/0 says I am v2:172.21.15.42:43484/0 (socket says 172.21.15.42:43484)
2024-09-21T17:40:43.114 INFO:teuthology.orchestra.run.smithi042.stdout:/usr/bin/ceph: stderr
2024-09-21T17:40:38.475+0000 7fd6793b5640 1 -- 172.21.15.42:0/3702303210 learned_addr learned my addr 172.21.15.42:0/3702303210 (peer_addr_for_me v2:172.21.15.42:0/0)
2024-09-21T17:40:43.114 INFO:teuthology.orchestra.run.smithi042.stdout:/usr/bin/ceph: stderr
2024-09-21T17:40:38.475+0000 7fd6793b5640 1 -- 172.21.15.42:0/3702303210 --> [v2:172.21.15.42:3300/0,v1:172.21.15.42:6789/0] -- mon_subscribe({config=0+,monmap=0+}) -- 0x7fd67419ae90 con 0x7fd674105870
2024-09-21T17:40:43.114 INFO:teuthology.orchestra.run.smithi042.stdout:/usr/bin/ceph: stderr
2024-09-21T17:40:38.475+0000 7fd6793b5640 1 --2- 172.21.15.42:0/3702303210 >> [v2:172.21.15.42:3300/0,v1:172.21.15.42:6789/0] conn(0x7fd674105870 0x7fd67419a930 secure :-1 s=READY pgs=27 cs=0 l=1 rev1=1 crypto rx=0x7fd670000c00 tx=0x7fd670030bc0 comp rx=0 tx=0).ready entity=mon.0 client_cookie=0 server_cookie=0 in_seq=0 out_seq=0
2024-09-21T17:40:43.114 INFO:teuthology.orchestra.run.smithi042.stdout:/usr/bin/ceph: stderr
2024-09-21T17:40:38.475+0000 7fd66a7fc640 1 -- 172.21.15.42:0/3702303210 <== mon.0 v2:172.21.15.42:3300/0 1 ==== mon_map magic: 0 ==== 205+0+0 (secure 0 0 0) 0x7fd670042070 con 0x7fd674105870
2024-09-21T17:40:43.115 INFO:teuthology.orchestra.run.smithi042.stdout:/usr/bin/ceph: stderr
2024-09-21T17:40:38.475+0000 7fd66a7fc640 1 -- 172.21.15.42:0/3702303210 <== mon.0 v2:172.21.15.42:3300/0 2 ==== config(25 keys) ==== 1023+0+0 (secure 0 0 0) 0x7fd670030e00 con 0x7fd674105870
2024-09-21T17:40:43.115 INFO:teuthology.orchestra.run.smithi042.stdout:/usr/bin/ceph: stderr
2024-09-21T17:40:38.475+0000 7fd67b619640 1 -- 172.21.15.42:0/3702303210 --> [v2:172.21.15.42:3300/0,v1:172.21.15.42:6789/0] -- mon_subscribe({mgrmap=0+}) -- 0x7fd67419b120 con 0x7fd674105870
2024-09-21T17:40:43.115 INFO:teuthology.orchestra.run.smithi042.stdout:/usr/bin/ceph: stderr
2024-09-21T17:40:38.475+0000 7fd67b619640 1 -- 172.21.15.42:0/3702303210 --> [v2:172.21.15.42:3300/0,v1:172.21.15.42:6789/0] -- mon_subscribe({osdmap=0}) -- 0x7fd67419bae0 con 0x7fd674105870
2024-09-21T17:40:43.115 INFO:teuthology.orchestra.run.smithi042.stdout:/usr/bin/ceph: stderr
2024-09-21T17:40:38.475+0000 7fd66a7fc640 1 -- 172.21.15.42:0/3702303210 <== mon.0 v2:172.21.15.42:3300/0 3 ==== mon_map magic: 0 ==== 205+0+0 (secure 0 0 0) 0x7fd670037040 con 0x7fd674105870
2024-09-21T17:40:43.115 INFO:teuthology.orchestra.run.smithi042.stdout:/usr/bin/ceph: stderr
2024-09-21T17:40:38.476+0000 7fd66a7fc640 1 -- 172.21.15.42:0/3702303210 <== mon.0 v2:172.21.15.42:3300/0 4 ==== mgrmap(e 5) ==== 51807+0+0 (secure 0 0 0) 0x7fd670045070 con 0x7fd674105870
2024-09-21T17:40:43.115 INFO:teuthology.orchestra.run.smithi042.stdout:/usr/bin/ceph: stderr
2024-09-21T17:40:38.476+0000 7fd66a7fc640 1 --2- 172.21.15.42:0/3702303210 >> v2:172.21.15.42:6800/604611129 conn(0x7fd66003f8c0 0x7fd660041d80 unknown :-1 s=NONE pgs=0 cs=0 l=1 rev1=0 crypto rx=0 tx=0 comp rx=0 tx=0).connect
2024-09-21T17:40:43.115 INFO:teuthology.orchestra.run.smithi042.stdout:/usr/bin/ceph: stderr
2024-09-21T17:40:38.476+0000 7fd66a7fc640 1 -- 172.21.15.42:0/3702303210 --> v2:172.21.15.42:6800/604611129 -- command(tid 0: {"prefix": "get_command_descriptions"}) -- 0x7fd660042450 con 0x7fd66003f8c0
2024-09-21T17:40:43.115 INFO:teuthology.orchestra.run.smithi042.stdout:/usr/bin/ceph: stderr
2024-09-21T17:40:38.477+0000 7fd66a7fc640 1 -- 172.21.15.42:0/3702303210 <== mon.0 v2:172.21.15.42:3300/0 5 ==== osd_map(1..1 src has 1..1) ==== 725+0+0 (secure 0 0 0) 0x7fd670074140 con 0x7fd674105870
2024-09-21T17:40:43.115 INFO:teuthology.orchestra.run.smithi042.stdout:/usr/bin/ceph: stderr
2024-09-21T17:40:38.477+0000 7fd678bb4640 1 -- 172.21.15.42:0/3702303210 >> v2:172.21.15.42:6800/604611129 conn(0x7fd66003f8c0 msgr2=0x7fd660041d80 unknown :-1 s=STATE_CONNECTING_RE l=1).process reconnect failed to v2:172.21.15.42:6800/604611129
2024-09-21T17:40:43.115 INFO:teuthology.orchestra.run.smithi042.stdout:/usr/bin/ceph: stderr
2024-09-21T17:40:38.477+0000 7fd678bb4640 1 --2- 172.21.15.42:0/3702303210 >> v2:172.21.15.42:6800/604611129 conn(0x7fd66003f8c0 0x7fd660041d80 unknown :-1 s=START_CONNECT pgs=0 cs=0 l=1 rev1=0 crypto rx=0 tx=0 comp rx=0 tx=0)._fault waiting 0.200000
2024-09-21T17:40:43.115 INFO:teuthology.orchestra.run.smithi042.stdout:/usr/bin/ceph: stderr
2024-09-21T17:40:38.678+0000 7fd678bb4640 1 -- 172.21.15.42:0/3702303210 >> v2:172.21.15.42:6800/604611129 conn(0x7fd66003f8c0 msgr2=0x7fd660041d80 unknown :-1 s=STATE_CONNECTING_RE l=1).process reconnect failed to v2:172.21.15.42:6800/604611129
2024-09-21T17:40:43.115 INFO:teuthology.orchestra.run.smithi042.stdout:/usr/bin/ceph: stderr
2024-09-21T17:40:38.678+0000 7fd678bb4640 1 --2- 172.21.15.42:0/3702303210 >> v2:172.21.15.42:6800/604611129 conn(0x7fd66003f8c0 0x7fd660041d80 unknown :-1 s=START_CONNECT pgs=0 cs=0 l=1 rev1=0 crypto rx=0 tx=0 comp rx=0 tx=0)._fault waiting 0.400000
2024-09-21T17:40:43.115 INFO:teuthology.orchestra.run.smithi042.stdout:/usr/bin/ceph: stderr
2024-09-21T17:40:39.080+0000 7fd678bb4640 1 -- 172.21.15.42:0/3702303210 >> v2:172.21.15.42:6800/604611129 conn(0x7fd66003f8c0 msgr2=0x7fd660041d80 unknown :-1 s=STATE_CONNECTING_RE l=1).process reconnect failed to v2:172.21.15.42:6800/604611129
2024-09-21T17:40:43.115 INFO:teuthology.orchestra.run.smithi042.stdout:/usr/bin/ceph: stderr
2024-09-21T17:40:39.080+0000 7fd678bb4640 1 --2- 172.21.15.42:0/3702303210 >> v2:172.21.15.42:6800/604611129 conn(0x7fd66003f8c0 0x7fd660041d80 unknown :-1 s=START_CONNECT pgs=0 cs=0 l=1 rev1=0 crypto rx=0 tx=0 comp rx=0 tx=0)._fault waiting 0.800000
2024-09-21T17:40:43.115 INFO:teuthology.orchestra.run.smithi042.stdout:/usr/bin/ceph: stderr
2024-09-21T17:40:39.882+0000 7fd678bb4640 1 -- 172.21.15.42:0/3702303210 >> v2:172.21.15.42:6800/604611129 conn(0x7fd66003f8c0 msgr2=0x7fd660041d80 unknown :-1 s=STATE_CONNECTING_RE l=1).process reconnect failed to v2:172.21.15.42:6800/604611129
2024-09-21T17:40:43.116 INFO:teuthology.orchestra.run.smithi042.stdout:/usr/bin/ceph: stderr
2024-09-21T17:40:39.882+0000 7fd678bb4640 1 --2- 172.21.15.42:0/3702303210 >> v2:172.21.15.42:6800/604611129 conn(0x7fd66003f8c0 0x7fd660041d80 unknown :-1 s=START_CONNECT pgs=0 cs=0 l=1 rev1=0 crypto rx=0 tx=0 comp rx=0 tx=0)._fault waiting 1.600000
2024-09-21T17:40:43.116 INFO:teuthology.orchestra.run.smithi042.stdout:/usr/bin/ceph: stderr
2024-09-21T17:40:41.483+0000 7fd678bb4640 1 -- 172.21.15.42:0/3702303210 >> v2:172.21.15.42:6800/604611129 conn(0x7fd66003f8c0 msgr2=0x7fd660041d80 unknown :-1 s=STATE_CONNECTING_RE l=1).process reconnect failed to v2:172.21.15.42:6800/604611129
2024-09-21T17:40:43.116 INFO:teuthology.orchestra.run.smithi042.stdout:/usr/bin/ceph: stderr
2024-09-21T17:40:41.483+0000 7fd678bb4640 1 --2- 172.21.15.42:0/3702303210 >> v2:172.21.15.42:6800/604611129 conn(0x7fd66003f8c0 0x7fd660041d80 unknown :-1 s=START_CONNECT pgs=0 cs=0 l=1 rev1=0 crypto rx=0 tx=0 comp rx=0 tx=0)._fault waiting 3.200000
2024-09-21T17:40:43.116 INFO:teuthology.orchestra.run.smithi042.stdout:/usr/bin/ceph: stderr
2024-09-21T17:40:41.534+0000 7fd66a7fc640 1 -- 172.21.15.42:0/3702303210 <== mon.0 v2:172.21.15.42:3300/0 6 ==== mgrmap(e 6) ==== 51609+0+0 (secure 0 0 0) 0x7fd67003bd40 con 0x7fd674105870
2024-09-21T17:40:43.116 INFO:teuthology.orchestra.run.smithi042.stdout:/usr/bin/ceph: stderr
2024-09-21T17:40:41.534+0000 7fd66a7fc640 1 -- 172.21.15.42:0/3702303210 >> v2:172.21.15.42:6800/604611129 conn(0x7fd66003f8c0 msgr2=0x7fd660041d80 unknown :-1 s=STATE_CONNECTING l=1).mark_down
2024-09-21T17:40:43.116 INFO:teuthology.orchestra.run.smithi042.stdout:/usr/bin/ceph: stderr
2024-09-21T17:40:41.534+0000 7fd66a7fc640 1 --2- 172.21.15.42:0/3702303210 >> v2:172.21.15.42:6800/604611129 conn(0x7fd66003f8c0 0x7fd660041d80 unknown :-1 s=START_CONNECT pgs=0 cs=0 l=1 rev1=0 crypto rx=0 tx=0 comp rx=0 tx=0).stop
2024-09-21T17:40:43.116 INFO:teuthology.orchestra.run.smithi042.stdout:/usr/bin/ceph: stderr
2024-09-21T17:40:42.535+0000 7fd66a7fc640 1 -- 172.21.15.42:0/3702303210 <== mon.0 v2:172.21.15.42:3300/0 7 ==== mgrmap(e 7) ==== 51701+0+0 (secure 0 0 0) 0x7fd6700762f0 con 0x7fd674105870
2024-09-21T17:40:43.116 INFO:teuthology.orchestra.run.smithi042.stdout:/usr/bin/ceph: stderr
2024-09-21T17:40:42.535+0000 7fd66a7fc640 1 --2- 172.21.15.42:0/3702303210 >> v2:172.21.15.42:6800/475923179 conn(0x7fd660042fb0 0x7fd6600453a0 unknown :-1 s=NONE pgs=0 cs=0 l=1 rev1=0 crypto rx=0 tx=0 comp rx=0 tx=0).connect
2024-09-21T17:40:43.116 INFO:teuthology.orchestra.run.smithi042.stdout:/usr/bin/ceph: stderr
2024-09-21T17:40:42.535+0000 7fd66a7fc640 1 -- 172.21.15.42:0/3702303210 --> v2:172.21.15.42:6800/475923179 -- command(tid 0: {"prefix": "get_command_descriptions"}) -- 0x7fd670040cc0 con 0x7fd660042fb0
2024-09-21T17:40:43.116 INFO:teuthology.orchestra.run.smithi042.stdout:/usr/bin/ceph: stderr
2024-09-21T17:40:42.535+0000 7fd678bb4640 1 --2- 172.21.15.42:0/3702303210 >> v2:172.21.15.42:6800/475923179 conn(0x7fd660042fb0 0x7fd6600453a0 unknown :-1 s=BANNER_CONNECTING pgs=0 cs=0 l=1 rev1=0 crypto rx=0 tx=0 comp rx=0 tx=0)._handle_peer_banner_payload supported=3 required=0
2024-09-21T17:40:43.116 INFO:teuthology.orchestra.run.smithi042.stdout:/usr/bin/ceph: stderr
2024-09-21T17:40:42.536+0000 7fd678bb4640 1 --2- 172.21.15.42:0/3702303210 >> v2:172.21.15.42:6800/475923179 conn(0x7fd660042fb0 0x7fd6600453a0 secure :-1 s=READY pgs=2 cs=0 l=1 rev1=1 crypto rx=0x7fd664003980 tx=0x7fd6640092b0 comp rx=0 tx=0).ready entity=mgr.14118 client_cookie=0 server_cookie=0 in_seq=0 out_seq=0
2024-09-21T17:40:43.116 INFO:teuthology.orchestra.run.smithi042.stdout:/usr/bin/ceph: stderr
2024-09-21T17:40:42.537+0000 7fd66a7fc640 1 -- 172.21.15.42:0/3702303210 <== mgr.14118 v2:172.21.15.42:6800/475923179 1 ==== command_reply(tid 0: 0 ) ==== 8+0+9564 (secure 0 0 0) 0x7fd670040cc0 con 0x7fd660042fb0
2024-09-21T17:40:43.116 INFO:teuthology.orchestra.run.smithi042.stdout:/usr/bin/ceph: stderr
2024-09-21T17:40:42.543+0000 7fd67b619640 1 -- 172.21.15.42:0/3702303210 --> v2:172.21.15.42:6800/475923179 -- command(tid 1: {"prefix": "mgr_status"}) -- 0x7fd674105cf0 con 0x7fd660042fb0
2024-09-21T17:40:43.116 INFO:teuthology.orchestra.run.smithi042.stdout:/usr/bin/ceph: stderr
2024-09-21T17:40:42.544+0000 7fd66a7fc640 1 -- 172.21.15.42:0/3702303210 <== mgr.14118 v2:172.21.15.42:6800/475923179 2 ==== command_reply(tid 1: 0 ) ==== 8+0+51 (secure 0 0 0) 0x7fd674105cf0 con 0x7fd660042fb0
2024-09-21T17:40:43.117 INFO:teuthology.orchestra.run.smithi042.stdout:/usr/bin/ceph: stderr
2024-09-21T17:40:42.544+0000 7fd67b619640 1 -- 172.21.15.42:0/3702303210 >> v2:172.21.15.42:6800/475923179 conn(0x7fd660042fb0 msgr2=0x7fd6600453a0 secure :-1 s=STATE_CONNECTION_ESTABLISHED l=1).mark_down
2024-09-21T17:40:43.117 INFO:teuthology.orchestra.run.smithi042.stdout:/usr/bin/ceph: stderr
2024-09-21T17:40:42.544+0000 7fd67b619640 1 --2- 172.21.15.42:0/3702303210 >> v2:172.21.15.42:6800/475923179 conn(0x7fd660042fb0 0x7fd6600453a0 secure :-1 s=READY pgs=2 cs=0 l=1 rev1=1 crypto rx=0x7fd664003980 tx=0x7fd6640092b0 comp rx=0 tx=0).stop
2024-09-21T17:40:43.117 INFO:teuthology.orchestra.run.smithi042.stdout:/usr/bin/ceph: stderr
2024-09-21T17:40:42.544+0000 7fd67b619640 1 -- 172.21.15.42:0/3702303210 >> [v2:172.21.15.42:3300/0,v1:172.21.15.42:6789/0] conn(0x7fd674105870 msgr2=0x7fd67419a930 secure :-1 s=STATE_CONNECTION_ESTABLISHED l=1).mark_down
2024-09-21T17:40:43.117 INFO:teuthology.orchestra.run.smithi042.stdout:/usr/bin/ceph: stderr
2024-09-21T17:40:42.544+0000 7fd67b619640 1 --2- 172.21.15.42:0/3702303210 >> [v2:172.21.15.42:3300/0,v1:172.21.15.42:6789/0] conn(0x7fd674105870 0x7fd67419a930 secure :-1 s=READY pgs=27 cs=0 l=1 rev1=1 crypto rx=0x7fd670000c00 tx=0x7fd670030bc0 comp rx=0 tx=0).stop
2024-09-21T17:40:43.117 INFO:teuthology.orchestra.run.smithi042.stdout:/usr/bin/ceph: stderr
2024-09-21T17:40:42.544+0000 7fd67b619640 1 -- 172.21.15.42:0/3702303210 shutdown_connections
2024-09-21T17:40:43.117 INFO:teuthology.orchestra.run.smithi042.stdout:/usr/bin/ceph: stderr
2024-09-21T17:40:42.544+0000 7fd67b619640 1 --2- 172.21.15.42:0/3702303210 >> v2:172.21.15.42:6800/475923179 conn(0x7fd660042fb0 0x7fd6600453a0 unknown :-1 s=CLOSED pgs=2 cs=0 l=1 rev1=1 crypto rx=0 tx=0 comp rx=0 tx=0).stop
2024-09-21T17:40:43.117 INFO:teuthology.orchestra.run.smithi042.stdout:/usr/bin/ceph: stderr
2024-09-21T17:40:42.544+0000 7fd67b619640 1 --2- 172.21.15.42:0/3702303210 >> v2:172.21.15.42:6800/604611129 conn(0x7fd66003f8c0 0x7fd660041d80 unknown :-1 s=CLOSED pgs=0 cs=0 l=1 rev1=0 crypto rx=0 tx=0 comp rx=0 tx=0).stop
2024-09-21T17:40:43.117 INFO:teuthology.orchestra.run.smithi042.stdout:/usr/bin/ceph: stderr
2024-09-21T17:40:42.544+0000 7fd67b619640 1 --2- 172.21.15.42:0/3702303210 >> [v2:172.21.15.42:3300/0,v1:172.21.15.42:6789/0] conn(0x7fd674105870 0x7fd67419a930 unknown :-1 s=CLOSED pgs=27 cs=0 l=1 rev1=1 crypto rx=0 tx=0 comp rx=0 tx=0).stop
2024-09-21T17:40:43.117 INFO:teuthology.orchestra.run.smithi042.stdout:/usr/bin/ceph: stderr
2024-09-21T17:40:42.544+0000 7fd67b619640 1 -- 172.21.15.42:0/3702303210 >> 172.21.15.42:0/3702303210 conn(0x7fd674101160 msgr2=0x7fd674079800 unknown :-1 s=STATE_NONE l=0).mark_down
2024-09-21T17:40:43.117 INFO:teuthology.orchestra.run.smithi042.stdout:/usr/bin/ceph: stderr
2024-09-21T17:40:42.544+0000 7fd67b619640 1 -- 172.21.15.42:0/3702303210 shutdown_connections
2024-09-21T17:40:43.117 INFO:teuthology.orchestra.run.smithi042.stdout:/usr/bin/ceph: stderr
2024-09-21T17:40:42.544+0000 7fd67b619640 1 -- 172.21.15.42:0/3702303210 wait complete.
2024-09-21T17:40:43.117 INFO:teuthology.orchestra.run.smithi042.stdout:mgr epoch 5 is available
2024-09-21T17:40:43.117 INFO:teuthology.orchestra.run.smithi042.stdout:Verifying orchestrator module is enabled...
2024-09-21T17:40:43.760 INFO:journalctl@ceph.mon.a.smithi042.stdout:Sep 21 17:40:43 smithi042 ceph-mon[29361]: from='client.14122 -' entity='client.admin' cmd=[{"prefix": "get_command_descriptions"}]: dispatch
2024-09-21T17:40:43.760 INFO:journalctl@ceph.mon.a.smithi042.stdout:Sep 21 17:40:43 smithi042 ceph-mon[29361]: mgrmap e7: y(active, since 1.00491s)
2024-09-21T17:40:43.760 INFO:journalctl@ceph.mon.a.smithi042.stdout:Sep 21 17:40:43 smithi042 ceph-mon[29361]: from='client.14122 -' entity='client.admin' cmd=[{"prefix": "mgr_status"}]: dispatch
2024-09-21T17:40:44.835 INFO:journalctl@ceph.mon.a.smithi042.stdout:Sep 21 17:40:44 smithi042 ceph-mon[29361]: from='mgr.14118 172.21.15.42:0/658487716' entity='mgr.y'
2024-09-21T17:40:44.835 INFO:journalctl@ceph.mon.a.smithi042.stdout:Sep 21 17:40:44 smithi042 ceph-mon[29361]: from='mgr.14118 172.21.15.42:0/658487716' entity='mgr.y'
2024-09-21T17:40:44.835 INFO:journalctl@ceph.mon.a.smithi042.stdout:Sep 21 17:40:44 smithi042 ceph-mon[29361]: Found migration_current of "None". Setting to last migration.
2024-09-21T17:40:44.835 INFO:journalctl@ceph.mon.a.smithi042.stdout:Sep 21 17:40:44 smithi042 ceph-mon[29361]: from='mgr.14118 172.21.15.42:0/658487716' entity='mgr.y'
2024-09-21T17:40:44.835 INFO:journalctl@ceph.mon.a.smithi042.stdout:Sep 21 17:40:44 smithi042 ceph-mon[29361]: from='mgr.14118 172.21.15.42:0/658487716' entity='mgr.y'
2024-09-21T17:40:44.835 INFO:journalctl@ceph.mon.a.smithi042.stdout:Sep 21 17:40:44 smithi042 ceph-mon[29361]: from='mgr.14118 172.21.15.42:0/658487716' entity='mgr.y' cmd={"prefix": "config dump", "format": "json"} : dispatch
2024-09-21T17:40:44.836 INFO:journalctl@ceph.mon.a.smithi042.stdout:Sep 21 17:40:44 smithi042 ceph-mon[29361]: from='mgr.14118 172.21.15.42:0/658487716' entity='mgr.y' cmd={"prefix": "config dump", "format": "json"} : dispatch
2024-09-21T17:40:44.836 INFO:journalctl@ceph.mon.a.smithi042.stdout:Sep 21 17:40:44 smithi042 ceph-mon[29361]: from='mgr.14118 172.21.15.42:0/658487716' entity='mgr.y' cmd={"prefix":"config rm","who":"mgr","name":"mgr/rbd_support/y/mirror_snapshot_schedule"} : dispatch
2024-09-21T17:40:44.836 INFO:journalctl@ceph.mon.a.smithi042.stdout:Sep 21 17:40:44 smithi042 ceph-mon[29361]: from='mgr.14118 172.21.15.42:0/658487716' entity='mgr.y' cmd={"prefix":"config rm","who":"mgr","name":"mgr/rbd_support/y/trash_purge_schedule"} : dispatch
2024-09-21T17:40:44.836 INFO:journalctl@ceph.mon.a.smithi042.stdout:Sep 21 17:40:44 smithi042 ceph-mon[29361]: from='client.? 172.21.15.42:0/3854506410' entity='client.admin' cmd={"prefix": "mgr module enable", "module": "orchestrator"} : dispatch
2024-09-21T17:40:45.093 INFO:teuthology.orchestra.run.smithi042.stdout:/usr/bin/ceph: stderr
2024-09-21T17:40:43.502+0000 7f895381d640 1 Processor -- start
2024-09-21T17:40:45.093 INFO:teuthology.orchestra.run.smithi042.stdout:/usr/bin/ceph: stderr
2024-09-21T17:40:43.502+0000 7f895381d640 1 -- start start
2024-09-21T17:40:45.093 INFO:teuthology.orchestra.run.smithi042.stdout:/usr/bin/ceph: stderr
2024-09-21T17:40:43.502+0000 7f895381d640 1 --2- >> [v2:172.21.15.42:3300/0,v1:172.21.15.42:6789/0] conn(0x7f894c105860 0x7f894c105c60 unknown :-1 s=NONE pgs=0 cs=0 l=0 rev1=0 crypto rx=0 tx=0 comp rx=0 tx=0).connect
2024-09-21T17:40:45.093 INFO:teuthology.orchestra.run.smithi042.stdout:/usr/bin/ceph: stderr
2024-09-21T17:40:43.502+0000 7f895381d640 1 -- --> [v2:172.21.15.42:3300/0,v1:172.21.15.42:6789/0] -- mon_getmap magic: 0 -- 0x7f894c106250 con 0x7f894c105860
2024-09-21T17:40:45.093 INFO:teuthology.orchestra.run.smithi042.stdout:/usr/bin/ceph: stderr
2024-09-21T17:40:43.503+0000 7f89515b9640 1 --2- >> [v2:172.21.15.42:3300/0,v1:172.21.15.42:6789/0] conn(0x7f894c105860 0x7f894c105c60 unknown :-1 s=BANNER_CONNECTING pgs=0 cs=0 l=0 rev1=0 crypto rx=0 tx=0 comp rx=0 tx=0)._handle_peer_banner_payload supported=3 required=0
2024-09-21T17:40:45.093 INFO:teuthology.orchestra.run.smithi042.stdout:/usr/bin/ceph: stderr
2024-09-21T17:40:43.503+0000 7f89515b9640 1 --2- >> [v2:172.21.15.42:3300/0,v1:172.21.15.42:6789/0] conn(0x7f894c105860 0x7f894c105c60 unknown :-1 s=HELLO_CONNECTING pgs=0 cs=0 l=0 rev1=1 crypto rx=0 tx=0 comp rx=0 tx=0).handle_hello peer v2:172.21.15.42:3300/0 says I am v2:172.21.15.42:56674/0 (socket says 172.21.15.42:56674)
2024-09-21T17:40:45.094 INFO:teuthology.orchestra.run.smithi042.stdout:/usr/bin/ceph: stderr
2024-09-21T17:40:43.503+0000 7f89515b9640 1 -- 172.21.15.42:0/3527777653 learned_addr learned my addr 172.21.15.42:0/3527777653 (peer_addr_for_me v2:172.21.15.42:0/0)
2024-09-21T17:40:45.094 INFO:teuthology.orchestra.run.smithi042.stdout:/usr/bin/ceph: stderr
2024-09-21T17:40:43.503+0000 7f89515b9640 1 -- 172.21.15.42:0/3527777653 --> [v2:172.21.15.42:3300/0,v1:172.21.15.42:6789/0] -- mon_subscribe({config=0+,monmap=0+}) -- 0x7f894c1063d0 con 0x7f894c105860
2024-09-21T17:40:45.094 INFO:teuthology.orchestra.run.smithi042.stdout:/usr/bin/ceph: stderr
2024-09-21T17:40:43.504+0000 7f89515b9640 1 --2- 172.21.15.42:0/3527777653 >> [v2:172.21.15.42:3300/0,v1:172.21.15.42:6789/0] conn(0x7f894c105860 0x7f894c105c60 secure :-1 s=READY pgs=31 cs=0 l=1 rev1=1 crypto rx=0x7f8948009820 tx=0x7f894802a270 comp rx=0 tx=0).ready entity=mon.0 client_cookie=f002b0a3c12ec3bc server_cookie=0 in_seq=0 out_seq=0
2024-09-21T17:40:45.094 INFO:teuthology.orchestra.run.smithi042.stdout:/usr/bin/ceph: stderr
2024-09-21T17:40:43.504+0000 7f893ffff640 1 -- 172.21.15.42:0/3527777653 <== mon.0 v2:172.21.15.42:3300/0 1 ==== mon_map magic: 0 ==== 205+0+0 (secure 0 0 0) 0x7f8948037070 con 0x7f894c105860
2024-09-21T17:40:45.094 INFO:teuthology.orchestra.run.smithi042.stdout:/usr/bin/ceph: stderr
2024-09-21T17:40:43.504+0000 7f893ffff640 1 -- 172.21.15.42:0/3527777653 <== mon.0 v2:172.21.15.42:3300/0 2 ==== config(25 keys) ==== 1023+0+0 (secure 0 0 0) 0x7f89480328a0 con 0x7f894c105860
2024-09-21T17:40:45.094 INFO:teuthology.orchestra.run.smithi042.stdout:/usr/bin/ceph: stderr
2024-09-21T17:40:43.504+0000 7f893ffff640 1 -- 172.21.15.42:0/3527777653 <== mon.0 v2:172.21.15.42:3300/0 3 ==== mon_map magic: 0 ==== 205+0+0 (secure 0 0 0) 0x7f8948030690 con 0x7f894c105860
2024-09-21T17:40:45.094 INFO:teuthology.orchestra.run.smithi042.stdout:/usr/bin/ceph: stderr
2024-09-21T17:40:43.504+0000 7f895381d640 1 -- 172.21.15.42:0/3527777653 >> [v2:172.21.15.42:3300/0,v1:172.21.15.42:6789/0] conn(0x7f894c105860 msgr2=0x7f894c105c60 secure :-1 s=STATE_CONNECTION_ESTABLISHED l=1).mark_down
2024-09-21T17:40:45.094 INFO:teuthology.orchestra.run.smithi042.stdout:/usr/bin/ceph: stderr
2024-09-21T17:40:43.504+0000 7f895381d640 1 --2- 172.21.15.42:0/3527777653 >> [v2:172.21.15.42:3300/0,v1:172.21.15.42:6789/0] conn(0x7f894c105860 0x7f894c105c60 secure :-1 s=READY pgs=31 cs=0 l=1 rev1=1 crypto rx=0x7f8948009820 tx=0x7f894802a270 comp rx=0 tx=0).stop
2024-09-21T17:40:45.094 INFO:teuthology.orchestra.run.smithi042.stdout:/usr/bin/ceph: stderr
2024-09-21T17:40:43.504+0000 7f895381d640 1 -- 172.21.15.42:0/3527777653 shutdown_connections
2024-09-21T17:40:45.094 INFO:teuthology.orchestra.run.smithi042.stdout:/usr/bin/ceph: stderr
2024-09-21T17:40:43.504+0000 7f895381d640 1 --2- 172.21.15.42:0/3527777653 >> [v2:172.21.15.42:3300/0,v1:172.21.15.42:6789/0] conn(0x7f894c105860 0x7f894c105c60 unknown :-1 s=CLOSED pgs=31 cs=0 l=1 rev1=1 crypto rx=0 tx=0 comp rx=0 tx=0).stop
2024-09-21T17:40:45.094 INFO:teuthology.orchestra.run.smithi042.stdout:/usr/bin/ceph: stderr
2024-09-21T17:40:43.504+0000 7f895381d640 1 -- 172.21.15.42:0/3527777653 >> 172.21.15.42:0/3527777653 conn(0x7f894c1011b0 msgr2=0x7f894c1035d0 unknown :-1 s=STATE_NONE l=0).mark_down
2024-09-21T17:40:45.094 INFO:teuthology.orchestra.run.smithi042.stdout:/usr/bin/ceph: stderr
2024-09-21T17:40:43.504+0000 7f895381d640 1 -- 172.21.15.42:0/3527777653 shutdown_connections
2024-09-21T17:40:45.095 INFO:teuthology.orchestra.run.smithi042.stdout:/usr/bin/ceph: stderr
2024-09-21T17:40:43.505+0000 7f895381d640 1 -- 172.21.15.42:0/3527777653 wait complete.
2024-09-21T17:40:45.095 INFO:teuthology.orchestra.run.smithi042.stdout:/usr/bin/ceph: stderr
2024-09-21T17:40:43.505+0000 7f895381d640 1 Processor -- start
2024-09-21T17:40:45.095 INFO:teuthology.orchestra.run.smithi042.stdout:/usr/bin/ceph: stderr
2024-09-21T17:40:43.505+0000 7f895381d640 1 -- start start
2024-09-21T17:40:45.095 INFO:teuthology.orchestra.run.smithi042.stdout:/usr/bin/ceph: stderr
2024-09-21T17:40:43.505+0000 7f895381d640 1 --2- >> [v2:172.21.15.42:3300/0,v1:172.21.15.42:6789/0] conn(0x7f894c105860 0x7f894c19a8b0 unknown :-1 s=NONE pgs=0 cs=0 l=1 rev1=0 crypto rx=0 tx=0 comp rx=0 tx=0).connect
2024-09-21T17:40:45.095 INFO:teuthology.orchestra.run.smithi042.stdout:/usr/bin/ceph: stderr
2024-09-21T17:40:43.505+0000 7f895381d640 1 -- --> [v2:172.21.15.42:3300/0,v1:172.21.15.42:6789/0] -- mon_getmap magic: 0 -- 0x7f894c109ce0 con 0x7f894c105860
2024-09-21T17:40:45.095 INFO:teuthology.orchestra.run.smithi042.stdout:/usr/bin/ceph: stderr
2024-09-21T17:40:43.505+0000 7f89515b9640 1 --2- >> [v2:172.21.15.42:3300/0,v1:172.21.15.42:6789/0] conn(0x7f894c105860 0x7f894c19a8b0 unknown :-1 s=BANNER_CONNECTING pgs=0 cs=0 l=1 rev1=0 crypto rx=0 tx=0 comp rx=0 tx=0)._handle_peer_banner_payload supported=3 required=0
2024-09-21T17:40:45.095 INFO:teuthology.orchestra.run.smithi042.stdout:/usr/bin/ceph: stderr
2024-09-21T17:40:43.505+0000 7f89515b9640 1 --2- >> [v2:172.21.15.42:3300/0,v1:172.21.15.42:6789/0] conn(0x7f894c105860 0x7f894c19a8b0 unknown :-1 s=HELLO_CONNECTING pgs=0 cs=0 l=1 rev1=1 crypto rx=0 tx=0 comp rx=0 tx=0).handle_hello peer v2:172.21.15.42:3300/0 says I am v2:172.21.15.42:56676/0 (socket says 172.21.15.42:56676)
2024-09-21T17:40:45.095 INFO:teuthology.orchestra.run.smithi042.stdout:/usr/bin/ceph: stderr
2024-09-21T17:40:43.505+0000 7f89515b9640 1 -- 172.21.15.42:0/3854506410 learned_addr learned my addr 172.21.15.42:0/3854506410 (peer_addr_for_me v2:172.21.15.42:0/0)
2024-09-21T17:40:45.095 INFO:teuthology.orchestra.run.smithi042.stdout:/usr/bin/ceph: stderr
2024-09-21T17:40:43.506+0000 7f89515b9640 1 -- 172.21.15.42:0/3854506410 --> [v2:172.21.15.42:3300/0,v1:172.21.15.42:6789/0] -- mon_subscribe({config=0+,monmap=0+}) -- 0x7f894c19ae10 con 0x7f894c105860
2024-09-21T17:40:45.095 INFO:teuthology.orchestra.run.smithi042.stdout:/usr/bin/ceph: stderr
2024-09-21T17:40:43.506+0000 7f89515b9640 1 --2- 172.21.15.42:0/3854506410 >> [v2:172.21.15.42:3300/0,v1:172.21.15.42:6789/0] conn(0x7f894c105860 0x7f894c19a8b0 secure :-1 s=READY pgs=32 cs=0 l=1 rev1=1 crypto rx=0x7f8948006f10 tx=0x7f8948032670 comp rx=0 tx=0).ready entity=mon.0 client_cookie=0 server_cookie=0 in_seq=0 out_seq=0
2024-09-21T17:40:45.095 INFO:teuthology.orchestra.run.smithi042.stdout:/usr/bin/ceph: stderr
2024-09-21T17:40:43.506+0000 7f893e7fc640 1 -- 172.21.15.42:0/3854506410 <== mon.0 v2:172.21.15.42:3300/0 1 ==== mon_map magic: 0 ==== 205+0+0 (secure 0 0 0) 0x7f8948037040 con 0x7f894c105860
2024-09-21T17:40:45.095 INFO:teuthology.orchestra.run.smithi042.stdout:/usr/bin/ceph: stderr
2024-09-21T17:40:43.506+0000 7f893e7fc640 1 -- 172.21.15.42:0/3854506410 <== mon.0 v2:172.21.15.42:3300/0 2 ==== config(25 keys) ==== 1023+0+0 (secure 0 0 0) 0x7f8948040070 con 0x7f894c105860
2024-09-21T17:40:45.095 INFO:teuthology.orchestra.run.smithi042.stdout:/usr/bin/ceph: stderr
2024-09-21T17:40:43.506+0000 7f895381d640 1 -- 172.21.15.42:0/3854506410 --> [v2:172.21.15.42:3300/0,v1:172.21.15.42:6789/0] -- mon_subscribe({mgrmap=0+}) -- 0x7f894c19b0a0 con 0x7f894c105860
2024-09-21T17:40:45.096 INFO:teuthology.orchestra.run.smithi042.stdout:/usr/bin/ceph: stderr
2024-09-21T17:40:43.506+0000 7f893e7fc640 1 -- 172.21.15.42:0/3854506410 <== mon.0 v2:172.21.15.42:3300/0 3 ==== mon_map magic: 0 ==== 205+0+0 (secure 0 0 0) 0x7f894803a390 con 0x7f894c105860
2024-09-21T17:40:45.096 INFO:teuthology.orchestra.run.smithi042.stdout:/usr/bin/ceph: stderr
2024-09-21T17:40:43.506+0000 7f895381d640 1 -- 172.21.15.42:0/3854506410 --> [v2:172.21.15.42:3300/0,v1:172.21.15.42:6789/0] -- mon_subscribe({osdmap=0}) -- 0x7f894c19ba60 con 0x7f894c105860
2024-09-21T17:40:45.096 INFO:teuthology.orchestra.run.smithi042.stdout:/usr/bin/ceph: stderr
2024-09-21T17:40:43.507+0000 7f893e7fc640 1 -- 172.21.15.42:0/3854506410 <== mon.0 v2:172.21.15.42:3300/0 4 ==== mgrmap(e 7) ==== 51701+0+0 (secure 0 0 0) 0x7f894803b430 con 0x7f894c105860
2024-09-21T17:40:45.096 INFO:teuthology.orchestra.run.smithi042.stdout:/usr/bin/ceph: stderr
2024-09-21T17:40:43.507+0000 7f895381d640 1 -- 172.21.15.42:0/3854506410 --> [v2:172.21.15.42:3300/0,v1:172.21.15.42:6789/0] -- mon_command({"prefix": "get_command_descriptions"} v 0) -- 0x7f894c105ce0 con 0x7f894c105860
2024-09-21T17:40:45.096 INFO:teuthology.orchestra.run.smithi042.stdout:/usr/bin/ceph: stderr
2024-09-21T17:40:43.507+0000 7f893e7fc640 1 --2- 172.21.15.42:0/3854506410 >> v2:172.21.15.42:6800/475923179 conn(0x7f893803f7b0 0x7f8938041c70 unknown :-1 s=NONE pgs=0 cs=0 l=1 rev1=0 crypto rx=0 tx=0 comp rx=0 tx=0).connect
2024-09-21T17:40:45.096 INFO:teuthology.orchestra.run.smithi042.stdout:/usr/bin/ceph: stderr
2024-09-21T17:40:43.507+0000 7f893e7fc640 1 -- 172.21.15.42:0/3854506410 <== mon.0 v2:172.21.15.42:3300/0 5 ==== osd_map(2..2 src has 1..2) ==== 897+0+0 (secure 0 0 0) 0x7f8948073cf0 con 0x7f894c105860
2024-09-21T17:40:45.096 INFO:teuthology.orchestra.run.smithi042.stdout:/usr/bin/ceph: stderr
2024-09-21T17:40:43.507+0000 7f8950db8640 1 --2- 172.21.15.42:0/3854506410 >> v2:172.21.15.42:6800/475923179 conn(0x7f893803f7b0 0x7f8938041c70 unknown :-1 s=BANNER_CONNECTING pgs=0 cs=0 l=1 rev1=0 crypto rx=0 tx=0 comp rx=0 tx=0)._handle_peer_banner_payload supported=3 required=0
2024-09-21T17:40:45.096 INFO:teuthology.orchestra.run.smithi042.stdout:/usr/bin/ceph: stderr
2024-09-21T17:40:43.508+0000 7f8950db8640 1 --2- 172.21.15.42:0/3854506410 >> v2:172.21.15.42:6800/475923179 conn(0x7f893803f7b0 0x7f8938041c70 secure :-1 s=READY pgs=5 cs=0 l=1 rev1=1 crypto rx=0x7f89400098c0 tx=0x7f8940006db0 comp rx=0 tx=0).ready entity=mgr.14118 client_cookie=0 server_cookie=0 in_seq=0 out_seq=0
2024-09-21T17:40:45.096 INFO:teuthology.orchestra.run.smithi042.stdout:/usr/bin/ceph: stderr
2024-09-21T17:40:43.512+0000 7f893e7fc640 1 -- 172.21.15.42:0/3854506410 <== mon.0 v2:172.21.15.42:3300/0 6 ==== mon_command_ack([{"prefix": "get_command_descriptions"}]=0 v0) ==== 72+0+198650 (secure 0 0 0) 0x7f894807a080 con 0x7f894c105860
2024-09-21T17:40:45.096 INFO:teuthology.orchestra.run.smithi042.stdout:/usr/bin/ceph: stderr
2024-09-21T17:40:43.758+0000 7f895381d640 1 -- 172.21.15.42:0/3854506410 --> [v2:172.21.15.42:3300/0,v1:172.21.15.42:6789/0] -- mon_command({"prefix": "mgr module enable", "module": "orchestrator"} v 0) -- 0x7f894c19c180 con 0x7f894c105860
2024-09-21T17:40:45.096 INFO:teuthology.orchestra.run.smithi042.stdout:/usr/bin/ceph: stderr
2024-09-21T17:40:44.554+0000 7f893e7fc640 1 -- 172.21.15.42:0/3854506410 <== mon.0 v2:172.21.15.42:3300/0 7 ==== mon_command_ack([{"prefix": "mgr module enable", "module": "orchestrator"}]=0 module 'orchestrator' is already enabled (always-on) v8) ==== 143+0+0 (secure 0 0 0) 0x7f894803b720 con 0x7f894c105860
2024-09-21T17:40:45.096 INFO:teuthology.orchestra.run.smithi042.stdout:/usr/bin/ceph: stderr module 'orchestrator' is already enabled (always-on)
2024-09-21T17:40:45.096 INFO:teuthology.orchestra.run.smithi042.stdout:/usr/bin/ceph: stderr
2024-09-21T17:40:44.556+0000 7f893e7fc640 1 -- 172.21.15.42:0/3854506410 <== mon.0 v2:172.21.15.42:3300/0 8 ==== mgrmap(e 8) ==== 51701+0+0 (secure 0 0 0) 0x7f894803a980 con 0x7f894c105860
2024-09-21T17:40:45.096 INFO:teuthology.orchestra.run.smithi042.stdout:/usr/bin/ceph: stderr
2024-09-21T17:40:44.557+0000 7f895381d640 1 -- 172.21.15.42:0/3854506410 >> v2:172.21.15.42:6800/475923179 conn(0x7f893803f7b0 msgr2=0x7f8938041c70 secure :-1 s=STATE_CONNECTION_ESTABLISHED l=1).mark_down
2024-09-21T17:40:45.097 INFO:teuthology.orchestra.run.smithi042.stdout:/usr/bin/ceph: stderr
2024-09-21T17:40:44.557+0000 7f895381d640 1 --2- 172.21.15.42:0/3854506410 >> v2:172.21.15.42:6800/475923179 conn(0x7f893803f7b0 0x7f8938041c70 secure :-1 s=READY pgs=5 cs=0 l=1 rev1=1 crypto rx=0x7f89400098c0 tx=0x7f8940006db0 comp rx=0 tx=0).stop
2024-09-21T17:40:45.097 INFO:teuthology.orchestra.run.smithi042.stdout:/usr/bin/ceph: stderr
2024-09-21T17:40:44.557+0000 7f895381d640 1 -- 172.21.15.42:0/3854506410 >> [v2:172.21.15.42:3300/0,v1:172.21.15.42:6789/0] conn(0x7f894c105860 msgr2=0x7f894c19a8b0 secure :-1 s=STATE_CONNECTION_ESTABLISHED l=1).mark_down
2024-09-21T17:40:45.097 INFO:teuthology.orchestra.run.smithi042.stdout:/usr/bin/ceph: stderr
2024-09-21T17:40:44.557+0000 7f895381d640 1 --2- 172.21.15.42:0/3854506410 >> [v2:172.21.15.42:3300/0,v1:172.21.15.42:6789/0] conn(0x7f894c105860 0x7f894c19a8b0 secure :-1 s=READY pgs=32 cs=0 l=1 rev1=1 crypto rx=0x7f8948006f10 tx=0x7f8948032670 comp rx=0 tx=0).stop
2024-09-21T17:40:45.097 INFO:teuthology.orchestra.run.smithi042.stdout:/usr/bin/ceph: stderr
2024-09-21T17:40:44.557+0000 7f895381d640 1 -- 172.21.15.42:0/3854506410 shutdown_connections
2024-09-21T17:40:45.097 INFO:teuthology.orchestra.run.smithi042.stdout:/usr/bin/ceph: stderr
2024-09-21T17:40:44.557+0000 7f895381d640 1 --2- 172.21.15.42:0/3854506410 >> v2:172.21.15.42:6800/475923179 conn(0x7f893803f7b0 0x7f8938041c70 unknown :-1 s=CLOSED pgs=5 cs=0 l=1 rev1=1 crypto rx=0 tx=0 comp rx=0 tx=0).stop
2024-09-21T17:40:45.097 INFO:teuthology.orchestra.run.smithi042.stdout:/usr/bin/ceph: stderr
2024-09-21T17:40:44.557+0000 7f895381d640 1 --2- 172.21.15.42:0/3854506410 >> [v2:172.21.15.42:3300/0,v1:172.21.15.42:6789/0] conn(0x7f894c105860 0x7f894c19a8b0 unknown :-1 s=CLOSED pgs=32 cs=0 l=1 rev1=1 crypto rx=0 tx=0 comp rx=0 tx=0).stop
2024-09-21T17:40:45.097 INFO:teuthology.orchestra.run.smithi042.stdout:/usr/bin/ceph: stderr
2024-09-21T17:40:44.557+0000 7f895381d640 1 -- 172.21.15.42:0/3854506410 >> 172.21.15.42:0/3854506410 conn(0x7f894c1011b0 msgr2=0x7f894c079860 unknown :-1 s=STATE_NONE l=0).mark_down
2024-09-21T17:40:45.097 INFO:teuthology.orchestra.run.smithi042.stdout:/usr/bin/ceph: stderr
2024-09-21T17:40:44.557+0000 7f895381d640 1 -- 172.21.15.42:0/3854506410 shutdown_connections
2024-09-21T17:40:45.097 INFO:teuthology.orchestra.run.smithi042.stdout:/usr/bin/ceph: stderr
2024-09-21T17:40:44.557+0000 7f895381d640 1 -- 172.21.15.42:0/3854506410 wait complete.
2024-09-21T17:40:45.097 INFO:teuthology.orchestra.run.smithi042.stdout:Setting orchestrator backend to cephadm...
2024-09-21T17:40:45.414 INFO:journalctl@ceph.mgr.y.smithi042.stdout:Sep 21 17:40:45 smithi042 ceph-6e3cf65a-7840-11ef-baf6-efdc52797490-mgr-y[29589]:
2024-09-21T17:40:45.184+0000 7fe731097640 -1 log_channel(cephadm) log [ERR] : [21/Sep/2024:17:40:45] ENGINE Error in HTTPServer.serve
2024-09-21T17:40:45.414 INFO:journalctl@ceph.mgr.y.smithi042.stdout:Sep 21 17:40:45 smithi042 ceph-6e3cf65a-7840-11ef-baf6-efdc52797490-mgr-y[29589]: Traceback (most recent call last):
2024-09-21T17:40:45.414 INFO:journalctl@ceph.mgr.y.smithi042.stdout:Sep 21 17:40:45 smithi042 ceph-6e3cf65a-7840-11ef-baf6-efdc52797490-mgr-y[29589]: File "/lib/python3.9/site-packages/cheroot/server.py", line 1823, in serve
2024-09-21T17:40:45.414 INFO:journalctl@ceph.mgr.y.smithi042.stdout:Sep 21 17:40:45 smithi042 ceph-6e3cf65a-7840-11ef-baf6-efdc52797490-mgr-y[29589]: self._connections.run(self.expiration_interval)
2024-09-21T17:40:45.415 INFO:journalctl@ceph.mgr.y.smithi042.stdout:Sep 21 17:40:45 smithi042 ceph-6e3cf65a-7840-11ef-baf6-efdc52797490-mgr-y[29589]: File "/lib/python3.9/site-packages/cheroot/connections.py", line 203, in run
2024-09-21T17:40:45.415 INFO:journalctl@ceph.mgr.y.smithi042.stdout:Sep 21 17:40:45 smithi042 ceph-6e3cf65a-7840-11ef-baf6-efdc52797490-mgr-y[29589]: self._run(expiration_interval)
2024-09-21T17:40:45.415 INFO:journalctl@ceph.mgr.y.smithi042.stdout:Sep 21 17:40:45 smithi042 ceph-6e3cf65a-7840-11ef-baf6-efdc52797490-mgr-y[29589]: File "/lib/python3.9/site-packages/cheroot/connections.py", line 246, in _run
2024-09-21T17:40:45.415 INFO:journalctl@ceph.mgr.y.smithi042.stdout:Sep 21 17:40:45 smithi042 ceph-6e3cf65a-7840-11ef-baf6-efdc52797490-mgr-y[29589]: new_conn = self._from_server_socket(self.server.socket)
2024-09-21T17:40:45.415 INFO:journalctl@ceph.mgr.y.smithi042.stdout:Sep 21 17:40:45 smithi042 ceph-6e3cf65a-7840-11ef-baf6-efdc52797490-mgr-y[29589]: File "/lib/python3.9/site-packages/cheroot/connections.py", line 300, in _from_server_socket
2024-09-21T17:40:45.415 INFO:journalctl@ceph.mgr.y.smithi042.stdout:Sep 21 17:40:45 smithi042 ceph-6e3cf65a-7840-11ef-baf6-efdc52797490-mgr-y[29589]: s, ssl_env = self.server.ssl_adapter.wrap(s)
2024-09-21T17:40:45.415 INFO:journalctl@ceph.mgr.y.smithi042.stdout:Sep 21 17:40:45 smithi042 ceph-6e3cf65a-7840-11ef-baf6-efdc52797490-mgr-y[29589]: File "/lib/python3.9/site-packages/cheroot/ssl/builtin.py", line 277, in wrap
2024-09-21T17:40:45.415 INFO:journalctl@ceph.mgr.y.smithi042.stdout:Sep 21 17:40:45 smithi042 ceph-6e3cf65a-7840-11ef-baf6-efdc52797490-mgr-y[29589]: s = self.context.wrap_socket(
2024-09-21T17:40:45.415 INFO:journalctl@ceph.mgr.y.smithi042.stdout:Sep 21 17:40:45 smithi042 ceph-6e3cf65a-7840-11ef-baf6-efdc52797490-mgr-y[29589]: File "/lib64/python3.9/ssl.py", line 501, in wrap_socket
2024-09-21T17:40:45.415 INFO:journalctl@ceph.mgr.y.smithi042.stdout:Sep 21 17:40:45 smithi042 ceph-6e3cf65a-7840-11ef-baf6-efdc52797490-mgr-y[29589]: return self.sslsocket_class._create(
2024-09-21T17:40:45.415 INFO:journalctl@ceph.mgr.y.smithi042.stdout:Sep 21 17:40:45 smithi042 ceph-6e3cf65a-7840-11ef-baf6-efdc52797490-mgr-y[29589]: File "/lib64/python3.9/ssl.py", line 1074, in _create
2024-09-21T17:40:45.415 INFO:journalctl@ceph.mgr.y.smithi042.stdout:Sep 21 17:40:45 smithi042 ceph-6e3cf65a-7840-11ef-baf6-efdc52797490-mgr-y[29589]: self.do_handshake()
2024-09-21T17:40:45.415 INFO:journalctl@ceph.mgr.y.smithi042.stdout:Sep 21 17:40:45 smithi042 ceph-6e3cf65a-7840-11ef-baf6-efdc52797490-mgr-y[29589]: File "/lib64/python3.9/ssl.py", line 1343, in do_handshake
2024-09-21T17:40:45.415 INFO:journalctl@ceph.mgr.y.smithi042.stdout:Sep 21 17:40:45 smithi042 ceph-6e3cf65a-7840-11ef-baf6-efdc52797490-mgr-y[29589]: self._sslobj.do_handshake()
2024-09-21T17:40:45.416 INFO:journalctl@ceph.mgr.y.smithi042.stdout:Sep 21 17:40:45 smithi042 ceph-6e3cf65a-7840-11ef-baf6-efdc52797490-mgr-y[29589]: ssl.SSLZeroReturnError: TLS/SSL connection has been closed (EOF) (_ssl.c:1133)
2024-09-21T17:40:45.416 INFO:journalctl@ceph.mgr.y.smithi042.stdout:Sep 21 17:40:45 smithi042 ceph-6e3cf65a-7840-11ef-baf6-efdc52797490-mgr-y[29589]:
2024-09-21T17:40:45.664 INFO:journalctl@ceph.mon.a.smithi042.stdout:Sep 21 17:40:45 smithi042 ceph-mon[29361]: from='client.? 172.21.15.42:0/3854506410' entity='client.admin' cmd='[{"prefix": "mgr module enable", "module": "orchestrator"}]': finished
2024-09-21T17:40:45.664 INFO:journalctl@ceph.mon.a.smithi042.stdout:Sep 21 17:40:45 smithi042 ceph-mon[29361]: mgrmap e8: y(active, since 3s)
2024-09-21T17:40:45.664 INFO:journalctl@ceph.mon.a.smithi042.stdout:Sep 21 17:40:45 smithi042 ceph-mon[29361]: [21/Sep/2024:17:40:45] ENGINE Bus STARTING
2024-09-21T17:40:45.664 INFO:journalctl@ceph.mon.a.smithi042.stdout:Sep 21 17:40:45 smithi042 ceph-mon[29361]: [21/Sep/2024:17:40:45] ENGINE Serving on https://172.21.15.42:7150
2024-09-21T17:40:45.665 INFO:journalctl@ceph.mon.a.smithi042.stdout:Sep 21 17:40:45 smithi042 ceph-mon[29361]: [21/Sep/2024:17:40:45] ENGINE Error in HTTPServer.serve
2024-09-21T17:40:45.665 INFO:journalctl@ceph.mon.a.smithi042.stdout: Traceback (most recent call last):
2024-09-21T17:40:45.665 INFO:journalctl@ceph.mon.a.smithi042.stdout: File "/lib/python3.9/site-packages/cheroot/server.py", line 1823, in serve
2024-09-21T17:40:45.665 INFO:journalctl@ceph.mon.a.smithi042.stdout: self._connections.run(self.expiration_interval)
2024-09-21T17:40:45.665 INFO:journalctl@ceph.mon.a.smithi042.stdout: File "/lib/python3.9/site-packages/cheroot/connections.py", line 203, in run
2024-09-21T17:40:45.665 INFO:journalctl@ceph.mon.a.smithi042.stdout: self._run(expiration_interval)
2024-09-21T17:40:45.665 INFO:journalctl@ceph.mon.a.smithi042.stdout: File "/lib/python3.9/site-packages/cheroot/connections.py", line 246, in _run
2024-09-21T17:40:45.665 INFO:journalctl@ceph.mon.a.smithi042.stdout: new_conn = self._from_server_socket(self.server.socket)
2024-09-21T17:40:45.665 INFO:journalctl@ceph.mon.a.smithi042.stdout: File "/lib/python3.9/site-packages/cheroot/connections.py", line 300, in _from_server_socket
2024-09-21T17:40:45.665 INFO:journalctl@ceph.mon.a.smithi042.stdout: s, ssl_env = self.server.ssl_adapter.wrap(s)
2024-09-21T17:40:45.665 INFO:journalctl@ceph.mon.a.smithi042.stdout: File "/lib/python3.9/site-packages/cheroot/ssl/builtin.py", line 277, in wrap
2024-09-21T17:40:45.665 INFO:journalctl@ceph.mon.a.smithi042.stdout: s = self.context.wrap_socket(
2024-09-21T17:40:45.665 INFO:journalctl@ceph.mon.a.smithi042.stdout: File "/lib64/python3.9/ssl.py", line 501, in wrap_socket
2024-09-21T17:40:45.665 INFO:journalctl@ceph.mon.a.smithi042.stdout: return self.sslsocket_class._create(
2024-09-21T17:40:45.666 INFO:journalctl@ceph.mon.a.smithi042.stdout: File "/lib64/python3.9/ssl.py", line 1074, in _create
2024-09-21T17:40:45.666 INFO:journalctl@ceph.mon.a.smithi042.stdout: self.do_handshake()
2024-09-21T17:40:45.666 INFO:journalctl@ceph.mon.a.smithi042.stdout: File "/lib64/python3.9/ssl.py", line 1343, in do_handshake
2024-09-21T17:40:45.666 INFO:journalctl@ceph.mon.a.smithi042.stdout: self._sslobj.do_handshake()
2024-09-21T17:40:45.666 INFO:journalctl@ceph.mon.a.smithi042.stdout: ssl.SSLZeroReturnError: TLS/SSL connection has been closed (EOF) (_ssl.c:1133)
2024-09-21T17:40:45.666 INFO:journalctl@ceph.mon.a.smithi042.stdout:Sep 21 17:40:45 smithi042 ceph-mon[29361]: [21/Sep/2024:17:40:45] ENGINE Serving on http://172.21.15.42:8765
2024-09-21T17:40:45.666 INFO:journalctl@ceph.mon.a.smithi042.stdout:Sep 21 17:40:45 smithi042 ceph-mon[29361]: [21/Sep/2024:17:40:45] ENGINE Bus STARTED
2024-09-21T17:40:45.666 INFO:journalctl@ceph.mon.a.smithi042.stdout:Sep 21 17:40:45 smithi042 ceph-mon[29361]: from='mgr.14118 172.21.15.42:0/658487716' entity='mgr.y' cmd={"prefix": "config dump", "format": "json"} : dispatch
2024-09-21T17:40:46.211 INFO:teuthology.orchestra.run.smithi042.stdout:/usr/bin/ceph: stderr
2024-09-21T17:40:45.494+0000 7f96f546e640 1 Processor -- start
2024-09-21T17:40:46.217 INFO:teuthology.orchestra.run.smithi042.stdout:/usr/bin/ceph: stderr
2024-09-21T17:40:45.494+0000 7f96f546e640 1 -- start start
2024-09-21T17:40:46.217 INFO:teuthology.orchestra.run.smithi042.stdout:/usr/bin/ceph: stderr
2024-09-21T17:40:45.494+0000 7f96f546e640 1 --2- >> [v2:172.21.15.42:3300/0,v1:172.21.15.42:6789/0] conn(0x7f96f0106940 0x7f96f0106d40 unknown :-1 s=NONE pgs=0 cs=0 l=0 rev1=0 crypto rx=0 tx=0 comp rx=0 tx=0).connect
2024-09-21T17:40:46.217 INFO:teuthology.orchestra.run.smithi042.stdout:/usr/bin/ceph: stderr
2024-09-21T17:40:45.494+0000 7f96f546e640 1 -- --> [v2:172.21.15.42:3300/0,v1:172.21.15.42:6789/0] -- mon_getmap magic: 0 -- 0x7f96f0107330 con 0x7f96f0106940
2024-09-21T17:40:46.217 INFO:teuthology.orchestra.run.smithi042.stdout:/usr/bin/ceph: stderr
2024-09-21T17:40:45.494+0000 7f96eeffd640 1 --2- >> [v2:172.21.15.42:3300/0,v1:172.21.15.42:6789/0] conn(0x7f96f0106940 0x7f96f0106d40 unknown :-1 s=BANNER_CONNECTING pgs=0 cs=0 l=0 rev1=0 crypto rx=0 tx=0 comp rx=0 tx=0)._handle_peer_banner_payload supported=3 required=0
2024-09-21T17:40:46.217 INFO:teuthology.orchestra.run.smithi042.stdout:/usr/bin/ceph: stderr
2024-09-21T17:40:45.494+0000 7f96eeffd640 1 --2- >> [v2:172.21.15.42:3300/0,v1:172.21.15.42:6789/0] conn(0x7f96f0106940 0x7f96f0106d40 unknown :-1 s=HELLO_CONNECTING pgs=0 cs=0 l=0 rev1=1 crypto rx=0 tx=0 comp rx=0 tx=0).handle_hello peer v2:172.21.15.42:3300/0 says I am v2:172.21.15.42:56706/0 (socket says 172.21.15.42:56706)
2024-09-21T17:40:46.217 INFO:teuthology.orchestra.run.smithi042.stdout:/usr/bin/ceph: stderr
2024-09-21T17:40:45.494+0000 7f96eeffd640 1 -- 172.21.15.42:0/942845475 learned_addr learned my addr 172.21.15.42:0/942845475 (peer_addr_for_me v2:172.21.15.42:0/0)
2024-09-21T17:40:46.217 INFO:teuthology.orchestra.run.smithi042.stdout:/usr/bin/ceph: stderr
2024-09-21T17:40:45.495+0000 7f96eeffd640 1 -- 172.21.15.42:0/942845475 --> [v2:172.21.15.42:3300/0,v1:172.21.15.42:6789/0] -- mon_subscribe({config=0+,monmap=0+}) -- 0x7f96f01074b0 con 0x7f96f0106940
2024-09-21T17:40:46.218 INFO:teuthology.orchestra.run.smithi042.stdout:/usr/bin/ceph: stderr
2024-09-21T17:40:45.495+0000 7f96eeffd640 1 --2- 172.21.15.42:0/942845475 >> [v2:172.21.15.42:3300/0,v1:172.21.15.42:6789/0] conn(0x7f96f0106940 0x7f96f0106d40 secure :-1 s=READY pgs=37 cs=0 l=1 rev1=1 crypto rx=0x7f96e0009820 tx=0x7f96e002a270 comp rx=0 tx=0).ready entity=mon.0 client_cookie=b14bfec5a35978a4 server_cookie=0 in_seq=0 out_seq=0
2024-09-21T17:40:46.218 INFO:teuthology.orchestra.run.smithi042.stdout:/usr/bin/ceph: stderr
2024-09-21T17:40:45.495+0000 7f96edffb640 1 -- 172.21.15.42:0/942845475 <== mon.0 v2:172.21.15.42:3300/0 1 ==== mon_map magic: 0 ==== 205+0+0 (secure 0 0 0) 0x7f96e0037070 con 0x7f96f0106940
2024-09-21T17:40:46.218 INFO:teuthology.orchestra.run.smithi042.stdout:/usr/bin/ceph: stderr
2024-09-21T17:40:45.496+0000 7f96edffb640 1 -- 172.21.15.42:0/942845475 <== mon.0 v2:172.21.15.42:3300/0 2 ==== config(25 keys) ==== 1023+0+0 (secure 0 0 0) 0x7f96e00328a0 con 0x7f96f0106940
2024-09-21T17:40:46.218 INFO:teuthology.orchestra.run.smithi042.stdout:/usr/bin/ceph: stderr
2024-09-21T17:40:45.496+0000 7f96edffb640 1 -- 172.21.15.42:0/942845475 <== mon.0 v2:172.21.15.42:3300/0 3 ==== mon_map magic: 0 ==== 205+0+0 (secure 0 0 0) 0x7f96e0030690 con 0x7f96f0106940
2024-09-21T17:40:46.218 INFO:teuthology.orchestra.run.smithi042.stdout:/usr/bin/ceph: stderr
2024-09-21T17:40:45.496+0000 7f96f546e640 1 -- 172.21.15.42:0/942845475 >> [v2:172.21.15.42:3300/0,v1:172.21.15.42:6789/0] conn(0x7f96f0106940 msgr2=0x7f96f0106d40 secure :-1 s=STATE_CONNECTION_ESTABLISHED l=1).mark_down
2024-09-21T17:40:46.218 INFO:teuthology.orchestra.run.smithi042.stdout:/usr/bin/ceph: stderr
2024-09-21T17:40:45.496+0000 7f96f546e640 1 --2- 172.21.15.42:0/942845475 >> [v2:172.21.15.42:3300/0,v1:172.21.15.42:6789/0] conn(0x7f96f0106940 0x7f96f0106d40 secure :-1 s=READY pgs=37 cs=0 l=1 rev1=1 crypto rx=0x7f96e0009820 tx=0x7f96e002a270 comp rx=0 tx=0).stop
2024-09-21T17:40:46.218 INFO:teuthology.orchestra.run.smithi042.stdout:/usr/bin/ceph: stderr
2024-09-21T17:40:45.496+0000 7f96f546e640 1 -- 172.21.15.42:0/942845475 shutdown_connections
2024-09-21T17:40:46.218 INFO:teuthology.orchestra.run.smithi042.stdout:/usr/bin/ceph: stderr
2024-09-21T17:40:45.496+0000 7f96f546e640 1 --2- 172.21.15.42:0/942845475 >> [v2:172.21.15.42:3300/0,v1:172.21.15.42:6789/0] conn(0x7f96f0106940 0x7f96f0106d40 unknown :-1 s=CLOSED pgs=37 cs=0 l=1 rev1=1 crypto rx=0 tx=0 comp rx=0 tx=0).stop
2024-09-21T17:40:46.218 INFO:teuthology.orchestra.run.smithi042.stdout:/usr/bin/ceph: stderr
2024-09-21T17:40:45.496+0000 7f96f546e640 1 -- 172.21.15.42:0/942845475 >> 172.21.15.42:0/942845475 conn(0x7f96f0102210 msgr2=0x7f96f0104650 unknown :-1 s=STATE_NONE l=0).mark_down
2024-09-21T17:40:46.218 INFO:teuthology.orchestra.run.smithi042.stdout:/usr/bin/ceph: stderr
2024-09-21T17:40:45.496+0000 7f96f546e640 1 -- 172.21.15.42:0/942845475 shutdown_connections
2024-09-21T17:40:46.218 INFO:teuthology.orchestra.run.smithi042.stdout:/usr/bin/ceph: stderr
2024-09-21T17:40:45.496+0000 7f96f546e640 1 -- 172.21.15.42:0/942845475 wait complete.
2024-09-21T17:40:46.218 INFO:teuthology.orchestra.run.smithi042.stdout:/usr/bin/ceph: stderr
2024-09-21T17:40:45.497+0000 7f96f546e640 1 Processor -- start
2024-09-21T17:40:46.218 INFO:teuthology.orchestra.run.smithi042.stdout:/usr/bin/ceph: stderr
2024-09-21T17:40:45.497+0000 7f96f546e640 1 -- start start
2024-09-21T17:40:46.219 INFO:teuthology.orchestra.run.smithi042.stdout:/usr/bin/ceph: stderr
2024-09-21T17:40:45.497+0000 7f96f546e640 1 --2- >> [v2:172.21.15.42:3300/0,v1:172.21.15.42:6789/0] conn(0x7f96f0106940 0x7f96f019a8c0 unknown :-1 s=NONE pgs=0 cs=0 l=1 rev1=0 crypto rx=0 tx=0 comp rx=0 tx=0).connect
2024-09-21T17:40:46.219 INFO:teuthology.orchestra.run.smithi042.stdout:/usr/bin/ceph: stderr
2024-09-21T17:40:45.497+0000 7f96f546e640 1 -- --> [v2:172.21.15.42:3300/0,v1:172.21.15.42:6789/0] -- mon_getmap magic: 0 -- 0x7f96f010adc0 con 0x7f96f0106940
2024-09-21T17:40:46.219 INFO:teuthology.orchestra.run.smithi042.stdout:/usr/bin/ceph: stderr
2024-09-21T17:40:45.497+0000 7f96eeffd640 1 --2- >> [v2:172.21.15.42:3300/0,v1:172.21.15.42:6789/0] conn(0x7f96f0106940 0x7f96f019a8c0 unknown :-1 s=BANNER_CONNECTING pgs=0 cs=0 l=1 rev1=0 crypto rx=0 tx=0 comp rx=0 tx=0)._handle_peer_banner_payload supported=3 required=0
2024-09-21T17:40:46.219 INFO:teuthology.orchestra.run.smithi042.stdout:/usr/bin/ceph: stderr
2024-09-21T17:40:45.497+0000 7f96eeffd640 1 --2- >> [v2:172.21.15.42:3300/0,v1:172.21.15.42:6789/0] conn(0x7f96f0106940 0x7f96f019a8c0 unknown :-1 s=HELLO_CONNECTING pgs=0 cs=0 l=1 rev1=1 crypto rx=0 tx=0 comp rx=0 tx=0).handle_hello peer v2:172.21.15.42:3300/0 says I am v2:172.21.15.42:56722/0 (socket says 172.21.15.42:56722)
2024-09-21T17:40:46.219 INFO:teuthology.orchestra.run.smithi042.stdout:/usr/bin/ceph: stderr
2024-09-21T17:40:45.497+0000 7f96eeffd640 1 -- 172.21.15.42:0/2971842950 learned_addr learned my addr 172.21.15.42:0/2971842950 (peer_addr_for_me v2:172.21.15.42:0/0)
2024-09-21T17:40:46.219 INFO:teuthology.orchestra.run.smithi042.stdout:/usr/bin/ceph: stderr
2024-09-21T17:40:45.498+0000 7f96eeffd640 1 -- 172.21.15.42:0/2971842950 --> [v2:172.21.15.42:3300/0,v1:172.21.15.42:6789/0] -- mon_subscribe({config=0+,monmap=0+}) -- 0x7f96f019ae20 con 0x7f96f0106940
2024-09-21T17:40:46.219 INFO:teuthology.orchestra.run.smithi042.stdout:/usr/bin/ceph: stderr
2024-09-21T17:40:45.498+0000 7f96eeffd640 1 --2- 172.21.15.42:0/2971842950 >> [v2:172.21.15.42:3300/0,v1:172.21.15.42:6789/0] conn(0x7f96f0106940 0x7f96f019a8c0 secure :-1 s=READY pgs=38 cs=0 l=1 rev1=1 crypto rx=0x7f96e0006f10 tx=0x7f96e0032670 comp rx=0 tx=0).ready entity=mon.0 client_cookie=0 server_cookie=0 in_seq=0 out_seq=0
2024-09-21T17:40:46.219 INFO:teuthology.orchestra.run.smithi042.stdout:/usr/bin/ceph: stderr
2024-09-21T17:40:45.498+0000 7f96d7fff640 1 -- 172.21.15.42:0/2971842950 <== mon.0 v2:172.21.15.42:3300/0 1 ==== mon_map magic: 0 ==== 205+0+0 (secure 0 0 0) 0x7f96e0037040 con 0x7f96f0106940
2024-09-21T17:40:46.219 INFO:teuthology.orchestra.run.smithi042.stdout:/usr/bin/ceph: stderr
2024-09-21T17:40:45.498+0000 7f96d7fff640 1 -- 172.21.15.42:0/2971842950 <== mon.0 v2:172.21.15.42:3300/0 2 ==== config(25 keys) ==== 1023+0+0 (secure 0 0 0) 0x7f96e0040070 con 0x7f96f0106940
2024-09-21T17:40:46.219 INFO:teuthology.orchestra.run.smithi042.stdout:/usr/bin/ceph: stderr
2024-09-21T17:40:45.498+0000 7f96f546e640 1 -- 172.21.15.42:0/2971842950 --> [v2:172.21.15.42:3300/0,v1:172.21.15.42:6789/0] -- mon_subscribe({mgrmap=0+}) -- 0x7f96f019b0b0 con 0x7f96f0106940
2024-09-21T17:40:46.219 INFO:teuthology.orchestra.run.smithi042.stdout:/usr/bin/ceph: stderr
2024-09-21T17:40:45.498+0000 7f96d7fff640 1 -- 172.21.15.42:0/2971842950 <== mon.0 v2:172.21.15.42:3300/0 3 ==== mon_map magic: 0 ==== 205+0+0 (secure 0 0 0) 0x7f96e003a390 con 0x7f96f0106940
2024-09-21T17:40:46.219 INFO:teuthology.orchestra.run.smithi042.stdout:/usr/bin/ceph: stderr
2024-09-21T17:40:45.498+0000 7f96f546e640 1 -- 172.21.15.42:0/2971842950 --> [v2:172.21.15.42:3300/0,v1:172.21.15.42:6789/0] -- mon_subscribe({osdmap=0}) -- 0x7f96f019ba70 con 0x7f96f0106940
2024-09-21T17:40:46.219 INFO:teuthology.orchestra.run.smithi042.stdout:/usr/bin/ceph: stderr
