2024-01-23T08:43:58.028+0000 7fa8e3fff700 1 --2- >> [v2:172.21.15.59:3300/0,v1:172.21.15.59:6789/0] conn(0x7fa8e4102500 0x7fa8e41114a0 unknown :-1 s=HELLO_CONNECTING pgs=0 cs=0 l=1 rev1=1 crypto rx=0 tx=0 comp rx=0 tx=0).handle_hello peer v2:172.21.15.59:3300/0 says I am v2:172.21.15.59:32872/0 (socket says 172.21.15.59:32872)
2024-01-23T08:43:58.867 INFO:teuthology.orchestra.run.smithi059.stdout:/usr/bin/ceph: stderr
2024-01-23T08:43:58.028+0000 7fa8e3fff700 1 -- 172.21.15.59:0/55512268 learned_addr learned my addr 172.21.15.59:0/55512268 (peer_addr_for_me v2:172.21.15.59:0/0)
2024-01-23T08:43:58.867 INFO:teuthology.orchestra.run.smithi059.stdout:/usr/bin/ceph: stderr
2024-01-23T08:43:58.029+0000 7fa8e3fff700 1 -- 172.21.15.59:0/55512268 --> [v2:172.21.15.59:3300/0,v1:172.21.15.59:6789/0] -- mon_subscribe({config=0+,monmap=0+}) v3 -- 0x7fa8d40094f0 con 0x7fa8e4102500
2024-01-23T08:43:58.867 INFO:teuthology.orchestra.run.smithi059.stdout:/usr/bin/ceph: stderr
2024-01-23T08:43:58.029+0000 7fa8e3fff700 1 --2- 172.21.15.59:0/55512268 >> [v2:172.21.15.59:3300/0,v1:172.21.15.59:6789/0] conn(0x7fa8e4102500 0x7fa8e41114a0 secure :-1 s=READY pgs=70 cs=0 l=1 rev1=1 crypto rx=0x7fa8d400bac0 tx=0x7fa8d4009250 comp rx=0 tx=0).ready entity=mon.0 client_cookie=0 server_cookie=0 in_seq=0 out_seq=0
2024-01-23T08:43:58.867 INFO:teuthology.orchestra.run.smithi059.stdout:/usr/bin/ceph: stderr
2024-01-23T08:43:58.029+0000 7fa8e0ff9700 1 -- 172.21.15.59:0/55512268 <== mon.0 v2:172.21.15.59:3300/0 1 ==== mon_map magic: 0 v1 ==== 229+0+0 (secure 0 0 0) 0x7fa8d40109b0 con 0x7fa8e4102500
2024-01-23T08:43:58.867 INFO:teuthology.orchestra.run.smithi059.stdout:/usr/bin/ceph: stderr
2024-01-23T08:43:58.029+0000 7fa8ea529700 1 -- 172.21.15.59:0/55512268 --> [v2:172.21.15.59:3300/0,v1:172.21.15.59:6789/0] -- mon_subscribe({mgrmap=0+}) v3 -- 0x7fa8e4111be0 con 0x7fa8e4102500
2024-01-23T08:43:58.867 INFO:teuthology.orchestra.run.smithi059.stdout:/usr/bin/ceph: stderr
2024-01-23T08:43:58.029+0000 7fa8e0ff9700 1 -- 172.21.15.59:0/55512268 <== mon.0 v2:172.21.15.59:3300/0 2 ==== config(26 keys) v1 ==== 1074+0+0 (secure 0 0 0) 0x7fa8d401a430 con 0x7fa8e4102500
2024-01-23T08:43:58.867 INFO:teuthology.orchestra.run.smithi059.stdout:/usr/bin/ceph: stderr
2024-01-23T08:43:58.029+0000 7fa8e0ff9700 1 -- 172.21.15.59:0/55512268 <== mon.0 v2:172.21.15.59:3300/0 3 ==== mon_map magic: 0 v1 ==== 229+0+0 (secure 0 0 0) 0x7fa8d40245b0 con 0x7fa8e4102500
2024-01-23T08:43:58.867 INFO:teuthology.orchestra.run.smithi059.stdout:/usr/bin/ceph: stderr
2024-01-23T08:43:58.029+0000 7fa8ea529700 1 -- 172.21.15.59:0/55512268 --> [v2:172.21.15.59:3300/0,v1:172.21.15.59:6789/0] -- mon_subscribe({osdmap=0}) v3 -- 0x7fa8e4111ff0 con 0x7fa8e4102500
2024-01-23T08:43:58.867 INFO:teuthology.orchestra.run.smithi059.stdout:/usr/bin/ceph: stderr
2024-01-23T08:43:58.030+0000 7fa8ea529700 1 -- 172.21.15.59:0/55512268 --> [v2:172.21.15.59:3300/0,v1:172.21.15.59:6789/0] -- mon_command({"prefix": "get_command_descriptions"} v 0) v1 -- 0x7fa8e410b3c0 con 0x7fa8e4102500
2024-01-23T08:43:58.868 INFO:teuthology.orchestra.run.smithi059.stdout:/usr/bin/ceph: stderr
2024-01-23T08:43:58.030+0000 7fa8e0ff9700 1 -- 172.21.15.59:0/55512268 <== mon.0 v2:172.21.15.59:3300/0 4 ==== mgrmap(e 9) v1 ==== 43294+0+0 (secure 0 0 0) 0x7fa8d4010b10 con 0x7fa8e4102500
2024-01-23T08:43:58.868 INFO:teuthology.orchestra.run.smithi059.stdout:/usr/bin/ceph: stderr
2024-01-23T08:43:58.030+0000 7fa8e0ff9700 1 --2- 172.21.15.59:0/55512268 >> [v2:172.21.15.59:6800/1337467262,v1:172.21.15.59:6801/1337467262] conn(0x7fa8d0036640 0x7fa8d0038af0 unknown :-1 s=NONE pgs=0 cs=0 l=1 rev1=0 crypto rx=0 tx=0 comp rx=0 tx=0).connect
2024-01-23T08:43:58.868 INFO:teuthology.orchestra.run.smithi059.stdout:/usr/bin/ceph: stderr
2024-01-23T08:43:58.030+0000 7fa8e0ff9700 1 -- 172.21.15.59:0/55512268 <== mon.0 v2:172.21.15.59:3300/0 5 ==== osd_map(2..2 src has 1..2) v4 ==== 936+0+0 (secure 0 0 0) 0x7fa8d404a5c0 con 0x7fa8e4102500
2024-01-23T08:43:58.868 INFO:teuthology.orchestra.run.smithi059.stdout:/usr/bin/ceph: stderr
2024-01-23T08:43:58.030+0000 7fa8e37fe700 1 -- 172.21.15.59:0/55512268 >> [v2:172.21.15.59:6800/1337467262,v1:172.21.15.59:6801/1337467262] conn(0x7fa8d0036640 msgr2=0x7fa8d0038af0 unknown :-1 s=STATE_CONNECTING_RE l=1).process reconnect failed to v2:172.21.15.59:6800/1337467262
2024-01-23T08:43:58.868 INFO:teuthology.orchestra.run.smithi059.stdout:/usr/bin/ceph: stderr
2024-01-23T08:43:58.030+0000 7fa8e37fe700 1 --2- 172.21.15.59:0/55512268 >> [v2:172.21.15.59:6800/1337467262,v1:172.21.15.59:6801/1337467262] conn(0x7fa8d0036640 0x7fa8d0038af0 unknown :-1 s=START_CONNECT pgs=0 cs=0 l=1 rev1=0 crypto rx=0 tx=0 comp rx=0 tx=0)._fault waiting 0.200000
2024-01-23T08:43:58.868 INFO:teuthology.orchestra.run.smithi059.stdout:/usr/bin/ceph: stderr
2024-01-23T08:43:58.035+0000 7fa8e0ff9700 1 -- 172.21.15.59:0/55512268 <== mon.0 v2:172.21.15.59:3300/0 6 ==== mon_command_ack([{"prefix": "get_command_descriptions"}]=0 v0) v1 ==== 72+0+174570 (secure 0 0 0) 0x7fa8d401a5a0 con 0x7fa8e4102500
2024-01-23T08:43:58.868 INFO:teuthology.orchestra.run.smithi059.stdout:/usr/bin/ceph: stderr
2024-01-23T08:43:58.232+0000 7fa8e37fe700 1 -- 172.21.15.59:0/55512268 >> [v2:172.21.15.59:6800/1337467262,v1:172.21.15.59:6801/1337467262] conn(0x7fa8d0036640 msgr2=0x7fa8d0038af0 unknown :-1 s=STATE_CONNECTING_RE l=1).process reconnect failed to v2:172.21.15.59:6800/1337467262
2024-01-23T08:43:58.868 INFO:teuthology.orchestra.run.smithi059.stdout:/usr/bin/ceph: stderr
2024-01-23T08:43:58.232+0000 7fa8e37fe700 1 --2- 172.21.15.59:0/55512268 >> [v2:172.21.15.59:6800/1337467262,v1:172.21.15.59:6801/1337467262] conn(0x7fa8d0036640 0x7fa8d0038af0 unknown :-1 s=START_CONNECT pgs=0 cs=0 l=1 rev1=0 crypto rx=0 tx=0 comp rx=0 tx=0)._fault waiting 0.400000
2024-01-23T08:43:58.868 INFO:teuthology.orchestra.run.smithi059.stdout:/usr/bin/ceph: stderr
2024-01-23T08:43:58.282+0000 7fa8ea529700 1 -- 172.21.15.59:0/55512268 --> [v2:172.21.15.59:3300/0,v1:172.21.15.59:6789/0] -- mon_command({"prefix": "mgr stat"} v 0) v1 -- 0x7fa8e4064990 con 0x7fa8e4102500
2024-01-23T08:43:58.868 INFO:teuthology.orchestra.run.smithi059.stdout:/usr/bin/ceph: stderr
2024-01-23T08:43:58.282+0000 7fa8e0ff9700 1 -- 172.21.15.59:0/55512268 <== mon.0 v2:172.21.15.59:3300/0 7 ==== mon_command_ack([{"prefix": "mgr stat"}]=0 v9) v1 ==== 56+0+103 (secure 0 0 0) 0x7fa8d4018b40 con 0x7fa8e4102500
2024-01-23T08:43:58.868 INFO:teuthology.orchestra.run.smithi059.stdout:/usr/bin/ceph: stderr
2024-01-23T08:43:58.284+0000 7fa8ea529700 1 -- 172.21.15.59:0/55512268 >> [v2:172.21.15.59:6800/1337467262,v1:172.21.15.59:6801/1337467262] conn(0x7fa8d0036640 msgr2=0x7fa8d0038af0 unknown :-1 s=STATE_CONNECTING l=1).mark_down
2024-01-23T08:43:58.868 INFO:teuthology.orchestra.run.smithi059.stdout:/usr/bin/ceph: stderr
2024-01-23T08:43:58.284+0000 7fa8ea529700 1 --2- 172.21.15.59:0/55512268 >> [v2:172.21.15.59:6800/1337467262,v1:172.21.15.59:6801/1337467262] conn(0x7fa8d0036640 0x7fa8d0038af0 unknown :-1 s=START_CONNECT pgs=0 cs=0 l=1 rev1=0 crypto rx=0 tx=0 comp rx=0 tx=0).stop
2024-01-23T08:43:58.868 INFO:teuthology.orchestra.run.smithi059.stdout:/usr/bin/ceph: stderr
2024-01-23T08:43:58.284+0000 7fa8ea529700 1 -- 172.21.15.59:0/55512268 >> [v2:172.21.15.59:3300/0,v1:172.21.15.59:6789/0] conn(0x7fa8e4102500 msgr2=0x7fa8e41114a0 secure :-1 s=STATE_CONNECTION_ESTABLISHED l=1).mark_down
2024-01-23T08:43:58.869 INFO:teuthology.orchestra.run.smithi059.stdout:/usr/bin/ceph: stderr
2024-01-23T08:43:58.284+0000 7fa8ea529700 1 --2- 172.21.15.59:0/55512268 >> [v2:172.21.15.59:3300/0,v1:172.21.15.59:6789/0] conn(0x7fa8e4102500 0x7fa8e41114a0 secure :-1 s=READY pgs=70 cs=0 l=1 rev1=1 crypto rx=0x7fa8d400bac0 tx=0x7fa8d4009250 comp rx=0 tx=0).stop
2024-01-23T08:43:58.869 INFO:teuthology.orchestra.run.smithi059.stdout:/usr/bin/ceph: stderr
2024-01-23T08:43:58.285+0000 7fa8ea529700 1 -- 172.21.15.59:0/55512268 shutdown_connections
2024-01-23T08:43:58.869 INFO:teuthology.orchestra.run.smithi059.stdout:/usr/bin/ceph: stderr
2024-01-23T08:43:58.285+0000 7fa8ea529700 1 --2- 172.21.15.59:0/55512268 >> [v2:172.21.15.59:6800/1337467262,v1:172.21.15.59:6801/1337467262] conn(0x7fa8d0036640 0x7fa8d0038af0 unknown :-1 s=CLOSED pgs=0 cs=0 l=1 rev1=0 crypto rx=0 tx=0 comp rx=0 tx=0).stop
2024-01-23T08:43:58.869 INFO:teuthology.orchestra.run.smithi059.stdout:/usr/bin/ceph: stderr
2024-01-23T08:43:58.285+0000 7fa8ea529700 1 --2- 172.21.15.59:0/55512268 >> [v2:172.21.15.59:3300/0,v1:172.21.15.59:6789/0] conn(0x7fa8e4102500 0x7fa8e41114a0 unknown :-1 s=CLOSED pgs=70 cs=0 l=1 rev1=1 crypto rx=0 tx=0 comp rx=0 tx=0).stop
2024-01-23T08:43:58.869 INFO:teuthology.orchestra.run.smithi059.stdout:/usr/bin/ceph: stderr
2024-01-23T08:43:58.285+0000 7fa8ea529700 1 -- 172.21.15.59:0/55512268 >> 172.21.15.59:0/55512268 conn(0x7fa8e40fdc80 msgr2=0x7fa8e40feb50 unknown :-1 s=STATE_NONE l=0).mark_down
2024-01-23T08:43:58.869 INFO:teuthology.orchestra.run.smithi059.stdout:/usr/bin/ceph: stderr
2024-01-23T08:43:58.285+0000 7fa8ea529700 1 -- 172.21.15.59:0/55512268 shutdown_connections
2024-01-23T08:43:58.869 INFO:teuthology.orchestra.run.smithi059.stdout:/usr/bin/ceph: stderr
2024-01-23T08:43:58.285+0000 7fa8ea529700 1 -- 172.21.15.59:0/55512268 wait complete.
2024-01-23T08:43:58.869 INFO:teuthology.orchestra.run.smithi059.stdout:Waiting for the mgr to restart...
2024-01-23T08:43:58.869 INFO:teuthology.orchestra.run.smithi059.stdout:Waiting for mgr epoch 9...
2024-01-23T08:43:59.143 INFO:journalctl@ceph.mon.smithi059.smithi059.stdout:Jan 23 08:43:58 smithi059 ceph-mon[28424]: from='client.? 172.21.15.59:0/55512268' entity='client.admin' cmd=[{"prefix": "mgr stat"}]: dispatch
2024-01-23T08:44:04.222 INFO:journalctl@ceph.mon.smithi059.smithi059.stdout:Jan 23 08:44:03 smithi059 ceph-mon[28424]: Active manager daemon smithi059.bzqirf restarted
2024-01-23T08:44:04.222 INFO:journalctl@ceph.mon.smithi059.smithi059.stdout:Jan 23 08:44:03 smithi059 ceph-mon[28424]: Activating manager daemon smithi059.bzqirf
2024-01-23T08:44:04.222 INFO:journalctl@ceph.mon.smithi059.smithi059.stdout:Jan 23 08:44:03 smithi059 ceph-mon[28424]: osdmap e3: 0 total, 0 up, 0 in
2024-01-23T08:44:04.222 INFO:journalctl@ceph.mon.smithi059.smithi059.stdout:Jan 23 08:44:03 smithi059 ceph-mon[28424]: mgrmap e10: smithi059.bzqirf(active, starting, since 0.00388328s)
2024-01-23T08:44:04.222 INFO:journalctl@ceph.mon.smithi059.smithi059.stdout:Jan 23 08:44:03 smithi059 ceph-mon[28424]: from='mgr.14162 172.21.15.59:0/131470316' entity='mgr.smithi059.bzqirf' cmd=[{"prefix": "mon metadata", "id": "smithi059"}]: dispatch
2024-01-23T08:44:04.222 INFO:journalctl@ceph.mon.smithi059.smithi059.stdout:Jan 23 08:44:03 smithi059 ceph-mon[28424]: from='mgr.14162 172.21.15.59:0/131470316' entity='mgr.smithi059.bzqirf' cmd=[{"prefix": "mgr metadata", "who": "smithi059.bzqirf", "id": "smithi059.bzqirf"}]: dispatch
2024-01-23T08:44:04.222 INFO:journalctl@ceph.mon.smithi059.smithi059.stdout:Jan 23 08:44:03 smithi059 ceph-mon[28424]: from='mgr.14162 172.21.15.59:0/131470316' entity='mgr.smithi059.bzqirf' cmd=[{"prefix": "mds metadata"}]: dispatch
2024-01-23T08:44:04.222 INFO:journalctl@ceph.mon.smithi059.smithi059.stdout:Jan 23 08:44:03 smithi059 ceph-mon[28424]: from='mgr.14162 172.21.15.59:0/131470316' entity='mgr.smithi059.bzqirf' cmd=[{"prefix": "osd metadata"}]: dispatch
2024-01-23T08:44:04.222 INFO:journalctl@ceph.mon.smithi059.smithi059.stdout:Jan 23 08:44:03 smithi059 ceph-mon[28424]: from='mgr.14162 172.21.15.59:0/131470316' entity='mgr.smithi059.bzqirf' cmd=[{"prefix": "mon metadata"}]: dispatch
2024-01-23T08:44:04.222 INFO:journalctl@ceph.mon.smithi059.smithi059.stdout:Jan 23 08:44:03 smithi059 ceph-mon[28424]: Manager daemon smithi059.bzqirf is now available
2024-01-23T08:44:04.223 INFO:journalctl@ceph.mon.smithi059.smithi059.stdout:Jan 23 08:44:03 smithi059 ceph-mon[28424]: from='mgr.14162 172.21.15.59:0/131470316' entity='mgr.smithi059.bzqirf' cmd=[{"prefix": "config dump", "format": "json"}]: dispatch
2024-01-23T08:44:04.223 INFO:journalctl@ceph.mon.smithi059.smithi059.stdout:Jan 23 08:44:03 smithi059 ceph-mon[28424]: from='mgr.14162 172.21.15.59:0/131470316' entity='mgr.smithi059.bzqirf' cmd=[{"prefix": "config dump", "format": "json"}]: dispatch
2024-01-23T08:44:04.971 INFO:journalctl@ceph.mon.smithi059.smithi059.stdout:Jan 23 08:44:04 smithi059 ceph-mon[28424]: from='mgr.14162 172.21.15.59:0/131470316' entity='mgr.smithi059.bzqirf' cmd=[{"prefix":"config rm","who":"mgr","name":"mgr/rbd_support/smithi059.bzqirf/mirror_snapshot_schedule"}]: dispatch
2024-01-23T08:44:04.971 INFO:journalctl@ceph.mon.smithi059.smithi059.stdout:Jan 23 08:44:04 smithi059 ceph-mon[28424]: from='mgr.14162 172.21.15.59:0/131470316' entity='mgr.smithi059.bzqirf' cmd=[{"prefix":"config rm","who":"mgr","name":"mgr/rbd_support/smithi059.bzqirf/trash_purge_schedule"}]: dispatch
2024-01-23T08:44:04.972 INFO:journalctl@ceph.mon.smithi059.smithi059.stdout:Jan 23 08:44:04 smithi059 ceph-mon[28424]: mgrmap e11: smithi059.bzqirf(active, since 1.00533s)
2024-01-23T08:44:05.491 INFO:teuthology.orchestra.run.smithi059.stdout:/usr/bin/ceph: stdout {
2024-01-23T08:44:05.491 INFO:teuthology.orchestra.run.smithi059.stdout:/usr/bin/ceph: stdout "mgrmap_epoch": 11,
2024-01-23T08:44:05.492 INFO:teuthology.orchestra.run.smithi059.stdout:/usr/bin/ceph: stdout "initialized": true
2024-01-23T08:44:05.492 INFO:teuthology.orchestra.run.smithi059.stdout:/usr/bin/ceph: stdout }
2024-01-23T08:44:05.492 INFO:teuthology.orchestra.run.smithi059.stdout:/usr/bin/ceph: stderr
2024-01-23T08:43:59.268+0000 7fc2c3ed9700 1 Processor -- start
2024-01-23T08:44:05.492 INFO:teuthology.orchestra.run.smithi059.stdout:/usr/bin/ceph: stderr
2024-01-23T08:43:59.268+0000 7fc2c3ed9700 1 -- start start
2024-01-23T08:44:05.492 INFO:teuthology.orchestra.run.smithi059.stdout:/usr/bin/ceph: stderr
2024-01-23T08:43:59.268+0000 7fc2c3ed9700 1 --2- >> [v2:172.21.15.59:3300/0,v1:172.21.15.59:6789/0] conn(0x7fc2bc078d90 0x7fc2bc077230 unknown :-1 s=NONE pgs=0 cs=0 l=0 rev1=0 crypto rx=0 tx=0 comp rx=0 tx=0).connect
2024-01-23T08:44:05.492 INFO:teuthology.orchestra.run.smithi059.stdout:/usr/bin/ceph: stderr
2024-01-23T08:43:59.268+0000 7fc2c3ed9700 1 -- --> [v2:172.21.15.59:3300/0,v1:172.21.15.59:6789/0] -- mon_getmap magic: 0 v1 -- 0x7fc2bc077770 con 0x7fc2bc078d90
2024-01-23T08:44:05.492 INFO:teuthology.orchestra.run.smithi059.stdout:/usr/bin/ceph: stderr
2024-01-23T08:43:59.268+0000 7fc2c1c75700 1 --2- >> [v2:172.21.15.59:3300/0,v1:172.21.15.59:6789/0] conn(0x7fc2bc078d90 0x7fc2bc077230 unknown :-1 s=BANNER_CONNECTING pgs=0 cs=0 l=0 rev1=0 crypto rx=0 tx=0 comp rx=0 tx=0)._handle_peer_banner_payload supported=3 required=0
2024-01-23T08:44:05.492 INFO:teuthology.orchestra.run.smithi059.stdout:/usr/bin/ceph: stderr
2024-01-23T08:43:59.268+0000 7fc2c1c75700 1 --2- >> [v2:172.21.15.59:3300/0,v1:172.21.15.59:6789/0] conn(0x7fc2bc078d90 0x7fc2bc077230 unknown :-1 s=HELLO_CONNECTING pgs=0 cs=0 l=0 rev1=1 crypto rx=0 tx=0 comp rx=0 tx=0).handle_hello peer v2:172.21.15.59:3300/0 says I am v2:172.21.15.59:32878/0 (socket says 172.21.15.59:32878)
2024-01-23T08:44:05.492 INFO:teuthology.orchestra.run.smithi059.stdout:/usr/bin/ceph: stderr
2024-01-23T08:43:59.268+0000 7fc2c1c75700 1 -- 172.21.15.59:0/2269923735 learned_addr learned my addr 172.21.15.59:0/2269923735 (peer_addr_for_me v2:172.21.15.59:0/0)
2024-01-23T08:44:05.492 INFO:teuthology.orchestra.run.smithi059.stdout:/usr/bin/ceph: stderr
2024-01-23T08:43:59.269+0000 7fc2c1c75700 1 -- 172.21.15.59:0/2269923735 --> [v2:172.21.15.59:3300/0,v1:172.21.15.59:6789/0] -- mon_subscribe({config=0+,monmap=0+}) v3 -- 0x7fc2bc0778b0 con 0x7fc2bc078d90
2024-01-23T08:44:05.492 INFO:teuthology.orchestra.run.smithi059.stdout:/usr/bin/ceph: stderr
2024-01-23T08:43:59.269+0000 7fc2c1c75700 1 --2- 172.21.15.59:0/2269923735 >> [v2:172.21.15.59:3300/0,v1:172.21.15.59:6789/0] conn(0x7fc2bc078d90 0x7fc2bc077230 secure :-1 s=READY pgs=71 cs=0 l=1 rev1=1 crypto rx=0x7fc2b80098e0 tx=0x7fc2b8009250 comp rx=0 tx=0).ready entity=mon.0 client_cookie=62095ae8203aabde server_cookie=0 in_seq=0 out_seq=0
2024-01-23T08:44:05.492 INFO:teuthology.orchestra.run.smithi059.stdout:/usr/bin/ceph: stderr
2024-01-23T08:43:59.269+0000 7fc2c0c73700 1 -- 172.21.15.59:0/2269923735 <== mon.0 v2:172.21.15.59:3300/0 1 ==== mon_map magic: 0 v1 ==== 229+0+0 (secure 0 0 0) 0x7fc2b800b860 con 0x7fc2bc078d90
2024-01-23T08:44:05.492 INFO:teuthology.orchestra.run.smithi059.stdout:/usr/bin/ceph: stderr
2024-01-23T08:43:59.269+0000 7fc2c0c73700 1 -- 172.21.15.59:0/2269923735 <== mon.0 v2:172.21.15.59:3300/0 2 ==== config(26 keys) v1 ==== 1074+0+0 (secure 0 0 0) 0x7fc2b800be70 con 0x7fc2bc078d90
2024-01-23T08:44:05.492 INFO:teuthology.orchestra.run.smithi059.stdout:/usr/bin/ceph: stderr
2024-01-23T08:43:59.269+0000 7fc2c0c73700 1 -- 172.21.15.59:0/2269923735 <== mon.0 v2:172.21.15.59:3300/0 3 ==== mon_map magic: 0 v1 ==== 229+0+0 (secure 0 0 0) 0x7fc2b8010380 con 0x7fc2bc078d90
2024-01-23T08:44:05.493 INFO:teuthology.orchestra.run.smithi059.stdout:/usr/bin/ceph: stderr
2024-01-23T08:43:59.269+0000 7fc2c3ed9700 1 -- 172.21.15.59:0/2269923735 >> [v2:172.21.15.59:3300/0,v1:172.21.15.59:6789/0] conn(0x7fc2bc078d90 msgr2=0x7fc2bc077230 secure :-1 s=STATE_CONNECTION_ESTABLISHED l=1).mark_down
2024-01-23T08:44:05.493 INFO:teuthology.orchestra.run.smithi059.stdout:/usr/bin/ceph: stderr
2024-01-23T08:43:59.269+0000 7fc2c3ed9700 1 --2- 172.21.15.59:0/2269923735 >> [v2:172.21.15.59:3300/0,v1:172.21.15.59:6789/0] conn(0x7fc2bc078d90 0x7fc2bc077230 secure :-1 s=READY pgs=71 cs=0 l=1 rev1=1 crypto rx=0x7fc2b80098e0 tx=0x7fc2b8009250 comp rx=0 tx=0).stop
2024-01-23T08:44:05.493 INFO:teuthology.orchestra.run.smithi059.stdout:/usr/bin/ceph: stderr
2024-01-23T08:43:59.270+0000 7fc2c3ed9700 1 -- 172.21.15.59:0/2269923735 shutdown_connections
2024-01-23T08:44:05.493 INFO:teuthology.orchestra.run.smithi059.stdout:/usr/bin/ceph: stderr
2024-01-23T08:43:59.270+0000 7fc2c3ed9700 1 --2- 172.21.15.59:0/2269923735 >> [v2:172.21.15.59:3300/0,v1:172.21.15.59:6789/0] conn(0x7fc2bc078d90 0x7fc2bc077230 unknown :-1 s=CLOSED pgs=71 cs=0 l=1 rev1=1 crypto rx=0 tx=0 comp rx=0 tx=0).stop
2024-01-23T08:44:05.493 INFO:teuthology.orchestra.run.smithi059.stdout:/usr/bin/ceph: stderr
2024-01-23T08:43:59.270+0000 7fc2c3ed9700 1 -- 172.21.15.59:0/2269923735 >> 172.21.15.59:0/2269923735 conn(0x7fc2bc0fdbd0 msgr2=0x7fc2bc0fffe0 unknown :-1 s=STATE_NONE l=0).mark_down
2024-01-23T08:44:05.493 INFO:teuthology.orchestra.run.smithi059.stdout:/usr/bin/ceph: stderr
2024-01-23T08:43:59.270+0000 7fc2c3ed9700 1 -- 172.21.15.59:0/2269923735 shutdown_connections
2024-01-23T08:44:05.493 INFO:teuthology.orchestra.run.smithi059.stdout:/usr/bin/ceph: stderr
2024-01-23T08:43:59.270+0000 7fc2c3ed9700 1 -- 172.21.15.59:0/2269923735 wait complete.
2024-01-23T08:44:05.493 INFO:teuthology.orchestra.run.smithi059.stdout:/usr/bin/ceph: stderr
2024-01-23T08:43:59.270+0000 7fc2c3ed9700 1 Processor -- start
2024-01-23T08:44:05.493 INFO:teuthology.orchestra.run.smithi059.stdout:/usr/bin/ceph: stderr
2024-01-23T08:43:59.270+0000 7fc2c3ed9700 1 -- start start
2024-01-23T08:44:05.493 INFO:teuthology.orchestra.run.smithi059.stdout:/usr/bin/ceph: stderr
2024-01-23T08:43:59.270+0000 7fc2c3ed9700 1 --2- >> [v2:172.21.15.59:3300/0,v1:172.21.15.59:6789/0] conn(0x7fc2bc078d90 0x7fc2bc1133b0 unknown :-1 s=NONE pgs=0 cs=0 l=1 rev1=0 crypto rx=0 tx=0 comp rx=0 tx=0).connect
2024-01-23T08:44:05.493 INFO:teuthology.orchestra.run.smithi059.stdout:/usr/bin/ceph: stderr
2024-01-23T08:43:59.270+0000 7fc2c3ed9700 1 -- --> [v2:172.21.15.59:3300/0,v1:172.21.15.59:6789/0] -- mon_getmap magic: 0 v1 -- 0x7fc2bc1138f0 con 0x7fc2bc078d90
2024-01-23T08:44:05.493 INFO:teuthology.orchestra.run.smithi059.stdout:/usr/bin/ceph: stderr
2024-01-23T08:43:59.270+0000 7fc2c1c75700 1 --2- >> [v2:172.21.15.59:3300/0,v1:172.21.15.59:6789/0] conn(0x7fc2bc078d90 0x7fc2bc1133b0 unknown :-1 s=BANNER_CONNECTING pgs=0 cs=0 l=1 rev1=0 crypto rx=0 tx=0 comp rx=0 tx=0)._handle_peer_banner_payload supported=3 required=0
2024-01-23T08:44:05.493 INFO:teuthology.orchestra.run.smithi059.stdout:/usr/bin/ceph: stderr
2024-01-23T08:43:59.270+0000 7fc2c1c75700 1 --2- >> [v2:172.21.15.59:3300/0,v1:172.21.15.59:6789/0] conn(0x7fc2bc078d90 0x7fc2bc1133b0 unknown :-1 s=HELLO_CONNECTING pgs=0 cs=0 l=1 rev1=1 crypto rx=0 tx=0 comp rx=0 tx=0).handle_hello peer v2:172.21.15.59:3300/0 says I am v2:172.21.15.59:32892/0 (socket says 172.21.15.59:32892)
2024-01-23T08:44:05.494 INFO:teuthology.orchestra.run.smithi059.stdout:/usr/bin/ceph: stderr
2024-01-23T08:43:59.271+0000 7fc2c1c75700 1 -- 172.21.15.59:0/1308239077 learned_addr learned my addr 172.21.15.59:0/1308239077 (peer_addr_for_me v2:172.21.15.59:0/0)
2024-01-23T08:44:05.494 INFO:teuthology.orchestra.run.smithi059.stdout:/usr/bin/ceph: stderr
2024-01-23T08:43:59.271+0000 7fc2c1c75700 1 -- 172.21.15.59:0/1308239077 --> [v2:172.21.15.59:3300/0,v1:172.21.15.59:6789/0] -- mon_subscribe({config=0+,monmap=0+}) v3 -- 0x7fc2b80094f0 con 0x7fc2bc078d90
2024-01-23T08:44:05.494 INFO:teuthology.orchestra.run.smithi059.stdout:/usr/bin/ceph: stderr
2024-01-23T08:43:59.271+0000 7fc2c1c75700 1 --2- 172.21.15.59:0/1308239077 >> [v2:172.21.15.59:3300/0,v1:172.21.15.59:6789/0] conn(0x7fc2bc078d90 0x7fc2bc1133b0 secure :-1 s=READY pgs=72 cs=0 l=1 rev1=1 crypto rx=0x7fc2b80094c0 tx=0x7fc2b8009250 comp rx=0 tx=0).ready entity=mon.0 client_cookie=0 server_cookie=0 in_seq=0 out_seq=0
2024-01-23T08:44:05.494 INFO:teuthology.orchestra.run.smithi059.stdout:/usr/bin/ceph: stderr
2024-01-23T08:43:59.271+0000 7fc2b27fc700 1 -- 172.21.15.59:0/1308239077 <== mon.0 v2:172.21.15.59:3300/0 1 ==== mon_map magic: 0 v1 ==== 229+0+0 (secure 0 0 0) 0x7fc2b8010850 con 0x7fc2bc078d90
2024-01-23T08:44:05.494 INFO:teuthology.orchestra.run.smithi059.stdout:/usr/bin/ceph: stderr
2024-01-23T08:43:59.271+0000 7fc2b27fc700 1 -- 172.21.15.59:0/1308239077 <== mon.0 v2:172.21.15.59:3300/0 2 ==== config(26 keys) v1 ==== 1074+0+0 (secure 0 0 0) 0x7fc2b8010e60 con 0x7fc2bc078d90
2024-01-23T08:44:05.494 INFO:teuthology.orchestra.run.smithi059.stdout:/usr/bin/ceph: stderr
2024-01-23T08:43:59.271+0000 7fc2c3ed9700 1 -- 172.21.15.59:0/1308239077 --> [v2:172.21.15.59:3300/0,v1:172.21.15.59:6789/0] -- mon_subscribe({mgrmap=0+}) v3 -- 0x7fc2bc113af0 con 0x7fc2bc078d90
2024-01-23T08:44:05.494 INFO:teuthology.orchestra.run.smithi059.stdout:/usr/bin/ceph: stderr
2024-01-23T08:43:59.271+0000 7fc2b27fc700 1 -- 172.21.15.59:0/1308239077 <== mon.0 v2:172.21.15.59:3300/0 3 ==== mon_map magic: 0 v1 ==== 229+0+0 (secure 0 0 0) 0x7fc2b80243f0 con 0x7fc2bc078d90
2024-01-23T08:44:05.494 INFO:teuthology.orchestra.run.smithi059.stdout:/usr/bin/ceph: stderr
2024-01-23T08:43:59.271+0000 7fc2c3ed9700 1 -- 172.21.15.59:0/1308239077 --> [v2:172.21.15.59:3300/0,v1:172.21.15.59:6789/0] -- mon_subscribe({osdmap=0}) v3 -- 0x7fc2bc113f00 con 0x7fc2bc078d90
2024-01-23T08:44:05.494 INFO:teuthology.orchestra.run.smithi059.stdout:/usr/bin/ceph: stderr
2024-01-23T08:43:59.272+0000 7fc2b27fc700 1 -- 172.21.15.59:0/1308239077 <== mon.0 v2:172.21.15.59:3300/0 4 ==== mgrmap(e 9) v1 ==== 43294+0+0 (secure 0 0 0) 0x7fc2b80246b0 con 0x7fc2bc078d90
2024-01-23T08:44:05.494 INFO:teuthology.orchestra.run.smithi059.stdout:/usr/bin/ceph: stderr
2024-01-23T08:43:59.272+0000 7fc2b27fc700 1 --2- 172.21.15.59:0/1308239077 >> [v2:172.21.15.59:6800/1337467262,v1:172.21.15.59:6801/1337467262] conn(0x7fc2a8036640 0x7fc2a8038af0 unknown :-1 s=NONE pgs=0 cs=0 l=1 rev1=0 crypto rx=0 tx=0 comp rx=0 tx=0).connect
2024-01-23T08:44:05.494 INFO:teuthology.orchestra.run.smithi059.stdout:/usr/bin/ceph: stderr
2024-01-23T08:43:59.272+0000 7fc2c3ed9700 1 -- 172.21.15.59:0/1308239077 --> [v2:172.21.15.59:6800/1337467262,v1:172.21.15.59:6801/1337467262] -- command(tid 0: {"prefix": "get_command_descriptions"}) v1 -- 0x7fc2bc05f450 con 0x7fc2a8036640
2024-01-23T08:44:05.494 INFO:teuthology.orchestra.run.smithi059.stdout:/usr/bin/ceph: stderr
2024-01-23T08:43:59.272+0000 7fc2b27fc700 1 -- 172.21.15.59:0/1308239077 <== mon.0 v2:172.21.15.59:3300/0 5 ==== osd_map(2..2 src has 1..2) v4 ==== 936+0+0 (secure 0 0 0) 0x7fc2b804a680 con 0x7fc2bc078d90
2024-01-23T08:44:05.494 INFO:teuthology.orchestra.run.smithi059.stdout:/usr/bin/ceph: stderr
2024-01-23T08:43:59.272+0000 7fc2c1474700 1 -- 172.21.15.59:0/1308239077 >> [v2:172.21.15.59:6800/1337467262,v1:172.21.15.59:6801/1337467262] conn(0x7fc2a8036640 msgr2=0x7fc2a8038af0 unknown :-1 s=STATE_CONNECTING_RE l=1).process reconnect failed to v2:172.21.15.59:6800/1337467262
2024-01-23T08:44:05.494 INFO:teuthology.orchestra.run.smithi059.stdout:/usr/bin/ceph: stderr
2024-01-23T08:43:59.272+0000 7fc2c1474700 1 --2- 172.21.15.59:0/1308239077 >> [v2:172.21.15.59:6800/1337467262,v1:172.21.15.59:6801/1337467262] conn(0x7fc2a8036640 0x7fc2a8038af0 unknown :-1 s=START_CONNECT pgs=0 cs=0 l=1 rev1=0 crypto rx=0 tx=0 comp rx=0 tx=0)._fault waiting 0.200000
2024-01-23T08:44:05.494 INFO:teuthology.orchestra.run.smithi059.stdout:/usr/bin/ceph: stderr
2024-01-23T08:43:59.473+0000 7fc2c1474700 1 -- 172.21.15.59:0/1308239077 >> [v2:172.21.15.59:6800/1337467262,v1:172.21.15.59:6801/1337467262] conn(0x7fc2a8036640 msgr2=0x7fc2a8038af0 unknown :-1 s=STATE_CONNECTING_RE l=1).process reconnect failed to v2:172.21.15.59:6800/1337467262
2024-01-23T08:44:05.495 INFO:teuthology.orchestra.run.smithi059.stdout:/usr/bin/ceph: stderr
2024-01-23T08:43:59.473+0000 7fc2c1474700 1 --2- 172.21.15.59:0/1308239077 >> [v2:172.21.15.59:6800/1337467262,v1:172.21.15.59:6801/1337467262] conn(0x7fc2a8036640 0x7fc2a8038af0 unknown :-1 s=START_CONNECT pgs=0 cs=0 l=1 rev1=0 crypto rx=0 tx=0 comp rx=0 tx=0)._fault waiting 0.400000
2024-01-23T08:44:05.495 INFO:teuthology.orchestra.run.smithi059.stdout:/usr/bin/ceph: stderr
2024-01-23T08:43:59.874+0000 7fc2c1474700 1 -- 172.21.15.59:0/1308239077 >> [v2:172.21.15.59:6800/1337467262,v1:172.21.15.59:6801/1337467262] conn(0x7fc2a8036640 msgr2=0x7fc2a8038af0 unknown :-1 s=STATE_CONNECTING_RE l=1).process reconnect failed to v2:172.21.15.59:6800/1337467262
2024-01-23T08:44:05.495 INFO:teuthology.orchestra.run.smithi059.stdout:/usr/bin/ceph: stderr
2024-01-23T08:43:59.874+0000 7fc2c1474700 1 --2- 172.21.15.59:0/1308239077 >> [v2:172.21.15.59:6800/1337467262,v1:172.21.15.59:6801/1337467262] conn(0x7fc2a8036640 0x7fc2a8038af0 unknown :-1 s=START_CONNECT pgs=0 cs=0 l=1 rev1=0 crypto rx=0 tx=0 comp rx=0 tx=0)._fault waiting 0.800000
2024-01-23T08:44:05.495 INFO:teuthology.orchestra.run.smithi059.stdout:/usr/bin/ceph: stderr
2024-01-23T08:44:00.675+0000 7fc2c1474700 1 -- 172.21.15.59:0/1308239077 >> [v2:172.21.15.59:6800/1337467262,v1:172.21.15.59:6801/1337467262] conn(0x7fc2a8036640 msgr2=0x7fc2a8038af0 unknown :-1 s=STATE_CONNECTING_RE l=1).process reconnect failed to v2:172.21.15.59:6800/1337467262
2024-01-23T08:44:05.495 INFO:teuthology.orchestra.run.smithi059.stdout:/usr/bin/ceph: stderr
2024-01-23T08:44:00.675+0000 7fc2c1474700 1 --2- 172.21.15.59:0/1308239077 >> [v2:172.21.15.59:6800/1337467262,v1:172.21.15.59:6801/1337467262] conn(0x7fc2a8036640 0x7fc2a8038af0 unknown :-1 s=START_CONNECT pgs=0 cs=0 l=1 rev1=0 crypto rx=0 tx=0 comp rx=0 tx=0)._fault waiting 1.600000
2024-01-23T08:44:05.495 INFO:teuthology.orchestra.run.smithi059.stdout:/usr/bin/ceph: stderr
2024-01-23T08:44:02.276+0000 7fc2c1474700 1 -- 172.21.15.59:0/1308239077 >> [v2:172.21.15.59:6800/1337467262,v1:172.21.15.59:6801/1337467262] conn(0x7fc2a8036640 msgr2=0x7fc2a8038af0 unknown :-1 s=STATE_CONNECTING_RE l=1).process reconnect failed to v2:172.21.15.59:6800/1337467262
2024-01-23T08:44:05.495 INFO:teuthology.orchestra.run.smithi059.stdout:/usr/bin/ceph: stderr
2024-01-23T08:44:02.276+0000 7fc2c1474700 1 --2- 172.21.15.59:0/1308239077 >> [v2:172.21.15.59:6800/1337467262,v1:172.21.15.59:6801/1337467262] conn(0x7fc2a8036640 0x7fc2a8038af0 unknown :-1 s=START_CONNECT pgs=0 cs=0 l=1 rev1=0 crypto rx=0 tx=0 comp rx=0 tx=0)._fault waiting 3.200000
2024-01-23T08:44:05.495 INFO:teuthology.orchestra.run.smithi059.stdout:/usr/bin/ceph: stderr
2024-01-23T08:44:03.690+0000 7fc2b27fc700 1 -- 172.21.15.59:0/1308239077 <== mon.0 v2:172.21.15.59:3300/0 6 ==== mgrmap(e 10) v1 ==== 43061+0+0 (secure 0 0 0) 0x7fc2b800fdc0 con 0x7fc2bc078d90
2024-01-23T08:44:05.495 INFO:teuthology.orchestra.run.smithi059.stdout:/usr/bin/ceph: stderr
2024-01-23T08:44:03.690+0000 7fc2b27fc700 1 -- 172.21.15.59:0/1308239077 >> [v2:172.21.15.59:6800/1337467262,v1:172.21.15.59:6801/1337467262] conn(0x7fc2a8036640 msgr2=0x7fc2a8038af0 unknown :-1 s=STATE_CONNECTING l=1).mark_down
2024-01-23T08:44:05.495 INFO:teuthology.orchestra.run.smithi059.stdout:/usr/bin/ceph: stderr
2024-01-23T08:44:03.690+0000 7fc2b27fc700 1 --2- 172.21.15.59:0/1308239077 >> [v2:172.21.15.59:6800/1337467262,v1:172.21.15.59:6801/1337467262] conn(0x7fc2a8036640 0x7fc2a8038af0 unknown :-1 s=START_CONNECT pgs=0 cs=0 l=1 rev1=0 crypto rx=0 tx=0 comp rx=0 tx=0).stop
2024-01-23T08:44:05.495 INFO:teuthology.orchestra.run.smithi059.stdout:/usr/bin/ceph: stderr
2024-01-23T08:44:04.691+0000 7fc2b27fc700 1 -- 172.21.15.59:0/1308239077 <== mon.0 v2:172.21.15.59:3300/0 7 ==== mgrmap(e 11) v1 ==== 43188+0+0 (secure 0 0 0) 0x7fc2b802e7c0 con 0x7fc2bc078d90
2024-01-23T08:44:05.495 INFO:teuthology.orchestra.run.smithi059.stdout:/usr/bin/ceph: stderr
2024-01-23T08:44:04.691+0000 7fc2b27fc700 1 --2- 172.21.15.59:0/1308239077 >> [v2:172.21.15.59:6800/3614124404,v1:172.21.15.59:6801/3614124404] conn(0x7fc2a8039f40 0x7fc2a803c320 unknown :-1 s=NONE pgs=0 cs=0 l=1 rev1=0 crypto rx=0 tx=0 comp rx=0 tx=0).connect
2024-01-23T08:44:05.495 INFO:teuthology.orchestra.run.smithi059.stdout:/usr/bin/ceph: stderr
2024-01-23T08:44:04.691+0000 7fc2b27fc700 1 -- 172.21.15.59:0/1308239077 --> [v2:172.21.15.59:6800/3614124404,v1:172.21.15.59:6801/3614124404] -- command(tid 0: {"prefix": "get_command_descriptions"}) v1 -- 0x7fc2bc05f450 con 0x7fc2a8039f40
2024-01-23T08:44:05.495 INFO:teuthology.orchestra.run.smithi059.stdout:/usr/bin/ceph: stderr
2024-01-23T08:44:04.692+0000 7fc2c1474700 1 --2- 172.21.15.59:0/1308239077 >> [v2:172.21.15.59:6800/3614124404,v1:172.21.15.59:6801/3614124404] conn(0x7fc2a8039f40 0x7fc2a803c320 unknown :-1 s=BANNER_CONNECTING pgs=0 cs=0 l=1 rev1=0 crypto rx=0 tx=0 comp rx=0 tx=0)._handle_peer_banner_payload supported=3 required=0
2024-01-23T08:44:05.495 INFO:teuthology.orchestra.run.smithi059.stdout:/usr/bin/ceph: stderr
2024-01-23T08:44:04.693+0000 7fc2c1474700 1 --2- 172.21.15.59:0/1308239077 >> [v2:172.21.15.59:6800/3614124404,v1:172.21.15.59:6801/3614124404] conn(0x7fc2a8039f40 0x7fc2a803c320 secure :-1 s=READY pgs=3 cs=0 l=1 rev1=1 crypto rx=0x7fc2ac0039d0 tx=0x7fc2ac0092f0 comp rx=0 tx=0).ready entity=mgr.14162 client_cookie=0 server_cookie=0 in_seq=0 out_seq=0
2024-01-23T08:44:05.495 INFO:teuthology.orchestra.run.smithi059.stdout:/usr/bin/ceph: stderr
2024-01-23T08:44:04.693+0000 7fc2b27fc700 1 -- 172.21.15.59:0/1308239077 <== mgr.14162 v2:172.21.15.59:6800/3614124404 1 ==== command_reply(tid 0: 0 ) v1 ==== 8+0+6549 (secure 0 0 0) 0x7fc2bc05f450 con 0x7fc2a8039f40
2024-01-23T08:44:05.496 INFO:teuthology.orchestra.run.smithi059.stdout:/usr/bin/ceph: stderr
2024-01-23T08:44:04.699+0000 7fc2c3ed9700 1 -- 172.21.15.59:0/1308239077 --> [v2:172.21.15.59:6800/3614124404,v1:172.21.15.59:6801/3614124404] -- command(tid 1: {"prefix": "mgr_status"}) v1 -- 0x7fc2bc108750 con 0x7fc2a8039f40
2024-01-23T08:44:05.496 INFO:teuthology.orchestra.run.smithi059.stdout:/usr/bin/ceph: stderr
2024-01-23T08:44:04.699+0000 7fc2b27fc700 1 -- 172.21.15.59:0/1308239077 <== mgr.14162 v2:172.21.15.59:6800/3614124404 2 ==== command_reply(tid 1: 0 ) v1 ==== 8+0+52 (secure 0 0 0) 0x7fc2bc108750 con 0x7fc2a8039f40
2024-01-23T08:44:05.496 INFO:teuthology.orchestra.run.smithi059.stdout:/usr/bin/ceph: stderr
2024-01-23T08:44:04.700+0000 7fc2c3ed9700 1 -- 172.21.15.59:0/1308239077 >> [v2:172.21.15.59:6800/3614124404,v1:172.21.15.59:6801/3614124404] conn(0x7fc2a8039f40 msgr2=0x7fc2a803c320 secure :-1 s=STATE_CONNECTION_ESTABLISHED l=1).mark_down
2024-01-23T08:44:05.496 INFO:teuthology.orchestra.run.smithi059.stdout:/usr/bin/ceph: stderr
2024-01-23T08:44:04.700+0000 7fc2c3ed9700 1 --2- 172.21.15.59:0/1308239077 >> [v2:172.21.15.59:6800/3614124404,v1:172.21.15.59:6801/3614124404] conn(0x7fc2a8039f40 0x7fc2a803c320 secure :-1 s=READY pgs=3 cs=0 l=1 rev1=1 crypto rx=0x7fc2ac0039d0 tx=0x7fc2ac0092f0 comp rx=0 tx=0).stop
2024-01-23T08:44:05.496 INFO:teuthology.orchestra.run.smithi059.stdout:/usr/bin/ceph: stderr
2024-01-23T08:44:04.700+0000 7fc2c3ed9700 1 -- 172.21.15.59:0/1308239077 >> [v2:172.21.15.59:3300/0,v1:172.21.15.59:6789/0] conn(0x7fc2bc078d90 msgr2=0x7fc2bc1133b0 secure :-1 s=STATE_CONNECTION_ESTABLISHED l=1).mark_down
2024-01-23T08:44:05.496 INFO:teuthology.orchestra.run.smithi059.stdout:/usr/bin/ceph: stderr
2024-01-23T08:44:04.700+0000 7fc2c3ed9700 1 --2- 172.21.15.59:0/1308239077 >> [v2:172.21.15.59:3300/0,v1:172.21.15.59:6789/0] conn(0x7fc2bc078d90 0x7fc2bc1133b0 secure :-1 s=READY pgs=72 cs=0 l=1 rev1=1 crypto rx=0x7fc2b80094c0 tx=0x7fc2b8009250 comp rx=0 tx=0).stop
2024-01-23T08:44:05.496 INFO:teuthology.orchestra.run.smithi059.stdout:/usr/bin/ceph: stderr
2024-01-23T08:44:04.700+0000 7fc2c3ed9700 1 -- 172.21.15.59:0/1308239077 shutdown_connections
2024-01-23T08:44:05.496 INFO:teuthology.orchestra.run.smithi059.stdout:/usr/bin/ceph: stderr
2024-01-23T08:44:04.700+0000 7fc2c3ed9700 1 --2- 172.21.15.59:0/1308239077 >> [v2:172.21.15.59:3300/0,v1:172.21.15.59:6789/0] conn(0x7fc2bc078d90 0x7fc2bc1133b0 unknown :-1 s=CLOSED pgs=72 cs=0 l=1 rev1=1 crypto rx=0 tx=0 comp rx=0 tx=0).stop
2024-01-23T08:44:05.496 INFO:teuthology.orchestra.run.smithi059.stdout:/usr/bin/ceph: stderr
2024-01-23T08:44:04.700+0000 7fc2c3ed9700 1 --2- 172.21.15.59:0/1308239077 >> [v2:172.21.15.59:6800/3614124404,v1:172.21.15.59:6801/3614124404] conn(0x7fc2a8039f40 0x7fc2a803c320 unknown :-1 s=CLOSED pgs=3 cs=0 l=1 rev1=1 crypto rx=0 tx=0 comp rx=0 tx=0).stop
2024-01-23T08:44:05.496 INFO:teuthology.orchestra.run.smithi059.stdout:/usr/bin/ceph: stderr
2024-01-23T08:44:04.700+0000 7fc2c3ed9700 1 --2- 172.21.15.59:0/1308239077 >> [v2:172.21.15.59:6800/1337467262,v1:172.21.15.59:6801/1337467262] conn(0x7fc2a8036640 0x7fc2a8038af0 unknown :-1 s=CLOSED pgs=0 cs=0 l=1 rev1=0 crypto rx=0 tx=0 comp rx=0 tx=0).stop
2024-01-23T08:44:05.496 INFO:teuthology.orchestra.run.smithi059.stdout:/usr/bin/ceph: stderr
2024-01-23T08:44:04.700+0000 7fc2c3ed9700 1 -- 172.21.15.59:0/1308239077 >> 172.21.15.59:0/1308239077 conn(0x7fc2bc0fdbd0 msgr2=0x7fc2bc0ff290 unknown :-1 s=STATE_NONE l=0).mark_down
2024-01-23T08:44:05.496 INFO:teuthology.orchestra.run.smithi059.stdout:/usr/bin/ceph: stderr
2024-01-23T08:44:04.700+0000 7fc2c3ed9700 1 -- 172.21.15.59:0/1308239077 shutdown_connections
2024-01-23T08:44:05.496 INFO:teuthology.orchestra.run.smithi059.stdout:/usr/bin/ceph: stderr
2024-01-23T08:44:04.700+0000 7fc2c3ed9700 1 -- 172.21.15.59:0/1308239077 wait complete.
2024-01-23T08:44:05.496 INFO:teuthology.orchestra.run.smithi059.stdout:mgr epoch 9 is available
2024-01-23T08:44:05.497 INFO:teuthology.orchestra.run.smithi059.stdout:Generating a dashboard self-signed certificate...
2024-01-23T08:44:06.190 INFO:journalctl@ceph.mon.smithi059.smithi059.stdout:Jan 23 08:44:05 smithi059 ceph-mon[28424]: from='client.14166 -' entity='client.admin' cmd=[{"prefix": "get_command_descriptions"}]: dispatch
2024-01-23T08:44:06.190 INFO:journalctl@ceph.mon.smithi059.smithi059.stdout:Jan 23 08:44:05 smithi059 ceph-mon[28424]: from='client.14166 -' entity='client.admin' cmd=[{"prefix": "mgr_status"}]: dispatch
2024-01-23T08:44:06.190 INFO:journalctl@ceph.mon.smithi059.smithi059.stdout:Jan 23 08:44:05 smithi059 ceph-mon[28424]: from='mgr.14162 172.21.15.59:0/131470316' entity='mgr.smithi059.bzqirf'
2024-01-23T08:44:06.190 INFO:journalctl@ceph.mon.smithi059.smithi059.stdout:Jan 23 08:44:05 smithi059 ceph-mon[28424]: from='mgr.14162 172.21.15.59:0/131470316' entity='mgr.smithi059.bzqirf'
2024-01-23T08:44:06.796 INFO:teuthology.orchestra.run.smithi059.stdout:/usr/bin/ceph: stdout Self-signed certificate created
2024-01-23T08:44:06.796 INFO:teuthology.orchestra.run.smithi059.stdout:/usr/bin/ceph: stderr
2024-01-23T08:44:05.985+0000 7fcf3c8bc700 1 Processor -- start
2024-01-23T08:44:06.797 INFO:teuthology.orchestra.run.smithi059.stdout:/usr/bin/ceph: stderr
2024-01-23T08:44:05.985+0000 7fcf3c8bc700 1 -- start start
2024-01-23T08:44:06.797 INFO:teuthology.orchestra.run.smithi059.stdout:/usr/bin/ceph: stderr
2024-01-23T08:44:05.985+0000 7fcf3c8bc700 1 --2- >> [v2:172.21.15.59:3300/0,v1:172.21.15.59:6789/0] conn(0x7fcf38102500 0x7fcf38102910 unknown :-1 s=NONE pgs=0 cs=0 l=0 rev1=0 crypto rx=0 tx=0 comp rx=0 tx=0).connect
2024-01-23T08:44:06.797 INFO:teuthology.orchestra.run.smithi059.stdout:/usr/bin/ceph: stderr
2024-01-23T08:44:05.985+0000 7fcf3c8bc700 1 -- --> [v2:172.21.15.59:3300/0,v1:172.21.15.59:6789/0] -- mon_getmap magic: 0 v1 -- 0x7fcf38102e50 con 0x7fcf38102500
2024-01-23T08:44:06.797 INFO:teuthology.orchestra.run.smithi059.stdout:/usr/bin/ceph: stderr
2024-01-23T08:44:05.985+0000 7fcf3659c700 1 --2- >> [v2:172.21.15.59:3300/0,v1:172.21.15.59:6789/0] conn(0x7fcf38102500 0x7fcf38102910 unknown :-1 s=BANNER_CONNECTING pgs=0 cs=0 l=0 rev1=0 crypto rx=0 tx=0 comp rx=0 tx=0)._handle_peer_banner_payload supported=3 required=0
2024-01-23T08:44:06.797 INFO:teuthology.orchestra.run.smithi059.stdout:/usr/bin/ceph: stderr
2024-01-23T08:44:05.985+0000 7fcf3659c700 1 --2- >> [v2:172.21.15.59:3300/0,v1:172.21.15.59:6789/0] conn(0x7fcf38102500 0x7fcf38102910 unknown :-1 s=HELLO_CONNECTING pgs=0 cs=0 l=0 rev1=1 crypto rx=0 tx=0 comp rx=0 tx=0).handle_hello peer v2:172.21.15.59:3300/0 says I am v2:172.21.15.59:32976/0 (socket says 172.21.15.59:32976)
2024-01-23T08:44:06.797 INFO:teuthology.orchestra.run.smithi059.stdout:/usr/bin/ceph: stderr
2024-01-23T08:44:05.985+0000 7fcf3659c700 1 -- 172.21.15.59:0/4212526494 learned_addr learned my addr 172.21.15.59:0/4212526494 (peer_addr_for_me v2:172.21.15.59:0/0)
2024-01-23T08:44:06.797 INFO:teuthology.orchestra.run.smithi059.stdout:/usr/bin/ceph: stderr
2024-01-23T08:44:05.985+0000 7fcf3659c700 1 -- 172.21.15.59:0/4212526494 --> [v2:172.21.15.59:3300/0,v1:172.21.15.59:6789/0] -- mon_subscribe({config=0+,monmap=0+}) v3 -- 0x7fcf38102f90 con 0x7fcf38102500
2024-01-23T08:44:06.797 INFO:teuthology.orchestra.run.smithi059.stdout:/usr/bin/ceph: stderr
2024-01-23T08:44:05.986+0000 7fcf3659c700 1 --2- 172.21.15.59:0/4212526494 >> [v2:172.21.15.59:3300/0,v1:172.21.15.59:6789/0] conn(0x7fcf38102500 0x7fcf38102910 secure :-1 s=READY pgs=80 cs=0 l=1 rev1=1 crypto rx=0x7fcf30009e50 tx=0x7fcf30009840 comp rx=0 tx=0).ready entity=mon.0 client_cookie=5efe9a8d3eb07d71 server_cookie=0 in_seq=0 out_seq=0
2024-01-23T08:44:06.797 INFO:teuthology.orchestra.run.smithi059.stdout:/usr/bin/ceph: stderr
2024-01-23T08:44:05.986+0000 7fcf3559a700 1 -- 172.21.15.59:0/4212526494 <== mon.0 v2:172.21.15.59:3300/0 1 ==== mon_map magic: 0 v1 ==== 229+0+0 (secure 0 0 0) 0x7fcf300092e0 con 0x7fcf38102500
2024-01-23T08:44:06.797 INFO:teuthology.orchestra.run.smithi059.stdout:/usr/bin/ceph: stderr
2024-01-23T08:44:05.986+0000 7fcf3559a700 1 -- 172.21.15.59:0/4212526494 <== mon.0 v2:172.21.15.59:3300/0 2 ==== config(26 keys) v1 ==== 1074+0+0 (secure 0 0 0) 0x7fcf30012430 con 0x7fcf38102500
2024-01-23T08:44:06.797 INFO:teuthology.orchestra.run.smithi059.stdout:/usr/bin/ceph: stderr
2024-01-23T08:44:05.986+0000 7fcf3559a700 1 -- 172.21.15.59:0/4212526494 <== mon.0 v2:172.21.15.59:3300/0 3 ==== mon_map magic: 0 v1 ==== 229+0+0 (secure 0 0 0) 0x7fcf300075c0 con 0x7fcf38102500
2024-01-23T08:44:06.797 INFO:teuthology.orchestra.run.smithi059.stdout:/usr/bin/ceph: stderr
2024-01-23T08:44:05.986+0000 7fcf3c8bc700 1 -- 172.21.15.59:0/4212526494 >> [v2:172.21.15.59:3300/0,v1:172.21.15.59:6789/0] conn(0x7fcf38102500 msgr2=0x7fcf38102910 secure :-1 s=STATE_CONNECTION_ESTABLISHED l=1).mark_down
2024-01-23T08:44:06.797 INFO:teuthology.orchestra.run.smithi059.stdout:/usr/bin/ceph: stderr
2024-01-23T08:44:05.986+0000 7fcf3c8bc700 1 --2- 172.21.15.59:0/4212526494 >> [v2:172.21.15.59:3300/0,v1:172.21.15.59:6789/0] conn(0x7fcf38102500 0x7fcf38102910 secure :-1 s=READY pgs=80 cs=0 l=1 rev1=1 crypto rx=0x7fcf30009e50 tx=0x7fcf30009840 comp rx=0 tx=0).stop
2024-01-23T08:44:06.797 INFO:teuthology.orchestra.run.smithi059.stdout:/usr/bin/ceph: stderr
2024-01-23T08:44:05.986+0000 7fcf3c8bc700 1 -- 172.21.15.59:0/4212526494 shutdown_connections
2024-01-23T08:44:06.798 INFO:teuthology.orchestra.run.smithi059.stdout:/usr/bin/ceph: stderr
2024-01-23T08:44:05.986+0000 7fcf3c8bc700 1 --2- 172.21.15.59:0/4212526494 >> [v2:172.21.15.59:3300/0,v1:172.21.15.59:6789/0] conn(0x7fcf38102500 0x7fcf38102910 unknown :-1 s=CLOSED pgs=80 cs=0 l=1 rev1=1 crypto rx=0 tx=0 comp rx=0 tx=0).stop
2024-01-23T08:44:06.798 INFO:teuthology.orchestra.run.smithi059.stdout:/usr/bin/ceph: stderr
2024-01-23T08:44:05.986+0000 7fcf3c8bc700 1 -- 172.21.15.59:0/4212526494 >> 172.21.15.59:0/4212526494 conn(0x7fcf380fdc80 msgr2=0x7fcf38100090 unknown :-1 s=STATE_NONE l=0).mark_down
2024-01-23T08:44:06.798 INFO:teuthology.orchestra.run.smithi059.stdout:/usr/bin/ceph: stderr
2024-01-23T08:44:05.986+0000 7fcf3c8bc700 1 -- 172.21.15.59:0/4212526494 shutdown_connections
2024-01-23T08:44:06.798 INFO:teuthology.orchestra.run.smithi059.stdout:/usr/bin/ceph: stderr
2024-01-23T08:44:05.987+0000 7fcf3c8bc700 1 -- 172.21.15.59:0/4212526494 wait complete.
2024-01-23T08:44:06.798 INFO:teuthology.orchestra.run.smithi059.stdout:/usr/bin/ceph: stderr
2024-01-23T08:44:05.987+0000 7fcf3c8bc700 1 Processor -- start
2024-01-23T08:44:06.798 INFO:teuthology.orchestra.run.smithi059.stdout:/usr/bin/ceph: stderr
2024-01-23T08:44:05.987+0000 7fcf3c8bc700 1 -- start start
2024-01-23T08:44:06.798 INFO:teuthology.orchestra.run.smithi059.stdout:/usr/bin/ceph: stderr
2024-01-23T08:44:05.987+0000 7fcf3c8bc700 1 --2- >> [v2:172.21.15.59:3300/0,v1:172.21.15.59:6789/0] conn(0x7fcf38102500 0x7fcf38111510 unknown :-1 s=NONE pgs=0 cs=0 l=1 rev1=0 crypto rx=0 tx=0 comp rx=0 tx=0).connect
2024-01-23T08:44:06.798 INFO:teuthology.orchestra.run.smithi059.stdout:/usr/bin/ceph: stderr
2024-01-23T08:44:05.987+0000 7fcf3c8bc700 1 -- --> [v2:172.21.15.59:3300/0,v1:172.21.15.59:6789/0] -- mon_getmap magic: 0 v1 -- 0x7fcf38111a50 con 0x7fcf38102500
2024-01-23T08:44:06.798 INFO:teuthology.orchestra.run.smithi059.stdout:/usr/bin/ceph: stderr
2024-01-23T08:44:05.987+0000 7fcf3659c700 1 --2- >> [v2:172.21.15.59:3300/0,v1:172.21.15.59:6789/0] conn(0x7fcf38102500 0x7fcf38111510 unknown :-1 s=BANNER_CONNECTING pgs=0 cs=0 l=1 rev1=0 crypto rx=0 tx=0 comp rx=0 tx=0)._handle_peer_banner_payload supported=3 required=0
2024-01-23T08:44:06.798 INFO:teuthology.orchestra.run.smithi059.stdout:/usr/bin/ceph: stderr
2024-01-23T08:44:05.987+0000 7fcf3659c700 1 --2- >> [v2:172.21.15.59:3300/0,v1:172.21.15.59:6789/0] conn(0x7fcf38102500 0x7fcf38111510 unknown :-1 s=HELLO_CONNECTING pgs=0 cs=0 l=1 rev1=1 crypto rx=0 tx=0 comp rx=0 tx=0).handle_hello peer v2:172.21.15.59:3300/0 says I am v2:172.21.15.59:32982/0 (socket says 172.21.15.59:32982)
2024-01-23T08:44:06.798 INFO:teuthology.orchestra.run.smithi059.stdout:/usr/bin/ceph: stderr
2024-01-23T08:44:05.987+0000 7fcf3659c700 1 -- 172.21.15.59:0/1571018336 learned_addr learned my addr 172.21.15.59:0/1571018336 (peer_addr_for_me v2:172.21.15.59:0/0)
2024-01-23T08:44:06.798 INFO:teuthology.orchestra.run.smithi059.stdout:/usr/bin/ceph: stderr
2024-01-23T08:44:05.988+0000 7fcf3659c700 1 -- 172.21.15.59:0/1571018336 --> [v2:172.21.15.59:3300/0,v1:172.21.15.59:6789/0] -- mon_subscribe({config=0+,monmap=0+}) v3 -- 0x7fcf30009ae0 con 0x7fcf38102500
2024-01-23T08:44:06.798 INFO:teuthology.orchestra.run.smithi059.stdout:/usr/bin/ceph: stderr
2024-01-23T08:44:05.988+0000 7fcf3659c700 1 --2- 172.21.15.59:0/1571018336 >> [v2:172.21.15.59:3300/0,v1:172.21.15.59:6789/0] conn(0x7fcf38102500 0x7fcf38111510 secure :-1 s=READY pgs=81 cs=0 l=1 rev1=1 crypto rx=0x7fcf3000bc80 tx=0x7fcf30009840 comp rx=0 tx=0).ready entity=mon.0 client_cookie=0 server_cookie=0 in_seq=0 out_seq=0
2024-01-23T08:44:06.798 INFO:teuthology.orchestra.run.smithi059.stdout:/usr/bin/ceph: stderr
2024-01-23T08:44:05.988+0000 7fcf2effd700 1 -- 172.21.15.59:0/1571018336 <== mon.0 v2:172.21.15.59:3300/0 1 ==== mon_map magic: 0 v1 ==== 229+0+0 (secure 0 0 0) 0x7fcf300092e0 con 0x7fcf38102500
2024-01-23T08:44:06.798 INFO:teuthology.orchestra.run.smithi059.stdout:/usr/bin/ceph: stderr
2024-01-23T08:44:05.988+0000 7fcf2effd700 1 -- 172.21.15.59:0/1571018336 <== mon.0 v2:172.21.15.59:3300/0 2 ==== config(26 keys) v1 ==== 1074+0+0 (secure 0 0 0) 0x7fcf30012900 con 0x7fcf38102500
2024-01-23T08:44:06.798 INFO:teuthology.orchestra.run.smithi059.stdout:/usr/bin/ceph: stderr
2024-01-23T08:44:05.988+0000 7fcf3c8bc700 1 -- 172.21.15.59:0/1571018336 --> [v2:172.21.15.59:3300/0,v1:172.21.15.59:6789/0] -- mon_subscribe({mgrmap=0+}) v3 -- 0x7fcf38111c50 con 0x7fcf38102500
2024-01-23T08:44:06.799 INFO:teuthology.orchestra.run.smithi059.stdout:/usr/bin/ceph: stderr
2024-01-23T08:44:05.988+0000 7fcf2effd700 1 -- 172.21.15.59:0/1571018336 <== mon.0 v2:172.21.15.59:3300/0 3 ==== mon_map magic: 0 v1 ==== 229+0+0 (secure 0 0 0) 0x7fcf30025970 con 0x7fcf38102500
2024-01-23T08:44:06.799 INFO:teuthology.orchestra.run.smithi059.stdout:/usr/bin/ceph: stderr
2024-01-23T08:44:05.988+0000 7fcf3c8bc700 1 -- 172.21.15.59:0/1571018336 --> [v2:172.21.15.59:3300/0,v1:172.21.15.59:6789/0] -- mon_subscribe({osdmap=0}) v3 -- 0x7fcf38112060 con 0x7fcf38102500
2024-01-23T08:44:06.799 INFO:teuthology.orchestra.run.smithi059.stdout:/usr/bin/ceph: stderr
2024-01-23T08:44:05.989+0000 7fcf3c8bc700 1 -- 172.21.15.59:0/1571018336 --> [v2:172.21.15.59:3300/0,v1:172.21.15.59:6789/0] -- mon_command({"prefix": "get_command_descriptions"} v 0) v1 -- 0x7fcf3810b3c0 con 0x7fcf38102500
2024-01-23T08:44:06.799 INFO:teuthology.orchestra.run.smithi059.stdout:/usr/bin/ceph: stderr
2024-01-23T08:44:05.989+0000 7fcf2effd700 1 -- 172.21.15.59:0/1571018336 <== mon.0 v2:172.21.15.59:3300/0 4 ==== mgrmap(e 11) v1 ==== 43188+0+0 (secure 0 0 0) 0x7fcf30019050 con 0x7fcf38102500
2024-01-23T08:44:06.799 INFO:teuthology.orchestra.run.smithi059.stdout:/usr/bin/ceph: stderr
2024-01-23T08:44:05.989+0000 7fcf2effd700 1 --2- 172.21.15.59:0/1571018336 >> [v2:172.21.15.59:6800/3614124404,v1:172.21.15.59:6801/3614124404] conn(0x7fcf24036570 0x7fcf24038a20 unknown :-1 s=NONE pgs=0 cs=0 l=1 rev1=0 crypto rx=0 tx=0 comp rx=0 tx=0).connect
2024-01-23T08:44:06.799 INFO:teuthology.orchestra.run.smithi059.stdout:/usr/bin/ceph: stderr
2024-01-23T08:44:05.989+0000 7fcf2effd700 1 -- 172.21.15.59:0/1571018336 <== mon.0 v2:172.21.15.59:3300/0 5 ==== osd_map(3..3 src has 1..3) v4 ==== 1151+0+0 (secure 0 0 0) 0x7fcf30049e80 con 0x7fcf38102500
2024-01-23T08:44:06.799 INFO:teuthology.orchestra.run.smithi059.stdout:/usr/bin/ceph: stderr
2024-01-23T08:44:05.989+0000 7fcf35d9b700 1 --2- 172.21.15.59:0/1571018336 >> [v2:172.21.15.59:6800/3614124404,v1:172.21.15.59:6801/3614124404] conn(0x7fcf24036570 0x7fcf24038a20 unknown :-1 s=BANNER_CONNECTING pgs=0 cs=0 l=1 rev1=0 crypto rx=0 tx=0 comp rx=0 tx=0)._handle_peer_banner_payload supported=3 required=0
2024-01-23T08:44:06.799 INFO:teuthology.orchestra.run.smithi059.stdout:/usr/bin/ceph: stderr
2024-01-23T08:44:05.989+0000 7fcf35d9b700 1 --2- 172.21.15.59:0/1571018336 >> [v2:172.21.15.59:6800/3614124404,v1:172.21.15.59:6801/3614124404] conn(0x7fcf24036570 0x7fcf24038a20 secure :-1 s=READY pgs=7 cs=0 l=1 rev1=1 crypto rx=0x7fcf20009990 tx=0x7fcf20006e40 comp rx=0 tx=0).ready entity=mgr.14162 client_cookie=0 server_cookie=0 in_seq=0 out_seq=0
2024-01-23T08:44:06.799 INFO:teuthology.orchestra.run.smithi059.stdout:/usr/bin/ceph: stderr
2024-01-23T08:44:05.994+0000 7fcf2effd700 1 -- 172.21.15.59:0/1571018336 <== mon.0 v2:172.21.15.59:3300/0 6 ==== mon_command_ack([{"prefix": "get_command_descriptions"}]=0 v0) v1 ==== 72+0+174570 (secure 0 0 0) 0x7fcf30019710 con 0x7fcf38102500
2024-01-23T08:44:06.799 INFO:teuthology.orchestra.run.smithi059.stdout:/usr/bin/ceph: stderr
2024-01-23T08:44:06.192+0000 7fcf3c8bc700 1 -- 172.21.15.59:0/1571018336 --> [v2:172.21.15.59:6800/3614124404,v1:172.21.15.59:6801/3614124404] -- mgr_command(tid 0: {"prefix": "dashboard create-self-signed-cert", "target": ["mon-mgr", ""]}) v1 -- 0x7fcf3805e260 con 0x7fcf24036570
2024-01-23T08:44:06.799 INFO:teuthology.orchestra.run.smithi059.stdout:/usr/bin/ceph: stderr
2024-01-23T08:44:06.250+0000 7fcf2effd700 1 -- 172.21.15.59:0/1571018336 <== mgr.14162 v2:172.21.15.59:6800/3614124404 1 ==== mgr_command_reply(tid 0: 0 ) v1 ==== 8+0+32 (secure 0 0 0) 0x7fcf3805e260 con 0x7fcf24036570
2024-01-23T08:44:06.799 INFO:teuthology.orchestra.run.smithi059.stdout:/usr/bin/ceph: stderr
2024-01-23T08:44:06.252+0000 7fcf3c8bc700 1 -- 172.21.15.59:0/1571018336 >> [v2:172.21.15.59:6800/3614124404,v1:172.21.15.59:6801/3614124404] conn(0x7fcf24036570 msgr2=0x7fcf24038a20 secure :-1 s=STATE_CONNECTION_ESTABLISHED l=1).mark_down
2024-01-23T08:44:06.799 INFO:teuthology.orchestra.run.smithi059.stdout:/usr/bin/ceph: stderr
2024-01-23T08:44:06.252+0000 7fcf3c8bc700 1 --2- 172.21.15.59:0/1571018336 >> [v2:172.21.15.59:6800/3614124404,v1:172.21.15.59:6801/3614124404] conn(0x7fcf24036570 0x7fcf24038a20 secure :-1 s=READY pgs=7 cs=0 l=1 rev1=1 crypto rx=0x7fcf20009990 tx=0x7fcf20006e40 comp rx=0 tx=0).stop
2024-01-23T08:44:06.799 INFO:teuthology.orchestra.run.smithi059.stdout:/usr/bin/ceph: stderr
2024-01-23T08:44:06.252+0000 7fcf3c8bc700 1 -- 172.21.15.59:0/1571018336 >> [v2:172.21.15.59:3300/0,v1:172.21.15.59:6789/0] conn(0x7fcf38102500 msgr2=0x7fcf38111510 secure :-1 s=STATE_CONNECTION_ESTABLISHED l=1).mark_down
2024-01-23T08:44:06.799 INFO:teuthology.orchestra.run.smithi059.stdout:/usr/bin/ceph: stderr
