2023-10-10T17:34:19.650 INFO:teuthology.orchestra.run.smithi078.stdout:/usr/bin/ceph: stderr
2023-10-10T17:34:18.999+0000 7f6df91a6700 1 -- 172.21.15.78:0/2031090673 learned_addr learned my addr 172.21.15.78:0/2031090673 (peer_addr_for_me v2:172.21.15.78:0/0)
2023-10-10T17:34:19.650 INFO:teuthology.orchestra.run.smithi078.stdout:/usr/bin/ceph: stderr
2023-10-10T17:34:19.000+0000 7f6df91a6700 1 -- 172.21.15.78:0/2031090673 --> [v2:172.21.15.78:3300/0,v1:172.21.15.78:6789/0] -- mon_subscribe({config=0+,monmap=0+}) v3 -- 0x7f6df0009550 con 0x7f6df4105ef0
2023-10-10T17:34:19.650 INFO:teuthology.orchestra.run.smithi078.stdout:/usr/bin/ceph: stderr
2023-10-10T17:34:19.000+0000 7f6df91a6700 1 --2- 172.21.15.78:0/2031090673 >> [v2:172.21.15.78:3300/0,v1:172.21.15.78:6789/0] conn(0x7f6df4105ef0 0x7f6df419b9b0 secure :-1 s=READY pgs=44 cs=0 l=1 rev1=1 crypto rx=0x7f6df0009fb0 tx=0x7f6df0011ad0 comp rx=0 tx=0).ready entity=mon.0 client_cookie=0 server_cookie=0 in_seq=0 out_seq=0
2023-10-10T17:34:19.650 INFO:teuthology.orchestra.run.smithi078.stdout:/usr/bin/ceph: stderr
2023-10-10T17:34:19.000+0000 7f6dea7fc700 1 -- 172.21.15.78:0/2031090673 <== mon.0 v2:172.21.15.78:3300/0 1 ==== mon_map magic: 0 v1 ==== 205+0+0 (secure 0 0 0) 0x7f6df0003930 con 0x7f6df4105ef0
2023-10-10T17:34:19.651 INFO:teuthology.orchestra.run.smithi078.stdout:/usr/bin/ceph: stderr
2023-10-10T17:34:19.000+0000 7f6dea7fc700 1 -- 172.21.15.78:0/2031090673 <== mon.0 v2:172.21.15.78:3300/0 2 ==== config(26 keys) v1 ==== 1074+0+0 (secure 0 0 0) 0x7f6df0003a90 con 0x7f6df4105ef0
2023-10-10T17:34:19.651 INFO:teuthology.orchestra.run.smithi078.stdout:/usr/bin/ceph: stderr
2023-10-10T17:34:19.000+0000 7f6dea7fc700 1 -- 172.21.15.78:0/2031090673 <== mon.0 v2:172.21.15.78:3300/0 3 ==== mon_map magic: 0 v1 ==== 205+0+0 (secure 0 0 0) 0x7f6df0019610 con 0x7f6df4105ef0
2023-10-10T17:34:19.651 INFO:teuthology.orchestra.run.smithi078.stdout:/usr/bin/ceph: stderr
2023-10-10T17:34:19.000+0000 7f6dfb40a700 1 -- 172.21.15.78:0/2031090673 --> [v2:172.21.15.78:3300/0,v1:172.21.15.78:6789/0] -- mon_subscribe({mgrmap=0+}) v3 -- 0x7f6df4104820 con 0x7f6df4105ef0
2023-10-10T17:34:19.651 INFO:teuthology.orchestra.run.smithi078.stdout:/usr/bin/ceph: stderr
2023-10-10T17:34:19.000+0000 7f6dfb40a700 1 -- 172.21.15.78:0/2031090673 --> [v2:172.21.15.78:3300/0,v1:172.21.15.78:6789/0] -- mon_subscribe({osdmap=0}) v3 -- 0x7f6df4104690 con 0x7f6df4105ef0
2023-10-10T17:34:19.651 INFO:teuthology.orchestra.run.smithi078.stdout:/usr/bin/ceph: stderr
2023-10-10T17:34:19.001+0000 7f6dea7fc700 1 -- 172.21.15.78:0/2031090673 <== mon.0 v2:172.21.15.78:3300/0 4 ==== mgrmap(e 8) v1 ==== 45483+0+0 (secure 0 0 0) 0x7f6df001a430 con 0x7f6df4105ef0
2023-10-10T17:34:19.652 INFO:teuthology.orchestra.run.smithi078.stdout:/usr/bin/ceph: stderr
2023-10-10T17:34:19.001+0000 7f6dea7fc700 1 --2- 172.21.15.78:0/2031090673 >> [v2:172.21.15.78:6800/1662641434,v1:172.21.15.78:6801/1662641434] conn(0x7f6de0038710 0x7f6de003abc0 unknown :-1 s=NONE pgs=0 cs=0 l=1 rev1=0 crypto rx=0 tx=0 comp rx=0 tx=0).connect
2023-10-10T17:34:19.652 INFO:teuthology.orchestra.run.smithi078.stdout:/usr/bin/ceph: stderr
2023-10-10T17:34:19.001+0000 7f6dea7fc700 1 -- 172.21.15.78:0/2031090673 <== mon.0 v2:172.21.15.78:3300/0 5 ==== osd_map(2..2 src has 1..2) v4 ==== 940+0+0 (secure 0 0 0) 0x7f6df004c7e0 con 0x7f6df4105ef0
2023-10-10T17:34:19.652 INFO:teuthology.orchestra.run.smithi078.stdout:/usr/bin/ceph: stderr
2023-10-10T17:34:19.001+0000 7f6dfb40a700 1 -- 172.21.15.78:0/2031090673 --> [v2:172.21.15.78:3300/0,v1:172.21.15.78:6789/0] -- mon_command({"prefix": "get_command_descriptions"} v 0) v1 -- 0x7f6df41955e0 con 0x7f6df4105ef0
2023-10-10T17:34:19.652 INFO:teuthology.orchestra.run.smithi078.stdout:/usr/bin/ceph: stderr
2023-10-10T17:34:19.001+0000 7f6df89a5700 1 --2- 172.21.15.78:0/2031090673 >> [v2:172.21.15.78:6800/1662641434,v1:172.21.15.78:6801/1662641434] conn(0x7f6de0038710 0x7f6de003abc0 unknown :-1 s=BANNER_CONNECTING pgs=0 cs=0 l=1 rev1=0 crypto rx=0 tx=0 comp rx=0 tx=0)._handle_peer_banner_payload supported=3 required=0
2023-10-10T17:34:19.652 INFO:teuthology.orchestra.run.smithi078.stdout:/usr/bin/ceph: stderr
2023-10-10T17:34:19.001+0000 7f6df89a5700 1 --2- 172.21.15.78:0/2031090673 >> [v2:172.21.15.78:6800/1662641434,v1:172.21.15.78:6801/1662641434] conn(0x7f6de0038710 0x7f6de003abc0 secure :-1 s=READY pgs=10 cs=0 l=1 rev1=1 crypto rx=0x7f6de4006fd0 tx=0x7f6de4006e40 comp rx=0 tx=0).ready entity=mgr.14120 client_cookie=0 server_cookie=0 in_seq=0 out_seq=0
2023-10-10T17:34:19.653 INFO:teuthology.orchestra.run.smithi078.stdout:/usr/bin/ceph: stderr
2023-10-10T17:34:19.006+0000 7f6dea7fc700 1 -- 172.21.15.78:0/2031090673 <== mon.0 v2:172.21.15.78:3300/0 6 ==== mon_command_ack([{"prefix": "get_command_descriptions"}]=0 v0) v1 ==== 72+0+177948 (secure 0 0 0) 0x7f6df0003c00 con 0x7f6df4105ef0
2023-10-10T17:34:19.653 INFO:teuthology.orchestra.run.smithi078.stdout:/usr/bin/ceph: stderr
2023-10-10T17:34:19.196+0000 7f6dfb40a700 1 -- 172.21.15.78:0/2031090673 --> [v2:172.21.15.78:6800/1662641434,v1:172.21.15.78:6801/1662641434] -- mgr_command(tid 0: {"prefix": "cephadm get-pub-key", "target": ["mon-mgr", ""]}) v1 -- 0x7f6df419c670 con 0x7f6de0038710
2023-10-10T17:34:19.653 INFO:teuthology.orchestra.run.smithi078.stdout:/usr/bin/ceph: stderr
2023-10-10T17:34:19.196+0000 7f6dea7fc700 1 -- 172.21.15.78:0/2031090673 <== mgr.14120 v2:172.21.15.78:6800/1662641434 1 ==== mgr_command_reply(tid 0: 0 ) v1 ==== 8+0+595 (secure 0 0 0) 0x7f6df419c670 con 0x7f6de0038710
2023-10-10T17:34:19.653 INFO:teuthology.orchestra.run.smithi078.stdout:/usr/bin/ceph: stderr
2023-10-10T17:34:19.198+0000 7f6dfb40a700 1 -- 172.21.15.78:0/2031090673 >> [v2:172.21.15.78:6800/1662641434,v1:172.21.15.78:6801/1662641434] conn(0x7f6de0038710 msgr2=0x7f6de003abc0 secure :-1 s=STATE_CONNECTION_ESTABLISHED l=1).mark_down
2023-10-10T17:34:19.653 INFO:teuthology.orchestra.run.smithi078.stdout:/usr/bin/ceph: stderr
2023-10-10T17:34:19.198+0000 7f6dfb40a700 1 --2- 172.21.15.78:0/2031090673 >> [v2:172.21.15.78:6800/1662641434,v1:172.21.15.78:6801/1662641434] conn(0x7f6de0038710 0x7f6de003abc0 secure :-1 s=READY pgs=10 cs=0 l=1 rev1=1 crypto rx=0x7f6de4006fd0 tx=0x7f6de4006e40 comp rx=0 tx=0).stop
2023-10-10T17:34:19.654 INFO:teuthology.orchestra.run.smithi078.stdout:/usr/bin/ceph: stderr
2023-10-10T17:34:19.198+0000 7f6dfb40a700 1 -- 172.21.15.78:0/2031090673 >> [v2:172.21.15.78:3300/0,v1:172.21.15.78:6789/0] conn(0x7f6df4105ef0 msgr2=0x7f6df419b9b0 secure :-1 s=STATE_CONNECTION_ESTABLISHED l=1).mark_down
2023-10-10T17:34:19.654 INFO:teuthology.orchestra.run.smithi078.stdout:/usr/bin/ceph: stderr
2023-10-10T17:34:19.198+0000 7f6dfb40a700 1 --2- 172.21.15.78:0/2031090673 >> [v2:172.21.15.78:3300/0,v1:172.21.15.78:6789/0] conn(0x7f6df4105ef0 0x7f6df419b9b0 secure :-1 s=READY pgs=44 cs=0 l=1 rev1=1 crypto rx=0x7f6df0009fb0 tx=0x7f6df0011ad0 comp rx=0 tx=0).stop
2023-10-10T17:34:19.654 INFO:teuthology.orchestra.run.smithi078.stdout:/usr/bin/ceph: stderr
2023-10-10T17:34:19.198+0000 7f6dfb40a700 1 -- 172.21.15.78:0/2031090673 shutdown_connections
2023-10-10T17:34:19.654 INFO:teuthology.orchestra.run.smithi078.stdout:/usr/bin/ceph: stderr
2023-10-10T17:34:19.198+0000 7f6dfb40a700 1 --2- 172.21.15.78:0/2031090673 >> [v2:172.21.15.78:6800/1662641434,v1:172.21.15.78:6801/1662641434] conn(0x7f6de0038710 0x7f6de003abc0 unknown :-1 s=CLOSED pgs=10 cs=0 l=1 rev1=1 crypto rx=0 tx=0 comp rx=0 tx=0).stop
2023-10-10T17:34:19.654 INFO:teuthology.orchestra.run.smithi078.stdout:/usr/bin/ceph: stderr
2023-10-10T17:34:19.198+0000 7f6dfb40a700 1 --2- 172.21.15.78:0/2031090673 >> [v2:172.21.15.78:3300/0,v1:172.21.15.78:6789/0] conn(0x7f6df4105ef0 0x7f6df419b9b0 unknown :-1 s=CLOSED pgs=44 cs=0 l=1 rev1=1 crypto rx=0 tx=0 comp rx=0 tx=0).stop
2023-10-10T17:34:19.655 INFO:teuthology.orchestra.run.smithi078.stdout:/usr/bin/ceph: stderr
2023-10-10T17:34:19.198+0000 7f6dfb40a700 1 -- 172.21.15.78:0/2031090673 >> 172.21.15.78:0/2031090673 conn(0x7f6df40ff650 msgr2=0x7f6df4192720 unknown :-1 s=STATE_NONE l=0).mark_down
2023-10-10T17:34:19.655 INFO:teuthology.orchestra.run.smithi078.stdout:/usr/bin/ceph: stderr
2023-10-10T17:34:19.198+0000 7f6dfb40a700 1 -- 172.21.15.78:0/2031090673 shutdown_connections
2023-10-10T17:34:19.655 INFO:teuthology.orchestra.run.smithi078.stdout:/usr/bin/ceph: stderr
2023-10-10T17:34:19.198+0000 7f6dfb40a700 1 -- 172.21.15.78:0/2031090673 wait complete.
2023-10-10T17:34:19.655 INFO:teuthology.orchestra.run.smithi078.stdout:Wrote public SSH key to /home/ubuntu/cephtest/ceph.pub
2023-10-10T17:34:19.655 INFO:teuthology.orchestra.run.smithi078.stdout:Adding key to root@localhost authorized_keys...
2023-10-10T17:34:19.656 INFO:teuthology.orchestra.run.smithi078.stdout:Adding host smithi078...
2023-10-10T17:34:20.539 INFO:journalctl@ceph.mon.a.smithi078.stdout:Oct 10 17:34:20 smithi078 ceph-mon[99494]: from='client.14138 -' entity='client.admin' cmd=[{"prefix": "cephadm get-pub-key", "target": ["mon-mgr", ""]}]: dispatch
2023-10-10T17:34:21.377 INFO:journalctl@ceph.mon.a.smithi078.stdout:Oct 10 17:34:21 smithi078 ceph-mon[99494]: from='client.14140 -' entity='client.admin' cmd=[{"prefix": "orch host add", "hostname": "smithi078", "addr": "172.21.15.78", "target": ["mon-mgr", ""]}]: dispatch
2023-10-10T17:34:21.378 INFO:journalctl@ceph.mon.a.smithi078.stdout:Oct 10 17:34:21 smithi078 ceph-mon[99494]: Deploying cephadm binary to smithi078
2023-10-10T17:34:22.795 INFO:teuthology.orchestra.run.smithi078.stdout:/usr/bin/ceph: stdout Added host 'smithi078' with addr '172.21.15.78'
2023-10-10T17:34:22.796 INFO:teuthology.orchestra.run.smithi078.stdout:/usr/bin/ceph: stderr
2023-10-10T17:34:20.100+0000 7fd46425e700 1 Processor -- start
2023-10-10T17:34:22.796 INFO:teuthology.orchestra.run.smithi078.stdout:/usr/bin/ceph: stderr
2023-10-10T17:34:20.100+0000 7fd46425e700 1 -- start start
2023-10-10T17:34:22.796 INFO:teuthology.orchestra.run.smithi078.stdout:/usr/bin/ceph: stderr
2023-10-10T17:34:20.100+0000 7fd46425e700 1 --2- >> [v2:172.21.15.78:3300/0,v1:172.21.15.78:6789/0] conn(0x7fd45c1064f0 0x7fd45c1088d0 unknown :-1 s=NONE pgs=0 cs=0 l=0 rev1=0 crypto rx=0 tx=0 comp rx=0 tx=0).connect
2023-10-10T17:34:22.796 INFO:teuthology.orchestra.run.smithi078.stdout:/usr/bin/ceph: stderr
2023-10-10T17:34:20.100+0000 7fd46425e700 1 -- --> [v2:172.21.15.78:3300/0,v1:172.21.15.78:6789/0] -- mon_getmap magic: 0 v1 -- 0x7fd45c079e00 con 0x7fd45c1064f0
2023-10-10T17:34:22.797 INFO:teuthology.orchestra.run.smithi078.stdout:/usr/bin/ceph: stderr
2023-10-10T17:34:20.100+0000 7fd461ffa700 1 --2- >> [v2:172.21.15.78:3300/0,v1:172.21.15.78:6789/0] conn(0x7fd45c1064f0 0x7fd45c1088d0 unknown :-1 s=BANNER_CONNECTING pgs=0 cs=0 l=0 rev1=0 crypto rx=0 tx=0 comp rx=0 tx=0)._handle_peer_banner_payload supported=3 required=0
2023-10-10T17:34:22.797 INFO:teuthology.orchestra.run.smithi078.stdout:/usr/bin/ceph: stderr
2023-10-10T17:34:20.100+0000 7fd461ffa700 1 --2- >> [v2:172.21.15.78:3300/0,v1:172.21.15.78:6789/0] conn(0x7fd45c1064f0 0x7fd45c1088d0 unknown :-1 s=HELLO_CONNECTING pgs=0 cs=0 l=0 rev1=1 crypto rx=0 tx=0 comp rx=0 tx=0).handle_hello peer v2:172.21.15.78:3300/0 says I am v2:172.21.15.78:40980/0 (socket says 172.21.15.78:40980)
2023-10-10T17:34:22.797 INFO:teuthology.orchestra.run.smithi078.stdout:/usr/bin/ceph: stderr
2023-10-10T17:34:20.100+0000 7fd461ffa700 1 -- 172.21.15.78:0/4117492763 learned_addr learned my addr 172.21.15.78:0/4117492763 (peer_addr_for_me v2:172.21.15.78:0/0)
2023-10-10T17:34:22.797 INFO:teuthology.orchestra.run.smithi078.stdout:/usr/bin/ceph: stderr
2023-10-10T17:34:20.101+0000 7fd461ffa700 1 -- 172.21.15.78:0/4117492763 --> [v2:172.21.15.78:3300/0,v1:172.21.15.78:6789/0] -- mon_subscribe({config=0+,monmap=0+}) v3 -- 0x7fd45c108e10 con 0x7fd45c1064f0
2023-10-10T17:34:22.797 INFO:teuthology.orchestra.run.smithi078.stdout:/usr/bin/ceph: stderr
2023-10-10T17:34:20.101+0000 7fd461ffa700 1 --2- 172.21.15.78:0/4117492763 >> [v2:172.21.15.78:3300/0,v1:172.21.15.78:6789/0] conn(0x7fd45c1064f0 0x7fd45c1088d0 secure :-1 s=READY pgs=45 cs=0 l=1 rev1=1 crypto rx=0x7fd44c0098a0 tx=0x7fd44c009bb0 comp rx=0 tx=0).ready entity=mon.0 client_cookie=950fd8d3b28b8dba server_cookie=0 in_seq=0 out_seq=0
2023-10-10T17:34:22.798 INFO:teuthology.orchestra.run.smithi078.stdout:/usr/bin/ceph: stderr
2023-10-10T17:34:20.101+0000 7fd460ff8700 1 -- 172.21.15.78:0/4117492763 <== mon.0 v2:172.21.15.78:3300/0 1 ==== mon_map magic: 0 v1 ==== 205+0+0 (secure 0 0 0) 0x7fd44c004160 con 0x7fd45c1064f0
2023-10-10T17:34:22.798 INFO:teuthology.orchestra.run.smithi078.stdout:/usr/bin/ceph: stderr
2023-10-10T17:34:20.101+0000 7fd460ff8700 1 -- 172.21.15.78:0/4117492763 <== mon.0 v2:172.21.15.78:3300/0 2 ==== config(26 keys) v1 ==== 1074+0+0 (secure 0 0 0) 0x7fd44c0042c0 con 0x7fd45c1064f0
2023-10-10T17:34:22.798 INFO:teuthology.orchestra.run.smithi078.stdout:/usr/bin/ceph: stderr
2023-10-10T17:34:20.101+0000 7fd460ff8700 1 -- 172.21.15.78:0/4117492763 <== mon.0 v2:172.21.15.78:3300/0 3 ==== mon_map magic: 0 v1 ==== 205+0+0 (secure 0 0 0) 0x7fd44c011a00 con 0x7fd45c1064f0
2023-10-10T17:34:22.798 INFO:teuthology.orchestra.run.smithi078.stdout:/usr/bin/ceph: stderr
2023-10-10T17:34:20.102+0000 7fd46425e700 1 -- 172.21.15.78:0/4117492763 >> [v2:172.21.15.78:3300/0,v1:172.21.15.78:6789/0] conn(0x7fd45c1064f0 msgr2=0x7fd45c1088d0 secure :-1 s=STATE_CONNECTION_ESTABLISHED l=1).mark_down
2023-10-10T17:34:22.799 INFO:teuthology.orchestra.run.smithi078.stdout:/usr/bin/ceph: stderr
2023-10-10T17:34:20.102+0000 7fd46425e700 1 --2- 172.21.15.78:0/4117492763 >> [v2:172.21.15.78:3300/0,v1:172.21.15.78:6789/0] conn(0x7fd45c1064f0 0x7fd45c1088d0 secure :-1 s=READY pgs=45 cs=0 l=1 rev1=1 crypto rx=0x7fd44c0098a0 tx=0x7fd44c009bb0 comp rx=0 tx=0).stop
2023-10-10T17:34:22.799 INFO:teuthology.orchestra.run.smithi078.stdout:/usr/bin/ceph: stderr
2023-10-10T17:34:20.102+0000 7fd46425e700 1 -- 172.21.15.78:0/4117492763 shutdown_connections
2023-10-10T17:34:22.799 INFO:teuthology.orchestra.run.smithi078.stdout:/usr/bin/ceph: stderr
2023-10-10T17:34:20.102+0000 7fd46425e700 1 --2- 172.21.15.78:0/4117492763 >> [v2:172.21.15.78:3300/0,v1:172.21.15.78:6789/0] conn(0x7fd45c1064f0 0x7fd45c1088d0 unknown :-1 s=CLOSED pgs=45 cs=0 l=1 rev1=1 crypto rx=0 tx=0 comp rx=0 tx=0).stop
2023-10-10T17:34:22.799 INFO:teuthology.orchestra.run.smithi078.stdout:/usr/bin/ceph: stderr
2023-10-10T17:34:20.102+0000 7fd46425e700 1 -- 172.21.15.78:0/4117492763 >> 172.21.15.78:0/4117492763 conn(0x7fd45c0ffed0 msgr2=0x7fd45c102300 unknown :-1 s=STATE_NONE l=0).mark_down
2023-10-10T17:34:22.799 INFO:teuthology.orchestra.run.smithi078.stdout:/usr/bin/ceph: stderr
2023-10-10T17:34:20.102+0000 7fd46425e700 1 -- 172.21.15.78:0/4117492763 shutdown_connections
2023-10-10T17:34:22.800 INFO:teuthology.orchestra.run.smithi078.stdout:/usr/bin/ceph: stderr
2023-10-10T17:34:20.102+0000 7fd46425e700 1 -- 172.21.15.78:0/4117492763 wait complete.
2023-10-10T17:34:22.800 INFO:teuthology.orchestra.run.smithi078.stdout:/usr/bin/ceph: stderr
2023-10-10T17:34:20.102+0000 7fd46425e700 1 Processor -- start
2023-10-10T17:34:22.800 INFO:teuthology.orchestra.run.smithi078.stdout:/usr/bin/ceph: stderr
2023-10-10T17:34:20.102+0000 7fd46425e700 1 -- start start
2023-10-10T17:34:22.800 INFO:teuthology.orchestra.run.smithi078.stdout:/usr/bin/ceph: stderr
2023-10-10T17:34:20.102+0000 7fd46425e700 1 --2- >> [v2:172.21.15.78:3300/0,v1:172.21.15.78:6789/0] conn(0x7fd45c1064f0 0x7fd45c1997b0 unknown :-1 s=NONE pgs=0 cs=0 l=1 rev1=0 crypto rx=0 tx=0 comp rx=0 tx=0).connect
2023-10-10T17:34:22.800 INFO:teuthology.orchestra.run.smithi078.stdout:/usr/bin/ceph: stderr
2023-10-10T17:34:20.102+0000 7fd46425e700 1 -- --> [v2:172.21.15.78:3300/0,v1:172.21.15.78:6789/0] -- mon_getmap magic: 0 v1 -- 0x7fd45c199cf0 con 0x7fd45c1064f0
2023-10-10T17:34:22.801 INFO:teuthology.orchestra.run.smithi078.stdout:/usr/bin/ceph: stderr
2023-10-10T17:34:20.103+0000 7fd461ffa700 1 --2- >> [v2:172.21.15.78:3300/0,v1:172.21.15.78:6789/0] conn(0x7fd45c1064f0 0x7fd45c1997b0 unknown :-1 s=BANNER_CONNECTING pgs=0 cs=0 l=1 rev1=0 crypto rx=0 tx=0 comp rx=0 tx=0)._handle_peer_banner_payload supported=3 required=0
2023-10-10T17:34:22.801 INFO:teuthology.orchestra.run.smithi078.stdout:/usr/bin/ceph: stderr
2023-10-10T17:34:20.103+0000 7fd461ffa700 1 --2- >> [v2:172.21.15.78:3300/0,v1:172.21.15.78:6789/0] conn(0x7fd45c1064f0 0x7fd45c1997b0 unknown :-1 s=HELLO_CONNECTING pgs=0 cs=0 l=1 rev1=1 crypto rx=0 tx=0 comp rx=0 tx=0).handle_hello peer v2:172.21.15.78:3300/0 says I am v2:172.21.15.78:40982/0 (socket says 172.21.15.78:40982)
2023-10-10T17:34:22.801 INFO:teuthology.orchestra.run.smithi078.stdout:/usr/bin/ceph: stderr
2023-10-10T17:34:20.103+0000 7fd461ffa700 1 -- 172.21.15.78:0/2767463585 learned_addr learned my addr 172.21.15.78:0/2767463585 (peer_addr_for_me v2:172.21.15.78:0/0)
2023-10-10T17:34:22.801 INFO:teuthology.orchestra.run.smithi078.stdout:/usr/bin/ceph: stderr
2023-10-10T17:34:20.103+0000 7fd461ffa700 1 -- 172.21.15.78:0/2767463585 --> [v2:172.21.15.78:3300/0,v1:172.21.15.78:6789/0] -- mon_subscribe({config=0+,monmap=0+}) v3 -- 0x7fd44c009550 con 0x7fd45c1064f0
2023-10-10T17:34:22.801 INFO:teuthology.orchestra.run.smithi078.stdout:/usr/bin/ceph: stderr
2023-10-10T17:34:20.103+0000 7fd461ffa700 1 --2- 172.21.15.78:0/2767463585 >> [v2:172.21.15.78:3300/0,v1:172.21.15.78:6789/0] conn(0x7fd45c1064f0 0x7fd45c1997b0 secure :-1 s=READY pgs=46 cs=0 l=1 rev1=1 crypto rx=0x7fd44c009fb0 tx=0x7fd44c011ad0 comp rx=0 tx=0).ready entity=mon.0 client_cookie=0 server_cookie=0 in_seq=0 out_seq=0
2023-10-10T17:34:22.802 INFO:teuthology.orchestra.run.smithi078.stdout:/usr/bin/ceph: stderr
2023-10-10T17:34:20.103+0000 7fd452ffd700 1 -- 172.21.15.78:0/2767463585 <== mon.0 v2:172.21.15.78:3300/0 1 ==== mon_map magic: 0 v1 ==== 205+0+0 (secure 0 0 0) 0x7fd44c003930 con 0x7fd45c1064f0
2023-10-10T17:34:22.802 INFO:teuthology.orchestra.run.smithi078.stdout:/usr/bin/ceph: stderr
2023-10-10T17:34:20.103+0000 7fd452ffd700 1 -- 172.21.15.78:0/2767463585 <== mon.0 v2:172.21.15.78:3300/0 2 ==== config(26 keys) v1 ==== 1074+0+0 (secure 0 0 0) 0x7fd44c003a90 con 0x7fd45c1064f0
2023-10-10T17:34:22.802 INFO:teuthology.orchestra.run.smithi078.stdout:/usr/bin/ceph: stderr
2023-10-10T17:34:20.103+0000 7fd46425e700 1 -- 172.21.15.78:0/2767463585 --> [v2:172.21.15.78:3300/0,v1:172.21.15.78:6789/0] -- mon_subscribe({mgrmap=0+}) v3 -- 0x7fd45c109d40 con 0x7fd45c1064f0
2023-10-10T17:34:22.802 INFO:teuthology.orchestra.run.smithi078.stdout:/usr/bin/ceph: stderr
2023-10-10T17:34:20.103+0000 7fd452ffd700 1 -- 172.21.15.78:0/2767463585 <== mon.0 v2:172.21.15.78:3300/0 3 ==== mon_map magic: 0 v1 ==== 205+0+0 (secure 0 0 0) 0x7fd44c019610 con 0x7fd45c1064f0
2023-10-10T17:34:22.802 INFO:teuthology.orchestra.run.smithi078.stdout:/usr/bin/ceph: stderr
2023-10-10T17:34:20.103+0000 7fd46425e700 1 -- 172.21.15.78:0/2767463585 --> [v2:172.21.15.78:3300/0,v1:172.21.15.78:6789/0] -- mon_subscribe({osdmap=0}) v3 -- 0x7fd45c109bb0 con 0x7fd45c1064f0
2023-10-10T17:34:22.803 INFO:teuthology.orchestra.run.smithi078.stdout:/usr/bin/ceph: stderr
2023-10-10T17:34:20.104+0000 7fd452ffd700 1 -- 172.21.15.78:0/2767463585 <== mon.0 v2:172.21.15.78:3300/0 4 ==== mgrmap(e 8) v1 ==== 45483+0+0 (secure 0 0 0) 0x7fd44c019880 con 0x7fd45c1064f0
2023-10-10T17:34:22.803 INFO:teuthology.orchestra.run.smithi078.stdout:/usr/bin/ceph: stderr
2023-10-10T17:34:20.104+0000 7fd452ffd700 1 --2- 172.21.15.78:0/2767463585 >> [v2:172.21.15.78:6800/1662641434,v1:172.21.15.78:6801/1662641434] conn(0x7fd448038710 0x7fd44803abc0 unknown :-1 s=NONE pgs=0 cs=0 l=1 rev1=0 crypto rx=0 tx=0 comp rx=0 tx=0).connect
2023-10-10T17:34:22.803 INFO:teuthology.orchestra.run.smithi078.stdout:/usr/bin/ceph: stderr
2023-10-10T17:34:20.104+0000 7fd452ffd700 1 -- 172.21.15.78:0/2767463585 <== mon.0 v2:172.21.15.78:3300/0 5 ==== osd_map(2..2 src has 1..2) v4 ==== 940+0+0 (secure 0 0 0) 0x7fd44c04c9d0 con 0x7fd45c1064f0
2023-10-10T17:34:22.803 INFO:teuthology.orchestra.run.smithi078.stdout:/usr/bin/ceph: stderr
2023-10-10T17:34:20.104+0000 7fd46425e700 1 -- 172.21.15.78:0/2767463585 --> [v2:172.21.15.78:3300/0,v1:172.21.15.78:6789/0] -- mon_command({"prefix": "get_command_descriptions"} v 0) v1 -- 0x7fd45c062120 con 0x7fd45c1064f0
2023-10-10T17:34:22.803 INFO:teuthology.orchestra.run.smithi078.stdout:/usr/bin/ceph: stderr
2023-10-10T17:34:20.104+0000 7fd4617f9700 1 --2- 172.21.15.78:0/2767463585 >> [v2:172.21.15.78:6800/1662641434,v1:172.21.15.78:6801/1662641434] conn(0x7fd448038710 0x7fd44803abc0 unknown :-1 s=BANNER_CONNECTING pgs=0 cs=0 l=1 rev1=0 crypto rx=0 tx=0 comp rx=0 tx=0)._handle_peer_banner_payload supported=3 required=0
2023-10-10T17:34:22.804 INFO:teuthology.orchestra.run.smithi078.stdout:/usr/bin/ceph: stderr
2023-10-10T17:34:20.105+0000 7fd4617f9700 1 --2- 172.21.15.78:0/2767463585 >> [v2:172.21.15.78:6800/1662641434,v1:172.21.15.78:6801/1662641434] conn(0x7fd448038710 0x7fd44803abc0 secure :-1 s=READY pgs=11 cs=0 l=1 rev1=1 crypto rx=0x7fd458006fd0 tx=0x7fd458006e40 comp rx=0 tx=0).ready entity=mgr.14120 client_cookie=0 server_cookie=0 in_seq=0 out_seq=0
2023-10-10T17:34:22.804 INFO:teuthology.orchestra.run.smithi078.stdout:/usr/bin/ceph: stderr
2023-10-10T17:34:20.109+0000 7fd452ffd700 1 -- 172.21.15.78:0/2767463585 <== mon.0 v2:172.21.15.78:3300/0 6 ==== mon_command_ack([{"prefix": "get_command_descriptions"}]=0 v0) v1 ==== 72+0+177948 (secure 0 0 0) 0x7fd44c019b80 con 0x7fd45c1064f0
2023-10-10T17:34:22.804 INFO:teuthology.orchestra.run.smithi078.stdout:/usr/bin/ceph: stderr
2023-10-10T17:34:20.301+0000 7fd46425e700 1 -- 172.21.15.78:0/2767463585 --> [v2:172.21.15.78:6800/1662641434,v1:172.21.15.78:6801/1662641434] -- mgr_command(tid 0: {"prefix": "orch host add", "hostname": "smithi078", "addr": "172.21.15.78", "target": ["mon-mgr", ""]}) v1 -- 0x7fd45c1021e0 con 0x7fd448038710
2023-10-10T17:34:22.804 INFO:teuthology.orchestra.run.smithi078.stdout:/usr/bin/ceph: stderr
2023-10-10T17:34:22.356+0000 7fd452ffd700 1 -- 172.21.15.78:0/2767463585 <== mgr.14120 v2:172.21.15.78:6800/1662641434 1 ==== mgr_command_reply(tid 0: 0 ) v1 ==== 8+0+48 (secure 0 0 0) 0x7fd45c1021e0 con 0x7fd448038710
2023-10-10T17:34:22.804 INFO:teuthology.orchestra.run.smithi078.stdout:/usr/bin/ceph: stderr
2023-10-10T17:34:22.358+0000 7fd46425e700 1 -- 172.21.15.78:0/2767463585 >> [v2:172.21.15.78:6800/1662641434,v1:172.21.15.78:6801/1662641434] conn(0x7fd448038710 msgr2=0x7fd44803abc0 secure :-1 s=STATE_CONNECTION_ESTABLISHED l=1).mark_down
2023-10-10T17:34:22.805 INFO:teuthology.orchestra.run.smithi078.stdout:/usr/bin/ceph: stderr
2023-10-10T17:34:22.358+0000 7fd46425e700 1 --2- 172.21.15.78:0/2767463585 >> [v2:172.21.15.78:6800/1662641434,v1:172.21.15.78:6801/1662641434] conn(0x7fd448038710 0x7fd44803abc0 secure :-1 s=READY pgs=11 cs=0 l=1 rev1=1 crypto rx=0x7fd458006fd0 tx=0x7fd458006e40 comp rx=0 tx=0).stop
2023-10-10T17:34:22.805 INFO:teuthology.orchestra.run.smithi078.stdout:/usr/bin/ceph: stderr
2023-10-10T17:34:22.359+0000 7fd46425e700 1 -- 172.21.15.78:0/2767463585 >> [v2:172.21.15.78:3300/0,v1:172.21.15.78:6789/0] conn(0x7fd45c1064f0 msgr2=0x7fd45c1997b0 secure :-1 s=STATE_CONNECTION_ESTABLISHED l=1).mark_down
2023-10-10T17:34:22.805 INFO:teuthology.orchestra.run.smithi078.stdout:/usr/bin/ceph: stderr
2023-10-10T17:34:22.359+0000 7fd46425e700 1 --2- 172.21.15.78:0/2767463585 >> [v2:172.21.15.78:3300/0,v1:172.21.15.78:6789/0] conn(0x7fd45c1064f0 0x7fd45c1997b0 secure :-1 s=READY pgs=46 cs=0 l=1 rev1=1 crypto rx=0x7fd44c009fb0 tx=0x7fd44c011ad0 comp rx=0 tx=0).stop
2023-10-10T17:34:22.805 INFO:teuthology.orchestra.run.smithi078.stdout:/usr/bin/ceph: stderr
2023-10-10T17:34:22.359+0000 7fd46425e700 1 -- 172.21.15.78:0/2767463585 shutdown_connections
2023-10-10T17:34:22.805 INFO:teuthology.orchestra.run.smithi078.stdout:/usr/bin/ceph: stderr
2023-10-10T17:34:22.359+0000 7fd46425e700 1 --2- 172.21.15.78:0/2767463585 >> [v2:172.21.15.78:6800/1662641434,v1:172.21.15.78:6801/1662641434] conn(0x7fd448038710 0x7fd44803abc0 unknown :-1 s=CLOSED pgs=11 cs=0 l=1 rev1=1 crypto rx=0 tx=0 comp rx=0 tx=0).stop
2023-10-10T17:34:22.806 INFO:teuthology.orchestra.run.smithi078.stdout:/usr/bin/ceph: stderr
2023-10-10T17:34:22.359+0000 7fd46425e700 1 --2- 172.21.15.78:0/2767463585 >> [v2:172.21.15.78:3300/0,v1:172.21.15.78:6789/0] conn(0x7fd45c1064f0 0x7fd45c1997b0 unknown :-1 s=CLOSED pgs=46 cs=0 l=1 rev1=1 crypto rx=0 tx=0 comp rx=0 tx=0).stop
2023-10-10T17:34:22.806 INFO:teuthology.orchestra.run.smithi078.stdout:/usr/bin/ceph: stderr
2023-10-10T17:34:22.359+0000 7fd46425e700 1 -- 172.21.15.78:0/2767463585 >> 172.21.15.78:0/2767463585 conn(0x7fd45c0ffed0 msgr2=0x7fd45c1015c0 unknown :-1 s=STATE_NONE l=0).mark_down
2023-10-10T17:34:22.806 INFO:teuthology.orchestra.run.smithi078.stdout:/usr/bin/ceph: stderr
2023-10-10T17:34:22.359+0000 7fd46425e700 1 -- 172.21.15.78:0/2767463585 shutdown_connections
2023-10-10T17:34:22.806 INFO:teuthology.orchestra.run.smithi078.stdout:/usr/bin/ceph: stderr
2023-10-10T17:34:22.359+0000 7fd46425e700 1 -- 172.21.15.78:0/2767463585 wait complete.
2023-10-10T17:34:22.806 INFO:teuthology.orchestra.run.smithi078.stdout:Deploying unmanaged mon service...
2023-10-10T17:34:23.628 INFO:journalctl@ceph.mon.a.smithi078.stdout:Oct 10 17:34:23 smithi078 ceph-mon[99494]: from='mgr.14120 172.21.15.78:0/2233568301' entity='mgr.x'
2023-10-10T17:34:23.628 INFO:journalctl@ceph.mon.a.smithi078.stdout:Oct 10 17:34:23 smithi078 ceph-mon[99494]: Added host smithi078
2023-10-10T17:34:23.628 INFO:journalctl@ceph.mon.a.smithi078.stdout:Oct 10 17:34:23 smithi078 ceph-mon[99494]: from='mgr.14120 172.21.15.78:0/2233568301' entity='mgr.x' cmd=[{"prefix": "config dump", "format": "json"}]: dispatch
2023-10-10T17:34:24.244 INFO:teuthology.orchestra.run.smithi078.stdout:/usr/bin/ceph: stdout Scheduled mon update...
2023-10-10T17:34:24.244 INFO:teuthology.orchestra.run.smithi078.stdout:/usr/bin/ceph: stderr
2023-10-10T17:34:23.316+0000 7f6cdf3eb700 1 Processor -- start
2023-10-10T17:34:24.244 INFO:teuthology.orchestra.run.smithi078.stdout:/usr/bin/ceph: stderr
2023-10-10T17:34:23.317+0000 7f6cdf3eb700 1 -- start start
2023-10-10T17:34:24.244 INFO:teuthology.orchestra.run.smithi078.stdout:/usr/bin/ceph: stderr
2023-10-10T17:34:23.317+0000 7f6cdf3eb700 1 --2- >> [v2:172.21.15.78:3300/0,v1:172.21.15.78:6789/0] conn(0x7f6cd8105a40 0x7f6cd8105e50 unknown :-1 s=NONE pgs=0 cs=0 l=0 rev1=0 crypto rx=0 tx=0 comp rx=0 tx=0).connect
2023-10-10T17:34:24.245 INFO:teuthology.orchestra.run.smithi078.stdout:/usr/bin/ceph: stderr
2023-10-10T17:34:23.317+0000 7f6cdf3eb700 1 -- --> [v2:172.21.15.78:3300/0,v1:172.21.15.78:6789/0] -- mon_getmap magic: 0 v1 -- 0x7f6cd8106390 con 0x7f6cd8105a40
2023-10-10T17:34:24.245 INFO:teuthology.orchestra.run.smithi078.stdout:/usr/bin/ceph: stderr
2023-10-10T17:34:23.317+0000 7f6cdd187700 1 --2- >> [v2:172.21.15.78:3300/0,v1:172.21.15.78:6789/0] conn(0x7f6cd8105a40 0x7f6cd8105e50 unknown :-1 s=BANNER_CONNECTING pgs=0 cs=0 l=0 rev1=0 crypto rx=0 tx=0 comp rx=0 tx=0)._handle_peer_banner_payload supported=3 required=0
2023-10-10T17:34:24.245 INFO:teuthology.orchestra.run.smithi078.stdout:/usr/bin/ceph: stderr
2023-10-10T17:34:23.317+0000 7f6cdd187700 1 --2- >> [v2:172.21.15.78:3300/0,v1:172.21.15.78:6789/0] conn(0x7f6cd8105a40 0x7f6cd8105e50 unknown :-1 s=HELLO_CONNECTING pgs=0 cs=0 l=0 rev1=1 crypto rx=0 tx=0 comp rx=0 tx=0).handle_hello peer v2:172.21.15.78:3300/0 says I am v2:172.21.15.78:41016/0 (socket says 172.21.15.78:41016)
2023-10-10T17:34:24.245 INFO:teuthology.orchestra.run.smithi078.stdout:/usr/bin/ceph: stderr
2023-10-10T17:34:23.317+0000 7f6cdd187700 1 -- 172.21.15.78:0/477435713 learned_addr learned my addr 172.21.15.78:0/477435713 (peer_addr_for_me v2:172.21.15.78:0/0)
2023-10-10T17:34:24.245 INFO:teuthology.orchestra.run.smithi078.stdout:/usr/bin/ceph: stderr
2023-10-10T17:34:23.318+0000 7f6cdd187700 1 -- 172.21.15.78:0/477435713 --> [v2:172.21.15.78:3300/0,v1:172.21.15.78:6789/0] -- mon_subscribe({config=0+,monmap=0+}) v3 -- 0x7f6cd81064d0 con 0x7f6cd8105a40
2023-10-10T17:34:24.246 INFO:teuthology.orchestra.run.smithi078.stdout:/usr/bin/ceph: stderr
2023-10-10T17:34:23.318+0000 7f6cdd187700 1 --2- 172.21.15.78:0/477435713 >> [v2:172.21.15.78:3300/0,v1:172.21.15.78:6789/0] conn(0x7f6cd8105a40 0x7f6cd8105e50 secure :-1 s=READY pgs=47 cs=0 l=1 rev1=1 crypto rx=0x7f6cd40098a0 tx=0x7f6cd4009bb0 comp rx=0 tx=0).ready entity=mon.0 client_cookie=72a7c0087bc399cf server_cookie=0 in_seq=0 out_seq=0
2023-10-10T17:34:24.246 INFO:teuthology.orchestra.run.smithi078.stdout:/usr/bin/ceph: stderr
2023-10-10T17:34:23.318+0000 7f6ccffff700 1 -- 172.21.15.78:0/477435713 <== mon.0 v2:172.21.15.78:3300/0 1 ==== mon_map magic: 0 v1 ==== 205+0+0 (secure 0 0 0) 0x7f6cd4004160 con 0x7f6cd8105a40
2023-10-10T17:34:24.246 INFO:teuthology.orchestra.run.smithi078.stdout:/usr/bin/ceph: stderr
2023-10-10T17:34:23.318+0000 7f6ccffff700 1 -- 172.21.15.78:0/477435713 <== mon.0 v2:172.21.15.78:3300/0 2 ==== config(26 keys) v1 ==== 1074+0+0 (secure 0 0 0) 0x7f6cd40042c0 con 0x7f6cd8105a40
2023-10-10T17:34:24.246 INFO:teuthology.orchestra.run.smithi078.stdout:/usr/bin/ceph: stderr
2023-10-10T17:34:23.318+0000 7f6ccffff700 1 -- 172.21.15.78:0/477435713 <== mon.0 v2:172.21.15.78:3300/0 3 ==== mon_map magic: 0 v1 ==== 205+0+0 (secure 0 0 0) 0x7f6cd4011a00 con 0x7f6cd8105a40
2023-10-10T17:34:24.246 INFO:teuthology.orchestra.run.smithi078.stdout:/usr/bin/ceph: stderr
2023-10-10T17:34:23.319+0000 7f6cdf3eb700 1 -- 172.21.15.78:0/477435713 >> [v2:172.21.15.78:3300/0,v1:172.21.15.78:6789/0] conn(0x7f6cd8105a40 msgr2=0x7f6cd8105e50 secure :-1 s=STATE_CONNECTION_ESTABLISHED l=1).mark_down
2023-10-10T17:34:24.247 INFO:teuthology.orchestra.run.smithi078.stdout:/usr/bin/ceph: stderr
2023-10-10T17:34:23.319+0000 7f6cdf3eb700 1 --2- 172.21.15.78:0/477435713 >> [v2:172.21.15.78:3300/0,v1:172.21.15.78:6789/0] conn(0x7f6cd8105a40 0x7f6cd8105e50 secure :-1 s=READY pgs=47 cs=0 l=1 rev1=1 crypto rx=0x7f6cd40098a0 tx=0x7f6cd4009bb0 comp rx=0 tx=0).stop
2023-10-10T17:34:24.247 INFO:teuthology.orchestra.run.smithi078.stdout:/usr/bin/ceph: stderr
2023-10-10T17:34:23.319+0000 7f6cdf3eb700 1 -- 172.21.15.78:0/477435713 shutdown_connections
2023-10-10T17:34:24.247 INFO:teuthology.orchestra.run.smithi078.stdout:/usr/bin/ceph: stderr
2023-10-10T17:34:23.319+0000 7f6cdf3eb700 1 --2- 172.21.15.78:0/477435713 >> [v2:172.21.15.78:3300/0,v1:172.21.15.78:6789/0] conn(0x7f6cd8105a40 0x7f6cd8105e50 unknown :-1 s=CLOSED pgs=47 cs=0 l=1 rev1=1 crypto rx=0 tx=0 comp rx=0 tx=0).stop
2023-10-10T17:34:24.247 INFO:teuthology.orchestra.run.smithi078.stdout:/usr/bin/ceph: stderr
2023-10-10T17:34:23.319+0000 7f6cdf3eb700 1 -- 172.21.15.78:0/477435713 >> 172.21.15.78:0/477435713 conn(0x7f6cd81010d0 msgr2=0x7f6cd81034e0 unknown :-1 s=STATE_NONE l=0).mark_down
2023-10-10T17:34:24.247 INFO:teuthology.orchestra.run.smithi078.stdout:/usr/bin/ceph: stderr
2023-10-10T17:34:23.319+0000 7f6cdf3eb700 1 -- 172.21.15.78:0/477435713 shutdown_connections
2023-10-10T17:34:24.248 INFO:teuthology.orchestra.run.smithi078.stdout:/usr/bin/ceph: stderr
2023-10-10T17:34:23.319+0000 7f6cdf3eb700 1 -- 172.21.15.78:0/477435713 wait complete.
2023-10-10T17:34:24.248 INFO:teuthology.orchestra.run.smithi078.stdout:/usr/bin/ceph: stderr
2023-10-10T17:34:23.320+0000 7f6cdf3eb700 1 Processor -- start
2023-10-10T17:34:24.248 INFO:teuthology.orchestra.run.smithi078.stdout:/usr/bin/ceph: stderr
2023-10-10T17:34:23.320+0000 7f6cdf3eb700 1 -- start start
2023-10-10T17:34:24.248 INFO:teuthology.orchestra.run.smithi078.stdout:/usr/bin/ceph: stderr
2023-10-10T17:34:23.320+0000 7f6cdf3eb700 1 --2- >> [v2:172.21.15.78:3300/0,v1:172.21.15.78:6789/0] conn(0x7f6cd8105a40 0x7f6cd8199790 unknown :-1 s=NONE pgs=0 cs=0 l=1 rev1=0 crypto rx=0 tx=0 comp rx=0 tx=0).connect
2023-10-10T17:34:24.248 INFO:teuthology.orchestra.run.smithi078.stdout:/usr/bin/ceph: stderr
2023-10-10T17:34:23.320+0000 7f6cdf3eb700 1 -- --> [v2:172.21.15.78:3300/0,v1:172.21.15.78:6789/0] -- mon_getmap magic: 0 v1 -- 0x7f6cd8199cd0 con 0x7f6cd8105a40
2023-10-10T17:34:24.249 INFO:teuthology.orchestra.run.smithi078.stdout:/usr/bin/ceph: stderr
2023-10-10T17:34:23.320+0000 7f6cdd187700 1 --2- >> [v2:172.21.15.78:3300/0,v1:172.21.15.78:6789/0] conn(0x7f6cd8105a40 0x7f6cd8199790 unknown :-1 s=BANNER_CONNECTING pgs=0 cs=0 l=1 rev1=0 crypto rx=0 tx=0 comp rx=0 tx=0)._handle_peer_banner_payload supported=3 required=0
2023-10-10T17:34:24.249 INFO:teuthology.orchestra.run.smithi078.stdout:/usr/bin/ceph: stderr
2023-10-10T17:34:23.320+0000 7f6cdd187700 1 --2- >> [v2:172.21.15.78:3300/0,v1:172.21.15.78:6789/0] conn(0x7f6cd8105a40 0x7f6cd8199790 unknown :-1 s=HELLO_CONNECTING pgs=0 cs=0 l=1 rev1=1 crypto rx=0 tx=0 comp rx=0 tx=0).handle_hello peer v2:172.21.15.78:3300/0 says I am v2:172.21.15.78:41018/0 (socket says 172.21.15.78:41018)
2023-10-10T17:34:24.249 INFO:teuthology.orchestra.run.smithi078.stdout:/usr/bin/ceph: stderr
2023-10-10T17:34:23.320+0000 7f6cdd187700 1 -- 172.21.15.78:0/365729153 learned_addr learned my addr 172.21.15.78:0/365729153 (peer_addr_for_me v2:172.21.15.78:0/0)
2023-10-10T17:34:24.249 INFO:teuthology.orchestra.run.smithi078.stdout:/usr/bin/ceph: stderr
2023-10-10T17:34:23.320+0000 7f6cdd187700 1 -- 172.21.15.78:0/365729153 --> [v2:172.21.15.78:3300/0,v1:172.21.15.78:6789/0] -- mon_subscribe({config=0+,monmap=0+}) v3 -- 0x7f6cd4009550 con 0x7f6cd8105a40
2023-10-10T17:34:24.249 INFO:teuthology.orchestra.run.smithi078.stdout:/usr/bin/ceph: stderr
2023-10-10T17:34:23.320+0000 7f6cdd187700 1 --2- 172.21.15.78:0/365729153 >> [v2:172.21.15.78:3300/0,v1:172.21.15.78:6789/0] conn(0x7f6cd8105a40 0x7f6cd8199790 secure :-1 s=READY pgs=48 cs=0 l=1 rev1=1 crypto rx=0x7f6cd4006af0 tx=0x7f6cd4011ad0 comp rx=0 tx=0).ready entity=mon.0 client_cookie=0 server_cookie=0 in_seq=0 out_seq=0
2023-10-10T17:34:24.249 INFO:teuthology.orchestra.run.smithi078.stdout:/usr/bin/ceph: stderr
2023-10-10T17:34:23.321+0000 7f6cce7fc700 1 -- 172.21.15.78:0/365729153 <== mon.0 v2:172.21.15.78:3300/0 1 ==== mon_map magic: 0 v1 ==== 205+0+0 (secure 0 0 0) 0x7f6cd4003a40 con 0x7f6cd8105a40
2023-10-10T17:34:24.250 INFO:teuthology.orchestra.run.smithi078.stdout:/usr/bin/ceph: stderr
2023-10-10T17:34:23.321+0000 7f6cdf3eb700 1 -- 172.21.15.78:0/365729153 --> [v2:172.21.15.78:3300/0,v1:172.21.15.78:6789/0] -- mon_subscribe({mgrmap=0+}) v3 -- 0x7f6cd8107a90 con 0x7f6cd8105a40
2023-10-10T17:34:24.250 INFO:teuthology.orchestra.run.smithi078.stdout:/usr/bin/ceph: stderr
2023-10-10T17:34:23.321+0000 7f6cce7fc700 1 -- 172.21.15.78:0/365729153 <== mon.0 v2:172.21.15.78:3300/0 2 ==== config(26 keys) v1 ==== 1074+0+0 (secure 0 0 0) 0x7f6cd4003ba0 con 0x7f6cd8105a40
2023-10-10T17:34:24.250 INFO:teuthology.orchestra.run.smithi078.stdout:/usr/bin/ceph: stderr
2023-10-10T17:34:23.321+0000 7f6cce7fc700 1 -- 172.21.15.78:0/365729153 <== mon.0 v2:172.21.15.78:3300/0 3 ==== mon_map magic: 0 v1 ==== 205+0+0 (secure 0 0 0) 0x7f6cd401a6e0 con 0x7f6cd8105a40
2023-10-10T17:34:24.250 INFO:teuthology.orchestra.run.smithi078.stdout:/usr/bin/ceph: stderr
2023-10-10T17:34:23.321+0000 7f6cdf3eb700 1 -- 172.21.15.78:0/365729153 --> [v2:172.21.15.78:3300/0,v1:172.21.15.78:6789/0] -- mon_subscribe({osdmap=0}) v3 -- 0x7f6cd8107900 con 0x7f6cd8105a40
2023-10-10T17:34:24.250 INFO:teuthology.orchestra.run.smithi078.stdout:/usr/bin/ceph: stderr
2023-10-10T17:34:23.322+0000 7f6cdf3eb700 1 -- 172.21.15.78:0/365729153 --> [v2:172.21.15.78:3300/0,v1:172.21.15.78:6789/0] -- mon_command({"prefix": "get_command_descriptions"} v 0) v1 -- 0x7f6cd8062120 con 0x7f6cd8105a40
2023-10-10T17:34:24.251 INFO:teuthology.orchestra.run.smithi078.stdout:/usr/bin/ceph: stderr
2023-10-10T17:34:23.322+0000 7f6cce7fc700 1 -- 172.21.15.78:0/365729153 <== mon.0 v2:172.21.15.78:3300/0 4 ==== mgrmap(e 8) v1 ==== 45483+0+0 (secure 0 0 0) 0x7f6cd401a950 con 0x7f6cd8105a40
2023-10-10T17:34:24.251 INFO:teuthology.orchestra.run.smithi078.stdout:/usr/bin/ceph: stderr
2023-10-10T17:34:23.322+0000 7f6cce7fc700 1 --2- 172.21.15.78:0/365729153 >> [v2:172.21.15.78:6800/1662641434,v1:172.21.15.78:6801/1662641434] conn(0x7f6cc4038710 0x7f6cc403abc0 unknown :-1 s=NONE pgs=0 cs=0 l=1 rev1=0 crypto rx=0 tx=0 comp rx=0 tx=0).connect
2023-10-10T17:34:24.251 INFO:teuthology.orchestra.run.smithi078.stdout:/usr/bin/ceph: stderr
2023-10-10T17:34:23.322+0000 7f6cce7fc700 1 -- 172.21.15.78:0/365729153 <== mon.0 v2:172.21.15.78:3300/0 5 ==== osd_map(2..2 src has 1..2) v4 ==== 940+0+0 (secure 0 0 0) 0x7f6cd404c710 con 0x7f6cd8105a40
2023-10-10T17:34:24.251 INFO:teuthology.orchestra.run.smithi078.stdout:/usr/bin/ceph: stderr
2023-10-10T17:34:23.322+0000 7f6cdc986700 1 --2- 172.21.15.78:0/365729153 >> [v2:172.21.15.78:6800/1662641434,v1:172.21.15.78:6801/1662641434] conn(0x7f6cc4038710 0x7f6cc403abc0 unknown :-1 s=BANNER_CONNECTING pgs=0 cs=0 l=1 rev1=0 crypto rx=0 tx=0 comp rx=0 tx=0)._handle_peer_banner_payload supported=3 required=0
2023-10-10T17:34:24.251 INFO:teuthology.orchestra.run.smithi078.stdout:/usr/bin/ceph: stderr
2023-10-10T17:34:23.322+0000 7f6cdc986700 1 --2- 172.21.15.78:0/365729153 >> [v2:172.21.15.78:6800/1662641434,v1:172.21.15.78:6801/1662641434] conn(0x7f6cc4038710 0x7f6cc403abc0 secure :-1 s=READY pgs=12 cs=0 l=1 rev1=1 crypto rx=0x7f6cc8006fd0 tx=0x7f6cc8006e40 comp rx=0 tx=0).ready entity=mgr.14120 client_cookie=0 server_cookie=0 in_seq=0 out_seq=0
2023-10-10T17:34:24.252 INFO:teuthology.orchestra.run.smithi078.stdout:/usr/bin/ceph: stderr
2023-10-10T17:34:23.327+0000 7f6cce7fc700 1 -- 172.21.15.78:0/365729153 <== mon.0 v2:172.21.15.78:3300/0 6 ==== mon_command_ack([{"prefix": "get_command_descriptions"}]=0 v0) v1 ==== 72+0+177948 (secure 0 0 0) 0x7f6cd401ac00 con 0x7f6cd8105a40
2023-10-10T17:34:24.252 INFO:teuthology.orchestra.run.smithi078.stdout:/usr/bin/ceph: stderr
2023-10-10T17:34:23.538+0000 7f6cdf3eb700 1 -- 172.21.15.78:0/365729153 --> [v2:172.21.15.78:6800/1662641434,v1:172.21.15.78:6801/1662641434] -- mgr_command(tid 0: {"prefix": "orch apply", "service_type": "mon", "unmanaged": true, "target": ["mon-mgr", ""]}) v1 -- 0x7f6cd8102570 con 0x7f6cc4038710
2023-10-10T17:34:24.252 INFO:teuthology.orchestra.run.smithi078.stdout:/usr/bin/ceph: stderr
2023-10-10T17:34:23.543+0000 7f6cce7fc700 1 -- 172.21.15.78:0/365729153 <== mgr.14120 v2:172.21.15.78:6800/1662641434 1 ==== mgr_command_reply(tid 0: 0 ) v1 ==== 8+0+24 (secure 0 0 0) 0x7f6cd8102570 con 0x7f6cc4038710
2023-10-10T17:34:24.252 INFO:teuthology.orchestra.run.smithi078.stdout:/usr/bin/ceph: stderr
2023-10-10T17:34:23.545+0000 7f6cdf3eb700 1 -- 172.21.15.78:0/365729153 >> [v2:172.21.15.78:6800/1662641434,v1:172.21.15.78:6801/1662641434] conn(0x7f6cc4038710 msgr2=0x7f6cc403abc0 secure :-1 s=STATE_CONNECTION_ESTABLISHED l=1).mark_down
2023-10-10T17:34:24.252 INFO:teuthology.orchestra.run.smithi078.stdout:/usr/bin/ceph: stderr
2023-10-10T17:34:23.545+0000 7f6cdf3eb700 1 --2- 172.21.15.78:0/365729153 >> [v2:172.21.15.78:6800/1662641434,v1:172.21.15.78:6801/1662641434] conn(0x7f6cc4038710 0x7f6cc403abc0 secure :-1 s=READY pgs=12 cs=0 l=1 rev1=1 crypto rx=0x7f6cc8006fd0 tx=0x7f6cc8006e40 comp rx=0 tx=0).stop
2023-10-10T17:34:24.253 INFO:teuthology.orchestra.run.smithi078.stdout:/usr/bin/ceph: stderr
2023-10-10T17:34:23.545+0000 7f6cdf3eb700 1 -- 172.21.15.78:0/365729153 >> [v2:172.21.15.78:3300/0,v1:172.21.15.78:6789/0] conn(0x7f6cd8105a40 msgr2=0x7f6cd8199790 secure :-1 s=STATE_CONNECTION_ESTABLISHED l=1).mark_down
2023-10-10T17:34:24.253 INFO:teuthology.orchestra.run.smithi078.stdout:/usr/bin/ceph: stderr
2023-10-10T17:34:23.545+0000 7f6cdf3eb700 1 --2- 172.21.15.78:0/365729153 >> [v2:172.21.15.78:3300/0,v1:172.21.15.78:6789/0] conn(0x7f6cd8105a40 0x7f6cd8199790 secure :-1 s=READY pgs=48 cs=0 l=1 rev1=1 crypto rx=0x7f6cd4006af0 tx=0x7f6cd4011ad0 comp rx=0 tx=0).stop
2023-10-10T17:34:24.253 INFO:teuthology.orchestra.run.smithi078.stdout:/usr/bin/ceph: stderr
2023-10-10T17:34:23.545+0000 7f6cdf3eb700 1 -- 172.21.15.78:0/365729153 shutdown_connections
2023-10-10T17:34:24.253 INFO:teuthology.orchestra.run.smithi078.stdout:/usr/bin/ceph: stderr
2023-10-10T17:34:23.545+0000 7f6cdf3eb700 1 --2- 172.21.15.78:0/365729153 >> [v2:172.21.15.78:6800/1662641434,v1:172.21.15.78:6801/1662641434] conn(0x7f6cc4038710 0x7f6cc403abc0 unknown :-1 s=CLOSED pgs=12 cs=0 l=1 rev1=1 crypto rx=0 tx=0 comp rx=0 tx=0).stop
2023-10-10T17:34:24.253 INFO:teuthology.orchestra.run.smithi078.stdout:/usr/bin/ceph: stderr
2023-10-10T17:34:23.545+0000 7f6cdf3eb700 1 --2- 172.21.15.78:0/365729153 >> [v2:172.21.15.78:3300/0,v1:172.21.15.78:6789/0] conn(0x7f6cd8105a40 0x7f6cd8199790 unknown :-1 s=CLOSED pgs=48 cs=0 l=1 rev1=1 crypto rx=0 tx=0 comp rx=0 tx=0).stop
2023-10-10T17:34:24.254 INFO:teuthology.orchestra.run.smithi078.stdout:/usr/bin/ceph: stderr
2023-10-10T17:34:23.545+0000 7f6cdf3eb700 1 -- 172.21.15.78:0/365729153 >> 172.21.15.78:0/365729153 conn(0x7f6cd81010d0 msgr2=0x7f6cd8101e60 unknown :-1 s=STATE_NONE l=0).mark_down
2023-10-10T17:34:24.254 INFO:teuthology.orchestra.run.smithi078.stdout:/usr/bin/ceph: stderr
2023-10-10T17:34:23.545+0000 7f6cdf3eb700 1 -- 172.21.15.78:0/365729153 shutdown_connections
2023-10-10T17:34:24.254 INFO:teuthology.orchestra.run.smithi078.stdout:/usr/bin/ceph: stderr
2023-10-10T17:34:23.545+0000 7f6cdf3eb700 1 -- 172.21.15.78:0/365729153 wait complete.
2023-10-10T17:34:24.254 INFO:teuthology.orchestra.run.smithi078.stdout:Deploying unmanaged mgr service...
2023-10-10T17:34:24.844 INFO:journalctl@ceph.mon.a.smithi078.stdout:Oct 10 17:34:24 smithi078 ceph-mon[99494]: from='client.14142 -' entity='client.admin' cmd=[{"prefix": "orch apply", "service_type": "mon", "unmanaged": true, "target": ["mon-mgr", ""]}]: dispatch
2023-10-10T17:34:24.845 INFO:journalctl@ceph.mon.a.smithi078.stdout:Oct 10 17:34:24 smithi078 ceph-mon[99494]: Saving service mon spec with placement count:5
2023-10-10T17:34:24.845 INFO:journalctl@ceph.mon.a.smithi078.stdout:Oct 10 17:34:24 smithi078 ceph-mon[99494]: from='mgr.14120 172.21.15.78:0/2233568301' entity='mgr.x'
2023-10-10T17:34:25.388 INFO:teuthology.orchestra.run.smithi078.stdout:/usr/bin/ceph: stdout Scheduled mgr update...
2023-10-10T17:34:25.389 INFO:teuthology.orchestra.run.smithi078.stdout:/usr/bin/ceph: stderr
2023-10-10T17:34:24.807+0000 7fc5d3b4a700 1 Processor -- start
2023-10-10T17:34:25.389 INFO:teuthology.orchestra.run.smithi078.stdout:/usr/bin/ceph: stderr
2023-10-10T17:34:24.807+0000 7fc5d3b4a700 1 -- start start
2023-10-10T17:34:25.389 INFO:teuthology.orchestra.run.smithi078.stdout:/usr/bin/ceph: stderr
2023-10-10T17:34:24.808+0000 7fc5d3b4a700 1 --2- >> [v2:172.21.15.78:3300/0,v1:172.21.15.78:6789/0] conn(0x7fc5cc103d10 0x7fc5cc104120 unknown :-1 s=NONE pgs=0 cs=0 l=0 rev1=0 crypto rx=0 tx=0 comp rx=0 tx=0).connect
2023-10-10T17:34:25.389 INFO:teuthology.orchestra.run.smithi078.stdout:/usr/bin/ceph: stderr
2023-10-10T17:34:24.808+0000 7fc5d3b4a700 1 -- --> [v2:172.21.15.78:3300/0,v1:172.21.15.78:6789/0] -- mon_getmap magic: 0 v1 -- 0x7fc5cc1046f0 con 0x7fc5cc103d10
2023-10-10T17:34:25.390 INFO:teuthology.orchestra.run.smithi078.stdout:/usr/bin/ceph: stderr
2023-10-10T17:34:24.808+0000 7fc5d18e6700 1 --2- >> [v2:172.21.15.78:3300/0,v1:172.21.15.78:6789/0] conn(0x7fc5cc103d10 0x7fc5cc104120 unknown :-1 s=BANNER_CONNECTING pgs=0 cs=0 l=0 rev1=0 crypto rx=0 tx=0 comp rx=0 tx=0)._handle_peer_banner_payload supported=3 required=0
2023-10-10T17:34:25.390 INFO:teuthology.orchestra.run.smithi078.stdout:/usr/bin/ceph: stderr
2023-10-10T17:34:24.808+0000 7fc5d18e6700 1 --2- >> [v2:172.21.15.78:3300/0,v1:172.21.15.78:6789/0] conn(0x7fc5cc103d10 0x7fc5cc104120 unknown :-1 s=HELLO_CONNECTING pgs=0 cs=0 l=0 rev1=1 crypto rx=0 tx=0 comp rx=0 tx=0).handle_hello peer v2:172.21.15.78:3300/0 says I am v2:172.21.15.78:41022/0 (socket says 172.21.15.78:41022)
2023-10-10T17:34:25.390 INFO:teuthology.orchestra.run.smithi078.stdout:/usr/bin/ceph: stderr
2023-10-10T17:34:24.808+0000 7fc5d18e6700 1 -- 172.21.15.78:0/3342780306 learned_addr learned my addr 172.21.15.78:0/3342780306 (peer_addr_for_me v2:172.21.15.78:0/0)
2023-10-10T17:34:25.390 INFO:teuthology.orchestra.run.smithi078.stdout:/usr/bin/ceph: stderr
2023-10-10T17:34:24.808+0000 7fc5d18e6700 1 -- 172.21.15.78:0/3342780306 --> [v2:172.21.15.78:3300/0,v1:172.21.15.78:6789/0] -- mon_subscribe({config=0+,monmap=0+}) v3 -- 0x7fc5cc106ca0 con 0x7fc5cc103d10
2023-10-10T17:34:25.391 INFO:teuthology.orchestra.run.smithi078.stdout:/usr/bin/ceph: stderr
2023-10-10T17:34:24.808+0000 7fc5d18e6700 1 --2- 172.21.15.78:0/3342780306 >> [v2:172.21.15.78:3300/0,v1:172.21.15.78:6789/0] conn(0x7fc5cc103d10 0x7fc5cc104120 secure :-1 s=READY pgs=49 cs=0 l=1 rev1=1 crypto rx=0x7fc5bc0098a0 tx=0x7fc5bc009bb0 comp rx=0 tx=0).ready entity=mon.0 client_cookie=786e34f334f5acaa server_cookie=0 in_seq=0 out_seq=0
2023-10-10T17:34:25.391 INFO:teuthology.orchestra.run.smithi078.stdout:/usr/bin/ceph: stderr
2023-10-10T17:34:24.808+0000 7fc5d08e4700 1 -- 172.21.15.78:0/3342780306 <== mon.0 v2:172.21.15.78:3300/0 1 ==== mon_map magic: 0 v1 ==== 205+0+0 (secure 0 0 0) 0x7fc5bc004160 con 0x7fc5cc103d10
2023-10-10T17:34:25.391 INFO:teuthology.orchestra.run.smithi078.stdout:/usr/bin/ceph: stderr
2023-10-10T17:34:24.808+0000 7fc5d08e4700 1 -- 172.21.15.78:0/3342780306 <== mon.0 v2:172.21.15.78:3300/0 2 ==== config(26 keys) v1 ==== 1074+0+0 (secure 0 0 0) 0x7fc5bc0042c0 con 0x7fc5cc103d10
2023-10-10T17:34:25.391 INFO:teuthology.orchestra.run.smithi078.stdout:/usr/bin/ceph: stderr
2023-10-10T17:34:24.808+0000 7fc5d08e4700 1 -- 172.21.15.78:0/3342780306 <== mon.0 v2:172.21.15.78:3300/0 3 ==== mon_map magic: 0 v1 ==== 205+0+0 (secure 0 0 0) 0x7fc5bc011a00 con 0x7fc5cc103d10
2023-10-10T17:34:25.391 INFO:teuthology.orchestra.run.smithi078.stdout:/usr/bin/ceph: stderr
2023-10-10T17:34:24.809+0000 7fc5d3b4a700 1 -- 172.21.15.78:0/3342780306 >> [v2:172.21.15.78:3300/0,v1:172.21.15.78:6789/0] conn(0x7fc5cc103d10 msgr2=0x7fc5cc104120 secure :-1 s=STATE_CONNECTION_ESTABLISHED l=1).mark_down
2023-10-10T17:34:25.392 INFO:teuthology.orchestra.run.smithi078.stdout:/usr/bin/ceph: stderr
2023-10-10T17:34:24.809+0000 7fc5d3b4a700 1 --2- 172.21.15.78:0/3342780306 >> [v2:172.21.15.78:3300/0,v1:172.21.15.78:6789/0] conn(0x7fc5cc103d10 0x7fc5cc104120 secure :-1 s=READY pgs=49 cs=0 l=1 rev1=1 crypto rx=0x7fc5bc0098a0 tx=0x7fc5bc009bb0 comp rx=0 tx=0).stop
2023-10-10T17:34:25.392 INFO:teuthology.orchestra.run.smithi078.stdout:/usr/bin/ceph: stderr
2023-10-10T17:34:24.809+0000 7fc5d3b4a700 1 -- 172.21.15.78:0/3342780306 shutdown_connections
2023-10-10T17:34:25.392 INFO:teuthology.orchestra.run.smithi078.stdout:/usr/bin/ceph: stderr
2023-10-10T17:34:24.809+0000 7fc5d3b4a700 1 --2- 172.21.15.78:0/3342780306 >> [v2:172.21.15.78:3300/0,v1:172.21.15.78:6789/0] conn(0x7fc5cc103d10 0x7fc5cc104120 unknown :-1 s=CLOSED pgs=49 cs=0 l=1 rev1=1 crypto rx=0 tx=0 comp rx=0 tx=0).stop
2023-10-10T17:34:25.392 INFO:teuthology.orchestra.run.smithi078.stdout:/usr/bin/ceph: stderr
2023-10-10T17:34:24.809+0000 7fc5d3b4a700 1 -- 172.21.15.78:0/3342780306 >> 172.21.15.78:0/3342780306 conn(0x7fc5cc0ff650 msgr2=0x7fc5cc101a80 unknown :-1 s=STATE_NONE l=0).mark_down
2023-10-10T17:34:25.392 INFO:teuthology.orchestra.run.smithi078.stdout:/usr/bin/ceph: stderr
2023-10-10T17:34:24.809+0000 7fc5d3b4a700 1 -- 172.21.15.78:0/3342780306 shutdown_connections
2023-10-10T17:34:25.392 INFO:teuthology.orchestra.run.smithi078.stdout:/usr/bin/ceph: stderr
2023-10-10T17:34:24.809+0000 7fc5d3b4a700 1 -- 172.21.15.78:0/3342780306 wait complete.
2023-10-10T17:34:25.393 INFO:teuthology.orchestra.run.smithi078.stdout:/usr/bin/ceph: stderr
2023-10-10T17:34:24.810+0000 7fc5d3b4a700 1 Processor -- start
2023-10-10T17:34:25.393 INFO:teuthology.orchestra.run.smithi078.stdout:/usr/bin/ceph: stderr
2023-10-10T17:34:24.810+0000 7fc5d3b4a700 1 -- start start
2023-10-10T17:34:25.393 INFO:teuthology.orchestra.run.smithi078.stdout:/usr/bin/ceph: stderr
2023-10-10T17:34:24.810+0000 7fc5d3b4a700 1 --2- >> [v2:172.21.15.78:3300/0,v1:172.21.15.78:6789/0] conn(0x7fc5cc103d10 0x7fc5cc1998e0 unknown :-1 s=NONE pgs=0 cs=0 l=1 rev1=0 crypto rx=0 tx=0 comp rx=0 tx=0).connect
2023-10-10T17:34:25.393 INFO:teuthology.orchestra.run.smithi078.stdout:/usr/bin/ceph: stderr
2023-10-10T17:34:24.810+0000 7fc5d3b4a700 1 -- --> [v2:172.21.15.78:3300/0,v1:172.21.15.78:6789/0] -- mon_getmap magic: 0 v1 -- 0x7fc5cc199e20 con 0x7fc5cc103d10
2023-10-10T17:34:25.394 INFO:teuthology.orchestra.run.smithi078.stdout:/usr/bin/ceph: stderr
2023-10-10T17:34:24.810+0000 7fc5d18e6700 1 --2- >> [v2:172.21.15.78:3300/0,v1:172.21.15.78:6789/0] conn(0x7fc5cc103d10 0x7fc5cc1998e0 unknown :-1 s=BANNER_CONNECTING pgs=0 cs=0 l=1 rev1=0 crypto rx=0 tx=0 comp rx=0 tx=0)._handle_peer_banner_payload supported=3 required=0
2023-10-10T17:34:25.394 INFO:teuthology.orchestra.run.smithi078.stdout:/usr/bin/ceph: stderr
2023-10-10T17:34:24.810+0000 7fc5d18e6700 1 --2- >> [v2:172.21.15.78:3300/0,v1:172.21.15.78:6789/0] conn(0x7fc5cc103d10 0x7fc5cc1998e0 unknown :-1 s=HELLO_CONNECTING pgs=0 cs=0 l=1 rev1=1 crypto rx=0 tx=0 comp rx=0 tx=0).handle_hello peer v2:172.21.15.78:3300/0 says I am v2:172.21.15.78:41024/0 (socket says 172.21.15.78:41024)
2023-10-10T17:34:25.394 INFO:teuthology.orchestra.run.smithi078.stdout:/usr/bin/ceph: stderr
2023-10-10T17:34:24.810+0000 7fc5d18e6700 1 -- 172.21.15.78:0/1832027992 learned_addr learned my addr 172.21.15.78:0/1832027992 (peer_addr_for_me v2:172.21.15.78:0/0)
2023-10-10T17:34:25.394 INFO:teuthology.orchestra.run.smithi078.stdout:/usr/bin/ceph: stderr
2023-10-10T17:34:24.810+0000 7fc5d18e6700 1 -- 172.21.15.78:0/1832027992 --> [v2:172.21.15.78:3300/0,v1:172.21.15.78:6789/0] -- mon_subscribe({config=0+,monmap=0+}) v3 -- 0x7fc5bc009550 con 0x7fc5cc103d10
2023-10-10T17:34:25.394 INFO:teuthology.orchestra.run.smithi078.stdout:/usr/bin/ceph: stderr
