2023-10-11T16:23:30.485+0000 7f8fb8d0b700 1 --2- >> [v2:172.21.15.111:3300/0,v1:172.21.15.111:6789/0] conn(0x7f8fb407be30 0x7f8fb419b950 unknown :-1 s=BANNER_CONNECTING pgs=0 cs=0 l=1 rev1=0 crypto rx=0 tx=0 comp rx=0 tx=0)._handle_peer_banner_payload supported=3 required=0
2023-10-11T16:23:31.943 INFO:teuthology.orchestra.run.smithi111.stdout:/usr/bin/ceph: stderr
2023-10-11T16:23:30.485+0000 7f8fb8d0b700 1 --2- >> [v2:172.21.15.111:3300/0,v1:172.21.15.111:6789/0] conn(0x7f8fb407be30 0x7f8fb419b950 unknown :-1 s=HELLO_CONNECTING pgs=0 cs=0 l=1 rev1=1 crypto rx=0 tx=0 comp rx=0 tx=0).handle_hello peer v2:172.21.15.111:3300/0 says I am v2:172.21.15.111:48724/0 (socket says 172.21.15.111:48724)
2023-10-11T16:23:31.943 INFO:teuthology.orchestra.run.smithi111.stdout:/usr/bin/ceph: stderr
2023-10-11T16:23:30.485+0000 7f8fb8d0b700 1 -- 172.21.15.111:0/1149878119 learned_addr learned my addr 172.21.15.111:0/1149878119 (peer_addr_for_me v2:172.21.15.111:0/0)
2023-10-11T16:23:31.943 INFO:teuthology.orchestra.run.smithi111.stdout:/usr/bin/ceph: stderr
2023-10-11T16:23:30.485+0000 7f8fb8d0b700 1 -- 172.21.15.111:0/1149878119 --> [v2:172.21.15.111:3300/0,v1:172.21.15.111:6789/0] -- mon_subscribe({config=0+,monmap=0+}) v3 -- 0x7f8fa8009550 con 0x7f8fb407be30
2023-10-11T16:23:31.943 INFO:teuthology.orchestra.run.smithi111.stdout:/usr/bin/ceph: stderr
2023-10-11T16:23:30.485+0000 7f8fb8d0b700 1 --2- 172.21.15.111:0/1149878119 >> [v2:172.21.15.111:3300/0,v1:172.21.15.111:6789/0] conn(0x7f8fb407be30 0x7f8fb419b950 secure :-1 s=READY pgs=52 cs=0 l=1 rev1=1 crypto rx=0x7f8fa8011980 tx=0x7f8fa8011a60 comp rx=0 tx=0).ready entity=mon.0 client_cookie=0 server_cookie=0 in_seq=0 out_seq=0
2023-10-11T16:23:31.943 INFO:teuthology.orchestra.run.smithi111.stdout:/usr/bin/ceph: stderr
2023-10-11T16:23:30.486+0000 7f8fb1ffb700 1 -- 172.21.15.111:0/1149878119 <== mon.0 v2:172.21.15.111:3300/0 1 ==== mon_map magic: 0 v1 ==== 205+0+0 (secure 0 0 0) 0x7f8fa8003a60 con 0x7f8fb407be30
2023-10-11T16:23:31.944 INFO:teuthology.orchestra.run.smithi111.stdout:/usr/bin/ceph: stderr
2023-10-11T16:23:30.486+0000 7f8fb1ffb700 1 -- 172.21.15.111:0/1149878119 <== mon.0 v2:172.21.15.111:3300/0 2 ==== config(26 keys) v1 ==== 1105+0+0 (secure 0 0 0) 0x7f8fa8003bc0 con 0x7f8fb407be30
2023-10-11T16:23:31.944 INFO:teuthology.orchestra.run.smithi111.stdout:/usr/bin/ceph: stderr
2023-10-11T16:23:30.486+0000 7f8fbaf6f700 1 -- 172.21.15.111:0/1149878119 --> [v2:172.21.15.111:3300/0,v1:172.21.15.111:6789/0] -- mon_subscribe({mgrmap=0+}) v3 -- 0x7f8fb410bf90 con 0x7f8fb407be30
2023-10-11T16:23:31.944 INFO:teuthology.orchestra.run.smithi111.stdout:/usr/bin/ceph: stderr
2023-10-11T16:23:30.486+0000 7f8fb1ffb700 1 -- 172.21.15.111:0/1149878119 <== mon.0 v2:172.21.15.111:3300/0 3 ==== mon_map magic: 0 v1 ==== 205+0+0 (secure 0 0 0) 0x7f8fa801a670 con 0x7f8fb407be30
2023-10-11T16:23:31.944 INFO:teuthology.orchestra.run.smithi111.stdout:/usr/bin/ceph: stderr
2023-10-11T16:23:30.486+0000 7f8fbaf6f700 1 -- 172.21.15.111:0/1149878119 --> [v2:172.21.15.111:3300/0,v1:172.21.15.111:6789/0] -- mon_subscribe({osdmap=0}) v3 -- 0x7f8fb410be00 con 0x7f8fb407be30
2023-10-11T16:23:31.944 INFO:teuthology.orchestra.run.smithi111.stdout:/usr/bin/ceph: stderr
2023-10-11T16:23:30.487+0000 7f8fbaf6f700 1 -- 172.21.15.111:0/1149878119 --> [v2:172.21.15.111:3300/0,v1:172.21.15.111:6789/0] -- mon_command({"prefix": "get_command_descriptions"} v 0) v1 -- 0x7f8fb410c120 con 0x7f8fb407be30
2023-10-11T16:23:31.944 INFO:teuthology.orchestra.run.smithi111.stdout:/usr/bin/ceph: stderr
2023-10-11T16:23:30.487+0000 7f8fb1ffb700 1 -- 172.21.15.111:0/1149878119 <== mon.0 v2:172.21.15.111:3300/0 4 ==== mgrmap(e 8) v1 ==== 45483+0+0 (secure 0 0 0) 0x7f8fa8024a00 con 0x7f8fb407be30
2023-10-11T16:23:31.945 INFO:teuthology.orchestra.run.smithi111.stdout:/usr/bin/ceph: stderr
2023-10-11T16:23:30.488+0000 7f8fb1ffb700 1 --2- 172.21.15.111:0/1149878119 >> [v2:172.21.15.111:6800/4086392563,v1:172.21.15.111:6801/4086392563] conn(0x7f8fa4038760 0x7f8fa403ac10 unknown :-1 s=NONE pgs=0 cs=0 l=1 rev1=0 crypto rx=0 tx=0 comp rx=0 tx=0).connect
2023-10-11T16:23:31.945 INFO:teuthology.orchestra.run.smithi111.stdout:/usr/bin/ceph: stderr
2023-10-11T16:23:30.488+0000 7f8fb1ffb700 1 -- 172.21.15.111:0/1149878119 <== mon.0 v2:172.21.15.111:3300/0 5 ==== osd_map(2..2 src has 1..2) v4 ==== 940+0+0 (secure 0 0 0) 0x7f8fa804c8b0 con 0x7f8fb407be30
2023-10-11T16:23:31.945 INFO:teuthology.orchestra.run.smithi111.stdout:/usr/bin/ceph: stderr
2023-10-11T16:23:30.488+0000 7f8fb3fff700 1 --2- 172.21.15.111:0/1149878119 >> [v2:172.21.15.111:6800/4086392563,v1:172.21.15.111:6801/4086392563] conn(0x7f8fa4038760 0x7f8fa403ac10 unknown :-1 s=BANNER_CONNECTING pgs=0 cs=0 l=1 rev1=0 crypto rx=0 tx=0 comp rx=0 tx=0)._handle_peer_banner_payload supported=3 required=0
2023-10-11T16:23:31.945 INFO:teuthology.orchestra.run.smithi111.stdout:/usr/bin/ceph: stderr
2023-10-11T16:23:30.489+0000 7f8fb3fff700 1 --2- 172.21.15.111:0/1149878119 >> [v2:172.21.15.111:6800/4086392563,v1:172.21.15.111:6801/4086392563] conn(0x7f8fa4038760 0x7f8fa403ac10 secure :-1 s=READY pgs=16 cs=0 l=1 rev1=1 crypto rx=0x7f8fa0006fd0 tx=0x7f8fa0006e40 comp rx=0 tx=0).ready entity=mgr.14116 client_cookie=0 server_cookie=0 in_seq=0 out_seq=0
2023-10-11T16:23:31.945 INFO:teuthology.orchestra.run.smithi111.stdout:/usr/bin/ceph: stderr
2023-10-11T16:23:30.493+0000 7f8fb1ffb700 1 -- 172.21.15.111:0/1149878119 <== mon.0 v2:172.21.15.111:3300/0 6 ==== mon_command_ack([{"prefix": "get_command_descriptions"}]=0 v0) v1 ==== 72+0+177948 (secure 0 0 0) 0x7f8fa8024440 con 0x7f8fb407be30
2023-10-11T16:23:31.946 INFO:teuthology.orchestra.run.smithi111.stdout:/usr/bin/ceph: stderr
2023-10-11T16:23:30.755+0000 7f8fbaf6f700 1 -- 172.21.15.111:0/1149878119 --> [v2:172.21.15.111:3300/0,v1:172.21.15.111:6789/0] -- mon_command({"prefix": "mgr module enable", "module": "dashboard"} v 0) v1 -- 0x7f8fb419c4d0 con 0x7f8fb407be30
2023-10-11T16:23:31.946 INFO:teuthology.orchestra.run.smithi111.stdout:/usr/bin/ceph: stderr
2023-10-11T16:23:31.453+0000 7f8fb1ffb700 1 -- 172.21.15.111:0/1149878119 <== mon.0 v2:172.21.15.111:3300/0 7 ==== mgrmap(e 9) v1 ==== 45496+0+0 (secure 0 0 0) 0x7f8fa80246d0 con 0x7f8fb407be30
2023-10-11T16:23:31.946 INFO:teuthology.orchestra.run.smithi111.stdout:/usr/bin/ceph: stderr
2023-10-11T16:23:31.455+0000 7f8fb1ffb700 1 -- 172.21.15.111:0/1149878119 <== mon.0 v2:172.21.15.111:3300/0 8 ==== mon_command_ack([{"prefix": "mgr module enable", "module": "dashboard"}]=0 v9) v1 ==== 88+0+0 (secure 0 0 0) 0x7f8fa804c200 con 0x7f8fb407be30
2023-10-11T16:23:31.946 INFO:teuthology.orchestra.run.smithi111.stdout:/usr/bin/ceph: stderr
2023-10-11T16:23:31.458+0000 7f8fbaf6f700 1 -- 172.21.15.111:0/1149878119 >> [v2:172.21.15.111:6800/4086392563,v1:172.21.15.111:6801/4086392563] conn(0x7f8fa4038760 msgr2=0x7f8fa403ac10 secure :-1 s=STATE_CONNECTION_ESTABLISHED l=1).mark_down
2023-10-11T16:23:31.947 INFO:teuthology.orchestra.run.smithi111.stdout:/usr/bin/ceph: stderr
2023-10-11T16:23:31.458+0000 7f8fbaf6f700 1 --2- 172.21.15.111:0/1149878119 >> [v2:172.21.15.111:6800/4086392563,v1:172.21.15.111:6801/4086392563] conn(0x7f8fa4038760 0x7f8fa403ac10 secure :-1 s=READY pgs=16 cs=0 l=1 rev1=1 crypto rx=0x7f8fa0006fd0 tx=0x7f8fa0006e40 comp rx=0 tx=0).stop
2023-10-11T16:23:31.947 INFO:teuthology.orchestra.run.smithi111.stdout:/usr/bin/ceph: stderr
2023-10-11T16:23:31.458+0000 7f8fbaf6f700 1 -- 172.21.15.111:0/1149878119 >> [v2:172.21.15.111:3300/0,v1:172.21.15.111:6789/0] conn(0x7f8fb407be30 msgr2=0x7f8fb419b950 secure :-1 s=STATE_CONNECTION_ESTABLISHED l=1).mark_down
2023-10-11T16:23:31.947 INFO:teuthology.orchestra.run.smithi111.stdout:/usr/bin/ceph: stderr
2023-10-11T16:23:31.458+0000 7f8fbaf6f700 1 --2- 172.21.15.111:0/1149878119 >> [v2:172.21.15.111:3300/0,v1:172.21.15.111:6789/0] conn(0x7f8fb407be30 0x7f8fb419b950 secure :-1 s=READY pgs=52 cs=0 l=1 rev1=1 crypto rx=0x7f8fa8011980 tx=0x7f8fa8011a60 comp rx=0 tx=0).stop
2023-10-11T16:23:31.947 INFO:teuthology.orchestra.run.smithi111.stdout:/usr/bin/ceph: stderr
2023-10-11T16:23:31.458+0000 7f8fbaf6f700 1 -- 172.21.15.111:0/1149878119 shutdown_connections
2023-10-11T16:23:31.947 INFO:teuthology.orchestra.run.smithi111.stdout:/usr/bin/ceph: stderr
2023-10-11T16:23:31.458+0000 7f8fbaf6f700 1 --2- 172.21.15.111:0/1149878119 >> [v2:172.21.15.111:6800/4086392563,v1:172.21.15.111:6801/4086392563] conn(0x7f8fa4038760 0x7f8fa403ac10 unknown :-1 s=CLOSED pgs=16 cs=0 l=1 rev1=1 crypto rx=0 tx=0 comp rx=0 tx=0).stop
2023-10-11T16:23:31.948 INFO:teuthology.orchestra.run.smithi111.stdout:/usr/bin/ceph: stderr
2023-10-11T16:23:31.458+0000 7f8fbaf6f700 1 --2- 172.21.15.111:0/1149878119 >> [v2:172.21.15.111:3300/0,v1:172.21.15.111:6789/0] conn(0x7f8fb407be30 0x7f8fb419b950 unknown :-1 s=CLOSED pgs=52 cs=0 l=1 rev1=1 crypto rx=0 tx=0 comp rx=0 tx=0).stop
2023-10-11T16:23:31.948 INFO:teuthology.orchestra.run.smithi111.stdout:/usr/bin/ceph: stderr
2023-10-11T16:23:31.458+0000 7f8fbaf6f700 1 -- 172.21.15.111:0/1149878119 >> 172.21.15.111:0/1149878119 conn(0x7f8fb4100fd0 msgr2=0x7f8fb41026e0 unknown :-1 s=STATE_NONE l=0).mark_down
2023-10-11T16:23:31.948 INFO:teuthology.orchestra.run.smithi111.stdout:/usr/bin/ceph: stderr
2023-10-11T16:23:31.458+0000 7f8fbaf6f700 1 -- 172.21.15.111:0/1149878119 shutdown_connections
2023-10-11T16:23:31.948 INFO:teuthology.orchestra.run.smithi111.stdout:/usr/bin/ceph: stderr
2023-10-11T16:23:31.458+0000 7f8fbaf6f700 1 -- 172.21.15.111:0/1149878119 wait complete.
2023-10-11T16:23:32.135 INFO:journalctl@ceph.mgr.x.smithi111.stdout:Oct 11 16:23:31 smithi111 ceph-495f265e-6852-11ee-8db6-212e2dc638e7-mgr-x[98777]:
2023-10-11T16:23:31.770+0000 7effc3f9b200 -1 mgr[py] Module devicehealth has missing NOTIFY_TYPES member
2023-10-11T16:23:32.135 INFO:journalctl@ceph.mgr.x.smithi111.stdout:Oct 11 16:23:31 smithi111 ceph-495f265e-6852-11ee-8db6-212e2dc638e7-mgr-x[98777]:
2023-10-11T16:23:31.876+0000 7effc3f9b200 -1 mgr[py] Module osd_support has missing NOTIFY_TYPES member
2023-10-11T16:23:32.136 INFO:journalctl@ceph.mgr.x.smithi111.stdout:Oct 11 16:23:32 smithi111 ceph-495f265e-6852-11ee-8db6-212e2dc638e7-mgr-x[98777]:
2023-10-11T16:23:32.014+0000 7effc3f9b200 -1 mgr[py] Module snap_schedule has missing NOTIFY_TYPES member
2023-10-11T16:23:32.455 INFO:journalctl@ceph.mgr.x.smithi111.stdout:Oct 11 16:23:32 smithi111 ceph-495f265e-6852-11ee-8db6-212e2dc638e7-mgr-x[98777]:
2023-10-11T16:23:32.144+0000 7effc3f9b200 -1 mgr[py] Module zabbix has missing NOTIFY_TYPES member
2023-10-11T16:23:32.455 INFO:journalctl@ceph.mgr.x.smithi111.stdout:Oct 11 16:23:32 smithi111 ceph-495f265e-6852-11ee-8db6-212e2dc638e7-mgr-x[98777]:
2023-10-11T16:23:32.380+0000 7effc3f9b200 -1 mgr[py] Module crash has missing NOTIFY_TYPES member
2023-10-11T16:23:32.800 INFO:journalctl@ceph.mon.a.smithi111.stdout:Oct 11 16:23:32 smithi111 ceph-mon[98527]: from='client.? 172.21.15.111:0/1149878119' entity='client.admin' cmd='[{"prefix": "mgr module enable", "module": "dashboard"}]': finished
2023-10-11T16:23:32.800 INFO:journalctl@ceph.mon.a.smithi111.stdout:Oct 11 16:23:32 smithi111 ceph-mon[98527]: mgrmap e9: x(active, since 17s)
2023-10-11T16:23:33.096 INFO:journalctl@ceph.mgr.x.smithi111.stdout:Oct 11 16:23:32 smithi111 ceph-495f265e-6852-11ee-8db6-212e2dc638e7-mgr-x[98777]:
2023-10-11T16:23:32.800+0000 7effc3f9b200 -1 mgr[py] Module prometheus has missing NOTIFY_TYPES member
2023-10-11T16:23:33.097 INFO:journalctl@ceph.mgr.x.smithi111.stdout:Oct 11 16:23:32 smithi111 ceph-495f265e-6852-11ee-8db6-212e2dc638e7-mgr-x[98777]:
2023-10-11T16:23:32.928+0000 7effc3f9b200 -1 mgr[py] Module status has missing NOTIFY_TYPES member
2023-10-11T16:23:33.144 INFO:teuthology.orchestra.run.smithi111.stdout:/usr/bin/ceph: stdout {
2023-10-11T16:23:33.144 INFO:teuthology.orchestra.run.smithi111.stdout:/usr/bin/ceph: stdout "epoch": 9,
2023-10-11T16:23:33.144 INFO:teuthology.orchestra.run.smithi111.stdout:/usr/bin/ceph: stdout "available": true,
2023-10-11T16:23:33.145 INFO:teuthology.orchestra.run.smithi111.stdout:/usr/bin/ceph: stdout "active_name": "x",
2023-10-11T16:23:33.145 INFO:teuthology.orchestra.run.smithi111.stdout:/usr/bin/ceph: stdout "num_standby": 0
2023-10-11T16:23:33.145 INFO:teuthology.orchestra.run.smithi111.stdout:/usr/bin/ceph: stdout }
2023-10-11T16:23:33.145 INFO:teuthology.orchestra.run.smithi111.stdout:/usr/bin/ceph: stderr
2023-10-11T16:23:32.472+0000 7f1ec0920700 1 Processor -- start
2023-10-11T16:23:33.145 INFO:teuthology.orchestra.run.smithi111.stdout:/usr/bin/ceph: stderr
2023-10-11T16:23:32.473+0000 7f1ec0920700 1 -- start start
2023-10-11T16:23:33.146 INFO:teuthology.orchestra.run.smithi111.stdout:/usr/bin/ceph: stderr
2023-10-11T16:23:32.473+0000 7f1ec0920700 1 --2- >> [v2:172.21.15.111:3300/0,v1:172.21.15.111:6789/0] conn(0x7f1ebc07be30 0x7f1ebc07a290 unknown :-1 s=NONE pgs=0 cs=0 l=0 rev1=0 crypto rx=0 tx=0 comp rx=0 tx=0).connect
2023-10-11T16:23:33.146 INFO:teuthology.orchestra.run.smithi111.stdout:/usr/bin/ceph: stderr
2023-10-11T16:23:32.473+0000 7f1ec0920700 1 -- --> [v2:172.21.15.111:3300/0,v1:172.21.15.111:6789/0] -- mon_getmap magic: 0 v1 -- 0x7f1ebc07a860 con 0x7f1ebc07be30
2023-10-11T16:23:33.146 INFO:teuthology.orchestra.run.smithi111.stdout:/usr/bin/ceph: stderr
2023-10-11T16:23:32.473+0000 7f1eba59c700 1 --2- >> [v2:172.21.15.111:3300/0,v1:172.21.15.111:6789/0] conn(0x7f1ebc07be30 0x7f1ebc07a290 unknown :-1 s=BANNER_CONNECTING pgs=0 cs=0 l=0 rev1=0 crypto rx=0 tx=0 comp rx=0 tx=0)._handle_peer_banner_payload supported=3 required=0
2023-10-11T16:23:33.146 INFO:teuthology.orchestra.run.smithi111.stdout:/usr/bin/ceph: stderr
2023-10-11T16:23:32.474+0000 7f1eba59c700 1 --2- >> [v2:172.21.15.111:3300/0,v1:172.21.15.111:6789/0] conn(0x7f1ebc07be30 0x7f1ebc07a290 unknown :-1 s=HELLO_CONNECTING pgs=0 cs=0 l=0 rev1=1 crypto rx=0 tx=0 comp rx=0 tx=0).handle_hello peer v2:172.21.15.111:3300/0 says I am v2:172.21.15.111:48746/0 (socket says 172.21.15.111:48746)
2023-10-11T16:23:33.146 INFO:teuthology.orchestra.run.smithi111.stdout:/usr/bin/ceph: stderr
2023-10-11T16:23:32.474+0000 7f1eba59c700 1 -- 172.21.15.111:0/447908448 learned_addr learned my addr 172.21.15.111:0/447908448 (peer_addr_for_me v2:172.21.15.111:0/0)
2023-10-11T16:23:33.147 INFO:teuthology.orchestra.run.smithi111.stdout:/usr/bin/ceph: stderr
2023-10-11T16:23:32.474+0000 7f1eba59c700 1 -- 172.21.15.111:0/447908448 --> [v2:172.21.15.111:3300/0,v1:172.21.15.111:6789/0] -- mon_subscribe({config=0+,monmap=0+}) v3 -- 0x7f1ebc07a9a0 con 0x7f1ebc07be30
2023-10-11T16:23:33.147 INFO:teuthology.orchestra.run.smithi111.stdout:/usr/bin/ceph: stderr
2023-10-11T16:23:32.474+0000 7f1eba59c700 1 --2- 172.21.15.111:0/447908448 >> [v2:172.21.15.111:3300/0,v1:172.21.15.111:6789/0] conn(0x7f1ebc07be30 0x7f1ebc07a290 secure :-1 s=READY pgs=55 cs=0 l=1 rev1=1 crypto rx=0x7f1eac0098a0 tx=0x7f1eac009bb0 comp rx=0 tx=0).ready entity=mon.0 client_cookie=229dde1a4a4a2852 server_cookie=0 in_seq=0 out_seq=0
2023-10-11T16:23:33.147 INFO:teuthology.orchestra.run.smithi111.stdout:/usr/bin/ceph: stderr
2023-10-11T16:23:32.474+0000 7f1eb959a700 1 -- 172.21.15.111:0/447908448 <== mon.0 v2:172.21.15.111:3300/0 1 ==== mon_map magic: 0 v1 ==== 205+0+0 (secure 0 0 0) 0x7f1eac004160 con 0x7f1ebc07be30
2023-10-11T16:23:33.147 INFO:teuthology.orchestra.run.smithi111.stdout:/usr/bin/ceph: stderr
2023-10-11T16:23:32.474+0000 7f1eb959a700 1 -- 172.21.15.111:0/447908448 <== mon.0 v2:172.21.15.111:3300/0 2 ==== config(26 keys) v1 ==== 1105+0+0 (secure 0 0 0) 0x7f1eac0042c0 con 0x7f1ebc07be30
2023-10-11T16:23:33.147 INFO:teuthology.orchestra.run.smithi111.stdout:/usr/bin/ceph: stderr
2023-10-11T16:23:32.474+0000 7f1eb959a700 1 -- 172.21.15.111:0/447908448 <== mon.0 v2:172.21.15.111:3300/0 3 ==== mon_map magic: 0 v1 ==== 205+0+0 (secure 0 0 0) 0x7f1eac0119b0 con 0x7f1ebc07be30
2023-10-11T16:23:33.148 INFO:teuthology.orchestra.run.smithi111.stdout:/usr/bin/ceph: stderr
2023-10-11T16:23:32.475+0000 7f1ec0920700 1 -- 172.21.15.111:0/447908448 >> [v2:172.21.15.111:3300/0,v1:172.21.15.111:6789/0] conn(0x7f1ebc07be30 msgr2=0x7f1ebc07a290 secure :-1 s=STATE_CONNECTION_ESTABLISHED l=1).mark_down
2023-10-11T16:23:33.149 INFO:teuthology.orchestra.run.smithi111.stdout:/usr/bin/ceph: stderr
2023-10-11T16:23:32.475+0000 7f1ec0920700 1 --2- 172.21.15.111:0/447908448 >> [v2:172.21.15.111:3300/0,v1:172.21.15.111:6789/0] conn(0x7f1ebc07be30 0x7f1ebc07a290 secure :-1 s=READY pgs=55 cs=0 l=1 rev1=1 crypto rx=0x7f1eac0098a0 tx=0x7f1eac009bb0 comp rx=0 tx=0).stop
2023-10-11T16:23:33.149 INFO:teuthology.orchestra.run.smithi111.stdout:/usr/bin/ceph: stderr
2023-10-11T16:23:32.475+0000 7f1ec0920700 1 -- 172.21.15.111:0/447908448 shutdown_connections
2023-10-11T16:23:33.149 INFO:teuthology.orchestra.run.smithi111.stdout:/usr/bin/ceph: stderr
2023-10-11T16:23:32.475+0000 7f1ec0920700 1 --2- 172.21.15.111:0/447908448 >> [v2:172.21.15.111:3300/0,v1:172.21.15.111:6789/0] conn(0x7f1ebc07be30 0x7f1ebc07a290 unknown :-1 s=CLOSED pgs=55 cs=0 l=1 rev1=1 crypto rx=0 tx=0 comp rx=0 tx=0).stop
2023-10-11T16:23:33.150 INFO:teuthology.orchestra.run.smithi111.stdout:/usr/bin/ceph: stderr
2023-10-11T16:23:32.475+0000 7f1ec0920700 1 -- 172.21.15.111:0/447908448 >> 172.21.15.111:0/447908448 conn(0x7f1ebc100fd0 msgr2=0x7f1ebc103400 unknown :-1 s=STATE_NONE l=0).mark_down
2023-10-11T16:23:33.150 INFO:teuthology.orchestra.run.smithi111.stdout:/usr/bin/ceph: stderr
2023-10-11T16:23:32.475+0000 7f1ec0920700 1 -- 172.21.15.111:0/447908448 shutdown_connections
2023-10-11T16:23:33.150 INFO:teuthology.orchestra.run.smithi111.stdout:/usr/bin/ceph: stderr
2023-10-11T16:23:32.475+0000 7f1ec0920700 1 -- 172.21.15.111:0/447908448 wait complete.
2023-10-11T16:23:33.150 INFO:teuthology.orchestra.run.smithi111.stdout:/usr/bin/ceph: stderr
2023-10-11T16:23:32.476+0000 7f1ec0920700 1 Processor -- start
2023-10-11T16:23:33.151 INFO:teuthology.orchestra.run.smithi111.stdout:/usr/bin/ceph: stderr
2023-10-11T16:23:32.476+0000 7f1ec0920700 1 -- start start
2023-10-11T16:23:33.151 INFO:teuthology.orchestra.run.smithi111.stdout:/usr/bin/ceph: stderr
2023-10-11T16:23:32.477+0000 7f1ec0920700 1 --2- >> [v2:172.21.15.111:3300/0,v1:172.21.15.111:6789/0] conn(0x7f1ebc07be30 0x7f1ebc19b950 unknown :-1 s=NONE pgs=0 cs=0 l=1 rev1=0 crypto rx=0 tx=0 comp rx=0 tx=0).connect
2023-10-11T16:23:33.151 INFO:teuthology.orchestra.run.smithi111.stdout:/usr/bin/ceph: stderr
2023-10-11T16:23:32.477+0000 7f1ec0920700 1 -- --> [v2:172.21.15.111:3300/0,v1:172.21.15.111:6789/0] -- mon_getmap magic: 0 v1 -- 0x7f1ebc19be90 con 0x7f1ebc07be30
2023-10-11T16:23:33.151 INFO:teuthology.orchestra.run.smithi111.stdout:/usr/bin/ceph: stderr
2023-10-11T16:23:32.477+0000 7f1eba59c700 1 --2- >> [v2:172.21.15.111:3300/0,v1:172.21.15.111:6789/0] conn(0x7f1ebc07be30 0x7f1ebc19b950 unknown :-1 s=BANNER_CONNECTING pgs=0 cs=0 l=1 rev1=0 crypto rx=0 tx=0 comp rx=0 tx=0)._handle_peer_banner_payload supported=3 required=0
2023-10-11T16:23:33.151 INFO:teuthology.orchestra.run.smithi111.stdout:/usr/bin/ceph: stderr
2023-10-11T16:23:32.477+0000 7f1eba59c700 1 --2- >> [v2:172.21.15.111:3300/0,v1:172.21.15.111:6789/0] conn(0x7f1ebc07be30 0x7f1ebc19b950 unknown :-1 s=HELLO_CONNECTING pgs=0 cs=0 l=1 rev1=1 crypto rx=0 tx=0 comp rx=0 tx=0).handle_hello peer v2:172.21.15.111:3300/0 says I am v2:172.21.15.111:48750/0 (socket says 172.21.15.111:48750)
2023-10-11T16:23:33.152 INFO:teuthology.orchestra.run.smithi111.stdout:/usr/bin/ceph: stderr
2023-10-11T16:23:32.477+0000 7f1eba59c700 1 -- 172.21.15.111:0/782692049 learned_addr learned my addr 172.21.15.111:0/782692049 (peer_addr_for_me v2:172.21.15.111:0/0)
2023-10-11T16:23:33.152 INFO:teuthology.orchestra.run.smithi111.stdout:/usr/bin/ceph: stderr
2023-10-11T16:23:32.477+0000 7f1eba59c700 1 -- 172.21.15.111:0/782692049 --> [v2:172.21.15.111:3300/0,v1:172.21.15.111:6789/0] -- mon_subscribe({config=0+,monmap=0+}) v3 -- 0x7f1eac009550 con 0x7f1ebc07be30
2023-10-11T16:23:33.152 INFO:teuthology.orchestra.run.smithi111.stdout:/usr/bin/ceph: stderr
2023-10-11T16:23:32.478+0000 7f1eba59c700 1 --2- 172.21.15.111:0/782692049 >> [v2:172.21.15.111:3300/0,v1:172.21.15.111:6789/0] conn(0x7f1ebc07be30 0x7f1ebc19b950 secure :-1 s=READY pgs=56 cs=0 l=1 rev1=1 crypto rx=0x7f1eac011980 tx=0x7f1eac011a60 comp rx=0 tx=0).ready entity=mon.0 client_cookie=0 server_cookie=0 in_seq=0 out_seq=0
2023-10-11T16:23:33.152 INFO:teuthology.orchestra.run.smithi111.stdout:/usr/bin/ceph: stderr
2023-10-11T16:23:32.478+0000 7f1eab7fe700 1 -- 172.21.15.111:0/782692049 <== mon.0 v2:172.21.15.111:3300/0 1 ==== mon_map magic: 0 v1 ==== 205+0+0 (secure 0 0 0) 0x7f1eac003a60 con 0x7f1ebc07be30
2023-10-11T16:23:33.152 INFO:teuthology.orchestra.run.smithi111.stdout:/usr/bin/ceph: stderr
2023-10-11T16:23:32.478+0000 7f1eab7fe700 1 -- 172.21.15.111:0/782692049 <== mon.0 v2:172.21.15.111:3300/0 2 ==== config(26 keys) v1 ==== 1105+0+0 (secure 0 0 0) 0x7f1eac003bc0 con 0x7f1ebc07be30
2023-10-11T16:23:33.153 INFO:teuthology.orchestra.run.smithi111.stdout:/usr/bin/ceph: stderr
2023-10-11T16:23:32.478+0000 7f1eab7fe700 1 -- 172.21.15.111:0/782692049 <== mon.0 v2:172.21.15.111:3300/0 3 ==== mon_map magic: 0 v1 ==== 205+0+0 (secure 0 0 0) 0x7f1eac01a670 con 0x7f1ebc07be30
2023-10-11T16:23:33.153 INFO:teuthology.orchestra.run.smithi111.stdout:/usr/bin/ceph: stderr
2023-10-11T16:23:32.478+0000 7f1ec0920700 1 -- 172.21.15.111:0/782692049 --> [v2:172.21.15.111:3300/0,v1:172.21.15.111:6789/0] -- mon_subscribe({mgrmap=0+}) v3 -- 0x7f1ebc10bf90 con 0x7f1ebc07be30
2023-10-11T16:23:33.153 INFO:teuthology.orchestra.run.smithi111.stdout:/usr/bin/ceph: stderr
2023-10-11T16:23:32.478+0000 7f1ec0920700 1 -- 172.21.15.111:0/782692049 --> [v2:172.21.15.111:3300/0,v1:172.21.15.111:6789/0] -- mon_subscribe({osdmap=0}) v3 -- 0x7f1ebc10be00 con 0x7f1ebc07be30
2023-10-11T16:23:33.153 INFO:teuthology.orchestra.run.smithi111.stdout:/usr/bin/ceph: stderr
2023-10-11T16:23:32.479+0000 7f1eab7fe700 1 -- 172.21.15.111:0/782692049 <== mon.0 v2:172.21.15.111:3300/0 4 ==== mgrmap(e 9) v1 ==== 45496+0+0 (secure 0 0 0) 0x7f1eac024440 con 0x7f1ebc07be30
2023-10-11T16:23:33.153 INFO:teuthology.orchestra.run.smithi111.stdout:/usr/bin/ceph: stderr
2023-10-11T16:23:32.480+0000 7f1eab7fe700 1 --2- 172.21.15.111:0/782692049 >> [v2:172.21.15.111:6800/4086392563,v1:172.21.15.111:6801/4086392563] conn(0x7f1ea40387b0 0x7f1ea403ac60 unknown :-1 s=NONE pgs=0 cs=0 l=1 rev1=0 crypto rx=0 tx=0 comp rx=0 tx=0).connect
2023-10-11T16:23:33.154 INFO:teuthology.orchestra.run.smithi111.stdout:/usr/bin/ceph: stderr
2023-10-11T16:23:32.479+0000 7f1ec0920700 1 -- 172.21.15.111:0/782692049 --> [v2:172.21.15.111:3300/0,v1:172.21.15.111:6789/0] -- mon_command({"prefix": "get_command_descriptions"} v 0) v1 -- 0x7f1ebc10c120 con 0x7f1ebc07be30
2023-10-11T16:23:33.154 INFO:teuthology.orchestra.run.smithi111.stdout:/usr/bin/ceph: stderr
2023-10-11T16:23:32.480+0000 7f1eab7fe700 1 -- 172.21.15.111:0/782692049 <== mon.0 v2:172.21.15.111:3300/0 5 ==== osd_map(2..2 src has 1..2) v4 ==== 940+0+0 (secure 0 0 0) 0x7f1eac04c910 con 0x7f1ebc07be30
2023-10-11T16:23:33.154 INFO:teuthology.orchestra.run.smithi111.stdout:/usr/bin/ceph: stderr
2023-10-11T16:23:32.480+0000 7f1eb9d9b700 1 -- 172.21.15.111:0/782692049 >> [v2:172.21.15.111:6800/4086392563,v1:172.21.15.111:6801/4086392563] conn(0x7f1ea40387b0 msgr2=0x7f1ea403ac60 unknown :-1 s=STATE_CONNECTING_RE l=1).process reconnect failed to v2:172.21.15.111:6800/4086392563
2023-10-11T16:23:33.154 INFO:teuthology.orchestra.run.smithi111.stdout:/usr/bin/ceph: stderr
2023-10-11T16:23:32.480+0000 7f1eb9d9b700 1 --2- 172.21.15.111:0/782692049 >> [v2:172.21.15.111:6800/4086392563,v1:172.21.15.111:6801/4086392563] conn(0x7f1ea40387b0 0x7f1ea403ac60 unknown :-1 s=START_CONNECT pgs=0 cs=0 l=1 rev1=0 crypto rx=0 tx=0 comp rx=0 tx=0)._fault waiting 0.200000
2023-10-11T16:23:33.155 INFO:teuthology.orchestra.run.smithi111.stdout:/usr/bin/ceph: stderr
2023-10-11T16:23:32.489+0000 7f1eab7fe700 1 -- 172.21.15.111:0/782692049 <== mon.0 v2:172.21.15.111:3300/0 6 ==== mon_command_ack([{"prefix": "get_command_descriptions"}]=0 v0) v1 ==== 72+0+177948 (secure 0 0 0) 0x7f1eac0189a0 con 0x7f1ebc07be30
2023-10-11T16:23:33.155 INFO:teuthology.orchestra.run.smithi111.stdout:/usr/bin/ceph: stderr
2023-10-11T16:23:32.681+0000 7f1eb9d9b700 1 -- 172.21.15.111:0/782692049 >> [v2:172.21.15.111:6800/4086392563,v1:172.21.15.111:6801/4086392563] conn(0x7f1ea40387b0 msgr2=0x7f1ea403ac60 unknown :-1 s=STATE_CONNECTING_RE l=1).process reconnect failed to v2:172.21.15.111:6800/4086392563
2023-10-11T16:23:33.155 INFO:teuthology.orchestra.run.smithi111.stdout:/usr/bin/ceph: stderr
2023-10-11T16:23:32.681+0000 7f1eb9d9b700 1 --2- 172.21.15.111:0/782692049 >> [v2:172.21.15.111:6800/4086392563,v1:172.21.15.111:6801/4086392563] conn(0x7f1ea40387b0 0x7f1ea403ac60 unknown :-1 s=START_CONNECT pgs=0 cs=0 l=1 rev1=0 crypto rx=0 tx=0 comp rx=0 tx=0)._fault waiting 0.400000
2023-10-11T16:23:33.155 INFO:teuthology.orchestra.run.smithi111.stdout:/usr/bin/ceph: stderr
2023-10-11T16:23:32.773+0000 7f1ec0920700 1 -- 172.21.15.111:0/782692049 --> [v2:172.21.15.111:3300/0,v1:172.21.15.111:6789/0] -- mon_command({"prefix": "mgr stat"} v 0) v1 -- 0x7f1ebc19c4d0 con 0x7f1ebc07be30
2023-10-11T16:23:33.155 INFO:teuthology.orchestra.run.smithi111.stdout:/usr/bin/ceph: stderr
2023-10-11T16:23:32.774+0000 7f1eab7fe700 1 -- 172.21.15.111:0/782692049 <== mon.0 v2:172.21.15.111:3300/0 7 ==== mon_command_ack([{"prefix": "mgr stat"}]=0 v9) v1 ==== 56+0+88 (secure 0 0 0) 0x7f1eac018350 con 0x7f1ebc07be30
2023-10-11T16:23:33.156 INFO:teuthology.orchestra.run.smithi111.stdout:/usr/bin/ceph: stderr
2023-10-11T16:23:32.776+0000 7f1ec0920700 1 -- 172.21.15.111:0/782692049 >> [v2:172.21.15.111:6800/4086392563,v1:172.21.15.111:6801/4086392563] conn(0x7f1ea40387b0 msgr2=0x7f1ea403ac60 unknown :-1 s=STATE_CONNECTING l=1).mark_down
2023-10-11T16:23:33.156 INFO:teuthology.orchestra.run.smithi111.stdout:/usr/bin/ceph: stderr
2023-10-11T16:23:32.776+0000 7f1ec0920700 1 --2- 172.21.15.111:0/782692049 >> [v2:172.21.15.111:6800/4086392563,v1:172.21.15.111:6801/4086392563] conn(0x7f1ea40387b0 0x7f1ea403ac60 unknown :-1 s=START_CONNECT pgs=0 cs=0 l=1 rev1=0 crypto rx=0 tx=0 comp rx=0 tx=0).stop
2023-10-11T16:23:33.156 INFO:teuthology.orchestra.run.smithi111.stdout:/usr/bin/ceph: stderr
2023-10-11T16:23:32.776+0000 7f1ec0920700 1 -- 172.21.15.111:0/782692049 >> [v2:172.21.15.111:3300/0,v1:172.21.15.111:6789/0] conn(0x7f1ebc07be30 msgr2=0x7f1ebc19b950 secure :-1 s=STATE_CONNECTION_ESTABLISHED l=1).mark_down
2023-10-11T16:23:33.156 INFO:teuthology.orchestra.run.smithi111.stdout:/usr/bin/ceph: stderr
2023-10-11T16:23:32.776+0000 7f1ec0920700 1 --2- 172.21.15.111:0/782692049 >> [v2:172.21.15.111:3300/0,v1:172.21.15.111:6789/0] conn(0x7f1ebc07be30 0x7f1ebc19b950 secure :-1 s=READY pgs=56 cs=0 l=1 rev1=1 crypto rx=0x7f1eac011980 tx=0x7f1eac011a60 comp rx=0 tx=0).stop
2023-10-11T16:23:33.156 INFO:teuthology.orchestra.run.smithi111.stdout:/usr/bin/ceph: stderr
2023-10-11T16:23:32.776+0000 7f1ec0920700 1 -- 172.21.15.111:0/782692049 shutdown_connections
2023-10-11T16:23:33.156 INFO:teuthology.orchestra.run.smithi111.stdout:/usr/bin/ceph: stderr
2023-10-11T16:23:32.776+0000 7f1ec0920700 1 --2- 172.21.15.111:0/782692049 >> [v2:172.21.15.111:6800/4086392563,v1:172.21.15.111:6801/4086392563] conn(0x7f1ea40387b0 0x7f1ea403ac60 unknown :-1 s=CLOSED pgs=0 cs=0 l=1 rev1=0 crypto rx=0 tx=0 comp rx=0 tx=0).stop
2023-10-11T16:23:33.157 INFO:teuthology.orchestra.run.smithi111.stdout:/usr/bin/ceph: stderr
2023-10-11T16:23:32.776+0000 7f1ec0920700 1 --2- 172.21.15.111:0/782692049 >> [v2:172.21.15.111:3300/0,v1:172.21.15.111:6789/0] conn(0x7f1ebc07be30 0x7f1ebc19b950 unknown :-1 s=CLOSED pgs=56 cs=0 l=1 rev1=1 crypto rx=0 tx=0 comp rx=0 tx=0).stop
2023-10-11T16:23:33.157 INFO:teuthology.orchestra.run.smithi111.stdout:/usr/bin/ceph: stderr
2023-10-11T16:23:32.776+0000 7f1ec0920700 1 -- 172.21.15.111:0/782692049 >> 172.21.15.111:0/782692049 conn(0x7f1ebc100fd0 msgr2=0x7f1ebc1026e0 unknown :-1 s=STATE_NONE l=0).mark_down
2023-10-11T16:23:33.157 INFO:teuthology.orchestra.run.smithi111.stdout:/usr/bin/ceph: stderr
2023-10-11T16:23:32.776+0000 7f1ec0920700 1 -- 172.21.15.111:0/782692049 shutdown_connections
2023-10-11T16:23:33.157 INFO:teuthology.orchestra.run.smithi111.stdout:/usr/bin/ceph: stderr
2023-10-11T16:23:32.777+0000 7f1ec0920700 1 -- 172.21.15.111:0/782692049 wait complete.
2023-10-11T16:23:33.157 INFO:teuthology.orchestra.run.smithi111.stdout:Waiting for the mgr to restart...
2023-10-11T16:23:33.158 INFO:teuthology.orchestra.run.smithi111.stdout:Waiting for mgr epoch 9...
2023-10-11T16:23:33.385 INFO:journalctl@ceph.mgr.x.smithi111.stdout:Oct 11 16:23:33 smithi111 ceph-495f265e-6852-11ee-8db6-212e2dc638e7-mgr-x[98777]:
2023-10-11T16:23:33.094+0000 7effc3f9b200 -1 mgr[py] Module selftest has missing NOTIFY_TYPES member
2023-10-11T16:23:33.385 INFO:journalctl@ceph.mgr.x.smithi111.stdout:Oct 11 16:23:33 smithi111 ceph-495f265e-6852-11ee-8db6-212e2dc638e7-mgr-x[98777]:
2023-10-11T16:23:33.226+0000 7effc3f9b200 -1 mgr[py] Module alerts has missing NOTIFY_TYPES member
2023-10-11T16:23:33.785 INFO:journalctl@ceph.mon.a.smithi111.stdout:Oct 11 16:23:33 smithi111 ceph-mon[98527]: from='client.? 172.21.15.111:0/782692049' entity='client.admin' cmd=[{"prefix": "mgr stat"}]: dispatch
2023-10-11T16:23:34.135 INFO:journalctl@ceph.mgr.x.smithi111.stdout:Oct 11 16:23:33 smithi111 ceph-495f265e-6852-11ee-8db6-212e2dc638e7-mgr-x[98777]:
2023-10-11T16:23:33.784+0000 7effc3f9b200 -1 mgr[py] Module progress has missing NOTIFY_TYPES member
2023-10-11T16:23:34.885 INFO:journalctl@ceph.mgr.x.smithi111.stdout:Oct 11 16:23:34 smithi111 ceph-495f265e-6852-11ee-8db6-212e2dc638e7-mgr-x[98777]:
2023-10-11T16:23:34.517+0000 7effc3f9b200 -1 mgr[py] Module rook has missing NOTIFY_TYPES member
2023-10-11T16:23:34.885 INFO:journalctl@ceph.mgr.x.smithi111.stdout:Oct 11 16:23:34 smithi111 ceph-495f265e-6852-11ee-8db6-212e2dc638e7-mgr-x[98777]:
2023-10-11T16:23:34.726+0000 7effc3f9b200 -1 mgr[py] Module iostat has missing NOTIFY_TYPES member
2023-10-11T16:23:36.003 INFO:journalctl@ceph.mgr.x.smithi111.stdout:Oct 11 16:23:35 smithi111 ceph-495f265e-6852-11ee-8db6-212e2dc638e7-mgr-x[98777]:
2023-10-11T16:23:35.662+0000 7effc3f9b200 -1 mgr[py] Module test_orchestrator has missing NOTIFY_TYPES member
2023-10-11T16:23:36.004 INFO:journalctl@ceph.mgr.x.smithi111.stdout:Oct 11 16:23:35 smithi111 ceph-495f265e-6852-11ee-8db6-212e2dc638e7-mgr-x[98777]:
2023-10-11T16:23:35.781+0000 7effc3f9b200 -1 mgr[py] Module osd_perf_query has missing NOTIFY_TYPES member
2023-10-11T16:23:36.363 INFO:journalctl@ceph.mgr.x.smithi111.stdout:Oct 11 16:23:36 smithi111 ceph-495f265e-6852-11ee-8db6-212e2dc638e7-mgr-x[98777]:
2023-10-11T16:23:36.002+0000 7effc3f9b200 -1 mgr[py] Module orchestrator has missing NOTIFY_TYPES member
2023-10-11T16:23:36.635 INFO:journalctl@ceph.mgr.x.smithi111.stdout:Oct 11 16:23:36 smithi111 ceph-495f265e-6852-11ee-8db6-212e2dc638e7-mgr-x[98777]:
2023-10-11T16:23:36.360+0000 7effc3f9b200 -1 mgr[py] Module rgw has missing NOTIFY_TYPES member
2023-10-11T16:23:37.135 INFO:journalctl@ceph.mgr.x.smithi111.stdout:Oct 11 16:23:36 smithi111 ceph-495f265e-6852-11ee-8db6-212e2dc638e7-mgr-x[98777]:
2023-10-11T16:23:36.635+0000 7effc3f9b200 -1 mgr[py] Module influx has missing NOTIFY_TYPES member
2023-10-11T16:23:37.135 INFO:journalctl@ceph.mgr.x.smithi111.stdout:Oct 11 16:23:36 smithi111 ceph-495f265e-6852-11ee-8db6-212e2dc638e7-mgr-x[98777]:
2023-10-11T16:23:36.825+0000 7effc3f9b200 -1 mgr[py] Module telemetry has missing NOTIFY_TYPES member
2023-10-11T16:23:37.635 INFO:journalctl@ceph.mgr.x.smithi111.stdout:Oct 11 16:23:37 smithi111 ceph-495f265e-6852-11ee-8db6-212e2dc638e7-mgr-x[98777]:
2023-10-11T16:23:37.161+0000 7effc3f9b200 -1 mgr[py] Module telegraf has missing NOTIFY_TYPES member
2023-10-11T16:23:38.385 INFO:journalctl@ceph.mgr.x.smithi111.stdout:Oct 11 16:23:38 smithi111 ceph-495f265e-6852-11ee-8db6-212e2dc638e7-mgr-x[98777]:
2023-10-11T16:23:38.075+0000 7effc3f9b200 -1 mgr[py] Module balancer has missing NOTIFY_TYPES member
2023-10-11T16:23:38.385 INFO:journalctl@ceph.mgr.x.smithi111.stdout:Oct 11 16:23:38 smithi111 ceph-495f265e-6852-11ee-8db6-212e2dc638e7-mgr-x[98777]:
2023-10-11T16:23:38.245+0000 7effc3f9b200 -1 mgr[py] Module diskprediction_local has missing NOTIFY_TYPES member
2023-10-11T16:23:38.885 INFO:journalctl@ceph.mgr.x.smithi111.stdout:Oct 11 16:23:38 smithi111 ceph-495f265e-6852-11ee-8db6-212e2dc638e7-mgr-x[98777]:
2023-10-11T16:23:38.493+0000 7effc3f9b200 -1 mgr[py] Module nfs has missing NOTIFY_TYPES member
2023-10-11T16:23:38.885 INFO:journalctl@ceph.mgr.x.smithi111.stdout:Oct 11 16:23:38 smithi111 ceph-495f265e-6852-11ee-8db6-212e2dc638e7-mgr-x[98777]:
2023-10-11T16:23:38.641+0000 7effc3f9b200 -1 mgr[py] Module rbd_support has missing NOTIFY_TYPES member
2023-10-11T16:23:39.385 INFO:journalctl@ceph.mgr.x.smithi111.stdout:Oct 11 16:23:38 smithi111 ceph-495f265e-6852-11ee-8db6-212e2dc638e7-mgr-x[98777]:
2023-10-11T16:23:38.915+0000 7effc3f9b200 -1 mgr[py] Module volumes has missing NOTIFY_TYPES member
2023-10-11T16:23:40.385 INFO:journalctl@ceph.mgr.x.smithi111.stdout:Oct 11 16:23:39 smithi111 ceph-495f265e-6852-11ee-8db6-212e2dc638e7-mgr-x[98777]:
2023-10-11T16:23:39.967+0000 7effc3f9b200 -1 mgr[py] Module pg_autoscaler has missing NOTIFY_TYPES member
2023-10-11T16:23:40.885 INFO:journalctl@ceph.mon.a.smithi111.stdout:Oct 11 16:23:40 smithi111 ceph-mon[98527]: Active manager daemon x restarted
2023-10-11T16:23:40.886 INFO:journalctl@ceph.mon.a.smithi111.stdout:Oct 11 16:23:40 smithi111 ceph-mon[98527]: Activating manager daemon x
2023-10-11T16:23:40.886 INFO:journalctl@ceph.mon.a.smithi111.stdout:Oct 11 16:23:40 smithi111 ceph-mon[98527]: osdmap e3: 0 total, 0 up, 0 in
2023-10-11T16:23:40.886 INFO:journalctl@ceph.mon.a.smithi111.stdout:Oct 11 16:23:40 smithi111 ceph-mon[98527]: mgrmap e10: x(active, starting, since 0.0038082s)
2023-10-11T16:23:40.886 INFO:journalctl@ceph.mon.a.smithi111.stdout:Oct 11 16:23:40 smithi111 ceph-mon[98527]: from='mgr.14148 172.21.15.111:0/3622315281' entity='mgr.x' cmd=[{"prefix": "mon metadata", "id": "a"}]: dispatch
2023-10-11T16:23:40.886 INFO:journalctl@ceph.mon.a.smithi111.stdout:Oct 11 16:23:40 smithi111 ceph-mon[98527]: from='mgr.14148 172.21.15.111:0/3622315281' entity='mgr.x' cmd=[{"prefix": "mgr metadata", "who": "x", "id": "x"}]: dispatch
2023-10-11T16:23:40.887 INFO:journalctl@ceph.mon.a.smithi111.stdout:Oct 11 16:23:40 smithi111 ceph-mon[98527]: from='mgr.14148 172.21.15.111:0/3622315281' entity='mgr.x' cmd=[{"prefix": "mds metadata"}]: dispatch
2023-10-11T16:23:40.887 INFO:journalctl@ceph.mon.a.smithi111.stdout:Oct 11 16:23:40 smithi111 ceph-mon[98527]: from='mgr.14148 172.21.15.111:0/3622315281' entity='mgr.x' cmd=[{"prefix": "osd metadata"}]: dispatch
2023-10-11T16:23:40.887 INFO:journalctl@ceph.mon.a.smithi111.stdout:Oct 11 16:23:40 smithi111 ceph-mon[98527]: from='mgr.14148 172.21.15.111:0/3622315281' entity='mgr.x' cmd=[{"prefix": "mon metadata"}]: dispatch
2023-10-11T16:23:40.887 INFO:journalctl@ceph.mon.a.smithi111.stdout:Oct 11 16:23:40 smithi111 ceph-mon[98527]: Manager daemon x is now available
2023-10-11T16:23:40.888 INFO:journalctl@ceph.mon.a.smithi111.stdout:Oct 11 16:23:40 smithi111 ceph-mon[98527]: from='mgr.14148 172.21.15.111:0/3622315281' entity='mgr.x' cmd=[{"prefix": "config dump", "format": "json"}]: dispatch
2023-10-11T16:23:40.888 INFO:journalctl@ceph.mon.a.smithi111.stdout:Oct 11 16:23:40 smithi111 ceph-mon[98527]: from='mgr.14148 172.21.15.111:0/3622315281' entity='mgr.x' cmd=[{"prefix": "config dump", "format": "json"}]: dispatch
2023-10-11T16:23:40.888 INFO:journalctl@ceph.mon.a.smithi111.stdout:Oct 11 16:23:40 smithi111 ceph-mon[98527]: from='mgr.14148 172.21.15.111:0/3622315281' entity='mgr.x' cmd=[{"prefix":"config rm","who":"mgr","name":"mgr/rbd_support/x/mirror_snapshot_schedule"}]: dispatch
2023-10-11T16:23:40.888 INFO:journalctl@ceph.mon.a.smithi111.stdout:Oct 11 16:23:40 smithi111 ceph-mon[98527]: from='mgr.14148 172.21.15.111:0/3622315281' entity='mgr.x' cmd=[{"prefix":"config rm","who":"mgr","name":"mgr/rbd_support/x/trash_purge_schedule"}]: dispatch
2023-10-11T16:23:41.346 INFO:teuthology.orchestra.run.smithi111.stdout:/usr/bin/ceph: stdout {
2023-10-11T16:23:41.346 INFO:teuthology.orchestra.run.smithi111.stdout:/usr/bin/ceph: stdout "mgrmap_epoch": 11,
2023-10-11T16:23:41.347 INFO:teuthology.orchestra.run.smithi111.stdout:/usr/bin/ceph: stdout "initialized": true
2023-10-11T16:23:41.347 INFO:teuthology.orchestra.run.smithi111.stdout:/usr/bin/ceph: stdout }
2023-10-11T16:23:41.347 INFO:teuthology.orchestra.run.smithi111.stdout:/usr/bin/ceph: stderr
2023-10-11T16:23:33.695+0000 7f1bc4573700 1 Processor -- start
2023-10-11T16:23:41.347 INFO:teuthology.orchestra.run.smithi111.stdout:/usr/bin/ceph: stderr
2023-10-11T16:23:33.695+0000 7f1bc4573700 1 -- start start
2023-10-11T16:23:41.347 INFO:teuthology.orchestra.run.smithi111.stdout:/usr/bin/ceph: stderr
2023-10-11T16:23:33.695+0000 7f1bc4573700 1 --2- >> [v2:172.21.15.111:3300/0,v1:172.21.15.111:6789/0] conn(0x7f1bbc106490 0x7f1bbc108870 unknown :-1 s=NONE pgs=0 cs=0 l=0 rev1=0 crypto rx=0 tx=0 comp rx=0 tx=0).connect
2023-10-11T16:23:41.348 INFO:teuthology.orchestra.run.smithi111.stdout:/usr/bin/ceph: stderr
2023-10-11T16:23:33.695+0000 7f1bc4573700 1 -- --> [v2:172.21.15.111:3300/0,v1:172.21.15.111:6789/0] -- mon_getmap magic: 0 v1 -- 0x7f1bbc079e60 con 0x7f1bbc106490
2023-10-11T16:23:41.348 INFO:teuthology.orchestra.run.smithi111.stdout:/usr/bin/ceph: stderr
2023-10-11T16:23:33.696+0000 7f1bc230f700 1 --2- >> [v2:172.21.15.111:3300/0,v1:172.21.15.111:6789/0] conn(0x7f1bbc106490 0x7f1bbc108870 unknown :-1 s=BANNER_CONNECTING pgs=0 cs=0 l=0 rev1=0 crypto rx=0 tx=0 comp rx=0 tx=0)._handle_peer_banner_payload supported=3 required=0
2023-10-11T16:23:41.348 INFO:teuthology.orchestra.run.smithi111.stdout:/usr/bin/ceph: stderr
2023-10-11T16:23:33.696+0000 7f1bc230f700 1 --2- >> [v2:172.21.15.111:3300/0,v1:172.21.15.111:6789/0] conn(0x7f1bbc106490 0x7f1bbc108870 unknown :-1 s=HELLO_CONNECTING pgs=0 cs=0 l=0 rev1=1 crypto rx=0 tx=0 comp rx=0 tx=0).handle_hello peer v2:172.21.15.111:3300/0 says I am v2:172.21.15.111:48754/0 (socket says 172.21.15.111:48754)
2023-10-11T16:23:41.348 INFO:teuthology.orchestra.run.smithi111.stdout:/usr/bin/ceph: stderr
2023-10-11T16:23:33.696+0000 7f1bc230f700 1 -- 172.21.15.111:0/2972086960 learned_addr learned my addr 172.21.15.111:0/2972086960 (peer_addr_for_me v2:172.21.15.111:0/0)
2023-10-11T16:23:41.349 INFO:teuthology.orchestra.run.smithi111.stdout:/usr/bin/ceph: stderr
2023-10-11T16:23:33.696+0000 7f1bc230f700 1 -- 172.21.15.111:0/2972086960 --> [v2:172.21.15.111:3300/0,v1:172.21.15.111:6789/0] -- mon_subscribe({config=0+,monmap=0+}) v3 -- 0x7f1bbc108db0 con 0x7f1bbc106490
2023-10-11T16:23:41.349 INFO:teuthology.orchestra.run.smithi111.stdout:/usr/bin/ceph: stderr
2023-10-11T16:23:33.696+0000 7f1bc230f700 1 --2- 172.21.15.111:0/2972086960 >> [v2:172.21.15.111:3300/0,v1:172.21.15.111:6789/0] conn(0x7f1bbc106490 0x7f1bbc108870 secure :-1 s=READY pgs=57 cs=0 l=1 rev1=1 crypto rx=0x7f1bb80098a0 tx=0x7f1bb8009bb0 comp rx=0 tx=0).ready entity=mon.0 client_cookie=b3f88a7db4b94838 server_cookie=0 in_seq=0 out_seq=0
2023-10-11T16:23:41.349 INFO:teuthology.orchestra.run.smithi111.stdout:/usr/bin/ceph: stderr
2023-10-11T16:23:33.696+0000 7f1bc130d700 1 -- 172.21.15.111:0/2972086960 <== mon.0 v2:172.21.15.111:3300/0 1 ==== mon_map magic: 0 v1 ==== 205+0+0 (secure 0 0 0) 0x7f1bb8004160 con 0x7f1bbc106490
2023-10-11T16:23:41.349 INFO:teuthology.orchestra.run.smithi111.stdout:/usr/bin/ceph: stderr
2023-10-11T16:23:33.697+0000 7f1bc130d700 1 -- 172.21.15.111:0/2972086960 <== mon.0 v2:172.21.15.111:3300/0 2 ==== config(26 keys) v1 ==== 1105+0+0 (secure 0 0 0) 0x7f1bb80042c0 con 0x7f1bbc106490
2023-10-11T16:23:41.349 INFO:teuthology.orchestra.run.smithi111.stdout:/usr/bin/ceph: stderr
2023-10-11T16:23:33.697+0000 7f1bc130d700 1 -- 172.21.15.111:0/2972086960 <== mon.0 v2:172.21.15.111:3300/0 3 ==== mon_map magic: 0 v1 ==== 205+0+0 (secure 0 0 0) 0x7f1bb80119b0 con 0x7f1bbc106490
2023-10-11T16:23:41.350 INFO:teuthology.orchestra.run.smithi111.stdout:/usr/bin/ceph: stderr
2023-10-11T16:23:33.697+0000 7f1bc4573700 1 -- 172.21.15.111:0/2972086960 >> [v2:172.21.15.111:3300/0,v1:172.21.15.111:6789/0] conn(0x7f1bbc106490 msgr2=0x7f1bbc108870 secure :-1 s=STATE_CONNECTION_ESTABLISHED l=1).mark_down
2023-10-11T16:23:41.350 INFO:teuthology.orchestra.run.smithi111.stdout:/usr/bin/ceph: stderr
2023-10-11T16:23:33.697+0000 7f1bc4573700 1 --2- 172.21.15.111:0/2972086960 >> [v2:172.21.15.111:3300/0,v1:172.21.15.111:6789/0] conn(0x7f1bbc106490 0x7f1bbc108870 secure :-1 s=READY pgs=57 cs=0 l=1 rev1=1 crypto rx=0x7f1bb80098a0 tx=0x7f1bb8009bb0 comp rx=0 tx=0).stop
2023-10-11T16:23:41.350 INFO:teuthology.orchestra.run.smithi111.stdout:/usr/bin/ceph: stderr
2023-10-11T16:23:33.697+0000 7f1bc4573700 1 -- 172.21.15.111:0/2972086960 shutdown_connections
2023-10-11T16:23:41.350 INFO:teuthology.orchestra.run.smithi111.stdout:/usr/bin/ceph: stderr
2023-10-11T16:23:33.697+0000 7f1bc4573700 1 --2- 172.21.15.111:0/2972086960 >> [v2:172.21.15.111:3300/0,v1:172.21.15.111:6789/0] conn(0x7f1bbc106490 0x7f1bbc108870 unknown :-1 s=CLOSED pgs=57 cs=0 l=1 rev1=1 crypto rx=0 tx=0 comp rx=0 tx=0).stop
2023-10-11T16:23:41.350 INFO:teuthology.orchestra.run.smithi111.stdout:/usr/bin/ceph: stderr
2023-10-11T16:23:33.697+0000 7f1bc4573700 1 -- 172.21.15.111:0/2972086960 >> 172.21.15.111:0/2972086960 conn(0x7f1bbc0ffed0 msgr2=0x7f1bbc102300 unknown :-1 s=STATE_NONE l=0).mark_down
2023-10-11T16:23:41.351 INFO:teuthology.orchestra.run.smithi111.stdout:/usr/bin/ceph: stderr
2023-10-11T16:23:33.697+0000 7f1bc4573700 1 -- 172.21.15.111:0/2972086960 shutdown_connections
2023-10-11T16:23:41.351 INFO:teuthology.orchestra.run.smithi111.stdout:/usr/bin/ceph: stderr
2023-10-11T16:23:33.697+0000 7f1bc4573700 1 -- 172.21.15.111:0/2972086960 wait complete.
2023-10-11T16:23:41.351 INFO:teuthology.orchestra.run.smithi111.stdout:/usr/bin/ceph: stderr
2023-10-11T16:23:33.698+0000 7f1bc4573700 1 Processor -- start
2023-10-11T16:23:41.351 INFO:teuthology.orchestra.run.smithi111.stdout:/usr/bin/ceph: stderr
2023-10-11T16:23:33.699+0000 7f1bc4573700 1 -- start start
2023-10-11T16:23:41.351 INFO:teuthology.orchestra.run.smithi111.stdout:/usr/bin/ceph: stderr
2023-10-11T16:23:33.699+0000 7f1bc4573700 1 --2- >> [v2:172.21.15.111:3300/0,v1:172.21.15.111:6789/0] conn(0x7f1bbc106490 0x7f1bbc105df0 unknown :-1 s=NONE pgs=0 cs=0 l=1 rev1=0 crypto rx=0 tx=0 comp rx=0 tx=0).connect
2023-10-11T16:23:41.352 INFO:teuthology.orchestra.run.smithi111.stdout:/usr/bin/ceph: stderr
2023-10-11T16:23:33.699+0000 7f1bc4573700 1 -- --> [v2:172.21.15.111:3300/0,v1:172.21.15.111:6789/0] -- mon_getmap magic: 0 v1 -- 0x7f1bbc106330 con 0x7f1bbc106490
2023-10-11T16:23:41.352 INFO:teuthology.orchestra.run.smithi111.stdout:/usr/bin/ceph: stderr
2023-10-11T16:23:33.699+0000 7f1bc230f700 1 --2- >> [v2:172.21.15.111:3300/0,v1:172.21.15.111:6789/0] conn(0x7f1bbc106490 0x7f1bbc105df0 unknown :-1 s=BANNER_CONNECTING pgs=0 cs=0 l=1 rev1=0 crypto rx=0 tx=0 comp rx=0 tx=0)._handle_peer_banner_payload supported=3 required=0
2023-10-11T16:23:41.352 INFO:teuthology.orchestra.run.smithi111.stdout:/usr/bin/ceph: stderr
2023-10-11T16:23:33.699+0000 7f1bc230f700 1 --2- >> [v2:172.21.15.111:3300/0,v1:172.21.15.111:6789/0] conn(0x7f1bbc106490 0x7f1bbc105df0 unknown :-1 s=HELLO_CONNECTING pgs=0 cs=0 l=1 rev1=1 crypto rx=0 tx=0 comp rx=0 tx=0).handle_hello peer v2:172.21.15.111:3300/0 says I am v2:172.21.15.111:48758/0 (socket says 172.21.15.111:48758)
2023-10-11T16:23:41.352 INFO:teuthology.orchestra.run.smithi111.stdout:/usr/bin/ceph: stderr
2023-10-11T16:23:33.699+0000 7f1bc230f700 1 -- 172.21.15.111:0/1435328680 learned_addr learned my addr 172.21.15.111:0/1435328680 (peer_addr_for_me v2:172.21.15.111:0/0)
2023-10-11T16:23:41.352 INFO:teuthology.orchestra.run.smithi111.stdout:/usr/bin/ceph: stderr
2023-10-11T16:23:33.699+0000 7f1bc230f700 1 -- 172.21.15.111:0/1435328680 --> [v2:172.21.15.111:3300/0,v1:172.21.15.111:6789/0] -- mon_subscribe({config=0+,monmap=0+}) v3 -- 0x7f1bb8009550 con 0x7f1bbc106490
2023-10-11T16:23:41.352 INFO:teuthology.orchestra.run.smithi111.stdout:/usr/bin/ceph: stderr
2023-10-11T16:23:33.700+0000 7f1bc230f700 1 --2- 172.21.15.111:0/1435328680 >> [v2:172.21.15.111:3300/0,v1:172.21.15.111:6789/0] conn(0x7f1bbc106490 0x7f1bbc105df0 secure :-1 s=READY pgs=58 cs=0 l=1 rev1=1 crypto rx=0x7f1bb8003e60 tx=0x7f1bb8011aa0 comp rx=0 tx=0).ready entity=mon.0 client_cookie=0 server_cookie=0 in_seq=0 out_seq=0
2023-10-11T16:23:41.353 INFO:teuthology.orchestra.run.smithi111.stdout:/usr/bin/ceph: stderr
2023-10-11T16:23:33.700+0000 7f1bb37fe700 1 -- 172.21.15.111:0/1435328680 <== mon.0 v2:172.21.15.111:3300/0 1 ==== mon_map magic: 0 v1 ==== 205+0+0 (secure 0 0 0) 0x7f1bb8003970 con 0x7f1bbc106490
2023-10-11T16:23:41.353 INFO:teuthology.orchestra.run.smithi111.stdout:/usr/bin/ceph: stderr
2023-10-11T16:23:33.700+0000 7f1bb37fe700 1 -- 172.21.15.111:0/1435328680 <== mon.0 v2:172.21.15.111:3300/0 2 ==== config(26 keys) v1 ==== 1105+0+0 (secure 0 0 0) 0x7f1bb8003ad0 con 0x7f1bbc106490
2023-10-11T16:23:41.353 INFO:teuthology.orchestra.run.smithi111.stdout:/usr/bin/ceph: stderr
2023-10-11T16:23:33.700+0000 7f1bc4573700 1 -- 172.21.15.111:0/1435328680 --> [v2:172.21.15.111:3300/0,v1:172.21.15.111:6789/0] -- mon_subscribe({mgrmap=0+}) v3 -- 0x7f1bbc109d80 con 0x7f1bbc106490
2023-10-11T16:23:41.353 INFO:teuthology.orchestra.run.smithi111.stdout:/usr/bin/ceph: stderr
2023-10-11T16:23:33.700+0000 7f1bb37fe700 1 -- 172.21.15.111:0/1435328680 <== mon.0 v2:172.21.15.111:3300/0 3 ==== mon_map magic: 0 v1 ==== 205+0+0 (secure 0 0 0) 0x7f1bb80195e0 con 0x7f1bbc106490
2023-10-11T16:23:41.353 INFO:teuthology.orchestra.run.smithi111.stdout:/usr/bin/ceph: stderr
2023-10-11T16:23:33.700+0000 7f1bc4573700 1 -- 172.21.15.111:0/1435328680 --> [v2:172.21.15.111:3300/0,v1:172.21.15.111:6789/0] -- mon_subscribe({osdmap=0}) v3 -- 0x7f1bbc109bf0 con 0x7f1bbc106490
2023-10-11T16:23:41.354 INFO:teuthology.orchestra.run.smithi111.stdout:/usr/bin/ceph: stderr
2023-10-11T16:23:33.701+0000 7f1bb37fe700 1 -- 172.21.15.111:0/1435328680 <== mon.0 v2:172.21.15.111:3300/0 4 ==== mgrmap(e 9) v1 ==== 45496+0+0 (secure 0 0 0) 0x7f1bb80198a0 con 0x7f1bbc106490
2023-10-11T16:23:41.354 INFO:teuthology.orchestra.run.smithi111.stdout:/usr/bin/ceph: stderr
2023-10-11T16:23:33.702+0000 7f1bb37fe700 1 --2- 172.21.15.111:0/1435328680 >> [v2:172.21.15.111:6800/4086392563,v1:172.21.15.111:6801/4086392563] conn(0x7f1ba8038710 0x7f1ba803abc0 unknown :-1 s=NONE pgs=0 cs=0 l=1 rev1=0 crypto rx=0 tx=0 comp rx=0 tx=0).connect
2023-10-11T16:23:41.354 INFO:teuthology.orchestra.run.smithi111.stdout:/usr/bin/ceph: stderr
2023-10-11T16:23:33.702+0000 7f1bb37fe700 1 -- 172.21.15.111:0/1435328680 --> [v2:172.21.15.111:6800/4086392563,v1:172.21.15.111:6801/4086392563] -- command(tid 0: {"prefix": "get_command_descriptions"}) v1 -- 0x7f1ba803b2d0 con 0x7f1ba8038710
2023-10-11T16:23:41.354 INFO:teuthology.orchestra.run.smithi111.stdout:/usr/bin/ceph: stderr
2023-10-11T16:23:33.702+0000 7f1bb37fe700 1 -- 172.21.15.111:0/1435328680 <== mon.0 v2:172.21.15.111:3300/0 5 ==== osd_map(2..2 src has 1..2) v4 ==== 940+0+0 (secure 0 0 0) 0x7f1bb804cb60 con 0x7f1bbc106490
2023-10-11T16:23:41.354 INFO:teuthology.orchestra.run.smithi111.stdout:/usr/bin/ceph: stderr
2023-10-11T16:23:33.702+0000 7f1bc1b0e700 1 -- 172.21.15.111:0/1435328680 >> [v2:172.21.15.111:6800/4086392563,v1:172.21.15.111:6801/4086392563] conn(0x7f1ba8038710 msgr2=0x7f1ba803abc0 unknown :-1 s=STATE_CONNECTING_RE l=1).process reconnect failed to v2:172.21.15.111:6800/4086392563
2023-10-11T16:23:41.355 INFO:teuthology.orchestra.run.smithi111.stdout:/usr/bin/ceph: stderr
2023-10-11T16:23:33.702+0000 7f1bc1b0e700 1 --2- 172.21.15.111:0/1435328680 >> [v2:172.21.15.111:6800/4086392563,v1:172.21.15.111:6801/4086392563] conn(0x7f1ba8038710 0x7f1ba803abc0 unknown :-1 s=START_CONNECT pgs=0 cs=0 l=1 rev1=0 crypto rx=0 tx=0 comp rx=0 tx=0)._fault waiting 0.200000
2023-10-11T16:23:41.355 INFO:teuthology.orchestra.run.smithi111.stdout:/usr/bin/ceph: stderr
2023-10-11T16:23:33.903+0000 7f1bc1b0e700 1 -- 172.21.15.111:0/1435328680 >> [v2:172.21.15.111:6800/4086392563,v1:172.21.15.111:6801/4086392563] conn(0x7f1ba8038710 msgr2=0x7f1ba803abc0 unknown :-1 s=STATE_CONNECTING_RE l=1).process reconnect failed to v2:172.21.15.111:6800/4086392563
2023-10-11T16:23:41.355 INFO:teuthology.orchestra.run.smithi111.stdout:/usr/bin/ceph: stderr
2023-10-11T16:23:33.903+0000 7f1bc1b0e700 1 --2- 172.21.15.111:0/1435328680 >> [v2:172.21.15.111:6800/4086392563,v1:172.21.15.111:6801/4086392563] conn(0x7f1ba8038710 0x7f1ba803abc0 unknown :-1 s=START_CONNECT pgs=0 cs=0 l=1 rev1=0 crypto rx=0 tx=0 comp rx=0 tx=0)._fault waiting 0.400000
2023-10-11T16:23:41.355 INFO:teuthology.orchestra.run.smithi111.stdout:/usr/bin/ceph: stderr
2023-10-11T16:23:34.304+0000 7f1bc1b0e700 1 -- 172.21.15.111:0/1435328680 >> [v2:172.21.15.111:6800/4086392563,v1:172.21.15.111:6801/4086392563] conn(0x7f1ba8038710 msgr2=0x7f1ba803abc0 unknown :-1 s=STATE_CONNECTING_RE l=1).process reconnect failed to v2:172.21.15.111:6800/4086392563
2023-10-11T16:23:41.355 INFO:teuthology.orchestra.run.smithi111.stdout:/usr/bin/ceph: stderr
2023-10-11T16:23:34.304+0000 7f1bc1b0e700 1 --2- 172.21.15.111:0/1435328680 >> [v2:172.21.15.111:6800/4086392563,v1:172.21.15.111:6801/4086392563] conn(0x7f1ba8038710 0x7f1ba803abc0 unknown :-1 s=START_CONNECT pgs=0 cs=0 l=1 rev1=0 crypto rx=0 tx=0 comp rx=0 tx=0)._fault waiting 0.800000
2023-10-11T16:23:41.356 INFO:teuthology.orchestra.run.smithi111.stdout:/usr/bin/ceph: stderr
