2023-11-16T16:39:48.948+0000 7f008519d700 1 -- 172.21.15.63:0/4241474876 shutdown_connections
2023-11-16T16:39:49.675 INFO:teuthology.orchestra.run.smithi063.stdout:/usr/bin/ceph: stderr
2023-11-16T16:39:48.948+0000 7f008519d700 1 -- 172.21.15.63:0/4241474876 wait complete.
2023-11-16T16:39:49.676 INFO:teuthology.orchestra.run.smithi063.stdout:/usr/bin/ceph: stderr
2023-11-16T16:39:48.949+0000 7f008519d700 1 Processor -- start
2023-11-16T16:39:49.676 INFO:teuthology.orchestra.run.smithi063.stdout:/usr/bin/ceph: stderr
2023-11-16T16:39:48.949+0000 7f008519d700 1 -- start start
2023-11-16T16:39:49.676 INFO:teuthology.orchestra.run.smithi063.stdout:/usr/bin/ceph: stderr
2023-11-16T16:39:48.950+0000 7f008519d700 1 --2- >> [v2:172.21.15.63:3300/0,v1:172.21.15.63:6789/0] conn(0x7f008007be00 0x7f008019b640 unknown :-1 s=NONE pgs=0 cs=0 l=1 rev1=0 crypto rx=0 tx=0 comp rx=0 tx=0).connect
2023-11-16T16:39:49.676 INFO:teuthology.orchestra.run.smithi063.stdout:/usr/bin/ceph: stderr
2023-11-16T16:39:48.950+0000 7f008519d700 1 -- --> [v2:172.21.15.63:3300/0,v1:172.21.15.63:6789/0] -- mon_getmap magic: 0 v1 -- 0x7f008019bb80 con 0x7f008007be00
2023-11-16T16:39:49.676 INFO:teuthology.orchestra.run.smithi063.stdout:/usr/bin/ceph: stderr
2023-11-16T16:39:48.950+0000 7f007ffff700 1 --2- >> [v2:172.21.15.63:3300/0,v1:172.21.15.63:6789/0] conn(0x7f008007be00 0x7f008019b640 unknown :-1 s=BANNER_CONNECTING pgs=0 cs=0 l=1 rev1=0 crypto rx=0 tx=0 comp rx=0 tx=0)._handle_peer_banner_payload supported=3 required=0
2023-11-16T16:39:49.676 INFO:teuthology.orchestra.run.smithi063.stdout:/usr/bin/ceph: stderr
2023-11-16T16:39:48.950+0000 7f007ffff700 1 --2- >> [v2:172.21.15.63:3300/0,v1:172.21.15.63:6789/0] conn(0x7f008007be00 0x7f008019b640 unknown :-1 s=HELLO_CONNECTING pgs=0 cs=0 l=1 rev1=1 crypto rx=0 tx=0 comp rx=0 tx=0).handle_hello peer v2:172.21.15.63:3300/0 says I am v2:172.21.15.63:55866/0 (socket says 172.21.15.63:55866)
2023-11-16T16:39:49.676 INFO:teuthology.orchestra.run.smithi063.stdout:/usr/bin/ceph: stderr
2023-11-16T16:39:48.950+0000 7f007ffff700 1 -- 172.21.15.63:0/4188581101 learned_addr learned my addr 172.21.15.63:0/4188581101 (peer_addr_for_me v2:172.21.15.63:0/0)
2023-11-16T16:39:49.676 INFO:teuthology.orchestra.run.smithi063.stdout:/usr/bin/ceph: stderr
2023-11-16T16:39:48.950+0000 7f007ffff700 1 -- 172.21.15.63:0/4188581101 --> [v2:172.21.15.63:3300/0,v1:172.21.15.63:6789/0] -- mon_subscribe({config=0+,monmap=0+}) v3 -- 0x7f0070009550 con 0x7f008007be00
2023-11-16T16:39:49.676 INFO:teuthology.orchestra.run.smithi063.stdout:/usr/bin/ceph: stderr
2023-11-16T16:39:48.951+0000 7f007ffff700 1 --2- 172.21.15.63:0/4188581101 >> [v2:172.21.15.63:3300/0,v1:172.21.15.63:6789/0] conn(0x7f008007be00 0x7f008019b640 secure :-1 s=READY pgs=40 cs=0 l=1 rev1=1 crypto rx=0x7f0070003f50 tx=0x7f0070011ad0 comp rx=0 tx=0).ready entity=mon.0 client_cookie=0 server_cookie=0 in_seq=0 out_seq=0
2023-11-16T16:39:49.676 INFO:teuthology.orchestra.run.smithi063.stdout:/usr/bin/ceph: stderr
2023-11-16T16:39:48.951+0000 7f007d7fa700 1 -- 172.21.15.63:0/4188581101 <== mon.0 v2:172.21.15.63:3300/0 1 ==== mon_map magic: 0 v1 ==== 205+0+0 (secure 0 0 0) 0x7f0070003aa0 con 0x7f008007be00
2023-11-16T16:39:49.676 INFO:teuthology.orchestra.run.smithi063.stdout:/usr/bin/ceph: stderr
2023-11-16T16:39:48.951+0000 7f007d7fa700 1 -- 172.21.15.63:0/4188581101 <== mon.0 v2:172.21.15.63:3300/0 2 ==== config(26 keys) v1 ==== 1074+0+0 (secure 0 0 0) 0x7f0070003c00 con 0x7f008007be00
2023-11-16T16:39:49.676 INFO:teuthology.orchestra.run.smithi063.stdout:/usr/bin/ceph: stderr
2023-11-16T16:39:48.951+0000 7f008519d700 1 -- 172.21.15.63:0/4188581101 --> [v2:172.21.15.63:3300/0,v1:172.21.15.63:6789/0] -- mon_subscribe({mgrmap=0+}) v3 -- 0x7f008010bc20 con 0x7f008007be00
2023-11-16T16:39:49.676 INFO:teuthology.orchestra.run.smithi063.stdout:/usr/bin/ceph: stderr
2023-11-16T16:39:48.951+0000 7f007d7fa700 1 -- 172.21.15.63:0/4188581101 <== mon.0 v2:172.21.15.63:3300/0 3 ==== mon_map magic: 0 v1 ==== 205+0+0 (secure 0 0 0) 0x7f00700247c0 con 0x7f008007be00
2023-11-16T16:39:49.676 INFO:teuthology.orchestra.run.smithi063.stdout:/usr/bin/ceph: stderr
2023-11-16T16:39:48.951+0000 7f008519d700 1 -- 172.21.15.63:0/4188581101 --> [v2:172.21.15.63:3300/0,v1:172.21.15.63:6789/0] -- mon_subscribe({osdmap=0}) v3 -- 0x7f008010ba90 con 0x7f008007be00
2023-11-16T16:39:49.677 INFO:teuthology.orchestra.run.smithi063.stdout:/usr/bin/ceph: stderr
2023-11-16T16:39:48.952+0000 7f008519d700 1 -- 172.21.15.63:0/4188581101 --> [v2:172.21.15.63:3300/0,v1:172.21.15.63:6789/0] -- mon_command({"prefix": "get_command_descriptions"} v 0) v1 -- 0x7f0080062120 con 0x7f008007be00
2023-11-16T16:39:49.677 INFO:teuthology.orchestra.run.smithi063.stdout:/usr/bin/ceph: stderr
2023-11-16T16:39:48.952+0000 7f007d7fa700 1 -- 172.21.15.63:0/4188581101 <== mon.0 v2:172.21.15.63:3300/0 4 ==== mgrmap(e 8) v1 ==== 45483+0+0 (secure 0 0 0) 0x7f007001ab60 con 0x7f008007be00
2023-11-16T16:39:49.677 INFO:teuthology.orchestra.run.smithi063.stdout:/usr/bin/ceph: stderr
2023-11-16T16:39:48.953+0000 7f007d7fa700 1 --2- 172.21.15.63:0/4188581101 >> [v2:172.21.15.63:6800/2287913428,v1:172.21.15.63:6801/2287913428] conn(0x7f0068038820 0x7f006803acd0 unknown :-1 s=NONE pgs=0 cs=0 l=1 rev1=0 crypto rx=0 tx=0 comp rx=0 tx=0).connect
2023-11-16T16:39:49.677 INFO:teuthology.orchestra.run.smithi063.stdout:/usr/bin/ceph: stderr
2023-11-16T16:39:48.953+0000 7f007d7fa700 1 -- 172.21.15.63:0/4188581101 <== mon.0 v2:172.21.15.63:3300/0 5 ==== osd_map(2..2 src has 1..2) v4 ==== 940+0+0 (secure 0 0 0) 0x7f007004c6f0 con 0x7f008007be00
2023-11-16T16:39:49.677 INFO:teuthology.orchestra.run.smithi063.stdout:/usr/bin/ceph: stderr
2023-11-16T16:39:48.953+0000 7f007f7fe700 1 --2- 172.21.15.63:0/4188581101 >> [v2:172.21.15.63:6800/2287913428,v1:172.21.15.63:6801/2287913428] conn(0x7f0068038820 0x7f006803acd0 unknown :-1 s=BANNER_CONNECTING pgs=0 cs=0 l=1 rev1=0 crypto rx=0 tx=0 comp rx=0 tx=0)._handle_peer_banner_payload supported=3 required=0
2023-11-16T16:39:49.677 INFO:teuthology.orchestra.run.smithi063.stdout:/usr/bin/ceph: stderr
2023-11-16T16:39:48.953+0000 7f007f7fe700 1 --2- 172.21.15.63:0/4188581101 >> [v2:172.21.15.63:6800/2287913428,v1:172.21.15.63:6801/2287913428] conn(0x7f0068038820 0x7f006803acd0 secure :-1 s=READY pgs=8 cs=0 l=1 rev1=1 crypto rx=0x7f0074006fd0 tx=0x7f0074006e40 comp rx=0 tx=0).ready entity=mgr.14120 client_cookie=0 server_cookie=0 in_seq=0 out_seq=0
2023-11-16T16:39:49.677 INFO:teuthology.orchestra.run.smithi063.stdout:/usr/bin/ceph: stderr
2023-11-16T16:39:48.957+0000 7f007d7fa700 1 -- 172.21.15.63:0/4188581101 <== mon.0 v2:172.21.15.63:3300/0 6 ==== mon_command_ack([{"prefix": "get_command_descriptions"}]=0 v0) v1 ==== 72+0+177948 (secure 0 0 0) 0x7f0070024920 con 0x7f008007be00
2023-11-16T16:39:49.677 INFO:teuthology.orchestra.run.smithi063.stdout:/usr/bin/ceph: stderr
2023-11-16T16:39:49.166+0000 7f008519d700 1 -- 172.21.15.63:0/4188581101 --> [v2:172.21.15.63:6800/2287913428,v1:172.21.15.63:6801/2287913428] -- mgr_command(tid 0: {"prefix": "cephadm set-user", "user": "root", "target": ["mon-mgr", ""]}) v1 -- 0x7f0080102260 con 0x7f0068038820
2023-11-16T16:39:49.677 INFO:teuthology.orchestra.run.smithi063.stdout:/usr/bin/ceph: stderr
2023-11-16T16:39:49.167+0000 7f007d7fa700 1 -- 172.21.15.63:0/4188581101 <== mgr.14120 v2:172.21.15.63:6800/2287913428 1 ==== mgr_command_reply(tid 0: 0 ) v1 ==== 8+0+16 (secure 0 0 0) 0x7f0080102260 con 0x7f0068038820
2023-11-16T16:39:49.677 INFO:teuthology.orchestra.run.smithi063.stdout:/usr/bin/ceph: stderr
2023-11-16T16:39:49.169+0000 7f008519d700 1 -- 172.21.15.63:0/4188581101 >> [v2:172.21.15.63:6800/2287913428,v1:172.21.15.63:6801/2287913428] conn(0x7f0068038820 msgr2=0x7f006803acd0 secure :-1 s=STATE_CONNECTION_ESTABLISHED l=1).mark_down
2023-11-16T16:39:49.677 INFO:teuthology.orchestra.run.smithi063.stdout:/usr/bin/ceph: stderr
2023-11-16T16:39:49.169+0000 7f008519d700 1 --2- 172.21.15.63:0/4188581101 >> [v2:172.21.15.63:6800/2287913428,v1:172.21.15.63:6801/2287913428] conn(0x7f0068038820 0x7f006803acd0 secure :-1 s=READY pgs=8 cs=0 l=1 rev1=1 crypto rx=0x7f0074006fd0 tx=0x7f0074006e40 comp rx=0 tx=0).stop
2023-11-16T16:39:49.677 INFO:teuthology.orchestra.run.smithi063.stdout:/usr/bin/ceph: stderr
2023-11-16T16:39:49.169+0000 7f008519d700 1 -- 172.21.15.63:0/4188581101 >> [v2:172.21.15.63:3300/0,v1:172.21.15.63:6789/0] conn(0x7f008007be00 msgr2=0x7f008019b640 secure :-1 s=STATE_CONNECTION_ESTABLISHED l=1).mark_down
2023-11-16T16:39:49.677 INFO:teuthology.orchestra.run.smithi063.stdout:/usr/bin/ceph: stderr
2023-11-16T16:39:49.169+0000 7f008519d700 1 --2- 172.21.15.63:0/4188581101 >> [v2:172.21.15.63:3300/0,v1:172.21.15.63:6789/0] conn(0x7f008007be00 0x7f008019b640 secure :-1 s=READY pgs=40 cs=0 l=1 rev1=1 crypto rx=0x7f0070003f50 tx=0x7f0070011ad0 comp rx=0 tx=0).stop
2023-11-16T16:39:49.677 INFO:teuthology.orchestra.run.smithi063.stdout:/usr/bin/ceph: stderr
2023-11-16T16:39:49.169+0000 7f008519d700 1 -- 172.21.15.63:0/4188581101 shutdown_connections
2023-11-16T16:39:49.678 INFO:teuthology.orchestra.run.smithi063.stdout:/usr/bin/ceph: stderr
2023-11-16T16:39:49.169+0000 7f008519d700 1 --2- 172.21.15.63:0/4188581101 >> [v2:172.21.15.63:6800/2287913428,v1:172.21.15.63:6801/2287913428] conn(0x7f0068038820 0x7f006803acd0 unknown :-1 s=CLOSED pgs=8 cs=0 l=1 rev1=1 crypto rx=0 tx=0 comp rx=0 tx=0).stop
2023-11-16T16:39:49.678 INFO:teuthology.orchestra.run.smithi063.stdout:/usr/bin/ceph: stderr
2023-11-16T16:39:49.169+0000 7f008519d700 1 --2- 172.21.15.63:0/4188581101 >> [v2:172.21.15.63:3300/0,v1:172.21.15.63:6789/0] conn(0x7f008007be00 0x7f008019b640 unknown :-1 s=CLOSED pgs=40 cs=0 l=1 rev1=1 crypto rx=0 tx=0 comp rx=0 tx=0).stop
2023-11-16T16:39:49.678 INFO:teuthology.orchestra.run.smithi063.stdout:/usr/bin/ceph: stderr
2023-11-16T16:39:49.169+0000 7f008519d700 1 -- 172.21.15.63:0/4188581101 >> 172.21.15.63:0/4188581101 conn(0x7f0080100dc0 msgr2=0x7f0080101b50 unknown :-1 s=STATE_NONE l=0).mark_down
2023-11-16T16:39:49.678 INFO:teuthology.orchestra.run.smithi063.stdout:/usr/bin/ceph: stderr
2023-11-16T16:39:49.170+0000 7f008519d700 1 -- 172.21.15.63:0/4188581101 shutdown_connections
2023-11-16T16:39:49.678 INFO:teuthology.orchestra.run.smithi063.stdout:/usr/bin/ceph: stderr
2023-11-16T16:39:49.170+0000 7f008519d700 1 -- 172.21.15.63:0/4188581101 wait complete.
2023-11-16T16:39:49.678 INFO:teuthology.orchestra.run.smithi063.stdout:Generating ssh key...
2023-11-16T16:39:49.917 INFO:journalctl@ceph.mon.a.smithi063.stdout:Nov 16 16:39:49 smithi063 ceph-mon[128741]: [16/Nov/2023:16:39:47] ENGINE Serving on http://172.21.15.63:8765
2023-11-16T16:39:49.918 INFO:journalctl@ceph.mon.a.smithi063.stdout:Nov 16 16:39:49 smithi063 ceph-mon[128741]: [16/Nov/2023:16:39:48] ENGINE Serving on https://172.21.15.63:7150
2023-11-16T16:39:49.918 INFO:journalctl@ceph.mon.a.smithi063.stdout:Nov 16 16:39:49 smithi063 ceph-mon[128741]: [16/Nov/2023:16:39:48] ENGINE Bus STARTED
2023-11-16T16:39:50.860 INFO:journalctl@ceph.mon.a.smithi063.stdout:Nov 16 16:39:50 smithi063 ceph-mon[128741]: from='client.14134 -' entity='client.admin' cmd=[{"prefix": "cephadm set-user", "user": "root", "target": ["mon-mgr", ""]}]: dispatch
2023-11-16T16:39:50.861 INFO:journalctl@ceph.mon.a.smithi063.stdout:Nov 16 16:39:50 smithi063 ceph-mon[128741]: from='mgr.14120 172.21.15.63:0/1269907099' entity='mgr.x'
2023-11-16T16:39:50.861 INFO:journalctl@ceph.mon.a.smithi063.stdout:Nov 16 16:39:50 smithi063 ceph-mon[128741]: from='mgr.14120 172.21.15.63:0/1269907099' entity='mgr.x'
2023-11-16T16:39:50.861 INFO:journalctl@ceph.mgr.x.smithi063.stdout:Nov 16 16:39:50 smithi063 ceph-6c3fb7b6-849e-11ee-8dbe-212e2dc638e7-mgr-x[128995]: Generating public/private rsa key pair.
2023-11-16T16:39:50.861 INFO:journalctl@ceph.mgr.x.smithi063.stdout:Nov 16 16:39:50 smithi063 ceph-6c3fb7b6-849e-11ee-8dbe-212e2dc638e7-mgr-x[128995]: Your identification has been saved in /tmp/tmpgtsc13kr/key.
2023-11-16T16:39:50.861 INFO:journalctl@ceph.mgr.x.smithi063.stdout:Nov 16 16:39:50 smithi063 ceph-6c3fb7b6-849e-11ee-8dbe-212e2dc638e7-mgr-x[128995]: Your public key has been saved in /tmp/tmpgtsc13kr/key.pub.
2023-11-16T16:39:50.861 INFO:journalctl@ceph.mgr.x.smithi063.stdout:Nov 16 16:39:50 smithi063 ceph-6c3fb7b6-849e-11ee-8dbe-212e2dc638e7-mgr-x[128995]: The key fingerprint is:
2023-11-16T16:39:50.861 INFO:journalctl@ceph.mgr.x.smithi063.stdout:Nov 16 16:39:50 smithi063 ceph-6c3fb7b6-849e-11ee-8dbe-212e2dc638e7-mgr-x[128995]: SHA256:OcV58It4tGC5DonMqLPM3etzq0wTIZL7eoDbih6c/kI ceph-6c3fb7b6-849e-11ee-8dbe-212e2dc638e7
2023-11-16T16:39:50.862 INFO:journalctl@ceph.mgr.x.smithi063.stdout:Nov 16 16:39:50 smithi063 ceph-6c3fb7b6-849e-11ee-8dbe-212e2dc638e7-mgr-x[128995]: The key's randomart image is:
2023-11-16T16:39:50.862 INFO:journalctl@ceph.mgr.x.smithi063.stdout:Nov 16 16:39:50 smithi063 ceph-6c3fb7b6-849e-11ee-8dbe-212e2dc638e7-mgr-x[128995]: +---[RSA 3072]----+
2023-11-16T16:39:50.862 INFO:journalctl@ceph.mgr.x.smithi063.stdout:Nov 16 16:39:50 smithi063 ceph-6c3fb7b6-849e-11ee-8dbe-212e2dc638e7-mgr-x[128995]: | . |
2023-11-16T16:39:50.862 INFO:journalctl@ceph.mgr.x.smithi063.stdout:Nov 16 16:39:50 smithi063 ceph-6c3fb7b6-849e-11ee-8dbe-212e2dc638e7-mgr-x[128995]: | . o + |
2023-11-16T16:39:50.862 INFO:journalctl@ceph.mgr.x.smithi063.stdout:Nov 16 16:39:50 smithi063 ceph-6c3fb7b6-849e-11ee-8dbe-212e2dc638e7-mgr-x[128995]: | o . . + = o |
2023-11-16T16:39:50.862 INFO:journalctl@ceph.mgr.x.smithi063.stdout:Nov 16 16:39:50 smithi063 ceph-6c3fb7b6-849e-11ee-8dbe-212e2dc638e7-mgr-x[128995]: | o+...o B + . |
2023-11-16T16:39:50.862 INFO:journalctl@ceph.mgr.x.smithi063.stdout:Nov 16 16:39:50 smithi063 ceph-6c3fb7b6-849e-11ee-8dbe-212e2dc638e7-mgr-x[128995]: |... +.o S + . |
2023-11-16T16:39:50.862 INFO:journalctl@ceph.mgr.x.smithi063.stdout:Nov 16 16:39:50 smithi063 ceph-6c3fb7b6-849e-11ee-8dbe-212e2dc638e7-mgr-x[128995]: |oEo .o o |
2023-11-16T16:39:50.862 INFO:journalctl@ceph.mgr.x.smithi063.stdout:Nov 16 16:39:50 smithi063 ceph-6c3fb7b6-849e-11ee-8dbe-212e2dc638e7-mgr-x[128995]: |+*.. o . |
2023-11-16T16:39:50.862 INFO:journalctl@ceph.mgr.x.smithi063.stdout:Nov 16 16:39:50 smithi063 ceph-6c3fb7b6-849e-11ee-8dbe-212e2dc638e7-mgr-x[128995]: |*+=.+... |
2023-11-16T16:39:50.863 INFO:journalctl@ceph.mgr.x.smithi063.stdout:Nov 16 16:39:50 smithi063 ceph-6c3fb7b6-849e-11ee-8dbe-212e2dc638e7-mgr-x[128995]: |=B+o.*=.. |
2023-11-16T16:39:50.863 INFO:journalctl@ceph.mgr.x.smithi063.stdout:Nov 16 16:39:50 smithi063 ceph-6c3fb7b6-849e-11ee-8dbe-212e2dc638e7-mgr-x[128995]: +----[SHA256]-----+
2023-11-16T16:39:51.260 INFO:teuthology.orchestra.run.smithi063.stdout:/usr/bin/ceph: stderr
2023-11-16T16:39:50.195+0000 7ff646d30700 1 Processor -- start
2023-11-16T16:39:51.260 INFO:teuthology.orchestra.run.smithi063.stdout:/usr/bin/ceph: stderr
2023-11-16T16:39:50.195+0000 7ff646d30700 1 -- start start
2023-11-16T16:39:51.260 INFO:teuthology.orchestra.run.smithi063.stdout:/usr/bin/ceph: stderr
2023-11-16T16:39:50.195+0000 7ff646d30700 1 --2- >> [v2:172.21.15.63:3300/0,v1:172.21.15.63:6789/0] conn(0x7ff64007be20 0x7ff64007a320 unknown :-1 s=NONE pgs=0 cs=0 l=0 rev1=0 crypto rx=0 tx=0 comp rx=0 tx=0).connect
2023-11-16T16:39:51.260 INFO:teuthology.orchestra.run.smithi063.stdout:/usr/bin/ceph: stderr
2023-11-16T16:39:50.195+0000 7ff646d30700 1 -- --> [v2:172.21.15.63:3300/0,v1:172.21.15.63:6789/0] -- mon_getmap magic: 0 v1 -- 0x7ff64007a860 con 0x7ff64007be20
2023-11-16T16:39:51.260 INFO:teuthology.orchestra.run.smithi063.stdout:/usr/bin/ceph: stderr
2023-11-16T16:39:50.196+0000 7ff644acc700 1 --2- >> [v2:172.21.15.63:3300/0,v1:172.21.15.63:6789/0] conn(0x7ff64007be20 0x7ff64007a320 unknown :-1 s=BANNER_CONNECTING pgs=0 cs=0 l=0 rev1=0 crypto rx=0 tx=0 comp rx=0 tx=0)._handle_peer_banner_payload supported=3 required=0
2023-11-16T16:39:51.260 INFO:teuthology.orchestra.run.smithi063.stdout:/usr/bin/ceph: stderr
2023-11-16T16:39:50.196+0000 7ff644acc700 1 --2- >> [v2:172.21.15.63:3300/0,v1:172.21.15.63:6789/0] conn(0x7ff64007be20 0x7ff64007a320 unknown :-1 s=HELLO_CONNECTING pgs=0 cs=0 l=0 rev1=1 crypto rx=0 tx=0 comp rx=0 tx=0).handle_hello peer v2:172.21.15.63:3300/0 says I am v2:172.21.15.63:57108/0 (socket says 172.21.15.63:57108)
2023-11-16T16:39:51.260 INFO:teuthology.orchestra.run.smithi063.stdout:/usr/bin/ceph: stderr
2023-11-16T16:39:50.196+0000 7ff644acc700 1 -- 172.21.15.63:0/3077334315 learned_addr learned my addr 172.21.15.63:0/3077334315 (peer_addr_for_me v2:172.21.15.63:0/0)
2023-11-16T16:39:51.260 INFO:teuthology.orchestra.run.smithi063.stdout:/usr/bin/ceph: stderr
2023-11-16T16:39:50.196+0000 7ff644acc700 1 -- 172.21.15.63:0/3077334315 --> [v2:172.21.15.63:3300/0,v1:172.21.15.63:6789/0] -- mon_subscribe({config=0+,monmap=0+}) v3 -- 0x7ff64007a9a0 con 0x7ff64007be20
2023-11-16T16:39:51.261 INFO:teuthology.orchestra.run.smithi063.stdout:/usr/bin/ceph: stderr
2023-11-16T16:39:50.196+0000 7ff644acc700 1 --2- 172.21.15.63:0/3077334315 >> [v2:172.21.15.63:3300/0,v1:172.21.15.63:6789/0] conn(0x7ff64007be20 0x7ff64007a320 secure :-1 s=READY pgs=41 cs=0 l=1 rev1=1 crypto rx=0x7ff6340098a0 tx=0x7ff634009bb0 comp rx=0 tx=0).ready entity=mon.0 client_cookie=17c5899af48471d7 server_cookie=0 in_seq=0 out_seq=0
2023-11-16T16:39:51.261 INFO:teuthology.orchestra.run.smithi063.stdout:/usr/bin/ceph: stderr
2023-11-16T16:39:50.197+0000 7ff63f7fe700 1 -- 172.21.15.63:0/3077334315 <== mon.0 v2:172.21.15.63:3300/0 1 ==== mon_map magic: 0 v1 ==== 205+0+0 (secure 0 0 0) 0x7ff634004160 con 0x7ff64007be20
2023-11-16T16:39:51.261 INFO:teuthology.orchestra.run.smithi063.stdout:/usr/bin/ceph: stderr
2023-11-16T16:39:50.197+0000 7ff63f7fe700 1 -- 172.21.15.63:0/3077334315 <== mon.0 v2:172.21.15.63:3300/0 2 ==== config(26 keys) v1 ==== 1074+0+0 (secure 0 0 0) 0x7ff6340042c0 con 0x7ff64007be20
2023-11-16T16:39:51.261 INFO:teuthology.orchestra.run.smithi063.stdout:/usr/bin/ceph: stderr
2023-11-16T16:39:50.197+0000 7ff63f7fe700 1 -- 172.21.15.63:0/3077334315 <== mon.0 v2:172.21.15.63:3300/0 3 ==== mon_map magic: 0 v1 ==== 205+0+0 (secure 0 0 0) 0x7ff634011a00 con 0x7ff64007be20
2023-11-16T16:39:51.261 INFO:teuthology.orchestra.run.smithi063.stdout:/usr/bin/ceph: stderr
2023-11-16T16:39:50.197+0000 7ff646d30700 1 -- 172.21.15.63:0/3077334315 >> [v2:172.21.15.63:3300/0,v1:172.21.15.63:6789/0] conn(0x7ff64007be20 msgr2=0x7ff64007a320 secure :-1 s=STATE_CONNECTION_ESTABLISHED l=1).mark_down
2023-11-16T16:39:51.262 INFO:teuthology.orchestra.run.smithi063.stdout:/usr/bin/ceph: stderr
2023-11-16T16:39:50.197+0000 7ff646d30700 1 --2- 172.21.15.63:0/3077334315 >> [v2:172.21.15.63:3300/0,v1:172.21.15.63:6789/0] conn(0x7ff64007be20 0x7ff64007a320 secure :-1 s=READY pgs=41 cs=0 l=1 rev1=1 crypto rx=0x7ff6340098a0 tx=0x7ff634009bb0 comp rx=0 tx=0).stop
2023-11-16T16:39:51.262 INFO:teuthology.orchestra.run.smithi063.stdout:/usr/bin/ceph: stderr
2023-11-16T16:39:50.197+0000 7ff646d30700 1 -- 172.21.15.63:0/3077334315 shutdown_connections
2023-11-16T16:39:51.262 INFO:teuthology.orchestra.run.smithi063.stdout:/usr/bin/ceph: stderr
2023-11-16T16:39:50.197+0000 7ff646d30700 1 --2- 172.21.15.63:0/3077334315 >> [v2:172.21.15.63:3300/0,v1:172.21.15.63:6789/0] conn(0x7ff64007be20 0x7ff64007a320 unknown :-1 s=CLOSED pgs=41 cs=0 l=1 rev1=1 crypto rx=0 tx=0 comp rx=0 tx=0).stop
2023-11-16T16:39:51.263 INFO:teuthology.orchestra.run.smithi063.stdout:/usr/bin/ceph: stderr
2023-11-16T16:39:50.197+0000 7ff646d30700 1 -- 172.21.15.63:0/3077334315 >> 172.21.15.63:0/3077334315 conn(0x7ff640100fa0 msgr2=0x7ff6401033b0 unknown :-1 s=STATE_NONE l=0).mark_down
2023-11-16T16:39:51.263 INFO:teuthology.orchestra.run.smithi063.stdout:/usr/bin/ceph: stderr
2023-11-16T16:39:50.197+0000 7ff646d30700 1 -- 172.21.15.63:0/3077334315 shutdown_connections
2023-11-16T16:39:51.263 INFO:teuthology.orchestra.run.smithi063.stdout:/usr/bin/ceph: stderr
2023-11-16T16:39:50.198+0000 7ff646d30700 1 -- 172.21.15.63:0/3077334315 wait complete.
2023-11-16T16:39:51.263 INFO:teuthology.orchestra.run.smithi063.stdout:/usr/bin/ceph: stderr
2023-11-16T16:39:50.199+0000 7ff646d30700 1 Processor -- start
2023-11-16T16:39:51.263 INFO:teuthology.orchestra.run.smithi063.stdout:/usr/bin/ceph: stderr
2023-11-16T16:39:50.199+0000 7ff646d30700 1 -- start start
2023-11-16T16:39:51.264 INFO:teuthology.orchestra.run.smithi063.stdout:/usr/bin/ceph: stderr
2023-11-16T16:39:50.200+0000 7ff646d30700 1 --2- >> [v2:172.21.15.63:3300/0,v1:172.21.15.63:6789/0] conn(0x7ff64007be20 0x7ff64019b7a0 unknown :-1 s=NONE pgs=0 cs=0 l=1 rev1=0 crypto rx=0 tx=0 comp rx=0 tx=0).connect
2023-11-16T16:39:51.264 INFO:teuthology.orchestra.run.smithi063.stdout:/usr/bin/ceph: stderr
2023-11-16T16:39:50.200+0000 7ff646d30700 1 -- --> [v2:172.21.15.63:3300/0,v1:172.21.15.63:6789/0] -- mon_getmap magic: 0 v1 -- 0x7ff64019bce0 con 0x7ff64007be20
2023-11-16T16:39:51.264 INFO:teuthology.orchestra.run.smithi063.stdout:/usr/bin/ceph: stderr
2023-11-16T16:39:50.200+0000 7ff644acc700 1 --2- >> [v2:172.21.15.63:3300/0,v1:172.21.15.63:6789/0] conn(0x7ff64007be20 0x7ff64019b7a0 unknown :-1 s=BANNER_CONNECTING pgs=0 cs=0 l=1 rev1=0 crypto rx=0 tx=0 comp rx=0 tx=0)._handle_peer_banner_payload supported=3 required=0
2023-11-16T16:39:51.264 INFO:teuthology.orchestra.run.smithi063.stdout:/usr/bin/ceph: stderr
2023-11-16T16:39:50.200+0000 7ff644acc700 1 --2- >> [v2:172.21.15.63:3300/0,v1:172.21.15.63:6789/0] conn(0x7ff64007be20 0x7ff64019b7a0 unknown :-1 s=HELLO_CONNECTING pgs=0 cs=0 l=1 rev1=1 crypto rx=0 tx=0 comp rx=0 tx=0).handle_hello peer v2:172.21.15.63:3300/0 says I am v2:172.21.15.63:57118/0 (socket says 172.21.15.63:57118)
2023-11-16T16:39:51.264 INFO:teuthology.orchestra.run.smithi063.stdout:/usr/bin/ceph: stderr
2023-11-16T16:39:50.200+0000 7ff644acc700 1 -- 172.21.15.63:0/688463739 learned_addr learned my addr 172.21.15.63:0/688463739 (peer_addr_for_me v2:172.21.15.63:0/0)
2023-11-16T16:39:51.264 INFO:teuthology.orchestra.run.smithi063.stdout:/usr/bin/ceph: stderr
2023-11-16T16:39:50.200+0000 7ff644acc700 1 -- 172.21.15.63:0/688463739 --> [v2:172.21.15.63:3300/0,v1:172.21.15.63:6789/0] -- mon_subscribe({config=0+,monmap=0+}) v3 -- 0x7ff634009550 con 0x7ff64007be20
2023-11-16T16:39:51.264 INFO:teuthology.orchestra.run.smithi063.stdout:/usr/bin/ceph: stderr
2023-11-16T16:39:50.200+0000 7ff644acc700 1 --2- 172.21.15.63:0/688463739 >> [v2:172.21.15.63:3300/0,v1:172.21.15.63:6789/0] conn(0x7ff64007be20 0x7ff64019b7a0 secure :-1 s=READY pgs=42 cs=0 l=1 rev1=1 crypto rx=0x7ff634006af0 tx=0x7ff634011ad0 comp rx=0 tx=0).ready entity=mon.0 client_cookie=0 server_cookie=0 in_seq=0 out_seq=0
2023-11-16T16:39:51.265 INFO:teuthology.orchestra.run.smithi063.stdout:/usr/bin/ceph: stderr
2023-11-16T16:39:50.201+0000 7ff63dffb700 1 -- 172.21.15.63:0/688463739 <== mon.0 v2:172.21.15.63:3300/0 1 ==== mon_map magic: 0 v1 ==== 205+0+0 (secure 0 0 0) 0x7ff634003a40 con 0x7ff64007be20
2023-11-16T16:39:51.265 INFO:teuthology.orchestra.run.smithi063.stdout:/usr/bin/ceph: stderr
2023-11-16T16:39:50.201+0000 7ff63dffb700 1 -- 172.21.15.63:0/688463739 <== mon.0 v2:172.21.15.63:3300/0 2 ==== config(26 keys) v1 ==== 1074+0+0 (secure 0 0 0) 0x7ff634003ba0 con 0x7ff64007be20
2023-11-16T16:39:51.265 INFO:teuthology.orchestra.run.smithi063.stdout:/usr/bin/ceph: stderr
2023-11-16T16:39:50.201+0000 7ff646d30700 1 -- 172.21.15.63:0/688463739 --> [v2:172.21.15.63:3300/0,v1:172.21.15.63:6789/0] -- mon_subscribe({mgrmap=0+}) v3 -- 0x7ff64010bdc0 con 0x7ff64007be20
2023-11-16T16:39:51.265 INFO:teuthology.orchestra.run.smithi063.stdout:/usr/bin/ceph: stderr
2023-11-16T16:39:50.201+0000 7ff63dffb700 1 -- 172.21.15.63:0/688463739 <== mon.0 v2:172.21.15.63:3300/0 3 ==== mon_map magic: 0 v1 ==== 205+0+0 (secure 0 0 0) 0x7ff63401a700 con 0x7ff64007be20
2023-11-16T16:39:51.265 INFO:teuthology.orchestra.run.smithi063.stdout:/usr/bin/ceph: stderr
2023-11-16T16:39:50.201+0000 7ff646d30700 1 -- 172.21.15.63:0/688463739 --> [v2:172.21.15.63:3300/0,v1:172.21.15.63:6789/0] -- mon_subscribe({osdmap=0}) v3 -- 0x7ff64010bc30 con 0x7ff64007be20
2023-11-16T16:39:51.265 INFO:teuthology.orchestra.run.smithi063.stdout:/usr/bin/ceph: stderr
2023-11-16T16:39:50.202+0000 7ff63dffb700 1 -- 172.21.15.63:0/688463739 <== mon.0 v2:172.21.15.63:3300/0 4 ==== mgrmap(e 8) v1 ==== 45483+0+0 (secure 0 0 0) 0x7ff634024ad0 con 0x7ff64007be20
2023-11-16T16:39:51.265 INFO:teuthology.orchestra.run.smithi063.stdout:/usr/bin/ceph: stderr
2023-11-16T16:39:50.202+0000 7ff646d30700 1 -- 172.21.15.63:0/688463739 --> [v2:172.21.15.63:3300/0,v1:172.21.15.63:6789/0] -- mon_command({"prefix": "get_command_descriptions"} v 0) v1 -- 0x7ff640062120 con 0x7ff64007be20
2023-11-16T16:39:51.265 INFO:teuthology.orchestra.run.smithi063.stdout:/usr/bin/ceph: stderr
2023-11-16T16:39:50.202+0000 7ff63dffb700 1 --2- 172.21.15.63:0/688463739 >> [v2:172.21.15.63:6800/2287913428,v1:172.21.15.63:6801/2287913428] conn(0x7ff6300387d0 0x7ff63003ac80 unknown :-1 s=NONE pgs=0 cs=0 l=1 rev1=0 crypto rx=0 tx=0 comp rx=0 tx=0).connect
2023-11-16T16:39:51.265 INFO:teuthology.orchestra.run.smithi063.stdout:/usr/bin/ceph: stderr
2023-11-16T16:39:50.202+0000 7ff63dffb700 1 -- 172.21.15.63:0/688463739 <== mon.0 v2:172.21.15.63:3300/0 5 ==== osd_map(2..2 src has 1..2) v4 ==== 940+0+0 (secure 0 0 0) 0x7ff63404c730 con 0x7ff64007be20
2023-11-16T16:39:51.266 INFO:teuthology.orchestra.run.smithi063.stdout:/usr/bin/ceph: stderr
2023-11-16T16:39:50.203+0000 7ff63ffff700 1 --2- 172.21.15.63:0/688463739 >> [v2:172.21.15.63:6800/2287913428,v1:172.21.15.63:6801/2287913428] conn(0x7ff6300387d0 0x7ff63003ac80 unknown :-1 s=BANNER_CONNECTING pgs=0 cs=0 l=1 rev1=0 crypto rx=0 tx=0 comp rx=0 tx=0)._handle_peer_banner_payload supported=3 required=0
2023-11-16T16:39:51.266 INFO:teuthology.orchestra.run.smithi063.stdout:/usr/bin/ceph: stderr
2023-11-16T16:39:50.203+0000 7ff63ffff700 1 --2- 172.21.15.63:0/688463739 >> [v2:172.21.15.63:6800/2287913428,v1:172.21.15.63:6801/2287913428] conn(0x7ff6300387d0 0x7ff63003ac80 secure :-1 s=READY pgs=9 cs=0 l=1 rev1=1 crypto rx=0x7ff62c006fd0 tx=0x7ff62c006e40 comp rx=0 tx=0).ready entity=mgr.14120 client_cookie=0 server_cookie=0 in_seq=0 out_seq=0
2023-11-16T16:39:51.266 INFO:teuthology.orchestra.run.smithi063.stdout:/usr/bin/ceph: stderr
2023-11-16T16:39:50.208+0000 7ff63dffb700 1 -- 172.21.15.63:0/688463739 <== mon.0 v2:172.21.15.63:3300/0 6 ==== mon_command_ack([{"prefix": "get_command_descriptions"}]=0 v0) v1 ==== 72+0+177948 (secure 0 0 0) 0x7ff634018b80 con 0x7ff64007be20
2023-11-16T16:39:51.266 INFO:teuthology.orchestra.run.smithi063.stdout:/usr/bin/ceph: stderr
2023-11-16T16:39:50.414+0000 7ff646d30700 1 -- 172.21.15.63:0/688463739 --> [v2:172.21.15.63:6800/2287913428,v1:172.21.15.63:6801/2287913428] -- mgr_command(tid 0: {"prefix": "cephadm generate-key", "target": ["mon-mgr", ""]}) v1 -- 0x7ff640102380 con 0x7ff6300387d0
2023-11-16T16:39:51.267 INFO:teuthology.orchestra.run.smithi063.stdout:/usr/bin/ceph: stderr
2023-11-16T16:39:50.591+0000 7ff63dffb700 1 -- 172.21.15.63:0/688463739 <== mgr.14120 v2:172.21.15.63:6800/2287913428 1 ==== mgr_command_reply(tid 0: 0 ) v1 ==== 8+0+0 (secure 0 0 0) 0x7ff640102380 con 0x7ff6300387d0
2023-11-16T16:39:51.267 INFO:teuthology.orchestra.run.smithi063.stdout:/usr/bin/ceph: stderr
2023-11-16T16:39:50.594+0000 7ff646d30700 1 -- 172.21.15.63:0/688463739 >> [v2:172.21.15.63:6800/2287913428,v1:172.21.15.63:6801/2287913428] conn(0x7ff6300387d0 msgr2=0x7ff63003ac80 secure :-1 s=STATE_CONNECTION_ESTABLISHED l=1).mark_down
2023-11-16T16:39:51.267 INFO:teuthology.orchestra.run.smithi063.stdout:/usr/bin/ceph: stderr
2023-11-16T16:39:50.594+0000 7ff646d30700 1 --2- 172.21.15.63:0/688463739 >> [v2:172.21.15.63:6800/2287913428,v1:172.21.15.63:6801/2287913428] conn(0x7ff6300387d0 0x7ff63003ac80 secure :-1 s=READY pgs=9 cs=0 l=1 rev1=1 crypto rx=0x7ff62c006fd0 tx=0x7ff62c006e40 comp rx=0 tx=0).stop
2023-11-16T16:39:51.267 INFO:teuthology.orchestra.run.smithi063.stdout:/usr/bin/ceph: stderr
2023-11-16T16:39:50.594+0000 7ff646d30700 1 -- 172.21.15.63:0/688463739 >> [v2:172.21.15.63:3300/0,v1:172.21.15.63:6789/0] conn(0x7ff64007be20 msgr2=0x7ff64019b7a0 secure :-1 s=STATE_CONNECTION_ESTABLISHED l=1).mark_down
2023-11-16T16:39:51.267 INFO:teuthology.orchestra.run.smithi063.stdout:/usr/bin/ceph: stderr
2023-11-16T16:39:50.594+0000 7ff646d30700 1 --2- 172.21.15.63:0/688463739 >> [v2:172.21.15.63:3300/0,v1:172.21.15.63:6789/0] conn(0x7ff64007be20 0x7ff64019b7a0 secure :-1 s=READY pgs=42 cs=0 l=1 rev1=1 crypto rx=0x7ff634006af0 tx=0x7ff634011ad0 comp rx=0 tx=0).stop
2023-11-16T16:39:51.268 INFO:teuthology.orchestra.run.smithi063.stdout:/usr/bin/ceph: stderr
2023-11-16T16:39:50.594+0000 7ff646d30700 1 -- 172.21.15.63:0/688463739 shutdown_connections
2023-11-16T16:39:51.268 INFO:teuthology.orchestra.run.smithi063.stdout:/usr/bin/ceph: stderr
2023-11-16T16:39:50.594+0000 7ff646d30700 1 --2- 172.21.15.63:0/688463739 >> [v2:172.21.15.63:6800/2287913428,v1:172.21.15.63:6801/2287913428] conn(0x7ff6300387d0 0x7ff63003ac80 unknown :-1 s=CLOSED pgs=9 cs=0 l=1 rev1=1 crypto rx=0 tx=0 comp rx=0 tx=0).stop
2023-11-16T16:39:51.268 INFO:teuthology.orchestra.run.smithi063.stdout:/usr/bin/ceph: stderr
2023-11-16T16:39:50.594+0000 7ff646d30700 1 --2- 172.21.15.63:0/688463739 >> [v2:172.21.15.63:3300/0,v1:172.21.15.63:6789/0] conn(0x7ff64007be20 0x7ff64019b7a0 unknown :-1 s=CLOSED pgs=42 cs=0 l=1 rev1=1 crypto rx=0 tx=0 comp rx=0 tx=0).stop
2023-11-16T16:39:51.268 INFO:teuthology.orchestra.run.smithi063.stdout:/usr/bin/ceph: stderr
2023-11-16T16:39:50.594+0000 7ff646d30700 1 -- 172.21.15.63:0/688463739 >> 172.21.15.63:0/688463739 conn(0x7ff640100fa0 msgr2=0x7ff640101c70 unknown :-1 s=STATE_NONE l=0).mark_down
2023-11-16T16:39:51.268 INFO:teuthology.orchestra.run.smithi063.stdout:/usr/bin/ceph: stderr
2023-11-16T16:39:50.594+0000 7ff646d30700 1 -- 172.21.15.63:0/688463739 shutdown_connections
2023-11-16T16:39:51.268 INFO:teuthology.orchestra.run.smithi063.stdout:/usr/bin/ceph: stderr
2023-11-16T16:39:50.594+0000 7ff646d30700 1 -- 172.21.15.63:0/688463739 wait complete.
2023-11-16T16:39:52.067 INFO:journalctl@ceph.mon.a.smithi063.stdout:Nov 16 16:39:51 smithi063 ceph-mon[128741]: from='client.14136 -' entity='client.admin' cmd=[{"prefix": "cephadm generate-key", "target": ["mon-mgr", ""]}]: dispatch
2023-11-16T16:39:52.067 INFO:journalctl@ceph.mon.a.smithi063.stdout:Nov 16 16:39:51 smithi063 ceph-mon[128741]: Generating ssh key...
2023-11-16T16:39:52.539 INFO:teuthology.orchestra.run.smithi063.stdout:/usr/bin/ceph: stdout ssh-rsa AAAAB3NzaC1yc2EAAAADAQABAAABgQCvLeMg4EdtDhqLs+LNs9fn/VDvDgFUG+zP/2CS+MlygdneeU9QxMM/RcjNsYkS/u53MdbCFa+7rsl1oUJJdb7/OuK0mzKBwhT3TLTYLmrVUYdbqUjgp8f7b6rmIhscK5yiKYGpgG5GsXEcMp3rvA9uxp028GxQ8gXUX4mSwTXcz6GDSCw1ShQXMkry15bq1iui5Pl7NZRvY6HCHQT0tDo+pBP/eZRumBpWNGs8ALYhzndz3gQDGIrdt5aTOiIKTTGcLQJGB1rA0t61hyX9QXRwSBYgCtjFJgXFWMdW9tMJuolEo4Eb2ZVsbrttWebS/R/D0UN4SqiwNcYlcetxzw/PHUic9qCKOMFmSsrSi0Hn16BR6JdYaPhnoaIkgzdSUhQUKbzBXTvpfjMoUhVntIFmXPEWIBDy41avUi/+y6ojQfTp+u3hJbBTJiAQabxVVgNSAU8wVlm6aMuI/HiR96EgLvx7r/o5UB7BWCDSAgn2igPKDa02bPrz0PSMuHBxzk0= ceph-6c3fb7b6-849e-11ee-8dbe-212e2dc638e7
2023-11-16T16:39:52.539 INFO:teuthology.orchestra.run.smithi063.stdout:/usr/bin/ceph: stderr
2023-11-16T16:39:51.818+0000 7f3d4ca4d700 1 Processor -- start
2023-11-16T16:39:52.539 INFO:teuthology.orchestra.run.smithi063.stdout:/usr/bin/ceph: stderr
2023-11-16T16:39:51.819+0000 7f3d4ca4d700 1 -- start start
2023-11-16T16:39:52.539 INFO:teuthology.orchestra.run.smithi063.stdout:/usr/bin/ceph: stderr
2023-11-16T16:39:51.819+0000 7f3d4ca4d700 1 --2- >> [v2:172.21.15.63:3300/0,v1:172.21.15.63:6789/0] conn(0x7f3d4807bde0 0x7f3d4807a2e0 unknown :-1 s=NONE pgs=0 cs=0 l=0 rev1=0 crypto rx=0 tx=0 comp rx=0 tx=0).connect
2023-11-16T16:39:52.539 INFO:teuthology.orchestra.run.smithi063.stdout:/usr/bin/ceph: stderr
2023-11-16T16:39:51.819+0000 7f3d4ca4d700 1 -- --> [v2:172.21.15.63:3300/0,v1:172.21.15.63:6789/0] -- mon_getmap magic: 0 v1 -- 0x7f3d4807a820 con 0x7f3d4807bde0
2023-11-16T16:39:52.539 INFO:teuthology.orchestra.run.smithi063.stdout:/usr/bin/ceph: stderr
2023-11-16T16:39:51.819+0000 7f3d4659c700 1 --2- >> [v2:172.21.15.63:3300/0,v1:172.21.15.63:6789/0] conn(0x7f3d4807bde0 0x7f3d4807a2e0 unknown :-1 s=BANNER_CONNECTING pgs=0 cs=0 l=0 rev1=0 crypto rx=0 tx=0 comp rx=0 tx=0)._handle_peer_banner_payload supported=3 required=0
2023-11-16T16:39:52.539 INFO:teuthology.orchestra.run.smithi063.stdout:/usr/bin/ceph: stderr
2023-11-16T16:39:51.819+0000 7f3d4659c700 1 --2- >> [v2:172.21.15.63:3300/0,v1:172.21.15.63:6789/0] conn(0x7f3d4807bde0 0x7f3d4807a2e0 unknown :-1 s=HELLO_CONNECTING pgs=0 cs=0 l=0 rev1=1 crypto rx=0 tx=0 comp rx=0 tx=0).handle_hello peer v2:172.21.15.63:3300/0 says I am v2:172.21.15.63:57122/0 (socket says 172.21.15.63:57122)
2023-11-16T16:39:52.540 INFO:teuthology.orchestra.run.smithi063.stdout:/usr/bin/ceph: stderr
2023-11-16T16:39:51.819+0000 7f3d4659c700 1 -- 172.21.15.63:0/2806037052 learned_addr learned my addr 172.21.15.63:0/2806037052 (peer_addr_for_me v2:172.21.15.63:0/0)
2023-11-16T16:39:52.540 INFO:teuthology.orchestra.run.smithi063.stdout:/usr/bin/ceph: stderr
2023-11-16T16:39:51.820+0000 7f3d4659c700 1 -- 172.21.15.63:0/2806037052 --> [v2:172.21.15.63:3300/0,v1:172.21.15.63:6789/0] -- mon_subscribe({config=0+,monmap=0+}) v3 -- 0x7f3d4807a960 con 0x7f3d4807bde0
2023-11-16T16:39:52.540 INFO:teuthology.orchestra.run.smithi063.stdout:/usr/bin/ceph: stderr
2023-11-16T16:39:51.820+0000 7f3d4659c700 1 --2- 172.21.15.63:0/2806037052 >> [v2:172.21.15.63:3300/0,v1:172.21.15.63:6789/0] conn(0x7f3d4807bde0 0x7f3d4807a2e0 secure :-1 s=READY pgs=43 cs=0 l=1 rev1=1 crypto rx=0x7f3d380098a0 tx=0x7f3d38009bb0 comp rx=0 tx=0).ready entity=mon.0 client_cookie=fddfacadd808cad8 server_cookie=0 in_seq=0 out_seq=0
2023-11-16T16:39:52.540 INFO:teuthology.orchestra.run.smithi063.stdout:/usr/bin/ceph: stderr
2023-11-16T16:39:51.820+0000 7f3d4559a700 1 -- 172.21.15.63:0/2806037052 <== mon.0 v2:172.21.15.63:3300/0 1 ==== mon_map magic: 0 v1 ==== 205+0+0 (secure 0 0 0) 0x7f3d38004160 con 0x7f3d4807bde0
2023-11-16T16:39:52.540 INFO:teuthology.orchestra.run.smithi063.stdout:/usr/bin/ceph: stderr
2023-11-16T16:39:51.820+0000 7f3d4559a700 1 -- 172.21.15.63:0/2806037052 <== mon.0 v2:172.21.15.63:3300/0 2 ==== config(26 keys) v1 ==== 1074+0+0 (secure 0 0 0) 0x7f3d380042c0 con 0x7f3d4807bde0
2023-11-16T16:39:52.540 INFO:teuthology.orchestra.run.smithi063.stdout:/usr/bin/ceph: stderr
2023-11-16T16:39:51.820+0000 7f3d4559a700 1 -- 172.21.15.63:0/2806037052 <== mon.0 v2:172.21.15.63:3300/0 3 ==== mon_map magic: 0 v1 ==== 205+0+0 (secure 0 0 0) 0x7f3d38011a00 con 0x7f3d4807bde0
2023-11-16T16:39:52.540 INFO:teuthology.orchestra.run.smithi063.stdout:/usr/bin/ceph: stderr
2023-11-16T16:39:51.821+0000 7f3d4ca4d700 1 -- 172.21.15.63:0/2806037052 >> [v2:172.21.15.63:3300/0,v1:172.21.15.63:6789/0] conn(0x7f3d4807bde0 msgr2=0x7f3d4807a2e0 secure :-1 s=STATE_CONNECTION_ESTABLISHED l=1).mark_down
2023-11-16T16:39:52.540 INFO:teuthology.orchestra.run.smithi063.stdout:/usr/bin/ceph: stderr
2023-11-16T16:39:51.821+0000 7f3d4ca4d700 1 --2- 172.21.15.63:0/2806037052 >> [v2:172.21.15.63:3300/0,v1:172.21.15.63:6789/0] conn(0x7f3d4807bde0 0x7f3d4807a2e0 secure :-1 s=READY pgs=43 cs=0 l=1 rev1=1 crypto rx=0x7f3d380098a0 tx=0x7f3d38009bb0 comp rx=0 tx=0).stop
2023-11-16T16:39:52.540 INFO:teuthology.orchestra.run.smithi063.stdout:/usr/bin/ceph: stderr
2023-11-16T16:39:51.821+0000 7f3d4ca4d700 1 -- 172.21.15.63:0/2806037052 shutdown_connections
2023-11-16T16:39:52.540 INFO:teuthology.orchestra.run.smithi063.stdout:/usr/bin/ceph: stderr
2023-11-16T16:39:51.821+0000 7f3d4ca4d700 1 --2- 172.21.15.63:0/2806037052 >> [v2:172.21.15.63:3300/0,v1:172.21.15.63:6789/0] conn(0x7f3d4807bde0 0x7f3d4807a2e0 unknown :-1 s=CLOSED pgs=43 cs=0 l=1 rev1=1 crypto rx=0 tx=0 comp rx=0 tx=0).stop
2023-11-16T16:39:52.541 INFO:teuthology.orchestra.run.smithi063.stdout:/usr/bin/ceph: stderr
2023-11-16T16:39:51.821+0000 7f3d4ca4d700 1 -- 172.21.15.63:0/2806037052 >> 172.21.15.63:0/2806037052 conn(0x7f3d48100fa0 msgr2=0x7f3d481033b0 unknown :-1 s=STATE_NONE l=0).mark_down
2023-11-16T16:39:52.541 INFO:teuthology.orchestra.run.smithi063.stdout:/usr/bin/ceph: stderr
2023-11-16T16:39:51.821+0000 7f3d4ca4d700 1 -- 172.21.15.63:0/2806037052 shutdown_connections
2023-11-16T16:39:52.541 INFO:teuthology.orchestra.run.smithi063.stdout:/usr/bin/ceph: stderr
2023-11-16T16:39:51.821+0000 7f3d4ca4d700 1 -- 172.21.15.63:0/2806037052 wait complete.
2023-11-16T16:39:52.541 INFO:teuthology.orchestra.run.smithi063.stdout:/usr/bin/ceph: stderr
2023-11-16T16:39:51.822+0000 7f3d4ca4d700 1 Processor -- start
2023-11-16T16:39:52.541 INFO:teuthology.orchestra.run.smithi063.stdout:/usr/bin/ceph: stderr
2023-11-16T16:39:51.822+0000 7f3d4ca4d700 1 -- start start
2023-11-16T16:39:52.541 INFO:teuthology.orchestra.run.smithi063.stdout:/usr/bin/ceph: stderr
2023-11-16T16:39:51.823+0000 7f3d4ca4d700 1 --2- >> [v2:172.21.15.63:3300/0,v1:172.21.15.63:6789/0] conn(0x7f3d4807bde0 0x7f3d4819b7b0 unknown :-1 s=NONE pgs=0 cs=0 l=1 rev1=0 crypto rx=0 tx=0 comp rx=0 tx=0).connect
2023-11-16T16:39:52.541 INFO:teuthology.orchestra.run.smithi063.stdout:/usr/bin/ceph: stderr
2023-11-16T16:39:51.823+0000 7f3d4ca4d700 1 -- --> [v2:172.21.15.63:3300/0,v1:172.21.15.63:6789/0] -- mon_getmap magic: 0 v1 -- 0x7f3d4819bcf0 con 0x7f3d4807bde0
2023-11-16T16:39:52.541 INFO:teuthology.orchestra.run.smithi063.stdout:/usr/bin/ceph: stderr
2023-11-16T16:39:51.823+0000 7f3d4659c700 1 --2- >> [v2:172.21.15.63:3300/0,v1:172.21.15.63:6789/0] conn(0x7f3d4807bde0 0x7f3d4819b7b0 unknown :-1 s=BANNER_CONNECTING pgs=0 cs=0 l=1 rev1=0 crypto rx=0 tx=0 comp rx=0 tx=0)._handle_peer_banner_payload supported=3 required=0
2023-11-16T16:39:52.541 INFO:teuthology.orchestra.run.smithi063.stdout:/usr/bin/ceph: stderr
2023-11-16T16:39:51.823+0000 7f3d4659c700 1 --2- >> [v2:172.21.15.63:3300/0,v1:172.21.15.63:6789/0] conn(0x7f3d4807bde0 0x7f3d4819b7b0 unknown :-1 s=HELLO_CONNECTING pgs=0 cs=0 l=1 rev1=1 crypto rx=0 tx=0 comp rx=0 tx=0).handle_hello peer v2:172.21.15.63:3300/0 says I am v2:172.21.15.63:57128/0 (socket says 172.21.15.63:57128)
2023-11-16T16:39:52.541 INFO:teuthology.orchestra.run.smithi063.stdout:/usr/bin/ceph: stderr
2023-11-16T16:39:51.823+0000 7f3d4659c700 1 -- 172.21.15.63:0/2650057691 learned_addr learned my addr 172.21.15.63:0/2650057691 (peer_addr_for_me v2:172.21.15.63:0/0)
2023-11-16T16:39:52.542 INFO:teuthology.orchestra.run.smithi063.stdout:/usr/bin/ceph: stderr
2023-11-16T16:39:51.823+0000 7f3d4659c700 1 -- 172.21.15.63:0/2650057691 --> [v2:172.21.15.63:3300/0,v1:172.21.15.63:6789/0] -- mon_subscribe({config=0+,monmap=0+}) v3 -- 0x7f3d38009550 con 0x7f3d4807bde0
2023-11-16T16:39:52.542 INFO:teuthology.orchestra.run.smithi063.stdout:/usr/bin/ceph: stderr
2023-11-16T16:39:51.823+0000 7f3d4659c700 1 --2- 172.21.15.63:0/2650057691 >> [v2:172.21.15.63:3300/0,v1:172.21.15.63:6789/0] conn(0x7f3d4807bde0 0x7f3d4819b7b0 secure :-1 s=READY pgs=44 cs=0 l=1 rev1=1 crypto rx=0x7f3d38006af0 tx=0x7f3d38011ad0 comp rx=0 tx=0).ready entity=mon.0 client_cookie=0 server_cookie=0 in_seq=0 out_seq=0
2023-11-16T16:39:52.542 INFO:teuthology.orchestra.run.smithi063.stdout:/usr/bin/ceph: stderr
2023-11-16T16:39:51.824+0000 7f3d377fe700 1 -- 172.21.15.63:0/2650057691 <== mon.0 v2:172.21.15.63:3300/0 1 ==== mon_map magic: 0 v1 ==== 205+0+0 (secure 0 0 0) 0x7f3d38003a40 con 0x7f3d4807bde0
2023-11-16T16:39:52.542 INFO:teuthology.orchestra.run.smithi063.stdout:/usr/bin/ceph: stderr
2023-11-16T16:39:51.824+0000 7f3d377fe700 1 -- 172.21.15.63:0/2650057691 <== mon.0 v2:172.21.15.63:3300/0 2 ==== config(26 keys) v1 ==== 1074+0+0 (secure 0 0 0) 0x7f3d38003ba0 con 0x7f3d4807bde0
2023-11-16T16:39:52.542 INFO:teuthology.orchestra.run.smithi063.stdout:/usr/bin/ceph: stderr
2023-11-16T16:39:51.824+0000 7f3d4ca4d700 1 -- 172.21.15.63:0/2650057691 --> [v2:172.21.15.63:3300/0,v1:172.21.15.63:6789/0] -- mon_subscribe({mgrmap=0+}) v3 -- 0x7f3d4810be00 con 0x7f3d4807bde0
2023-11-16T16:39:52.542 INFO:teuthology.orchestra.run.smithi063.stdout:/usr/bin/ceph: stderr
2023-11-16T16:39:51.824+0000 7f3d377fe700 1 -- 172.21.15.63:0/2650057691 <== mon.0 v2:172.21.15.63:3300/0 3 ==== mon_map magic: 0 v1 ==== 205+0+0 (secure 0 0 0) 0x7f3d3801a700 con 0x7f3d4807bde0
2023-11-16T16:39:52.542 INFO:teuthology.orchestra.run.smithi063.stdout:/usr/bin/ceph: stderr
2023-11-16T16:39:51.824+0000 7f3d4ca4d700 1 -- 172.21.15.63:0/2650057691 --> [v2:172.21.15.63:3300/0,v1:172.21.15.63:6789/0] -- mon_subscribe({osdmap=0}) v3 -- 0x7f3d4810bc70 con 0x7f3d4807bde0
2023-11-16T16:39:52.542 INFO:teuthology.orchestra.run.smithi063.stdout:/usr/bin/ceph: stderr
2023-11-16T16:39:51.825+0000 7f3d4ca4d700 1 -- 172.21.15.63:0/2650057691 --> [v2:172.21.15.63:3300/0,v1:172.21.15.63:6789/0] -- mon_command({"prefix": "get_command_descriptions"} v 0) v1 -- 0x7f3d4810bf90 con 0x7f3d4807bde0
2023-11-16T16:39:52.542 INFO:teuthology.orchestra.run.smithi063.stdout:/usr/bin/ceph: stderr
2023-11-16T16:39:51.825+0000 7f3d377fe700 1 -- 172.21.15.63:0/2650057691 <== mon.0 v2:172.21.15.63:3300/0 4 ==== mgrmap(e 8) v1 ==== 45483+0+0 (secure 0 0 0) 0x7f3d38024430 con 0x7f3d4807bde0
2023-11-16T16:39:52.542 INFO:teuthology.orchestra.run.smithi063.stdout:/usr/bin/ceph: stderr
2023-11-16T16:39:51.826+0000 7f3d377fe700 1 --2- 172.21.15.63:0/2650057691 >> [v2:172.21.15.63:6800/2287913428,v1:172.21.15.63:6801/2287913428] conn(0x7f3d30038820 0x7f3d3003acd0 unknown :-1 s=NONE pgs=0 cs=0 l=1 rev1=0 crypto rx=0 tx=0 comp rx=0 tx=0).connect
2023-11-16T16:39:52.542 INFO:teuthology.orchestra.run.smithi063.stdout:/usr/bin/ceph: stderr
2023-11-16T16:39:51.826+0000 7f3d377fe700 1 -- 172.21.15.63:0/2650057691 <== mon.0 v2:172.21.15.63:3300/0 5 ==== osd_map(2..2 src has 1..2) v4 ==== 940+0+0 (secure 0 0 0) 0x7f3d3804c710 con 0x7f3d4807bde0
2023-11-16T16:39:52.543 INFO:teuthology.orchestra.run.smithi063.stdout:/usr/bin/ceph: stderr
2023-11-16T16:39:51.826+0000 7f3d45d9b700 1 --2- 172.21.15.63:0/2650057691 >> [v2:172.21.15.63:6800/2287913428,v1:172.21.15.63:6801/2287913428] conn(0x7f3d30038820 0x7f3d3003acd0 unknown :-1 s=BANNER_CONNECTING pgs=0 cs=0 l=1 rev1=0 crypto rx=0 tx=0 comp rx=0 tx=0)._handle_peer_banner_payload supported=3 required=0
2023-11-16T16:39:52.543 INFO:teuthology.orchestra.run.smithi063.stdout:/usr/bin/ceph: stderr
2023-11-16T16:39:51.826+0000 7f3d45d9b700 1 --2- 172.21.15.63:0/2650057691 >> [v2:172.21.15.63:6800/2287913428,v1:172.21.15.63:6801/2287913428] conn(0x7f3d30038820 0x7f3d3003acd0 secure :-1 s=READY pgs=10 cs=0 l=1 rev1=1 crypto rx=0x7f3d3c006fd0 tx=0x7f3d3c006e40 comp rx=0 tx=0).ready entity=mgr.14120 client_cookie=0 server_cookie=0 in_seq=0 out_seq=0
2023-11-16T16:39:52.543 INFO:teuthology.orchestra.run.smithi063.stdout:/usr/bin/ceph: stderr
2023-11-16T16:39:51.831+0000 7f3d377fe700 1 -- 172.21.15.63:0/2650057691 <== mon.0 v2:172.21.15.63:3300/0 6 ==== mon_command_ack([{"prefix": "get_command_descriptions"}]=0 v0) v1 ==== 72+0+177948 (secure 0 0 0) 0x7f3d380189a0 con 0x7f3d4807bde0
2023-11-16T16:39:52.543 INFO:teuthology.orchestra.run.smithi063.stdout:/usr/bin/ceph: stderr
2023-11-16T16:39:52.040+0000 7f3d4ca4d700 1 -- 172.21.15.63:0/2650057691 --> [v2:172.21.15.63:6800/2287913428,v1:172.21.15.63:6801/2287913428] -- mgr_command(tid 0: {"prefix": "cephadm get-pub-key", "target": ["mon-mgr", ""]}) v1 -- 0x7f3d481023a0 con 0x7f3d30038820
2023-11-16T16:39:52.543 INFO:teuthology.orchestra.run.smithi063.stdout:/usr/bin/ceph: stderr
2023-11-16T16:39:52.041+0000 7f3d377fe700 1 -- 172.21.15.63:0/2650057691 <== mgr.14120 v2:172.21.15.63:6800/2287913428 1 ==== mgr_command_reply(tid 0: 0 ) v1 ==== 8+0+595 (secure 0 0 0) 0x7f3d481023a0 con 0x7f3d30038820
2023-11-16T16:39:52.543 INFO:teuthology.orchestra.run.smithi063.stdout:/usr/bin/ceph: stderr
2023-11-16T16:39:52.043+0000 7f3d4ca4d700 1 -- 172.21.15.63:0/2650057691 >> [v2:172.21.15.63:6800/2287913428,v1:172.21.15.63:6801/2287913428] conn(0x7f3d30038820 msgr2=0x7f3d3003acd0 secure :-1 s=STATE_CONNECTION_ESTABLISHED l=1).mark_down
2023-11-16T16:39:52.543 INFO:teuthology.orchestra.run.smithi063.stdout:/usr/bin/ceph: stderr
2023-11-16T16:39:52.043+0000 7f3d4ca4d700 1 --2- 172.21.15.63:0/2650057691 >> [v2:172.21.15.63:6800/2287913428,v1:172.21.15.63:6801/2287913428] conn(0x7f3d30038820 0x7f3d3003acd0 secure :-1 s=READY pgs=10 cs=0 l=1 rev1=1 crypto rx=0x7f3d3c006fd0 tx=0x7f3d3c006e40 comp rx=0 tx=0).stop
2023-11-16T16:39:52.543 INFO:teuthology.orchestra.run.smithi063.stdout:/usr/bin/ceph: stderr
2023-11-16T16:39:52.043+0000 7f3d4ca4d700 1 -- 172.21.15.63:0/2650057691 >> [v2:172.21.15.63:3300/0,v1:172.21.15.63:6789/0] conn(0x7f3d4807bde0 msgr2=0x7f3d4819b7b0 secure :-1 s=STATE_CONNECTION_ESTABLISHED l=1).mark_down
2023-11-16T16:39:52.543 INFO:teuthology.orchestra.run.smithi063.stdout:/usr/bin/ceph: stderr
2023-11-16T16:39:52.043+0000 7f3d4ca4d700 1 --2- 172.21.15.63:0/2650057691 >> [v2:172.21.15.63:3300/0,v1:172.21.15.63:6789/0] conn(0x7f3d4807bde0 0x7f3d4819b7b0 secure :-1 s=READY pgs=44 cs=0 l=1 rev1=1 crypto rx=0x7f3d38006af0 tx=0x7f3d38011ad0 comp rx=0 tx=0).stop
2023-11-16T16:39:52.543 INFO:teuthology.orchestra.run.smithi063.stdout:/usr/bin/ceph: stderr
2023-11-16T16:39:52.043+0000 7f3d4ca4d700 1 -- 172.21.15.63:0/2650057691 shutdown_connections
2023-11-16T16:39:52.543 INFO:teuthology.orchestra.run.smithi063.stdout:/usr/bin/ceph: stderr
2023-11-16T16:39:52.043+0000 7f3d4ca4d700 1 --2- 172.21.15.63:0/2650057691 >> [v2:172.21.15.63:6800/2287913428,v1:172.21.15.63:6801/2287913428] conn(0x7f3d30038820 0x7f3d3003acd0 unknown :-1 s=CLOSED pgs=10 cs=0 l=1 rev1=1 crypto rx=0 tx=0 comp rx=0 tx=0).stop
2023-11-16T16:39:52.543 INFO:teuthology.orchestra.run.smithi063.stdout:/usr/bin/ceph: stderr
2023-11-16T16:39:52.043+0000 7f3d4ca4d700 1 --2- 172.21.15.63:0/2650057691 >> [v2:172.21.15.63:3300/0,v1:172.21.15.63:6789/0] conn(0x7f3d4807bde0 0x7f3d4819b7b0 unknown :-1 s=CLOSED pgs=44 cs=0 l=1 rev1=1 crypto rx=0 tx=0 comp rx=0 tx=0).stop
2023-11-16T16:39:52.544 INFO:teuthology.orchestra.run.smithi063.stdout:/usr/bin/ceph: stderr
2023-11-16T16:39:52.043+0000 7f3d4ca4d700 1 -- 172.21.15.63:0/2650057691 >> 172.21.15.63:0/2650057691 conn(0x7f3d48100fa0 msgr2=0x7f3d48101c90 unknown :-1 s=STATE_NONE l=0).mark_down
2023-11-16T16:39:52.544 INFO:teuthology.orchestra.run.smithi063.stdout:/usr/bin/ceph: stderr
2023-11-16T16:39:52.043+0000 7f3d4ca4d700 1 -- 172.21.15.63:0/2650057691 shutdown_connections
2023-11-16T16:39:52.544 INFO:teuthology.orchestra.run.smithi063.stdout:/usr/bin/ceph: stderr
2023-11-16T16:39:52.044+0000 7f3d4ca4d700 1 -- 172.21.15.63:0/2650057691 wait complete.
2023-11-16T16:39:52.544 INFO:teuthology.orchestra.run.smithi063.stdout:Wrote public SSH key to /home/ubuntu/cephtest/ceph.pub
2023-11-16T16:39:52.544 INFO:teuthology.orchestra.run.smithi063.stdout:Adding key to root@localhost authorized_keys...
2023-11-16T16:39:52.544 INFO:teuthology.orchestra.run.smithi063.stdout:Adding host smithi063...
2023-11-16T16:39:53.110 INFO:journalctl@ceph.mon.a.smithi063.stdout:Nov 16 16:39:52 smithi063 ceph-mon[128741]: from='client.14138 -' entity='client.admin' cmd=[{"prefix": "cephadm get-pub-key", "target": ["mon-mgr", ""]}]: dispatch
2023-11-16T16:39:54.074 INFO:journalctl@ceph.mon.a.smithi063.stdout:Nov 16 16:39:53 smithi063 ceph-mon[128741]: from='client.14140 -' entity='client.admin' cmd=[{"prefix": "orch host add", "hostname": "smithi063", "addr": "172.21.15.63", "target": ["mon-mgr", ""]}]: dispatch
2023-11-16T16:39:55.361 INFO:journalctl@ceph.mon.a.smithi063.stdout:Nov 16 16:39:54 smithi063 ceph-mon[128741]: Deploying cephadm binary to smithi063
2023-11-16T16:39:56.934 INFO:teuthology.orchestra.run.smithi063.stdout:/usr/bin/ceph: stdout Added host 'smithi063' with addr '172.21.15.63'
2023-11-16T16:39:56.934 INFO:teuthology.orchestra.run.smithi063.stdout:/usr/bin/ceph: stderr
2023-11-16T16:39:53.157+0000 7f112181e700 1 Processor -- start
2023-11-16T16:39:56.934 INFO:teuthology.orchestra.run.smithi063.stdout:/usr/bin/ceph: stderr
2023-11-16T16:39:53.157+0000 7f112181e700 1 -- start start
2023-11-16T16:39:56.934 INFO:teuthology.orchestra.run.smithi063.stdout:/usr/bin/ceph: stderr
2023-11-16T16:39:53.158+0000 7f112181e700 1 --2- >> [v2:172.21.15.63:3300/0,v1:172.21.15.63:6789/0] conn(0x7f111c07bde0 0x7f111c07a2e0 unknown :-1 s=NONE pgs=0 cs=0 l=0 rev1=0 crypto rx=0 tx=0 comp rx=0 tx=0).connect
2023-11-16T16:39:56.935 INFO:teuthology.orchestra.run.smithi063.stdout:/usr/bin/ceph: stderr
2023-11-16T16:39:53.158+0000 7f112181e700 1 -- --> [v2:172.21.15.63:3300/0,v1:172.21.15.63:6789/0] -- mon_getmap magic: 0 v1 -- 0x7f111c07a820 con 0x7f111c07bde0
2023-11-16T16:39:56.935 INFO:teuthology.orchestra.run.smithi063.stdout:/usr/bin/ceph: stderr
2023-11-16T16:39:53.158+0000 7f111affd700 1 --2- >> [v2:172.21.15.63:3300/0,v1:172.21.15.63:6789/0] conn(0x7f111c07bde0 0x7f111c07a2e0 unknown :-1 s=BANNER_CONNECTING pgs=0 cs=0 l=0 rev1=0 crypto rx=0 tx=0 comp rx=0 tx=0)._handle_peer_banner_payload supported=3 required=0
2023-11-16T16:39:56.935 INFO:teuthology.orchestra.run.smithi063.stdout:/usr/bin/ceph: stderr
2023-11-16T16:39:53.158+0000 7f111affd700 1 --2- >> [v2:172.21.15.63:3300/0,v1:172.21.15.63:6789/0] conn(0x7f111c07bde0 0x7f111c07a2e0 unknown :-1 s=HELLO_CONNECTING pgs=0 cs=0 l=0 rev1=1 crypto rx=0 tx=0 comp rx=0 tx=0).handle_hello peer v2:172.21.15.63:3300/0 says I am v2:172.21.15.63:57140/0 (socket says 172.21.15.63:57140)
2023-11-16T16:39:56.935 INFO:teuthology.orchestra.run.smithi063.stdout:/usr/bin/ceph: stderr
2023-11-16T16:39:53.158+0000 7f111affd700 1 -- 172.21.15.63:0/569177709 learned_addr learned my addr 172.21.15.63:0/569177709 (peer_addr_for_me v2:172.21.15.63:0/0)
2023-11-16T16:39:56.935 INFO:teuthology.orchestra.run.smithi063.stdout:/usr/bin/ceph: stderr
2023-11-16T16:39:53.158+0000 7f111affd700 1 -- 172.21.15.63:0/569177709 --> [v2:172.21.15.63:3300/0,v1:172.21.15.63:6789/0] -- mon_subscribe({config=0+,monmap=0+}) v3 -- 0x7f111c07a960 con 0x7f111c07bde0
