2023-11-16T16:30:27.979+0000 7f0e12d9d700 1 --2- 172.21.15.1:0/251044254 >> [v2:172.21.15.1:3300/0,v1:172.21.15.1:6789/0] conn(0x7f0e14106550 0x7f0e14199770 secure :-1 s=READY pgs=27 cs=0 l=1 rev1=1 crypto rx=0x7f0e04009fb0 tx=0x7f0e04011ad0 comp rx=0 tx=0).ready entity=mon.0 client_cookie=0 server_cookie=0 in_seq=0 out_seq=0
2023-11-16T16:30:28.843 INFO:teuthology.orchestra.run.smithi001.stdout:/usr/bin/ceph: stderr
2023-11-16T16:30:27.979+0000 7f0dfbfff700 1 -- 172.21.15.1:0/251044254 <== mon.0 v2:172.21.15.1:3300/0 1 ==== mon_map magic: 0 v1 ==== 205+0+0 (secure 0 0 0) 0x7f0e04003930 con 0x7f0e14106550
2023-11-16T16:30:28.843 INFO:teuthology.orchestra.run.smithi001.stdout:/usr/bin/ceph: stderr
2023-11-16T16:30:27.979+0000 7f0dfbfff700 1 -- 172.21.15.1:0/251044254 <== mon.0 v2:172.21.15.1:3300/0 2 ==== config(26 keys) v1 ==== 1074+0+0 (secure 0 0 0) 0x7f0e04003a90 con 0x7f0e14106550
2023-11-16T16:30:28.843 INFO:teuthology.orchestra.run.smithi001.stdout:/usr/bin/ceph: stderr
2023-11-16T16:30:27.979+0000 7f0e19255700 1 -- 172.21.15.1:0/251044254 --> [v2:172.21.15.1:3300/0,v1:172.21.15.1:6789/0] -- mon_subscribe({mgrmap=0+}) v3 -- 0x7f0e14109d30 con 0x7f0e14106550
2023-11-16T16:30:28.843 INFO:teuthology.orchestra.run.smithi001.stdout:/usr/bin/ceph: stderr
2023-11-16T16:30:27.979+0000 7f0dfbfff700 1 -- 172.21.15.1:0/251044254 <== mon.0 v2:172.21.15.1:3300/0 3 ==== mon_map magic: 0 v1 ==== 205+0+0 (secure 0 0 0) 0x7f0e04019610 con 0x7f0e14106550
2023-11-16T16:30:28.843 INFO:teuthology.orchestra.run.smithi001.stdout:/usr/bin/ceph: stderr
2023-11-16T16:30:27.979+0000 7f0e19255700 1 -- 172.21.15.1:0/251044254 --> [v2:172.21.15.1:3300/0,v1:172.21.15.1:6789/0] -- mon_subscribe({osdmap=0}) v3 -- 0x7f0e14109ba0 con 0x7f0e14106550
2023-11-16T16:30:28.843 INFO:teuthology.orchestra.run.smithi001.stdout:/usr/bin/ceph: stderr
2023-11-16T16:30:27.980+0000 7f0dfbfff700 1 -- 172.21.15.1:0/251044254 <== mon.0 v2:172.21.15.1:3300/0 4 ==== mgrmap(e 5) v1 ==== 45483+0+0 (secure 0 0 0) 0x7f0e04019880 con 0x7f0e14106550
2023-11-16T16:30:28.843 INFO:teuthology.orchestra.run.smithi001.stdout:/usr/bin/ceph: stderr
2023-11-16T16:30:27.981+0000 7f0e19255700 1 -- 172.21.15.1:0/251044254 --> [v2:172.21.15.1:3300/0,v1:172.21.15.1:6789/0] -- mon_command({"prefix": "get_command_descriptions"} v 0) v1 -- 0x7f0e14062120 con 0x7f0e14106550
2023-11-16T16:30:28.843 INFO:teuthology.orchestra.run.smithi001.stdout:/usr/bin/ceph: stderr
2023-11-16T16:30:27.981+0000 7f0dfbfff700 1 --2- 172.21.15.1:0/251044254 >> [v2:172.21.15.1:6800/1726282374,v1:172.21.15.1:6801/1726282374] conn(0x7f0dfc038710 0x7f0dfc03abc0 unknown :-1 s=NONE pgs=0 cs=0 l=1 rev1=0 crypto rx=0 tx=0 comp rx=0 tx=0).connect
2023-11-16T16:30:28.843 INFO:teuthology.orchestra.run.smithi001.stdout:/usr/bin/ceph: stderr
2023-11-16T16:30:27.981+0000 7f0e1259c700 1 -- 172.21.15.1:0/251044254 >> [v2:172.21.15.1:6800/1726282374,v1:172.21.15.1:6801/1726282374] conn(0x7f0dfc038710 msgr2=0x7f0dfc03abc0 unknown :-1 s=STATE_CONNECTING_RE l=1).process reconnect failed to v2:172.21.15.1:6800/1726282374
2023-11-16T16:30:28.843 INFO:teuthology.orchestra.run.smithi001.stdout:/usr/bin/ceph: stderr
2023-11-16T16:30:27.981+0000 7f0dfbfff700 1 -- 172.21.15.1:0/251044254 <== mon.0 v2:172.21.15.1:3300/0 5 ==== osd_map(1..1 src has 1..1) v4 ==== 725+0+0 (secure 0 0 0) 0x7f0e0404c4a0 con 0x7f0e14106550
2023-11-16T16:30:28.844 INFO:teuthology.orchestra.run.smithi001.stdout:/usr/bin/ceph: stderr
2023-11-16T16:30:27.981+0000 7f0e1259c700 1 --2- 172.21.15.1:0/251044254 >> [v2:172.21.15.1:6800/1726282374,v1:172.21.15.1:6801/1726282374] conn(0x7f0dfc038710 0x7f0dfc03abc0 unknown :-1 s=START_CONNECT pgs=0 cs=0 l=1 rev1=0 crypto rx=0 tx=0 comp rx=0 tx=0)._fault waiting 0.200000
2023-11-16T16:30:28.844 INFO:teuthology.orchestra.run.smithi001.stdout:/usr/bin/ceph: stderr
2023-11-16T16:30:27.986+0000 7f0dfbfff700 1 -- 172.21.15.1:0/251044254 <== mon.0 v2:172.21.15.1:3300/0 6 ==== mon_command_ack([{"prefix": "get_command_descriptions"}]=0 v0) v1 ==== 72+0+177948 (secure 0 0 0) 0x7f0e0402d960 con 0x7f0e14106550
2023-11-16T16:30:28.844 INFO:teuthology.orchestra.run.smithi001.stdout:/usr/bin/ceph: stderr
2023-11-16T16:30:28.182+0000 7f0e1259c700 1 -- 172.21.15.1:0/251044254 >> [v2:172.21.15.1:6800/1726282374,v1:172.21.15.1:6801/1726282374] conn(0x7f0dfc038710 msgr2=0x7f0dfc03abc0 unknown :-1 s=STATE_CONNECTING_RE l=1).process reconnect failed to v2:172.21.15.1:6800/1726282374
2023-11-16T16:30:28.844 INFO:teuthology.orchestra.run.smithi001.stdout:/usr/bin/ceph: stderr
2023-11-16T16:30:28.182+0000 7f0e1259c700 1 --2- 172.21.15.1:0/251044254 >> [v2:172.21.15.1:6800/1726282374,v1:172.21.15.1:6801/1726282374] conn(0x7f0dfc038710 0x7f0dfc03abc0 unknown :-1 s=START_CONNECT pgs=0 cs=0 l=1 rev1=0 crypto rx=0 tx=0 comp rx=0 tx=0)._fault waiting 0.400000
2023-11-16T16:30:28.844 INFO:teuthology.orchestra.run.smithi001.stdout:/usr/bin/ceph: stderr
2023-11-16T16:30:28.455+0000 7f0e19255700 1 -- 172.21.15.1:0/251044254 --> [v2:172.21.15.1:3300/0,v1:172.21.15.1:6789/0] -- mon_command({"prefix": "mgr stat"} v 0) v1 -- 0x7f0e1419a1f0 con 0x7f0e14106550
2023-11-16T16:30:28.844 INFO:teuthology.orchestra.run.smithi001.stdout:/usr/bin/ceph: stderr
2023-11-16T16:30:28.455+0000 7f0dfbfff700 1 -- 172.21.15.1:0/251044254 <== mon.0 v2:172.21.15.1:3300/0 7 ==== mon_command_ack([{"prefix": "mgr stat"}]=0 v5) v1 ==== 56+0+88 (secure 0 0 0) 0x7f0e04018b40 con 0x7f0e14106550
2023-11-16T16:30:28.844 INFO:teuthology.orchestra.run.smithi001.stdout:/usr/bin/ceph: stderr
2023-11-16T16:30:28.457+0000 7f0e19255700 1 -- 172.21.15.1:0/251044254 >> [v2:172.21.15.1:6800/1726282374,v1:172.21.15.1:6801/1726282374] conn(0x7f0dfc038710 msgr2=0x7f0dfc03abc0 unknown :-1 s=STATE_CONNECTING l=1).mark_down
2023-11-16T16:30:28.844 INFO:teuthology.orchestra.run.smithi001.stdout:/usr/bin/ceph: stderr
2023-11-16T16:30:28.457+0000 7f0e19255700 1 --2- 172.21.15.1:0/251044254 >> [v2:172.21.15.1:6800/1726282374,v1:172.21.15.1:6801/1726282374] conn(0x7f0dfc038710 0x7f0dfc03abc0 unknown :-1 s=START_CONNECT pgs=0 cs=0 l=1 rev1=0 crypto rx=0 tx=0 comp rx=0 tx=0).stop
2023-11-16T16:30:28.844 INFO:teuthology.orchestra.run.smithi001.stdout:/usr/bin/ceph: stderr
2023-11-16T16:30:28.457+0000 7f0e19255700 1 -- 172.21.15.1:0/251044254 >> [v2:172.21.15.1:3300/0,v1:172.21.15.1:6789/0] conn(0x7f0e14106550 msgr2=0x7f0e14199770 secure :-1 s=STATE_CONNECTION_ESTABLISHED l=1).mark_down
2023-11-16T16:30:28.844 INFO:teuthology.orchestra.run.smithi001.stdout:/usr/bin/ceph: stderr
2023-11-16T16:30:28.457+0000 7f0e19255700 1 --2- 172.21.15.1:0/251044254 >> [v2:172.21.15.1:3300/0,v1:172.21.15.1:6789/0] conn(0x7f0e14106550 0x7f0e14199770 secure :-1 s=READY pgs=27 cs=0 l=1 rev1=1 crypto rx=0x7f0e04009fb0 tx=0x7f0e04011ad0 comp rx=0 tx=0).stop
2023-11-16T16:30:28.844 INFO:teuthology.orchestra.run.smithi001.stdout:/usr/bin/ceph: stderr
2023-11-16T16:30:28.457+0000 7f0e19255700 1 -- 172.21.15.1:0/251044254 shutdown_connections
2023-11-16T16:30:28.844 INFO:teuthology.orchestra.run.smithi001.stdout:/usr/bin/ceph: stderr
2023-11-16T16:30:28.457+0000 7f0e19255700 1 --2- 172.21.15.1:0/251044254 >> [v2:172.21.15.1:6800/1726282374,v1:172.21.15.1:6801/1726282374] conn(0x7f0dfc038710 0x7f0dfc03abc0 unknown :-1 s=CLOSED pgs=0 cs=0 l=1 rev1=0 crypto rx=0 tx=0 comp rx=0 tx=0).stop
2023-11-16T16:30:28.845 INFO:teuthology.orchestra.run.smithi001.stdout:/usr/bin/ceph: stderr
2023-11-16T16:30:28.457+0000 7f0e19255700 1 --2- 172.21.15.1:0/251044254 >> [v2:172.21.15.1:3300/0,v1:172.21.15.1:6789/0] conn(0x7f0e14106550 0x7f0e14199770 unknown :-1 s=CLOSED pgs=27 cs=0 l=1 rev1=1 crypto rx=0 tx=0 comp rx=0 tx=0).stop
2023-11-16T16:30:28.845 INFO:teuthology.orchestra.run.smithi001.stdout:/usr/bin/ceph: stderr
2023-11-16T16:30:28.457+0000 7f0e19255700 1 -- 172.21.15.1:0/251044254 >> 172.21.15.1:0/251044254 conn(0x7f0e140ffed0 msgr2=0x7f0e14101570 unknown :-1 s=STATE_NONE l=0).mark_down
2023-11-16T16:30:28.845 INFO:teuthology.orchestra.run.smithi001.stdout:/usr/bin/ceph: stderr
2023-11-16T16:30:28.458+0000 7f0e19255700 1 -- 172.21.15.1:0/251044254 shutdown_connections
2023-11-16T16:30:28.845 INFO:teuthology.orchestra.run.smithi001.stdout:/usr/bin/ceph: stderr
2023-11-16T16:30:28.458+0000 7f0e19255700 1 -- 172.21.15.1:0/251044254 wait complete.
2023-11-16T16:30:28.845 INFO:teuthology.orchestra.run.smithi001.stdout:Waiting for the mgr to restart...
2023-11-16T16:30:28.845 INFO:teuthology.orchestra.run.smithi001.stdout:Waiting for mgr epoch 5...
2023-11-16T16:30:28.845 INFO:journalctl@ceph.mgr.x.smithi001.stdout:Nov 16 16:30:28 smithi001 ceph-35d9b010-849d-11ee-8dbe-212e2dc638e7-mgr-x[99043]:
2023-11-16T16:30:28.468+0000 7f05e9d1c200 -1 mgr[py] Module selftest has missing NOTIFY_TYPES member
2023-11-16T16:30:28.845 INFO:journalctl@ceph.mgr.x.smithi001.stdout:Nov 16 16:30:28 smithi001 ceph-35d9b010-849d-11ee-8dbe-212e2dc638e7-mgr-x[99043]:
2023-11-16T16:30:28.589+0000 7f05e9d1c200 -1 mgr[py] Module alerts has missing NOTIFY_TYPES member
2023-11-16T16:30:29.098 INFO:journalctl@ceph.mon.a.smithi001.stdout:Nov 16 16:30:29 smithi001 ceph-mon[98800]: from='client.? 172.21.15.1:0/251044254' entity='client.admin' cmd=[{"prefix": "mgr stat"}]: dispatch
2023-11-16T16:30:29.432 INFO:journalctl@ceph.mgr.x.smithi001.stdout:Nov 16 16:30:29 smithi001 ceph-35d9b010-849d-11ee-8dbe-212e2dc638e7-mgr-x[99043]:
2023-11-16T16:30:29.110+0000 7f05e9d1c200 -1 mgr[py] Module progress has missing NOTIFY_TYPES member
2023-11-16T16:30:30.182 INFO:journalctl@ceph.mgr.x.smithi001.stdout:Nov 16 16:30:29 smithi001 ceph-35d9b010-849d-11ee-8dbe-212e2dc638e7-mgr-x[99043]:
2023-11-16T16:30:29.799+0000 7f05e9d1c200 -1 mgr[py] Module rook has missing NOTIFY_TYPES member
2023-11-16T16:30:30.182 INFO:journalctl@ceph.mgr.x.smithi001.stdout:Nov 16 16:30:29 smithi001 ceph-35d9b010-849d-11ee-8dbe-212e2dc638e7-mgr-x[99043]:
2023-11-16T16:30:29.991+0000 7f05e9d1c200 -1 mgr[py] Module iostat has missing NOTIFY_TYPES member
2023-11-16T16:30:31.280 INFO:journalctl@ceph.mgr.x.smithi001.stdout:Nov 16 16:30:30 smithi001 ceph-35d9b010-849d-11ee-8dbe-212e2dc638e7-mgr-x[99043]:
2023-11-16T16:30:30.949+0000 7f05e9d1c200 -1 mgr[py] Module test_orchestrator has missing NOTIFY_TYPES member
2023-11-16T16:30:31.280 INFO:journalctl@ceph.mgr.x.smithi001.stdout:Nov 16 16:30:31 smithi001 ceph-35d9b010-849d-11ee-8dbe-212e2dc638e7-mgr-x[99043]:
2023-11-16T16:30:31.060+0000 7f05e9d1c200 -1 mgr[py] Module osd_perf_query has missing NOTIFY_TYPES member
2023-11-16T16:30:31.878 INFO:journalctl@ceph.mgr.x.smithi001.stdout:Nov 16 16:30:31 smithi001 ceph-35d9b010-849d-11ee-8dbe-212e2dc638e7-mgr-x[99043]:
2023-11-16T16:30:31.278+0000 7f05e9d1c200 -1 mgr[py] Module orchestrator has missing NOTIFY_TYPES member
2023-11-16T16:30:31.878 INFO:journalctl@ceph.mgr.x.smithi001.stdout:Nov 16 16:30:31 smithi001 ceph-35d9b010-849d-11ee-8dbe-212e2dc638e7-mgr-x[99043]:
2023-11-16T16:30:31.625+0000 7f05e9d1c200 -1 mgr[py] Module rgw has missing NOTIFY_TYPES member
2023-11-16T16:30:32.182 INFO:journalctl@ceph.mgr.x.smithi001.stdout:Nov 16 16:30:31 smithi001 ceph-35d9b010-849d-11ee-8dbe-212e2dc638e7-mgr-x[99043]:
2023-11-16T16:30:31.876+0000 7f05e9d1c200 -1 mgr[py] Module influx has missing NOTIFY_TYPES member
2023-11-16T16:30:32.182 INFO:journalctl@ceph.mgr.x.smithi001.stdout:Nov 16 16:30:32 smithi001 ceph-35d9b010-849d-11ee-8dbe-212e2dc638e7-mgr-x[99043]:
2023-11-16T16:30:32.057+0000 7f05e9d1c200 -1 mgr[py] Module telemetry has missing NOTIFY_TYPES member
2023-11-16T16:30:32.682 INFO:journalctl@ceph.mgr.x.smithi001.stdout:Nov 16 16:30:32 smithi001 ceph-35d9b010-849d-11ee-8dbe-212e2dc638e7-mgr-x[99043]:
2023-11-16T16:30:32.384+0000 7f05e9d1c200 -1 mgr[py] Module telegraf has missing NOTIFY_TYPES member
2023-11-16T16:30:33.608 INFO:journalctl@ceph.mgr.x.smithi001.stdout:Nov 16 16:30:33 smithi001 ceph-35d9b010-849d-11ee-8dbe-212e2dc638e7-mgr-x[99043]:
2023-11-16T16:30:33.207+0000 7f05e9d1c200 -1 mgr[py] Module balancer has missing NOTIFY_TYPES member
2023-11-16T16:30:33.609 INFO:journalctl@ceph.mgr.x.smithi001.stdout:Nov 16 16:30:33 smithi001 ceph-35d9b010-849d-11ee-8dbe-212e2dc638e7-mgr-x[99043]:
2023-11-16T16:30:33.364+0000 7f05e9d1c200 -1 mgr[py] Module diskprediction_local has missing NOTIFY_TYPES member
2023-11-16T16:30:33.932 INFO:journalctl@ceph.mgr.x.smithi001.stdout:Nov 16 16:30:33 smithi001 ceph-35d9b010-849d-11ee-8dbe-212e2dc638e7-mgr-x[99043]:
2023-11-16T16:30:33.606+0000 7f05e9d1c200 -1 mgr[py] Module nfs has missing NOTIFY_TYPES member
2023-11-16T16:30:33.932 INFO:journalctl@ceph.mgr.x.smithi001.stdout:Nov 16 16:30:33 smithi001 ceph-35d9b010-849d-11ee-8dbe-212e2dc638e7-mgr-x[99043]:
2023-11-16T16:30:33.743+0000 7f05e9d1c200 -1 mgr[py] Module rbd_support has missing NOTIFY_TYPES member
2023-11-16T16:30:34.433 INFO:journalctl@ceph.mgr.x.smithi001.stdout:Nov 16 16:30:34 smithi001 ceph-35d9b010-849d-11ee-8dbe-212e2dc638e7-mgr-x[99043]:
2023-11-16T16:30:34.015+0000 7f05e9d1c200 -1 mgr[py] Module volumes has missing NOTIFY_TYPES member
2023-11-16T16:30:35.432 INFO:journalctl@ceph.mgr.x.smithi001.stdout:Nov 16 16:30:35 smithi001 ceph-35d9b010-849d-11ee-8dbe-212e2dc638e7-mgr-x[99043]:
2023-11-16T16:30:35.050+0000 7f05e9d1c200 -1 mgr[py] Module pg_autoscaler has missing NOTIFY_TYPES member
2023-11-16T16:30:35.433 INFO:journalctl@ceph.mon.a.smithi001.stdout:Nov 16 16:30:35 smithi001 ceph-mon[98800]: Active manager daemon x restarted
2023-11-16T16:30:35.433 INFO:journalctl@ceph.mon.a.smithi001.stdout:Nov 16 16:30:35 smithi001 ceph-mon[98800]: Activating manager daemon x
2023-11-16T16:30:35.433 INFO:journalctl@ceph.mon.a.smithi001.stdout:Nov 16 16:30:35 smithi001 ceph-mon[98800]: osdmap e2: 0 total, 0 up, 0 in
2023-11-16T16:30:35.433 INFO:journalctl@ceph.mon.a.smithi001.stdout:Nov 16 16:30:35 smithi001 ceph-mon[98800]: mgrmap e6: x(active, starting, since 0.00364719s)
2023-11-16T16:30:35.433 INFO:journalctl@ceph.mon.a.smithi001.stdout:Nov 16 16:30:35 smithi001 ceph-mon[98800]: from='mgr.14120 172.21.15.1:0/1538801972' entity='mgr.x' cmd=[{"prefix": "mon metadata", "id": "a"}]: dispatch
2023-11-16T16:30:35.433 INFO:journalctl@ceph.mon.a.smithi001.stdout:Nov 16 16:30:35 smithi001 ceph-mon[98800]: from='mgr.14120 172.21.15.1:0/1538801972' entity='mgr.x' cmd=[{"prefix": "mgr metadata", "who": "x", "id": "x"}]: dispatch
2023-11-16T16:30:35.433 INFO:journalctl@ceph.mon.a.smithi001.stdout:Nov 16 16:30:35 smithi001 ceph-mon[98800]: from='mgr.14120 172.21.15.1:0/1538801972' entity='mgr.x' cmd=[{"prefix": "mds metadata"}]: dispatch
2023-11-16T16:30:35.433 INFO:journalctl@ceph.mon.a.smithi001.stdout:Nov 16 16:30:35 smithi001 ceph-mon[98800]: from='mgr.14120 172.21.15.1:0/1538801972' entity='mgr.x' cmd=[{"prefix": "osd metadata"}]: dispatch
2023-11-16T16:30:35.433 INFO:journalctl@ceph.mon.a.smithi001.stdout:Nov 16 16:30:35 smithi001 ceph-mon[98800]: from='mgr.14120 172.21.15.1:0/1538801972' entity='mgr.x' cmd=[{"prefix": "mon metadata"}]: dispatch
2023-11-16T16:30:35.433 INFO:journalctl@ceph.mon.a.smithi001.stdout:Nov 16 16:30:35 smithi001 ceph-mon[98800]: Manager daemon x is now available
2023-11-16T16:30:35.433 INFO:journalctl@ceph.mon.a.smithi001.stdout:Nov 16 16:30:35 smithi001 ceph-mon[98800]: from='mgr.14120 172.21.15.1:0/1538801972' entity='mgr.x'
2023-11-16T16:30:35.433 INFO:journalctl@ceph.mon.a.smithi001.stdout:Nov 16 16:30:35 smithi001 ceph-mon[98800]: from='mgr.14120 172.21.15.1:0/1538801972' entity='mgr.x'
2023-11-16T16:30:35.433 INFO:journalctl@ceph.mon.a.smithi001.stdout:Nov 16 16:30:35 smithi001 ceph-mon[98800]: from='mgr.14120 172.21.15.1:0/1538801972' entity='mgr.x' cmd=[{"prefix": "config dump", "format": "json"}]: dispatch
2023-11-16T16:30:35.434 INFO:journalctl@ceph.mon.a.smithi001.stdout:Nov 16 16:30:35 smithi001 ceph-mon[98800]: from='mgr.14120 172.21.15.1:0/1538801972' entity='mgr.x' cmd=[{"prefix": "config dump", "format": "json"}]: dispatch
2023-11-16T16:30:36.432 INFO:journalctl@ceph.mon.a.smithi001.stdout:Nov 16 16:30:36 smithi001 ceph-mon[98800]: Found migration_current of "None". Setting to last migration.
2023-11-16T16:30:36.432 INFO:journalctl@ceph.mon.a.smithi001.stdout:Nov 16 16:30:36 smithi001 ceph-mon[98800]: from='mgr.14120 172.21.15.1:0/1538801972' entity='mgr.x' cmd=[{"prefix": "config dump", "format": "json"}]: dispatch
2023-11-16T16:30:36.433 INFO:journalctl@ceph.mon.a.smithi001.stdout:Nov 16 16:30:36 smithi001 ceph-mon[98800]: from='mgr.14120 172.21.15.1:0/1538801972' entity='mgr.x' cmd=[{"prefix":"config rm","who":"mgr","name":"mgr/rbd_support/x/mirror_snapshot_schedule"}]: dispatch
2023-11-16T16:30:36.433 INFO:journalctl@ceph.mon.a.smithi001.stdout:Nov 16 16:30:36 smithi001 ceph-mon[98800]: from='mgr.14120 172.21.15.1:0/1538801972' entity='mgr.x' cmd=[{"prefix":"config rm","who":"mgr","name":"mgr/rbd_support/x/trash_purge_schedule"}]: dispatch
2023-11-16T16:30:36.433 INFO:journalctl@ceph.mon.a.smithi001.stdout:Nov 16 16:30:36 smithi001 ceph-mon[98800]: mgrmap e7: x(active, since 1.00547s)
2023-11-16T16:30:36.499 INFO:teuthology.orchestra.run.smithi001.stdout:/usr/bin/ceph: stdout {
2023-11-16T16:30:36.499 INFO:teuthology.orchestra.run.smithi001.stdout:/usr/bin/ceph: stdout "mgrmap_epoch": 7,
2023-11-16T16:30:36.499 INFO:teuthology.orchestra.run.smithi001.stdout:/usr/bin/ceph: stdout "initialized": true
2023-11-16T16:30:36.500 INFO:teuthology.orchestra.run.smithi001.stdout:/usr/bin/ceph: stdout }
2023-11-16T16:30:36.500 INFO:teuthology.orchestra.run.smithi001.stdout:/usr/bin/ceph: stderr
2023-11-16T16:30:29.371+0000 7f2bbf560700 1 Processor -- start
2023-11-16T16:30:36.500 INFO:teuthology.orchestra.run.smithi001.stdout:/usr/bin/ceph: stderr
2023-11-16T16:30:29.371+0000 7f2bbf560700 1 -- start start
2023-11-16T16:30:36.500 INFO:teuthology.orchestra.run.smithi001.stdout:/usr/bin/ceph: stderr
2023-11-16T16:30:29.371+0000 7f2bbf560700 1 --2- >> [v2:172.21.15.1:3300/0,v1:172.21.15.1:6789/0] conn(0x7f2bb8106490 0x7f2bb8108870 unknown :-1 s=NONE pgs=0 cs=0 l=0 rev1=0 crypto rx=0 tx=0 comp rx=0 tx=0).connect
2023-11-16T16:30:36.500 INFO:teuthology.orchestra.run.smithi001.stdout:/usr/bin/ceph: stderr
2023-11-16T16:30:29.371+0000 7f2bbf560700 1 -- --> [v2:172.21.15.1:3300/0,v1:172.21.15.1:6789/0] -- mon_getmap magic: 0 v1 -- 0x7f2bb8079e60 con 0x7f2bb8106490
2023-11-16T16:30:36.500 INFO:teuthology.orchestra.run.smithi001.stdout:/usr/bin/ceph: stderr
2023-11-16T16:30:29.371+0000 7f2bbd2fc700 1 --2- >> [v2:172.21.15.1:3300/0,v1:172.21.15.1:6789/0] conn(0x7f2bb8106490 0x7f2bb8108870 unknown :-1 s=BANNER_CONNECTING pgs=0 cs=0 l=0 rev1=0 crypto rx=0 tx=0 comp rx=0 tx=0)._handle_peer_banner_payload supported=3 required=0
2023-11-16T16:30:36.500 INFO:teuthology.orchestra.run.smithi001.stdout:/usr/bin/ceph: stderr
2023-11-16T16:30:29.371+0000 7f2bbd2fc700 1 --2- >> [v2:172.21.15.1:3300/0,v1:172.21.15.1:6789/0] conn(0x7f2bb8106490 0x7f2bb8108870 unknown :-1 s=HELLO_CONNECTING pgs=0 cs=0 l=0 rev1=1 crypto rx=0 tx=0 comp rx=0 tx=0).handle_hello peer v2:172.21.15.1:3300/0 says I am v2:172.21.15.1:40188/0 (socket says 172.21.15.1:40188)
2023-11-16T16:30:36.500 INFO:teuthology.orchestra.run.smithi001.stdout:/usr/bin/ceph: stderr
2023-11-16T16:30:29.372+0000 7f2bbd2fc700 1 -- 172.21.15.1:0/1409708872 learned_addr learned my addr 172.21.15.1:0/1409708872 (peer_addr_for_me v2:172.21.15.1:0/0)
2023-11-16T16:30:36.500 INFO:teuthology.orchestra.run.smithi001.stdout:/usr/bin/ceph: stderr
2023-11-16T16:30:29.372+0000 7f2bbd2fc700 1 -- 172.21.15.1:0/1409708872 --> [v2:172.21.15.1:3300/0,v1:172.21.15.1:6789/0] -- mon_subscribe({config=0+,monmap=0+}) v3 -- 0x7f2bb8108db0 con 0x7f2bb8106490
2023-11-16T16:30:36.500 INFO:teuthology.orchestra.run.smithi001.stdout:/usr/bin/ceph: stderr
2023-11-16T16:30:29.372+0000 7f2bbd2fc700 1 --2- 172.21.15.1:0/1409708872 >> [v2:172.21.15.1:3300/0,v1:172.21.15.1:6789/0] conn(0x7f2bb8106490 0x7f2bb8108870 secure :-1 s=READY pgs=28 cs=0 l=1 rev1=1 crypto rx=0x7f2bb40098a0 tx=0x7f2bb4009bb0 comp rx=0 tx=0).ready entity=mon.0 client_cookie=c021baf4cc6e7dbe server_cookie=0 in_seq=0 out_seq=0
2023-11-16T16:30:36.500 INFO:teuthology.orchestra.run.smithi001.stdout:/usr/bin/ceph: stderr
2023-11-16T16:30:29.372+0000 7f2baffff700 1 -- 172.21.15.1:0/1409708872 <== mon.0 v2:172.21.15.1:3300/0 1 ==== mon_map magic: 0 v1 ==== 205+0+0 (secure 0 0 0) 0x7f2bb4004160 con 0x7f2bb8106490
2023-11-16T16:30:36.501 INFO:teuthology.orchestra.run.smithi001.stdout:/usr/bin/ceph: stderr
2023-11-16T16:30:29.372+0000 7f2baffff700 1 -- 172.21.15.1:0/1409708872 <== mon.0 v2:172.21.15.1:3300/0 2 ==== config(26 keys) v1 ==== 1074+0+0 (secure 0 0 0) 0x7f2bb40042c0 con 0x7f2bb8106490
2023-11-16T16:30:36.501 INFO:teuthology.orchestra.run.smithi001.stdout:/usr/bin/ceph: stderr
2023-11-16T16:30:29.372+0000 7f2baffff700 1 -- 172.21.15.1:0/1409708872 <== mon.0 v2:172.21.15.1:3300/0 3 ==== mon_map magic: 0 v1 ==== 205+0+0 (secure 0 0 0) 0x7f2bb4011a00 con 0x7f2bb8106490
2023-11-16T16:30:36.501 INFO:teuthology.orchestra.run.smithi001.stdout:/usr/bin/ceph: stderr
2023-11-16T16:30:29.373+0000 7f2bbf560700 1 -- 172.21.15.1:0/1409708872 >> [v2:172.21.15.1:3300/0,v1:172.21.15.1:6789/0] conn(0x7f2bb8106490 msgr2=0x7f2bb8108870 secure :-1 s=STATE_CONNECTION_ESTABLISHED l=1).mark_down
2023-11-16T16:30:36.501 INFO:teuthology.orchestra.run.smithi001.stdout:/usr/bin/ceph: stderr
2023-11-16T16:30:29.373+0000 7f2bbf560700 1 --2- 172.21.15.1:0/1409708872 >> [v2:172.21.15.1:3300/0,v1:172.21.15.1:6789/0] conn(0x7f2bb8106490 0x7f2bb8108870 secure :-1 s=READY pgs=28 cs=0 l=1 rev1=1 crypto rx=0x7f2bb40098a0 tx=0x7f2bb4009bb0 comp rx=0 tx=0).stop
2023-11-16T16:30:36.501 INFO:teuthology.orchestra.run.smithi001.stdout:/usr/bin/ceph: stderr
2023-11-16T16:30:29.373+0000 7f2bbf560700 1 -- 172.21.15.1:0/1409708872 shutdown_connections
2023-11-16T16:30:36.501 INFO:teuthology.orchestra.run.smithi001.stdout:/usr/bin/ceph: stderr
2023-11-16T16:30:29.373+0000 7f2bbf560700 1 --2- 172.21.15.1:0/1409708872 >> [v2:172.21.15.1:3300/0,v1:172.21.15.1:6789/0] conn(0x7f2bb8106490 0x7f2bb8108870 unknown :-1 s=CLOSED pgs=28 cs=0 l=1 rev1=1 crypto rx=0 tx=0 comp rx=0 tx=0).stop
2023-11-16T16:30:36.501 INFO:teuthology.orchestra.run.smithi001.stdout:/usr/bin/ceph: stderr
2023-11-16T16:30:29.373+0000 7f2bbf560700 1 -- 172.21.15.1:0/1409708872 >> 172.21.15.1:0/1409708872 conn(0x7f2bb80ffed0 msgr2=0x7f2bb8102300 unknown :-1 s=STATE_NONE l=0).mark_down
2023-11-16T16:30:36.501 INFO:teuthology.orchestra.run.smithi001.stdout:/usr/bin/ceph: stderr
2023-11-16T16:30:29.373+0000 7f2bbf560700 1 -- 172.21.15.1:0/1409708872 shutdown_connections
2023-11-16T16:30:36.501 INFO:teuthology.orchestra.run.smithi001.stdout:/usr/bin/ceph: stderr
2023-11-16T16:30:29.373+0000 7f2bbf560700 1 -- 172.21.15.1:0/1409708872 wait complete.
2023-11-16T16:30:36.502 INFO:teuthology.orchestra.run.smithi001.stdout:/usr/bin/ceph: stderr
2023-11-16T16:30:29.374+0000 7f2bbf560700 1 Processor -- start
2023-11-16T16:30:36.502 INFO:teuthology.orchestra.run.smithi001.stdout:/usr/bin/ceph: stderr
2023-11-16T16:30:29.374+0000 7f2bbf560700 1 -- start start
2023-11-16T16:30:36.502 INFO:teuthology.orchestra.run.smithi001.stdout:/usr/bin/ceph: stderr
2023-11-16T16:30:29.374+0000 7f2bbf560700 1 --2- >> [v2:172.21.15.1:3300/0,v1:172.21.15.1:6789/0] conn(0x7f2bb8106490 0x7f2bb8105df0 unknown :-1 s=NONE pgs=0 cs=0 l=1 rev1=0 crypto rx=0 tx=0 comp rx=0 tx=0).connect
2023-11-16T16:30:36.502 INFO:teuthology.orchestra.run.smithi001.stdout:/usr/bin/ceph: stderr
2023-11-16T16:30:29.374+0000 7f2bbf560700 1 -- --> [v2:172.21.15.1:3300/0,v1:172.21.15.1:6789/0] -- mon_getmap magic: 0 v1 -- 0x7f2bb8106330 con 0x7f2bb8106490
2023-11-16T16:30:36.502 INFO:teuthology.orchestra.run.smithi001.stdout:/usr/bin/ceph: stderr
2023-11-16T16:30:29.374+0000 7f2bbd2fc700 1 --2- >> [v2:172.21.15.1:3300/0,v1:172.21.15.1:6789/0] conn(0x7f2bb8106490 0x7f2bb8105df0 unknown :-1 s=BANNER_CONNECTING pgs=0 cs=0 l=1 rev1=0 crypto rx=0 tx=0 comp rx=0 tx=0)._handle_peer_banner_payload supported=3 required=0
2023-11-16T16:30:36.502 INFO:teuthology.orchestra.run.smithi001.stdout:/usr/bin/ceph: stderr
2023-11-16T16:30:29.374+0000 7f2bbd2fc700 1 --2- >> [v2:172.21.15.1:3300/0,v1:172.21.15.1:6789/0] conn(0x7f2bb8106490 0x7f2bb8105df0 unknown :-1 s=HELLO_CONNECTING pgs=0 cs=0 l=1 rev1=1 crypto rx=0 tx=0 comp rx=0 tx=0).handle_hello peer v2:172.21.15.1:3300/0 says I am v2:172.21.15.1:40190/0 (socket says 172.21.15.1:40190)
2023-11-16T16:30:36.502 INFO:teuthology.orchestra.run.smithi001.stdout:/usr/bin/ceph: stderr
2023-11-16T16:30:29.374+0000 7f2bbd2fc700 1 -- 172.21.15.1:0/2398950365 learned_addr learned my addr 172.21.15.1:0/2398950365 (peer_addr_for_me v2:172.21.15.1:0/0)
2023-11-16T16:30:36.502 INFO:teuthology.orchestra.run.smithi001.stdout:/usr/bin/ceph: stderr
2023-11-16T16:30:29.374+0000 7f2bbd2fc700 1 -- 172.21.15.1:0/2398950365 --> [v2:172.21.15.1:3300/0,v1:172.21.15.1:6789/0] -- mon_subscribe({config=0+,monmap=0+}) v3 -- 0x7f2bb4009550 con 0x7f2bb8106490
2023-11-16T16:30:36.502 INFO:teuthology.orchestra.run.smithi001.stdout:/usr/bin/ceph: stderr
2023-11-16T16:30:29.375+0000 7f2bbd2fc700 1 --2- 172.21.15.1:0/2398950365 >> [v2:172.21.15.1:3300/0,v1:172.21.15.1:6789/0] conn(0x7f2bb8106490 0x7f2bb8105df0 secure :-1 s=READY pgs=29 cs=0 l=1 rev1=1 crypto rx=0x7f2bb4009fb0 tx=0x7f2bb4011ad0 comp rx=0 tx=0).ready entity=mon.0 client_cookie=0 server_cookie=0 in_seq=0 out_seq=0
2023-11-16T16:30:36.502 INFO:teuthology.orchestra.run.smithi001.stdout:/usr/bin/ceph: stderr
2023-11-16T16:30:29.375+0000 7f2bae7fc700 1 -- 172.21.15.1:0/2398950365 <== mon.0 v2:172.21.15.1:3300/0 1 ==== mon_map magic: 0 v1 ==== 205+0+0 (secure 0 0 0) 0x7f2bb4003930 con 0x7f2bb8106490
2023-11-16T16:30:36.502 INFO:teuthology.orchestra.run.smithi001.stdout:/usr/bin/ceph: stderr
2023-11-16T16:30:29.375+0000 7f2bbf560700 1 -- 172.21.15.1:0/2398950365 --> [v2:172.21.15.1:3300/0,v1:172.21.15.1:6789/0] -- mon_subscribe({mgrmap=0+}) v3 -- 0x7f2bb8109d40 con 0x7f2bb8106490
2023-11-16T16:30:36.503 INFO:teuthology.orchestra.run.smithi001.stdout:/usr/bin/ceph: stderr
2023-11-16T16:30:29.375+0000 7f2bae7fc700 1 -- 172.21.15.1:0/2398950365 <== mon.0 v2:172.21.15.1:3300/0 2 ==== config(26 keys) v1 ==== 1074+0+0 (secure 0 0 0) 0x7f2bb4003a90 con 0x7f2bb8106490
2023-11-16T16:30:36.503 INFO:teuthology.orchestra.run.smithi001.stdout:/usr/bin/ceph: stderr
2023-11-16T16:30:29.375+0000 7f2bae7fc700 1 -- 172.21.15.1:0/2398950365 <== mon.0 v2:172.21.15.1:3300/0 3 ==== mon_map magic: 0 v1 ==== 205+0+0 (secure 0 0 0) 0x7f2bb4019610 con 0x7f2bb8106490
2023-11-16T16:30:36.503 INFO:teuthology.orchestra.run.smithi001.stdout:/usr/bin/ceph: stderr
2023-11-16T16:30:29.375+0000 7f2bbf560700 1 -- 172.21.15.1:0/2398950365 --> [v2:172.21.15.1:3300/0,v1:172.21.15.1:6789/0] -- mon_subscribe({osdmap=0}) v3 -- 0x7f2bb8109bb0 con 0x7f2bb8106490
2023-11-16T16:30:36.503 INFO:teuthology.orchestra.run.smithi001.stdout:/usr/bin/ceph: stderr
2023-11-16T16:30:29.376+0000 7f2bae7fc700 1 -- 172.21.15.1:0/2398950365 <== mon.0 v2:172.21.15.1:3300/0 4 ==== mgrmap(e 5) v1 ==== 45483+0+0 (secure 0 0 0) 0x7f2bb40198d0 con 0x7f2bb8106490
2023-11-16T16:30:36.503 INFO:teuthology.orchestra.run.smithi001.stdout:/usr/bin/ceph: stderr
2023-11-16T16:30:29.376+0000 7f2bae7fc700 1 --2- 172.21.15.1:0/2398950365 >> [v2:172.21.15.1:6800/1726282374,v1:172.21.15.1:6801/1726282374] conn(0x7f2ba40386c0 0x7f2ba403ab70 unknown :-1 s=NONE pgs=0 cs=0 l=1 rev1=0 crypto rx=0 tx=0 comp rx=0 tx=0).connect
2023-11-16T16:30:36.503 INFO:teuthology.orchestra.run.smithi001.stdout:/usr/bin/ceph: stderr
2023-11-16T16:30:29.376+0000 7f2ba3fff700 1 -- 172.21.15.1:0/2398950365 --> [v2:172.21.15.1:6800/1726282374,v1:172.21.15.1:6801/1726282374] -- command(tid 0: {"prefix": "get_command_descriptions"}) v1 -- 0x7f2b98000d10 con 0x7f2ba40386c0
2023-11-16T16:30:36.503 INFO:teuthology.orchestra.run.smithi001.stdout:/usr/bin/ceph: stderr
2023-11-16T16:30:29.376+0000 7f2bae7fc700 1 -- 172.21.15.1:0/2398950365 <== mon.0 v2:172.21.15.1:3300/0 5 ==== osd_map(1..1 src has 1..1) v4 ==== 725+0+0 (secure 0 0 0) 0x7f2bb404c6c0 con 0x7f2bb8106490
2023-11-16T16:30:36.503 INFO:teuthology.orchestra.run.smithi001.stdout:/usr/bin/ceph: stderr
2023-11-16T16:30:29.376+0000 7f2bbcafb700 1 -- 172.21.15.1:0/2398950365 >> [v2:172.21.15.1:6800/1726282374,v1:172.21.15.1:6801/1726282374] conn(0x7f2ba40386c0 msgr2=0x7f2ba403ab70 unknown :-1 s=STATE_CONNECTING_RE l=1).process reconnect failed to v2:172.21.15.1:6800/1726282374
2023-11-16T16:30:36.503 INFO:teuthology.orchestra.run.smithi001.stdout:/usr/bin/ceph: stderr
2023-11-16T16:30:29.376+0000 7f2bbcafb700 1 --2- 172.21.15.1:0/2398950365 >> [v2:172.21.15.1:6800/1726282374,v1:172.21.15.1:6801/1726282374] conn(0x7f2ba40386c0 0x7f2ba403ab70 unknown :-1 s=START_CONNECT pgs=0 cs=0 l=1 rev1=0 crypto rx=0 tx=0 comp rx=0 tx=0)._fault waiting 0.200000
2023-11-16T16:30:36.503 INFO:teuthology.orchestra.run.smithi001.stdout:/usr/bin/ceph: stderr
2023-11-16T16:30:29.577+0000 7f2bbcafb700 1 -- 172.21.15.1:0/2398950365 >> [v2:172.21.15.1:6800/1726282374,v1:172.21.15.1:6801/1726282374] conn(0x7f2ba40386c0 msgr2=0x7f2ba403ab70 unknown :-1 s=STATE_CONNECTING_RE l=1).process reconnect failed to v2:172.21.15.1:6800/1726282374
2023-11-16T16:30:36.503 INFO:teuthology.orchestra.run.smithi001.stdout:/usr/bin/ceph: stderr
2023-11-16T16:30:29.577+0000 7f2bbcafb700 1 --2- 172.21.15.1:0/2398950365 >> [v2:172.21.15.1:6800/1726282374,v1:172.21.15.1:6801/1726282374] conn(0x7f2ba40386c0 0x7f2ba403ab70 unknown :-1 s=START_CONNECT pgs=0 cs=0 l=1 rev1=0 crypto rx=0 tx=0 comp rx=0 tx=0)._fault waiting 0.400000
2023-11-16T16:30:36.504 INFO:teuthology.orchestra.run.smithi001.stdout:/usr/bin/ceph: stderr
2023-11-16T16:30:29.978+0000 7f2bbcafb700 1 -- 172.21.15.1:0/2398950365 >> [v2:172.21.15.1:6800/1726282374,v1:172.21.15.1:6801/1726282374] conn(0x7f2ba40386c0 msgr2=0x7f2ba403ab70 unknown :-1 s=STATE_CONNECTING_RE l=1).process reconnect failed to v2:172.21.15.1:6800/1726282374
2023-11-16T16:30:36.504 INFO:teuthology.orchestra.run.smithi001.stdout:/usr/bin/ceph: stderr
2023-11-16T16:30:29.978+0000 7f2bbcafb700 1 --2- 172.21.15.1:0/2398950365 >> [v2:172.21.15.1:6800/1726282374,v1:172.21.15.1:6801/1726282374] conn(0x7f2ba40386c0 0x7f2ba403ab70 unknown :-1 s=START_CONNECT pgs=0 cs=0 l=1 rev1=0 crypto rx=0 tx=0 comp rx=0 tx=0)._fault waiting 0.800000
2023-11-16T16:30:36.504 INFO:teuthology.orchestra.run.smithi001.stdout:/usr/bin/ceph: stderr
2023-11-16T16:30:30.779+0000 7f2bbcafb700 1 -- 172.21.15.1:0/2398950365 >> [v2:172.21.15.1:6800/1726282374,v1:172.21.15.1:6801/1726282374] conn(0x7f2ba40386c0 msgr2=0x7f2ba403ab70 unknown :-1 s=STATE_CONNECTING_RE l=1).process reconnect failed to v2:172.21.15.1:6800/1726282374
2023-11-16T16:30:36.504 INFO:teuthology.orchestra.run.smithi001.stdout:/usr/bin/ceph: stderr
2023-11-16T16:30:30.779+0000 7f2bbcafb700 1 --2- 172.21.15.1:0/2398950365 >> [v2:172.21.15.1:6800/1726282374,v1:172.21.15.1:6801/1726282374] conn(0x7f2ba40386c0 0x7f2ba403ab70 unknown :-1 s=START_CONNECT pgs=0 cs=0 l=1 rev1=0 crypto rx=0 tx=0 comp rx=0 tx=0)._fault waiting 1.600000
2023-11-16T16:30:36.504 INFO:teuthology.orchestra.run.smithi001.stdout:/usr/bin/ceph: stderr
2023-11-16T16:30:32.380+0000 7f2bbcafb700 1 -- 172.21.15.1:0/2398950365 >> [v2:172.21.15.1:6800/1726282374,v1:172.21.15.1:6801/1726282374] conn(0x7f2ba40386c0 msgr2=0x7f2ba403ab70 unknown :-1 s=STATE_CONNECTING_RE l=1).process reconnect failed to v2:172.21.15.1:6800/1726282374
2023-11-16T16:30:36.504 INFO:teuthology.orchestra.run.smithi001.stdout:/usr/bin/ceph: stderr
2023-11-16T16:30:32.380+0000 7f2bbcafb700 1 --2- 172.21.15.1:0/2398950365 >> [v2:172.21.15.1:6800/1726282374,v1:172.21.15.1:6801/1726282374] conn(0x7f2ba40386c0 0x7f2ba403ab70 unknown :-1 s=START_CONNECT pgs=0 cs=0 l=1 rev1=0 crypto rx=0 tx=0 comp rx=0 tx=0)._fault waiting 3.200000
2023-11-16T16:30:36.504 INFO:teuthology.orchestra.run.smithi001.stdout:/usr/bin/ceph: stderr
2023-11-16T16:30:35.065+0000 7f2bae7fc700 1 -- 172.21.15.1:0/2398950365 <== mon.0 v2:172.21.15.1:3300/0 6 ==== mgrmap(e 6) v1 ==== 45250+0+0 (secure 0 0 0) 0x7f2bb401a9d0 con 0x7f2bb8106490
2023-11-16T16:30:36.504 INFO:teuthology.orchestra.run.smithi001.stdout:/usr/bin/ceph: stderr
2023-11-16T16:30:35.065+0000 7f2bae7fc700 1 -- 172.21.15.1:0/2398950365 >> [v2:172.21.15.1:6800/1726282374,v1:172.21.15.1:6801/1726282374] conn(0x7f2ba40386c0 msgr2=0x7f2ba403ab70 unknown :-1 s=STATE_CONNECTING l=1).mark_down
2023-11-16T16:30:36.504 INFO:teuthology.orchestra.run.smithi001.stdout:/usr/bin/ceph: stderr
2023-11-16T16:30:35.065+0000 7f2bae7fc700 1 --2- 172.21.15.1:0/2398950365 >> [v2:172.21.15.1:6800/1726282374,v1:172.21.15.1:6801/1726282374] conn(0x7f2ba40386c0 0x7f2ba403ab70 unknown :-1 s=START_CONNECT pgs=0 cs=0 l=1 rev1=0 crypto rx=0 tx=0 comp rx=0 tx=0).stop
2023-11-16T16:30:36.504 INFO:teuthology.orchestra.run.smithi001.stdout:/usr/bin/ceph: stderr
2023-11-16T16:30:36.066+0000 7f2bae7fc700 1 -- 172.21.15.1:0/2398950365 <== mon.0 v2:172.21.15.1:3300/0 7 ==== mgrmap(e 7) v1 ==== 45377+0+0 (secure 0 0 0) 0x7f2bb404e250 con 0x7f2bb8106490
2023-11-16T16:30:36.504 INFO:teuthology.orchestra.run.smithi001.stdout:/usr/bin/ceph: stderr
2023-11-16T16:30:36.066+0000 7f2bae7fc700 1 --2- 172.21.15.1:0/2398950365 >> [v2:172.21.15.1:6800/3137425292,v1:172.21.15.1:6801/3137425292] conn(0x7f2ba403be30 0x7f2ba403e210 unknown :-1 s=NONE pgs=0 cs=0 l=1 rev1=0 crypto rx=0 tx=0 comp rx=0 tx=0).connect
2023-11-16T16:30:36.504 INFO:teuthology.orchestra.run.smithi001.stdout:/usr/bin/ceph: stderr
2023-11-16T16:30:36.066+0000 7f2bae7fc700 1 -- 172.21.15.1:0/2398950365 --> [v2:172.21.15.1:6800/3137425292,v1:172.21.15.1:6801/3137425292] -- command(tid 0: {"prefix": "get_command_descriptions"}) v1 -- 0x7f2b98000d10 con 0x7f2ba403be30
2023-11-16T16:30:36.505 INFO:teuthology.orchestra.run.smithi001.stdout:/usr/bin/ceph: stderr
2023-11-16T16:30:36.067+0000 7f2bbcafb700 1 --2- 172.21.15.1:0/2398950365 >> [v2:172.21.15.1:6800/3137425292,v1:172.21.15.1:6801/3137425292] conn(0x7f2ba403be30 0x7f2ba403e210 unknown :-1 s=BANNER_CONNECTING pgs=0 cs=0 l=1 rev1=0 crypto rx=0 tx=0 comp rx=0 tx=0)._handle_peer_banner_payload supported=3 required=0
2023-11-16T16:30:36.505 INFO:teuthology.orchestra.run.smithi001.stdout:/usr/bin/ceph: stderr
2023-11-16T16:30:36.068+0000 7f2bbcafb700 1 --2- 172.21.15.1:0/2398950365 >> [v2:172.21.15.1:6800/3137425292,v1:172.21.15.1:6801/3137425292] conn(0x7f2ba403be30 0x7f2ba403e210 secure :-1 s=READY pgs=2 cs=0 l=1 rev1=1 crypto rx=0x7f2ba8003a10 tx=0x7f2ba8009290 comp rx=0 tx=0).ready entity=mgr.14120 client_cookie=0 server_cookie=0 in_seq=0 out_seq=0
2023-11-16T16:30:36.505 INFO:teuthology.orchestra.run.smithi001.stdout:/usr/bin/ceph: stderr
2023-11-16T16:30:36.068+0000 7f2bae7fc700 1 -- 172.21.15.1:0/2398950365 <== mgr.14120 v2:172.21.15.1:6800/3137425292 1 ==== command_reply(tid 0: 0 ) v1 ==== 8+0+6910 (secure 0 0 0) 0x7f2b98000d10 con 0x7f2ba403be30
2023-11-16T16:30:36.505 INFO:teuthology.orchestra.run.smithi001.stdout:/usr/bin/ceph: stderr
2023-11-16T16:30:36.079+0000 7f2ba3fff700 1 -- 172.21.15.1:0/2398950365 --> [v2:172.21.15.1:6800/3137425292,v1:172.21.15.1:6801/3137425292] -- command(tid 1: {"prefix": "mgr_status"}) v1 -- 0x7f2b980027d0 con 0x7f2ba403be30
2023-11-16T16:30:36.505 INFO:teuthology.orchestra.run.smithi001.stdout:/usr/bin/ceph: stderr
2023-11-16T16:30:36.080+0000 7f2bae7fc700 1 -- 172.21.15.1:0/2398950365 <== mgr.14120 v2:172.21.15.1:6800/3137425292 2 ==== command_reply(tid 1: 0 ) v1 ==== 8+0+51 (secure 0 0 0) 0x7f2b980027d0 con 0x7f2ba403be30
2023-11-16T16:30:36.505 INFO:teuthology.orchestra.run.smithi001.stdout:/usr/bin/ceph: stderr
2023-11-16T16:30:36.080+0000 7f2ba3fff700 1 -- 172.21.15.1:0/2398950365 >> [v2:172.21.15.1:6800/3137425292,v1:172.21.15.1:6801/3137425292] conn(0x7f2ba403be30 msgr2=0x7f2ba403e210 secure :-1 s=STATE_CONNECTION_ESTABLISHED l=1).mark_down
2023-11-16T16:30:36.505 INFO:teuthology.orchestra.run.smithi001.stdout:/usr/bin/ceph: stderr
2023-11-16T16:30:36.080+0000 7f2ba3fff700 1 --2- 172.21.15.1:0/2398950365 >> [v2:172.21.15.1:6800/3137425292,v1:172.21.15.1:6801/3137425292] conn(0x7f2ba403be30 0x7f2ba403e210 secure :-1 s=READY pgs=2 cs=0 l=1 rev1=1 crypto rx=0x7f2ba8003a10 tx=0x7f2ba8009290 comp rx=0 tx=0).stop
2023-11-16T16:30:36.505 INFO:teuthology.orchestra.run.smithi001.stdout:/usr/bin/ceph: stderr
2023-11-16T16:30:36.080+0000 7f2ba3fff700 1 -- 172.21.15.1:0/2398950365 >> [v2:172.21.15.1:3300/0,v1:172.21.15.1:6789/0] conn(0x7f2bb8106490 msgr2=0x7f2bb8105df0 secure :-1 s=STATE_CONNECTION_ESTABLISHED l=1).mark_down
2023-11-16T16:30:36.505 INFO:teuthology.orchestra.run.smithi001.stdout:/usr/bin/ceph: stderr
2023-11-16T16:30:36.080+0000 7f2ba3fff700 1 --2- 172.21.15.1:0/2398950365 >> [v2:172.21.15.1:3300/0,v1:172.21.15.1:6789/0] conn(0x7f2bb8106490 0x7f2bb8105df0 secure :-1 s=READY pgs=29 cs=0 l=1 rev1=1 crypto rx=0x7f2bb4009fb0 tx=0x7f2bb4011ad0 comp rx=0 tx=0).stop
2023-11-16T16:30:36.505 INFO:teuthology.orchestra.run.smithi001.stdout:/usr/bin/ceph: stderr
2023-11-16T16:30:36.080+0000 7f2ba3fff700 1 -- 172.21.15.1:0/2398950365 shutdown_connections
2023-11-16T16:30:36.505 INFO:teuthology.orchestra.run.smithi001.stdout:/usr/bin/ceph: stderr
2023-11-16T16:30:36.080+0000 7f2ba3fff700 1 --2- 172.21.15.1:0/2398950365 >> [v2:172.21.15.1:6800/3137425292,v1:172.21.15.1:6801/3137425292] conn(0x7f2ba403be30 0x7f2ba403e210 unknown :-1 s=CLOSED pgs=2 cs=0 l=1 rev1=1 crypto rx=0 tx=0 comp rx=0 tx=0).stop
2023-11-16T16:30:36.506 INFO:teuthology.orchestra.run.smithi001.stdout:/usr/bin/ceph: stderr
2023-11-16T16:30:36.080+0000 7f2ba3fff700 1 --2- 172.21.15.1:0/2398950365 >> [v2:172.21.15.1:3300/0,v1:172.21.15.1:6789/0] conn(0x7f2bb8106490 0x7f2bb8105df0 unknown :-1 s=CLOSED pgs=29 cs=0 l=1 rev1=1 crypto rx=0 tx=0 comp rx=0 tx=0).stop
2023-11-16T16:30:36.506 INFO:teuthology.orchestra.run.smithi001.stdout:/usr/bin/ceph: stderr
2023-11-16T16:30:36.080+0000 7f2ba3fff700 1 --2- 172.21.15.1:0/2398950365 >> [v2:172.21.15.1:6800/1726282374,v1:172.21.15.1:6801/1726282374] conn(0x7f2ba40386c0 0x7f2ba403ab70 unknown :-1 s=CLOSED pgs=0 cs=0 l=1 rev1=0 crypto rx=0 tx=0 comp rx=0 tx=0).stop
2023-11-16T16:30:36.506 INFO:teuthology.orchestra.run.smithi001.stdout:/usr/bin/ceph: stderr
2023-11-16T16:30:36.080+0000 7f2ba3fff700 1 -- 172.21.15.1:0/2398950365 >> 172.21.15.1:0/2398950365 conn(0x7f2bb80ffed0 msgr2=0x7f2bb8100cc0 unknown :-1 s=STATE_NONE l=0).mark_down
2023-11-16T16:30:36.506 INFO:teuthology.orchestra.run.smithi001.stdout:/usr/bin/ceph: stderr
2023-11-16T16:30:36.080+0000 7f2ba3fff700 1 -- 172.21.15.1:0/2398950365 shutdown_connections
2023-11-16T16:30:36.506 INFO:teuthology.orchestra.run.smithi001.stdout:/usr/bin/ceph: stderr
2023-11-16T16:30:36.080+0000 7f2ba3fff700 1 -- 172.21.15.1:0/2398950365 wait complete.
2023-11-16T16:30:36.506 INFO:teuthology.orchestra.run.smithi001.stdout:mgr epoch 5 is available
2023-11-16T16:30:36.506 INFO:teuthology.orchestra.run.smithi001.stdout:Setting orchestrator backend to cephadm...
2023-11-16T16:30:37.432 INFO:journalctl@ceph.mon.a.smithi001.stdout:Nov 16 16:30:37 smithi001 ceph-mon[98800]: from='client.14124 -' entity='client.admin' cmd=[{"prefix": "get_command_descriptions"}]: dispatch
2023-11-16T16:30:37.432 INFO:journalctl@ceph.mon.a.smithi001.stdout:Nov 16 16:30:37 smithi001 ceph-mon[98800]: from='client.14124 -' entity='client.admin' cmd=[{"prefix": "mgr_status"}]: dispatch
2023-11-16T16:30:37.432 INFO:journalctl@ceph.mon.a.smithi001.stdout:Nov 16 16:30:37 smithi001 ceph-mon[98800]: from='mgr.14120 172.21.15.1:0/1538801972' entity='mgr.x'
2023-11-16T16:30:37.432 INFO:journalctl@ceph.mon.a.smithi001.stdout:Nov 16 16:30:37 smithi001 ceph-mon[98800]: from='mgr.14120 172.21.15.1:0/1538801972' entity='mgr.x'
2023-11-16T16:30:37.844 INFO:teuthology.orchestra.run.smithi001.stdout:/usr/bin/ceph: stderr
2023-11-16T16:30:37.030+0000 7ff556055700 1 Processor -- start
2023-11-16T16:30:37.844 INFO:teuthology.orchestra.run.smithi001.stdout:/usr/bin/ceph: stderr
2023-11-16T16:30:37.030+0000 7ff556055700 1 -- start start
2023-11-16T16:30:37.844 INFO:teuthology.orchestra.run.smithi001.stdout:/usr/bin/ceph: stderr
2023-11-16T16:30:37.030+0000 7ff556055700 1 --2- >> [v2:172.21.15.1:3300/0,v1:172.21.15.1:6789/0] conn(0x7ff55007be70 0x7ff55007a2d0 unknown :-1 s=NONE pgs=0 cs=0 l=0 rev1=0 crypto rx=0 tx=0 comp rx=0 tx=0).connect
2023-11-16T16:30:37.844 INFO:teuthology.orchestra.run.smithi001.stdout:/usr/bin/ceph: stderr
2023-11-16T16:30:37.030+0000 7ff556055700 1 -- --> [v2:172.21.15.1:3300/0,v1:172.21.15.1:6789/0] -- mon_getmap magic: 0 v1 -- 0x7ff55007a8a0 con 0x7ff55007be70
2023-11-16T16:30:37.845 INFO:teuthology.orchestra.run.smithi001.stdout:/usr/bin/ceph: stderr
2023-11-16T16:30:37.030+0000 7ff54f7fe700 1 --2- >> [v2:172.21.15.1:3300/0,v1:172.21.15.1:6789/0] conn(0x7ff55007be70 0x7ff55007a2d0 unknown :-1 s=BANNER_CONNECTING pgs=0 cs=0 l=0 rev1=0 crypto rx=0 tx=0 comp rx=0 tx=0)._handle_peer_banner_payload supported=3 required=0
2023-11-16T16:30:37.845 INFO:teuthology.orchestra.run.smithi001.stdout:/usr/bin/ceph: stderr
2023-11-16T16:30:37.030+0000 7ff54f7fe700 1 --2- >> [v2:172.21.15.1:3300/0,v1:172.21.15.1:6789/0] conn(0x7ff55007be70 0x7ff55007a2d0 unknown :-1 s=HELLO_CONNECTING pgs=0 cs=0 l=0 rev1=1 crypto rx=0 tx=0 comp rx=0 tx=0).handle_hello peer v2:172.21.15.1:3300/0 says I am v2:172.21.15.1:40234/0 (socket says 172.21.15.1:40234)
2023-11-16T16:30:37.845 INFO:teuthology.orchestra.run.smithi001.stdout:/usr/bin/ceph: stderr
2023-11-16T16:30:37.030+0000 7ff54f7fe700 1 -- 172.21.15.1:0/4031979950 learned_addr learned my addr 172.21.15.1:0/4031979950 (peer_addr_for_me v2:172.21.15.1:0/0)
2023-11-16T16:30:37.845 INFO:teuthology.orchestra.run.smithi001.stdout:/usr/bin/ceph: stderr
2023-11-16T16:30:37.031+0000 7ff54f7fe700 1 -- 172.21.15.1:0/4031979950 --> [v2:172.21.15.1:3300/0,v1:172.21.15.1:6789/0] -- mon_subscribe({config=0+,monmap=0+}) v3 -- 0x7ff55007a9e0 con 0x7ff55007be70
2023-11-16T16:30:37.845 INFO:teuthology.orchestra.run.smithi001.stdout:/usr/bin/ceph: stderr
2023-11-16T16:30:37.031+0000 7ff54f7fe700 1 --2- 172.21.15.1:0/4031979950 >> [v2:172.21.15.1:3300/0,v1:172.21.15.1:6789/0] conn(0x7ff55007be70 0x7ff55007a2d0 secure :-1 s=READY pgs=37 cs=0 l=1 rev1=1 crypto rx=0x7ff5400098a0 tx=0x7ff540009bb0 comp rx=0 tx=0).ready entity=mon.0 client_cookie=e23c1ec62926405 server_cookie=0 in_seq=0 out_seq=0
2023-11-16T16:30:37.845 INFO:teuthology.orchestra.run.smithi001.stdout:/usr/bin/ceph: stderr
2023-11-16T16:30:37.031+0000 7ff54e7fc700 1 -- 172.21.15.1:0/4031979950 <== mon.0 v2:172.21.15.1:3300/0 1 ==== mon_map magic: 0 v1 ==== 205+0+0 (secure 0 0 0) 0x7ff540004160 con 0x7ff55007be70
2023-11-16T16:30:37.845 INFO:teuthology.orchestra.run.smithi001.stdout:/usr/bin/ceph: stderr
2023-11-16T16:30:37.031+0000 7ff54e7fc700 1 -- 172.21.15.1:0/4031979950 <== mon.0 v2:172.21.15.1:3300/0 2 ==== config(26 keys) v1 ==== 1074+0+0 (secure 0 0 0) 0x7ff5400042c0 con 0x7ff55007be70
2023-11-16T16:30:37.845 INFO:teuthology.orchestra.run.smithi001.stdout:/usr/bin/ceph: stderr
2023-11-16T16:30:37.031+0000 7ff54e7fc700 1 -- 172.21.15.1:0/4031979950 <== mon.0 v2:172.21.15.1:3300/0 3 ==== mon_map magic: 0 v1 ==== 205+0+0 (secure 0 0 0) 0x7ff540011a00 con 0x7ff55007be70
2023-11-16T16:30:37.845 INFO:teuthology.orchestra.run.smithi001.stdout:/usr/bin/ceph: stderr
2023-11-16T16:30:37.032+0000 7ff556055700 1 -- 172.21.15.1:0/4031979950 >> [v2:172.21.15.1:3300/0,v1:172.21.15.1:6789/0] conn(0x7ff55007be70 msgr2=0x7ff55007a2d0 secure :-1 s=STATE_CONNECTION_ESTABLISHED l=1).mark_down
2023-11-16T16:30:37.845 INFO:teuthology.orchestra.run.smithi001.stdout:/usr/bin/ceph: stderr
2023-11-16T16:30:37.032+0000 7ff556055700 1 --2- 172.21.15.1:0/4031979950 >> [v2:172.21.15.1:3300/0,v1:172.21.15.1:6789/0] conn(0x7ff55007be70 0x7ff55007a2d0 secure :-1 s=READY pgs=37 cs=0 l=1 rev1=1 crypto rx=0x7ff5400098a0 tx=0x7ff540009bb0 comp rx=0 tx=0).stop
2023-11-16T16:30:37.845 INFO:teuthology.orchestra.run.smithi001.stdout:/usr/bin/ceph: stderr
2023-11-16T16:30:37.032+0000 7ff556055700 1 -- 172.21.15.1:0/4031979950 shutdown_connections
2023-11-16T16:30:37.845 INFO:teuthology.orchestra.run.smithi001.stdout:/usr/bin/ceph: stderr
2023-11-16T16:30:37.032+0000 7ff556055700 1 --2- 172.21.15.1:0/4031979950 >> [v2:172.21.15.1:3300/0,v1:172.21.15.1:6789/0] conn(0x7ff55007be70 0x7ff55007a2d0 unknown :-1 s=CLOSED pgs=37 cs=0 l=1 rev1=1 crypto rx=0 tx=0 comp rx=0 tx=0).stop
2023-11-16T16:30:37.846 INFO:teuthology.orchestra.run.smithi001.stdout:/usr/bin/ceph: stderr
2023-11-16T16:30:37.032+0000 7ff556055700 1 -- 172.21.15.1:0/4031979950 >> 172.21.15.1:0/4031979950 conn(0x7ff550100fd0 msgr2=0x7ff550103400 unknown :-1 s=STATE_NONE l=0).mark_down
2023-11-16T16:30:37.846 INFO:teuthology.orchestra.run.smithi001.stdout:/usr/bin/ceph: stderr
2023-11-16T16:30:37.032+0000 7ff556055700 1 -- 172.21.15.1:0/4031979950 shutdown_connections
2023-11-16T16:30:37.846 INFO:teuthology.orchestra.run.smithi001.stdout:/usr/bin/ceph: stderr
2023-11-16T16:30:37.032+0000 7ff556055700 1 -- 172.21.15.1:0/4031979950 wait complete.
2023-11-16T16:30:37.846 INFO:teuthology.orchestra.run.smithi001.stdout:/usr/bin/ceph: stderr
2023-11-16T16:30:37.033+0000 7ff556055700 1 Processor -- start
2023-11-16T16:30:37.846 INFO:teuthology.orchestra.run.smithi001.stdout:/usr/bin/ceph: stderr
2023-11-16T16:30:37.033+0000 7ff556055700 1 -- start start
2023-11-16T16:30:37.846 INFO:teuthology.orchestra.run.smithi001.stdout:/usr/bin/ceph: stderr
2023-11-16T16:30:37.033+0000 7ff556055700 1 --2- >> [v2:172.21.15.1:3300/0,v1:172.21.15.1:6789/0] conn(0x7ff55007be70 0x7ff55019b9b0 unknown :-1 s=NONE pgs=0 cs=0 l=1 rev1=0 crypto rx=0 tx=0 comp rx=0 tx=0).connect
2023-11-16T16:30:37.846 INFO:teuthology.orchestra.run.smithi001.stdout:/usr/bin/ceph: stderr
2023-11-16T16:30:37.033+0000 7ff556055700 1 -- --> [v2:172.21.15.1:3300/0,v1:172.21.15.1:6789/0] -- mon_getmap magic: 0 v1 -- 0x7ff55019bef0 con 0x7ff55007be70
2023-11-16T16:30:37.846 INFO:teuthology.orchestra.run.smithi001.stdout:/usr/bin/ceph: stderr
2023-11-16T16:30:37.033+0000 7ff54f7fe700 1 --2- >> [v2:172.21.15.1:3300/0,v1:172.21.15.1:6789/0] conn(0x7ff55007be70 0x7ff55019b9b0 unknown :-1 s=BANNER_CONNECTING pgs=0 cs=0 l=1 rev1=0 crypto rx=0 tx=0 comp rx=0 tx=0)._handle_peer_banner_payload supported=3 required=0
2023-11-16T16:30:37.846 INFO:teuthology.orchestra.run.smithi001.stdout:/usr/bin/ceph: stderr
2023-11-16T16:30:37.033+0000 7ff54f7fe700 1 --2- >> [v2:172.21.15.1:3300/0,v1:172.21.15.1:6789/0] conn(0x7ff55007be70 0x7ff55019b9b0 unknown :-1 s=HELLO_CONNECTING pgs=0 cs=0 l=1 rev1=1 crypto rx=0 tx=0 comp rx=0 tx=0).handle_hello peer v2:172.21.15.1:3300/0 says I am v2:172.21.15.1:40236/0 (socket says 172.21.15.1:40236)
2023-11-16T16:30:37.846 INFO:teuthology.orchestra.run.smithi001.stdout:/usr/bin/ceph: stderr
2023-11-16T16:30:37.033+0000 7ff54f7fe700 1 -- 172.21.15.1:0/1867417702 learned_addr learned my addr 172.21.15.1:0/1867417702 (peer_addr_for_me v2:172.21.15.1:0/0)
2023-11-16T16:30:37.846 INFO:teuthology.orchestra.run.smithi001.stdout:/usr/bin/ceph: stderr
2023-11-16T16:30:37.033+0000 7ff54f7fe700 1 -- 172.21.15.1:0/1867417702 --> [v2:172.21.15.1:3300/0,v1:172.21.15.1:6789/0] -- mon_subscribe({config=0+,monmap=0+}) v3 -- 0x7ff540009550 con 0x7ff55007be70
2023-11-16T16:30:37.846 INFO:teuthology.orchestra.run.smithi001.stdout:/usr/bin/ceph: stderr
2023-11-16T16:30:37.034+0000 7ff54f7fe700 1 --2- 172.21.15.1:0/1867417702 >> [v2:172.21.15.1:3300/0,v1:172.21.15.1:6789/0] conn(0x7ff55007be70 0x7ff55019b9b0 secure :-1 s=READY pgs=38 cs=0 l=1 rev1=1 crypto rx=0x7ff540009fb0 tx=0x7ff540011ad0 comp rx=0 tx=0).ready entity=mon.0 client_cookie=0 server_cookie=0 in_seq=0 out_seq=0
2023-11-16T16:30:37.847 INFO:teuthology.orchestra.run.smithi001.stdout:/usr/bin/ceph: stderr
2023-11-16T16:30:37.034+0000 7ff54cff9700 1 -- 172.21.15.1:0/1867417702 <== mon.0 v2:172.21.15.1:3300/0 1 ==== mon_map magic: 0 v1 ==== 205+0+0 (secure 0 0 0) 0x7ff540003930 con 0x7ff55007be70
2023-11-16T16:30:37.847 INFO:teuthology.orchestra.run.smithi001.stdout:/usr/bin/ceph: stderr
2023-11-16T16:30:37.034+0000 7ff54cff9700 1 -- 172.21.15.1:0/1867417702 <== mon.0 v2:172.21.15.1:3300/0 2 ==== config(26 keys) v1 ==== 1074+0+0 (secure 0 0 0) 0x7ff540003a90 con 0x7ff55007be70
2023-11-16T16:30:37.847 INFO:teuthology.orchestra.run.smithi001.stdout:/usr/bin/ceph: stderr
2023-11-16T16:30:37.034+0000 7ff556055700 1 -- 172.21.15.1:0/1867417702 --> [v2:172.21.15.1:3300/0,v1:172.21.15.1:6789/0] -- mon_subscribe({mgrmap=0+}) v3 -- 0x7ff55010bf60 con 0x7ff55007be70
2023-11-16T16:30:37.847 INFO:teuthology.orchestra.run.smithi001.stdout:/usr/bin/ceph: stderr
2023-11-16T16:30:37.034+0000 7ff54cff9700 1 -- 172.21.15.1:0/1867417702 <== mon.0 v2:172.21.15.1:3300/0 3 ==== mon_map magic: 0 v1 ==== 205+0+0 (secure 0 0 0) 0x7ff540019610 con 0x7ff55007be70
2023-11-16T16:30:37.847 INFO:teuthology.orchestra.run.smithi001.stdout:/usr/bin/ceph: stderr
2023-11-16T16:30:37.034+0000 7ff556055700 1 -- 172.21.15.1:0/1867417702 --> [v2:172.21.15.1:3300/0,v1:172.21.15.1:6789/0] -- mon_subscribe({osdmap=0}) v3 -- 0x7ff55010bdd0 con 0x7ff55007be70
2023-11-16T16:30:37.847 INFO:teuthology.orchestra.run.smithi001.stdout:/usr/bin/ceph: stderr
2023-11-16T16:30:37.035+0000 7ff54cff9700 1 -- 172.21.15.1:0/1867417702 <== mon.0 v2:172.21.15.1:3300/0 4 ==== mgrmap(e 7) v1 ==== 45377+0+0 (secure 0 0 0) 0x7ff5400198d0 con 0x7ff55007be70
2023-11-16T16:30:37.847 INFO:teuthology.orchestra.run.smithi001.stdout:/usr/bin/ceph: stderr
2023-11-16T16:30:37.035+0000 7ff54cff9700 1 --2- 172.21.15.1:0/1867417702 >> [v2:172.21.15.1:6800/3137425292,v1:172.21.15.1:6801/3137425292] conn(0x7ff5380385a0 0x7ff53803aa50 unknown :-1 s=NONE pgs=0 cs=0 l=1 rev1=0 crypto rx=0 tx=0 comp rx=0 tx=0).connect
2023-11-16T16:30:37.847 INFO:teuthology.orchestra.run.smithi001.stdout:/usr/bin/ceph: stderr
2023-11-16T16:30:37.035+0000 7ff54cff9700 1 -- 172.21.15.1:0/1867417702 <== mon.0 v2:172.21.15.1:3300/0 5 ==== osd_map(2..2 src has 1..2) v4 ==== 940+0+0 (secure 0 0 0) 0x7ff54004c850 con 0x7ff55007be70
2023-11-16T16:30:37.847 INFO:teuthology.orchestra.run.smithi001.stdout:/usr/bin/ceph: stderr
