2023-11-16T16:31:06.845+0000 7fb00c9a0700 1 -- 172.21.15.1:0/236747140 <== mon.0 v2:172.21.15.1:3300/0 6 ==== mon_command_ack([{"prefix": "get_command_descriptions"}]=0 v0) v1 ==== 72+0+177948 (secure 0 0 0) 0x7faff8018db0 con 0x7fb0081064f0
2023-11-16T16:31:07.637 INFO:teuthology.orchestra.run.smithi001.stdout:/usr/bin/ceph: stderr
2023-11-16T16:31:07.204+0000 7fb00d9a2700 1 -- 172.21.15.1:0/236747140 --> [v2:172.21.15.1:3300/0,v1:172.21.15.1:6789/0] -- mon_command({"prefix": "config get", "who": "mgr", "key": "mgr/dashboard/ssl_server_port"} v 0) v1 -- 0x7fb0081052b0 con 0x7fb0081064f0
2023-11-16T16:31:07.637 INFO:teuthology.orchestra.run.smithi001.stdout:/usr/bin/ceph: stderr
2023-11-16T16:31:07.205+0000 7fb00c9a0700 1 -- 172.21.15.1:0/236747140 <== mon.0 v2:172.21.15.1:3300/0 7 ==== mon_command_ack([{"prefix": "config get", "who": "mgr", "key": "mgr/dashboard/ssl_server_port"}]=0 v8) v1 ==== 112+0+5 (secure 0 0 0) 0x7faff8018350 con 0x7fb0081064f0
2023-11-16T16:31:07.637 INFO:teuthology.orchestra.run.smithi001.stdout:/usr/bin/ceph: stderr
2023-11-16T16:31:07.207+0000 7fb00d9a2700 1 -- 172.21.15.1:0/236747140 >> [v2:172.21.15.1:6800/2490729488,v1:172.21.15.1:6801/2490729488] conn(0x7faff4038760 msgr2=0x7faff403ac10 secure :-1 s=STATE_CONNECTION_ESTABLISHED l=1).mark_down
2023-11-16T16:31:07.637 INFO:teuthology.orchestra.run.smithi001.stdout:/usr/bin/ceph: stderr
2023-11-16T16:31:07.207+0000 7fb00d9a2700 1 --2- 172.21.15.1:0/236747140 >> [v2:172.21.15.1:6800/2490729488,v1:172.21.15.1:6801/2490729488] conn(0x7faff4038760 0x7faff403ac10 secure :-1 s=READY pgs=9 cs=0 l=1 rev1=1 crypto rx=0x7faff0006fd0 tx=0x7faff0006e40 comp rx=0 tx=0).stop
2023-11-16T16:31:07.637 INFO:teuthology.orchestra.run.smithi001.stdout:/usr/bin/ceph: stderr
2023-11-16T16:31:07.207+0000 7fb00d9a2700 1 -- 172.21.15.1:0/236747140 >> [v2:172.21.15.1:3300/0,v1:172.21.15.1:6789/0] conn(0x7fb0081064f0 msgr2=0x7fb008105e50 secure :-1 s=STATE_CONNECTION_ESTABLISHED l=1).mark_down
2023-11-16T16:31:07.637 INFO:teuthology.orchestra.run.smithi001.stdout:/usr/bin/ceph: stderr
2023-11-16T16:31:07.207+0000 7fb00d9a2700 1 --2- 172.21.15.1:0/236747140 >> [v2:172.21.15.1:3300/0,v1:172.21.15.1:6789/0] conn(0x7fb0081064f0 0x7fb008105e50 secure :-1 s=READY pgs=75 cs=0 l=1 rev1=1 crypto rx=0x7faff8011980 tx=0x7faff8011a60 comp rx=0 tx=0).stop
2023-11-16T16:31:07.637 INFO:teuthology.orchestra.run.smithi001.stdout:/usr/bin/ceph: stderr
2023-11-16T16:31:07.207+0000 7fb00d9a2700 1 -- 172.21.15.1:0/236747140 shutdown_connections
2023-11-16T16:31:07.638 INFO:teuthology.orchestra.run.smithi001.stdout:/usr/bin/ceph: stderr
2023-11-16T16:31:07.207+0000 7fb00d9a2700 1 --2- 172.21.15.1:0/236747140 >> [v2:172.21.15.1:6800/2490729488,v1:172.21.15.1:6801/2490729488] conn(0x7faff4038760 0x7faff403ac10 unknown :-1 s=CLOSED pgs=9 cs=0 l=1 rev1=1 crypto rx=0 tx=0 comp rx=0 tx=0).stop
2023-11-16T16:31:07.638 INFO:teuthology.orchestra.run.smithi001.stdout:/usr/bin/ceph: stderr
2023-11-16T16:31:07.207+0000 7fb00d9a2700 1 --2- 172.21.15.1:0/236747140 >> [v2:172.21.15.1:3300/0,v1:172.21.15.1:6789/0] conn(0x7fb0081064f0 0x7fb008105e50 unknown :-1 s=CLOSED pgs=75 cs=0 l=1 rev1=1 crypto rx=0 tx=0 comp rx=0 tx=0).stop
2023-11-16T16:31:07.638 INFO:teuthology.orchestra.run.smithi001.stdout:/usr/bin/ceph: stderr
2023-11-16T16:31:07.207+0000 7fb00d9a2700 1 -- 172.21.15.1:0/236747140 >> 172.21.15.1:0/236747140 conn(0x7fb0080ffed0 msgr2=0x7fb0081015c0 unknown :-1 s=STATE_NONE l=0).mark_down
2023-11-16T16:31:07.638 INFO:teuthology.orchestra.run.smithi001.stdout:/usr/bin/ceph: stderr
2023-11-16T16:31:07.207+0000 7fb00d9a2700 1 -- 172.21.15.1:0/236747140 shutdown_connections
2023-11-16T16:31:07.638 INFO:teuthology.orchestra.run.smithi001.stdout:/usr/bin/ceph: stderr
2023-11-16T16:31:07.207+0000 7fb00d9a2700 1 -- 172.21.15.1:0/236747140 wait complete.
2023-11-16T16:31:07.643 INFO:teuthology.orchestra.run.smithi001.stdout:Non-zero exit code 1 from systemctl is-enabled firewalld.service
2023-11-16T16:31:07.643 INFO:teuthology.orchestra.run.smithi001.stdout:systemctl: stdout disabled
2023-11-16T16:31:07.650 INFO:teuthology.orchestra.run.smithi001.stdout:Non-zero exit code 3 from systemctl is-active firewalld.service
2023-11-16T16:31:07.650 INFO:teuthology.orchestra.run.smithi001.stdout:systemctl: stdout inactive
2023-11-16T16:31:07.650 INFO:teuthology.orchestra.run.smithi001.stdout:firewalld.service is not enabled
2023-11-16T16:31:07.650 INFO:teuthology.orchestra.run.smithi001.stdout:Not possible to open ports <[8443]>. firewalld.service is not available
2023-11-16T16:31:07.652 INFO:teuthology.orchestra.run.smithi001.stdout:Ceph Dashboard is now available at:
2023-11-16T16:31:07.652 INFO:teuthology.orchestra.run.smithi001.stdout:
2023-11-16T16:31:07.652 INFO:teuthology.orchestra.run.smithi001.stdout: URL: https://smithi001:8443/
2023-11-16T16:31:07.652 INFO:teuthology.orchestra.run.smithi001.stdout: User: admin
2023-11-16T16:31:07.652 INFO:teuthology.orchestra.run.smithi001.stdout: Password: 2ry7666vzc
2023-11-16T16:31:07.652 INFO:teuthology.orchestra.run.smithi001.stdout:
2023-11-16T16:31:07.653 INFO:teuthology.orchestra.run.smithi001.stdout:Saving cluster configuration to /var/lib/ceph/35d9b010-849d-11ee-8dbe-212e2dc638e7/config directory
2023-11-16T16:31:07.653 INFO:teuthology.orchestra.run.smithi001.stdout:Enabling autotune for osd_memory_target
2023-11-16T16:31:07.871 INFO:journalctl@ceph.mon.a.smithi001.stdout:Nov 16 16:31:07 smithi001 ceph-mon[98800]: from='client.? 172.21.15.1:0/236747140' entity='client.admin' cmd=[{"prefix": "config get", "who": "mgr", "key": "mgr/dashboard/ssl_server_port"}]: dispatch
2023-11-16T16:31:08.932 INFO:journalctl@ceph.mon.a.smithi001.stdout:Nov 16 16:31:08 smithi001 ceph-mon[98800]: mgrmap e13: x(active, since 6s)
2023-11-16T16:31:09.001 INFO:teuthology.orchestra.run.smithi001.stdout:/usr/bin/ceph: stderr
2023-11-16T16:31:08.159+0000 7fbfcaa44700 1 Processor -- start
2023-11-16T16:31:09.001 INFO:teuthology.orchestra.run.smithi001.stdout:/usr/bin/ceph: stderr
2023-11-16T16:31:08.159+0000 7fbfcaa44700 1 -- start start
2023-11-16T16:31:09.001 INFO:teuthology.orchestra.run.smithi001.stdout:/usr/bin/ceph: stderr
2023-11-16T16:31:08.159+0000 7fbfcaa44700 1 --2- >> [v2:172.21.15.1:3300/0,v1:172.21.15.1:6789/0] conn(0x7fbfc4106490 0x7fbfc4108870 unknown :-1 s=NONE pgs=0 cs=0 l=0 rev1=0 crypto rx=0 tx=0 comp rx=0 tx=0).connect
2023-11-16T16:31:09.001 INFO:teuthology.orchestra.run.smithi001.stdout:/usr/bin/ceph: stderr
2023-11-16T16:31:08.159+0000 7fbfcaa44700 1 -- --> [v2:172.21.15.1:3300/0,v1:172.21.15.1:6789/0] -- mon_getmap magic: 0 v1 -- 0x7fbfc4079e60 con 0x7fbfc4106490
2023-11-16T16:31:09.001 INFO:teuthology.orchestra.run.smithi001.stdout:/usr/bin/ceph: stderr
2023-11-16T16:31:08.159+0000 7fbfc3fff700 1 --2- >> [v2:172.21.15.1:3300/0,v1:172.21.15.1:6789/0] conn(0x7fbfc4106490 0x7fbfc4108870 unknown :-1 s=BANNER_CONNECTING pgs=0 cs=0 l=0 rev1=0 crypto rx=0 tx=0 comp rx=0 tx=0)._handle_peer_banner_payload supported=3 required=0
2023-11-16T16:31:09.001 INFO:teuthology.orchestra.run.smithi001.stdout:/usr/bin/ceph: stderr
2023-11-16T16:31:08.159+0000 7fbfc3fff700 1 --2- >> [v2:172.21.15.1:3300/0,v1:172.21.15.1:6789/0] conn(0x7fbfc4106490 0x7fbfc4108870 unknown :-1 s=HELLO_CONNECTING pgs=0 cs=0 l=0 rev1=1 crypto rx=0 tx=0 comp rx=0 tx=0).handle_hello peer v2:172.21.15.1:3300/0 says I am v2:172.21.15.1:40430/0 (socket says 172.21.15.1:40430)
2023-11-16T16:31:09.001 INFO:teuthology.orchestra.run.smithi001.stdout:/usr/bin/ceph: stderr
2023-11-16T16:31:08.159+0000 7fbfc3fff700 1 -- 172.21.15.1:0/1514652975 learned_addr learned my addr 172.21.15.1:0/1514652975 (peer_addr_for_me v2:172.21.15.1:0/0)
2023-11-16T16:31:09.001 INFO:teuthology.orchestra.run.smithi001.stdout:/usr/bin/ceph: stderr
2023-11-16T16:31:08.159+0000 7fbfc3fff700 1 -- 172.21.15.1:0/1514652975 --> [v2:172.21.15.1:3300/0,v1:172.21.15.1:6789/0] -- mon_subscribe({config=0+,monmap=0+}) v3 -- 0x7fbfc4108db0 con 0x7fbfc4106490
2023-11-16T16:31:09.001 INFO:teuthology.orchestra.run.smithi001.stdout:/usr/bin/ceph: stderr
2023-11-16T16:31:08.160+0000 7fbfc3fff700 1 --2- 172.21.15.1:0/1514652975 >> [v2:172.21.15.1:3300/0,v1:172.21.15.1:6789/0] conn(0x7fbfc4106490 0x7fbfc4108870 secure :-1 s=READY pgs=76 cs=0 l=1 rev1=1 crypto rx=0x7fbfb40098a0 tx=0x7fbfb4009bb0 comp rx=0 tx=0).ready entity=mon.0 client_cookie=45ebcae55efd2383 server_cookie=0 in_seq=0 out_seq=0
2023-11-16T16:31:09.002 INFO:teuthology.orchestra.run.smithi001.stdout:/usr/bin/ceph: stderr
2023-11-16T16:31:08.160+0000 7fbfc2ffd700 1 -- 172.21.15.1:0/1514652975 <== mon.0 v2:172.21.15.1:3300/0 1 ==== mon_map magic: 0 v1 ==== 205+0+0 (secure 0 0 0) 0x7fbfb4004160 con 0x7fbfc4106490
2023-11-16T16:31:09.002 INFO:teuthology.orchestra.run.smithi001.stdout:/usr/bin/ceph: stderr
2023-11-16T16:31:08.160+0000 7fbfc2ffd700 1 -- 172.21.15.1:0/1514652975 <== mon.0 v2:172.21.15.1:3300/0 2 ==== config(26 keys) v1 ==== 1105+0+0 (secure 0 0 0) 0x7fbfb40042c0 con 0x7fbfc4106490
2023-11-16T16:31:09.002 INFO:teuthology.orchestra.run.smithi001.stdout:/usr/bin/ceph: stderr
2023-11-16T16:31:08.160+0000 7fbfc2ffd700 1 -- 172.21.15.1:0/1514652975 <== mon.0 v2:172.21.15.1:3300/0 3 ==== mon_map magic: 0 v1 ==== 205+0+0 (secure 0 0 0) 0x7fbfb40119b0 con 0x7fbfc4106490
2023-11-16T16:31:09.002 INFO:teuthology.orchestra.run.smithi001.stdout:/usr/bin/ceph: stderr
2023-11-16T16:31:08.160+0000 7fbfcaa44700 1 -- 172.21.15.1:0/1514652975 >> [v2:172.21.15.1:3300/0,v1:172.21.15.1:6789/0] conn(0x7fbfc4106490 msgr2=0x7fbfc4108870 secure :-1 s=STATE_CONNECTION_ESTABLISHED l=1).mark_down
2023-11-16T16:31:09.002 INFO:teuthology.orchestra.run.smithi001.stdout:/usr/bin/ceph: stderr
2023-11-16T16:31:08.160+0000 7fbfcaa44700 1 --2- 172.21.15.1:0/1514652975 >> [v2:172.21.15.1:3300/0,v1:172.21.15.1:6789/0] conn(0x7fbfc4106490 0x7fbfc4108870 secure :-1 s=READY pgs=76 cs=0 l=1 rev1=1 crypto rx=0x7fbfb40098a0 tx=0x7fbfb4009bb0 comp rx=0 tx=0).stop
2023-11-16T16:31:09.002 INFO:teuthology.orchestra.run.smithi001.stdout:/usr/bin/ceph: stderr
2023-11-16T16:31:08.161+0000 7fbfcaa44700 1 -- 172.21.15.1:0/1514652975 shutdown_connections
2023-11-16T16:31:09.002 INFO:teuthology.orchestra.run.smithi001.stdout:/usr/bin/ceph: stderr
2023-11-16T16:31:08.161+0000 7fbfcaa44700 1 --2- 172.21.15.1:0/1514652975 >> [v2:172.21.15.1:3300/0,v1:172.21.15.1:6789/0] conn(0x7fbfc4106490 0x7fbfc4108870 unknown :-1 s=CLOSED pgs=76 cs=0 l=1 rev1=1 crypto rx=0 tx=0 comp rx=0 tx=0).stop
2023-11-16T16:31:09.002 INFO:teuthology.orchestra.run.smithi001.stdout:/usr/bin/ceph: stderr
2023-11-16T16:31:08.161+0000 7fbfcaa44700 1 -- 172.21.15.1:0/1514652975 >> 172.21.15.1:0/1514652975 conn(0x7fbfc40ffed0 msgr2=0x7fbfc4102300 unknown :-1 s=STATE_NONE l=0).mark_down
2023-11-16T16:31:09.002 INFO:teuthology.orchestra.run.smithi001.stdout:/usr/bin/ceph: stderr
2023-11-16T16:31:08.161+0000 7fbfcaa44700 1 -- 172.21.15.1:0/1514652975 shutdown_connections
2023-11-16T16:31:09.002 INFO:teuthology.orchestra.run.smithi001.stdout:/usr/bin/ceph: stderr
2023-11-16T16:31:08.161+0000 7fbfcaa44700 1 -- 172.21.15.1:0/1514652975 wait complete.
2023-11-16T16:31:09.002 INFO:teuthology.orchestra.run.smithi001.stdout:/usr/bin/ceph: stderr
2023-11-16T16:31:08.161+0000 7fbfcaa44700 1 Processor -- start
2023-11-16T16:31:09.003 INFO:teuthology.orchestra.run.smithi001.stdout:/usr/bin/ceph: stderr
2023-11-16T16:31:08.161+0000 7fbfcaa44700 1 -- start start
2023-11-16T16:31:09.003 INFO:teuthology.orchestra.run.smithi001.stdout:/usr/bin/ceph: stderr
2023-11-16T16:31:08.161+0000 7fbfcaa44700 1 --2- >> [v2:172.21.15.1:3300/0,v1:172.21.15.1:6789/0] conn(0x7fbfc4106490 0x7fbfc4199780 unknown :-1 s=NONE pgs=0 cs=0 l=1 rev1=0 crypto rx=0 tx=0 comp rx=0 tx=0).connect
2023-11-16T16:31:09.003 INFO:teuthology.orchestra.run.smithi001.stdout:/usr/bin/ceph: stderr
2023-11-16T16:31:08.162+0000 7fbfcaa44700 1 -- --> [v2:172.21.15.1:3300/0,v1:172.21.15.1:6789/0] -- mon_getmap magic: 0 v1 -- 0x7fbfc4199cc0 con 0x7fbfc4106490
2023-11-16T16:31:09.003 INFO:teuthology.orchestra.run.smithi001.stdout:/usr/bin/ceph: stderr
2023-11-16T16:31:08.162+0000 7fbfc3fff700 1 --2- >> [v2:172.21.15.1:3300/0,v1:172.21.15.1:6789/0] conn(0x7fbfc4106490 0x7fbfc4199780 unknown :-1 s=BANNER_CONNECTING pgs=0 cs=0 l=1 rev1=0 crypto rx=0 tx=0 comp rx=0 tx=0)._handle_peer_banner_payload supported=3 required=0
2023-11-16T16:31:09.003 INFO:teuthology.orchestra.run.smithi001.stdout:/usr/bin/ceph: stderr
2023-11-16T16:31:08.162+0000 7fbfc3fff700 1 --2- >> [v2:172.21.15.1:3300/0,v1:172.21.15.1:6789/0] conn(0x7fbfc4106490 0x7fbfc4199780 unknown :-1 s=HELLO_CONNECTING pgs=0 cs=0 l=1 rev1=1 crypto rx=0 tx=0 comp rx=0 tx=0).handle_hello peer v2:172.21.15.1:3300/0 says I am v2:172.21.15.1:40432/0 (socket says 172.21.15.1:40432)
2023-11-16T16:31:09.003 INFO:teuthology.orchestra.run.smithi001.stdout:/usr/bin/ceph: stderr
2023-11-16T16:31:08.162+0000 7fbfc3fff700 1 -- 172.21.15.1:0/3077205095 learned_addr learned my addr 172.21.15.1:0/3077205095 (peer_addr_for_me v2:172.21.15.1:0/0)
2023-11-16T16:31:09.003 INFO:teuthology.orchestra.run.smithi001.stdout:/usr/bin/ceph: stderr
2023-11-16T16:31:08.162+0000 7fbfc3fff700 1 -- 172.21.15.1:0/3077205095 --> [v2:172.21.15.1:3300/0,v1:172.21.15.1:6789/0] -- mon_subscribe({config=0+,monmap=0+}) v3 -- 0x7fbfb4009550 con 0x7fbfc4106490
2023-11-16T16:31:09.003 INFO:teuthology.orchestra.run.smithi001.stdout:/usr/bin/ceph: stderr
2023-11-16T16:31:08.162+0000 7fbfc3fff700 1 --2- 172.21.15.1:0/3077205095 >> [v2:172.21.15.1:3300/0,v1:172.21.15.1:6789/0] conn(0x7fbfc4106490 0x7fbfc4199780 secure :-1 s=READY pgs=77 cs=0 l=1 rev1=1 crypto rx=0x7fbfb4011980 tx=0x7fbfb4011a60 comp rx=0 tx=0).ready entity=mon.0 client_cookie=0 server_cookie=0 in_seq=0 out_seq=0
2023-11-16T16:31:09.003 INFO:teuthology.orchestra.run.smithi001.stdout:/usr/bin/ceph: stderr
2023-11-16T16:31:08.162+0000 7fbfc17fa700 1 -- 172.21.15.1:0/3077205095 <== mon.0 v2:172.21.15.1:3300/0 1 ==== mon_map magic: 0 v1 ==== 205+0+0 (secure 0 0 0) 0x7fbfb4003a60 con 0x7fbfc4106490
2023-11-16T16:31:09.003 INFO:teuthology.orchestra.run.smithi001.stdout:/usr/bin/ceph: stderr
2023-11-16T16:31:08.162+0000 7fbfc17fa700 1 -- 172.21.15.1:0/3077205095 <== mon.0 v2:172.21.15.1:3300/0 2 ==== config(26 keys) v1 ==== 1105+0+0 (secure 0 0 0) 0x7fbfb4003bc0 con 0x7fbfc4106490
2023-11-16T16:31:09.003 INFO:teuthology.orchestra.run.smithi001.stdout:/usr/bin/ceph: stderr
2023-11-16T16:31:08.162+0000 7fbfcaa44700 1 -- 172.21.15.1:0/3077205095 --> [v2:172.21.15.1:3300/0,v1:172.21.15.1:6789/0] -- mon_subscribe({mgrmap=0+}) v3 -- 0x7fbfc4109d80 con 0x7fbfc4106490
2023-11-16T16:31:09.004 INFO:teuthology.orchestra.run.smithi001.stdout:/usr/bin/ceph: stderr
2023-11-16T16:31:08.162+0000 7fbfc17fa700 1 -- 172.21.15.1:0/3077205095 <== mon.0 v2:172.21.15.1:3300/0 3 ==== mon_map magic: 0 v1 ==== 205+0+0 (secure 0 0 0) 0x7fbfb401a670 con 0x7fbfc4106490
2023-11-16T16:31:09.004 INFO:teuthology.orchestra.run.smithi001.stdout:/usr/bin/ceph: stderr
2023-11-16T16:31:08.162+0000 7fbfcaa44700 1 -- 172.21.15.1:0/3077205095 --> [v2:172.21.15.1:3300/0,v1:172.21.15.1:6789/0] -- mon_subscribe({osdmap=0}) v3 -- 0x7fbfc4109bf0 con 0x7fbfc4106490
2023-11-16T16:31:09.004 INFO:teuthology.orchestra.run.smithi001.stdout:/usr/bin/ceph: stderr
2023-11-16T16:31:08.163+0000 7fbfc17fa700 1 -- 172.21.15.1:0/3077205095 <== mon.0 v2:172.21.15.1:3300/0 4 ==== mgrmap(e 13) v1 ==== 45538+0+0 (secure 0 0 0) 0x7fbfb401a930 con 0x7fbfc4106490
2023-11-16T16:31:09.004 INFO:teuthology.orchestra.run.smithi001.stdout:/usr/bin/ceph: stderr
2023-11-16T16:31:08.163+0000 7fbfc17fa700 1 --2- 172.21.15.1:0/3077205095 >> [v2:172.21.15.1:6800/2490729488,v1:172.21.15.1:6801/2490729488] conn(0x7fbfac038800 0x7fbfac03acb0 unknown :-1 s=NONE pgs=0 cs=0 l=1 rev1=0 crypto rx=0 tx=0 comp rx=0 tx=0).connect
2023-11-16T16:31:09.004 INFO:teuthology.orchestra.run.smithi001.stdout:/usr/bin/ceph: stderr
2023-11-16T16:31:08.163+0000 7fbfc17fa700 1 -- 172.21.15.1:0/3077205095 <== mon.0 v2:172.21.15.1:3300/0 5 ==== osd_map(3..3 src has 1..3) v4 ==== 1155+0+0 (secure 0 0 0) 0x7fbfb404ce70 con 0x7fbfc4106490
2023-11-16T16:31:09.004 INFO:teuthology.orchestra.run.smithi001.stdout:/usr/bin/ceph: stderr
2023-11-16T16:31:08.164+0000 7fbfc37fe700 1 --2- 172.21.15.1:0/3077205095 >> [v2:172.21.15.1:6800/2490729488,v1:172.21.15.1:6801/2490729488] conn(0x7fbfac038800 0x7fbfac03acb0 unknown :-1 s=BANNER_CONNECTING pgs=0 cs=0 l=1 rev1=0 crypto rx=0 tx=0 comp rx=0 tx=0)._handle_peer_banner_payload supported=3 required=0
2023-11-16T16:31:09.004 INFO:teuthology.orchestra.run.smithi001.stdout:/usr/bin/ceph: stderr
2023-11-16T16:31:08.164+0000 7fbfcaa44700 1 -- 172.21.15.1:0/3077205095 --> [v2:172.21.15.1:3300/0,v1:172.21.15.1:6789/0] -- mon_command({"prefix": "get_command_descriptions"} v 0) v1 -- 0x7fbfc4109f10 con 0x7fbfc4106490
2023-11-16T16:31:09.004 INFO:teuthology.orchestra.run.smithi001.stdout:/usr/bin/ceph: stderr
2023-11-16T16:31:08.164+0000 7fbfc37fe700 1 --2- 172.21.15.1:0/3077205095 >> [v2:172.21.15.1:6800/2490729488,v1:172.21.15.1:6801/2490729488] conn(0x7fbfac038800 0x7fbfac03acb0 secure :-1 s=READY pgs=10 cs=0 l=1 rev1=1 crypto rx=0x7fbfb8006fd0 tx=0x7fbfb8006e40 comp rx=0 tx=0).ready entity=mgr.14152 client_cookie=0 server_cookie=0 in_seq=0 out_seq=0
2023-11-16T16:31:09.004 INFO:teuthology.orchestra.run.smithi001.stdout:/usr/bin/ceph: stderr
2023-11-16T16:31:08.168+0000 7fbfc17fa700 1 -- 172.21.15.1:0/3077205095 <== mon.0 v2:172.21.15.1:3300/0 6 ==== mon_command_ack([{"prefix": "get_command_descriptions"}]=0 v0) v1 ==== 72+0+177948 (secure 0 0 0) 0x7fbfb401ac30 con 0x7fbfc4106490
2023-11-16T16:31:09.004 INFO:teuthology.orchestra.run.smithi001.stdout:/usr/bin/ceph: stderr
2023-11-16T16:31:08.525+0000 7fbfcaa44700 1 -- 172.21.15.1:0/3077205095 --> [v2:172.21.15.1:3300/0,v1:172.21.15.1:6789/0] -- mon_command([{prefix=config set, name=osd_memory_target_autotune}] v 0) v1 -- 0x7fbfc4062120 con 0x7fbfc4106490
2023-11-16T16:31:09.004 INFO:teuthology.orchestra.run.smithi001.stdout:/usr/bin/ceph: stderr
2023-11-16T16:31:08.525+0000 7fbfc17fa700 1 -- 172.21.15.1:0/3077205095 <== mon.0 v2:172.21.15.1:3300/0 7 ==== mon_command_ack([{prefix=config set, name=osd_memory_target_autotune}]=0 v8)=0 v8) v1 ==== 127+0+0 (secure 0 0 0) 0x7fbfb4018b00 con 0x7fbfc4106490
2023-11-16T16:31:09.005 INFO:teuthology.orchestra.run.smithi001.stdout:/usr/bin/ceph: stderr
2023-11-16T16:31:08.527+0000 7fbfcaa44700 1 -- 172.21.15.1:0/3077205095 >> [v2:172.21.15.1:6800/2490729488,v1:172.21.15.1:6801/2490729488] conn(0x7fbfac038800 msgr2=0x7fbfac03acb0 secure :-1 s=STATE_CONNECTION_ESTABLISHED l=1).mark_down
2023-11-16T16:31:09.005 INFO:teuthology.orchestra.run.smithi001.stdout:/usr/bin/ceph: stderr
2023-11-16T16:31:08.527+0000 7fbfcaa44700 1 --2- 172.21.15.1:0/3077205095 >> [v2:172.21.15.1:6800/2490729488,v1:172.21.15.1:6801/2490729488] conn(0x7fbfac038800 0x7fbfac03acb0 secure :-1 s=READY pgs=10 cs=0 l=1 rev1=1 crypto rx=0x7fbfb8006fd0 tx=0x7fbfb8006e40 comp rx=0 tx=0).stop
2023-11-16T16:31:09.005 INFO:teuthology.orchestra.run.smithi001.stdout:/usr/bin/ceph: stderr
2023-11-16T16:31:08.528+0000 7fbfcaa44700 1 -- 172.21.15.1:0/3077205095 >> [v2:172.21.15.1:3300/0,v1:172.21.15.1:6789/0] conn(0x7fbfc4106490 msgr2=0x7fbfc4199780 secure :-1 s=STATE_CONNECTION_ESTABLISHED l=1).mark_down
2023-11-16T16:31:09.005 INFO:teuthology.orchestra.run.smithi001.stdout:/usr/bin/ceph: stderr
2023-11-16T16:31:08.528+0000 7fbfcaa44700 1 --2- 172.21.15.1:0/3077205095 >> [v2:172.21.15.1:3300/0,v1:172.21.15.1:6789/0] conn(0x7fbfc4106490 0x7fbfc4199780 secure :-1 s=READY pgs=77 cs=0 l=1 rev1=1 crypto rx=0x7fbfb4011980 tx=0x7fbfb4011a60 comp rx=0 tx=0).stop
2023-11-16T16:31:09.005 INFO:teuthology.orchestra.run.smithi001.stdout:/usr/bin/ceph: stderr
2023-11-16T16:31:08.528+0000 7fbfcaa44700 1 -- 172.21.15.1:0/3077205095 shutdown_connections
2023-11-16T16:31:09.005 INFO:teuthology.orchestra.run.smithi001.stdout:/usr/bin/ceph: stderr
2023-11-16T16:31:08.528+0000 7fbfcaa44700 1 --2- 172.21.15.1:0/3077205095 >> [v2:172.21.15.1:6800/2490729488,v1:172.21.15.1:6801/2490729488] conn(0x7fbfac038800 0x7fbfac03acb0 unknown :-1 s=CLOSED pgs=10 cs=0 l=1 rev1=1 crypto rx=0 tx=0 comp rx=0 tx=0).stop
2023-11-16T16:31:09.005 INFO:teuthology.orchestra.run.smithi001.stdout:/usr/bin/ceph: stderr
2023-11-16T16:31:08.528+0000 7fbfcaa44700 1 --2- 172.21.15.1:0/3077205095 >> [v2:172.21.15.1:3300/0,v1:172.21.15.1:6789/0] conn(0x7fbfc4106490 0x7fbfc4199780 unknown :-1 s=CLOSED pgs=77 cs=0 l=1 rev1=1 crypto rx=0 tx=0 comp rx=0 tx=0).stop
2023-11-16T16:31:09.005 INFO:teuthology.orchestra.run.smithi001.stdout:/usr/bin/ceph: stderr
2023-11-16T16:31:08.528+0000 7fbfcaa44700 1 -- 172.21.15.1:0/3077205095 >> 172.21.15.1:0/3077205095 conn(0x7fbfc40ffed0 msgr2=0x7fbfc4100cc0 unknown :-1 s=STATE_NONE l=0).mark_down
2023-11-16T16:31:09.005 INFO:teuthology.orchestra.run.smithi001.stdout:/usr/bin/ceph: stderr
2023-11-16T16:31:08.528+0000 7fbfcaa44700 1 -- 172.21.15.1:0/3077205095 shutdown_connections
2023-11-16T16:31:09.005 INFO:teuthology.orchestra.run.smithi001.stdout:/usr/bin/ceph: stderr
2023-11-16T16:31:08.528+0000 7fbfcaa44700 1 -- 172.21.15.1:0/3077205095 wait complete.
2023-11-16T16:31:10.548 INFO:teuthology.orchestra.run.smithi001.stdout:/usr/bin/ceph: stderr
2023-11-16T16:31:09.500+0000 7f94d04af700 1 Processor -- start
2023-11-16T16:31:10.548 INFO:teuthology.orchestra.run.smithi001.stdout:/usr/bin/ceph: stderr
2023-11-16T16:31:09.500+0000 7f94d04af700 1 -- start start
2023-11-16T16:31:10.549 INFO:teuthology.orchestra.run.smithi001.stdout:/usr/bin/ceph: stderr
2023-11-16T16:31:09.500+0000 7f94d04af700 1 --2- >> [v2:172.21.15.1:3300/0,v1:172.21.15.1:6789/0] conn(0x7f94c8106490 0x7f94c8108870 unknown :-1 s=NONE pgs=0 cs=0 l=0 rev1=0 crypto rx=0 tx=0 comp rx=0 tx=0).connect
2023-11-16T16:31:10.549 INFO:teuthology.orchestra.run.smithi001.stdout:/usr/bin/ceph: stderr
2023-11-16T16:31:09.500+0000 7f94d04af700 1 -- --> [v2:172.21.15.1:3300/0,v1:172.21.15.1:6789/0] -- mon_getmap magic: 0 v1 -- 0x7f94c8079e60 con 0x7f94c8106490
2023-11-16T16:31:10.549 INFO:teuthology.orchestra.run.smithi001.stdout:/usr/bin/ceph: stderr
2023-11-16T16:31:09.500+0000 7f94ce24b700 1 --2- >> [v2:172.21.15.1:3300/0,v1:172.21.15.1:6789/0] conn(0x7f94c8106490 0x7f94c8108870 unknown :-1 s=BANNER_CONNECTING pgs=0 cs=0 l=0 rev1=0 crypto rx=0 tx=0 comp rx=0 tx=0)._handle_peer_banner_payload supported=3 required=0
2023-11-16T16:31:10.549 INFO:teuthology.orchestra.run.smithi001.stdout:/usr/bin/ceph: stderr
2023-11-16T16:31:09.500+0000 7f94ce24b700 1 --2- >> [v2:172.21.15.1:3300/0,v1:172.21.15.1:6789/0] conn(0x7f94c8106490 0x7f94c8108870 unknown :-1 s=HELLO_CONNECTING pgs=0 cs=0 l=0 rev1=1 crypto rx=0 tx=0 comp rx=0 tx=0).handle_hello peer v2:172.21.15.1:3300/0 says I am v2:172.21.15.1:40436/0 (socket says 172.21.15.1:40436)
2023-11-16T16:31:10.549 INFO:teuthology.orchestra.run.smithi001.stdout:/usr/bin/ceph: stderr
2023-11-16T16:31:09.500+0000 7f94ce24b700 1 -- 172.21.15.1:0/857886476 learned_addr learned my addr 172.21.15.1:0/857886476 (peer_addr_for_me v2:172.21.15.1:0/0)
2023-11-16T16:31:10.549 INFO:teuthology.orchestra.run.smithi001.stdout:/usr/bin/ceph: stderr
2023-11-16T16:31:09.500+0000 7f94ce24b700 1 -- 172.21.15.1:0/857886476 --> [v2:172.21.15.1:3300/0,v1:172.21.15.1:6789/0] -- mon_subscribe({config=0+,monmap=0+}) v3 -- 0x7f94c8108db0 con 0x7f94c8106490
2023-11-16T16:31:10.549 INFO:teuthology.orchestra.run.smithi001.stdout:/usr/bin/ceph: stderr
2023-11-16T16:31:09.501+0000 7f94ce24b700 1 --2- 172.21.15.1:0/857886476 >> [v2:172.21.15.1:3300/0,v1:172.21.15.1:6789/0] conn(0x7f94c8106490 0x7f94c8108870 secure :-1 s=READY pgs=78 cs=0 l=1 rev1=1 crypto rx=0x7f94c40098a0 tx=0x7f94c4009bb0 comp rx=0 tx=0).ready entity=mon.0 client_cookie=15fff442d5fb3c96 server_cookie=0 in_seq=0 out_seq=0
2023-11-16T16:31:10.549 INFO:teuthology.orchestra.run.smithi001.stdout:/usr/bin/ceph: stderr
2023-11-16T16:31:09.501+0000 7f94cd249700 1 -- 172.21.15.1:0/857886476 <== mon.0 v2:172.21.15.1:3300/0 1 ==== mon_map magic: 0 v1 ==== 205+0+0 (secure 0 0 0) 0x7f94c4004160 con 0x7f94c8106490
2023-11-16T16:31:10.549 INFO:teuthology.orchestra.run.smithi001.stdout:/usr/bin/ceph: stderr
2023-11-16T16:31:09.501+0000 7f94cd249700 1 -- 172.21.15.1:0/857886476 <== mon.0 v2:172.21.15.1:3300/0 2 ==== config(26 keys) v1 ==== 1105+0+0 (secure 0 0 0) 0x7f94c40042c0 con 0x7f94c8106490
2023-11-16T16:31:10.550 INFO:teuthology.orchestra.run.smithi001.stdout:/usr/bin/ceph: stderr
2023-11-16T16:31:09.501+0000 7f94cd249700 1 -- 172.21.15.1:0/857886476 <== mon.0 v2:172.21.15.1:3300/0 3 ==== mon_map magic: 0 v1 ==== 205+0+0 (secure 0 0 0) 0x7f94c40119b0 con 0x7f94c8106490
2023-11-16T16:31:10.550 INFO:teuthology.orchestra.run.smithi001.stdout:/usr/bin/ceph: stderr
2023-11-16T16:31:09.501+0000 7f94d04af700 1 -- 172.21.15.1:0/857886476 >> [v2:172.21.15.1:3300/0,v1:172.21.15.1:6789/0] conn(0x7f94c8106490 msgr2=0x7f94c8108870 secure :-1 s=STATE_CONNECTION_ESTABLISHED l=1).mark_down
2023-11-16T16:31:10.550 INFO:teuthology.orchestra.run.smithi001.stdout:/usr/bin/ceph: stderr
2023-11-16T16:31:09.501+0000 7f94d04af700 1 --2- 172.21.15.1:0/857886476 >> [v2:172.21.15.1:3300/0,v1:172.21.15.1:6789/0] conn(0x7f94c8106490 0x7f94c8108870 secure :-1 s=READY pgs=78 cs=0 l=1 rev1=1 crypto rx=0x7f94c40098a0 tx=0x7f94c4009bb0 comp rx=0 tx=0).stop
2023-11-16T16:31:10.550 INFO:teuthology.orchestra.run.smithi001.stdout:/usr/bin/ceph: stderr
2023-11-16T16:31:09.502+0000 7f94d04af700 1 -- 172.21.15.1:0/857886476 shutdown_connections
2023-11-16T16:31:10.550 INFO:teuthology.orchestra.run.smithi001.stdout:/usr/bin/ceph: stderr
2023-11-16T16:31:09.502+0000 7f94d04af700 1 --2- 172.21.15.1:0/857886476 >> [v2:172.21.15.1:3300/0,v1:172.21.15.1:6789/0] conn(0x7f94c8106490 0x7f94c8108870 unknown :-1 s=CLOSED pgs=78 cs=0 l=1 rev1=1 crypto rx=0 tx=0 comp rx=0 tx=0).stop
2023-11-16T16:31:10.550 INFO:teuthology.orchestra.run.smithi001.stdout:/usr/bin/ceph: stderr
2023-11-16T16:31:09.502+0000 7f94d04af700 1 -- 172.21.15.1:0/857886476 >> 172.21.15.1:0/857886476 conn(0x7f94c80ffed0 msgr2=0x7f94c8102300 unknown :-1 s=STATE_NONE l=0).mark_down
2023-11-16T16:31:10.550 INFO:teuthology.orchestra.run.smithi001.stdout:/usr/bin/ceph: stderr
2023-11-16T16:31:09.502+0000 7f94d04af700 1 -- 172.21.15.1:0/857886476 shutdown_connections
2023-11-16T16:31:10.550 INFO:teuthology.orchestra.run.smithi001.stdout:/usr/bin/ceph: stderr
2023-11-16T16:31:09.502+0000 7f94d04af700 1 -- 172.21.15.1:0/857886476 wait complete.
2023-11-16T16:31:10.550 INFO:teuthology.orchestra.run.smithi001.stdout:/usr/bin/ceph: stderr
2023-11-16T16:31:09.502+0000 7f94d04af700 1 Processor -- start
2023-11-16T16:31:10.551 INFO:teuthology.orchestra.run.smithi001.stdout:/usr/bin/ceph: stderr
2023-11-16T16:31:09.502+0000 7f94d04af700 1 -- start start
2023-11-16T16:31:10.551 INFO:teuthology.orchestra.run.smithi001.stdout:/usr/bin/ceph: stderr
2023-11-16T16:31:09.502+0000 7f94d04af700 1 --2- >> [v2:172.21.15.1:3300/0,v1:172.21.15.1:6789/0] conn(0x7f94c8106490 0x7f94c8105df0 unknown :-1 s=NONE pgs=0 cs=0 l=1 rev1=0 crypto rx=0 tx=0 comp rx=0 tx=0).connect
2023-11-16T16:31:10.551 INFO:teuthology.orchestra.run.smithi001.stdout:/usr/bin/ceph: stderr
2023-11-16T16:31:09.502+0000 7f94d04af700 1 -- --> [v2:172.21.15.1:3300/0,v1:172.21.15.1:6789/0] -- mon_getmap magic: 0 v1 -- 0x7f94c8106330 con 0x7f94c8106490
2023-11-16T16:31:10.551 INFO:teuthology.orchestra.run.smithi001.stdout:/usr/bin/ceph: stderr
2023-11-16T16:31:09.502+0000 7f94ce24b700 1 --2- >> [v2:172.21.15.1:3300/0,v1:172.21.15.1:6789/0] conn(0x7f94c8106490 0x7f94c8105df0 unknown :-1 s=BANNER_CONNECTING pgs=0 cs=0 l=1 rev1=0 crypto rx=0 tx=0 comp rx=0 tx=0)._handle_peer_banner_payload supported=3 required=0
2023-11-16T16:31:10.551 INFO:teuthology.orchestra.run.smithi001.stdout:/usr/bin/ceph: stderr
2023-11-16T16:31:09.502+0000 7f94ce24b700 1 --2- >> [v2:172.21.15.1:3300/0,v1:172.21.15.1:6789/0] conn(0x7f94c8106490 0x7f94c8105df0 unknown :-1 s=HELLO_CONNECTING pgs=0 cs=0 l=1 rev1=1 crypto rx=0 tx=0 comp rx=0 tx=0).handle_hello peer v2:172.21.15.1:3300/0 says I am v2:172.21.15.1:40438/0 (socket says 172.21.15.1:40438)
2023-11-16T16:31:10.551 INFO:teuthology.orchestra.run.smithi001.stdout:/usr/bin/ceph: stderr
2023-11-16T16:31:09.503+0000 7f94ce24b700 1 -- 172.21.15.1:0/3230049143 learned_addr learned my addr 172.21.15.1:0/3230049143 (peer_addr_for_me v2:172.21.15.1:0/0)
2023-11-16T16:31:10.551 INFO:teuthology.orchestra.run.smithi001.stdout:/usr/bin/ceph: stderr
2023-11-16T16:31:09.503+0000 7f94ce24b700 1 -- 172.21.15.1:0/3230049143 --> [v2:172.21.15.1:3300/0,v1:172.21.15.1:6789/0] -- mon_subscribe({config=0+,monmap=0+}) v3 -- 0x7f94c4009550 con 0x7f94c8106490
2023-11-16T16:31:10.551 INFO:teuthology.orchestra.run.smithi001.stdout:/usr/bin/ceph: stderr
2023-11-16T16:31:09.503+0000 7f94ce24b700 1 --2- 172.21.15.1:0/3230049143 >> [v2:172.21.15.1:3300/0,v1:172.21.15.1:6789/0] conn(0x7f94c8106490 0x7f94c8105df0 secure :-1 s=READY pgs=79 cs=0 l=1 rev1=1 crypto rx=0x7f94c4011980 tx=0x7f94c4011a60 comp rx=0 tx=0).ready entity=mon.0 client_cookie=0 server_cookie=0 in_seq=0 out_seq=0
2023-11-16T16:31:10.551 INFO:teuthology.orchestra.run.smithi001.stdout:/usr/bin/ceph: stderr
2023-11-16T16:31:09.503+0000 7f94bb7fe700 1 -- 172.21.15.1:0/3230049143 <== mon.0 v2:172.21.15.1:3300/0 1 ==== mon_map magic: 0 v1 ==== 205+0+0 (secure 0 0 0) 0x7f94c4003a60 con 0x7f94c8106490
2023-11-16T16:31:10.551 INFO:teuthology.orchestra.run.smithi001.stdout:/usr/bin/ceph: stderr
2023-11-16T16:31:09.503+0000 7f94bb7fe700 1 -- 172.21.15.1:0/3230049143 <== mon.0 v2:172.21.15.1:3300/0 2 ==== config(26 keys) v1 ==== 1105+0+0 (secure 0 0 0) 0x7f94c4003bc0 con 0x7f94c8106490
2023-11-16T16:31:10.552 INFO:teuthology.orchestra.run.smithi001.stdout:/usr/bin/ceph: stderr
2023-11-16T16:31:09.503+0000 7f94bb7fe700 1 -- 172.21.15.1:0/3230049143 <== mon.0 v2:172.21.15.1:3300/0 3 ==== mon_map magic: 0 v1 ==== 205+0+0 (secure 0 0 0) 0x7f94c401a670 con 0x7f94c8106490
2023-11-16T16:31:10.552 INFO:teuthology.orchestra.run.smithi001.stdout:/usr/bin/ceph: stderr
2023-11-16T16:31:09.503+0000 7f94d04af700 1 -- 172.21.15.1:0/3230049143 --> [v2:172.21.15.1:3300/0,v1:172.21.15.1:6789/0] -- mon_subscribe({mgrmap=0+}) v3 -- 0x7f94c8109d80 con 0x7f94c8106490
2023-11-16T16:31:10.552 INFO:teuthology.orchestra.run.smithi001.stdout:/usr/bin/ceph: stderr
2023-11-16T16:31:09.503+0000 7f94d04af700 1 -- 172.21.15.1:0/3230049143 --> [v2:172.21.15.1:3300/0,v1:172.21.15.1:6789/0] -- mon_subscribe({osdmap=0}) v3 -- 0x7f94c8109bf0 con 0x7f94c8106490
2023-11-16T16:31:10.552 INFO:teuthology.orchestra.run.smithi001.stdout:/usr/bin/ceph: stderr
2023-11-16T16:31:09.504+0000 7f94bb7fe700 1 -- 172.21.15.1:0/3230049143 <== mon.0 v2:172.21.15.1:3300/0 4 ==== mgrmap(e 13) v1 ==== 45538+0+0 (secure 0 0 0) 0x7f94c4024a00 con 0x7f94c8106490
2023-11-16T16:31:10.552 INFO:teuthology.orchestra.run.smithi001.stdout:/usr/bin/ceph: stderr
2023-11-16T16:31:09.504+0000 7f94d04af700 1 -- 172.21.15.1:0/3230049143 --> [v2:172.21.15.1:3300/0,v1:172.21.15.1:6789/0] -- mon_command({"prefix": "get_command_descriptions"} v 0) v1 -- 0x7f94c8062120 con 0x7f94c8106490
2023-11-16T16:31:10.552 INFO:teuthology.orchestra.run.smithi001.stdout:/usr/bin/ceph: stderr
2023-11-16T16:31:09.504+0000 7f94bb7fe700 1 --2- 172.21.15.1:0/3230049143 >> [v2:172.21.15.1:6800/2490729488,v1:172.21.15.1:6801/2490729488] conn(0x7f94b4038850 0x7f94b403ad00 unknown :-1 s=NONE pgs=0 cs=0 l=1 rev1=0 crypto rx=0 tx=0 comp rx=0 tx=0).connect
2023-11-16T16:31:10.552 INFO:teuthology.orchestra.run.smithi001.stdout:/usr/bin/ceph: stderr
2023-11-16T16:31:09.504+0000 7f94bb7fe700 1 -- 172.21.15.1:0/3230049143 <== mon.0 v2:172.21.15.1:3300/0 5 ==== osd_map(3..3 src has 1..3) v4 ==== 1155+0+0 (secure 0 0 0) 0x7f94c404ca70 con 0x7f94c8106490
2023-11-16T16:31:10.552 INFO:teuthology.orchestra.run.smithi001.stdout:/usr/bin/ceph: stderr
2023-11-16T16:31:09.504+0000 7f94cda4a700 1 --2- 172.21.15.1:0/3230049143 >> [v2:172.21.15.1:6800/2490729488,v1:172.21.15.1:6801/2490729488] conn(0x7f94b4038850 0x7f94b403ad00 unknown :-1 s=BANNER_CONNECTING pgs=0 cs=0 l=1 rev1=0 crypto rx=0 tx=0 comp rx=0 tx=0)._handle_peer_banner_payload supported=3 required=0
2023-11-16T16:31:10.552 INFO:teuthology.orchestra.run.smithi001.stdout:/usr/bin/ceph: stderr
2023-11-16T16:31:09.505+0000 7f94cda4a700 1 --2- 172.21.15.1:0/3230049143 >> [v2:172.21.15.1:6800/2490729488,v1:172.21.15.1:6801/2490729488] conn(0x7f94b4038850 0x7f94b403ad00 secure :-1 s=READY pgs=11 cs=0 l=1 rev1=1 crypto rx=0x7f94bc006fd0 tx=0x7f94bc006e40 comp rx=0 tx=0).ready entity=mgr.14152 client_cookie=0 server_cookie=0 in_seq=0 out_seq=0
2023-11-16T16:31:10.553 INFO:teuthology.orchestra.run.smithi001.stdout:/usr/bin/ceph: stderr
2023-11-16T16:31:09.509+0000 7f94bb7fe700 1 -- 172.21.15.1:0/3230049143 <== mon.0 v2:172.21.15.1:3300/0 6 ==== mon_command_ack([{"prefix": "get_command_descriptions"}]=0 v0) v1 ==== 72+0+177948 (secure 0 0 0) 0x7f94c4024440 con 0x7f94c8106490
2023-11-16T16:31:10.553 INFO:teuthology.orchestra.run.smithi001.stdout:/usr/bin/ceph: stderr
2023-11-16T16:31:10.079+0000 7f94d04af700 1 -- 172.21.15.1:0/3230049143 --> [v2:172.21.15.1:3300/0,v1:172.21.15.1:6789/0] -- mon_command([{prefix=config-key set, key=mgr/dashboard/cluster/status}] v 0) v1 -- 0x7f94c8104ba0 con 0x7f94c8106490
2023-11-16T16:31:10.553 INFO:teuthology.orchestra.run.smithi001.stdout:/usr/bin/ceph: stderr
2023-11-16T16:31:10.082+0000 7f94bb7fe700 1 -- 172.21.15.1:0/3230049143 <== mon.0 v2:172.21.15.1:3300/0 7 ==== mon_command_ack([{prefix=config-key set, key=mgr/dashboard/cluster/status}]=0 set mgr/dashboard/cluster/status v28)=0 set mgr/dashboard/cluster/status v28) v1 ==== 153+0+0 (secure 0 0 0) 0x7f94c4018350 con 0x7f94c8106490
2023-11-16T16:31:10.553 INFO:teuthology.orchestra.run.smithi001.stdout:/usr/bin/ceph: stderr
2023-11-16T16:31:10.084+0000 7f94d04af700 1 -- 172.21.15.1:0/3230049143 >> [v2:172.21.15.1:6800/2490729488,v1:172.21.15.1:6801/2490729488] conn(0x7f94b4038850 msgr2=0x7f94b403ad00 secure :-1 s=STATE_CONNECTION_ESTABLISHED l=1).mark_down
2023-11-16T16:31:10.553 INFO:teuthology.orchestra.run.smithi001.stdout:/usr/bin/ceph: stderr
2023-11-16T16:31:10.084+0000 7f94d04af700 1 --2- 172.21.15.1:0/3230049143 >> [v2:172.21.15.1:6800/2490729488,v1:172.21.15.1:6801/2490729488] conn(0x7f94b4038850 0x7f94b403ad00 secure :-1 s=READY pgs=11 cs=0 l=1 rev1=1 crypto rx=0x7f94bc006fd0 tx=0x7f94bc006e40 comp rx=0 tx=0).stop
2023-11-16T16:31:10.553 INFO:teuthology.orchestra.run.smithi001.stdout:/usr/bin/ceph: stderr
2023-11-16T16:31:10.084+0000 7f94d04af700 1 -- 172.21.15.1:0/3230049143 >> [v2:172.21.15.1:3300/0,v1:172.21.15.1:6789/0] conn(0x7f94c8106490 msgr2=0x7f94c8105df0 secure :-1 s=STATE_CONNECTION_ESTABLISHED l=1).mark_down
2023-11-16T16:31:10.553 INFO:teuthology.orchestra.run.smithi001.stdout:/usr/bin/ceph: stderr
2023-11-16T16:31:10.084+0000 7f94d04af700 1 --2- 172.21.15.1:0/3230049143 >> [v2:172.21.15.1:3300/0,v1:172.21.15.1:6789/0] conn(0x7f94c8106490 0x7f94c8105df0 secure :-1 s=READY pgs=79 cs=0 l=1 rev1=1 crypto rx=0x7f94c4011980 tx=0x7f94c4011a60 comp rx=0 tx=0).stop
2023-11-16T16:31:10.553 INFO:teuthology.orchestra.run.smithi001.stdout:/usr/bin/ceph: stderr
2023-11-16T16:31:10.084+0000 7f94d04af700 1 -- 172.21.15.1:0/3230049143 shutdown_connections
2023-11-16T16:31:10.553 INFO:teuthology.orchestra.run.smithi001.stdout:/usr/bin/ceph: stderr
2023-11-16T16:31:10.084+0000 7f94d04af700 1 --2- 172.21.15.1:0/3230049143 >> [v2:172.21.15.1:6800/2490729488,v1:172.21.15.1:6801/2490729488] conn(0x7f94b4038850 0x7f94b403ad00 unknown :-1 s=CLOSED pgs=11 cs=0 l=1 rev1=1 crypto rx=0 tx=0 comp rx=0 tx=0).stop
2023-11-16T16:31:10.553 INFO:teuthology.orchestra.run.smithi001.stdout:/usr/bin/ceph: stderr
2023-11-16T16:31:10.084+0000 7f94d04af700 1 --2- 172.21.15.1:0/3230049143 >> [v2:172.21.15.1:3300/0,v1:172.21.15.1:6789/0] conn(0x7f94c8106490 0x7f94c8105df0 unknown :-1 s=CLOSED pgs=79 cs=0 l=1 rev1=1 crypto rx=0 tx=0 comp rx=0 tx=0).stop
2023-11-16T16:31:10.554 INFO:teuthology.orchestra.run.smithi001.stdout:/usr/bin/ceph: stderr
2023-11-16T16:31:10.084+0000 7f94d04af700 1 -- 172.21.15.1:0/3230049143 >> 172.21.15.1:0/3230049143 conn(0x7f94c80ffed0 msgr2=0x7f94c8100cc0 unknown :-1 s=STATE_NONE l=0).mark_down
2023-11-16T16:31:10.554 INFO:teuthology.orchestra.run.smithi001.stdout:/usr/bin/ceph: stderr
2023-11-16T16:31:10.084+0000 7f94d04af700 1 -- 172.21.15.1:0/3230049143 shutdown_connections
2023-11-16T16:31:10.554 INFO:teuthology.orchestra.run.smithi001.stdout:/usr/bin/ceph: stderr
2023-11-16T16:31:10.084+0000 7f94d04af700 1 -- 172.21.15.1:0/3230049143 wait complete.
2023-11-16T16:31:10.554 INFO:teuthology.orchestra.run.smithi001.stdout:/usr/bin/ceph: stderr set mgr/dashboard/cluster/status
2023-11-16T16:31:10.554 INFO:teuthology.orchestra.run.smithi001.stdout:You can access the Ceph CLI as following in case of multi-cluster or non-default config:
2023-11-16T16:31:10.554 INFO:teuthology.orchestra.run.smithi001.stdout:
2023-11-16T16:31:10.554 INFO:teuthology.orchestra.run.smithi001.stdout: sudo /home/ubuntu/cephtest/cephadm shell --fsid 35d9b010-849d-11ee-8dbe-212e2dc638e7 -c /etc/ceph/ceph.conf -k /etc/ceph/ceph.client.admin.keyring
2023-11-16T16:31:10.554 INFO:teuthology.orchestra.run.smithi001.stdout:
2023-11-16T16:31:10.554 INFO:teuthology.orchestra.run.smithi001.stdout:Or, if you are only running a single cluster on this host:
2023-11-16T16:31:10.554 INFO:teuthology.orchestra.run.smithi001.stdout:
2023-11-16T16:31:10.555 INFO:teuthology.orchestra.run.smithi001.stdout: sudo /home/ubuntu/cephtest/cephadm shell
2023-11-16T16:31:10.555 INFO:teuthology.orchestra.run.smithi001.stdout:
2023-11-16T16:31:10.555 INFO:teuthology.orchestra.run.smithi001.stdout:Please consider enabling telemetry to help improve Ceph:
2023-11-16T16:31:10.555 INFO:teuthology.orchestra.run.smithi001.stdout:
2023-11-16T16:31:10.555 INFO:teuthology.orchestra.run.smithi001.stdout: ceph telemetry on
2023-11-16T16:31:10.555 INFO:teuthology.orchestra.run.smithi001.stdout:
2023-11-16T16:31:10.555 INFO:teuthology.orchestra.run.smithi001.stdout:For more information see:
2023-11-16T16:31:10.555 INFO:teuthology.orchestra.run.smithi001.stdout:
2023-11-16T16:31:10.555 INFO:teuthology.orchestra.run.smithi001.stdout: https://docs.ceph.com/en/latest/mgr/telemetry/
2023-11-16T16:31:10.555 INFO:teuthology.orchestra.run.smithi001.stdout:
2023-11-16T16:31:10.555 INFO:teuthology.orchestra.run.smithi001.stdout:Bootstrap complete.
2023-11-16T16:31:10.583 INFO:tasks.cephadm:Fetching config...
2023-11-16T16:31:10.583 DEBUG:teuthology.orchestra.run.smithi001:> set -ex
2023-11-16T16:31:10.583 DEBUG:teuthology.orchestra.run.smithi001:> dd if=/etc/ceph/ceph.conf of=/dev/stdout
2023-11-16T16:31:10.600 INFO:tasks.cephadm:Fetching client.admin keyring...
2023-11-16T16:31:10.601 DEBUG:teuthology.orchestra.run.smithi001:> set -ex
2023-11-16T16:31:10.601 DEBUG:teuthology.orchestra.run.smithi001:> dd if=/etc/ceph/ceph.client.admin.keyring of=/dev/stdout
2023-11-16T16:31:10.659 INFO:tasks.cephadm:Fetching mon keyring...
2023-11-16T16:31:10.659 DEBUG:teuthology.orchestra.run.smithi001:> set -ex
2023-11-16T16:31:10.659 DEBUG:teuthology.orchestra.run.smithi001:> sudo dd if=/var/lib/ceph/35d9b010-849d-11ee-8dbe-212e2dc638e7/mon.a/keyring of=/dev/stdout
2023-11-16T16:31:10.728 INFO:tasks.cephadm:Fetching pub ssh key...
2023-11-16T16:31:10.729 DEBUG:teuthology.orchestra.run.smithi001:> set -ex
2023-11-16T16:31:10.729 DEBUG:teuthology.orchestra.run.smithi001:> dd if=/home/ubuntu/cephtest/ceph.pub of=/dev/stdout
2023-11-16T16:31:10.786 INFO:tasks.cephadm:Installing pub ssh key for root users...
2023-11-16T16:31:10.786 DEBUG:teuthology.orchestra.run.smithi001:> sudo install -d -m 0700 /root/.ssh && echo 'ssh-rsa AAAAB3NzaC1yc2EAAAADAQABAAABgQCwDkmaltnqApgAGAS1JnIiIaLi1tcfzyeCKYojJPYSAjZ3kQY/cIaE5Enj75HRJvWi/1CEVH/+L807c40k3RQ1mB1sA3M/zcxGrDppM06TYmbUKSyXX96bfeUYzSngBT//vIKrKUgzBOpiumnCJ9B2u86Jv58CrUTj5yl91jFMzKZjrLBEQojhGapfLCtbtz4jZSCpcQy94WsfMg38zGMQ2YEpvQYGMjdn2t9r2AhCfckae81EnPwPE7/5oBNAw1yo0GN7woIK/BRGZodi6l2Yl3Nujrf73OaZQSyZRSp7O1wYZ2ckOIvQ5VfeaIF0j1q4pFdhUUSgNikj4ImrMfkJOW+7QVBvFzYPokmUyiDemmPNCBAuG8tx59TqCwgGsTh7P+zZ7yCXGgTuxLpVKj/fyiB1VUzMQEBtniq82FW9+gbgTarf6+6vVtjkXEWiUAO1W/f6AG9HUCkeJYJysIvZyRXv5TH07Ab+b3WvVaZQc92TeD8EAyKuHuNmGtzDZkM= ceph-35d9b010-849d-11ee-8dbe-212e2dc638e7' | sudo tee -a /root/.ssh/authorized_keys && sudo chmod 0600 /root/.ssh/authorized_keys
2023-11-16T16:31:10.866 INFO:teuthology.orchestra.run.smithi001.stdout:ssh-rsa AAAAB3NzaC1yc2EAAAADAQABAAABgQCwDkmaltnqApgAGAS1JnIiIaLi1tcfzyeCKYojJPYSAjZ3kQY/cIaE5Enj75HRJvWi/1CEVH/+L807c40k3RQ1mB1sA3M/zcxGrDppM06TYmbUKSyXX96bfeUYzSngBT//vIKrKUgzBOpiumnCJ9B2u86Jv58CrUTj5yl91jFMzKZjrLBEQojhGapfLCtbtz4jZSCpcQy94WsfMg38zGMQ2YEpvQYGMjdn2t9r2AhCfckae81EnPwPE7/5oBNAw1yo0GN7woIK/BRGZodi6l2Yl3Nujrf73OaZQSyZRSp7O1wYZ2ckOIvQ5VfeaIF0j1q4pFdhUUSgNikj4ImrMfkJOW+7QVBvFzYPokmUyiDemmPNCBAuG8tx59TqCwgGsTh7P+zZ7yCXGgTuxLpVKj/fyiB1VUzMQEBtniq82FW9+gbgTarf6+6vVtjkXEWiUAO1W/f6AG9HUCkeJYJysIvZyRXv5TH07Ab+b3WvVaZQc92TeD8EAyKuHuNmGtzDZkM= ceph-35d9b010-849d-11ee-8dbe-212e2dc638e7
2023-11-16T16:31:10.880 DEBUG:teuthology.orchestra.run.smithi026:> sudo install -d -m 0700 /root/.ssh && echo 'ssh-rsa AAAAB3NzaC1yc2EAAAADAQABAAABgQCwDkmaltnqApgAGAS1JnIiIaLi1tcfzyeCKYojJPYSAjZ3kQY/cIaE5Enj75HRJvWi/1CEVH/+L807c40k3RQ1mB1sA3M/zcxGrDppM06TYmbUKSyXX96bfeUYzSngBT//vIKrKUgzBOpiumnCJ9B2u86Jv58CrUTj5yl91jFMzKZjrLBEQojhGapfLCtbtz4jZSCpcQy94WsfMg38zGMQ2YEpvQYGMjdn2t9r2AhCfckae81EnPwPE7/5oBNAw1yo0GN7woIK/BRGZodi6l2Yl3Nujrf73OaZQSyZRSp7O1wYZ2ckOIvQ5VfeaIF0j1q4pFdhUUSgNikj4ImrMfkJOW+7QVBvFzYPokmUyiDemmPNCBAuG8tx59TqCwgGsTh7P+zZ7yCXGgTuxLpVKj/fyiB1VUzMQEBtniq82FW9+gbgTarf6+6vVtjkXEWiUAO1W/f6AG9HUCkeJYJysIvZyRXv5TH07Ab+b3WvVaZQc92TeD8EAyKuHuNmGtzDZkM= ceph-35d9b010-849d-11ee-8dbe-212e2dc638e7' | sudo tee -a /root/.ssh/authorized_keys && sudo chmod 0600 /root/.ssh/authorized_keys
2023-11-16T16:31:10.927 INFO:teuthology.orchestra.run.smithi026.stdout:ssh-rsa AAAAB3NzaC1yc2EAAAADAQABAAABgQCwDkmaltnqApgAGAS1JnIiIaLi1tcfzyeCKYojJPYSAjZ3kQY/cIaE5Enj75HRJvWi/1CEVH/+L807c40k3RQ1mB1sA3M/zcxGrDppM06TYmbUKSyXX96bfeUYzSngBT//vIKrKUgzBOpiumnCJ9B2u86Jv58CrUTj5yl91jFMzKZjrLBEQojhGapfLCtbtz4jZSCpcQy94WsfMg38zGMQ2YEpvQYGMjdn2t9r2AhCfckae81EnPwPE7/5oBNAw1yo0GN7woIK/BRGZodi6l2Yl3Nujrf73OaZQSyZRSp7O1wYZ2ckOIvQ5VfeaIF0j1q4pFdhUUSgNikj4ImrMfkJOW+7QVBvFzYPokmUyiDemmPNCBAuG8tx59TqCwgGsTh7P+zZ7yCXGgTuxLpVKj/fyiB1VUzMQEBtniq82FW9+gbgTarf6+6vVtjkXEWiUAO1W/f6AG9HUCkeJYJysIvZyRXv5TH07Ab+b3WvVaZQc92TeD8EAyKuHuNmGtzDZkM= ceph-35d9b010-849d-11ee-8dbe-212e2dc638e7
2023-11-16T16:31:10.941 DEBUG:teuthology.orchestra.run.smithi053:> sudo install -d -m 0700 /root/.ssh && echo 'ssh-rsa AAAAB3NzaC1yc2EAAAADAQABAAABgQCwDkmaltnqApgAGAS1JnIiIaLi1tcfzyeCKYojJPYSAjZ3kQY/cIaE5Enj75HRJvWi/1CEVH/+L807c40k3RQ1mB1sA3M/zcxGrDppM06TYmbUKSyXX96bfeUYzSngBT//vIKrKUgzBOpiumnCJ9B2u86Jv58CrUTj5yl91jFMzKZjrLBEQojhGapfLCtbtz4jZSCpcQy94WsfMg38zGMQ2YEpvQYGMjdn2t9r2AhCfckae81EnPwPE7/5oBNAw1yo0GN7woIK/BRGZodi6l2Yl3Nujrf73OaZQSyZRSp7O1wYZ2ckOIvQ5VfeaIF0j1q4pFdhUUSgNikj4ImrMfkJOW+7QVBvFzYPokmUyiDemmPNCBAuG8tx59TqCwgGsTh7P+zZ7yCXGgTuxLpVKj/fyiB1VUzMQEBtniq82FW9+gbgTarf6+6vVtjkXEWiUAO1W/f6AG9HUCkeJYJysIvZyRXv5TH07Ab+b3WvVaZQc92TeD8EAyKuHuNmGtzDZkM= ceph-35d9b010-849d-11ee-8dbe-212e2dc638e7' | sudo tee -a /root/.ssh/authorized_keys && sudo chmod 0600 /root/.ssh/authorized_keys
2023-11-16T16:31:10.990 INFO:teuthology.orchestra.run.smithi053.stdout:ssh-rsa AAAAB3NzaC1yc2EAAAADAQABAAABgQCwDkmaltnqApgAGAS1JnIiIaLi1tcfzyeCKYojJPYSAjZ3kQY/cIaE5Enj75HRJvWi/1CEVH/+L807c40k3RQ1mB1sA3M/zcxGrDppM06TYmbUKSyXX96bfeUYzSngBT//vIKrKUgzBOpiumnCJ9B2u86Jv58CrUTj5yl91jFMzKZjrLBEQojhGapfLCtbtz4jZSCpcQy94WsfMg38zGMQ2YEpvQYGMjdn2t9r2AhCfckae81EnPwPE7/5oBNAw1yo0GN7woIK/BRGZodi6l2Yl3Nujrf73OaZQSyZRSp7O1wYZ2ckOIvQ5VfeaIF0j1q4pFdhUUSgNikj4ImrMfkJOW+7QVBvFzYPokmUyiDemmPNCBAuG8tx59TqCwgGsTh7P+zZ7yCXGgTuxLpVKj/fyiB1VUzMQEBtniq82FW9+gbgTarf6+6vVtjkXEWiUAO1W/f6AG9HUCkeJYJysIvZyRXv5TH07Ab+b3WvVaZQc92TeD8EAyKuHuNmGtzDZkM= ceph-35d9b010-849d-11ee-8dbe-212e2dc638e7
2023-11-16T16:31:11.003 DEBUG:teuthology.orchestra.run.smithi001:> sudo /home/ubuntu/cephtest/cephadm --image quay-quay-quay.apps.os.sepia.ceph.com/ceph-ci/ceph:5e4a743ad7fd1422ebd6c4dc950a21a303279207 shell -c /etc/ceph/ceph.conf -k /etc/ceph/ceph.client.admin.keyring --fsid 35d9b010-849d-11ee-8dbe-212e2dc638e7 -- ceph config set mgr mgr/cephadm/allow_ptrace true
2023-11-16T16:31:11.182 INFO:journalctl@ceph.mon.a.smithi001.stdout:Nov 16 16:31:11 smithi001 ceph-mon[98800]: from='client.? 172.21.15.1:0/3230049143' entity='client.admin'
2023-11-16T16:31:11.832 INFO:teuthology.orchestra.run.smithi001.stderr:Inferring config /var/lib/ceph/35d9b010-849d-11ee-8dbe-212e2dc638e7/mon.a/config
2023-11-16T16:31:12.871 INFO:journalctl@ceph.mon.a.smithi001.stdout:Nov 16 16:31:12 smithi001 ceph-mon[98800]: from='mgr.14152 172.21.15.1:0/1400803141' entity='mgr.x'
2023-11-16T16:31:12.871 INFO:journalctl@ceph.mon.a.smithi001.stdout:Nov 16 16:31:12 smithi001 ceph-mon[98800]: from='mgr.14152 172.21.15.1:0/1400803141' entity='mgr.x'
2023-11-16T16:31:12.872 INFO:journalctl@ceph.mon.a.smithi001.stdout:Nov 16 16:31:12 smithi001 ceph-mon[98800]: from='mgr.14152 172.21.15.1:0/1400803141' entity='mgr.x' cmd=[{"prefix": "config rm", "who": "osd/host:smithi001", "name": "osd_memory_target"}]: dispatch
2023-11-16T16:31:12.872 INFO:journalctl@ceph.mon.a.smithi001.stdout:Nov 16 16:31:12 smithi001 ceph-mon[98800]: from='mgr.14152 172.21.15.1:0/1400803141' entity='mgr.x'
2023-11-16T16:31:12.872 INFO:journalctl@ceph.mon.a.smithi001.stdout:Nov 16 16:31:12 smithi001 ceph-mon[98800]: from='mgr.14152 172.21.15.1:0/1400803141' entity='mgr.x' cmd=[{"prefix": "config dump", "format": "json"}]: dispatch
2023-11-16T16:31:12.872 INFO:journalctl@ceph.mon.a.smithi001.stdout:Nov 16 16:31:12 smithi001 ceph-mon[98800]: from='mgr.14152 172.21.15.1:0/1400803141' entity='mgr.x'
2023-11-16T16:31:13.553 INFO:teuthology.orchestra.run.smithi001.stderr:2023-11-16T16:31:13.549+0000 7f08ff2d6700 1 -- 172.21.15.1:0/42887562 >> [v2:172.21.15.1:3300/0,v1:172.21.15.1:6789/0] conn(0x7f08f8101300 msgr2=0x7f08f8101710 secure :-1 s=STATE_CONNECTION_ESTABLISHED l=1).mark_down
2023-11-16T16:31:13.554 INFO:teuthology.orchestra.run.smithi001.stderr:2023-11-16T16:31:13.549+0000 7f08ff2d6700 1 --2- 172.21.15.1:0/42887562 >> [v2:172.21.15.1:3300/0,v1:172.21.15.1:6789/0] conn(0x7f08f8101300 0x7f08f8101710 secure :-1 s=READY pgs=80 cs=0 l=1 rev1=1 crypto rx=0x7f08f4009910 tx=0x7f08f4009c20 comp rx=0 tx=0).stop
2023-11-16T16:31:13.554 INFO:teuthology.orchestra.run.smithi001.stderr:2023-11-16T16:31:13.549+0000 7f08ff2d6700 1 -- 172.21.15.1:0/42887562 shutdown_connections
2023-11-16T16:31:13.554 INFO:teuthology.orchestra.run.smithi001.stderr:2023-11-16T16:31:13.549+0000 7f08ff2d6700 1 --2- 172.21.15.1:0/42887562 >> [v2:172.21.15.1:3300/0,v1:172.21.15.1:6789/0] conn(0x7f08f8101300 0x7f08f8101710 unknown :-1 s=CLOSED pgs=80 cs=0 l=1 rev1=1 crypto rx=0 tx=0 comp rx=0 tx=0).stop
2023-11-16T16:31:13.554 INFO:teuthology.orchestra.run.smithi001.stderr:2023-11-16T16:31:13.549+0000 7f08ff2d6700 1 -- 172.21.15.1:0/42887562 >> 172.21.15.1:0/42887562 conn(0x7f08f80f9930 msgr2=0x7f08f80fbd80 unknown :-1 s=STATE_NONE l=0).mark_down
2023-11-16T16:31:13.554 INFO:teuthology.orchestra.run.smithi001.stderr:2023-11-16T16:31:13.550+0000 7f08ff2d6700 1 -- 172.21.15.1:0/42887562 shutdown_connections
2023-11-16T16:31:13.554 INFO:teuthology.orchestra.run.smithi001.stderr:2023-11-16T16:31:13.550+0000 7f08ff2d6700 1 -- 172.21.15.1:0/42887562 wait complete.
2023-11-16T16:31:13.554 INFO:teuthology.orchestra.run.smithi001.stderr:2023-11-16T16:31:13.550+0000 7f08ff2d6700 1 Processor -- start
2023-11-16T16:31:13.554 INFO:teuthology.orchestra.run.smithi001.stderr:2023-11-16T16:31:13.550+0000 7f08ff2d6700 1 -- start start
2023-11-16T16:31:13.554 INFO:teuthology.orchestra.run.smithi001.stderr:2023-11-16T16:31:13.550+0000 7f08ff2d6700 1 --2- >> [v2:172.21.15.1:3300/0,v1:172.21.15.1:6789/0] conn(0x7f08f8101300 0x7f08f8194e20 unknown :-1 s=NONE pgs=0 cs=0 l=1 rev1=0 crypto rx=0 tx=0 comp rx=0 tx=0).connect
2023-11-16T16:31:13.554 INFO:teuthology.orchestra.run.smithi001.stderr:2023-11-16T16:31:13.550+0000 7f08ff2d6700 1 -- --> [v2:172.21.15.1:3300/0,v1:172.21.15.1:6789/0] -- mon_getmap magic: 0 v1 -- 0x7f08f8195360 con 0x7f08f8101300
2023-11-16T16:31:13.554 INFO:teuthology.orchestra.run.smithi001.stderr:2023-11-16T16:31:13.550+0000 7f08fd072700 1 --2- >> [v2:172.21.15.1:3300/0,v1:172.21.15.1:6789/0] conn(0x7f08f8101300 0x7f08f8194e20 unknown :-1 s=BANNER_CONNECTING pgs=0 cs=0 l=1 rev1=0 crypto rx=0 tx=0 comp rx=0 tx=0)._handle_peer_banner_payload supported=3 required=0
2023-11-16T16:31:13.555 INFO:teuthology.orchestra.run.smithi001.stderr:2023-11-16T16:31:13.550+0000 7f08fd072700 1 --2- >> [v2:172.21.15.1:3300/0,v1:172.21.15.1:6789/0] conn(0x7f08f8101300 0x7f08f8194e20 unknown :-1 s=HELLO_CONNECTING pgs=0 cs=0 l=1 rev1=1 crypto rx=0 tx=0 comp rx=0 tx=0).handle_hello peer v2:172.21.15.1:3300/0 says I am v2:172.21.15.1:40444/0 (socket says 172.21.15.1:40444)
2023-11-16T16:31:13.555 INFO:teuthology.orchestra.run.smithi001.stderr:2023-11-16T16:31:13.550+0000 7f08fd072700 1 -- 172.21.15.1:0/3370556188 learned_addr learned my addr 172.21.15.1:0/3370556188 (peer_addr_for_me v2:172.21.15.1:0/0)
2023-11-16T16:31:13.555 INFO:teuthology.orchestra.run.smithi001.stderr:2023-11-16T16:31:13.551+0000 7f08fd072700 1 -- 172.21.15.1:0/3370556188 --> [v2:172.21.15.1:3300/0,v1:172.21.15.1:6789/0] -- mon_subscribe({config=0+,monmap=0+}) v3 -- 0x7f08f40095f0 con 0x7f08f8101300
2023-11-16T16:31:13.555 INFO:teuthology.orchestra.run.smithi001.stderr:2023-11-16T16:31:13.551+0000 7f08fd072700 1 --2- 172.21.15.1:0/3370556188 >> [v2:172.21.15.1:3300/0,v1:172.21.15.1:6789/0] conn(0x7f08f8101300 0x7f08f8194e20 secure :-1 s=READY pgs=81 cs=0 l=1 rev1=1 crypto rx=0x7f08f4006010 tx=0x7f08f40057c0 comp rx=0 tx=0).ready entity=mon.0 client_cookie=0 server_cookie=0 in_seq=0 out_seq=0
