2023-11-16T16:40:20.138+0000 7fd554921700 1 --2- 172.21.15.44:0/2408628131 >> [v2:172.21.15.44:3300/0,v1:172.21.15.44:6789/0] conn(0x7fd550105950 0x7fd55019baa0 secure :-1 s=READY pgs=40 cs=0 l=1 rev1=1 crypto rx=0x7fd544006af0 tx=0x7fd544011ad0 comp rx=0 tx=0).ready entity=mon.0 client_cookie=0 server_cookie=0 in_seq=0 out_seq=0
2023-11-16T16:40:21.012 INFO:teuthology.orchestra.run.smithi044.stdout:/usr/bin/ceph: stderr
2023-11-16T16:40:20.138+0000 7fd54dffb700 1 -- 172.21.15.44:0/2408628131 <== mon.0 v2:172.21.15.44:3300/0 1 ==== mon_map magic: 0 v1 ==== 205+0+0 (secure 0 0 0) 0x7fd544003a40 con 0x7fd550105950
2023-11-16T16:40:21.012 INFO:teuthology.orchestra.run.smithi044.stdout:/usr/bin/ceph: stderr
2023-11-16T16:40:20.138+0000 7fd54dffb700 1 -- 172.21.15.44:0/2408628131 <== mon.0 v2:172.21.15.44:3300/0 2 ==== config(26 keys) v1 ==== 1074+0+0 (secure 0 0 0) 0x7fd544003ba0 con 0x7fd550105950
2023-11-16T16:40:21.012 INFO:teuthology.orchestra.run.smithi044.stdout:/usr/bin/ceph: stderr
2023-11-16T16:40:20.138+0000 7fd556b85700 1 -- 172.21.15.44:0/2408628131 --> [v2:172.21.15.44:3300/0,v1:172.21.15.44:6789/0] -- mon_subscribe({mgrmap=0+}) v3 -- 0x7fd5501079a0 con 0x7fd550105950
2023-11-16T16:40:21.012 INFO:teuthology.orchestra.run.smithi044.stdout:/usr/bin/ceph: stderr
2023-11-16T16:40:20.138+0000 7fd54dffb700 1 -- 172.21.15.44:0/2408628131 <== mon.0 v2:172.21.15.44:3300/0 3 ==== mon_map magic: 0 v1 ==== 205+0+0 (secure 0 0 0) 0x7fd54401a6e0 con 0x7fd550105950
2023-11-16T16:40:21.012 INFO:teuthology.orchestra.run.smithi044.stdout:/usr/bin/ceph: stderr
2023-11-16T16:40:20.139+0000 7fd556b85700 1 -- 172.21.15.44:0/2408628131 --> [v2:172.21.15.44:3300/0,v1:172.21.15.44:6789/0] -- mon_subscribe({osdmap=0}) v3 -- 0x7fd550107810 con 0x7fd550105950
2023-11-16T16:40:21.012 INFO:teuthology.orchestra.run.smithi044.stdout:/usr/bin/ceph: stderr
2023-11-16T16:40:20.140+0000 7fd54dffb700 1 -- 172.21.15.44:0/2408628131 <== mon.0 v2:172.21.15.44:3300/0 4 ==== mgrmap(e 8) v1 ==== 45483+0+0 (secure 0 0 0) 0x7fd544024a60 con 0x7fd550105950
2023-11-16T16:40:21.012 INFO:teuthology.orchestra.run.smithi044.stdout:/usr/bin/ceph: stderr
2023-11-16T16:40:20.140+0000 7fd556b85700 1 -- 172.21.15.44:0/2408628131 --> [v2:172.21.15.44:3300/0,v1:172.21.15.44:6789/0] -- mon_command({"prefix": "get_command_descriptions"} v 0) v1 -- 0x7fd550062120 con 0x7fd550105950
2023-11-16T16:40:21.012 INFO:teuthology.orchestra.run.smithi044.stdout:/usr/bin/ceph: stderr
2023-11-16T16:40:20.140+0000 7fd54dffb700 1 --2- 172.21.15.44:0/2408628131 >> [v2:172.21.15.44:6800/4234382393,v1:172.21.15.44:6801/4234382393] conn(0x7fd540038820 0x7fd54003acd0 unknown :-1 s=NONE pgs=0 cs=0 l=1 rev1=0 crypto rx=0 tx=0 comp rx=0 tx=0).connect
2023-11-16T16:40:21.013 INFO:teuthology.orchestra.run.smithi044.stdout:/usr/bin/ceph: stderr
2023-11-16T16:40:20.140+0000 7fd54dffb700 1 -- 172.21.15.44:0/2408628131 <== mon.0 v2:172.21.15.44:3300/0 5 ==== osd_map(2..2 src has 1..2) v4 ==== 940+0+0 (secure 0 0 0) 0x7fd54404c7c0 con 0x7fd550105950
2023-11-16T16:40:21.013 INFO:teuthology.orchestra.run.smithi044.stdout:/usr/bin/ceph: stderr
2023-11-16T16:40:20.140+0000 7fd54ffff700 1 --2- 172.21.15.44:0/2408628131 >> [v2:172.21.15.44:6800/4234382393,v1:172.21.15.44:6801/4234382393] conn(0x7fd540038820 0x7fd54003acd0 unknown :-1 s=BANNER_CONNECTING pgs=0 cs=0 l=1 rev1=0 crypto rx=0 tx=0 comp rx=0 tx=0)._handle_peer_banner_payload supported=3 required=0
2023-11-16T16:40:21.013 INFO:teuthology.orchestra.run.smithi044.stdout:/usr/bin/ceph: stderr
2023-11-16T16:40:20.141+0000 7fd54ffff700 1 --2- 172.21.15.44:0/2408628131 >> [v2:172.21.15.44:6800/4234382393,v1:172.21.15.44:6801/4234382393] conn(0x7fd540038820 0x7fd54003acd0 secure :-1 s=READY pgs=9 cs=0 l=1 rev1=1 crypto rx=0x7fd53c006fd0 tx=0x7fd53c006e40 comp rx=0 tx=0).ready entity=mgr.14118 client_cookie=0 server_cookie=0 in_seq=0 out_seq=0
2023-11-16T16:40:21.013 INFO:teuthology.orchestra.run.smithi044.stdout:/usr/bin/ceph: stderr
2023-11-16T16:40:20.145+0000 7fd54dffb700 1 -- 172.21.15.44:0/2408628131 <== mon.0 v2:172.21.15.44:3300/0 6 ==== mon_command_ack([{"prefix": "get_command_descriptions"}]=0 v0) v1 ==== 72+0+177948 (secure 0 0 0) 0x7fd544024430 con 0x7fd550105950
2023-11-16T16:40:21.013 INFO:teuthology.orchestra.run.smithi044.stdout:/usr/bin/ceph: stderr
2023-11-16T16:40:20.354+0000 7fd556b85700 1 -- 172.21.15.44:0/2408628131 --> [v2:172.21.15.44:6800/4234382393,v1:172.21.15.44:6801/4234382393] -- mgr_command(tid 0: {"prefix": "cephadm generate-key", "target": ["mon-mgr", ""]}) v1 -- 0x7fd550109df0 con 0x7fd540038820
2023-11-16T16:40:21.013 INFO:teuthology.orchestra.run.smithi044.stdout:/usr/bin/ceph: stderr
2023-11-16T16:40:20.515+0000 7fd54dffb700 1 -- 172.21.15.44:0/2408628131 <== mgr.14118 v2:172.21.15.44:6800/4234382393 1 ==== mgr_command_reply(tid 0: 0 ) v1 ==== 8+0+0 (secure 0 0 0) 0x7fd53c009e20 con 0x7fd540038820
2023-11-16T16:40:21.013 INFO:teuthology.orchestra.run.smithi044.stdout:/usr/bin/ceph: stderr
2023-11-16T16:40:20.517+0000 7fd556b85700 1 -- 172.21.15.44:0/2408628131 >> [v2:172.21.15.44:6800/4234382393,v1:172.21.15.44:6801/4234382393] conn(0x7fd540038820 msgr2=0x7fd54003acd0 secure :-1 s=STATE_CONNECTION_ESTABLISHED l=1).mark_down
2023-11-16T16:40:21.013 INFO:teuthology.orchestra.run.smithi044.stdout:/usr/bin/ceph: stderr
2023-11-16T16:40:20.517+0000 7fd556b85700 1 --2- 172.21.15.44:0/2408628131 >> [v2:172.21.15.44:6800/4234382393,v1:172.21.15.44:6801/4234382393] conn(0x7fd540038820 0x7fd54003acd0 secure :-1 s=READY pgs=9 cs=0 l=1 rev1=1 crypto rx=0x7fd53c006fd0 tx=0x7fd53c006e40 comp rx=0 tx=0).stop
2023-11-16T16:40:21.013 INFO:teuthology.orchestra.run.smithi044.stdout:/usr/bin/ceph: stderr
2023-11-16T16:40:20.517+0000 7fd556b85700 1 -- 172.21.15.44:0/2408628131 >> [v2:172.21.15.44:3300/0,v1:172.21.15.44:6789/0] conn(0x7fd550105950 msgr2=0x7fd55019baa0 secure :-1 s=STATE_CONNECTION_ESTABLISHED l=1).mark_down
2023-11-16T16:40:21.013 INFO:teuthology.orchestra.run.smithi044.stdout:/usr/bin/ceph: stderr
2023-11-16T16:40:20.517+0000 7fd556b85700 1 --2- 172.21.15.44:0/2408628131 >> [v2:172.21.15.44:3300/0,v1:172.21.15.44:6789/0] conn(0x7fd550105950 0x7fd55019baa0 secure :-1 s=READY pgs=40 cs=0 l=1 rev1=1 crypto rx=0x7fd544006af0 tx=0x7fd544011ad0 comp rx=0 tx=0).stop
2023-11-16T16:40:21.013 INFO:teuthology.orchestra.run.smithi044.stdout:/usr/bin/ceph: stderr
2023-11-16T16:40:20.518+0000 7fd556b85700 1 -- 172.21.15.44:0/2408628131 shutdown_connections
2023-11-16T16:40:21.013 INFO:teuthology.orchestra.run.smithi044.stdout:/usr/bin/ceph: stderr
2023-11-16T16:40:20.518+0000 7fd556b85700 1 --2- 172.21.15.44:0/2408628131 >> [v2:172.21.15.44:6800/4234382393,v1:172.21.15.44:6801/4234382393] conn(0x7fd540038820 0x7fd54003acd0 unknown :-1 s=CLOSED pgs=9 cs=0 l=1 rev1=1 crypto rx=0 tx=0 comp rx=0 tx=0).stop
2023-11-16T16:40:21.014 INFO:teuthology.orchestra.run.smithi044.stdout:/usr/bin/ceph: stderr
2023-11-16T16:40:20.518+0000 7fd556b85700 1 --2- 172.21.15.44:0/2408628131 >> [v2:172.21.15.44:3300/0,v1:172.21.15.44:6789/0] conn(0x7fd550105950 0x7fd55019baa0 unknown :-1 s=CLOSED pgs=40 cs=0 l=1 rev1=1 crypto rx=0 tx=0 comp rx=0 tx=0).stop
2023-11-16T16:40:21.014 INFO:teuthology.orchestra.run.smithi044.stdout:/usr/bin/ceph: stderr
2023-11-16T16:40:20.518+0000 7fd556b85700 1 -- 172.21.15.44:0/2408628131 >> 172.21.15.44:0/2408628131 conn(0x7fd550100fe0 msgr2=0x7fd550101cc0 unknown :-1 s=STATE_NONE l=0).mark_down
2023-11-16T16:40:21.014 INFO:teuthology.orchestra.run.smithi044.stdout:/usr/bin/ceph: stderr
2023-11-16T16:40:20.518+0000 7fd556b85700 1 -- 172.21.15.44:0/2408628131 shutdown_connections
2023-11-16T16:40:21.014 INFO:teuthology.orchestra.run.smithi044.stdout:/usr/bin/ceph: stderr
2023-11-16T16:40:20.518+0000 7fd556b85700 1 -- 172.21.15.44:0/2408628131 wait complete.
2023-11-16T16:40:21.618 INFO:journalctl@ceph.mon.a.smithi044.stdout:Nov 16 16:40:21 smithi044 ceph-mon[128750]: from='client.14134 -' entity='client.admin' cmd=[{"prefix": "cephadm generate-key", "target": ["mon-mgr", ""]}]: dispatch
2023-11-16T16:40:21.618 INFO:journalctl@ceph.mon.a.smithi044.stdout:Nov 16 16:40:21 smithi044 ceph-mon[128750]: Generating ssh key...
2023-11-16T16:40:21.618 INFO:journalctl@ceph.mon.a.smithi044.stdout:Nov 16 16:40:21 smithi044 ceph-mon[128750]: from='mgr.14118 172.21.15.44:0/638267248' entity='mgr.x'
2023-11-16T16:40:21.619 INFO:journalctl@ceph.mon.a.smithi044.stdout:Nov 16 16:40:21 smithi044 ceph-mon[128750]: from='mgr.14118 172.21.15.44:0/638267248' entity='mgr.x'
2023-11-16T16:40:22.193 INFO:teuthology.orchestra.run.smithi044.stdout:/usr/bin/ceph: stdout ssh-rsa AAAAB3NzaC1yc2EAAAADAQABAAABgQDWqZCN0b0Ts1go+60x2zF0Bszy8UH/qk+2xX1G31+FkXNGOxYkyMfJ+INT2FXjfE162RKn6x1J4nGlRR5VUaqhq47tmvZ/1rUtvsY7gYXJjdSRjRsubyEsv2cQxERbqN9GkPiO0SaHXLvlN8pttMa/44G8k6E7IapkNJrYcA+AvlsToTa8RF85rwHU0U3aJFcY5W1fuan06nE1rxVPCuk/JBOyu7NzmQ+rUGYqk6Yt2mrxXsmtqgSevYBTn/bXIpmYLls5+8DSgYceDvcUjZiZ7s2UKSYNyh8EV7PlbZpf/ofBKSmXCPlH+1BXyHGG9K5T3Ho860BjWZW9KY/HJqHn7cd50LpZNv6yBT5yMomrXvOF4qEVibEQIhgXxr3yIghGrep93FX8znyzirsSoHQGm5/KcPY7BONLltPO42gbqDWqBpyffO2XPN8WPuMkfiEwOilzu05aVFyKuO3AMnDE3qx7Gl9FFrcFUoFN6GOu9Oz64O1+3CoVdUl6ze7EFtM= ceph-7f2b12a8-849e-11ee-8dbe-212e2dc638e7
2023-11-16T16:40:22.193 INFO:teuthology.orchestra.run.smithi044.stdout:/usr/bin/ceph: stderr
2023-11-16T16:40:21.549+0000 7feba1c0a700 1 Processor -- start
2023-11-16T16:40:22.193 INFO:teuthology.orchestra.run.smithi044.stdout:/usr/bin/ceph: stderr
2023-11-16T16:40:21.549+0000 7feba1c0a700 1 -- start start
2023-11-16T16:40:22.193 INFO:teuthology.orchestra.run.smithi044.stdout:/usr/bin/ceph: stderr
2023-11-16T16:40:21.550+0000 7feba1c0a700 1 --2- >> [v2:172.21.15.44:3300/0,v1:172.21.15.44:6789/0] conn(0x7feb9c105950 0x7feb9c105d60 unknown :-1 s=NONE pgs=0 cs=0 l=0 rev1=0 crypto rx=0 tx=0 comp rx=0 tx=0).connect
2023-11-16T16:40:22.193 INFO:teuthology.orchestra.run.smithi044.stdout:/usr/bin/ceph: stderr
2023-11-16T16:40:21.550+0000 7feba1c0a700 1 -- --> [v2:172.21.15.44:3300/0,v1:172.21.15.44:6789/0] -- mon_getmap magic: 0 v1 -- 0x7feb9c1062a0 con 0x7feb9c105950
2023-11-16T16:40:22.193 INFO:teuthology.orchestra.run.smithi044.stdout:/usr/bin/ceph: stderr
2023-11-16T16:40:21.550+0000 7feb9b7fe700 1 --2- >> [v2:172.21.15.44:3300/0,v1:172.21.15.44:6789/0] conn(0x7feb9c105950 0x7feb9c105d60 unknown :-1 s=BANNER_CONNECTING pgs=0 cs=0 l=0 rev1=0 crypto rx=0 tx=0 comp rx=0 tx=0)._handle_peer_banner_payload supported=3 required=0
2023-11-16T16:40:22.193 INFO:teuthology.orchestra.run.smithi044.stdout:/usr/bin/ceph: stderr
2023-11-16T16:40:21.550+0000 7feb9b7fe700 1 --2- >> [v2:172.21.15.44:3300/0,v1:172.21.15.44:6789/0] conn(0x7feb9c105950 0x7feb9c105d60 unknown :-1 s=HELLO_CONNECTING pgs=0 cs=0 l=0 rev1=1 crypto rx=0 tx=0 comp rx=0 tx=0).handle_hello peer v2:172.21.15.44:3300/0 says I am v2:172.21.15.44:41948/0 (socket says 172.21.15.44:41948)
2023-11-16T16:40:22.194 INFO:teuthology.orchestra.run.smithi044.stdout:/usr/bin/ceph: stderr
2023-11-16T16:40:21.550+0000 7feb9b7fe700 1 -- 172.21.15.44:0/2418068868 learned_addr learned my addr 172.21.15.44:0/2418068868 (peer_addr_for_me v2:172.21.15.44:0/0)
2023-11-16T16:40:22.194 INFO:teuthology.orchestra.run.smithi044.stdout:/usr/bin/ceph: stderr
2023-11-16T16:40:21.551+0000 7feb9b7fe700 1 -- 172.21.15.44:0/2418068868 --> [v2:172.21.15.44:3300/0,v1:172.21.15.44:6789/0] -- mon_subscribe({config=0+,monmap=0+}) v3 -- 0x7feb9c1063e0 con 0x7feb9c105950
2023-11-16T16:40:22.194 INFO:teuthology.orchestra.run.smithi044.stdout:/usr/bin/ceph: stderr
2023-11-16T16:40:21.551+0000 7feb9b7fe700 1 --2- 172.21.15.44:0/2418068868 >> [v2:172.21.15.44:3300/0,v1:172.21.15.44:6789/0] conn(0x7feb9c105950 0x7feb9c105d60 secure :-1 s=READY pgs=41 cs=0 l=1 rev1=1 crypto rx=0x7feb8c0098a0 tx=0x7feb8c009bb0 comp rx=0 tx=0).ready entity=mon.0 client_cookie=ee49232ace26f1fd server_cookie=0 in_seq=0 out_seq=0
2023-11-16T16:40:22.194 INFO:teuthology.orchestra.run.smithi044.stdout:/usr/bin/ceph: stderr
2023-11-16T16:40:21.551+0000 7feb9a7fc700 1 -- 172.21.15.44:0/2418068868 <== mon.0 v2:172.21.15.44:3300/0 1 ==== mon_map magic: 0 v1 ==== 205+0+0 (secure 0 0 0) 0x7feb8c004160 con 0x7feb9c105950
2023-11-16T16:40:22.194 INFO:teuthology.orchestra.run.smithi044.stdout:/usr/bin/ceph: stderr
2023-11-16T16:40:21.551+0000 7feb9a7fc700 1 -- 172.21.15.44:0/2418068868 <== mon.0 v2:172.21.15.44:3300/0 2 ==== config(26 keys) v1 ==== 1074+0+0 (secure 0 0 0) 0x7feb8c0042c0 con 0x7feb9c105950
2023-11-16T16:40:22.194 INFO:teuthology.orchestra.run.smithi044.stdout:/usr/bin/ceph: stderr
2023-11-16T16:40:21.551+0000 7feb9a7fc700 1 -- 172.21.15.44:0/2418068868 <== mon.0 v2:172.21.15.44:3300/0 3 ==== mon_map magic: 0 v1 ==== 205+0+0 (secure 0 0 0) 0x7feb8c011a00 con 0x7feb9c105950
2023-11-16T16:40:22.194 INFO:teuthology.orchestra.run.smithi044.stdout:/usr/bin/ceph: stderr
2023-11-16T16:40:21.552+0000 7feba1c0a700 1 -- 172.21.15.44:0/2418068868 >> [v2:172.21.15.44:3300/0,v1:172.21.15.44:6789/0] conn(0x7feb9c105950 msgr2=0x7feb9c105d60 secure :-1 s=STATE_CONNECTION_ESTABLISHED l=1).mark_down
2023-11-16T16:40:22.194 INFO:teuthology.orchestra.run.smithi044.stdout:/usr/bin/ceph: stderr
2023-11-16T16:40:21.552+0000 7feba1c0a700 1 --2- 172.21.15.44:0/2418068868 >> [v2:172.21.15.44:3300/0,v1:172.21.15.44:6789/0] conn(0x7feb9c105950 0x7feb9c105d60 secure :-1 s=READY pgs=41 cs=0 l=1 rev1=1 crypto rx=0x7feb8c0098a0 tx=0x7feb8c009bb0 comp rx=0 tx=0).stop
2023-11-16T16:40:22.194 INFO:teuthology.orchestra.run.smithi044.stdout:/usr/bin/ceph: stderr
2023-11-16T16:40:21.552+0000 7feba1c0a700 1 -- 172.21.15.44:0/2418068868 shutdown_connections
2023-11-16T16:40:22.194 INFO:teuthology.orchestra.run.smithi044.stdout:/usr/bin/ceph: stderr
2023-11-16T16:40:21.552+0000 7feba1c0a700 1 --2- 172.21.15.44:0/2418068868 >> [v2:172.21.15.44:3300/0,v1:172.21.15.44:6789/0] conn(0x7feb9c105950 0x7feb9c105d60 unknown :-1 s=CLOSED pgs=41 cs=0 l=1 rev1=1 crypto rx=0 tx=0 comp rx=0 tx=0).stop
2023-11-16T16:40:22.194 INFO:teuthology.orchestra.run.smithi044.stdout:/usr/bin/ceph: stderr
2023-11-16T16:40:21.552+0000 7feba1c0a700 1 -- 172.21.15.44:0/2418068868 >> 172.21.15.44:0/2418068868 conn(0x7feb9c100fe0 msgr2=0x7feb9c1033f0 unknown :-1 s=STATE_NONE l=0).mark_down
2023-11-16T16:40:22.195 INFO:teuthology.orchestra.run.smithi044.stdout:/usr/bin/ceph: stderr
2023-11-16T16:40:21.552+0000 7feba1c0a700 1 -- 172.21.15.44:0/2418068868 shutdown_connections
2023-11-16T16:40:22.195 INFO:teuthology.orchestra.run.smithi044.stdout:/usr/bin/ceph: stderr
2023-11-16T16:40:21.552+0000 7feba1c0a700 1 -- 172.21.15.44:0/2418068868 wait complete.
2023-11-16T16:40:22.195 INFO:teuthology.orchestra.run.smithi044.stdout:/usr/bin/ceph: stderr
2023-11-16T16:40:21.553+0000 7feba1c0a700 1 Processor -- start
2023-11-16T16:40:22.195 INFO:teuthology.orchestra.run.smithi044.stdout:/usr/bin/ceph: stderr
2023-11-16T16:40:21.553+0000 7feba1c0a700 1 -- start start
2023-11-16T16:40:22.195 INFO:teuthology.orchestra.run.smithi044.stdout:/usr/bin/ceph: stderr
2023-11-16T16:40:21.553+0000 7feba1c0a700 1 --2- >> [v2:172.21.15.44:3300/0,v1:172.21.15.44:6789/0] conn(0x7feb9c105950 0x7feb9c07bc10 unknown :-1 s=NONE pgs=0 cs=0 l=1 rev1=0 crypto rx=0 tx=0 comp rx=0 tx=0).connect
2023-11-16T16:40:22.195 INFO:teuthology.orchestra.run.smithi044.stdout:/usr/bin/ceph: stderr
2023-11-16T16:40:21.553+0000 7feba1c0a700 1 -- --> [v2:172.21.15.44:3300/0,v1:172.21.15.44:6789/0] -- mon_getmap magic: 0 v1 -- 0x7feb9c07c150 con 0x7feb9c105950
2023-11-16T16:40:22.195 INFO:teuthology.orchestra.run.smithi044.stdout:/usr/bin/ceph: stderr
2023-11-16T16:40:21.554+0000 7feb9b7fe700 1 --2- >> [v2:172.21.15.44:3300/0,v1:172.21.15.44:6789/0] conn(0x7feb9c105950 0x7feb9c07bc10 unknown :-1 s=BANNER_CONNECTING pgs=0 cs=0 l=1 rev1=0 crypto rx=0 tx=0 comp rx=0 tx=0)._handle_peer_banner_payload supported=3 required=0
2023-11-16T16:40:22.195 INFO:teuthology.orchestra.run.smithi044.stdout:/usr/bin/ceph: stderr
2023-11-16T16:40:21.554+0000 7feb9b7fe700 1 --2- >> [v2:172.21.15.44:3300/0,v1:172.21.15.44:6789/0] conn(0x7feb9c105950 0x7feb9c07bc10 unknown :-1 s=HELLO_CONNECTING pgs=0 cs=0 l=1 rev1=1 crypto rx=0 tx=0 comp rx=0 tx=0).handle_hello peer v2:172.21.15.44:3300/0 says I am v2:172.21.15.44:41950/0 (socket says 172.21.15.44:41950)
2023-11-16T16:40:22.195 INFO:teuthology.orchestra.run.smithi044.stdout:/usr/bin/ceph: stderr
2023-11-16T16:40:21.554+0000 7feb9b7fe700 1 -- 172.21.15.44:0/1031066716 learned_addr learned my addr 172.21.15.44:0/1031066716 (peer_addr_for_me v2:172.21.15.44:0/0)
2023-11-16T16:40:22.195 INFO:teuthology.orchestra.run.smithi044.stdout:/usr/bin/ceph: stderr
2023-11-16T16:40:21.554+0000 7feb9b7fe700 1 -- 172.21.15.44:0/1031066716 --> [v2:172.21.15.44:3300/0,v1:172.21.15.44:6789/0] -- mon_subscribe({config=0+,monmap=0+}) v3 -- 0x7feb8c009550 con 0x7feb9c105950
2023-11-16T16:40:22.195 INFO:teuthology.orchestra.run.smithi044.stdout:/usr/bin/ceph: stderr
2023-11-16T16:40:21.554+0000 7feb9b7fe700 1 --2- 172.21.15.44:0/1031066716 >> [v2:172.21.15.44:3300/0,v1:172.21.15.44:6789/0] conn(0x7feb9c105950 0x7feb9c07bc10 secure :-1 s=READY pgs=42 cs=0 l=1 rev1=1 crypto rx=0x7feb8c006af0 tx=0x7feb8c011ad0 comp rx=0 tx=0).ready entity=mon.0 client_cookie=0 server_cookie=0 in_seq=0 out_seq=0
2023-11-16T16:40:22.195 INFO:teuthology.orchestra.run.smithi044.stdout:/usr/bin/ceph: stderr
2023-11-16T16:40:21.554+0000 7feb98ff9700 1 -- 172.21.15.44:0/1031066716 <== mon.0 v2:172.21.15.44:3300/0 1 ==== mon_map magic: 0 v1 ==== 205+0+0 (secure 0 0 0) 0x7feb8c003a40 con 0x7feb9c105950
2023-11-16T16:40:22.196 INFO:teuthology.orchestra.run.smithi044.stdout:/usr/bin/ceph: stderr
2023-11-16T16:40:21.554+0000 7feb98ff9700 1 -- 172.21.15.44:0/1031066716 <== mon.0 v2:172.21.15.44:3300/0 2 ==== config(26 keys) v1 ==== 1074+0+0 (secure 0 0 0) 0x7feb8c003ba0 con 0x7feb9c105950
2023-11-16T16:40:22.196 INFO:teuthology.orchestra.run.smithi044.stdout:/usr/bin/ceph: stderr
2023-11-16T16:40:21.554+0000 7feb98ff9700 1 -- 172.21.15.44:0/1031066716 <== mon.0 v2:172.21.15.44:3300/0 3 ==== mon_map magic: 0 v1 ==== 205+0+0 (secure 0 0 0) 0x7feb8c01a6e0 con 0x7feb9c105950
2023-11-16T16:40:22.196 INFO:teuthology.orchestra.run.smithi044.stdout:/usr/bin/ceph: stderr
2023-11-16T16:40:21.554+0000 7feba1c0a700 1 -- 172.21.15.44:0/1031066716 --> [v2:172.21.15.44:3300/0,v1:172.21.15.44:6789/0] -- mon_subscribe({mgrmap=0+}) v3 -- 0x7feb9c1079a0 con 0x7feb9c105950
2023-11-16T16:40:22.196 INFO:teuthology.orchestra.run.smithi044.stdout:/usr/bin/ceph: stderr
2023-11-16T16:40:21.555+0000 7feba1c0a700 1 -- 172.21.15.44:0/1031066716 --> [v2:172.21.15.44:3300/0,v1:172.21.15.44:6789/0] -- mon_subscribe({osdmap=0}) v3 -- 0x7feb9c107810 con 0x7feb9c105950
2023-11-16T16:40:22.196 INFO:teuthology.orchestra.run.smithi044.stdout:/usr/bin/ceph: stderr
2023-11-16T16:40:21.556+0000 7feba1c0a700 1 -- 172.21.15.44:0/1031066716 --> [v2:172.21.15.44:3300/0,v1:172.21.15.44:6789/0] -- mon_command({"prefix": "get_command_descriptions"} v 0) v1 -- 0x7feb9c062120 con 0x7feb9c105950
2023-11-16T16:40:22.196 INFO:teuthology.orchestra.run.smithi044.stdout:/usr/bin/ceph: stderr
2023-11-16T16:40:21.556+0000 7feb98ff9700 1 -- 172.21.15.44:0/1031066716 <== mon.0 v2:172.21.15.44:3300/0 4 ==== mgrmap(e 8) v1 ==== 45483+0+0 (secure 0 0 0) 0x7feb8c024a60 con 0x7feb9c105950
2023-11-16T16:40:22.196 INFO:teuthology.orchestra.run.smithi044.stdout:/usr/bin/ceph: stderr
2023-11-16T16:40:21.556+0000 7feb98ff9700 1 --2- 172.21.15.44:0/1031066716 >> [v2:172.21.15.44:6800/4234382393,v1:172.21.15.44:6801/4234382393] conn(0x7feb840387d0 0x7feb8403ac80 unknown :-1 s=NONE pgs=0 cs=0 l=1 rev1=0 crypto rx=0 tx=0 comp rx=0 tx=0).connect
2023-11-16T16:40:22.196 INFO:teuthology.orchestra.run.smithi044.stdout:/usr/bin/ceph: stderr
2023-11-16T16:40:21.556+0000 7feb98ff9700 1 -- 172.21.15.44:0/1031066716 <== mon.0 v2:172.21.15.44:3300/0 5 ==== osd_map(2..2 src has 1..2) v4 ==== 940+0+0 (secure 0 0 0) 0x7feb8c04c830 con 0x7feb9c105950
2023-11-16T16:40:22.196 INFO:teuthology.orchestra.run.smithi044.stdout:/usr/bin/ceph: stderr
2023-11-16T16:40:21.556+0000 7feb9affd700 1 --2- 172.21.15.44:0/1031066716 >> [v2:172.21.15.44:6800/4234382393,v1:172.21.15.44:6801/4234382393] conn(0x7feb840387d0 0x7feb8403ac80 unknown :-1 s=BANNER_CONNECTING pgs=0 cs=0 l=1 rev1=0 crypto rx=0 tx=0 comp rx=0 tx=0)._handle_peer_banner_payload supported=3 required=0
2023-11-16T16:40:22.196 INFO:teuthology.orchestra.run.smithi044.stdout:/usr/bin/ceph: stderr
2023-11-16T16:40:21.557+0000 7feb9affd700 1 --2- 172.21.15.44:0/1031066716 >> [v2:172.21.15.44:6800/4234382393,v1:172.21.15.44:6801/4234382393] conn(0x7feb840387d0 0x7feb8403ac80 secure :-1 s=READY pgs=10 cs=0 l=1 rev1=1 crypto rx=0x7feb90006fd0 tx=0x7feb90006e40 comp rx=0 tx=0).ready entity=mgr.14118 client_cookie=0 server_cookie=0 in_seq=0 out_seq=0
2023-11-16T16:40:22.196 INFO:teuthology.orchestra.run.smithi044.stdout:/usr/bin/ceph: stderr
2023-11-16T16:40:21.561+0000 7feb98ff9700 1 -- 172.21.15.44:0/1031066716 <== mon.0 v2:172.21.15.44:3300/0 6 ==== mon_command_ack([{"prefix": "get_command_descriptions"}]=0 v0) v1 ==== 72+0+177948 (secure 0 0 0) 0x7feb8c024430 con 0x7feb9c105950
2023-11-16T16:40:22.196 INFO:teuthology.orchestra.run.smithi044.stdout:/usr/bin/ceph: stderr
2023-11-16T16:40:21.769+0000 7feba1c0a700 1 -- 172.21.15.44:0/1031066716 --> [v2:172.21.15.44:6800/4234382393,v1:172.21.15.44:6801/4234382393] -- mgr_command(tid 0: {"prefix": "cephadm get-pub-key", "target": ["mon-mgr", ""]}) v1 -- 0x7feb9c07ae90 con 0x7feb840387d0
2023-11-16T16:40:22.197 INFO:teuthology.orchestra.run.smithi044.stdout:/usr/bin/ceph: stderr
2023-11-16T16:40:21.770+0000 7feb98ff9700 1 -- 172.21.15.44:0/1031066716 <== mgr.14118 v2:172.21.15.44:6800/4234382393 1 ==== mgr_command_reply(tid 0: 0 ) v1 ==== 8+0+595 (secure 0 0 0) 0x7feb9c07ae90 con 0x7feb840387d0
2023-11-16T16:40:22.197 INFO:teuthology.orchestra.run.smithi044.stdout:/usr/bin/ceph: stderr
2023-11-16T16:40:21.772+0000 7feba1c0a700 1 -- 172.21.15.44:0/1031066716 >> [v2:172.21.15.44:6800/4234382393,v1:172.21.15.44:6801/4234382393] conn(0x7feb840387d0 msgr2=0x7feb8403ac80 secure :-1 s=STATE_CONNECTION_ESTABLISHED l=1).mark_down
2023-11-16T16:40:22.197 INFO:teuthology.orchestra.run.smithi044.stdout:/usr/bin/ceph: stderr
2023-11-16T16:40:21.772+0000 7feba1c0a700 1 --2- 172.21.15.44:0/1031066716 >> [v2:172.21.15.44:6800/4234382393,v1:172.21.15.44:6801/4234382393] conn(0x7feb840387d0 0x7feb8403ac80 secure :-1 s=READY pgs=10 cs=0 l=1 rev1=1 crypto rx=0x7feb90006fd0 tx=0x7feb90006e40 comp rx=0 tx=0).stop
2023-11-16T16:40:22.197 INFO:teuthology.orchestra.run.smithi044.stdout:/usr/bin/ceph: stderr
2023-11-16T16:40:21.772+0000 7feba1c0a700 1 -- 172.21.15.44:0/1031066716 >> [v2:172.21.15.44:3300/0,v1:172.21.15.44:6789/0] conn(0x7feb9c105950 msgr2=0x7feb9c07bc10 secure :-1 s=STATE_CONNECTION_ESTABLISHED l=1).mark_down
2023-11-16T16:40:22.197 INFO:teuthology.orchestra.run.smithi044.stdout:/usr/bin/ceph: stderr
2023-11-16T16:40:21.772+0000 7feba1c0a700 1 --2- 172.21.15.44:0/1031066716 >> [v2:172.21.15.44:3300/0,v1:172.21.15.44:6789/0] conn(0x7feb9c105950 0x7feb9c07bc10 secure :-1 s=READY pgs=42 cs=0 l=1 rev1=1 crypto rx=0x7feb8c006af0 tx=0x7feb8c011ad0 comp rx=0 tx=0).stop
2023-11-16T16:40:22.197 INFO:teuthology.orchestra.run.smithi044.stdout:/usr/bin/ceph: stderr
2023-11-16T16:40:21.772+0000 7feba1c0a700 1 -- 172.21.15.44:0/1031066716 shutdown_connections
2023-11-16T16:40:22.197 INFO:teuthology.orchestra.run.smithi044.stdout:/usr/bin/ceph: stderr
2023-11-16T16:40:21.772+0000 7feba1c0a700 1 --2- 172.21.15.44:0/1031066716 >> [v2:172.21.15.44:6800/4234382393,v1:172.21.15.44:6801/4234382393] conn(0x7feb840387d0 0x7feb8403ac80 unknown :-1 s=CLOSED pgs=10 cs=0 l=1 rev1=1 crypto rx=0 tx=0 comp rx=0 tx=0).stop
2023-11-16T16:40:22.197 INFO:teuthology.orchestra.run.smithi044.stdout:/usr/bin/ceph: stderr
2023-11-16T16:40:21.772+0000 7feba1c0a700 1 --2- 172.21.15.44:0/1031066716 >> [v2:172.21.15.44:3300/0,v1:172.21.15.44:6789/0] conn(0x7feb9c105950 0x7feb9c07bc10 unknown :-1 s=CLOSED pgs=42 cs=0 l=1 rev1=1 crypto rx=0 tx=0 comp rx=0 tx=0).stop
2023-11-16T16:40:22.197 INFO:teuthology.orchestra.run.smithi044.stdout:/usr/bin/ceph: stderr
2023-11-16T16:40:21.773+0000 7feba1c0a700 1 -- 172.21.15.44:0/1031066716 >> 172.21.15.44:0/1031066716 conn(0x7feb9c100fe0 msgr2=0x7feb9c101c40 unknown :-1 s=STATE_NONE l=0).mark_down
2023-11-16T16:40:22.197 INFO:teuthology.orchestra.run.smithi044.stdout:/usr/bin/ceph: stderr
2023-11-16T16:40:21.773+0000 7feba1c0a700 1 -- 172.21.15.44:0/1031066716 shutdown_connections
2023-11-16T16:40:22.197 INFO:teuthology.orchestra.run.smithi044.stdout:/usr/bin/ceph: stderr
2023-11-16T16:40:21.773+0000 7feba1c0a700 1 -- 172.21.15.44:0/1031066716 wait complete.
2023-11-16T16:40:22.197 INFO:teuthology.orchestra.run.smithi044.stdout:Wrote public SSH key to /home/ubuntu/cephtest/ceph.pub
2023-11-16T16:40:22.198 INFO:teuthology.orchestra.run.smithi044.stdout:Adding key to root@localhost authorized_keys...
2023-11-16T16:40:22.198 INFO:teuthology.orchestra.run.smithi044.stdout:Adding host smithi044...
2023-11-16T16:40:22.868 INFO:journalctl@ceph.mon.a.smithi044.stdout:Nov 16 16:40:22 smithi044 ceph-mon[128750]: from='client.14136 -' entity='client.admin' cmd=[{"prefix": "cephadm get-pub-key", "target": ["mon-mgr", ""]}]: dispatch
2023-11-16T16:40:23.654 INFO:journalctl@ceph.mon.a.smithi044.stdout:Nov 16 16:40:23 smithi044 ceph-mon[128750]: from='client.14138 -' entity='client.admin' cmd=[{"prefix": "orch host add", "hostname": "smithi044", "addr": "172.21.15.44", "target": ["mon-mgr", ""]}]: dispatch
2023-11-16T16:40:25.055 INFO:journalctl@ceph.mon.a.smithi044.stdout:Nov 16 16:40:24 smithi044 ceph-mon[128750]: Deploying cephadm binary to smithi044
2023-11-16T16:40:26.384 INFO:teuthology.orchestra.run.smithi044.stdout:/usr/bin/ceph: stdout Added host 'smithi044' with addr '172.21.15.44'
2023-11-16T16:40:26.384 INFO:teuthology.orchestra.run.smithi044.stdout:/usr/bin/ceph: stderr
2023-11-16T16:40:22.710+0000 7f298e56e700 1 Processor -- start
2023-11-16T16:40:26.384 INFO:teuthology.orchestra.run.smithi044.stdout:/usr/bin/ceph: stderr
2023-11-16T16:40:22.711+0000 7f298e56e700 1 -- start start
2023-11-16T16:40:26.384 INFO:teuthology.orchestra.run.smithi044.stdout:/usr/bin/ceph: stderr
2023-11-16T16:40:22.711+0000 7f298e56e700 1 --2- >> [v2:172.21.15.44:3300/0,v1:172.21.15.44:6789/0] conn(0x7f298807bd80 0x7f298807a280 unknown :-1 s=NONE pgs=0 cs=0 l=0 rev1=0 crypto rx=0 tx=0 comp rx=0 tx=0).connect
2023-11-16T16:40:26.384 INFO:teuthology.orchestra.run.smithi044.stdout:/usr/bin/ceph: stderr
2023-11-16T16:40:22.711+0000 7f298e56e700 1 -- --> [v2:172.21.15.44:3300/0,v1:172.21.15.44:6789/0] -- mon_getmap magic: 0 v1 -- 0x7f298807a7c0 con 0x7f298807bd80
2023-11-16T16:40:26.384 INFO:teuthology.orchestra.run.smithi044.stdout:/usr/bin/ceph: stderr
2023-11-16T16:40:22.711+0000 7f2987fff700 1 --2- >> [v2:172.21.15.44:3300/0,v1:172.21.15.44:6789/0] conn(0x7f298807bd80 0x7f298807a280 unknown :-1 s=BANNER_CONNECTING pgs=0 cs=0 l=0 rev1=0 crypto rx=0 tx=0 comp rx=0 tx=0)._handle_peer_banner_payload supported=3 required=0
2023-11-16T16:40:26.384 INFO:teuthology.orchestra.run.smithi044.stdout:/usr/bin/ceph: stderr
2023-11-16T16:40:22.711+0000 7f2987fff700 1 --2- >> [v2:172.21.15.44:3300/0,v1:172.21.15.44:6789/0] conn(0x7f298807bd80 0x7f298807a280 unknown :-1 s=HELLO_CONNECTING pgs=0 cs=0 l=0 rev1=1 crypto rx=0 tx=0 comp rx=0 tx=0).handle_hello peer v2:172.21.15.44:3300/0 says I am v2:172.21.15.44:41952/0 (socket says 172.21.15.44:41952)
2023-11-16T16:40:26.385 INFO:teuthology.orchestra.run.smithi044.stdout:/usr/bin/ceph: stderr
2023-11-16T16:40:22.711+0000 7f2987fff700 1 -- 172.21.15.44:0/2561600132 learned_addr learned my addr 172.21.15.44:0/2561600132 (peer_addr_for_me v2:172.21.15.44:0/0)
2023-11-16T16:40:26.385 INFO:teuthology.orchestra.run.smithi044.stdout:/usr/bin/ceph: stderr
2023-11-16T16:40:22.712+0000 7f2987fff700 1 -- 172.21.15.44:0/2561600132 --> [v2:172.21.15.44:3300/0,v1:172.21.15.44:6789/0] -- mon_subscribe({config=0+,monmap=0+}) v3 -- 0x7f298807a900 con 0x7f298807bd80
2023-11-16T16:40:26.385 INFO:teuthology.orchestra.run.smithi044.stdout:/usr/bin/ceph: stderr
2023-11-16T16:40:22.712+0000 7f2987fff700 1 --2- 172.21.15.44:0/2561600132 >> [v2:172.21.15.44:3300/0,v1:172.21.15.44:6789/0] conn(0x7f298807bd80 0x7f298807a280 secure :-1 s=READY pgs=43 cs=0 l=1 rev1=1 crypto rx=0x7f29780098a0 tx=0x7f2978009bb0 comp rx=0 tx=0).ready entity=mon.0 client_cookie=af047a5f61ecfed2 server_cookie=0 in_seq=0 out_seq=0
2023-11-16T16:40:26.385 INFO:teuthology.orchestra.run.smithi044.stdout:/usr/bin/ceph: stderr
2023-11-16T16:40:22.712+0000 7f2986ffd700 1 -- 172.21.15.44:0/2561600132 <== mon.0 v2:172.21.15.44:3300/0 1 ==== mon_map magic: 0 v1 ==== 205+0+0 (secure 0 0 0) 0x7f2978004160 con 0x7f298807bd80
2023-11-16T16:40:26.385 INFO:teuthology.orchestra.run.smithi044.stdout:/usr/bin/ceph: stderr
2023-11-16T16:40:22.712+0000 7f2986ffd700 1 -- 172.21.15.44:0/2561600132 <== mon.0 v2:172.21.15.44:3300/0 2 ==== config(26 keys) v1 ==== 1074+0+0 (secure 0 0 0) 0x7f29780042c0 con 0x7f298807bd80
2023-11-16T16:40:26.385 INFO:teuthology.orchestra.run.smithi044.stdout:/usr/bin/ceph: stderr
2023-11-16T16:40:22.712+0000 7f2986ffd700 1 -- 172.21.15.44:0/2561600132 <== mon.0 v2:172.21.15.44:3300/0 3 ==== mon_map magic: 0 v1 ==== 205+0+0 (secure 0 0 0) 0x7f2978011a00 con 0x7f298807bd80
2023-11-16T16:40:26.385 INFO:teuthology.orchestra.run.smithi044.stdout:/usr/bin/ceph: stderr
2023-11-16T16:40:22.713+0000 7f298e56e700 1 -- 172.21.15.44:0/2561600132 >> [v2:172.21.15.44:3300/0,v1:172.21.15.44:6789/0] conn(0x7f298807bd80 msgr2=0x7f298807a280 secure :-1 s=STATE_CONNECTION_ESTABLISHED l=1).mark_down
2023-11-16T16:40:26.385 INFO:teuthology.orchestra.run.smithi044.stdout:/usr/bin/ceph: stderr
2023-11-16T16:40:22.713+0000 7f298e56e700 1 --2- 172.21.15.44:0/2561600132 >> [v2:172.21.15.44:3300/0,v1:172.21.15.44:6789/0] conn(0x7f298807bd80 0x7f298807a280 secure :-1 s=READY pgs=43 cs=0 l=1 rev1=1 crypto rx=0x7f29780098a0 tx=0x7f2978009bb0 comp rx=0 tx=0).stop
2023-11-16T16:40:26.385 INFO:teuthology.orchestra.run.smithi044.stdout:/usr/bin/ceph: stderr
2023-11-16T16:40:22.713+0000 7f298e56e700 1 -- 172.21.15.44:0/2561600132 shutdown_connections
2023-11-16T16:40:26.385 INFO:teuthology.orchestra.run.smithi044.stdout:/usr/bin/ceph: stderr
2023-11-16T16:40:22.713+0000 7f298e56e700 1 --2- 172.21.15.44:0/2561600132 >> [v2:172.21.15.44:3300/0,v1:172.21.15.44:6789/0] conn(0x7f298807bd80 0x7f298807a280 unknown :-1 s=CLOSED pgs=43 cs=0 l=1 rev1=1 crypto rx=0 tx=0 comp rx=0 tx=0).stop
2023-11-16T16:40:26.385 INFO:teuthology.orchestra.run.smithi044.stdout:/usr/bin/ceph: stderr
2023-11-16T16:40:22.713+0000 7f298e56e700 1 -- 172.21.15.44:0/2561600132 >> 172.21.15.44:0/2561600132 conn(0x7f2988100fe0 msgr2=0x7f29881033f0 unknown :-1 s=STATE_NONE l=0).mark_down
2023-11-16T16:40:26.385 INFO:teuthology.orchestra.run.smithi044.stdout:/usr/bin/ceph: stderr
2023-11-16T16:40:22.713+0000 7f298e56e700 1 -- 172.21.15.44:0/2561600132 shutdown_connections
2023-11-16T16:40:26.386 INFO:teuthology.orchestra.run.smithi044.stdout:/usr/bin/ceph: stderr
2023-11-16T16:40:22.713+0000 7f298e56e700 1 -- 172.21.15.44:0/2561600132 wait complete.
2023-11-16T16:40:26.386 INFO:teuthology.orchestra.run.smithi044.stdout:/usr/bin/ceph: stderr
2023-11-16T16:40:22.714+0000 7f298e56e700 1 Processor -- start
2023-11-16T16:40:26.386 INFO:teuthology.orchestra.run.smithi044.stdout:/usr/bin/ceph: stderr
2023-11-16T16:40:22.715+0000 7f298e56e700 1 -- start start
2023-11-16T16:40:26.386 INFO:teuthology.orchestra.run.smithi044.stdout:/usr/bin/ceph: stderr
2023-11-16T16:40:22.715+0000 7f298e56e700 1 --2- >> [v2:172.21.15.44:3300/0,v1:172.21.15.44:6789/0] conn(0x7f298807bd80 0x7f298819baf0 unknown :-1 s=NONE pgs=0 cs=0 l=1 rev1=0 crypto rx=0 tx=0 comp rx=0 tx=0).connect
2023-11-16T16:40:26.386 INFO:teuthology.orchestra.run.smithi044.stdout:/usr/bin/ceph: stderr
2023-11-16T16:40:22.715+0000 7f298e56e700 1 -- --> [v2:172.21.15.44:3300/0,v1:172.21.15.44:6789/0] -- mon_getmap magic: 0 v1 -- 0x7f298819c030 con 0x7f298807bd80
2023-11-16T16:40:26.386 INFO:teuthology.orchestra.run.smithi044.stdout:/usr/bin/ceph: stderr
2023-11-16T16:40:22.715+0000 7f2987fff700 1 --2- >> [v2:172.21.15.44:3300/0,v1:172.21.15.44:6789/0] conn(0x7f298807bd80 0x7f298819baf0 unknown :-1 s=BANNER_CONNECTING pgs=0 cs=0 l=1 rev1=0 crypto rx=0 tx=0 comp rx=0 tx=0)._handle_peer_banner_payload supported=3 required=0
2023-11-16T16:40:26.386 INFO:teuthology.orchestra.run.smithi044.stdout:/usr/bin/ceph: stderr
2023-11-16T16:40:22.715+0000 7f2987fff700 1 --2- >> [v2:172.21.15.44:3300/0,v1:172.21.15.44:6789/0] conn(0x7f298807bd80 0x7f298819baf0 unknown :-1 s=HELLO_CONNECTING pgs=0 cs=0 l=1 rev1=1 crypto rx=0 tx=0 comp rx=0 tx=0).handle_hello peer v2:172.21.15.44:3300/0 says I am v2:172.21.15.44:41958/0 (socket says 172.21.15.44:41958)
2023-11-16T16:40:26.386 INFO:teuthology.orchestra.run.smithi044.stdout:/usr/bin/ceph: stderr
2023-11-16T16:40:22.715+0000 7f2987fff700 1 -- 172.21.15.44:0/1210083423 learned_addr learned my addr 172.21.15.44:0/1210083423 (peer_addr_for_me v2:172.21.15.44:0/0)
2023-11-16T16:40:26.386 INFO:teuthology.orchestra.run.smithi044.stdout:/usr/bin/ceph: stderr
2023-11-16T16:40:22.716+0000 7f2987fff700 1 -- 172.21.15.44:0/1210083423 --> [v2:172.21.15.44:3300/0,v1:172.21.15.44:6789/0] -- mon_subscribe({config=0+,monmap=0+}) v3 -- 0x7f2978009550 con 0x7f298807bd80
2023-11-16T16:40:26.386 INFO:teuthology.orchestra.run.smithi044.stdout:/usr/bin/ceph: stderr
2023-11-16T16:40:22.716+0000 7f2987fff700 1 --2- 172.21.15.44:0/1210083423 >> [v2:172.21.15.44:3300/0,v1:172.21.15.44:6789/0] conn(0x7f298807bd80 0x7f298819baf0 secure :-1 s=READY pgs=44 cs=0 l=1 rev1=1 crypto rx=0x7f2978006af0 tx=0x7f2978011ad0 comp rx=0 tx=0).ready entity=mon.0 client_cookie=0 server_cookie=0 in_seq=0 out_seq=0
2023-11-16T16:40:26.386 INFO:teuthology.orchestra.run.smithi044.stdout:/usr/bin/ceph: stderr
2023-11-16T16:40:22.716+0000 7f29857fa700 1 -- 172.21.15.44:0/1210083423 <== mon.0 v2:172.21.15.44:3300/0 1 ==== mon_map magic: 0 v1 ==== 205+0+0 (secure 0 0 0) 0x7f2978003a40 con 0x7f298807bd80
2023-11-16T16:40:26.387 INFO:teuthology.orchestra.run.smithi044.stdout:/usr/bin/ceph: stderr
2023-11-16T16:40:22.716+0000 7f29857fa700 1 -- 172.21.15.44:0/1210083423 <== mon.0 v2:172.21.15.44:3300/0 2 ==== config(26 keys) v1 ==== 1074+0+0 (secure 0 0 0) 0x7f2978003ba0 con 0x7f298807bd80
2023-11-16T16:40:26.387 INFO:teuthology.orchestra.run.smithi044.stdout:/usr/bin/ceph: stderr
2023-11-16T16:40:22.716+0000 7f298e56e700 1 -- 172.21.15.44:0/1210083423 --> [v2:172.21.15.44:3300/0,v1:172.21.15.44:6789/0] -- mon_subscribe({mgrmap=0+}) v3 -- 0x7f298810be00 con 0x7f298807bd80
2023-11-16T16:40:26.387 INFO:teuthology.orchestra.run.smithi044.stdout:/usr/bin/ceph: stderr
2023-11-16T16:40:22.716+0000 7f29857fa700 1 -- 172.21.15.44:0/1210083423 <== mon.0 v2:172.21.15.44:3300/0 3 ==== mon_map magic: 0 v1 ==== 205+0+0 (secure 0 0 0) 0x7f297801a700 con 0x7f298807bd80
2023-11-16T16:40:26.387 INFO:teuthology.orchestra.run.smithi044.stdout:/usr/bin/ceph: stderr
2023-11-16T16:40:22.716+0000 7f298e56e700 1 -- 172.21.15.44:0/1210083423 --> [v2:172.21.15.44:3300/0,v1:172.21.15.44:6789/0] -- mon_subscribe({osdmap=0}) v3 -- 0x7f298810bc70 con 0x7f298807bd80
2023-11-16T16:40:26.387 INFO:teuthology.orchestra.run.smithi044.stdout:/usr/bin/ceph: stderr
2023-11-16T16:40:22.718+0000 7f298e56e700 1 -- 172.21.15.44:0/1210083423 --> [v2:172.21.15.44:3300/0,v1:172.21.15.44:6789/0] -- mon_command({"prefix": "get_command_descriptions"} v 0) v1 -- 0x7f2988062120 con 0x7f298807bd80
2023-11-16T16:40:26.387 INFO:teuthology.orchestra.run.smithi044.stdout:/usr/bin/ceph: stderr
2023-11-16T16:40:22.718+0000 7f29857fa700 1 -- 172.21.15.44:0/1210083423 <== mon.0 v2:172.21.15.44:3300/0 4 ==== mgrmap(e 8) v1 ==== 45483+0+0 (secure 0 0 0) 0x7f2978024ad0 con 0x7f298807bd80
2023-11-16T16:40:26.387 INFO:teuthology.orchestra.run.smithi044.stdout:/usr/bin/ceph: stderr
2023-11-16T16:40:22.718+0000 7f29857fa700 1 --2- 172.21.15.44:0/1210083423 >> [v2:172.21.15.44:6800/4234382393,v1:172.21.15.44:6801/4234382393] conn(0x7f2970038820 0x7f297003acd0 unknown :-1 s=NONE pgs=0 cs=0 l=1 rev1=0 crypto rx=0 tx=0 comp rx=0 tx=0).connect
2023-11-16T16:40:26.387 INFO:teuthology.orchestra.run.smithi044.stdout:/usr/bin/ceph: stderr
2023-11-16T16:40:22.718+0000 7f29857fa700 1 -- 172.21.15.44:0/1210083423 <== mon.0 v2:172.21.15.44:3300/0 5 ==== osd_map(2..2 src has 1..2) v4 ==== 940+0+0 (secure 0 0 0) 0x7f297804caf0 con 0x7f298807bd80
2023-11-16T16:40:26.387 INFO:teuthology.orchestra.run.smithi044.stdout:/usr/bin/ceph: stderr
2023-11-16T16:40:22.718+0000 7f29877fe700 1 --2- 172.21.15.44:0/1210083423 >> [v2:172.21.15.44:6800/4234382393,v1:172.21.15.44:6801/4234382393] conn(0x7f2970038820 0x7f297003acd0 unknown :-1 s=BANNER_CONNECTING pgs=0 cs=0 l=1 rev1=0 crypto rx=0 tx=0 comp rx=0 tx=0)._handle_peer_banner_payload supported=3 required=0
2023-11-16T16:40:26.387 INFO:teuthology.orchestra.run.smithi044.stdout:/usr/bin/ceph: stderr
2023-11-16T16:40:22.719+0000 7f29877fe700 1 --2- 172.21.15.44:0/1210083423 >> [v2:172.21.15.44:6800/4234382393,v1:172.21.15.44:6801/4234382393] conn(0x7f2970038820 0x7f297003acd0 secure :-1 s=READY pgs=11 cs=0 l=1 rev1=1 crypto rx=0x7f297c006fd0 tx=0x7f297c006e40 comp rx=0 tx=0).ready entity=mgr.14118 client_cookie=0 server_cookie=0 in_seq=0 out_seq=0
2023-11-16T16:40:26.387 INFO:teuthology.orchestra.run.smithi044.stdout:/usr/bin/ceph: stderr
2023-11-16T16:40:22.724+0000 7f29857fa700 1 -- 172.21.15.44:0/1210083423 <== mon.0 v2:172.21.15.44:3300/0 6 ==== mon_command_ack([{"prefix": "get_command_descriptions"}]=0 v0) v1 ==== 72+0+177948 (secure 0 0 0) 0x7f2978024430 con 0x7f298807bd80
2023-11-16T16:40:26.387 INFO:teuthology.orchestra.run.smithi044.stdout:/usr/bin/ceph: stderr
2023-11-16T16:40:22.934+0000 7f298e56e700 1 -- 172.21.15.44:0/1210083423 --> [v2:172.21.15.44:6800/4234382393,v1:172.21.15.44:6801/4234382393] -- mgr_command(tid 0: {"prefix": "orch host add", "hostname": "smithi044", "addr": "172.21.15.44", "target": ["mon-mgr", ""]}) v1 -- 0x7f29881024e0 con 0x7f2970038820
2023-11-16T16:40:26.388 INFO:teuthology.orchestra.run.smithi044.stdout:/usr/bin/ceph: stderr
2023-11-16T16:40:25.980+0000 7f29857fa700 1 -- 172.21.15.44:0/1210083423 <== mgr.14118 v2:172.21.15.44:6800/4234382393 1 ==== mgr_command_reply(tid 0: 0 ) v1 ==== 8+0+48 (secure 0 0 0) 0x7f29881024e0 con 0x7f2970038820
2023-11-16T16:40:26.388 INFO:teuthology.orchestra.run.smithi044.stdout:/usr/bin/ceph: stderr
2023-11-16T16:40:25.983+0000 7f298e56e700 1 -- 172.21.15.44:0/1210083423 >> [v2:172.21.15.44:6800/4234382393,v1:172.21.15.44:6801/4234382393] conn(0x7f2970038820 msgr2=0x7f297003acd0 secure :-1 s=STATE_CONNECTION_ESTABLISHED l=1).mark_down
2023-11-16T16:40:26.388 INFO:teuthology.orchestra.run.smithi044.stdout:/usr/bin/ceph: stderr
2023-11-16T16:40:25.983+0000 7f298e56e700 1 --2- 172.21.15.44:0/1210083423 >> [v2:172.21.15.44:6800/4234382393,v1:172.21.15.44:6801/4234382393] conn(0x7f2970038820 0x7f297003acd0 secure :-1 s=READY pgs=11 cs=0 l=1 rev1=1 crypto rx=0x7f297c006fd0 tx=0x7f297c006e40 comp rx=0 tx=0).stop
2023-11-16T16:40:26.388 INFO:teuthology.orchestra.run.smithi044.stdout:/usr/bin/ceph: stderr
2023-11-16T16:40:25.983+0000 7f298e56e700 1 -- 172.21.15.44:0/1210083423 >> [v2:172.21.15.44:3300/0,v1:172.21.15.44:6789/0] conn(0x7f298807bd80 msgr2=0x7f298819baf0 secure :-1 s=STATE_CONNECTION_ESTABLISHED l=1).mark_down
2023-11-16T16:40:26.388 INFO:teuthology.orchestra.run.smithi044.stdout:/usr/bin/ceph: stderr
2023-11-16T16:40:25.983+0000 7f298e56e700 1 --2- 172.21.15.44:0/1210083423 >> [v2:172.21.15.44:3300/0,v1:172.21.15.44:6789/0] conn(0x7f298807bd80 0x7f298819baf0 secure :-1 s=READY pgs=44 cs=0 l=1 rev1=1 crypto rx=0x7f2978006af0 tx=0x7f2978011ad0 comp rx=0 tx=0).stop
2023-11-16T16:40:26.388 INFO:teuthology.orchestra.run.smithi044.stdout:/usr/bin/ceph: stderr
2023-11-16T16:40:25.984+0000 7f298e56e700 1 -- 172.21.15.44:0/1210083423 shutdown_connections
2023-11-16T16:40:26.388 INFO:teuthology.orchestra.run.smithi044.stdout:/usr/bin/ceph: stderr
2023-11-16T16:40:25.984+0000 7f298e56e700 1 --2- 172.21.15.44:0/1210083423 >> [v2:172.21.15.44:6800/4234382393,v1:172.21.15.44:6801/4234382393] conn(0x7f2970038820 0x7f297003acd0 unknown :-1 s=CLOSED pgs=11 cs=0 l=1 rev1=1 crypto rx=0 tx=0 comp rx=0 tx=0).stop
2023-11-16T16:40:26.388 INFO:teuthology.orchestra.run.smithi044.stdout:/usr/bin/ceph: stderr
2023-11-16T16:40:25.984+0000 7f298e56e700 1 --2- 172.21.15.44:0/1210083423 >> [v2:172.21.15.44:3300/0,v1:172.21.15.44:6789/0] conn(0x7f298807bd80 0x7f298819baf0 unknown :-1 s=CLOSED pgs=44 cs=0 l=1 rev1=1 crypto rx=0 tx=0 comp rx=0 tx=0).stop
2023-11-16T16:40:26.388 INFO:teuthology.orchestra.run.smithi044.stdout:/usr/bin/ceph: stderr
2023-11-16T16:40:25.984+0000 7f298e56e700 1 -- 172.21.15.44:0/1210083423 >> 172.21.15.44:0/1210083423 conn(0x7f2988100fe0 msgr2=0x7f2988101d70 unknown :-1 s=STATE_NONE l=0).mark_down
2023-11-16T16:40:26.388 INFO:teuthology.orchestra.run.smithi044.stdout:/usr/bin/ceph: stderr
2023-11-16T16:40:25.984+0000 7f298e56e700 1 -- 172.21.15.44:0/1210083423 shutdown_connections
2023-11-16T16:40:26.388 INFO:teuthology.orchestra.run.smithi044.stdout:/usr/bin/ceph: stderr
2023-11-16T16:40:25.984+0000 7f298e56e700 1 -- 172.21.15.44:0/1210083423 wait complete.
2023-11-16T16:40:26.388 INFO:teuthology.orchestra.run.smithi044.stdout:Deploying unmanaged mon service...
2023-11-16T16:40:27.234 INFO:journalctl@ceph.mon.a.smithi044.stdout:Nov 16 16:40:26 smithi044 ceph-mon[128750]: from='mgr.14118 172.21.15.44:0/638267248' entity='mgr.x'
2023-11-16T16:40:27.235 INFO:journalctl@ceph.mon.a.smithi044.stdout:Nov 16 16:40:26 smithi044 ceph-mon[128750]: Added host smithi044
2023-11-16T16:40:27.235 INFO:journalctl@ceph.mon.a.smithi044.stdout:Nov 16 16:40:26 smithi044 ceph-mon[128750]: from='mgr.14118 172.21.15.44:0/638267248' entity='mgr.x' cmd=[{"prefix": "config dump", "format": "json"}]: dispatch
2023-11-16T16:40:27.772 INFO:teuthology.orchestra.run.smithi044.stdout:/usr/bin/ceph: stdout Scheduled mon update...
2023-11-16T16:40:27.778 INFO:teuthology.orchestra.run.smithi044.stdout:/usr/bin/ceph: stderr
2023-11-16T16:40:26.968+0000 7fa331920700 1 Processor -- start
2023-11-16T16:40:27.779 INFO:teuthology.orchestra.run.smithi044.stdout:/usr/bin/ceph: stderr
2023-11-16T16:40:26.968+0000 7fa331920700 1 -- start start
2023-11-16T16:40:27.779 INFO:teuthology.orchestra.run.smithi044.stdout:/usr/bin/ceph: stderr
2023-11-16T16:40:26.968+0000 7fa331920700 1 --2- >> [v2:172.21.15.44:3300/0,v1:172.21.15.44:6789/0] conn(0x7fa32c105950 0x7fa32c105d60 unknown :-1 s=NONE pgs=0 cs=0 l=0 rev1=0 crypto rx=0 tx=0 comp rx=0 tx=0).connect
2023-11-16T16:40:27.779 INFO:teuthology.orchestra.run.smithi044.stdout:/usr/bin/ceph: stderr
2023-11-16T16:40:26.968+0000 7fa331920700 1 -- --> [v2:172.21.15.44:3300/0,v1:172.21.15.44:6789/0] -- mon_getmap magic: 0 v1 -- 0x7fa32c1062a0 con 0x7fa32c105950
2023-11-16T16:40:27.779 INFO:teuthology.orchestra.run.smithi044.stdout:/usr/bin/ceph: stderr
2023-11-16T16:40:26.968+0000 7fa32affd700 1 --2- >> [v2:172.21.15.44:3300/0,v1:172.21.15.44:6789/0] conn(0x7fa32c105950 0x7fa32c105d60 unknown :-1 s=BANNER_CONNECTING pgs=0 cs=0 l=0 rev1=0 crypto rx=0 tx=0 comp rx=0 tx=0)._handle_peer_banner_payload supported=3 required=0
2023-11-16T16:40:27.779 INFO:teuthology.orchestra.run.smithi044.stdout:/usr/bin/ceph: stderr
2023-11-16T16:40:26.969+0000 7fa32affd700 1 --2- >> [v2:172.21.15.44:3300/0,v1:172.21.15.44:6789/0] conn(0x7fa32c105950 0x7fa32c105d60 unknown :-1 s=HELLO_CONNECTING pgs=0 cs=0 l=0 rev1=1 crypto rx=0 tx=0 comp rx=0 tx=0).handle_hello peer v2:172.21.15.44:3300/0 says I am v2:172.21.15.44:50678/0 (socket says 172.21.15.44:50678)
2023-11-16T16:40:27.779 INFO:teuthology.orchestra.run.smithi044.stdout:/usr/bin/ceph: stderr
2023-11-16T16:40:26.969+0000 7fa32affd700 1 -- 172.21.15.44:0/272513955 learned_addr learned my addr 172.21.15.44:0/272513955 (peer_addr_for_me v2:172.21.15.44:0/0)
2023-11-16T16:40:27.779 INFO:teuthology.orchestra.run.smithi044.stdout:/usr/bin/ceph: stderr
2023-11-16T16:40:26.969+0000 7fa32affd700 1 -- 172.21.15.44:0/272513955 --> [v2:172.21.15.44:3300/0,v1:172.21.15.44:6789/0] -- mon_subscribe({config=0+,monmap=0+}) v3 -- 0x7fa32c1063e0 con 0x7fa32c105950
2023-11-16T16:40:27.779 INFO:teuthology.orchestra.run.smithi044.stdout:/usr/bin/ceph: stderr
2023-11-16T16:40:26.969+0000 7fa32affd700 1 --2- 172.21.15.44:0/272513955 >> [v2:172.21.15.44:3300/0,v1:172.21.15.44:6789/0] conn(0x7fa32c105950 0x7fa32c105d60 secure :-1 s=READY pgs=45 cs=0 l=1 rev1=1 crypto rx=0x7fa31c0098a0 tx=0x7fa31c009bb0 comp rx=0 tx=0).ready entity=mon.0 client_cookie=c1db396d37c4b7d8 server_cookie=0 in_seq=0 out_seq=0
2023-11-16T16:40:27.780 INFO:teuthology.orchestra.run.smithi044.stdout:/usr/bin/ceph: stderr
2023-11-16T16:40:26.969+0000 7fa329ffb700 1 -- 172.21.15.44:0/272513955 <== mon.0 v2:172.21.15.44:3300/0 1 ==== mon_map magic: 0 v1 ==== 205+0+0 (secure 0 0 0) 0x7fa31c004160 con 0x7fa32c105950
2023-11-16T16:40:27.780 INFO:teuthology.orchestra.run.smithi044.stdout:/usr/bin/ceph: stderr
2023-11-16T16:40:26.969+0000 7fa329ffb700 1 -- 172.21.15.44:0/272513955 <== mon.0 v2:172.21.15.44:3300/0 2 ==== config(26 keys) v1 ==== 1074+0+0 (secure 0 0 0) 0x7fa31c0042c0 con 0x7fa32c105950
2023-11-16T16:40:27.780 INFO:teuthology.orchestra.run.smithi044.stdout:/usr/bin/ceph: stderr
2023-11-16T16:40:26.969+0000 7fa329ffb700 1 -- 172.21.15.44:0/272513955 <== mon.0 v2:172.21.15.44:3300/0 3 ==== mon_map magic: 0 v1 ==== 205+0+0 (secure 0 0 0) 0x7fa31c011a00 con 0x7fa32c105950
2023-11-16T16:40:27.780 INFO:teuthology.orchestra.run.smithi044.stdout:/usr/bin/ceph: stderr
2023-11-16T16:40:26.970+0000 7fa331920700 1 -- 172.21.15.44:0/272513955 >> [v2:172.21.15.44:3300/0,v1:172.21.15.44:6789/0] conn(0x7fa32c105950 msgr2=0x7fa32c105d60 secure :-1 s=STATE_CONNECTION_ESTABLISHED l=1).mark_down
2023-11-16T16:40:27.780 INFO:teuthology.orchestra.run.smithi044.stdout:/usr/bin/ceph: stderr
2023-11-16T16:40:26.970+0000 7fa331920700 1 --2- 172.21.15.44:0/272513955 >> [v2:172.21.15.44:3300/0,v1:172.21.15.44:6789/0] conn(0x7fa32c105950 0x7fa32c105d60 secure :-1 s=READY pgs=45 cs=0 l=1 rev1=1 crypto rx=0x7fa31c0098a0 tx=0x7fa31c009bb0 comp rx=0 tx=0).stop
2023-11-16T16:40:27.780 INFO:teuthology.orchestra.run.smithi044.stdout:/usr/bin/ceph: stderr
2023-11-16T16:40:26.970+0000 7fa331920700 1 -- 172.21.15.44:0/272513955 shutdown_connections
2023-11-16T16:40:27.780 INFO:teuthology.orchestra.run.smithi044.stdout:/usr/bin/ceph: stderr
2023-11-16T16:40:26.970+0000 7fa331920700 1 --2- 172.21.15.44:0/272513955 >> [v2:172.21.15.44:3300/0,v1:172.21.15.44:6789/0] conn(0x7fa32c105950 0x7fa32c105d60 unknown :-1 s=CLOSED pgs=45 cs=0 l=1 rev1=1 crypto rx=0 tx=0 comp rx=0 tx=0).stop
2023-11-16T16:40:27.780 INFO:teuthology.orchestra.run.smithi044.stdout:/usr/bin/ceph: stderr
2023-11-16T16:40:26.970+0000 7fa331920700 1 -- 172.21.15.44:0/272513955 >> 172.21.15.44:0/272513955 conn(0x7fa32c100fe0 msgr2=0x7fa32c1033f0 unknown :-1 s=STATE_NONE l=0).mark_down
2023-11-16T16:40:27.780 INFO:teuthology.orchestra.run.smithi044.stdout:/usr/bin/ceph: stderr
2023-11-16T16:40:26.970+0000 7fa331920700 1 -- 172.21.15.44:0/272513955 shutdown_connections
2023-11-16T16:40:27.781 INFO:teuthology.orchestra.run.smithi044.stdout:/usr/bin/ceph: stderr
2023-11-16T16:40:26.970+0000 7fa331920700 1 -- 172.21.15.44:0/272513955 wait complete.
2023-11-16T16:40:27.781 INFO:teuthology.orchestra.run.smithi044.stdout:/usr/bin/ceph: stderr
2023-11-16T16:40:26.971+0000 7fa331920700 1 Processor -- start
2023-11-16T16:40:27.781 INFO:teuthology.orchestra.run.smithi044.stdout:/usr/bin/ceph: stderr
2023-11-16T16:40:26.971+0000 7fa331920700 1 -- start start
2023-11-16T16:40:27.781 INFO:teuthology.orchestra.run.smithi044.stdout:/usr/bin/ceph: stderr
2023-11-16T16:40:26.972+0000 7fa331920700 1 --2- >> [v2:172.21.15.44:3300/0,v1:172.21.15.44:6789/0] conn(0x7fa32c105950 0x7fa32c19baa0 unknown :-1 s=NONE pgs=0 cs=0 l=1 rev1=0 crypto rx=0 tx=0 comp rx=0 tx=0).connect
2023-11-16T16:40:27.781 INFO:teuthology.orchestra.run.smithi044.stdout:/usr/bin/ceph: stderr
2023-11-16T16:40:26.972+0000 7fa331920700 1 -- --> [v2:172.21.15.44:3300/0,v1:172.21.15.44:6789/0] -- mon_getmap magic: 0 v1 -- 0x7fa32c19bfe0 con 0x7fa32c105950
2023-11-16T16:40:27.781 INFO:teuthology.orchestra.run.smithi044.stdout:/usr/bin/ceph: stderr
2023-11-16T16:40:26.972+0000 7fa32affd700 1 --2- >> [v2:172.21.15.44:3300/0,v1:172.21.15.44:6789/0] conn(0x7fa32c105950 0x7fa32c19baa0 unknown :-1 s=BANNER_CONNECTING pgs=0 cs=0 l=1 rev1=0 crypto rx=0 tx=0 comp rx=0 tx=0)._handle_peer_banner_payload supported=3 required=0
2023-11-16T16:40:27.781 INFO:teuthology.orchestra.run.smithi044.stdout:/usr/bin/ceph: stderr
2023-11-16T16:40:26.972+0000 7fa32affd700 1 --2- >> [v2:172.21.15.44:3300/0,v1:172.21.15.44:6789/0] conn(0x7fa32c105950 0x7fa32c19baa0 unknown :-1 s=HELLO_CONNECTING pgs=0 cs=0 l=1 rev1=1 crypto rx=0 tx=0 comp rx=0 tx=0).handle_hello peer v2:172.21.15.44:3300/0 says I am v2:172.21.15.44:50682/0 (socket says 172.21.15.44:50682)
2023-11-16T16:40:27.781 INFO:teuthology.orchestra.run.smithi044.stdout:/usr/bin/ceph: stderr
2023-11-16T16:40:26.972+0000 7fa32affd700 1 -- 172.21.15.44:0/2179293182 learned_addr learned my addr 172.21.15.44:0/2179293182 (peer_addr_for_me v2:172.21.15.44:0/0)
2023-11-16T16:40:27.781 INFO:teuthology.orchestra.run.smithi044.stdout:/usr/bin/ceph: stderr
2023-11-16T16:40:26.972+0000 7fa32affd700 1 -- 172.21.15.44:0/2179293182 --> [v2:172.21.15.44:3300/0,v1:172.21.15.44:6789/0] -- mon_subscribe({config=0+,monmap=0+}) v3 -- 0x7fa31c009550 con 0x7fa32c105950
2023-11-16T16:40:27.781 INFO:teuthology.orchestra.run.smithi044.stdout:/usr/bin/ceph: stderr
