2023-11-16T18:16:38.741+0000 7f57eeaee700 1 -- 172.21.15.2:0/2139856765 >> [v2:172.21.15.2:6800/3369431713,v1:172.21.15.2:6801/3369431713] conn(0x7f57d803bfc0 msgr2=0x7f57d803e3a0 secure :-1 s=STATE_CONNECTION_ESTABLISHED l=1).mark_down
2023-11-16T18:16:39.136 INFO:teuthology.orchestra.run.smithi002.stdout:/usr/bin/ceph: stderr
2023-11-16T18:16:38.741+0000 7f57eeaee700 1 --2- 172.21.15.2:0/2139856765 >> [v2:172.21.15.2:6800/3369431713,v1:172.21.15.2:6801/3369431713] conn(0x7f57d803bfc0 0x7f57d803e3a0 secure :-1 s=READY pgs=4 cs=0 l=1 rev1=1 crypto rx=0x7f57d4003a10 tx=0x7f57d4009270 comp rx=0 tx=0).stop
2023-11-16T18:16:39.136 INFO:teuthology.orchestra.run.smithi002.stdout:/usr/bin/ceph: stderr
2023-11-16T18:16:38.741+0000 7f57eeaee700 1 -- 172.21.15.2:0/2139856765 >> [v2:172.21.15.2:3300/0,v1:172.21.15.2:6789/0] conn(0x7f57e8106570 msgr2=0x7f57e8105ed0 secure :-1 s=STATE_CONNECTION_ESTABLISHED l=1).mark_down
2023-11-16T18:16:39.136 INFO:teuthology.orchestra.run.smithi002.stdout:/usr/bin/ceph: stderr
2023-11-16T18:16:38.741+0000 7f57eeaee700 1 --2- 172.21.15.2:0/2139856765 >> [v2:172.21.15.2:3300/0,v1:172.21.15.2:6789/0] conn(0x7f57e8106570 0x7f57e8105ed0 secure :-1 s=READY pgs=62 cs=0 l=1 rev1=1 crypto rx=0x7f57dc003e60 tx=0x7f57dc011aa0 comp rx=0 tx=0).stop
2023-11-16T18:16:39.136 INFO:teuthology.orchestra.run.smithi002.stdout:/usr/bin/ceph: stderr
2023-11-16T18:16:38.741+0000 7f57eeaee700 1 -- 172.21.15.2:0/2139856765 shutdown_connections
2023-11-16T18:16:39.136 INFO:teuthology.orchestra.run.smithi002.stdout:/usr/bin/ceph: stderr
2023-11-16T18:16:38.741+0000 7f57eeaee700 1 --2- 172.21.15.2:0/2139856765 >> [v2:172.21.15.2:6800/3369431713,v1:172.21.15.2:6801/3369431713] conn(0x7f57d803bfc0 0x7f57d803e3a0 unknown :-1 s=CLOSED pgs=4 cs=0 l=1 rev1=1 crypto rx=0 tx=0 comp rx=0 tx=0).stop
2023-11-16T18:16:39.136 INFO:teuthology.orchestra.run.smithi002.stdout:/usr/bin/ceph: stderr
2023-11-16T18:16:38.741+0000 7f57eeaee700 1 --2- 172.21.15.2:0/2139856765 >> [v2:172.21.15.2:3300/0,v1:172.21.15.2:6789/0] conn(0x7f57e8106570 0x7f57e8105ed0 unknown :-1 s=CLOSED pgs=62 cs=0 l=1 rev1=1 crypto rx=0 tx=0 comp rx=0 tx=0).stop
2023-11-16T18:16:39.136 INFO:teuthology.orchestra.run.smithi002.stdout:/usr/bin/ceph: stderr
2023-11-16T18:16:38.741+0000 7f57eeaee700 1 --2- 172.21.15.2:0/2139856765 >> [v2:172.21.15.2:6800/1605535303,v1:172.21.15.2:6801/1605535303] conn(0x7f57d8038760 0x7f57d803ac10 unknown :-1 s=CLOSED pgs=0 cs=0 l=1 rev1=0 crypto rx=0 tx=0 comp rx=0 tx=0).stop
2023-11-16T18:16:39.136 INFO:teuthology.orchestra.run.smithi002.stdout:/usr/bin/ceph: stderr
2023-11-16T18:16:38.741+0000 7f57eeaee700 1 -- 172.21.15.2:0/2139856765 >> 172.21.15.2:0/2139856765 conn(0x7f57e80ffed0 msgr2=0x7f57e8101570 unknown :-1 s=STATE_NONE l=0).mark_down
2023-11-16T18:16:39.136 INFO:teuthology.orchestra.run.smithi002.stdout:/usr/bin/ceph: stderr
2023-11-16T18:16:38.741+0000 7f57eeaee700 1 -- 172.21.15.2:0/2139856765 shutdown_connections
2023-11-16T18:16:39.137 INFO:teuthology.orchestra.run.smithi002.stdout:/usr/bin/ceph: stderr
2023-11-16T18:16:38.741+0000 7f57eeaee700 1 -- 172.21.15.2:0/2139856765 wait complete.
2023-11-16T18:16:39.137 INFO:teuthology.orchestra.run.smithi002.stdout:mgr epoch 9 is available
2023-11-16T18:16:39.137 INFO:teuthology.orchestra.run.smithi002.stdout:Generating a dashboard self-signed certificate...
2023-11-16T18:16:40.566 INFO:teuthology.orchestra.run.smithi002.stdout:/usr/bin/ceph: stdout Self-signed certificate created
2023-11-16T18:16:40.567 INFO:teuthology.orchestra.run.smithi002.stdout:/usr/bin/ceph: stderr
2023-11-16T18:16:39.706+0000 7f18c8e56700 1 Processor -- start
2023-11-16T18:16:40.567 INFO:teuthology.orchestra.run.smithi002.stdout:/usr/bin/ceph: stderr
2023-11-16T18:16:39.706+0000 7f18c8e56700 1 -- start start
2023-11-16T18:16:40.567 INFO:teuthology.orchestra.run.smithi002.stdout:/usr/bin/ceph: stderr
2023-11-16T18:16:39.706+0000 7f18c8e56700 1 --2- >> [v2:172.21.15.2:3300/0,v1:172.21.15.2:6789/0] conn(0x7f18c41064f0 0x7f18c41088d0 unknown :-1 s=NONE pgs=0 cs=0 l=0 rev1=0 crypto rx=0 tx=0 comp rx=0 tx=0).connect
2023-11-16T18:16:40.567 INFO:teuthology.orchestra.run.smithi002.stdout:/usr/bin/ceph: stderr
2023-11-16T18:16:39.706+0000 7f18c8e56700 1 -- --> [v2:172.21.15.2:3300/0,v1:172.21.15.2:6789/0] -- mon_getmap magic: 0 v1 -- 0x7f18c4079e00 con 0x7f18c41064f0
2023-11-16T18:16:40.575 INFO:teuthology.orchestra.run.smithi002.stdout:/usr/bin/ceph: stderr
2023-11-16T18:16:39.706+0000 7f18c259c700 1 --2- >> [v2:172.21.15.2:3300/0,v1:172.21.15.2:6789/0] conn(0x7f18c41064f0 0x7f18c41088d0 unknown :-1 s=BANNER_CONNECTING pgs=0 cs=0 l=0 rev1=0 crypto rx=0 tx=0 comp rx=0 tx=0)._handle_peer_banner_payload supported=3 required=0
2023-11-16T18:16:40.576 INFO:teuthology.orchestra.run.smithi002.stdout:/usr/bin/ceph: stderr
2023-11-16T18:16:39.707+0000 7f18c259c700 1 --2- >> [v2:172.21.15.2:3300/0,v1:172.21.15.2:6789/0] conn(0x7f18c41064f0 0x7f18c41088d0 unknown :-1 s=HELLO_CONNECTING pgs=0 cs=0 l=0 rev1=1 crypto rx=0 tx=0 comp rx=0 tx=0).handle_hello peer v2:172.21.15.2:3300/0 says I am v2:172.21.15.2:46786/0 (socket says 172.21.15.2:46786)
2023-11-16T18:16:40.576 INFO:teuthology.orchestra.run.smithi002.stdout:/usr/bin/ceph: stderr
2023-11-16T18:16:39.707+0000 7f18c259c700 1 -- 172.21.15.2:0/2228212838 learned_addr learned my addr 172.21.15.2:0/2228212838 (peer_addr_for_me v2:172.21.15.2:0/0)
2023-11-16T18:16:40.576 INFO:teuthology.orchestra.run.smithi002.stdout:/usr/bin/ceph: stderr
2023-11-16T18:16:39.707+0000 7f18c259c700 1 -- 172.21.15.2:0/2228212838 --> [v2:172.21.15.2:3300/0,v1:172.21.15.2:6789/0] -- mon_subscribe({config=0+,monmap=0+}) v3 -- 0x7f18c4108e10 con 0x7f18c41064f0
2023-11-16T18:16:40.576 INFO:teuthology.orchestra.run.smithi002.stdout:/usr/bin/ceph: stderr
2023-11-16T18:16:39.707+0000 7f18c259c700 1 --2- 172.21.15.2:0/2228212838 >> [v2:172.21.15.2:3300/0,v1:172.21.15.2:6789/0] conn(0x7f18c41064f0 0x7f18c41088d0 secure :-1 s=READY pgs=70 cs=0 l=1 rev1=1 crypto rx=0x7f18b40098a0 tx=0x7f18b4009bb0 comp rx=0 tx=0).ready entity=mon.0 client_cookie=3e15935dfca67627 server_cookie=0 in_seq=0 out_seq=0
2023-11-16T18:16:40.576 INFO:teuthology.orchestra.run.smithi002.stdout:/usr/bin/ceph: stderr
2023-11-16T18:16:39.707+0000 7f18c159a700 1 -- 172.21.15.2:0/2228212838 <== mon.0 v2:172.21.15.2:3300/0 1 ==== mon_map magic: 0 v1 ==== 205+0+0 (secure 0 0 0) 0x7f18b4004160 con 0x7f18c41064f0
2023-11-16T18:16:40.576 INFO:teuthology.orchestra.run.smithi002.stdout:/usr/bin/ceph: stderr
2023-11-16T18:16:39.707+0000 7f18c159a700 1 -- 172.21.15.2:0/2228212838 <== mon.0 v2:172.21.15.2:3300/0 2 ==== config(26 keys) v1 ==== 1105+0+0 (secure 0 0 0) 0x7f18b40042c0 con 0x7f18c41064f0
2023-11-16T18:16:40.577 INFO:teuthology.orchestra.run.smithi002.stdout:/usr/bin/ceph: stderr
2023-11-16T18:16:39.707+0000 7f18c159a700 1 -- 172.21.15.2:0/2228212838 <== mon.0 v2:172.21.15.2:3300/0 3 ==== mon_map magic: 0 v1 ==== 205+0+0 (secure 0 0 0) 0x7f18b40119b0 con 0x7f18c41064f0
2023-11-16T18:16:40.577 INFO:teuthology.orchestra.run.smithi002.stdout:/usr/bin/ceph: stderr
2023-11-16T18:16:39.708+0000 7f18c8e56700 1 -- 172.21.15.2:0/2228212838 >> [v2:172.21.15.2:3300/0,v1:172.21.15.2:6789/0] conn(0x7f18c41064f0 msgr2=0x7f18c41088d0 secure :-1 s=STATE_CONNECTION_ESTABLISHED l=1).mark_down
2023-11-16T18:16:40.577 INFO:teuthology.orchestra.run.smithi002.stdout:/usr/bin/ceph: stderr
2023-11-16T18:16:39.708+0000 7f18c8e56700 1 --2- 172.21.15.2:0/2228212838 >> [v2:172.21.15.2:3300/0,v1:172.21.15.2:6789/0] conn(0x7f18c41064f0 0x7f18c41088d0 secure :-1 s=READY pgs=70 cs=0 l=1 rev1=1 crypto rx=0x7f18b40098a0 tx=0x7f18b4009bb0 comp rx=0 tx=0).stop
2023-11-16T18:16:40.577 INFO:teuthology.orchestra.run.smithi002.stdout:/usr/bin/ceph: stderr
2023-11-16T18:16:39.708+0000 7f18c8e56700 1 -- 172.21.15.2:0/2228212838 shutdown_connections
2023-11-16T18:16:40.577 INFO:teuthology.orchestra.run.smithi002.stdout:/usr/bin/ceph: stderr
2023-11-16T18:16:39.708+0000 7f18c8e56700 1 --2- 172.21.15.2:0/2228212838 >> [v2:172.21.15.2:3300/0,v1:172.21.15.2:6789/0] conn(0x7f18c41064f0 0x7f18c41088d0 unknown :-1 s=CLOSED pgs=70 cs=0 l=1 rev1=1 crypto rx=0 tx=0 comp rx=0 tx=0).stop
2023-11-16T18:16:40.577 INFO:teuthology.orchestra.run.smithi002.stdout:/usr/bin/ceph: stderr
2023-11-16T18:16:39.708+0000 7f18c8e56700 1 -- 172.21.15.2:0/2228212838 >> 172.21.15.2:0/2228212838 conn(0x7f18c40ffed0 msgr2=0x7f18c4102300 unknown :-1 s=STATE_NONE l=0).mark_down
2023-11-16T18:16:40.577 INFO:teuthology.orchestra.run.smithi002.stdout:/usr/bin/ceph: stderr
2023-11-16T18:16:39.708+0000 7f18c8e56700 1 -- 172.21.15.2:0/2228212838 shutdown_connections
2023-11-16T18:16:40.578 INFO:teuthology.orchestra.run.smithi002.stdout:/usr/bin/ceph: stderr
2023-11-16T18:16:39.708+0000 7f18c8e56700 1 -- 172.21.15.2:0/2228212838 wait complete.
2023-11-16T18:16:40.578 INFO:teuthology.orchestra.run.smithi002.stdout:/usr/bin/ceph: stderr
2023-11-16T18:16:39.709+0000 7f18c8e56700 1 Processor -- start
2023-11-16T18:16:40.578 INFO:teuthology.orchestra.run.smithi002.stdout:/usr/bin/ceph: stderr
2023-11-16T18:16:39.709+0000 7f18c8e56700 1 -- start start
2023-11-16T18:16:40.578 INFO:teuthology.orchestra.run.smithi002.stdout:/usr/bin/ceph: stderr
2023-11-16T18:16:39.709+0000 7f18c8e56700 1 --2- >> [v2:172.21.15.2:3300/0,v1:172.21.15.2:6789/0] conn(0x7f18c41064f0 0x7f18c4199790 unknown :-1 s=NONE pgs=0 cs=0 l=1 rev1=0 crypto rx=0 tx=0 comp rx=0 tx=0).connect
2023-11-16T18:16:40.578 INFO:teuthology.orchestra.run.smithi002.stdout:/usr/bin/ceph: stderr
2023-11-16T18:16:39.709+0000 7f18c8e56700 1 -- --> [v2:172.21.15.2:3300/0,v1:172.21.15.2:6789/0] -- mon_getmap magic: 0 v1 -- 0x7f18c4199cd0 con 0x7f18c41064f0
2023-11-16T18:16:40.578 INFO:teuthology.orchestra.run.smithi002.stdout:/usr/bin/ceph: stderr
2023-11-16T18:16:39.709+0000 7f18c259c700 1 --2- >> [v2:172.21.15.2:3300/0,v1:172.21.15.2:6789/0] conn(0x7f18c41064f0 0x7f18c4199790 unknown :-1 s=BANNER_CONNECTING pgs=0 cs=0 l=1 rev1=0 crypto rx=0 tx=0 comp rx=0 tx=0)._handle_peer_banner_payload supported=3 required=0
2023-11-16T18:16:40.578 INFO:teuthology.orchestra.run.smithi002.stdout:/usr/bin/ceph: stderr
2023-11-16T18:16:39.709+0000 7f18c259c700 1 --2- >> [v2:172.21.15.2:3300/0,v1:172.21.15.2:6789/0] conn(0x7f18c41064f0 0x7f18c4199790 unknown :-1 s=HELLO_CONNECTING pgs=0 cs=0 l=1 rev1=1 crypto rx=0 tx=0 comp rx=0 tx=0).handle_hello peer v2:172.21.15.2:3300/0 says I am v2:172.21.15.2:46788/0 (socket says 172.21.15.2:46788)
2023-11-16T18:16:40.578 INFO:teuthology.orchestra.run.smithi002.stdout:/usr/bin/ceph: stderr
2023-11-16T18:16:39.709+0000 7f18c259c700 1 -- 172.21.15.2:0/3956668721 learned_addr learned my addr 172.21.15.2:0/3956668721 (peer_addr_for_me v2:172.21.15.2:0/0)
2023-11-16T18:16:40.578 INFO:teuthology.orchestra.run.smithi002.stdout:/usr/bin/ceph: stderr
2023-11-16T18:16:39.710+0000 7f18c259c700 1 -- 172.21.15.2:0/3956668721 --> [v2:172.21.15.2:3300/0,v1:172.21.15.2:6789/0] -- mon_subscribe({config=0+,monmap=0+}) v3 -- 0x7f18b4009550 con 0x7f18c41064f0
2023-11-16T18:16:40.579 INFO:teuthology.orchestra.run.smithi002.stdout:/usr/bin/ceph: stderr
2023-11-16T18:16:39.710+0000 7f18c259c700 1 --2- 172.21.15.2:0/3956668721 >> [v2:172.21.15.2:3300/0,v1:172.21.15.2:6789/0] conn(0x7f18c41064f0 0x7f18c4199790 secure :-1 s=READY pgs=71 cs=0 l=1 rev1=1 crypto rx=0x7f18b4011980 tx=0x7f18b4011a60 comp rx=0 tx=0).ready entity=mon.0 client_cookie=0 server_cookie=0 in_seq=0 out_seq=0
2023-11-16T18:16:40.579 INFO:teuthology.orchestra.run.smithi002.stdout:/usr/bin/ceph: stderr
2023-11-16T18:16:39.710+0000 7f18b37fe700 1 -- 172.21.15.2:0/3956668721 <== mon.0 v2:172.21.15.2:3300/0 1 ==== mon_map magic: 0 v1 ==== 205+0+0 (secure 0 0 0) 0x7f18b4003a60 con 0x7f18c41064f0
2023-11-16T18:16:40.579 INFO:teuthology.orchestra.run.smithi002.stdout:/usr/bin/ceph: stderr
2023-11-16T18:16:39.710+0000 7f18b37fe700 1 -- 172.21.15.2:0/3956668721 <== mon.0 v2:172.21.15.2:3300/0 2 ==== config(26 keys) v1 ==== 1105+0+0 (secure 0 0 0) 0x7f18b4003bc0 con 0x7f18c41064f0
2023-11-16T18:16:40.579 INFO:teuthology.orchestra.run.smithi002.stdout:/usr/bin/ceph: stderr
2023-11-16T18:16:39.710+0000 7f18c8e56700 1 -- 172.21.15.2:0/3956668721 --> [v2:172.21.15.2:3300/0,v1:172.21.15.2:6789/0] -- mon_subscribe({mgrmap=0+}) v3 -- 0x7f18c4109d80 con 0x7f18c41064f0
2023-11-16T18:16:40.581 INFO:teuthology.orchestra.run.smithi002.stdout:/usr/bin/ceph: stderr
2023-11-16T18:16:39.710+0000 7f18b37fe700 1 -- 172.21.15.2:0/3956668721 <== mon.0 v2:172.21.15.2:3300/0 3 ==== mon_map magic: 0 v1 ==== 205+0+0 (secure 0 0 0) 0x7f18b401a670 con 0x7f18c41064f0
2023-11-16T18:16:40.581 INFO:teuthology.orchestra.run.smithi002.stdout:/usr/bin/ceph: stderr
2023-11-16T18:16:39.710+0000 7f18c8e56700 1 -- 172.21.15.2:0/3956668721 --> [v2:172.21.15.2:3300/0,v1:172.21.15.2:6789/0] -- mon_subscribe({osdmap=0}) v3 -- 0x7f18c4109bf0 con 0x7f18c41064f0
2023-11-16T18:16:40.581 INFO:teuthology.orchestra.run.smithi002.stdout:/usr/bin/ceph: stderr
2023-11-16T18:16:39.712+0000 7f18c8e56700 1 -- 172.21.15.2:0/3956668721 --> [v2:172.21.15.2:3300/0,v1:172.21.15.2:6789/0] -- mon_command({"prefix": "get_command_descriptions"} v 0) v1 -- 0x7f18c4109f10 con 0x7f18c41064f0
2023-11-16T18:16:40.582 INFO:teuthology.orchestra.run.smithi002.stdout:/usr/bin/ceph: stderr
2023-11-16T18:16:39.712+0000 7f18b37fe700 1 -- 172.21.15.2:0/3956668721 <== mon.0 v2:172.21.15.2:3300/0 4 ==== mgrmap(e 11) v1 ==== 45390+0+0 (secure 0 0 0) 0x7f18b4024a00 con 0x7f18c41064f0
2023-11-16T18:16:40.582 INFO:teuthology.orchestra.run.smithi002.stdout:/usr/bin/ceph: stderr
2023-11-16T18:16:39.712+0000 7f18b37fe700 1 --2- 172.21.15.2:0/3956668721 >> [v2:172.21.15.2:6800/3369431713,v1:172.21.15.2:6801/3369431713] conn(0x7f18ac038630 0x7f18ac03aae0 unknown :-1 s=NONE pgs=0 cs=0 l=1 rev1=0 crypto rx=0 tx=0 comp rx=0 tx=0).connect
2023-11-16T18:16:40.582 INFO:teuthology.orchestra.run.smithi002.stdout:/usr/bin/ceph: stderr
2023-11-16T18:16:39.712+0000 7f18b37fe700 1 -- 172.21.15.2:0/3956668721 <== mon.0 v2:172.21.15.2:3300/0 5 ==== osd_map(3..3 src has 1..3) v4 ==== 1155+0+0 (secure 0 0 0) 0x7f18b404cba0 con 0x7f18c41064f0
2023-11-16T18:16:40.583 INFO:teuthology.orchestra.run.smithi002.stdout:/usr/bin/ceph: stderr
2023-11-16T18:16:39.713+0000 7f18c1d9b700 1 --2- 172.21.15.2:0/3956668721 >> [v2:172.21.15.2:6800/3369431713,v1:172.21.15.2:6801/3369431713] conn(0x7f18ac038630 0x7f18ac03aae0 unknown :-1 s=BANNER_CONNECTING pgs=0 cs=0 l=1 rev1=0 crypto rx=0 tx=0 comp rx=0 tx=0)._handle_peer_banner_payload supported=3 required=0
2023-11-16T18:16:40.583 INFO:teuthology.orchestra.run.smithi002.stdout:/usr/bin/ceph: stderr
2023-11-16T18:16:39.713+0000 7f18c1d9b700 1 --2- 172.21.15.2:0/3956668721 >> [v2:172.21.15.2:6800/3369431713,v1:172.21.15.2:6801/3369431713] conn(0x7f18ac038630 0x7f18ac03aae0 secure :-1 s=READY pgs=7 cs=0 l=1 rev1=1 crypto rx=0x7f18b8006fd0 tx=0x7f18b8006e40 comp rx=0 tx=0).ready entity=mgr.14152 client_cookie=0 server_cookie=0 in_seq=0 out_seq=0
2023-11-16T18:16:40.583 INFO:teuthology.orchestra.run.smithi002.stdout:/usr/bin/ceph: stderr
2023-11-16T18:16:39.717+0000 7f18b37fe700 1 -- 172.21.15.2:0/3956668721 <== mon.0 v2:172.21.15.2:3300/0 6 ==== mon_command_ack([{"prefix": "get_command_descriptions"}]=0 v0) v1 ==== 72+0+177948 (secure 0 0 0) 0x7f18b4018760 con 0x7f18c41064f0
2023-11-16T18:16:40.583 INFO:teuthology.orchestra.run.smithi002.stdout:/usr/bin/ceph: stderr
2023-11-16T18:16:40.087+0000 7f18c8e56700 1 -- 172.21.15.2:0/3956668721 --> [v2:172.21.15.2:6800/3369431713,v1:172.21.15.2:6801/3369431713] -- mgr_command(tid 0: {"prefix": "dashboard create-self-signed-cert", "target": ["mon-mgr", ""]}) v1 -- 0x7f18c4102190 con 0x7f18ac038630
2023-11-16T18:16:40.584 INFO:teuthology.orchestra.run.smithi002.stdout:/usr/bin/ceph: stderr
2023-11-16T18:16:40.177+0000 7f18b37fe700 1 -- 172.21.15.2:0/3956668721 <== mgr.14152 v2:172.21.15.2:6800/3369431713 1 ==== mgr_command_reply(tid 0: 0 ) v1 ==== 8+0+32 (secure 0 0 0) 0x7f18c4102190 con 0x7f18ac038630
2023-11-16T18:16:40.584 INFO:teuthology.orchestra.run.smithi002.stdout:/usr/bin/ceph: stderr
2023-11-16T18:16:40.179+0000 7f18c8e56700 1 -- 172.21.15.2:0/3956668721 >> [v2:172.21.15.2:6800/3369431713,v1:172.21.15.2:6801/3369431713] conn(0x7f18ac038630 msgr2=0x7f18ac03aae0 secure :-1 s=STATE_CONNECTION_ESTABLISHED l=1).mark_down
2023-11-16T18:16:40.588 INFO:teuthology.orchestra.run.smithi002.stdout:/usr/bin/ceph: stderr
2023-11-16T18:16:40.179+0000 7f18c8e56700 1 --2- 172.21.15.2:0/3956668721 >> [v2:172.21.15.2:6800/3369431713,v1:172.21.15.2:6801/3369431713] conn(0x7f18ac038630 0x7f18ac03aae0 secure :-1 s=READY pgs=7 cs=0 l=1 rev1=1 crypto rx=0x7f18b8006fd0 tx=0x7f18b8006e40 comp rx=0 tx=0).stop
2023-11-16T18:16:40.588 INFO:teuthology.orchestra.run.smithi002.stdout:/usr/bin/ceph: stderr
2023-11-16T18:16:40.179+0000 7f18c8e56700 1 -- 172.21.15.2:0/3956668721 >> [v2:172.21.15.2:3300/0,v1:172.21.15.2:6789/0] conn(0x7f18c41064f0 msgr2=0x7f18c4199790 secure :-1 s=STATE_CONNECTION_ESTABLISHED l=1).mark_down
2023-11-16T18:16:40.588 INFO:teuthology.orchestra.run.smithi002.stdout:/usr/bin/ceph: stderr
2023-11-16T18:16:40.179+0000 7f18c8e56700 1 --2- 172.21.15.2:0/3956668721 >> [v2:172.21.15.2:3300/0,v1:172.21.15.2:6789/0] conn(0x7f18c41064f0 0x7f18c4199790 secure :-1 s=READY pgs=71 cs=0 l=1 rev1=1 crypto rx=0x7f18b4011980 tx=0x7f18b4011a60 comp rx=0 tx=0).stop
2023-11-16T18:16:40.597 INFO:teuthology.orchestra.run.smithi002.stdout:/usr/bin/ceph: stderr
2023-11-16T18:16:40.179+0000 7f18c8e56700 1 -- 172.21.15.2:0/3956668721 shutdown_connections
2023-11-16T18:16:40.597 INFO:teuthology.orchestra.run.smithi002.stdout:/usr/bin/ceph: stderr
2023-11-16T18:16:40.179+0000 7f18c8e56700 1 --2- 172.21.15.2:0/3956668721 >> [v2:172.21.15.2:6800/3369431713,v1:172.21.15.2:6801/3369431713] conn(0x7f18ac038630 0x7f18ac03aae0 unknown :-1 s=CLOSED pgs=7 cs=0 l=1 rev1=1 crypto rx=0 tx=0 comp rx=0 tx=0).stop
2023-11-16T18:16:40.597 INFO:teuthology.orchestra.run.smithi002.stdout:/usr/bin/ceph: stderr
2023-11-16T18:16:40.179+0000 7f18c8e56700 1 --2- 172.21.15.2:0/3956668721 >> [v2:172.21.15.2:3300/0,v1:172.21.15.2:6789/0] conn(0x7f18c41064f0 0x7f18c4199790 unknown :-1 s=CLOSED pgs=71 cs=0 l=1 rev1=1 crypto rx=0 tx=0 comp rx=0 tx=0).stop
2023-11-16T18:16:40.598 INFO:teuthology.orchestra.run.smithi002.stdout:/usr/bin/ceph: stderr
2023-11-16T18:16:40.179+0000 7f18c8e56700 1 -- 172.21.15.2:0/3956668721 >> 172.21.15.2:0/3956668721 conn(0x7f18c40ffed0 msgr2=0x7f18c4101530 unknown :-1 s=STATE_NONE l=0).mark_down
2023-11-16T18:16:40.599 INFO:teuthology.orchestra.run.smithi002.stdout:/usr/bin/ceph: stderr
2023-11-16T18:16:40.179+0000 7f18c8e56700 1 -- 172.21.15.2:0/3956668721 shutdown_connections
2023-11-16T18:16:40.599 INFO:teuthology.orchestra.run.smithi002.stdout:/usr/bin/ceph: stderr
2023-11-16T18:16:40.179+0000 7f18c8e56700 1 -- 172.21.15.2:0/3956668721 wait complete.
2023-11-16T18:16:40.600 INFO:teuthology.orchestra.run.smithi002.stdout:Creating initial admin user...
2023-11-16T18:16:40.781 INFO:journalctl@ceph.mon.a.smithi002.stdout:Nov 16 18:16:40 smithi002 ceph-mon[98807]: [16/Nov/2023:18:16:39] ENGINE Bus STARTING
2023-11-16T18:16:40.782 INFO:journalctl@ceph.mon.a.smithi002.stdout:Nov 16 18:16:40 smithi002 ceph-mon[98807]: [16/Nov/2023:18:16:39] ENGINE Serving on http://172.21.15.2:8765
2023-11-16T18:16:40.782 INFO:journalctl@ceph.mon.a.smithi002.stdout:Nov 16 18:16:40 smithi002 ceph-mon[98807]: [16/Nov/2023:18:16:39] ENGINE Serving on https://172.21.15.2:7150
2023-11-16T18:16:40.782 INFO:journalctl@ceph.mon.a.smithi002.stdout:Nov 16 18:16:40 smithi002 ceph-mon[98807]: [16/Nov/2023:18:16:39] ENGINE Bus STARTED
2023-11-16T18:16:40.783 INFO:journalctl@ceph.mon.a.smithi002.stdout:Nov 16 18:16:40 smithi002 ceph-mon[98807]: from='mgr.14152 172.21.15.2:0/3695340816' entity='mgr.x'
2023-11-16T18:16:40.783 INFO:journalctl@ceph.mon.a.smithi002.stdout:Nov 16 18:16:40 smithi002 ceph-mon[98807]: from='mgr.14152 172.21.15.2:0/3695340816' entity='mgr.x'
2023-11-16T18:16:40.783 INFO:journalctl@ceph.mon.a.smithi002.stdout:Nov 16 18:16:40 smithi002 ceph-mon[98807]: from='mgr.14152 172.21.15.2:0/3695340816' entity='mgr.x'
2023-11-16T18:16:41.855 INFO:journalctl@ceph.mon.a.smithi002.stdout:Nov 16 18:16:41 smithi002 ceph-mon[98807]: from='client.14164 -' entity='client.admin' cmd=[{"prefix": "dashboard create-self-signed-cert", "target": ["mon-mgr", ""]}]: dispatch
2023-11-16T18:16:41.856 INFO:journalctl@ceph.mon.a.smithi002.stdout:Nov 16 18:16:41 smithi002 ceph-mon[98807]: mgrmap e12: x(active, since 2s)
2023-11-16T18:16:41.856 INFO:journalctl@ceph.mon.a.smithi002.stdout:Nov 16 18:16:41 smithi002 ceph-mon[98807]: from='mgr.14152 172.21.15.2:0/3695340816' entity='mgr.x'
2023-11-16T18:16:42.127 INFO:teuthology.orchestra.run.smithi002.stdout:/usr/bin/ceph: stdout {"username": "admin", "password": "$2b$12$iIKAUiRR3.phOSYGPhJVUuT.gd0kv8v8PEsXLFvc2bzF38tYjsw9u", "roles": ["administrator"], "name": null, "email": null, "lastUpdate": 1700158601, "enabled": true, "pwdExpirationDate": null, "pwdUpdateRequired": true}
2023-11-16T18:16:42.128 INFO:teuthology.orchestra.run.smithi002.stdout:/usr/bin/ceph: stderr
2023-11-16T18:16:41.074+0000 7fb029f4b700 1 Processor -- start
2023-11-16T18:16:42.128 INFO:teuthology.orchestra.run.smithi002.stdout:/usr/bin/ceph: stderr
2023-11-16T18:16:41.074+0000 7fb029f4b700 1 -- start start
2023-11-16T18:16:42.128 INFO:teuthology.orchestra.run.smithi002.stdout:/usr/bin/ceph: stderr
2023-11-16T18:16:41.074+0000 7fb029f4b700 1 --2- >> [v2:172.21.15.2:3300/0,v1:172.21.15.2:6789/0] conn(0x7fb0241064d0 0x7fb0241088b0 unknown :-1 s=NONE pgs=0 cs=0 l=0 rev1=0 crypto rx=0 tx=0 comp rx=0 tx=0).connect
2023-11-16T18:16:42.128 INFO:teuthology.orchestra.run.smithi002.stdout:/usr/bin/ceph: stderr
2023-11-16T18:16:41.074+0000 7fb029f4b700 1 -- --> [v2:172.21.15.2:3300/0,v1:172.21.15.2:6789/0] -- mon_getmap magic: 0 v1 -- 0x7fb024079e20 con 0x7fb0241064d0
2023-11-16T18:16:42.128 INFO:teuthology.orchestra.run.smithi002.stdout:/usr/bin/ceph: stderr
2023-11-16T18:16:41.075+0000 7fb0237fe700 1 --2- >> [v2:172.21.15.2:3300/0,v1:172.21.15.2:6789/0] conn(0x7fb0241064d0 0x7fb0241088b0 unknown :-1 s=BANNER_CONNECTING pgs=0 cs=0 l=0 rev1=0 crypto rx=0 tx=0 comp rx=0 tx=0)._handle_peer_banner_payload supported=3 required=0
2023-11-16T18:16:42.128 INFO:teuthology.orchestra.run.smithi002.stdout:/usr/bin/ceph: stderr
2023-11-16T18:16:41.075+0000 7fb0237fe700 1 --2- >> [v2:172.21.15.2:3300/0,v1:172.21.15.2:6789/0] conn(0x7fb0241064d0 0x7fb0241088b0 unknown :-1 s=HELLO_CONNECTING pgs=0 cs=0 l=0 rev1=1 crypto rx=0 tx=0 comp rx=0 tx=0).handle_hello peer v2:172.21.15.2:3300/0 says I am v2:172.21.15.2:46792/0 (socket says 172.21.15.2:46792)
2023-11-16T18:16:42.128 INFO:teuthology.orchestra.run.smithi002.stdout:/usr/bin/ceph: stderr
2023-11-16T18:16:41.075+0000 7fb0237fe700 1 -- 172.21.15.2:0/1498682984 learned_addr learned my addr 172.21.15.2:0/1498682984 (peer_addr_for_me v2:172.21.15.2:0/0)
2023-11-16T18:16:42.128 INFO:teuthology.orchestra.run.smithi002.stdout:/usr/bin/ceph: stderr
2023-11-16T18:16:41.075+0000 7fb0237fe700 1 -- 172.21.15.2:0/1498682984 --> [v2:172.21.15.2:3300/0,v1:172.21.15.2:6789/0] -- mon_subscribe({config=0+,monmap=0+}) v3 -- 0x7fb024108df0 con 0x7fb0241064d0
2023-11-16T18:16:42.128 INFO:teuthology.orchestra.run.smithi002.stdout:/usr/bin/ceph: stderr
2023-11-16T18:16:41.075+0000 7fb0237fe700 1 --2- 172.21.15.2:0/1498682984 >> [v2:172.21.15.2:3300/0,v1:172.21.15.2:6789/0] conn(0x7fb0241064d0 0x7fb0241088b0 secure :-1 s=READY pgs=72 cs=0 l=1 rev1=1 crypto rx=0x7fb0140098a0 tx=0x7fb014009bb0 comp rx=0 tx=0).ready entity=mon.0 client_cookie=6996b31ea33dae0 server_cookie=0 in_seq=0 out_seq=0
2023-11-16T18:16:42.129 INFO:teuthology.orchestra.run.smithi002.stdout:/usr/bin/ceph: stderr
2023-11-16T18:16:41.075+0000 7fb022ffd700 1 -- 172.21.15.2:0/1498682984 <== mon.0 v2:172.21.15.2:3300/0 1 ==== mon_map magic: 0 v1 ==== 205+0+0 (secure 0 0 0) 0x7fb014004160 con 0x7fb0241064d0
2023-11-16T18:16:42.129 INFO:teuthology.orchestra.run.smithi002.stdout:/usr/bin/ceph: stderr
2023-11-16T18:16:41.075+0000 7fb022ffd700 1 -- 172.21.15.2:0/1498682984 <== mon.0 v2:172.21.15.2:3300/0 2 ==== config(26 keys) v1 ==== 1105+0+0 (secure 0 0 0) 0x7fb0140042c0 con 0x7fb0241064d0
2023-11-16T18:16:42.129 INFO:teuthology.orchestra.run.smithi002.stdout:/usr/bin/ceph: stderr
2023-11-16T18:16:41.075+0000 7fb022ffd700 1 -- 172.21.15.2:0/1498682984 <== mon.0 v2:172.21.15.2:3300/0 3 ==== mon_map magic: 0 v1 ==== 205+0+0 (secure 0 0 0) 0x7fb0140119b0 con 0x7fb0241064d0
2023-11-16T18:16:42.129 INFO:teuthology.orchestra.run.smithi002.stdout:/usr/bin/ceph: stderr
2023-11-16T18:16:41.077+0000 7fb029f4b700 1 -- 172.21.15.2:0/1498682984 >> [v2:172.21.15.2:3300/0,v1:172.21.15.2:6789/0] conn(0x7fb0241064d0 msgr2=0x7fb0241088b0 secure :-1 s=STATE_CONNECTION_ESTABLISHED l=1).mark_down
2023-11-16T18:16:42.129 INFO:teuthology.orchestra.run.smithi002.stdout:/usr/bin/ceph: stderr
2023-11-16T18:16:41.077+0000 7fb029f4b700 1 --2- 172.21.15.2:0/1498682984 >> [v2:172.21.15.2:3300/0,v1:172.21.15.2:6789/0] conn(0x7fb0241064d0 0x7fb0241088b0 secure :-1 s=READY pgs=72 cs=0 l=1 rev1=1 crypto rx=0x7fb0140098a0 tx=0x7fb014009bb0 comp rx=0 tx=0).stop
2023-11-16T18:16:42.129 INFO:teuthology.orchestra.run.smithi002.stdout:/usr/bin/ceph: stderr
2023-11-16T18:16:41.077+0000 7fb029f4b700 1 -- 172.21.15.2:0/1498682984 shutdown_connections
2023-11-16T18:16:42.129 INFO:teuthology.orchestra.run.smithi002.stdout:/usr/bin/ceph: stderr
2023-11-16T18:16:41.077+0000 7fb029f4b700 1 --2- 172.21.15.2:0/1498682984 >> [v2:172.21.15.2:3300/0,v1:172.21.15.2:6789/0] conn(0x7fb0241064d0 0x7fb0241088b0 unknown :-1 s=CLOSED pgs=72 cs=0 l=1 rev1=1 crypto rx=0 tx=0 comp rx=0 tx=0).stop
2023-11-16T18:16:42.129 INFO:teuthology.orchestra.run.smithi002.stdout:/usr/bin/ceph: stderr
2023-11-16T18:16:41.077+0000 7fb029f4b700 1 -- 172.21.15.2:0/1498682984 >> 172.21.15.2:0/1498682984 conn(0x7fb0240ffed0 msgr2=0x7fb024102300 unknown :-1 s=STATE_NONE l=0).mark_down
2023-11-16T18:16:42.130 INFO:teuthology.orchestra.run.smithi002.stdout:/usr/bin/ceph: stderr
2023-11-16T18:16:41.077+0000 7fb029f4b700 1 -- 172.21.15.2:0/1498682984 shutdown_connections
2023-11-16T18:16:42.130 INFO:teuthology.orchestra.run.smithi002.stdout:/usr/bin/ceph: stderr
2023-11-16T18:16:41.077+0000 7fb029f4b700 1 -- 172.21.15.2:0/1498682984 wait complete.
2023-11-16T18:16:42.130 INFO:teuthology.orchestra.run.smithi002.stdout:/usr/bin/ceph: stderr
2023-11-16T18:16:41.077+0000 7fb029f4b700 1 Processor -- start
2023-11-16T18:16:42.130 INFO:teuthology.orchestra.run.smithi002.stdout:/usr/bin/ceph: stderr
2023-11-16T18:16:41.078+0000 7fb029f4b700 1 -- start start
2023-11-16T18:16:42.130 INFO:teuthology.orchestra.run.smithi002.stdout:/usr/bin/ceph: stderr
2023-11-16T18:16:41.078+0000 7fb029f4b700 1 --2- >> [v2:172.21.15.2:3300/0,v1:172.21.15.2:6789/0] conn(0x7fb0241064d0 0x7fb0241997a0 unknown :-1 s=NONE pgs=0 cs=0 l=1 rev1=0 crypto rx=0 tx=0 comp rx=0 tx=0).connect
2023-11-16T18:16:42.143 INFO:teuthology.orchestra.run.smithi002.stdout:/usr/bin/ceph: stderr
2023-11-16T18:16:41.078+0000 7fb029f4b700 1 -- --> [v2:172.21.15.2:3300/0,v1:172.21.15.2:6789/0] -- mon_getmap magic: 0 v1 -- 0x7fb024199ce0 con 0x7fb0241064d0
2023-11-16T18:16:42.143 INFO:teuthology.orchestra.run.smithi002.stdout:/usr/bin/ceph: stderr
2023-11-16T18:16:41.078+0000 7fb0237fe700 1 --2- >> [v2:172.21.15.2:3300/0,v1:172.21.15.2:6789/0] conn(0x7fb0241064d0 0x7fb0241997a0 unknown :-1 s=BANNER_CONNECTING pgs=0 cs=0 l=1 rev1=0 crypto rx=0 tx=0 comp rx=0 tx=0)._handle_peer_banner_payload supported=3 required=0
2023-11-16T18:16:42.143 INFO:teuthology.orchestra.run.smithi002.stdout:/usr/bin/ceph: stderr
2023-11-16T18:16:41.078+0000 7fb0237fe700 1 --2- >> [v2:172.21.15.2:3300/0,v1:172.21.15.2:6789/0] conn(0x7fb0241064d0 0x7fb0241997a0 unknown :-1 s=HELLO_CONNECTING pgs=0 cs=0 l=1 rev1=1 crypto rx=0 tx=0 comp rx=0 tx=0).handle_hello peer v2:172.21.15.2:3300/0 says I am v2:172.21.15.2:46794/0 (socket says 172.21.15.2:46794)
2023-11-16T18:16:42.143 INFO:teuthology.orchestra.run.smithi002.stdout:/usr/bin/ceph: stderr
2023-11-16T18:16:41.078+0000 7fb0237fe700 1 -- 172.21.15.2:0/3135115458 learned_addr learned my addr 172.21.15.2:0/3135115458 (peer_addr_for_me v2:172.21.15.2:0/0)
2023-11-16T18:16:42.144 INFO:teuthology.orchestra.run.smithi002.stdout:/usr/bin/ceph: stderr
2023-11-16T18:16:41.078+0000 7fb0237fe700 1 -- 172.21.15.2:0/3135115458 --> [v2:172.21.15.2:3300/0,v1:172.21.15.2:6789/0] -- mon_subscribe({config=0+,monmap=0+}) v3 -- 0x7fb014009550 con 0x7fb0241064d0
2023-11-16T18:16:42.144 INFO:teuthology.orchestra.run.smithi002.stdout:/usr/bin/ceph: stderr
2023-11-16T18:16:41.078+0000 7fb0237fe700 1 --2- 172.21.15.2:0/3135115458 >> [v2:172.21.15.2:3300/0,v1:172.21.15.2:6789/0] conn(0x7fb0241064d0 0x7fb0241997a0 secure :-1 s=READY pgs=73 cs=0 l=1 rev1=1 crypto rx=0x7fb014003e60 tx=0x7fb014011aa0 comp rx=0 tx=0).ready entity=mon.0 client_cookie=0 server_cookie=0 in_seq=0 out_seq=0
2023-11-16T18:16:42.144 INFO:teuthology.orchestra.run.smithi002.stdout:/usr/bin/ceph: stderr
2023-11-16T18:16:41.079+0000 7fb0217fa700 1 -- 172.21.15.2:0/3135115458 <== mon.0 v2:172.21.15.2:3300/0 1 ==== mon_map magic: 0 v1 ==== 205+0+0 (secure 0 0 0) 0x7fb014003970 con 0x7fb0241064d0
2023-11-16T18:16:42.144 INFO:teuthology.orchestra.run.smithi002.stdout:/usr/bin/ceph: stderr
2023-11-16T18:16:41.079+0000 7fb029f4b700 1 -- 172.21.15.2:0/3135115458 --> [v2:172.21.15.2:3300/0,v1:172.21.15.2:6789/0] -- mon_subscribe({mgrmap=0+}) v3 -- 0x7fb024109d60 con 0x7fb0241064d0
2023-11-16T18:16:42.145 INFO:teuthology.orchestra.run.smithi002.stdout:/usr/bin/ceph: stderr
2023-11-16T18:16:41.079+0000 7fb0217fa700 1 -- 172.21.15.2:0/3135115458 <== mon.0 v2:172.21.15.2:3300/0 2 ==== config(26 keys) v1 ==== 1105+0+0 (secure 0 0 0) 0x7fb014003ad0 con 0x7fb0241064d0
2023-11-16T18:16:42.145 INFO:teuthology.orchestra.run.smithi002.stdout:/usr/bin/ceph: stderr
2023-11-16T18:16:41.079+0000 7fb0217fa700 1 -- 172.21.15.2:0/3135115458 <== mon.0 v2:172.21.15.2:3300/0 3 ==== mon_map magic: 0 v1 ==== 205+0+0 (secure 0 0 0) 0x7fb0140195e0 con 0x7fb0241064d0
2023-11-16T18:16:42.145 INFO:teuthology.orchestra.run.smithi002.stdout:/usr/bin/ceph: stderr
2023-11-16T18:16:41.079+0000 7fb029f4b700 1 -- 172.21.15.2:0/3135115458 --> [v2:172.21.15.2:3300/0,v1:172.21.15.2:6789/0] -- mon_subscribe({osdmap=0}) v3 -- 0x7fb024109bd0 con 0x7fb0241064d0
2023-11-16T18:16:42.145 INFO:teuthology.orchestra.run.smithi002.stdout:/usr/bin/ceph: stderr
2023-11-16T18:16:41.080+0000 7fb0217fa700 1 -- 172.21.15.2:0/3135115458 <== mon.0 v2:172.21.15.2:3300/0 4 ==== mgrmap(e 12) v1 ==== 45496+0+0 (secure 0 0 0) 0x7fb0140198a0 con 0x7fb0241064d0
2023-11-16T18:16:42.146 INFO:teuthology.orchestra.run.smithi002.stdout:/usr/bin/ceph: stderr
2023-11-16T18:16:41.080+0000 7fb0217fa700 1 --2- 172.21.15.2:0/3135115458 >> [v2:172.21.15.2:6800/3369431713,v1:172.21.15.2:6801/3369431713] conn(0x7fb010038710 0x7fb01003abc0 unknown :-1 s=NONE pgs=0 cs=0 l=1 rev1=0 crypto rx=0 tx=0 comp rx=0 tx=0).connect
2023-11-16T18:16:42.146 INFO:teuthology.orchestra.run.smithi002.stdout:/usr/bin/ceph: stderr
2023-11-16T18:16:41.080+0000 7fb0217fa700 1 -- 172.21.15.2:0/3135115458 <== mon.0 v2:172.21.15.2:3300/0 5 ==== osd_map(3..3 src has 1..3) v4 ==== 1155+0+0 (secure 0 0 0) 0x7fb01404c9c0 con 0x7fb0241064d0
2023-11-16T18:16:42.146 INFO:teuthology.orchestra.run.smithi002.stdout:/usr/bin/ceph: stderr
2023-11-16T18:16:41.080+0000 7fb029f4b700 1 -- 172.21.15.2:0/3135115458 --> [v2:172.21.15.2:3300/0,v1:172.21.15.2:6789/0] -- mon_command({"prefix": "get_command_descriptions"} v 0) v1 -- 0x7fb024109ef0 con 0x7fb0241064d0
2023-11-16T18:16:42.147 INFO:teuthology.orchestra.run.smithi002.stdout:/usr/bin/ceph: stderr
2023-11-16T18:16:41.080+0000 7fb01bfff700 1 --2- 172.21.15.2:0/3135115458 >> [v2:172.21.15.2:6800/3369431713,v1:172.21.15.2:6801/3369431713] conn(0x7fb010038710 0x7fb01003abc0 unknown :-1 s=BANNER_CONNECTING pgs=0 cs=0 l=1 rev1=0 crypto rx=0 tx=0 comp rx=0 tx=0)._handle_peer_banner_payload supported=3 required=0
2023-11-16T18:16:42.147 INFO:teuthology.orchestra.run.smithi002.stdout:/usr/bin/ceph: stderr
2023-11-16T18:16:41.081+0000 7fb01bfff700 1 --2- 172.21.15.2:0/3135115458 >> [v2:172.21.15.2:6800/3369431713,v1:172.21.15.2:6801/3369431713] conn(0x7fb010038710 0x7fb01003abc0 secure :-1 s=READY pgs=8 cs=0 l=1 rev1=1 crypto rx=0x7fb00c006fd0 tx=0x7fb00c006e40 comp rx=0 tx=0).ready entity=mgr.14152 client_cookie=0 server_cookie=0 in_seq=0 out_seq=0
2023-11-16T18:16:42.147 INFO:teuthology.orchestra.run.smithi002.stdout:/usr/bin/ceph: stderr
2023-11-16T18:16:41.089+0000 7fb0217fa700 1 -- 172.21.15.2:0/3135115458 <== mon.0 v2:172.21.15.2:3300/0 6 ==== mon_command_ack([{"prefix": "get_command_descriptions"}]=0 v0) v1 ==== 72+0+177948 (secure 0 0 0) 0x7fb014019bf0 con 0x7fb0241064d0
2023-11-16T18:16:42.148 INFO:teuthology.orchestra.run.smithi002.stdout:/usr/bin/ceph: stderr
2023-11-16T18:16:41.493+0000 7fb029f4b700 1 -- 172.21.15.2:0/3135115458 --> [v2:172.21.15.2:6800/3369431713,v1:172.21.15.2:6801/3369431713] -- mgr_command(tid 0: {"prefix": "dashboard ac-user-create", "username": "admin", "rolename": "administrator", "force_password": true, "pwd_update_required": true, "target": ["mon-mgr", ""]}) v1 -- 0x7fb024061f40 con 0x7fb010038710
2023-11-16T18:16:42.148 INFO:teuthology.orchestra.run.smithi002.stdout:/usr/bin/ceph: stderr
2023-11-16T18:16:41.747+0000 7fb0217fa700 1 -- 172.21.15.2:0/3135115458 <== mgr.14152 v2:172.21.15.2:6800/3369431713 1 ==== mgr_command_reply(tid 0: 0 ) v1 ==== 8+0+252 (secure 0 0 0) 0x7fb024061f40 con 0x7fb010038710
2023-11-16T18:16:42.148 INFO:teuthology.orchestra.run.smithi002.stdout:/usr/bin/ceph: stderr
2023-11-16T18:16:41.749+0000 7fb029f4b700 1 -- 172.21.15.2:0/3135115458 >> [v2:172.21.15.2:6800/3369431713,v1:172.21.15.2:6801/3369431713] conn(0x7fb010038710 msgr2=0x7fb01003abc0 secure :-1 s=STATE_CONNECTION_ESTABLISHED l=1).mark_down
2023-11-16T18:16:42.148 INFO:teuthology.orchestra.run.smithi002.stdout:/usr/bin/ceph: stderr
2023-11-16T18:16:41.749+0000 7fb029f4b700 1 --2- 172.21.15.2:0/3135115458 >> [v2:172.21.15.2:6800/3369431713,v1:172.21.15.2:6801/3369431713] conn(0x7fb010038710 0x7fb01003abc0 secure :-1 s=READY pgs=8 cs=0 l=1 rev1=1 crypto rx=0x7fb00c006fd0 tx=0x7fb00c006e40 comp rx=0 tx=0).stop
2023-11-16T18:16:42.149 INFO:teuthology.orchestra.run.smithi002.stdout:/usr/bin/ceph: stderr
2023-11-16T18:16:41.749+0000 7fb029f4b700 1 -- 172.21.15.2:0/3135115458 >> [v2:172.21.15.2:3300/0,v1:172.21.15.2:6789/0] conn(0x7fb0241064d0 msgr2=0x7fb0241997a0 secure :-1 s=STATE_CONNECTION_ESTABLISHED l=1).mark_down
2023-11-16T18:16:42.149 INFO:teuthology.orchestra.run.smithi002.stdout:/usr/bin/ceph: stderr
2023-11-16T18:16:41.749+0000 7fb029f4b700 1 --2- 172.21.15.2:0/3135115458 >> [v2:172.21.15.2:3300/0,v1:172.21.15.2:6789/0] conn(0x7fb0241064d0 0x7fb0241997a0 secure :-1 s=READY pgs=73 cs=0 l=1 rev1=1 crypto rx=0x7fb014003e60 tx=0x7fb014011aa0 comp rx=0 tx=0).stop
2023-11-16T18:16:42.149 INFO:teuthology.orchestra.run.smithi002.stdout:/usr/bin/ceph: stderr
2023-11-16T18:16:41.750+0000 7fb029f4b700 1 -- 172.21.15.2:0/3135115458 shutdown_connections
2023-11-16T18:16:42.150 INFO:teuthology.orchestra.run.smithi002.stdout:/usr/bin/ceph: stderr
2023-11-16T18:16:41.750+0000 7fb029f4b700 1 --2- 172.21.15.2:0/3135115458 >> [v2:172.21.15.2:6800/3369431713,v1:172.21.15.2:6801/3369431713] conn(0x7fb010038710 0x7fb01003abc0 unknown :-1 s=CLOSED pgs=8 cs=0 l=1 rev1=1 crypto rx=0 tx=0 comp rx=0 tx=0).stop
2023-11-16T18:16:42.150 INFO:teuthology.orchestra.run.smithi002.stdout:/usr/bin/ceph: stderr
2023-11-16T18:16:41.750+0000 7fb029f4b700 1 --2- 172.21.15.2:0/3135115458 >> [v2:172.21.15.2:3300/0,v1:172.21.15.2:6789/0] conn(0x7fb0241064d0 0x7fb0241997a0 unknown :-1 s=CLOSED pgs=73 cs=0 l=1 rev1=1 crypto rx=0 tx=0 comp rx=0 tx=0).stop
2023-11-16T18:16:42.150 INFO:teuthology.orchestra.run.smithi002.stdout:/usr/bin/ceph: stderr
2023-11-16T18:16:41.750+0000 7fb029f4b700 1 -- 172.21.15.2:0/3135115458 >> 172.21.15.2:0/3135115458 conn(0x7fb0240ffed0 msgr2=0x7fb0241015a0 unknown :-1 s=STATE_NONE l=0).mark_down
2023-11-16T18:16:42.151 INFO:teuthology.orchestra.run.smithi002.stdout:/usr/bin/ceph: stderr
2023-11-16T18:16:41.750+0000 7fb029f4b700 1 -- 172.21.15.2:0/3135115458 shutdown_connections
2023-11-16T18:16:42.151 INFO:teuthology.orchestra.run.smithi002.stdout:/usr/bin/ceph: stderr
2023-11-16T18:16:41.750+0000 7fb029f4b700 1 -- 172.21.15.2:0/3135115458 wait complete.
2023-11-16T18:16:42.152 INFO:teuthology.orchestra.run.smithi002.stdout:Fetching dashboard port number...
2023-11-16T18:16:43.105 INFO:journalctl@ceph.mon.a.smithi002.stdout:Nov 16 18:16:42 smithi002 ceph-mon[98807]: from='client.14166 -' entity='client.admin' cmd=[{"prefix": "dashboard ac-user-create", "username": "admin", "rolename": "administrator", "force_password": true, "pwd_update_required": true, "target": ["mon-mgr", ""]}]: dispatch
2023-11-16T18:16:43.106 INFO:journalctl@ceph.mon.a.smithi002.stdout:Nov 16 18:16:42 smithi002 ceph-mon[98807]: from='mgr.14152 172.21.15.2:0/3695340816' entity='mgr.x'
2023-11-16T18:16:43.423 INFO:teuthology.orchestra.run.smithi002.stdout:/usr/bin/ceph: stdout 8443
2023-11-16T18:16:43.424 INFO:teuthology.orchestra.run.smithi002.stdout:/usr/bin/ceph: stderr
2023-11-16T18:16:42.734+0000 7fb5fd72e700 1 Processor -- start
2023-11-16T18:16:43.424 INFO:teuthology.orchestra.run.smithi002.stdout:/usr/bin/ceph: stderr
2023-11-16T18:16:42.734+0000 7fb5fd72e700 1 -- start start
2023-11-16T18:16:43.424 INFO:teuthology.orchestra.run.smithi002.stdout:/usr/bin/ceph: stderr
2023-11-16T18:16:42.735+0000 7fb5fd72e700 1 --2- >> [v2:172.21.15.2:3300/0,v1:172.21.15.2:6789/0] conn(0x7fb5f81064d0 0x7fb5f81088b0 unknown :-1 s=NONE pgs=0 cs=0 l=0 rev1=0 crypto rx=0 tx=0 comp rx=0 tx=0).connect
2023-11-16T18:16:43.425 INFO:teuthology.orchestra.run.smithi002.stdout:/usr/bin/ceph: stderr
2023-11-16T18:16:42.735+0000 7fb5fd72e700 1 -- --> [v2:172.21.15.2:3300/0,v1:172.21.15.2:6789/0] -- mon_getmap magic: 0 v1 -- 0x7fb5f8079e20 con 0x7fb5f81064d0
2023-11-16T18:16:43.425 INFO:teuthology.orchestra.run.smithi002.stdout:/usr/bin/ceph: stderr
2023-11-16T18:16:42.735+0000 7fb5f6ffd700 1 --2- >> [v2:172.21.15.2:3300/0,v1:172.21.15.2:6789/0] conn(0x7fb5f81064d0 0x7fb5f81088b0 unknown :-1 s=BANNER_CONNECTING pgs=0 cs=0 l=0 rev1=0 crypto rx=0 tx=0 comp rx=0 tx=0)._handle_peer_banner_payload supported=3 required=0
2023-11-16T18:16:43.425 INFO:teuthology.orchestra.run.smithi002.stdout:/usr/bin/ceph: stderr
2023-11-16T18:16:42.735+0000 7fb5f6ffd700 1 --2- >> [v2:172.21.15.2:3300/0,v1:172.21.15.2:6789/0] conn(0x7fb5f81064d0 0x7fb5f81088b0 unknown :-1 s=HELLO_CONNECTING pgs=0 cs=0 l=0 rev1=1 crypto rx=0 tx=0 comp rx=0 tx=0).handle_hello peer v2:172.21.15.2:3300/0 says I am v2:172.21.15.2:46798/0 (socket says 172.21.15.2:46798)
2023-11-16T18:16:43.425 INFO:teuthology.orchestra.run.smithi002.stdout:/usr/bin/ceph: stderr
2023-11-16T18:16:42.735+0000 7fb5f6ffd700 1 -- 172.21.15.2:0/1462571462 learned_addr learned my addr 172.21.15.2:0/1462571462 (peer_addr_for_me v2:172.21.15.2:0/0)
2023-11-16T18:16:43.426 INFO:teuthology.orchestra.run.smithi002.stdout:/usr/bin/ceph: stderr
2023-11-16T18:16:42.735+0000 7fb5f6ffd700 1 -- 172.21.15.2:0/1462571462 --> [v2:172.21.15.2:3300/0,v1:172.21.15.2:6789/0] -- mon_subscribe({config=0+,monmap=0+}) v3 -- 0x7fb5f8108df0 con 0x7fb5f81064d0
2023-11-16T18:16:43.426 INFO:teuthology.orchestra.run.smithi002.stdout:/usr/bin/ceph: stderr
2023-11-16T18:16:42.735+0000 7fb5f6ffd700 1 --2- 172.21.15.2:0/1462571462 >> [v2:172.21.15.2:3300/0,v1:172.21.15.2:6789/0] conn(0x7fb5f81064d0 0x7fb5f81088b0 secure :-1 s=READY pgs=74 cs=0 l=1 rev1=1 crypto rx=0x7fb5f00098a0 tx=0x7fb5f0009bb0 comp rx=0 tx=0).ready entity=mon.0 client_cookie=cda6b4a7c0a71df server_cookie=0 in_seq=0 out_seq=0
2023-11-16T18:16:43.426 INFO:teuthology.orchestra.run.smithi002.stdout:/usr/bin/ceph: stderr
2023-11-16T18:16:42.735+0000 7fb5f5ffb700 1 -- 172.21.15.2:0/1462571462 <== mon.0 v2:172.21.15.2:3300/0 1 ==== mon_map magic: 0 v1 ==== 205+0+0 (secure 0 0 0) 0x7fb5f0004160 con 0x7fb5f81064d0
2023-11-16T18:16:43.427 INFO:teuthology.orchestra.run.smithi002.stdout:/usr/bin/ceph: stderr
2023-11-16T18:16:42.736+0000 7fb5f5ffb700 1 -- 172.21.15.2:0/1462571462 <== mon.0 v2:172.21.15.2:3300/0 2 ==== config(26 keys) v1 ==== 1105+0+0 (secure 0 0 0) 0x7fb5f00042c0 con 0x7fb5f81064d0
2023-11-16T18:16:43.427 INFO:teuthology.orchestra.run.smithi002.stdout:/usr/bin/ceph: stderr
2023-11-16T18:16:42.736+0000 7fb5f5ffb700 1 -- 172.21.15.2:0/1462571462 <== mon.0 v2:172.21.15.2:3300/0 3 ==== mon_map magic: 0 v1 ==== 205+0+0 (secure 0 0 0) 0x7fb5f00119b0 con 0x7fb5f81064d0
2023-11-16T18:16:43.435 INFO:teuthology.orchestra.run.smithi002.stdout:/usr/bin/ceph: stderr
2023-11-16T18:16:42.736+0000 7fb5fd72e700 1 -- 172.21.15.2:0/1462571462 >> [v2:172.21.15.2:3300/0,v1:172.21.15.2:6789/0] conn(0x7fb5f81064d0 msgr2=0x7fb5f81088b0 secure :-1 s=STATE_CONNECTION_ESTABLISHED l=1).mark_down
2023-11-16T18:16:43.436 INFO:teuthology.orchestra.run.smithi002.stdout:/usr/bin/ceph: stderr
2023-11-16T18:16:42.736+0000 7fb5fd72e700 1 --2- 172.21.15.2:0/1462571462 >> [v2:172.21.15.2:3300/0,v1:172.21.15.2:6789/0] conn(0x7fb5f81064d0 0x7fb5f81088b0 secure :-1 s=READY pgs=74 cs=0 l=1 rev1=1 crypto rx=0x7fb5f00098a0 tx=0x7fb5f0009bb0 comp rx=0 tx=0).stop
2023-11-16T18:16:43.436 INFO:teuthology.orchestra.run.smithi002.stdout:/usr/bin/ceph: stderr
2023-11-16T18:16:42.736+0000 7fb5fd72e700 1 -- 172.21.15.2:0/1462571462 shutdown_connections
2023-11-16T18:16:43.436 INFO:teuthology.orchestra.run.smithi002.stdout:/usr/bin/ceph: stderr
2023-11-16T18:16:42.736+0000 7fb5fd72e700 1 --2- 172.21.15.2:0/1462571462 >> [v2:172.21.15.2:3300/0,v1:172.21.15.2:6789/0] conn(0x7fb5f81064d0 0x7fb5f81088b0 unknown :-1 s=CLOSED pgs=74 cs=0 l=1 rev1=1 crypto rx=0 tx=0 comp rx=0 tx=0).stop
2023-11-16T18:16:43.436 INFO:teuthology.orchestra.run.smithi002.stdout:/usr/bin/ceph: stderr
2023-11-16T18:16:42.736+0000 7fb5fd72e700 1 -- 172.21.15.2:0/1462571462 >> 172.21.15.2:0/1462571462 conn(0x7fb5f80ffed0 msgr2=0x7fb5f8102300 unknown :-1 s=STATE_NONE l=0).mark_down
2023-11-16T18:16:43.437 INFO:teuthology.orchestra.run.smithi002.stdout:/usr/bin/ceph: stderr
2023-11-16T18:16:42.736+0000 7fb5fd72e700 1 -- 172.21.15.2:0/1462571462 shutdown_connections
2023-11-16T18:16:43.437 INFO:teuthology.orchestra.run.smithi002.stdout:/usr/bin/ceph: stderr
2023-11-16T18:16:42.736+0000 7fb5fd72e700 1 -- 172.21.15.2:0/1462571462 wait complete.
2023-11-16T18:16:43.437 INFO:teuthology.orchestra.run.smithi002.stdout:/usr/bin/ceph: stderr
2023-11-16T18:16:42.737+0000 7fb5fd72e700 1 Processor -- start
2023-11-16T18:16:43.438 INFO:teuthology.orchestra.run.smithi002.stdout:/usr/bin/ceph: stderr
2023-11-16T18:16:42.737+0000 7fb5fd72e700 1 -- start start
2023-11-16T18:16:43.438 INFO:teuthology.orchestra.run.smithi002.stdout:/usr/bin/ceph: stderr
2023-11-16T18:16:42.737+0000 7fb5fd72e700 1 --2- >> [v2:172.21.15.2:3300/0,v1:172.21.15.2:6789/0] conn(0x7fb5f81064d0 0x7fb5f8105e30 unknown :-1 s=NONE pgs=0 cs=0 l=1 rev1=0 crypto rx=0 tx=0 comp rx=0 tx=0).connect
2023-11-16T18:16:43.438 INFO:teuthology.orchestra.run.smithi002.stdout:/usr/bin/ceph: stderr
2023-11-16T18:16:42.737+0000 7fb5fd72e700 1 -- --> [v2:172.21.15.2:3300/0,v1:172.21.15.2:6789/0] -- mon_getmap magic: 0 v1 -- 0x7fb5f8106370 con 0x7fb5f81064d0
2023-11-16T18:16:43.438 INFO:teuthology.orchestra.run.smithi002.stdout:/usr/bin/ceph: stderr
2023-11-16T18:16:42.737+0000 7fb5f6ffd700 1 --2- >> [v2:172.21.15.2:3300/0,v1:172.21.15.2:6789/0] conn(0x7fb5f81064d0 0x7fb5f8105e30 unknown :-1 s=BANNER_CONNECTING pgs=0 cs=0 l=1 rev1=0 crypto rx=0 tx=0 comp rx=0 tx=0)._handle_peer_banner_payload supported=3 required=0
2023-11-16T18:16:43.439 INFO:teuthology.orchestra.run.smithi002.stdout:/usr/bin/ceph: stderr
2023-11-16T18:16:42.737+0000 7fb5f6ffd700 1 --2- >> [v2:172.21.15.2:3300/0,v1:172.21.15.2:6789/0] conn(0x7fb5f81064d0 0x7fb5f8105e30 unknown :-1 s=HELLO_CONNECTING pgs=0 cs=0 l=1 rev1=1 crypto rx=0 tx=0 comp rx=0 tx=0).handle_hello peer v2:172.21.15.2:3300/0 says I am v2:172.21.15.2:46800/0 (socket says 172.21.15.2:46800)
2023-11-16T18:16:43.439 INFO:teuthology.orchestra.run.smithi002.stdout:/usr/bin/ceph: stderr
2023-11-16T18:16:42.737+0000 7fb5f6ffd700 1 -- 172.21.15.2:0/1049117804 learned_addr learned my addr 172.21.15.2:0/1049117804 (peer_addr_for_me v2:172.21.15.2:0/0)
2023-11-16T18:16:43.439 INFO:teuthology.orchestra.run.smithi002.stdout:/usr/bin/ceph: stderr
2023-11-16T18:16:42.738+0000 7fb5f6ffd700 1 -- 172.21.15.2:0/1049117804 --> [v2:172.21.15.2:3300/0,v1:172.21.15.2:6789/0] -- mon_subscribe({config=0+,monmap=0+}) v3 -- 0x7fb5f0009550 con 0x7fb5f81064d0
2023-11-16T18:16:43.440 INFO:teuthology.orchestra.run.smithi002.stdout:/usr/bin/ceph: stderr
2023-11-16T18:16:42.738+0000 7fb5f6ffd700 1 --2- 172.21.15.2:0/1049117804 >> [v2:172.21.15.2:3300/0,v1:172.21.15.2:6789/0] conn(0x7fb5f81064d0 0x7fb5f8105e30 secure :-1 s=READY pgs=75 cs=0 l=1 rev1=1 crypto rx=0x7fb5f0003e60 tx=0x7fb5f0011aa0 comp rx=0 tx=0).ready entity=mon.0 client_cookie=0 server_cookie=0 in_seq=0 out_seq=0
2023-11-16T18:16:43.440 INFO:teuthology.orchestra.run.smithi002.stdout:/usr/bin/ceph: stderr
2023-11-16T18:16:42.738+0000 7fb5effff700 1 -- 172.21.15.2:0/1049117804 <== mon.0 v2:172.21.15.2:3300/0 1 ==== mon_map magic: 0 v1 ==== 205+0+0 (secure 0 0 0) 0x7fb5f0003970 con 0x7fb5f81064d0
2023-11-16T18:16:43.440 INFO:teuthology.orchestra.run.smithi002.stdout:/usr/bin/ceph: stderr
2023-11-16T18:16:42.738+0000 7fb5effff700 1 -- 172.21.15.2:0/1049117804 <== mon.0 v2:172.21.15.2:3300/0 2 ==== config(26 keys) v1 ==== 1105+0+0 (secure 0 0 0) 0x7fb5f0003ad0 con 0x7fb5f81064d0
2023-11-16T18:16:43.441 INFO:teuthology.orchestra.run.smithi002.stdout:/usr/bin/ceph: stderr
2023-11-16T18:16:42.738+0000 7fb5effff700 1 -- 172.21.15.2:0/1049117804 <== mon.0 v2:172.21.15.2:3300/0 3 ==== mon_map magic: 0 v1 ==== 205+0+0 (secure 0 0 0) 0x7fb5f00195e0 con 0x7fb5f81064d0
2023-11-16T18:16:43.443 INFO:teuthology.orchestra.run.smithi002.stdout:/usr/bin/ceph: stderr
2023-11-16T18:16:42.738+0000 7fb5fd72e700 1 -- 172.21.15.2:0/1049117804 --> [v2:172.21.15.2:3300/0,v1:172.21.15.2:6789/0] -- mon_subscribe({mgrmap=0+}) v3 -- 0x7fb5f8109d60 con 0x7fb5f81064d0
2023-11-16T18:16:43.445 INFO:teuthology.orchestra.run.smithi002.stdout:/usr/bin/ceph: stderr
2023-11-16T18:16:42.738+0000 7fb5fd72e700 1 -- 172.21.15.2:0/1049117804 --> [v2:172.21.15.2:3300/0,v1:172.21.15.2:6789/0] -- mon_subscribe({osdmap=0}) v3 -- 0x7fb5f8109bd0 con 0x7fb5f81064d0
2023-11-16T18:16:43.445 INFO:teuthology.orchestra.run.smithi002.stdout:/usr/bin/ceph: stderr
2023-11-16T18:16:42.739+0000 7fb5effff700 1 -- 172.21.15.2:0/1049117804 <== mon.0 v2:172.21.15.2:3300/0 4 ==== mgrmap(e 12) v1 ==== 45496+0+0 (secure 0 0 0) 0x7fb5f001a430 con 0x7fb5f81064d0
2023-11-16T18:16:43.445 INFO:teuthology.orchestra.run.smithi002.stdout:/usr/bin/ceph: stderr
2023-11-16T18:16:42.739+0000 7fb5fd72e700 1 -- 172.21.15.2:0/1049117804 --> [v2:172.21.15.2:3300/0,v1:172.21.15.2:6789/0] -- mon_command({"prefix": "get_command_descriptions"} v 0) v1 -- 0x7fb5f8062120 con 0x7fb5f81064d0
2023-11-16T18:16:43.446 INFO:teuthology.orchestra.run.smithi002.stdout:/usr/bin/ceph: stderr
2023-11-16T18:16:42.739+0000 7fb5effff700 1 --2- 172.21.15.2:0/1049117804 >> [v2:172.21.15.2:6800/3369431713,v1:172.21.15.2:6801/3369431713] conn(0x7fb5e4038760 0x7fb5e403ac10 unknown :-1 s=NONE pgs=0 cs=0 l=1 rev1=0 crypto rx=0 tx=0 comp rx=0 tx=0).connect
2023-11-16T18:16:43.447 INFO:teuthology.orchestra.run.smithi002.stdout:/usr/bin/ceph: stderr
2023-11-16T18:16:42.739+0000 7fb5effff700 1 -- 172.21.15.2:0/1049117804 <== mon.0 v2:172.21.15.2:3300/0 5 ==== osd_map(3..3 src has 1..3) v4 ==== 1155+0+0 (secure 0 0 0) 0x7fb5f004c940 con 0x7fb5f81064d0
2023-11-16T18:16:43.447 INFO:teuthology.orchestra.run.smithi002.stdout:/usr/bin/ceph: stderr
2023-11-16T18:16:42.740+0000 7fb5f67fc700 1 --2- 172.21.15.2:0/1049117804 >> [v2:172.21.15.2:6800/3369431713,v1:172.21.15.2:6801/3369431713] conn(0x7fb5e4038760 0x7fb5e403ac10 unknown :-1 s=BANNER_CONNECTING pgs=0 cs=0 l=1 rev1=0 crypto rx=0 tx=0 comp rx=0 tx=0)._handle_peer_banner_payload supported=3 required=0
2023-11-16T18:16:43.447 INFO:teuthology.orchestra.run.smithi002.stdout:/usr/bin/ceph: stderr
2023-11-16T18:16:42.740+0000 7fb5f67fc700 1 --2- 172.21.15.2:0/1049117804 >> [v2:172.21.15.2:6800/3369431713,v1:172.21.15.2:6801/3369431713] conn(0x7fb5e4038760 0x7fb5e403ac10 secure :-1 s=READY pgs=9 cs=0 l=1 rev1=1 crypto rx=0x7fb5e0006fd0 tx=0x7fb5e0006e40 comp rx=0 tx=0).ready entity=mgr.14152 client_cookie=0 server_cookie=0 in_seq=0 out_seq=0
2023-11-16T18:16:43.448 INFO:teuthology.orchestra.run.smithi002.stdout:/usr/bin/ceph: stderr
2023-11-16T18:16:42.746+0000 7fb5effff700 1 -- 172.21.15.2:0/1049117804 <== mon.0 v2:172.21.15.2:3300/0 6 ==== mon_command_ack([{"prefix": "get_command_descriptions"}]=0 v0) v1 ==== 72+0+177948 (secure 0 0 0) 0x7fb5f0003c40 con 0x7fb5f81064d0
2023-11-16T18:16:43.448 INFO:teuthology.orchestra.run.smithi002.stdout:/usr/bin/ceph: stderr
2023-11-16T18:16:43.110+0000 7fb5fd72e700 1 -- 172.21.15.2:0/1049117804 --> [v2:172.21.15.2:3300/0,v1:172.21.15.2:6789/0] -- mon_command({"prefix": "config get", "who": "mgr", "key": "mgr/dashboard/ssl_server_port"} v 0) v1 -- 0x7fb5f8104be0 con 0x7fb5f81064d0
2023-11-16T18:16:43.448 INFO:teuthology.orchestra.run.smithi002.stdout:/usr/bin/ceph: stderr
2023-11-16T18:16:43.110+0000 7fb5effff700 1 -- 172.21.15.2:0/1049117804 <== mon.0 v2:172.21.15.2:3300/0 7 ==== mon_command_ack([{"prefix": "config get", "who": "mgr", "key": "mgr/dashboard/ssl_server_port"}]=0 v8) v1 ==== 112+0+5 (secure 0 0 0) 0x7fb5f0023b80 con 0x7fb5f81064d0
2023-11-16T18:16:43.448 INFO:teuthology.orchestra.run.smithi002.stdout:/usr/bin/ceph: stderr
