2023-11-16T18:16:06.054+0000 7f9850ff9700 1 -- 172.21.15.2:0/1243987617 <== mon.0 v2:172.21.15.2:3300/0 4 ==== mgrmap(e 5) v1 ==== 45483+0+0 (secure 0 0 0) 0x7f98440198c0 con 0x7f9854104300
2023-11-16T18:16:06.857 INFO:teuthology.orchestra.run.smithi002.stdout:/usr/bin/ceph: stderr
2023-11-16T18:16:06.054+0000 7f9859cc2700 1 -- 172.21.15.2:0/1243987617 --> [v2:172.21.15.2:3300/0,v1:172.21.15.2:6789/0] -- mon_command({"prefix": "get_command_descriptions"} v 0) v1 -- 0x7f9854195250 con 0x7f9854104300
2023-11-16T18:16:06.857 INFO:teuthology.orchestra.run.smithi002.stdout:/usr/bin/ceph: stderr
2023-11-16T18:16:06.054+0000 7f9850ff9700 1 --2- 172.21.15.2:0/1243987617 >> [v2:172.21.15.2:6800/1609662822,v1:172.21.15.2:6801/1609662822] conn(0x7f983c038710 0x7f983c03abc0 unknown :-1 s=NONE pgs=0 cs=0 l=1 rev1=0 crypto rx=0 tx=0 comp rx=0 tx=0).connect
2023-11-16T18:16:06.857 INFO:teuthology.orchestra.run.smithi002.stdout:/usr/bin/ceph: stderr
2023-11-16T18:16:06.054+0000 7f9852ffd700 1 -- 172.21.15.2:0/1243987617 >> [v2:172.21.15.2:6800/1609662822,v1:172.21.15.2:6801/1609662822] conn(0x7f983c038710 msgr2=0x7f983c03abc0 unknown :-1 s=STATE_CONNECTING_RE l=1).process reconnect failed to v2:172.21.15.2:6800/1609662822
2023-11-16T18:16:06.857 INFO:teuthology.orchestra.run.smithi002.stdout:/usr/bin/ceph: stderr
2023-11-16T18:16:06.054+0000 7f9850ff9700 1 -- 172.21.15.2:0/1243987617 <== mon.0 v2:172.21.15.2:3300/0 5 ==== osd_map(1..1 src has 1..1) v4 ==== 725+0+0 (secure 0 0 0) 0x7f984404c4b0 con 0x7f9854104300
2023-11-16T18:16:06.858 INFO:teuthology.orchestra.run.smithi002.stdout:/usr/bin/ceph: stderr
2023-11-16T18:16:06.054+0000 7f9852ffd700 1 --2- 172.21.15.2:0/1243987617 >> [v2:172.21.15.2:6800/1609662822,v1:172.21.15.2:6801/1609662822] conn(0x7f983c038710 0x7f983c03abc0 unknown :-1 s=START_CONNECT pgs=0 cs=0 l=1 rev1=0 crypto rx=0 tx=0 comp rx=0 tx=0)._fault waiting 0.200000
2023-11-16T18:16:06.858 INFO:teuthology.orchestra.run.smithi002.stdout:/usr/bin/ceph: stderr
2023-11-16T18:16:06.059+0000 7f9850ff9700 1 -- 172.21.15.2:0/1243987617 <== mon.0 v2:172.21.15.2:3300/0 6 ==== mon_command_ack([{"prefix": "get_command_descriptions"}]=0 v0) v1 ==== 72+0+177948 (secure 0 0 0) 0x7f984402d440 con 0x7f9854104300
2023-11-16T18:16:06.858 INFO:teuthology.orchestra.run.smithi002.stdout:/usr/bin/ceph: stderr
2023-11-16T18:16:06.255+0000 7f9852ffd700 1 -- 172.21.15.2:0/1243987617 >> [v2:172.21.15.2:6800/1609662822,v1:172.21.15.2:6801/1609662822] conn(0x7f983c038710 msgr2=0x7f983c03abc0 unknown :-1 s=STATE_CONNECTING_RE l=1).process reconnect failed to v2:172.21.15.2:6800/1609662822
2023-11-16T18:16:06.858 INFO:teuthology.orchestra.run.smithi002.stdout:/usr/bin/ceph: stderr
2023-11-16T18:16:06.255+0000 7f9852ffd700 1 --2- 172.21.15.2:0/1243987617 >> [v2:172.21.15.2:6800/1609662822,v1:172.21.15.2:6801/1609662822] conn(0x7f983c038710 0x7f983c03abc0 unknown :-1 s=START_CONNECT pgs=0 cs=0 l=1 rev1=0 crypto rx=0 tx=0 comp rx=0 tx=0)._fault waiting 0.400000
2023-11-16T18:16:06.858 INFO:teuthology.orchestra.run.smithi002.stdout:/usr/bin/ceph: stderr
2023-11-16T18:16:06.525+0000 7f9859cc2700 1 -- 172.21.15.2:0/1243987617 --> [v2:172.21.15.2:3300/0,v1:172.21.15.2:6789/0] -- mon_command({"prefix": "mgr stat"} v 0) v1 -- 0x7f985402cfe0 con 0x7f9854104300
2023-11-16T18:16:06.858 INFO:teuthology.orchestra.run.smithi002.stdout:/usr/bin/ceph: stderr
2023-11-16T18:16:06.526+0000 7f9850ff9700 1 -- 172.21.15.2:0/1243987617 <== mon.0 v2:172.21.15.2:3300/0 7 ==== mon_command_ack([{"prefix": "mgr stat"}]=0 v5) v1 ==== 56+0+88 (secure 0 0 0) 0x7f9844018350 con 0x7f9854104300
2023-11-16T18:16:06.858 INFO:teuthology.orchestra.run.smithi002.stdout:/usr/bin/ceph: stderr
2023-11-16T18:16:06.528+0000 7f9859cc2700 1 -- 172.21.15.2:0/1243987617 >> [v2:172.21.15.2:6800/1609662822,v1:172.21.15.2:6801/1609662822] conn(0x7f983c038710 msgr2=0x7f983c03abc0 unknown :-1 s=STATE_CONNECTING l=1).mark_down
2023-11-16T18:16:06.858 INFO:teuthology.orchestra.run.smithi002.stdout:/usr/bin/ceph: stderr
2023-11-16T18:16:06.528+0000 7f9859cc2700 1 --2- 172.21.15.2:0/1243987617 >> [v2:172.21.15.2:6800/1609662822,v1:172.21.15.2:6801/1609662822] conn(0x7f983c038710 0x7f983c03abc0 unknown :-1 s=START_CONNECT pgs=0 cs=0 l=1 rev1=0 crypto rx=0 tx=0 comp rx=0 tx=0).stop
2023-11-16T18:16:06.858 INFO:teuthology.orchestra.run.smithi002.stdout:/usr/bin/ceph: stderr
2023-11-16T18:16:06.528+0000 7f9859cc2700 1 -- 172.21.15.2:0/1243987617 >> [v2:172.21.15.2:3300/0,v1:172.21.15.2:6789/0] conn(0x7f9854104300 msgr2=0x7f985419b9a0 secure :-1 s=STATE_CONNECTION_ESTABLISHED l=1).mark_down
2023-11-16T18:16:06.858 INFO:teuthology.orchestra.run.smithi002.stdout:/usr/bin/ceph: stderr
2023-11-16T18:16:06.528+0000 7f9859cc2700 1 --2- 172.21.15.2:0/1243987617 >> [v2:172.21.15.2:3300/0,v1:172.21.15.2:6789/0] conn(0x7f9854104300 0x7f985419b9a0 secure :-1 s=READY pgs=27 cs=0 l=1 rev1=1 crypto rx=0x7f9844009fb0 tx=0x7f9844011ad0 comp rx=0 tx=0).stop
2023-11-16T18:16:06.858 INFO:teuthology.orchestra.run.smithi002.stdout:/usr/bin/ceph: stderr
2023-11-16T18:16:06.528+0000 7f9859cc2700 1 -- 172.21.15.2:0/1243987617 shutdown_connections
2023-11-16T18:16:06.858 INFO:teuthology.orchestra.run.smithi002.stdout:/usr/bin/ceph: stderr
2023-11-16T18:16:06.528+0000 7f9859cc2700 1 --2- 172.21.15.2:0/1243987617 >> [v2:172.21.15.2:6800/1609662822,v1:172.21.15.2:6801/1609662822] conn(0x7f983c038710 0x7f983c03abc0 unknown :-1 s=CLOSED pgs=0 cs=0 l=1 rev1=0 crypto rx=0 tx=0 comp rx=0 tx=0).stop
2023-11-16T18:16:06.858 INFO:teuthology.orchestra.run.smithi002.stdout:/usr/bin/ceph: stderr
2023-11-16T18:16:06.528+0000 7f9859cc2700 1 --2- 172.21.15.2:0/1243987617 >> [v2:172.21.15.2:3300/0,v1:172.21.15.2:6789/0] conn(0x7f9854104300 0x7f985419b9a0 unknown :-1 s=CLOSED pgs=27 cs=0 l=1 rev1=1 crypto rx=0 tx=0 comp rx=0 tx=0).stop
2023-11-16T18:16:06.859 INFO:teuthology.orchestra.run.smithi002.stdout:/usr/bin/ceph: stderr
2023-11-16T18:16:06.528+0000 7f9859cc2700 1 -- 172.21.15.2:0/1243987617 >> 172.21.15.2:0/1243987617 conn(0x7f98540ffed0 msgr2=0x7f985418fec0 unknown :-1 s=STATE_NONE l=0).mark_down
2023-11-16T18:16:06.859 INFO:teuthology.orchestra.run.smithi002.stdout:/usr/bin/ceph: stderr
2023-11-16T18:16:06.529+0000 7f9859cc2700 1 -- 172.21.15.2:0/1243987617 shutdown_connections
2023-11-16T18:16:06.859 INFO:teuthology.orchestra.run.smithi002.stdout:/usr/bin/ceph: stderr
2023-11-16T18:16:06.529+0000 7f9859cc2700 1 -- 172.21.15.2:0/1243987617 wait complete.
2023-11-16T18:16:06.859 INFO:teuthology.orchestra.run.smithi002.stdout:Waiting for the mgr to restart...
2023-11-16T18:16:06.859 INFO:teuthology.orchestra.run.smithi002.stdout:Waiting for mgr epoch 5...
2023-11-16T18:16:06.859 INFO:journalctl@ceph.mgr.x.smithi002.stdout:Nov 16 18:16:06 smithi002 ceph-08160fac-84ac-11ee-8dbe-212e2dc638e7-mgr-x[99051]:
2023-11-16T18:16:06.627+0000 7f285e361200 -1 mgr[py] Module selftest has missing NOTIFY_TYPES member
2023-11-16T18:16:06.859 INFO:journalctl@ceph.mgr.x.smithi002.stdout:Nov 16 18:16:06 smithi002 ceph-08160fac-84ac-11ee-8dbe-212e2dc638e7-mgr-x[99051]:
2023-11-16T18:16:06.744+0000 7f285e361200 -1 mgr[py] Module alerts has missing NOTIFY_TYPES member
2023-11-16T18:16:07.608 INFO:journalctl@ceph.mon.a.smithi002.stdout:Nov 16 18:16:07 smithi002 ceph-mon[98807]: from='client.? 172.21.15.2:0/1243987617' entity='client.admin' cmd=[{"prefix": "mgr stat"}]: dispatch
2023-11-16T18:16:07.608 INFO:journalctl@ceph.mgr.x.smithi002.stdout:Nov 16 18:16:07 smithi002 ceph-08160fac-84ac-11ee-8dbe-212e2dc638e7-mgr-x[99051]:
2023-11-16T18:16:07.265+0000 7f285e361200 -1 mgr[py] Module progress has missing NOTIFY_TYPES member
2023-11-16T18:16:08.355 INFO:journalctl@ceph.mgr.x.smithi002.stdout:Nov 16 18:16:07 smithi002 ceph-08160fac-84ac-11ee-8dbe-212e2dc638e7-mgr-x[99051]:
2023-11-16T18:16:07.947+0000 7f285e361200 -1 mgr[py] Module rook has missing NOTIFY_TYPES member
2023-11-16T18:16:08.356 INFO:journalctl@ceph.mgr.x.smithi002.stdout:Nov 16 18:16:08 smithi002 ceph-08160fac-84ac-11ee-8dbe-212e2dc638e7-mgr-x[99051]:
2023-11-16T18:16:08.138+0000 7f285e361200 -1 mgr[py] Module iostat has missing NOTIFY_TYPES member
2023-11-16T18:16:09.355 INFO:journalctl@ceph.mgr.x.smithi002.stdout:Nov 16 18:16:09 smithi002 ceph-08160fac-84ac-11ee-8dbe-212e2dc638e7-mgr-x[99051]:
2023-11-16T18:16:09.096+0000 7f285e361200 -1 mgr[py] Module test_orchestrator has missing NOTIFY_TYPES member
2023-11-16T18:16:10.335 INFO:journalctl@ceph.mgr.x.smithi002.stdout:Nov 16 18:16:09 smithi002 ceph-08160fac-84ac-11ee-8dbe-212e2dc638e7-mgr-x[99051]:
2023-11-16T18:16:09.206+0000 7f285e361200 -1 mgr[py] Module osd_perf_query has missing NOTIFY_TYPES member
2023-11-16T18:16:10.336 INFO:journalctl@ceph.mgr.x.smithi002.stdout:Nov 16 18:16:09 smithi002 ceph-08160fac-84ac-11ee-8dbe-212e2dc638e7-mgr-x[99051]:
2023-11-16T18:16:09.424+0000 7f285e361200 -1 mgr[py] Module orchestrator has missing NOTIFY_TYPES member
2023-11-16T18:16:10.336 INFO:journalctl@ceph.mgr.x.smithi002.stdout:Nov 16 18:16:09 smithi002 ceph-08160fac-84ac-11ee-8dbe-212e2dc638e7-mgr-x[99051]:
2023-11-16T18:16:09.769+0000 7f285e361200 -1 mgr[py] Module rgw has missing NOTIFY_TYPES member
2023-11-16T18:16:10.355 INFO:journalctl@ceph.mgr.x.smithi002.stdout:Nov 16 18:16:10 smithi002 ceph-08160fac-84ac-11ee-8dbe-212e2dc638e7-mgr-x[99051]:
2023-11-16T18:16:10.020+0000 7f285e361200 -1 mgr[py] Module influx has missing NOTIFY_TYPES member
2023-11-16T18:16:10.355 INFO:journalctl@ceph.mgr.x.smithi002.stdout:Nov 16 18:16:10 smithi002 ceph-08160fac-84ac-11ee-8dbe-212e2dc638e7-mgr-x[99051]:
2023-11-16T18:16:10.201+0000 7f285e361200 -1 mgr[py] Module telemetry has missing NOTIFY_TYPES member
2023-11-16T18:16:10.855 INFO:journalctl@ceph.mgr.x.smithi002.stdout:Nov 16 18:16:10 smithi002 ceph-08160fac-84ac-11ee-8dbe-212e2dc638e7-mgr-x[99051]:
2023-11-16T18:16:10.527+0000 7f285e361200 -1 mgr[py] Module telegraf has missing NOTIFY_TYPES member
2023-11-16T18:16:11.605 INFO:journalctl@ceph.mgr.x.smithi002.stdout:Nov 16 18:16:11 smithi002 ceph-08160fac-84ac-11ee-8dbe-212e2dc638e7-mgr-x[99051]:
2023-11-16T18:16:11.345+0000 7f285e361200 -1 mgr[py] Module balancer has missing NOTIFY_TYPES member
2023-11-16T18:16:11.606 INFO:journalctl@ceph.mgr.x.smithi002.stdout:Nov 16 18:16:11 smithi002 ceph-08160fac-84ac-11ee-8dbe-212e2dc638e7-mgr-x[99051]:
2023-11-16T18:16:11.502+0000 7f285e361200 -1 mgr[py] Module diskprediction_local has missing NOTIFY_TYPES member
2023-11-16T18:16:12.105 INFO:journalctl@ceph.mgr.x.smithi002.stdout:Nov 16 18:16:11 smithi002 ceph-08160fac-84ac-11ee-8dbe-212e2dc638e7-mgr-x[99051]:
2023-11-16T18:16:11.743+0000 7f285e361200 -1 mgr[py] Module nfs has missing NOTIFY_TYPES member
2023-11-16T18:16:12.106 INFO:journalctl@ceph.mgr.x.smithi002.stdout:Nov 16 18:16:11 smithi002 ceph-08160fac-84ac-11ee-8dbe-212e2dc638e7-mgr-x[99051]:
2023-11-16T18:16:11.879+0000 7f285e361200 -1 mgr[py] Module rbd_support has missing NOTIFY_TYPES member
2023-11-16T18:16:12.605 INFO:journalctl@ceph.mgr.x.smithi002.stdout:Nov 16 18:16:12 smithi002 ceph-08160fac-84ac-11ee-8dbe-212e2dc638e7-mgr-x[99051]:
2023-11-16T18:16:12.150+0000 7f285e361200 -1 mgr[py] Module volumes has missing NOTIFY_TYPES member
2023-11-16T18:16:13.606 INFO:journalctl@ceph.mgr.x.smithi002.stdout:Nov 16 18:16:13 smithi002 ceph-08160fac-84ac-11ee-8dbe-212e2dc638e7-mgr-x[99051]:
2023-11-16T18:16:13.203+0000 7f285e361200 -1 mgr[py] Module pg_autoscaler has missing NOTIFY_TYPES member
2023-11-16T18:16:13.606 INFO:journalctl@ceph.mon.a.smithi002.stdout:Nov 16 18:16:13 smithi002 ceph-mon[98807]: Active manager daemon x restarted
2023-11-16T18:16:13.606 INFO:journalctl@ceph.mon.a.smithi002.stdout:Nov 16 18:16:13 smithi002 ceph-mon[98807]: Activating manager daemon x
2023-11-16T18:16:13.606 INFO:journalctl@ceph.mon.a.smithi002.stdout:Nov 16 18:16:13 smithi002 ceph-mon[98807]: osdmap e2: 0 total, 0 up, 0 in
2023-11-16T18:16:13.606 INFO:journalctl@ceph.mon.a.smithi002.stdout:Nov 16 18:16:13 smithi002 ceph-mon[98807]: mgrmap e6: x(active, starting, since 0.00357215s)
2023-11-16T18:16:13.607 INFO:journalctl@ceph.mon.a.smithi002.stdout:Nov 16 18:16:13 smithi002 ceph-mon[98807]: from='mgr.14120 172.21.15.2:0/2528627981' entity='mgr.x' cmd=[{"prefix": "mon metadata", "id": "a"}]: dispatch
2023-11-16T18:16:13.607 INFO:journalctl@ceph.mon.a.smithi002.stdout:Nov 16 18:16:13 smithi002 ceph-mon[98807]: from='mgr.14120 172.21.15.2:0/2528627981' entity='mgr.x' cmd=[{"prefix": "mgr metadata", "who": "x", "id": "x"}]: dispatch
2023-11-16T18:16:13.607 INFO:journalctl@ceph.mon.a.smithi002.stdout:Nov 16 18:16:13 smithi002 ceph-mon[98807]: from='mgr.14120 172.21.15.2:0/2528627981' entity='mgr.x' cmd=[{"prefix": "mds metadata"}]: dispatch
2023-11-16T18:16:13.607 INFO:journalctl@ceph.mon.a.smithi002.stdout:Nov 16 18:16:13 smithi002 ceph-mon[98807]: from='mgr.14120 172.21.15.2:0/2528627981' entity='mgr.x' cmd=[{"prefix": "osd metadata"}]: dispatch
2023-11-16T18:16:13.608 INFO:journalctl@ceph.mon.a.smithi002.stdout:Nov 16 18:16:13 smithi002 ceph-mon[98807]: from='mgr.14120 172.21.15.2:0/2528627981' entity='mgr.x' cmd=[{"prefix": "mon metadata"}]: dispatch
2023-11-16T18:16:13.608 INFO:journalctl@ceph.mon.a.smithi002.stdout:Nov 16 18:16:13 smithi002 ceph-mon[98807]: Manager daemon x is now available
2023-11-16T18:16:13.608 INFO:journalctl@ceph.mon.a.smithi002.stdout:Nov 16 18:16:13 smithi002 ceph-mon[98807]: from='mgr.14120 172.21.15.2:0/2528627981' entity='mgr.x'
2023-11-16T18:16:13.608 INFO:journalctl@ceph.mon.a.smithi002.stdout:Nov 16 18:16:13 smithi002 ceph-mon[98807]: from='mgr.14120 172.21.15.2:0/2528627981' entity='mgr.x'
2023-11-16T18:16:13.609 INFO:journalctl@ceph.mon.a.smithi002.stdout:Nov 16 18:16:13 smithi002 ceph-mon[98807]: from='mgr.14120 172.21.15.2:0/2528627981' entity='mgr.x' cmd=[{"prefix": "config dump", "format": "json"}]: dispatch
2023-11-16T18:16:13.609 INFO:journalctl@ceph.mon.a.smithi002.stdout:Nov 16 18:16:13 smithi002 ceph-mon[98807]: from='mgr.14120 172.21.15.2:0/2528627981' entity='mgr.x' cmd=[{"prefix": "config dump", "format": "json"}]: dispatch
2023-11-16T18:16:14.506 INFO:teuthology.orchestra.run.smithi002.stdout:/usr/bin/ceph: stdout {
2023-11-16T18:16:14.506 INFO:teuthology.orchestra.run.smithi002.stdout:/usr/bin/ceph: stdout "mgrmap_epoch": 7,
2023-11-16T18:16:14.507 INFO:teuthology.orchestra.run.smithi002.stdout:/usr/bin/ceph: stdout "initialized": true
2023-11-16T18:16:14.507 INFO:teuthology.orchestra.run.smithi002.stdout:/usr/bin/ceph: stdout }
2023-11-16T18:16:14.507 INFO:teuthology.orchestra.run.smithi002.stdout:/usr/bin/ceph: stderr
2023-11-16T18:16:07.343+0000 7f11311a6700 1 Processor -- start
2023-11-16T18:16:14.507 INFO:teuthology.orchestra.run.smithi002.stdout:/usr/bin/ceph: stderr
2023-11-16T18:16:07.343+0000 7f11311a6700 1 -- start start
2023-11-16T18:16:14.507 INFO:teuthology.orchestra.run.smithi002.stdout:/usr/bin/ceph: stderr
2023-11-16T18:16:07.344+0000 7f11311a6700 1 --2- >> [v2:172.21.15.2:3300/0,v1:172.21.15.2:6789/0] conn(0x7f112c106490 0x7f112c108870 unknown :-1 s=NONE pgs=0 cs=0 l=0 rev1=0 crypto rx=0 tx=0 comp rx=0 tx=0).connect
2023-11-16T18:16:14.507 INFO:teuthology.orchestra.run.smithi002.stdout:/usr/bin/ceph: stderr
2023-11-16T18:16:07.344+0000 7f11311a6700 1 -- --> [v2:172.21.15.2:3300/0,v1:172.21.15.2:6789/0] -- mon_getmap magic: 0 v1 -- 0x7f112c079e60 con 0x7f112c106490
2023-11-16T18:16:14.507 INFO:teuthology.orchestra.run.smithi002.stdout:/usr/bin/ceph: stderr
2023-11-16T18:16:07.344+0000 7f112ad9d700 1 --2- >> [v2:172.21.15.2:3300/0,v1:172.21.15.2:6789/0] conn(0x7f112c106490 0x7f112c108870 unknown :-1 s=BANNER_CONNECTING pgs=0 cs=0 l=0 rev1=0 crypto rx=0 tx=0 comp rx=0 tx=0)._handle_peer_banner_payload supported=3 required=0
2023-11-16T18:16:14.507 INFO:teuthology.orchestra.run.smithi002.stdout:/usr/bin/ceph: stderr
2023-11-16T18:16:07.344+0000 7f112ad9d700 1 --2- >> [v2:172.21.15.2:3300/0,v1:172.21.15.2:6789/0] conn(0x7f112c106490 0x7f112c108870 unknown :-1 s=HELLO_CONNECTING pgs=0 cs=0 l=0 rev1=1 crypto rx=0 tx=0 comp rx=0 tx=0).handle_hello peer v2:172.21.15.2:3300/0 says I am v2:172.21.15.2:46566/0 (socket says 172.21.15.2:46566)
2023-11-16T18:16:14.507 INFO:teuthology.orchestra.run.smithi002.stdout:/usr/bin/ceph: stderr
2023-11-16T18:16:07.344+0000 7f112ad9d700 1 -- 172.21.15.2:0/3209449692 learned_addr learned my addr 172.21.15.2:0/3209449692 (peer_addr_for_me v2:172.21.15.2:0/0)
2023-11-16T18:16:14.507 INFO:teuthology.orchestra.run.smithi002.stdout:/usr/bin/ceph: stderr
2023-11-16T18:16:07.344+0000 7f112ad9d700 1 -- 172.21.15.2:0/3209449692 --> [v2:172.21.15.2:3300/0,v1:172.21.15.2:6789/0] -- mon_subscribe({config=0+,monmap=0+}) v3 -- 0x7f112c108db0 con 0x7f112c106490
2023-11-16T18:16:14.507 INFO:teuthology.orchestra.run.smithi002.stdout:/usr/bin/ceph: stderr
2023-11-16T18:16:07.344+0000 7f112ad9d700 1 --2- 172.21.15.2:0/3209449692 >> [v2:172.21.15.2:3300/0,v1:172.21.15.2:6789/0] conn(0x7f112c106490 0x7f112c108870 secure :-1 s=READY pgs=28 cs=0 l=1 rev1=1 crypto rx=0x7f111c0098a0 tx=0x7f111c009bb0 comp rx=0 tx=0).ready entity=mon.0 client_cookie=500e5eb3fe9ed4bf server_cookie=0 in_seq=0 out_seq=0
2023-11-16T18:16:14.507 INFO:teuthology.orchestra.run.smithi002.stdout:/usr/bin/ceph: stderr
2023-11-16T18:16:07.344+0000 7f1129d9b700 1 -- 172.21.15.2:0/3209449692 <== mon.0 v2:172.21.15.2:3300/0 1 ==== mon_map magic: 0 v1 ==== 205+0+0 (secure 0 0 0) 0x7f111c004160 con 0x7f112c106490
2023-11-16T18:16:14.508 INFO:teuthology.orchestra.run.smithi002.stdout:/usr/bin/ceph: stderr
2023-11-16T18:16:07.344+0000 7f1129d9b700 1 -- 172.21.15.2:0/3209449692 <== mon.0 v2:172.21.15.2:3300/0 2 ==== config(26 keys) v1 ==== 1074+0+0 (secure 0 0 0) 0x7f111c0042c0 con 0x7f112c106490
2023-11-16T18:16:14.508 INFO:teuthology.orchestra.run.smithi002.stdout:/usr/bin/ceph: stderr
2023-11-16T18:16:07.344+0000 7f1129d9b700 1 -- 172.21.15.2:0/3209449692 <== mon.0 v2:172.21.15.2:3300/0 3 ==== mon_map magic: 0 v1 ==== 205+0+0 (secure 0 0 0) 0x7f111c011a00 con 0x7f112c106490
2023-11-16T18:16:14.508 INFO:teuthology.orchestra.run.smithi002.stdout:/usr/bin/ceph: stderr
2023-11-16T18:16:07.345+0000 7f11311a6700 1 -- 172.21.15.2:0/3209449692 >> [v2:172.21.15.2:3300/0,v1:172.21.15.2:6789/0] conn(0x7f112c106490 msgr2=0x7f112c108870 secure :-1 s=STATE_CONNECTION_ESTABLISHED l=1).mark_down
2023-11-16T18:16:14.508 INFO:teuthology.orchestra.run.smithi002.stdout:/usr/bin/ceph: stderr
2023-11-16T18:16:07.345+0000 7f11311a6700 1 --2- 172.21.15.2:0/3209449692 >> [v2:172.21.15.2:3300/0,v1:172.21.15.2:6789/0] conn(0x7f112c106490 0x7f112c108870 secure :-1 s=READY pgs=28 cs=0 l=1 rev1=1 crypto rx=0x7f111c0098a0 tx=0x7f111c009bb0 comp rx=0 tx=0).stop
2023-11-16T18:16:14.508 INFO:teuthology.orchestra.run.smithi002.stdout:/usr/bin/ceph: stderr
2023-11-16T18:16:07.345+0000 7f11311a6700 1 -- 172.21.15.2:0/3209449692 shutdown_connections
2023-11-16T18:16:14.508 INFO:teuthology.orchestra.run.smithi002.stdout:/usr/bin/ceph: stderr
2023-11-16T18:16:07.345+0000 7f11311a6700 1 --2- 172.21.15.2:0/3209449692 >> [v2:172.21.15.2:3300/0,v1:172.21.15.2:6789/0] conn(0x7f112c106490 0x7f112c108870 unknown :-1 s=CLOSED pgs=28 cs=0 l=1 rev1=1 crypto rx=0 tx=0 comp rx=0 tx=0).stop
2023-11-16T18:16:14.508 INFO:teuthology.orchestra.run.smithi002.stdout:/usr/bin/ceph: stderr
2023-11-16T18:16:07.345+0000 7f11311a6700 1 -- 172.21.15.2:0/3209449692 >> 172.21.15.2:0/3209449692 conn(0x7f112c0ffed0 msgr2=0x7f112c102300 unknown :-1 s=STATE_NONE l=0).mark_down
2023-11-16T18:16:14.508 INFO:teuthology.orchestra.run.smithi002.stdout:/usr/bin/ceph: stderr
2023-11-16T18:16:07.345+0000 7f11311a6700 1 -- 172.21.15.2:0/3209449692 shutdown_connections
2023-11-16T18:16:14.508 INFO:teuthology.orchestra.run.smithi002.stdout:/usr/bin/ceph: stderr
2023-11-16T18:16:07.345+0000 7f11311a6700 1 -- 172.21.15.2:0/3209449692 wait complete.
2023-11-16T18:16:14.508 INFO:teuthology.orchestra.run.smithi002.stdout:/usr/bin/ceph: stderr
2023-11-16T18:16:07.346+0000 7f11311a6700 1 Processor -- start
2023-11-16T18:16:14.508 INFO:teuthology.orchestra.run.smithi002.stdout:/usr/bin/ceph: stderr
2023-11-16T18:16:07.346+0000 7f11311a6700 1 -- start start
2023-11-16T18:16:14.508 INFO:teuthology.orchestra.run.smithi002.stdout:/usr/bin/ceph: stderr
2023-11-16T18:16:07.346+0000 7f11311a6700 1 --2- >> [v2:172.21.15.2:3300/0,v1:172.21.15.2:6789/0] conn(0x7f112c106490 0x7f112c19b970 unknown :-1 s=NONE pgs=0 cs=0 l=1 rev1=0 crypto rx=0 tx=0 comp rx=0 tx=0).connect
2023-11-16T18:16:14.508 INFO:teuthology.orchestra.run.smithi002.stdout:/usr/bin/ceph: stderr
2023-11-16T18:16:07.346+0000 7f11311a6700 1 -- --> [v2:172.21.15.2:3300/0,v1:172.21.15.2:6789/0] -- mon_getmap magic: 0 v1 -- 0x7f112c19beb0 con 0x7f112c106490
2023-11-16T18:16:14.509 INFO:teuthology.orchestra.run.smithi002.stdout:/usr/bin/ceph: stderr
2023-11-16T18:16:07.347+0000 7f112ad9d700 1 --2- >> [v2:172.21.15.2:3300/0,v1:172.21.15.2:6789/0] conn(0x7f112c106490 0x7f112c19b970 unknown :-1 s=BANNER_CONNECTING pgs=0 cs=0 l=1 rev1=0 crypto rx=0 tx=0 comp rx=0 tx=0)._handle_peer_banner_payload supported=3 required=0
2023-11-16T18:16:14.509 INFO:teuthology.orchestra.run.smithi002.stdout:/usr/bin/ceph: stderr
2023-11-16T18:16:07.347+0000 7f112ad9d700 1 --2- >> [v2:172.21.15.2:3300/0,v1:172.21.15.2:6789/0] conn(0x7f112c106490 0x7f112c19b970 unknown :-1 s=HELLO_CONNECTING pgs=0 cs=0 l=1 rev1=1 crypto rx=0 tx=0 comp rx=0 tx=0).handle_hello peer v2:172.21.15.2:3300/0 says I am v2:172.21.15.2:46568/0 (socket says 172.21.15.2:46568)
2023-11-16T18:16:14.509 INFO:teuthology.orchestra.run.smithi002.stdout:/usr/bin/ceph: stderr
2023-11-16T18:16:07.347+0000 7f112ad9d700 1 -- 172.21.15.2:0/699208204 learned_addr learned my addr 172.21.15.2:0/699208204 (peer_addr_for_me v2:172.21.15.2:0/0)
2023-11-16T18:16:14.509 INFO:teuthology.orchestra.run.smithi002.stdout:/usr/bin/ceph: stderr
2023-11-16T18:16:07.347+0000 7f112ad9d700 1 -- 172.21.15.2:0/699208204 --> [v2:172.21.15.2:3300/0,v1:172.21.15.2:6789/0] -- mon_subscribe({config=0+,monmap=0+}) v3 -- 0x7f111c009550 con 0x7f112c106490
2023-11-16T18:16:14.509 INFO:teuthology.orchestra.run.smithi002.stdout:/usr/bin/ceph: stderr
2023-11-16T18:16:07.347+0000 7f112ad9d700 1 --2- 172.21.15.2:0/699208204 >> [v2:172.21.15.2:3300/0,v1:172.21.15.2:6789/0] conn(0x7f112c106490 0x7f112c19b970 secure :-1 s=READY pgs=29 cs=0 l=1 rev1=1 crypto rx=0x7f111c006af0 tx=0x7f111c011ad0 comp rx=0 tx=0).ready entity=mon.0 client_cookie=0 server_cookie=0 in_seq=0 out_seq=0
2023-11-16T18:16:14.509 INFO:teuthology.orchestra.run.smithi002.stdout:/usr/bin/ceph: stderr
2023-11-16T18:16:07.347+0000 7f1113fff700 1 -- 172.21.15.2:0/699208204 <== mon.0 v2:172.21.15.2:3300/0 1 ==== mon_map magic: 0 v1 ==== 205+0+0 (secure 0 0 0) 0x7f111c003a40 con 0x7f112c106490
2023-11-16T18:16:14.509 INFO:teuthology.orchestra.run.smithi002.stdout:/usr/bin/ceph: stderr
2023-11-16T18:16:07.347+0000 7f1113fff700 1 -- 172.21.15.2:0/699208204 <== mon.0 v2:172.21.15.2:3300/0 2 ==== config(26 keys) v1 ==== 1074+0+0 (secure 0 0 0) 0x7f111c003ba0 con 0x7f112c106490
2023-11-16T18:16:14.509 INFO:teuthology.orchestra.run.smithi002.stdout:/usr/bin/ceph: stderr
2023-11-16T18:16:07.347+0000 7f11311a6700 1 -- 172.21.15.2:0/699208204 --> [v2:172.21.15.2:3300/0,v1:172.21.15.2:6789/0] -- mon_subscribe({mgrmap=0+}) v3 -- 0x7f112c109d40 con 0x7f112c106490
2023-11-16T18:16:14.509 INFO:teuthology.orchestra.run.smithi002.stdout:/usr/bin/ceph: stderr
2023-11-16T18:16:07.347+0000 7f1113fff700 1 -- 172.21.15.2:0/699208204 <== mon.0 v2:172.21.15.2:3300/0 3 ==== mon_map magic: 0 v1 ==== 205+0+0 (secure 0 0 0) 0x7f111c01a6e0 con 0x7f112c106490
2023-11-16T18:16:14.509 INFO:teuthology.orchestra.run.smithi002.stdout:/usr/bin/ceph: stderr
2023-11-16T18:16:07.348+0000 7f11311a6700 1 -- 172.21.15.2:0/699208204 --> [v2:172.21.15.2:3300/0,v1:172.21.15.2:6789/0] -- mon_subscribe({osdmap=0}) v3 -- 0x7f112c109bb0 con 0x7f112c106490
2023-11-16T18:16:14.509 INFO:teuthology.orchestra.run.smithi002.stdout:/usr/bin/ceph: stderr
2023-11-16T18:16:07.349+0000 7f1113fff700 1 -- 172.21.15.2:0/699208204 <== mon.0 v2:172.21.15.2:3300/0 4 ==== mgrmap(e 5) v1 ==== 45483+0+0 (secure 0 0 0) 0x7f111c01a840 con 0x7f112c106490
2023-11-16T18:16:14.509 INFO:teuthology.orchestra.run.smithi002.stdout:/usr/bin/ceph: stderr
2023-11-16T18:16:07.349+0000 7f1113fff700 1 --2- 172.21.15.2:0/699208204 >> [v2:172.21.15.2:6800/1609662822,v1:172.21.15.2:6801/1609662822] conn(0x7f1114038760 0x7f111403ac10 unknown :-1 s=NONE pgs=0 cs=0 l=1 rev1=0 crypto rx=0 tx=0 comp rx=0 tx=0).connect
2023-11-16T18:16:14.510 INFO:teuthology.orchestra.run.smithi002.stdout:/usr/bin/ceph: stderr
2023-11-16T18:16:07.349+0000 7f1113fff700 1 -- 172.21.15.2:0/699208204 --> [v2:172.21.15.2:6800/1609662822,v1:172.21.15.2:6801/1609662822] -- command(tid 0: {"prefix": "get_command_descriptions"}) v1 -- 0x7f111403b320 con 0x7f1114038760
2023-11-16T18:16:14.510 INFO:teuthology.orchestra.run.smithi002.stdout:/usr/bin/ceph: stderr
2023-11-16T18:16:07.349+0000 7f1113fff700 1 -- 172.21.15.2:0/699208204 <== mon.0 v2:172.21.15.2:3300/0 5 ==== osd_map(1..1 src has 1..1) v4 ==== 725+0+0 (secure 0 0 0) 0x7f111c04c6b0 con 0x7f112c106490
2023-11-16T18:16:14.510 INFO:teuthology.orchestra.run.smithi002.stdout:/usr/bin/ceph: stderr
2023-11-16T18:16:07.349+0000 7f112a59c700 1 -- 172.21.15.2:0/699208204 >> [v2:172.21.15.2:6800/1609662822,v1:172.21.15.2:6801/1609662822] conn(0x7f1114038760 msgr2=0x7f111403ac10 unknown :-1 s=STATE_CONNECTING_RE l=1).process reconnect failed to v2:172.21.15.2:6800/1609662822
2023-11-16T18:16:14.510 INFO:teuthology.orchestra.run.smithi002.stdout:/usr/bin/ceph: stderr
2023-11-16T18:16:07.349+0000 7f112a59c700 1 --2- 172.21.15.2:0/699208204 >> [v2:172.21.15.2:6800/1609662822,v1:172.21.15.2:6801/1609662822] conn(0x7f1114038760 0x7f111403ac10 unknown :-1 s=START_CONNECT pgs=0 cs=0 l=1 rev1=0 crypto rx=0 tx=0 comp rx=0 tx=0)._fault waiting 0.200000
2023-11-16T18:16:14.510 INFO:teuthology.orchestra.run.smithi002.stdout:/usr/bin/ceph: stderr
2023-11-16T18:16:07.550+0000 7f112a59c700 1 -- 172.21.15.2:0/699208204 >> [v2:172.21.15.2:6800/1609662822,v1:172.21.15.2:6801/1609662822] conn(0x7f1114038760 msgr2=0x7f111403ac10 unknown :-1 s=STATE_CONNECTING_RE l=1).process reconnect failed to v2:172.21.15.2:6800/1609662822
2023-11-16T18:16:14.510 INFO:teuthology.orchestra.run.smithi002.stdout:/usr/bin/ceph: stderr
2023-11-16T18:16:07.550+0000 7f112a59c700 1 --2- 172.21.15.2:0/699208204 >> [v2:172.21.15.2:6800/1609662822,v1:172.21.15.2:6801/1609662822] conn(0x7f1114038760 0x7f111403ac10 unknown :-1 s=START_CONNECT pgs=0 cs=0 l=1 rev1=0 crypto rx=0 tx=0 comp rx=0 tx=0)._fault waiting 0.400000
2023-11-16T18:16:14.510 INFO:teuthology.orchestra.run.smithi002.stdout:/usr/bin/ceph: stderr
2023-11-16T18:16:07.950+0000 7f112a59c700 1 -- 172.21.15.2:0/699208204 >> [v2:172.21.15.2:6800/1609662822,v1:172.21.15.2:6801/1609662822] conn(0x7f1114038760 msgr2=0x7f111403ac10 unknown :-1 s=STATE_CONNECTING_RE l=1).process reconnect failed to v2:172.21.15.2:6800/1609662822
2023-11-16T18:16:14.510 INFO:teuthology.orchestra.run.smithi002.stdout:/usr/bin/ceph: stderr
2023-11-16T18:16:07.950+0000 7f112a59c700 1 --2- 172.21.15.2:0/699208204 >> [v2:172.21.15.2:6800/1609662822,v1:172.21.15.2:6801/1609662822] conn(0x7f1114038760 0x7f111403ac10 unknown :-1 s=START_CONNECT pgs=0 cs=0 l=1 rev1=0 crypto rx=0 tx=0 comp rx=0 tx=0)._fault waiting 0.800000
2023-11-16T18:16:14.511 INFO:teuthology.orchestra.run.smithi002.stdout:/usr/bin/ceph: stderr
2023-11-16T18:16:08.751+0000 7f112a59c700 1 -- 172.21.15.2:0/699208204 >> [v2:172.21.15.2:6800/1609662822,v1:172.21.15.2:6801/1609662822] conn(0x7f1114038760 msgr2=0x7f111403ac10 unknown :-1 s=STATE_CONNECTING_RE l=1).process reconnect failed to v2:172.21.15.2:6800/1609662822
2023-11-16T18:16:14.511 INFO:teuthology.orchestra.run.smithi002.stdout:/usr/bin/ceph: stderr
2023-11-16T18:16:08.751+0000 7f112a59c700 1 --2- 172.21.15.2:0/699208204 >> [v2:172.21.15.2:6800/1609662822,v1:172.21.15.2:6801/1609662822] conn(0x7f1114038760 0x7f111403ac10 unknown :-1 s=START_CONNECT pgs=0 cs=0 l=1 rev1=0 crypto rx=0 tx=0 comp rx=0 tx=0)._fault waiting 1.600000
2023-11-16T18:16:14.511 INFO:teuthology.orchestra.run.smithi002.stdout:/usr/bin/ceph: stderr
2023-11-16T18:16:10.352+0000 7f112a59c700 1 -- 172.21.15.2:0/699208204 >> [v2:172.21.15.2:6800/1609662822,v1:172.21.15.2:6801/1609662822] conn(0x7f1114038760 msgr2=0x7f111403ac10 unknown :-1 s=STATE_CONNECTING_RE l=1).process reconnect failed to v2:172.21.15.2:6800/1609662822
2023-11-16T18:16:14.511 INFO:teuthology.orchestra.run.smithi002.stdout:/usr/bin/ceph: stderr
2023-11-16T18:16:10.352+0000 7f112a59c700 1 --2- 172.21.15.2:0/699208204 >> [v2:172.21.15.2:6800/1609662822,v1:172.21.15.2:6801/1609662822] conn(0x7f1114038760 0x7f111403ac10 unknown :-1 s=START_CONNECT pgs=0 cs=0 l=1 rev1=0 crypto rx=0 tx=0 comp rx=0 tx=0)._fault waiting 3.200000
2023-11-16T18:16:14.511 INFO:teuthology.orchestra.run.smithi002.stdout:/usr/bin/ceph: stderr
2023-11-16T18:16:13.218+0000 7f1113fff700 1 -- 172.21.15.2:0/699208204 <== mon.0 v2:172.21.15.2:3300/0 6 ==== mgrmap(e 6) v1 ==== 45250+0+0 (secure 0 0 0) 0x7f111c02d910 con 0x7f112c106490
2023-11-16T18:16:14.511 INFO:teuthology.orchestra.run.smithi002.stdout:/usr/bin/ceph: stderr
2023-11-16T18:16:13.218+0000 7f1113fff700 1 -- 172.21.15.2:0/699208204 >> [v2:172.21.15.2:6800/1609662822,v1:172.21.15.2:6801/1609662822] conn(0x7f1114038760 msgr2=0x7f111403ac10 unknown :-1 s=STATE_CONNECTING l=1).mark_down
2023-11-16T18:16:14.511 INFO:teuthology.orchestra.run.smithi002.stdout:/usr/bin/ceph: stderr
2023-11-16T18:16:13.218+0000 7f1113fff700 1 --2- 172.21.15.2:0/699208204 >> [v2:172.21.15.2:6800/1609662822,v1:172.21.15.2:6801/1609662822] conn(0x7f1114038760 0x7f111403ac10 unknown :-1 s=START_CONNECT pgs=0 cs=0 l=1 rev1=0 crypto rx=0 tx=0 comp rx=0 tx=0).stop
2023-11-16T18:16:14.511 INFO:teuthology.orchestra.run.smithi002.stdout:/usr/bin/ceph: stderr
2023-11-16T18:16:14.219+0000 7f1113fff700 1 -- 172.21.15.2:0/699208204 <== mon.0 v2:172.21.15.2:3300/0 7 ==== mgrmap(e 7) v1 ==== 45377+0+0 (secure 0 0 0) 0x7f111c04e180 con 0x7f112c106490
2023-11-16T18:16:14.511 INFO:teuthology.orchestra.run.smithi002.stdout:/usr/bin/ceph: stderr
2023-11-16T18:16:14.219+0000 7f1113fff700 1 --2- 172.21.15.2:0/699208204 >> [v2:172.21.15.2:6800/1605535303,v1:172.21.15.2:6801/1605535303] conn(0x7f111403bfe0 0x7f111403e3c0 unknown :-1 s=NONE pgs=0 cs=0 l=1 rev1=0 crypto rx=0 tx=0 comp rx=0 tx=0).connect
2023-11-16T18:16:14.511 INFO:teuthology.orchestra.run.smithi002.stdout:/usr/bin/ceph: stderr
2023-11-16T18:16:14.219+0000 7f1113fff700 1 -- 172.21.15.2:0/699208204 --> [v2:172.21.15.2:6800/1605535303,v1:172.21.15.2:6801/1605535303] -- command(tid 0: {"prefix": "get_command_descriptions"}) v1 -- 0x7f111403b320 con 0x7f111403bfe0
2023-11-16T18:16:14.511 INFO:teuthology.orchestra.run.smithi002.stdout:/usr/bin/ceph: stderr
2023-11-16T18:16:14.220+0000 7f112a59c700 1 --2- 172.21.15.2:0/699208204 >> [v2:172.21.15.2:6800/1605535303,v1:172.21.15.2:6801/1605535303] conn(0x7f111403bfe0 0x7f111403e3c0 unknown :-1 s=BANNER_CONNECTING pgs=0 cs=0 l=1 rev1=0 crypto rx=0 tx=0 comp rx=0 tx=0)._handle_peer_banner_payload supported=3 required=0
2023-11-16T18:16:14.511 INFO:teuthology.orchestra.run.smithi002.stdout:/usr/bin/ceph: stderr
2023-11-16T18:16:14.220+0000 7f112a59c700 1 --2- 172.21.15.2:0/699208204 >> [v2:172.21.15.2:6800/1605535303,v1:172.21.15.2:6801/1605535303] conn(0x7f111403bfe0 0x7f111403e3c0 secure :-1 s=READY pgs=1 cs=0 l=1 rev1=1 crypto rx=0x7f1120003a10 tx=0x7f11200092b0 comp rx=0 tx=0).ready entity=mgr.14120 client_cookie=0 server_cookie=0 in_seq=0 out_seq=0
2023-11-16T18:16:14.512 INFO:teuthology.orchestra.run.smithi002.stdout:/usr/bin/ceph: stderr
2023-11-16T18:16:14.221+0000 7f1113fff700 1 -- 172.21.15.2:0/699208204 <== mgr.14120 v2:172.21.15.2:6800/1605535303 1 ==== command_reply(tid 0: 0 ) v1 ==== 8+0+6910 (secure 0 0 0) 0x7f111403b320 con 0x7f111403bfe0
2023-11-16T18:16:14.512 INFO:teuthology.orchestra.run.smithi002.stdout:/usr/bin/ceph: stderr
2023-11-16T18:16:14.232+0000 7f11311a6700 1 -- 172.21.15.2:0/699208204 --> [v2:172.21.15.2:6800/1605535303,v1:172.21.15.2:6801/1605535303] -- command(tid 1: {"prefix": "mgr_status"}) v1 -- 0x7f112c19ccb0 con 0x7f111403bfe0
2023-11-16T18:16:14.512 INFO:teuthology.orchestra.run.smithi002.stdout:/usr/bin/ceph: stderr
2023-11-16T18:16:14.232+0000 7f1113fff700 1 -- 172.21.15.2:0/699208204 <== mgr.14120 v2:172.21.15.2:6800/1605535303 2 ==== command_reply(tid 1: 0 ) v1 ==== 8+0+51 (secure 0 0 0) 0x7f112c19ccb0 con 0x7f111403bfe0
2023-11-16T18:16:14.512 INFO:teuthology.orchestra.run.smithi002.stdout:/usr/bin/ceph: stderr
2023-11-16T18:16:14.233+0000 7f11311a6700 1 -- 172.21.15.2:0/699208204 >> [v2:172.21.15.2:6800/1605535303,v1:172.21.15.2:6801/1605535303] conn(0x7f111403bfe0 msgr2=0x7f111403e3c0 secure :-1 s=STATE_CONNECTION_ESTABLISHED l=1).mark_down
2023-11-16T18:16:14.512 INFO:teuthology.orchestra.run.smithi002.stdout:/usr/bin/ceph: stderr
2023-11-16T18:16:14.233+0000 7f11311a6700 1 --2- 172.21.15.2:0/699208204 >> [v2:172.21.15.2:6800/1605535303,v1:172.21.15.2:6801/1605535303] conn(0x7f111403bfe0 0x7f111403e3c0 secure :-1 s=READY pgs=1 cs=0 l=1 rev1=1 crypto rx=0x7f1120003a10 tx=0x7f11200092b0 comp rx=0 tx=0).stop
2023-11-16T18:16:14.512 INFO:teuthology.orchestra.run.smithi002.stdout:/usr/bin/ceph: stderr
2023-11-16T18:16:14.233+0000 7f11311a6700 1 -- 172.21.15.2:0/699208204 >> [v2:172.21.15.2:3300/0,v1:172.21.15.2:6789/0] conn(0x7f112c106490 msgr2=0x7f112c19b970 secure :-1 s=STATE_CONNECTION_ESTABLISHED l=1).mark_down
2023-11-16T18:16:14.512 INFO:teuthology.orchestra.run.smithi002.stdout:/usr/bin/ceph: stderr
2023-11-16T18:16:14.233+0000 7f11311a6700 1 --2- 172.21.15.2:0/699208204 >> [v2:172.21.15.2:3300/0,v1:172.21.15.2:6789/0] conn(0x7f112c106490 0x7f112c19b970 secure :-1 s=READY pgs=29 cs=0 l=1 rev1=1 crypto rx=0x7f111c006af0 tx=0x7f111c011ad0 comp rx=0 tx=0).stop
2023-11-16T18:16:14.512 INFO:teuthology.orchestra.run.smithi002.stdout:/usr/bin/ceph: stderr
2023-11-16T18:16:14.233+0000 7f11311a6700 1 -- 172.21.15.2:0/699208204 shutdown_connections
2023-11-16T18:16:14.512 INFO:teuthology.orchestra.run.smithi002.stdout:/usr/bin/ceph: stderr
2023-11-16T18:16:14.233+0000 7f11311a6700 1 --2- 172.21.15.2:0/699208204 >> [v2:172.21.15.2:6800/1605535303,v1:172.21.15.2:6801/1605535303] conn(0x7f111403bfe0 0x7f111403e3c0 unknown :-1 s=CLOSED pgs=1 cs=0 l=1 rev1=1 crypto rx=0 tx=0 comp rx=0 tx=0).stop
2023-11-16T18:16:14.512 INFO:teuthology.orchestra.run.smithi002.stdout:/usr/bin/ceph: stderr
2023-11-16T18:16:14.233+0000 7f11311a6700 1 --2- 172.21.15.2:0/699208204 >> [v2:172.21.15.2:3300/0,v1:172.21.15.2:6789/0] conn(0x7f112c106490 0x7f112c19b970 unknown :-1 s=CLOSED pgs=29 cs=0 l=1 rev1=1 crypto rx=0 tx=0 comp rx=0 tx=0).stop
2023-11-16T18:16:14.512 INFO:teuthology.orchestra.run.smithi002.stdout:/usr/bin/ceph: stderr
2023-11-16T18:16:14.233+0000 7f11311a6700 1 --2- 172.21.15.2:0/699208204 >> [v2:172.21.15.2:6800/1609662822,v1:172.21.15.2:6801/1609662822] conn(0x7f1114038760 0x7f111403ac10 unknown :-1 s=CLOSED pgs=0 cs=0 l=1 rev1=0 crypto rx=0 tx=0 comp rx=0 tx=0).stop
2023-11-16T18:16:14.512 INFO:teuthology.orchestra.run.smithi002.stdout:/usr/bin/ceph: stderr
2023-11-16T18:16:14.233+0000 7f11311a6700 1 -- 172.21.15.2:0/699208204 >> 172.21.15.2:0/699208204 conn(0x7f112c0ffed0 msgr2=0x7f112c100c80 unknown :-1 s=STATE_NONE l=0).mark_down
2023-11-16T18:16:14.512 INFO:teuthology.orchestra.run.smithi002.stdout:/usr/bin/ceph: stderr
2023-11-16T18:16:14.233+0000 7f11311a6700 1 -- 172.21.15.2:0/699208204 shutdown_connections
2023-11-16T18:16:14.513 INFO:teuthology.orchestra.run.smithi002.stdout:/usr/bin/ceph: stderr
2023-11-16T18:16:14.233+0000 7f11311a6700 1 -- 172.21.15.2:0/699208204 wait complete.
2023-11-16T18:16:14.513 INFO:teuthology.orchestra.run.smithi002.stdout:mgr epoch 5 is available
2023-11-16T18:16:14.513 INFO:teuthology.orchestra.run.smithi002.stdout:Setting orchestrator backend to cephadm...
2023-11-16T18:16:14.535 INFO:journalctl@ceph.mon.a.smithi002.stdout:Nov 16 18:16:14 smithi002 ceph-mon[98807]: Found migration_current of "None". Setting to last migration.
2023-11-16T18:16:14.535 INFO:journalctl@ceph.mon.a.smithi002.stdout:Nov 16 18:16:14 smithi002 ceph-mon[98807]: from='mgr.14120 172.21.15.2:0/2528627981' entity='mgr.x' cmd=[{"prefix": "config dump", "format": "json"}]: dispatch
2023-11-16T18:16:14.535 INFO:journalctl@ceph.mon.a.smithi002.stdout:Nov 16 18:16:14 smithi002 ceph-mon[98807]: from='mgr.14120 172.21.15.2:0/2528627981' entity='mgr.x' cmd=[{"prefix":"config rm","who":"mgr","name":"mgr/rbd_support/x/mirror_snapshot_schedule"}]: dispatch
2023-11-16T18:16:14.535 INFO:journalctl@ceph.mon.a.smithi002.stdout:Nov 16 18:16:14 smithi002 ceph-mon[98807]: from='mgr.14120 172.21.15.2:0/2528627981' entity='mgr.x' cmd=[{"prefix":"config rm","who":"mgr","name":"mgr/rbd_support/x/trash_purge_schedule"}]: dispatch
2023-11-16T18:16:14.535 INFO:journalctl@ceph.mon.a.smithi002.stdout:Nov 16 18:16:14 smithi002 ceph-mon[98807]: from='mgr.14120 172.21.15.2:0/2528627981' entity='mgr.x'
2023-11-16T18:16:14.535 INFO:journalctl@ceph.mon.a.smithi002.stdout:Nov 16 18:16:14 smithi002 ceph-mon[98807]: from='mgr.14120 172.21.15.2:0/2528627981' entity='mgr.x'
2023-11-16T18:16:14.535 INFO:journalctl@ceph.mon.a.smithi002.stdout:Nov 16 18:16:14 smithi002 ceph-mon[98807]: mgrmap e7: x(active, since 1.00551s)
2023-11-16T18:16:15.545 INFO:journalctl@ceph.mon.a.smithi002.stdout:Nov 16 18:16:15 smithi002 ceph-mon[98807]: from='client.14124 -' entity='client.admin' cmd=[{"prefix": "get_command_descriptions"}]: dispatch
2023-11-16T18:16:15.546 INFO:journalctl@ceph.mon.a.smithi002.stdout:Nov 16 18:16:15 smithi002 ceph-mon[98807]: from='client.14124 -' entity='client.admin' cmd=[{"prefix": "mgr_status"}]: dispatch
2023-11-16T18:16:15.745 INFO:teuthology.orchestra.run.smithi002.stdout:/usr/bin/ceph: stderr
2023-11-16T18:16:15.008+0000 7fb83c94f700 1 Processor -- start
2023-11-16T18:16:15.752 INFO:teuthology.orchestra.run.smithi002.stdout:/usr/bin/ceph: stderr
2023-11-16T18:16:15.009+0000 7fb83c94f700 1 -- start start
2023-11-16T18:16:15.752 INFO:teuthology.orchestra.run.smithi002.stdout:/usr/bin/ceph: stderr
2023-11-16T18:16:15.009+0000 7fb83c94f700 1 --2- >> [v2:172.21.15.2:3300/0,v1:172.21.15.2:6789/0] conn(0x7fb838106550 0x7fb838108930 unknown :-1 s=NONE pgs=0 cs=0 l=0 rev1=0 crypto rx=0 tx=0 comp rx=0 tx=0).connect
2023-11-16T18:16:15.752 INFO:teuthology.orchestra.run.smithi002.stdout:/usr/bin/ceph: stderr
2023-11-16T18:16:15.009+0000 7fb83c94f700 1 -- --> [v2:172.21.15.2:3300/0,v1:172.21.15.2:6789/0] -- mon_getmap magic: 0 v1 -- 0x7fb838079da0 con 0x7fb838106550
2023-11-16T18:16:15.752 INFO:teuthology.orchestra.run.smithi002.stdout:/usr/bin/ceph: stderr
2023-11-16T18:16:15.009+0000 7fb83659c700 1 --2- >> [v2:172.21.15.2:3300/0,v1:172.21.15.2:6789/0] conn(0x7fb838106550 0x7fb838108930 unknown :-1 s=BANNER_CONNECTING pgs=0 cs=0 l=0 rev1=0 crypto rx=0 tx=0 comp rx=0 tx=0)._handle_peer_banner_payload supported=3 required=0
2023-11-16T18:16:15.752 INFO:teuthology.orchestra.run.smithi002.stdout:/usr/bin/ceph: stderr
2023-11-16T18:16:15.009+0000 7fb83659c700 1 --2- >> [v2:172.21.15.2:3300/0,v1:172.21.15.2:6789/0] conn(0x7fb838106550 0x7fb838108930 unknown :-1 s=HELLO_CONNECTING pgs=0 cs=0 l=0 rev1=1 crypto rx=0 tx=0 comp rx=0 tx=0).handle_hello peer v2:172.21.15.2:3300/0 says I am v2:172.21.15.2:46612/0 (socket says 172.21.15.2:46612)
2023-11-16T18:16:15.752 INFO:teuthology.orchestra.run.smithi002.stdout:/usr/bin/ceph: stderr
2023-11-16T18:16:15.009+0000 7fb83659c700 1 -- 172.21.15.2:0/3463198254 learned_addr learned my addr 172.21.15.2:0/3463198254 (peer_addr_for_me v2:172.21.15.2:0/0)
2023-11-16T18:16:15.752 INFO:teuthology.orchestra.run.smithi002.stdout:/usr/bin/ceph: stderr
2023-11-16T18:16:15.010+0000 7fb83659c700 1 -- 172.21.15.2:0/3463198254 --> [v2:172.21.15.2:3300/0,v1:172.21.15.2:6789/0] -- mon_subscribe({config=0+,monmap=0+}) v3 -- 0x7fb838079ee0 con 0x7fb838106550
2023-11-16T18:16:15.753 INFO:teuthology.orchestra.run.smithi002.stdout:/usr/bin/ceph: stderr
2023-11-16T18:16:15.010+0000 7fb83659c700 1 --2- 172.21.15.2:0/3463198254 >> [v2:172.21.15.2:3300/0,v1:172.21.15.2:6789/0] conn(0x7fb838106550 0x7fb838108930 secure :-1 s=READY pgs=37 cs=0 l=1 rev1=1 crypto rx=0x7fb8280098a0 tx=0x7fb828009bb0 comp rx=0 tx=0).ready entity=mon.0 client_cookie=c8b73f8c4a8060d7 server_cookie=0 in_seq=0 out_seq=0
2023-11-16T18:16:15.753 INFO:teuthology.orchestra.run.smithi002.stdout:/usr/bin/ceph: stderr
2023-11-16T18:16:15.010+0000 7fb83559a700 1 -- 172.21.15.2:0/3463198254 <== mon.0 v2:172.21.15.2:3300/0 1 ==== mon_map magic: 0 v1 ==== 205+0+0 (secure 0 0 0) 0x7fb828004160 con 0x7fb838106550
2023-11-16T18:16:15.753 INFO:teuthology.orchestra.run.smithi002.stdout:/usr/bin/ceph: stderr
2023-11-16T18:16:15.010+0000 7fb83559a700 1 -- 172.21.15.2:0/3463198254 <== mon.0 v2:172.21.15.2:3300/0 2 ==== config(26 keys) v1 ==== 1074+0+0 (secure 0 0 0) 0x7fb8280042c0 con 0x7fb838106550
2023-11-16T18:16:15.753 INFO:teuthology.orchestra.run.smithi002.stdout:/usr/bin/ceph: stderr
2023-11-16T18:16:15.010+0000 7fb83559a700 1 -- 172.21.15.2:0/3463198254 <== mon.0 v2:172.21.15.2:3300/0 3 ==== mon_map magic: 0 v1 ==== 205+0+0 (secure 0 0 0) 0x7fb828011a00 con 0x7fb838106550
2023-11-16T18:16:15.753 INFO:teuthology.orchestra.run.smithi002.stdout:/usr/bin/ceph: stderr
2023-11-16T18:16:15.011+0000 7fb83c94f700 1 -- 172.21.15.2:0/3463198254 >> [v2:172.21.15.2:3300/0,v1:172.21.15.2:6789/0] conn(0x7fb838106550 msgr2=0x7fb838108930 secure :-1 s=STATE_CONNECTION_ESTABLISHED l=1).mark_down
2023-11-16T18:16:15.753 INFO:teuthology.orchestra.run.smithi002.stdout:/usr/bin/ceph: stderr
2023-11-16T18:16:15.011+0000 7fb83c94f700 1 --2- 172.21.15.2:0/3463198254 >> [v2:172.21.15.2:3300/0,v1:172.21.15.2:6789/0] conn(0x7fb838106550 0x7fb838108930 secure :-1 s=READY pgs=37 cs=0 l=1 rev1=1 crypto rx=0x7fb8280098a0 tx=0x7fb828009bb0 comp rx=0 tx=0).stop
2023-11-16T18:16:15.753 INFO:teuthology.orchestra.run.smithi002.stdout:/usr/bin/ceph: stderr
2023-11-16T18:16:15.011+0000 7fb83c94f700 1 -- 172.21.15.2:0/3463198254 shutdown_connections
2023-11-16T18:16:15.753 INFO:teuthology.orchestra.run.smithi002.stdout:/usr/bin/ceph: stderr
2023-11-16T18:16:15.011+0000 7fb83c94f700 1 --2- 172.21.15.2:0/3463198254 >> [v2:172.21.15.2:3300/0,v1:172.21.15.2:6789/0] conn(0x7fb838106550 0x7fb838108930 unknown :-1 s=CLOSED pgs=37 cs=0 l=1 rev1=1 crypto rx=0 tx=0 comp rx=0 tx=0).stop
2023-11-16T18:16:15.753 INFO:teuthology.orchestra.run.smithi002.stdout:/usr/bin/ceph: stderr
2023-11-16T18:16:15.011+0000 7fb83c94f700 1 -- 172.21.15.2:0/3463198254 >> 172.21.15.2:0/3463198254 conn(0x7fb8380ffed0 msgr2=0x7fb838102300 unknown :-1 s=STATE_NONE l=0).mark_down
2023-11-16T18:16:15.753 INFO:teuthology.orchestra.run.smithi002.stdout:/usr/bin/ceph: stderr
2023-11-16T18:16:15.011+0000 7fb83c94f700 1 -- 172.21.15.2:0/3463198254 shutdown_connections
2023-11-16T18:16:15.753 INFO:teuthology.orchestra.run.smithi002.stdout:/usr/bin/ceph: stderr
2023-11-16T18:16:15.011+0000 7fb83c94f700 1 -- 172.21.15.2:0/3463198254 wait complete.
2023-11-16T18:16:15.754 INFO:teuthology.orchestra.run.smithi002.stdout:/usr/bin/ceph: stderr
2023-11-16T18:16:15.012+0000 7fb83c94f700 1 Processor -- start
2023-11-16T18:16:15.754 INFO:teuthology.orchestra.run.smithi002.stdout:/usr/bin/ceph: stderr
2023-11-16T18:16:15.012+0000 7fb83c94f700 1 -- start start
2023-11-16T18:16:15.754 INFO:teuthology.orchestra.run.smithi002.stdout:/usr/bin/ceph: stderr
2023-11-16T18:16:15.012+0000 7fb83c94f700 1 --2- >> [v2:172.21.15.2:3300/0,v1:172.21.15.2:6789/0] conn(0x7fb838106550 0x7fb838199770 unknown :-1 s=NONE pgs=0 cs=0 l=1 rev1=0 crypto rx=0 tx=0 comp rx=0 tx=0).connect
2023-11-16T18:16:15.754 INFO:teuthology.orchestra.run.smithi002.stdout:/usr/bin/ceph: stderr
2023-11-16T18:16:15.012+0000 7fb83c94f700 1 -- --> [v2:172.21.15.2:3300/0,v1:172.21.15.2:6789/0] -- mon_getmap magic: 0 v1 -- 0x7fb838199cb0 con 0x7fb838106550
2023-11-16T18:16:15.754 INFO:teuthology.orchestra.run.smithi002.stdout:/usr/bin/ceph: stderr
2023-11-16T18:16:15.012+0000 7fb83659c700 1 --2- >> [v2:172.21.15.2:3300/0,v1:172.21.15.2:6789/0] conn(0x7fb838106550 0x7fb838199770 unknown :-1 s=BANNER_CONNECTING pgs=0 cs=0 l=1 rev1=0 crypto rx=0 tx=0 comp rx=0 tx=0)._handle_peer_banner_payload supported=3 required=0
2023-11-16T18:16:15.754 INFO:teuthology.orchestra.run.smithi002.stdout:/usr/bin/ceph: stderr
2023-11-16T18:16:15.012+0000 7fb83659c700 1 --2- >> [v2:172.21.15.2:3300/0,v1:172.21.15.2:6789/0] conn(0x7fb838106550 0x7fb838199770 unknown :-1 s=HELLO_CONNECTING pgs=0 cs=0 l=1 rev1=1 crypto rx=0 tx=0 comp rx=0 tx=0).handle_hello peer v2:172.21.15.2:3300/0 says I am v2:172.21.15.2:46614/0 (socket says 172.21.15.2:46614)
2023-11-16T18:16:15.754 INFO:teuthology.orchestra.run.smithi002.stdout:/usr/bin/ceph: stderr
2023-11-16T18:16:15.012+0000 7fb83659c700 1 -- 172.21.15.2:0/705863819 learned_addr learned my addr 172.21.15.2:0/705863819 (peer_addr_for_me v2:172.21.15.2:0/0)
2023-11-16T18:16:15.754 INFO:teuthology.orchestra.run.smithi002.stdout:/usr/bin/ceph: stderr
2023-11-16T18:16:15.012+0000 7fb83659c700 1 -- 172.21.15.2:0/705863819 --> [v2:172.21.15.2:3300/0,v1:172.21.15.2:6789/0] -- mon_subscribe({config=0+,monmap=0+}) v3 -- 0x7fb828009550 con 0x7fb838106550
2023-11-16T18:16:15.754 INFO:teuthology.orchestra.run.smithi002.stdout:/usr/bin/ceph: stderr
2023-11-16T18:16:15.013+0000 7fb83659c700 1 --2- 172.21.15.2:0/705863819 >> [v2:172.21.15.2:3300/0,v1:172.21.15.2:6789/0] conn(0x7fb838106550 0x7fb838199770 secure :-1 s=READY pgs=38 cs=0 l=1 rev1=1 crypto rx=0x7fb828006af0 tx=0x7fb828011ad0 comp rx=0 tx=0).ready entity=mon.0 client_cookie=0 server_cookie=0 in_seq=0 out_seq=0
2023-11-16T18:16:15.754 INFO:teuthology.orchestra.run.smithi002.stdout:/usr/bin/ceph: stderr
2023-11-16T18:16:15.013+0000 7fb8277fe700 1 -- 172.21.15.2:0/705863819 <== mon.0 v2:172.21.15.2:3300/0 1 ==== mon_map magic: 0 v1 ==== 205+0+0 (secure 0 0 0) 0x7fb828003a40 con 0x7fb838106550
2023-11-16T18:16:15.754 INFO:teuthology.orchestra.run.smithi002.stdout:/usr/bin/ceph: stderr
2023-11-16T18:16:15.013+0000 7fb8277fe700 1 -- 172.21.15.2:0/705863819 <== mon.0 v2:172.21.15.2:3300/0 2 ==== config(26 keys) v1 ==== 1074+0+0 (secure 0 0 0) 0x7fb828003ba0 con 0x7fb838106550
2023-11-16T18:16:15.755 INFO:teuthology.orchestra.run.smithi002.stdout:/usr/bin/ceph: stderr
2023-11-16T18:16:15.013+0000 7fb8277fe700 1 -- 172.21.15.2:0/705863819 <== mon.0 v2:172.21.15.2:3300/0 3 ==== mon_map magic: 0 v1 ==== 205+0+0 (secure 0 0 0) 0x7fb82801a6e0 con 0x7fb838106550
2023-11-16T18:16:15.755 INFO:teuthology.orchestra.run.smithi002.stdout:/usr/bin/ceph: stderr
2023-11-16T18:16:15.013+0000 7fb83c94f700 1 -- 172.21.15.2:0/705863819 --> [v2:172.21.15.2:3300/0,v1:172.21.15.2:6789/0] -- mon_subscribe({mgrmap=0+}) v3 -- 0x7fb838109d30 con 0x7fb838106550
2023-11-16T18:16:15.755 INFO:teuthology.orchestra.run.smithi002.stdout:/usr/bin/ceph: stderr
2023-11-16T18:16:15.013+0000 7fb83c94f700 1 -- 172.21.15.2:0/705863819 --> [v2:172.21.15.2:3300/0,v1:172.21.15.2:6789/0] -- mon_subscribe({osdmap=0}) v3 -- 0x7fb838109ba0 con 0x7fb838106550
2023-11-16T18:16:15.755 INFO:teuthology.orchestra.run.smithi002.stdout:/usr/bin/ceph: stderr
2023-11-16T18:16:15.014+0000 7fb8277fe700 1 -- 172.21.15.2:0/705863819 <== mon.0 v2:172.21.15.2:3300/0 4 ==== mgrmap(e 7) v1 ==== 45377+0+0 (secure 0 0 0) 0x7fb828024a60 con 0x7fb838106550
2023-11-16T18:16:15.755 INFO:teuthology.orchestra.run.smithi002.stdout:/usr/bin/ceph: stderr
2023-11-16T18:16:15.014+0000 7fb83c94f700 1 -- 172.21.15.2:0/705863819 --> [v2:172.21.15.2:3300/0,v1:172.21.15.2:6789/0] -- mon_command({"prefix": "get_command_descriptions"} v 0) v1 -- 0x7fb838062120 con 0x7fb838106550
2023-11-16T18:16:15.755 INFO:teuthology.orchestra.run.smithi002.stdout:/usr/bin/ceph: stderr
2023-11-16T18:16:15.014+0000 7fb8277fe700 1 --2- 172.21.15.2:0/705863819 >> [v2:172.21.15.2:6800/1605535303,v1:172.21.15.2:6801/1605535303] conn(0x7fb820038630 0x7fb82003aae0 unknown :-1 s=NONE pgs=0 cs=0 l=1 rev1=0 crypto rx=0 tx=0 comp rx=0 tx=0).connect
2023-11-16T18:16:15.755 INFO:teuthology.orchestra.run.smithi002.stdout:/usr/bin/ceph: stderr
2023-11-16T18:16:15.014+0000 7fb8277fe700 1 -- 172.21.15.2:0/705863819 <== mon.0 v2:172.21.15.2:3300/0 5 ==== osd_map(2..2 src has 1..2) v4 ==== 940+0+0 (secure 0 0 0) 0x7fb82804c540 con 0x7fb838106550
2023-11-16T18:16:15.756 INFO:teuthology.orchestra.run.smithi002.stdout:/usr/bin/ceph: stderr
2023-11-16T18:16:15.014+0000 7fb835d9b700 1 --2- 172.21.15.2:0/705863819 >> [v2:172.21.15.2:6800/1605535303,v1:172.21.15.2:6801/1605535303] conn(0x7fb820038630 0x7fb82003aae0 unknown :-1 s=BANNER_CONNECTING pgs=0 cs=0 l=1 rev1=0 crypto rx=0 tx=0 comp rx=0 tx=0)._handle_peer_banner_payload supported=3 required=0
2023-11-16T18:16:15.756 INFO:teuthology.orchestra.run.smithi002.stdout:/usr/bin/ceph: stderr
2023-11-16T18:16:15.015+0000 7fb835d9b700 1 --2- 172.21.15.2:0/705863819 >> [v2:172.21.15.2:6800/1605535303,v1:172.21.15.2:6801/1605535303] conn(0x7fb820038630 0x7fb82003aae0 secure :-1 s=READY pgs=7 cs=0 l=1 rev1=1 crypto rx=0x7fb82c006fd0 tx=0x7fb82c006e40 comp rx=0 tx=0).ready entity=mgr.14120 client_cookie=0 server_cookie=0 in_seq=0 out_seq=0
2023-11-16T18:16:15.756 INFO:teuthology.orchestra.run.smithi002.stdout:/usr/bin/ceph: stderr
2023-11-16T18:16:15.019+0000 7fb8277fe700 1 -- 172.21.15.2:0/705863819 <== mon.0 v2:172.21.15.2:3300/0 6 ==== mon_command_ack([{"prefix": "get_command_descriptions"}]=0 v0) v1 ==== 72+0+177948 (secure 0 0 0) 0x7fb828024430 con 0x7fb838106550
2023-11-16T18:16:15.756 INFO:teuthology.orchestra.run.smithi002.stdout:/usr/bin/ceph: stderr
2023-11-16T18:16:15.270+0000 7fb8277fe700 1 -- 172.21.15.2:0/705863819 <== mon.0 v2:172.21.15.2:3300/0 7 ==== mgrmap(e 8) v1 ==== 45483+0+0 (secure 0 0 0) 0x7fb8280246c0 con 0x7fb838106550
2023-11-16T18:16:15.756 INFO:teuthology.orchestra.run.smithi002.stdout:/usr/bin/ceph: stderr
