2023-11-16T18:15:44.149 INFO:teuthology.orchestra.run.smithi063.stdout:/usr/bin/ceph: stderr
2023-11-16T18:15:43.819+0000 7f12864b7700 1 -- 172.21.15.63:0/2641065072 >> [v2:172.21.15.63:6800/3013530998,v1:172.21.15.63:6801/3013530998] conn(0x7f126803c150 msgr2=0x7f126803e530 secure :-1 s=STATE_CONNECTION_ESTABLISHED l=1).mark_down
2023-11-16T18:15:44.149 INFO:teuthology.orchestra.run.smithi063.stdout:/usr/bin/ceph: stderr
2023-11-16T18:15:43.819+0000 7f12864b7700 1 --2- 172.21.15.63:0/2641065072 >> [v2:172.21.15.63:6800/3013530998,v1:172.21.15.63:6801/3013530998] conn(0x7f126803c150 0x7f126803e530 secure :-1 s=READY pgs=2 cs=0 l=1 rev1=1 crypto rx=0x7f1274003a10 tx=0x7f12740092b0 comp rx=0 tx=0).stop
2023-11-16T18:15:44.149 INFO:teuthology.orchestra.run.smithi063.stdout:/usr/bin/ceph: stderr
2023-11-16T18:15:43.819+0000 7f12864b7700 1 -- 172.21.15.63:0/2641065072 >> [v2:172.21.15.63:3300/0,v1:172.21.15.63:6789/0] conn(0x7f1280104810 msgr2=0x7f1280199600 secure :-1 s=STATE_CONNECTION_ESTABLISHED l=1).mark_down
2023-11-16T18:15:44.149 INFO:teuthology.orchestra.run.smithi063.stdout:/usr/bin/ceph: stderr
2023-11-16T18:15:43.819+0000 7f12864b7700 1 --2- 172.21.15.63:0/2641065072 >> [v2:172.21.15.63:3300/0,v1:172.21.15.63:6789/0] conn(0x7f1280104810 0x7f1280199600 secure :-1 s=READY pgs=62 cs=0 l=1 rev1=1 crypto rx=0x7f1270003f00 tx=0x7f1270011a30 comp rx=0 tx=0).stop
2023-11-16T18:15:44.149 INFO:teuthology.orchestra.run.smithi063.stdout:/usr/bin/ceph: stderr
2023-11-16T18:15:43.820+0000 7f12864b7700 1 -- 172.21.15.63:0/2641065072 shutdown_connections
2023-11-16T18:15:44.149 INFO:teuthology.orchestra.run.smithi063.stdout:/usr/bin/ceph: stderr
2023-11-16T18:15:43.820+0000 7f12864b7700 1 --2- 172.21.15.63:0/2641065072 >> [v2:172.21.15.63:6800/3013530998,v1:172.21.15.63:6801/3013530998] conn(0x7f126803c150 0x7f126803e530 unknown :-1 s=CLOSED pgs=2 cs=0 l=1 rev1=1 crypto rx=0 tx=0 comp rx=0 tx=0).stop
2023-11-16T18:15:44.149 INFO:teuthology.orchestra.run.smithi063.stdout:/usr/bin/ceph: stderr
2023-11-16T18:15:43.820+0000 7f12864b7700 1 --2- 172.21.15.63:0/2641065072 >> [v2:172.21.15.63:3300/0,v1:172.21.15.63:6789/0] conn(0x7f1280104810 0x7f1280199600 unknown :-1 s=CLOSED pgs=62 cs=0 l=1 rev1=1 crypto rx=0 tx=0 comp rx=0 tx=0).stop
2023-11-16T18:15:44.149 INFO:teuthology.orchestra.run.smithi063.stdout:/usr/bin/ceph: stderr
2023-11-16T18:15:43.820+0000 7f12864b7700 1 --2- 172.21.15.63:0/2641065072 >> [v2:172.21.15.63:6800/2485432307,v1:172.21.15.63:6801/2485432307] conn(0x7f1268038820 0x7f126803acd0 unknown :-1 s=CLOSED pgs=0 cs=0 l=1 rev1=0 crypto rx=0 tx=0 comp rx=0 tx=0).stop
2023-11-16T18:15:44.149 INFO:teuthology.orchestra.run.smithi063.stdout:/usr/bin/ceph: stderr
2023-11-16T18:15:43.820+0000 7f12864b7700 1 -- 172.21.15.63:0/2641065072 >> 172.21.15.63:0/2641065072 conn(0x7f12800ffe80 msgr2=0x7f1280079960 unknown :-1 s=STATE_NONE l=0).mark_down
2023-11-16T18:15:44.149 INFO:teuthology.orchestra.run.smithi063.stdout:/usr/bin/ceph: stderr
2023-11-16T18:15:43.820+0000 7f12864b7700 1 -- 172.21.15.63:0/2641065072 shutdown_connections
2023-11-16T18:15:44.149 INFO:teuthology.orchestra.run.smithi063.stdout:/usr/bin/ceph: stderr
2023-11-16T18:15:43.820+0000 7f12864b7700 1 -- 172.21.15.63:0/2641065072 wait complete.
2023-11-16T18:15:44.150 INFO:teuthology.orchestra.run.smithi063.stdout:mgr epoch 9 is available
2023-11-16T18:15:44.150 INFO:teuthology.orchestra.run.smithi063.stdout:Generating a dashboard self-signed certificate...
2023-11-16T18:15:44.225 INFO:journalctl@ceph.mon.a.smithi063.stdout:Nov 16 18:15:43 smithi063 ceph-mon[98873]: from='mgr.14152 172.21.15.63:0/487825437' entity='mgr.x' cmd=[{"prefix":"config rm","who":"mgr","name":"mgr/rbd_support/x/mirror_snapshot_schedule"}]: dispatch
2023-11-16T18:15:44.226 INFO:journalctl@ceph.mon.a.smithi063.stdout:Nov 16 18:15:43 smithi063 ceph-mon[98873]: from='mgr.14152 172.21.15.63:0/487825437' entity='mgr.x' cmd=[{"prefix":"config rm","who":"mgr","name":"mgr/rbd_support/x/trash_purge_schedule"}]: dispatch
2023-11-16T18:15:44.226 INFO:journalctl@ceph.mon.a.smithi063.stdout:Nov 16 18:15:43 smithi063 ceph-mon[98873]: from='client.14156 -' entity='client.admin' cmd=[{"prefix": "get_command_descriptions"}]: dispatch
2023-11-16T18:15:44.226 INFO:journalctl@ceph.mon.a.smithi063.stdout:Nov 16 18:15:43 smithi063 ceph-mon[98873]: mgrmap e11: x(active, since 1.00607s)
2023-11-16T18:15:45.747 INFO:teuthology.orchestra.run.smithi063.stdout:/usr/bin/ceph: stdout Self-signed certificate created
2023-11-16T18:15:45.747 INFO:teuthology.orchestra.run.smithi063.stdout:/usr/bin/ceph: stderr
2023-11-16T18:15:44.866+0000 7fb5ef9c9700 1 Processor -- start
2023-11-16T18:15:45.747 INFO:teuthology.orchestra.run.smithi063.stdout:/usr/bin/ceph: stderr
2023-11-16T18:15:44.867+0000 7fb5ef9c9700 1 -- start start
2023-11-16T18:15:45.747 INFO:teuthology.orchestra.run.smithi063.stdout:/usr/bin/ceph: stderr
2023-11-16T18:15:44.867+0000 7fb5ef9c9700 1 --2- >> [v2:172.21.15.63:3300/0,v1:172.21.15.63:6789/0] conn(0x7fb5e81047f0 0x7fb5e8104c00 unknown :-1 s=NONE pgs=0 cs=0 l=0 rev1=0 crypto rx=0 tx=0 comp rx=0 tx=0).connect
2023-11-16T18:15:45.747 INFO:teuthology.orchestra.run.smithi063.stdout:/usr/bin/ceph: stderr
2023-11-16T18:15:44.867+0000 7fb5ef9c9700 1 -- --> [v2:172.21.15.63:3300/0,v1:172.21.15.63:6789/0] -- mon_getmap magic: 0 v1 -- 0x7fb5e8105140 con 0x7fb5e81047f0
2023-11-16T18:15:45.747 INFO:teuthology.orchestra.run.smithi063.stdout:/usr/bin/ceph: stderr
2023-11-16T18:15:44.867+0000 7fb5ed765700 1 --2- >> [v2:172.21.15.63:3300/0,v1:172.21.15.63:6789/0] conn(0x7fb5e81047f0 0x7fb5e8104c00 unknown :-1 s=BANNER_CONNECTING pgs=0 cs=0 l=0 rev1=0 crypto rx=0 tx=0 comp rx=0 tx=0)._handle_peer_banner_payload supported=3 required=0
2023-11-16T18:15:45.747 INFO:teuthology.orchestra.run.smithi063.stdout:/usr/bin/ceph: stderr
2023-11-16T18:15:44.867+0000 7fb5ed765700 1 --2- >> [v2:172.21.15.63:3300/0,v1:172.21.15.63:6789/0] conn(0x7fb5e81047f0 0x7fb5e8104c00 unknown :-1 s=HELLO_CONNECTING pgs=0 cs=0 l=0 rev1=1 crypto rx=0 tx=0 comp rx=0 tx=0).handle_hello peer v2:172.21.15.63:3300/0 says I am v2:172.21.15.63:41278/0 (socket says 172.21.15.63:41278)
2023-11-16T18:15:45.747 INFO:teuthology.orchestra.run.smithi063.stdout:/usr/bin/ceph: stderr
2023-11-16T18:15:44.867+0000 7fb5ed765700 1 -- 172.21.15.63:0/2576566979 learned_addr learned my addr 172.21.15.63:0/2576566979 (peer_addr_for_me v2:172.21.15.63:0/0)
2023-11-16T18:15:45.748 INFO:teuthology.orchestra.run.smithi063.stdout:/usr/bin/ceph: stderr
2023-11-16T18:15:44.867+0000 7fb5ed765700 1 -- 172.21.15.63:0/2576566979 --> [v2:172.21.15.63:3300/0,v1:172.21.15.63:6789/0] -- mon_subscribe({config=0+,monmap=0+}) v3 -- 0x7fb5e8105280 con 0x7fb5e81047f0
2023-11-16T18:15:45.748 INFO:teuthology.orchestra.run.smithi063.stdout:/usr/bin/ceph: stderr
2023-11-16T18:15:44.867+0000 7fb5ed765700 1 --2- 172.21.15.63:0/2576566979 >> [v2:172.21.15.63:3300/0,v1:172.21.15.63:6789/0] conn(0x7fb5e81047f0 0x7fb5e8104c00 secure :-1 s=READY pgs=70 cs=0 l=1 rev1=1 crypto rx=0x7fb5e40098a0 tx=0x7fb5e4009bb0 comp rx=0 tx=0).ready entity=mon.0 client_cookie=2ec303534f1363e7 server_cookie=0 in_seq=0 out_seq=0
2023-11-16T18:15:45.748 INFO:teuthology.orchestra.run.smithi063.stdout:/usr/bin/ceph: stderr
2023-11-16T18:15:44.868+0000 7fb5dffff700 1 -- 172.21.15.63:0/2576566979 <== mon.0 v2:172.21.15.63:3300/0 1 ==== mon_map magic: 0 v1 ==== 205+0+0 (secure 0 0 0) 0x7fb5e4004160 con 0x7fb5e81047f0
2023-11-16T18:15:45.748 INFO:teuthology.orchestra.run.smithi063.stdout:/usr/bin/ceph: stderr
2023-11-16T18:15:44.868+0000 7fb5dffff700 1 -- 172.21.15.63:0/2576566979 <== mon.0 v2:172.21.15.63:3300/0 2 ==== config(26 keys) v1 ==== 1105+0+0 (secure 0 0 0) 0x7fb5e40042c0 con 0x7fb5e81047f0
2023-11-16T18:15:45.748 INFO:teuthology.orchestra.run.smithi063.stdout:/usr/bin/ceph: stderr
2023-11-16T18:15:44.868+0000 7fb5dffff700 1 -- 172.21.15.63:0/2576566979 <== mon.0 v2:172.21.15.63:3300/0 3 ==== mon_map magic: 0 v1 ==== 205+0+0 (secure 0 0 0) 0x7fb5e40119b0 con 0x7fb5e81047f0
2023-11-16T18:15:45.748 INFO:teuthology.orchestra.run.smithi063.stdout:/usr/bin/ceph: stderr
2023-11-16T18:15:44.868+0000 7fb5ef9c9700 1 -- 172.21.15.63:0/2576566979 >> [v2:172.21.15.63:3300/0,v1:172.21.15.63:6789/0] conn(0x7fb5e81047f0 msgr2=0x7fb5e8104c00 secure :-1 s=STATE_CONNECTION_ESTABLISHED l=1).mark_down
2023-11-16T18:15:45.748 INFO:teuthology.orchestra.run.smithi063.stdout:/usr/bin/ceph: stderr
2023-11-16T18:15:44.868+0000 7fb5ef9c9700 1 --2- 172.21.15.63:0/2576566979 >> [v2:172.21.15.63:3300/0,v1:172.21.15.63:6789/0] conn(0x7fb5e81047f0 0x7fb5e8104c00 secure :-1 s=READY pgs=70 cs=0 l=1 rev1=1 crypto rx=0x7fb5e40098a0 tx=0x7fb5e4009bb0 comp rx=0 tx=0).stop
2023-11-16T18:15:45.748 INFO:teuthology.orchestra.run.smithi063.stdout:/usr/bin/ceph: stderr
2023-11-16T18:15:44.868+0000 7fb5ef9c9700 1 -- 172.21.15.63:0/2576566979 shutdown_connections
2023-11-16T18:15:45.748 INFO:teuthology.orchestra.run.smithi063.stdout:/usr/bin/ceph: stderr
2023-11-16T18:15:44.868+0000 7fb5ef9c9700 1 --2- 172.21.15.63:0/2576566979 >> [v2:172.21.15.63:3300/0,v1:172.21.15.63:6789/0] conn(0x7fb5e81047f0 0x7fb5e8104c00 unknown :-1 s=CLOSED pgs=70 cs=0 l=1 rev1=1 crypto rx=0 tx=0 comp rx=0 tx=0).stop
2023-11-16T18:15:45.748 INFO:teuthology.orchestra.run.smithi063.stdout:/usr/bin/ceph: stderr
2023-11-16T18:15:44.868+0000 7fb5ef9c9700 1 -- 172.21.15.63:0/2576566979 >> 172.21.15.63:0/2576566979 conn(0x7fb5e80ffe40 msgr2=0x7fb5e8102270 unknown :-1 s=STATE_NONE l=0).mark_down
2023-11-16T18:15:45.748 INFO:teuthology.orchestra.run.smithi063.stdout:/usr/bin/ceph: stderr
2023-11-16T18:15:44.869+0000 7fb5ef9c9700 1 -- 172.21.15.63:0/2576566979 shutdown_connections
2023-11-16T18:15:45.748 INFO:teuthology.orchestra.run.smithi063.stdout:/usr/bin/ceph: stderr
2023-11-16T18:15:44.869+0000 7fb5ef9c9700 1 -- 172.21.15.63:0/2576566979 wait complete.
2023-11-16T18:15:45.748 INFO:teuthology.orchestra.run.smithi063.stdout:/usr/bin/ceph: stderr
2023-11-16T18:15:44.869+0000 7fb5ef9c9700 1 Processor -- start
2023-11-16T18:15:45.748 INFO:teuthology.orchestra.run.smithi063.stdout:/usr/bin/ceph: stderr
2023-11-16T18:15:44.869+0000 7fb5ef9c9700 1 -- start start
2023-11-16T18:15:45.749 INFO:teuthology.orchestra.run.smithi063.stdout:/usr/bin/ceph: stderr
2023-11-16T18:15:44.869+0000 7fb5ef9c9700 1 --2- >> [v2:172.21.15.63:3300/0,v1:172.21.15.63:6789/0] conn(0x7fb5e81047f0 0x7fb5e8199530 unknown :-1 s=NONE pgs=0 cs=0 l=1 rev1=0 crypto rx=0 tx=0 comp rx=0 tx=0).connect
2023-11-16T18:15:45.749 INFO:teuthology.orchestra.run.smithi063.stdout:/usr/bin/ceph: stderr
2023-11-16T18:15:44.869+0000 7fb5ef9c9700 1 -- --> [v2:172.21.15.63:3300/0,v1:172.21.15.63:6789/0] -- mon_getmap magic: 0 v1 -- 0x7fb5e8199a70 con 0x7fb5e81047f0
2023-11-16T18:15:45.749 INFO:teuthology.orchestra.run.smithi063.stdout:/usr/bin/ceph: stderr
2023-11-16T18:15:44.870+0000 7fb5ed765700 1 --2- >> [v2:172.21.15.63:3300/0,v1:172.21.15.63:6789/0] conn(0x7fb5e81047f0 0x7fb5e8199530 unknown :-1 s=BANNER_CONNECTING pgs=0 cs=0 l=1 rev1=0 crypto rx=0 tx=0 comp rx=0 tx=0)._handle_peer_banner_payload supported=3 required=0
2023-11-16T18:15:45.749 INFO:teuthology.orchestra.run.smithi063.stdout:/usr/bin/ceph: stderr
2023-11-16T18:15:44.870+0000 7fb5ed765700 1 --2- >> [v2:172.21.15.63:3300/0,v1:172.21.15.63:6789/0] conn(0x7fb5e81047f0 0x7fb5e8199530 unknown :-1 s=HELLO_CONNECTING pgs=0 cs=0 l=1 rev1=1 crypto rx=0 tx=0 comp rx=0 tx=0).handle_hello peer v2:172.21.15.63:3300/0 says I am v2:172.21.15.63:41280/0 (socket says 172.21.15.63:41280)
2023-11-16T18:15:45.749 INFO:teuthology.orchestra.run.smithi063.stdout:/usr/bin/ceph: stderr
2023-11-16T18:15:44.870+0000 7fb5ed765700 1 -- 172.21.15.63:0/1460026817 learned_addr learned my addr 172.21.15.63:0/1460026817 (peer_addr_for_me v2:172.21.15.63:0/0)
2023-11-16T18:15:45.749 INFO:teuthology.orchestra.run.smithi063.stdout:/usr/bin/ceph: stderr
2023-11-16T18:15:44.870+0000 7fb5ed765700 1 -- 172.21.15.63:0/1460026817 --> [v2:172.21.15.63:3300/0,v1:172.21.15.63:6789/0] -- mon_subscribe({config=0+,monmap=0+}) v3 -- 0x7fb5e4009550 con 0x7fb5e81047f0
2023-11-16T18:15:45.749 INFO:teuthology.orchestra.run.smithi063.stdout:/usr/bin/ceph: stderr
2023-11-16T18:15:44.870+0000 7fb5ed765700 1 --2- 172.21.15.63:0/1460026817 >> [v2:172.21.15.63:3300/0,v1:172.21.15.63:6789/0] conn(0x7fb5e81047f0 0x7fb5e8199530 secure :-1 s=READY pgs=71 cs=0 l=1 rev1=1 crypto rx=0x7fb5e4011980 tx=0x7fb5e4011a60 comp rx=0 tx=0).ready entity=mon.0 client_cookie=0 server_cookie=0 in_seq=0 out_seq=0
2023-11-16T18:15:45.749 INFO:teuthology.orchestra.run.smithi063.stdout:/usr/bin/ceph: stderr
2023-11-16T18:15:44.870+0000 7fb5de7fc700 1 -- 172.21.15.63:0/1460026817 <== mon.0 v2:172.21.15.63:3300/0 1 ==== mon_map magic: 0 v1 ==== 205+0+0 (secure 0 0 0) 0x7fb5e4003a60 con 0x7fb5e81047f0
2023-11-16T18:15:45.749 INFO:teuthology.orchestra.run.smithi063.stdout:/usr/bin/ceph: stderr
2023-11-16T18:15:44.870+0000 7fb5de7fc700 1 -- 172.21.15.63:0/1460026817 <== mon.0 v2:172.21.15.63:3300/0 2 ==== config(26 keys) v1 ==== 1105+0+0 (secure 0 0 0) 0x7fb5e4003bc0 con 0x7fb5e81047f0
2023-11-16T18:15:45.749 INFO:teuthology.orchestra.run.smithi063.stdout:/usr/bin/ceph: stderr
2023-11-16T18:15:44.870+0000 7fb5ef9c9700 1 -- 172.21.15.63:0/1460026817 --> [v2:172.21.15.63:3300/0,v1:172.21.15.63:6789/0] -- mon_subscribe({mgrmap=0+}) v3 -- 0x7fb5e8106880 con 0x7fb5e81047f0
2023-11-16T18:15:45.749 INFO:teuthology.orchestra.run.smithi063.stdout:/usr/bin/ceph: stderr
2023-11-16T18:15:44.870+0000 7fb5de7fc700 1 -- 172.21.15.63:0/1460026817 <== mon.0 v2:172.21.15.63:3300/0 3 ==== mon_map magic: 0 v1 ==== 205+0+0 (secure 0 0 0) 0x7fb5e401a670 con 0x7fb5e81047f0
2023-11-16T18:15:45.749 INFO:teuthology.orchestra.run.smithi063.stdout:/usr/bin/ceph: stderr
2023-11-16T18:15:44.870+0000 7fb5ef9c9700 1 -- 172.21.15.63:0/1460026817 --> [v2:172.21.15.63:3300/0,v1:172.21.15.63:6789/0] -- mon_subscribe({osdmap=0}) v3 -- 0x7fb5e81066f0 con 0x7fb5e81047f0
2023-11-16T18:15:45.749 INFO:teuthology.orchestra.run.smithi063.stdout:/usr/bin/ceph: stderr
2023-11-16T18:15:44.871+0000 7fb5de7fc700 1 -- 172.21.15.63:0/1460026817 <== mon.0 v2:172.21.15.63:3300/0 4 ==== mgrmap(e 11) v1 ==== 45390+0+0 (secure 0 0 0) 0x7fb5e401a930 con 0x7fb5e81047f0
2023-11-16T18:15:45.750 INFO:teuthology.orchestra.run.smithi063.stdout:/usr/bin/ceph: stderr
2023-11-16T18:15:44.872+0000 7fb5ef9c9700 1 -- 172.21.15.63:0/1460026817 --> [v2:172.21.15.63:3300/0,v1:172.21.15.63:6789/0] -- mon_command({"prefix": "get_command_descriptions"} v 0) v1 -- 0x7fb5e8108cc0 con 0x7fb5e81047f0
2023-11-16T18:15:45.750 INFO:teuthology.orchestra.run.smithi063.stdout:/usr/bin/ceph: stderr
2023-11-16T18:15:44.872+0000 7fb5de7fc700 1 --2- 172.21.15.63:0/1460026817 >> [v2:172.21.15.63:6800/3013530998,v1:172.21.15.63:6801/3013530998] conn(0x7fb5d40386f0 0x7fb5d403aba0 unknown :-1 s=NONE pgs=0 cs=0 l=1 rev1=0 crypto rx=0 tx=0 comp rx=0 tx=0).connect
2023-11-16T18:15:45.750 INFO:teuthology.orchestra.run.smithi063.stdout:/usr/bin/ceph: stderr
2023-11-16T18:15:44.872+0000 7fb5de7fc700 1 -- 172.21.15.63:0/1460026817 <== mon.0 v2:172.21.15.63:3300/0 5 ==== osd_map(3..3 src has 1..3) v4 ==== 1155+0+0 (secure 0 0 0) 0x7fb5e404c910 con 0x7fb5e81047f0
2023-11-16T18:15:45.750 INFO:teuthology.orchestra.run.smithi063.stdout:/usr/bin/ceph: stderr
2023-11-16T18:15:44.872+0000 7fb5ecf64700 1 --2- 172.21.15.63:0/1460026817 >> [v2:172.21.15.63:6800/3013530998,v1:172.21.15.63:6801/3013530998] conn(0x7fb5d40386f0 0x7fb5d403aba0 unknown :-1 s=BANNER_CONNECTING pgs=0 cs=0 l=1 rev1=0 crypto rx=0 tx=0 comp rx=0 tx=0)._handle_peer_banner_payload supported=3 required=0
2023-11-16T18:15:45.753 INFO:teuthology.orchestra.run.smithi063.stdout:/usr/bin/ceph: stderr
2023-11-16T18:15:44.872+0000 7fb5ecf64700 1 --2- 172.21.15.63:0/1460026817 >> [v2:172.21.15.63:6800/3013530998,v1:172.21.15.63:6801/3013530998] conn(0x7fb5d40386f0 0x7fb5d403aba0 secure :-1 s=READY pgs=7 cs=0 l=1 rev1=1 crypto rx=0x7fb5d8006fd0 tx=0x7fb5d8006e40 comp rx=0 tx=0).ready entity=mgr.14152 client_cookie=0 server_cookie=0 in_seq=0 out_seq=0
2023-11-16T18:15:45.753 INFO:teuthology.orchestra.run.smithi063.stdout:/usr/bin/ceph: stderr
2023-11-16T18:15:44.881+0000 7fb5de7fc700 1 -- 172.21.15.63:0/1460026817 <== mon.0 v2:172.21.15.63:3300/0 6 ==== mon_command_ack([{"prefix": "get_command_descriptions"}]=0 v0) v1 ==== 72+0+177948 (secure 0 0 0) 0x7fb5e4018d90 con 0x7fb5e81047f0
2023-11-16T18:15:45.753 INFO:teuthology.orchestra.run.smithi063.stdout:/usr/bin/ceph: stderr
2023-11-16T18:15:45.262+0000 7fb5ef9c9700 1 -- 172.21.15.63:0/1460026817 --> [v2:172.21.15.63:6800/3013530998,v1:172.21.15.63:6801/3013530998] -- mgr_command(tid 0: {"prefix": "dashboard create-self-signed-cert", "target": ["mon-mgr", ""]}) v1 -- 0x7fb5e8101ec0 con 0x7fb5d40386f0
2023-11-16T18:15:45.754 INFO:teuthology.orchestra.run.smithi063.stdout:/usr/bin/ceph: stderr
2023-11-16T18:15:45.416+0000 7fb5de7fc700 1 -- 172.21.15.63:0/1460026817 <== mgr.14152 v2:172.21.15.63:6800/3013530998 1 ==== mgr_command_reply(tid 0: 0 ) v1 ==== 8+0+32 (secure 0 0 0) 0x7fb5e8101ec0 con 0x7fb5d40386f0
2023-11-16T18:15:45.754 INFO:teuthology.orchestra.run.smithi063.stdout:/usr/bin/ceph: stderr
2023-11-16T18:15:45.418+0000 7fb5ef9c9700 1 -- 172.21.15.63:0/1460026817 >> [v2:172.21.15.63:6800/3013530998,v1:172.21.15.63:6801/3013530998] conn(0x7fb5d40386f0 msgr2=0x7fb5d403aba0 secure :-1 s=STATE_CONNECTION_ESTABLISHED l=1).mark_down
2023-11-16T18:15:45.754 INFO:teuthology.orchestra.run.smithi063.stdout:/usr/bin/ceph: stderr
2023-11-16T18:15:45.418+0000 7fb5ef9c9700 1 --2- 172.21.15.63:0/1460026817 >> [v2:172.21.15.63:6800/3013530998,v1:172.21.15.63:6801/3013530998] conn(0x7fb5d40386f0 0x7fb5d403aba0 secure :-1 s=READY pgs=7 cs=0 l=1 rev1=1 crypto rx=0x7fb5d8006fd0 tx=0x7fb5d8006e40 comp rx=0 tx=0).stop
2023-11-16T18:15:45.754 INFO:teuthology.orchestra.run.smithi063.stdout:/usr/bin/ceph: stderr
2023-11-16T18:15:45.418+0000 7fb5ef9c9700 1 -- 172.21.15.63:0/1460026817 >> [v2:172.21.15.63:3300/0,v1:172.21.15.63:6789/0] conn(0x7fb5e81047f0 msgr2=0x7fb5e8199530 secure :-1 s=STATE_CONNECTION_ESTABLISHED l=1).mark_down
2023-11-16T18:15:45.754 INFO:teuthology.orchestra.run.smithi063.stdout:/usr/bin/ceph: stderr
2023-11-16T18:15:45.418+0000 7fb5ef9c9700 1 --2- 172.21.15.63:0/1460026817 >> [v2:172.21.15.63:3300/0,v1:172.21.15.63:6789/0] conn(0x7fb5e81047f0 0x7fb5e8199530 secure :-1 s=READY pgs=71 cs=0 l=1 rev1=1 crypto rx=0x7fb5e4011980 tx=0x7fb5e4011a60 comp rx=0 tx=0).stop
2023-11-16T18:15:45.754 INFO:teuthology.orchestra.run.smithi063.stdout:/usr/bin/ceph: stderr
2023-11-16T18:15:45.418+0000 7fb5ef9c9700 1 -- 172.21.15.63:0/1460026817 shutdown_connections
2023-11-16T18:15:45.754 INFO:teuthology.orchestra.run.smithi063.stdout:/usr/bin/ceph: stderr
2023-11-16T18:15:45.418+0000 7fb5ef9c9700 1 --2- 172.21.15.63:0/1460026817 >> [v2:172.21.15.63:6800/3013530998,v1:172.21.15.63:6801/3013530998] conn(0x7fb5d40386f0 0x7fb5d403aba0 unknown :-1 s=CLOSED pgs=7 cs=0 l=1 rev1=1 crypto rx=0 tx=0 comp rx=0 tx=0).stop
2023-11-16T18:15:45.754 INFO:teuthology.orchestra.run.smithi063.stdout:/usr/bin/ceph: stderr
2023-11-16T18:15:45.418+0000 7fb5ef9c9700 1 --2- 172.21.15.63:0/1460026817 >> [v2:172.21.15.63:3300/0,v1:172.21.15.63:6789/0] conn(0x7fb5e81047f0 0x7fb5e8199530 unknown :-1 s=CLOSED pgs=71 cs=0 l=1 rev1=1 crypto rx=0 tx=0 comp rx=0 tx=0).stop
2023-11-16T18:15:45.754 INFO:teuthology.orchestra.run.smithi063.stdout:/usr/bin/ceph: stderr
2023-11-16T18:15:45.418+0000 7fb5ef9c9700 1 -- 172.21.15.63:0/1460026817 >> 172.21.15.63:0/1460026817 conn(0x7fb5e80ffe40 msgr2=0x7fb5e80798e0 unknown :-1 s=STATE_NONE l=0).mark_down
2023-11-16T18:15:45.754 INFO:teuthology.orchestra.run.smithi063.stdout:/usr/bin/ceph: stderr
2023-11-16T18:15:45.418+0000 7fb5ef9c9700 1 -- 172.21.15.63:0/1460026817 shutdown_connections
2023-11-16T18:15:45.754 INFO:teuthology.orchestra.run.smithi063.stdout:/usr/bin/ceph: stderr
2023-11-16T18:15:45.418+0000 7fb5ef9c9700 1 -- 172.21.15.63:0/1460026817 wait complete.
2023-11-16T18:15:45.754 INFO:teuthology.orchestra.run.smithi063.stdout:Creating initial admin user...
2023-11-16T18:15:45.971 INFO:journalctl@ceph.mon.a.smithi063.stdout:Nov 16 18:15:45 smithi063 ceph-mon[98873]: [16/Nov/2023:18:15:43] ENGINE Bus STARTING
2023-11-16T18:15:45.971 INFO:journalctl@ceph.mon.a.smithi063.stdout:Nov 16 18:15:45 smithi063 ceph-mon[98873]: [16/Nov/2023:18:15:44] ENGINE Serving on https://172.21.15.63:7150
2023-11-16T18:15:45.971 INFO:journalctl@ceph.mon.a.smithi063.stdout:Nov 16 18:15:45 smithi063 ceph-mon[98873]: [16/Nov/2023:18:15:44] ENGINE Serving on http://172.21.15.63:8765
2023-11-16T18:15:45.971 INFO:journalctl@ceph.mon.a.smithi063.stdout:Nov 16 18:15:45 smithi063 ceph-mon[98873]: [16/Nov/2023:18:15:44] ENGINE Bus STARTED
2023-11-16T18:15:45.971 INFO:journalctl@ceph.mon.a.smithi063.stdout:Nov 16 18:15:45 smithi063 ceph-mon[98873]: from='mgr.14152 172.21.15.63:0/487825437' entity='mgr.x'
2023-11-16T18:15:45.971 INFO:journalctl@ceph.mon.a.smithi063.stdout:Nov 16 18:15:45 smithi063 ceph-mon[98873]: from='mgr.14152 172.21.15.63:0/487825437' entity='mgr.x'
2023-11-16T18:15:45.971 INFO:journalctl@ceph.mon.a.smithi063.stdout:Nov 16 18:15:45 smithi063 ceph-mon[98873]: from='mgr.14152 172.21.15.63:0/487825437' entity='mgr.x'
2023-11-16T18:15:47.081 INFO:journalctl@ceph.mon.a.smithi063.stdout:Nov 16 18:15:46 smithi063 ceph-mon[98873]: from='client.14164 -' entity='client.admin' cmd=[{"prefix": "dashboard create-self-signed-cert", "target": ["mon-mgr", ""]}]: dispatch
2023-11-16T18:15:47.081 INFO:journalctl@ceph.mon.a.smithi063.stdout:Nov 16 18:15:46 smithi063 ceph-mon[98873]: mgrmap e12: x(active, since 2s)
2023-11-16T18:15:47.081 INFO:journalctl@ceph.mon.a.smithi063.stdout:Nov 16 18:15:46 smithi063 ceph-mon[98873]: from='mgr.14152 172.21.15.63:0/487825437' entity='mgr.x'
2023-11-16T18:15:47.688 INFO:teuthology.orchestra.run.smithi063.stdout:/usr/bin/ceph: stdout {"username": "admin", "password": "$2b$12$PFd5/eNEyOn.q2bqlsMlYeFyeEgmD8OWpHqYdUTFzRbXNoNv.QOuq", "roles": ["administrator"], "name": null, "email": null, "lastUpdate": 1700158546, "enabled": true, "pwdExpirationDate": null, "pwdUpdateRequired": true}
2023-11-16T18:15:47.689 INFO:teuthology.orchestra.run.smithi063.stdout:/usr/bin/ceph: stderr
2023-11-16T18:15:46.265+0000 7f9853ade700 1 Processor -- start
2023-11-16T18:15:47.689 INFO:teuthology.orchestra.run.smithi063.stdout:/usr/bin/ceph: stderr
2023-11-16T18:15:46.266+0000 7f9853ade700 1 -- start start
2023-11-16T18:15:47.689 INFO:teuthology.orchestra.run.smithi063.stdout:/usr/bin/ceph: stderr
2023-11-16T18:15:46.266+0000 7f9853ade700 1 --2- >> [v2:172.21.15.63:3300/0,v1:172.21.15.63:6789/0] conn(0x7f984c079d00 0x7f984c10a8b0 unknown :-1 s=NONE pgs=0 cs=0 l=0 rev1=0 crypto rx=0 tx=0 comp rx=0 tx=0).connect
2023-11-16T18:15:47.689 INFO:teuthology.orchestra.run.smithi063.stdout:/usr/bin/ceph: stderr
2023-11-16T18:15:46.266+0000 7f9853ade700 1 -- --> [v2:172.21.15.63:3300/0,v1:172.21.15.63:6789/0] -- mon_getmap magic: 0 v1 -- 0x7f984c1062a0 con 0x7f984c079d00
2023-11-16T18:15:47.689 INFO:teuthology.orchestra.run.smithi063.stdout:/usr/bin/ceph: stderr
2023-11-16T18:15:46.266+0000 7f985187a700 1 --2- >> [v2:172.21.15.63:3300/0,v1:172.21.15.63:6789/0] conn(0x7f984c079d00 0x7f984c10a8b0 unknown :-1 s=BANNER_CONNECTING pgs=0 cs=0 l=0 rev1=0 crypto rx=0 tx=0 comp rx=0 tx=0)._handle_peer_banner_payload supported=3 required=0
2023-11-16T18:15:47.689 INFO:teuthology.orchestra.run.smithi063.stdout:/usr/bin/ceph: stderr
2023-11-16T18:15:46.266+0000 7f985187a700 1 --2- >> [v2:172.21.15.63:3300/0,v1:172.21.15.63:6789/0] conn(0x7f984c079d00 0x7f984c10a8b0 unknown :-1 s=HELLO_CONNECTING pgs=0 cs=0 l=0 rev1=1 crypto rx=0 tx=0 comp rx=0 tx=0).handle_hello peer v2:172.21.15.63:3300/0 says I am v2:172.21.15.63:41284/0 (socket says 172.21.15.63:41284)
2023-11-16T18:15:47.689 INFO:teuthology.orchestra.run.smithi063.stdout:/usr/bin/ceph: stderr
2023-11-16T18:15:46.266+0000 7f985187a700 1 -- 172.21.15.63:0/2551712567 learned_addr learned my addr 172.21.15.63:0/2551712567 (peer_addr_for_me v2:172.21.15.63:0/0)
2023-11-16T18:15:47.689 INFO:teuthology.orchestra.run.smithi063.stdout:/usr/bin/ceph: stderr
2023-11-16T18:15:46.266+0000 7f985187a700 1 -- 172.21.15.63:0/2551712567 --> [v2:172.21.15.63:3300/0,v1:172.21.15.63:6789/0] -- mon_subscribe({config=0+,monmap=0+}) v3 -- 0x7f984c10adf0 con 0x7f984c079d00
2023-11-16T18:15:47.689 INFO:teuthology.orchestra.run.smithi063.stdout:/usr/bin/ceph: stderr
2023-11-16T18:15:46.266+0000 7f985187a700 1 --2- 172.21.15.63:0/2551712567 >> [v2:172.21.15.63:3300/0,v1:172.21.15.63:6789/0] conn(0x7f984c079d00 0x7f984c10a8b0 secure :-1 s=READY pgs=72 cs=0 l=1 rev1=1 crypto rx=0x7f98480098a0 tx=0x7f9848009bb0 comp rx=0 tx=0).ready entity=mon.0 client_cookie=4b0b6c6689c71cb4 server_cookie=0 in_seq=0 out_seq=0
2023-11-16T18:15:47.689 INFO:teuthology.orchestra.run.smithi063.stdout:/usr/bin/ceph: stderr
2023-11-16T18:15:46.267+0000 7f9850878700 1 -- 172.21.15.63:0/2551712567 <== mon.0 v2:172.21.15.63:3300/0 1 ==== mon_map magic: 0 v1 ==== 205+0+0 (secure 0 0 0) 0x7f9848004160 con 0x7f984c079d00
2023-11-16T18:15:47.689 INFO:teuthology.orchestra.run.smithi063.stdout:/usr/bin/ceph: stderr
2023-11-16T18:15:46.267+0000 7f9850878700 1 -- 172.21.15.63:0/2551712567 <== mon.0 v2:172.21.15.63:3300/0 2 ==== config(26 keys) v1 ==== 1105+0+0 (secure 0 0 0) 0x7f98480042c0 con 0x7f984c079d00
2023-11-16T18:15:47.689 INFO:teuthology.orchestra.run.smithi063.stdout:/usr/bin/ceph: stderr
2023-11-16T18:15:46.267+0000 7f9850878700 1 -- 172.21.15.63:0/2551712567 <== mon.0 v2:172.21.15.63:3300/0 3 ==== mon_map magic: 0 v1 ==== 205+0+0 (secure 0 0 0) 0x7f98480119b0 con 0x7f984c079d00
2023-11-16T18:15:47.690 INFO:teuthology.orchestra.run.smithi063.stdout:/usr/bin/ceph: stderr
2023-11-16T18:15:46.267+0000 7f9853ade700 1 -- 172.21.15.63:0/2551712567 >> [v2:172.21.15.63:3300/0,v1:172.21.15.63:6789/0] conn(0x7f984c079d00 msgr2=0x7f984c10a8b0 secure :-1 s=STATE_CONNECTION_ESTABLISHED l=1).mark_down
2023-11-16T18:15:47.690 INFO:teuthology.orchestra.run.smithi063.stdout:/usr/bin/ceph: stderr
2023-11-16T18:15:46.267+0000 7f9853ade700 1 --2- 172.21.15.63:0/2551712567 >> [v2:172.21.15.63:3300/0,v1:172.21.15.63:6789/0] conn(0x7f984c079d00 0x7f984c10a8b0 secure :-1 s=READY pgs=72 cs=0 l=1 rev1=1 crypto rx=0x7f98480098a0 tx=0x7f9848009bb0 comp rx=0 tx=0).stop
2023-11-16T18:15:47.690 INFO:teuthology.orchestra.run.smithi063.stdout:/usr/bin/ceph: stderr
2023-11-16T18:15:46.267+0000 7f9853ade700 1 -- 172.21.15.63:0/2551712567 shutdown_connections
2023-11-16T18:15:47.690 INFO:teuthology.orchestra.run.smithi063.stdout:/usr/bin/ceph: stderr
2023-11-16T18:15:46.267+0000 7f9853ade700 1 --2- 172.21.15.63:0/2551712567 >> [v2:172.21.15.63:3300/0,v1:172.21.15.63:6789/0] conn(0x7f984c079d00 0x7f984c10a8b0 unknown :-1 s=CLOSED pgs=72 cs=0 l=1 rev1=1 crypto rx=0 tx=0 comp rx=0 tx=0).stop
2023-11-16T18:15:47.690 INFO:teuthology.orchestra.run.smithi063.stdout:/usr/bin/ceph: stderr
2023-11-16T18:15:46.267+0000 7f9853ade700 1 -- 172.21.15.63:0/2551712567 >> 172.21.15.63:0/2551712567 conn(0x7f984c0ffe80 msgr2=0x7f984c102290 unknown :-1 s=STATE_NONE l=0).mark_down
2023-11-16T18:15:47.690 INFO:teuthology.orchestra.run.smithi063.stdout:/usr/bin/ceph: stderr
2023-11-16T18:15:46.268+0000 7f9853ade700 1 -- 172.21.15.63:0/2551712567 shutdown_connections
2023-11-16T18:15:47.690 INFO:teuthology.orchestra.run.smithi063.stdout:/usr/bin/ceph: stderr
2023-11-16T18:15:46.268+0000 7f9853ade700 1 -- 172.21.15.63:0/2551712567 wait complete.
2023-11-16T18:15:47.690 INFO:teuthology.orchestra.run.smithi063.stdout:/usr/bin/ceph: stderr
2023-11-16T18:15:46.268+0000 7f9853ade700 1 Processor -- start
2023-11-16T18:15:47.690 INFO:teuthology.orchestra.run.smithi063.stdout:/usr/bin/ceph: stderr
2023-11-16T18:15:46.268+0000 7f9853ade700 1 -- start start
2023-11-16T18:15:47.690 INFO:teuthology.orchestra.run.smithi063.stdout:/usr/bin/ceph: stderr
2023-11-16T18:15:46.268+0000 7f9853ade700 1 --2- >> [v2:172.21.15.63:3300/0,v1:172.21.15.63:6789/0] conn(0x7f984c19b7b0 0x7f984c19bbc0 unknown :-1 s=NONE pgs=0 cs=0 l=1 rev1=0 crypto rx=0 tx=0 comp rx=0 tx=0).connect
2023-11-16T18:15:47.690 INFO:teuthology.orchestra.run.smithi063.stdout:/usr/bin/ceph: stderr
2023-11-16T18:15:46.268+0000 7f9853ade700 1 -- --> [v2:172.21.15.63:3300/0,v1:172.21.15.63:6789/0] -- mon_getmap magic: 0 v1 -- 0x7f984c19c100 con 0x7f984c19b7b0
2023-11-16T18:15:47.690 INFO:teuthology.orchestra.run.smithi063.stdout:/usr/bin/ceph: stderr
2023-11-16T18:15:46.268+0000 7f985187a700 1 --2- >> [v2:172.21.15.63:3300/0,v1:172.21.15.63:6789/0] conn(0x7f984c19b7b0 0x7f984c19bbc0 unknown :-1 s=BANNER_CONNECTING pgs=0 cs=0 l=1 rev1=0 crypto rx=0 tx=0 comp rx=0 tx=0)._handle_peer_banner_payload supported=3 required=0
2023-11-16T18:15:47.690 INFO:teuthology.orchestra.run.smithi063.stdout:/usr/bin/ceph: stderr
2023-11-16T18:15:46.269+0000 7f985187a700 1 --2- >> [v2:172.21.15.63:3300/0,v1:172.21.15.63:6789/0] conn(0x7f984c19b7b0 0x7f984c19bbc0 unknown :-1 s=HELLO_CONNECTING pgs=0 cs=0 l=1 rev1=1 crypto rx=0 tx=0 comp rx=0 tx=0).handle_hello peer v2:172.21.15.63:3300/0 says I am v2:172.21.15.63:41286/0 (socket says 172.21.15.63:41286)
2023-11-16T18:15:47.691 INFO:teuthology.orchestra.run.smithi063.stdout:/usr/bin/ceph: stderr
2023-11-16T18:15:46.269+0000 7f985187a700 1 -- 172.21.15.63:0/564922131 learned_addr learned my addr 172.21.15.63:0/564922131 (peer_addr_for_me v2:172.21.15.63:0/0)
2023-11-16T18:15:47.691 INFO:teuthology.orchestra.run.smithi063.stdout:/usr/bin/ceph: stderr
2023-11-16T18:15:46.269+0000 7f985187a700 1 -- 172.21.15.63:0/564922131 --> [v2:172.21.15.63:3300/0,v1:172.21.15.63:6789/0] -- mon_subscribe({config=0+,monmap=0+}) v3 -- 0x7f9848009550 con 0x7f984c19b7b0
2023-11-16T18:15:47.691 INFO:teuthology.orchestra.run.smithi063.stdout:/usr/bin/ceph: stderr
2023-11-16T18:15:46.269+0000 7f985187a700 1 --2- 172.21.15.63:0/564922131 >> [v2:172.21.15.63:3300/0,v1:172.21.15.63:6789/0] conn(0x7f984c19b7b0 0x7f984c19bbc0 secure :-1 s=READY pgs=73 cs=0 l=1 rev1=1 crypto rx=0x7f9848003e60 tx=0x7f9848011aa0 comp rx=0 tx=0).ready entity=mon.0 client_cookie=0 server_cookie=0 in_seq=0 out_seq=0
2023-11-16T18:15:47.691 INFO:teuthology.orchestra.run.smithi063.stdout:/usr/bin/ceph: stderr
2023-11-16T18:15:46.269+0000 7f9842ffd700 1 -- 172.21.15.63:0/564922131 <== mon.0 v2:172.21.15.63:3300/0 1 ==== mon_map magic: 0 v1 ==== 205+0+0 (secure 0 0 0) 0x7f9848003970 con 0x7f984c19b7b0
2023-11-16T18:15:47.691 INFO:teuthology.orchestra.run.smithi063.stdout:/usr/bin/ceph: stderr
2023-11-16T18:15:46.269+0000 7f9842ffd700 1 -- 172.21.15.63:0/564922131 <== mon.0 v2:172.21.15.63:3300/0 2 ==== config(26 keys) v1 ==== 1105+0+0 (secure 0 0 0) 0x7f9848003ad0 con 0x7f984c19b7b0
2023-11-16T18:15:47.691 INFO:teuthology.orchestra.run.smithi063.stdout:/usr/bin/ceph: stderr
2023-11-16T18:15:46.269+0000 7f9853ade700 1 -- 172.21.15.63:0/564922131 --> [v2:172.21.15.63:3300/0,v1:172.21.15.63:6789/0] -- mon_subscribe({mgrmap=0+}) v3 -- 0x7f984c10bdc0 con 0x7f984c19b7b0
2023-11-16T18:15:47.691 INFO:teuthology.orchestra.run.smithi063.stdout:/usr/bin/ceph: stderr
2023-11-16T18:15:46.269+0000 7f9842ffd700 1 -- 172.21.15.63:0/564922131 <== mon.0 v2:172.21.15.63:3300/0 3 ==== mon_map magic: 0 v1 ==== 205+0+0 (secure 0 0 0) 0x7f98480195e0 con 0x7f984c19b7b0
2023-11-16T18:15:47.691 INFO:teuthology.orchestra.run.smithi063.stdout:/usr/bin/ceph: stderr
2023-11-16T18:15:46.269+0000 7f9853ade700 1 -- 172.21.15.63:0/564922131 --> [v2:172.21.15.63:3300/0,v1:172.21.15.63:6789/0] -- mon_subscribe({osdmap=0}) v3 -- 0x7f984c10bc30 con 0x7f984c19b7b0
2023-11-16T18:15:47.691 INFO:teuthology.orchestra.run.smithi063.stdout:/usr/bin/ceph: stderr
2023-11-16T18:15:46.270+0000 7f9842ffd700 1 -- 172.21.15.63:0/564922131 <== mon.0 v2:172.21.15.63:3300/0 4 ==== mgrmap(e 12) v1 ==== 45496+0+0 (secure 0 0 0) 0x7f984801a430 con 0x7f984c19b7b0
2023-11-16T18:15:47.691 INFO:teuthology.orchestra.run.smithi063.stdout:/usr/bin/ceph: stderr
2023-11-16T18:15:46.270+0000 7f9853ade700 1 -- 172.21.15.63:0/564922131 --> [v2:172.21.15.63:3300/0,v1:172.21.15.63:6789/0] -- mon_command({"prefix": "get_command_descriptions"} v 0) v1 -- 0x7f984c062120 con 0x7f984c19b7b0
2023-11-16T18:15:47.691 INFO:teuthology.orchestra.run.smithi063.stdout:/usr/bin/ceph: stderr
2023-11-16T18:15:46.271+0000 7f9842ffd700 1 --2- 172.21.15.63:0/564922131 >> [v2:172.21.15.63:6800/3013530998,v1:172.21.15.63:6801/3013530998] conn(0x7f9838038820 0x7f983803acd0 unknown :-1 s=NONE pgs=0 cs=0 l=1 rev1=0 crypto rx=0 tx=0 comp rx=0 tx=0).connect
2023-11-16T18:15:47.691 INFO:teuthology.orchestra.run.smithi063.stdout:/usr/bin/ceph: stderr
2023-11-16T18:15:46.271+0000 7f9842ffd700 1 -- 172.21.15.63:0/564922131 <== mon.0 v2:172.21.15.63:3300/0 5 ==== osd_map(3..3 src has 1..3) v4 ==== 1155+0+0 (secure 0 0 0) 0x7f984804c990 con 0x7f984c19b7b0
2023-11-16T18:15:47.691 INFO:teuthology.orchestra.run.smithi063.stdout:/usr/bin/ceph: stderr
2023-11-16T18:15:46.271+0000 7f9851079700 1 --2- 172.21.15.63:0/564922131 >> [v2:172.21.15.63:6800/3013530998,v1:172.21.15.63:6801/3013530998] conn(0x7f9838038820 0x7f983803acd0 unknown :-1 s=BANNER_CONNECTING pgs=0 cs=0 l=1 rev1=0 crypto rx=0 tx=0 comp rx=0 tx=0)._handle_peer_banner_payload supported=3 required=0
2023-11-16T18:15:47.692 INFO:teuthology.orchestra.run.smithi063.stdout:/usr/bin/ceph: stderr
2023-11-16T18:15:46.271+0000 7f9851079700 1 --2- 172.21.15.63:0/564922131 >> [v2:172.21.15.63:6800/3013530998,v1:172.21.15.63:6801/3013530998] conn(0x7f9838038820 0x7f983803acd0 secure :-1 s=READY pgs=8 cs=0 l=1 rev1=1 crypto rx=0x7f983c006fd0 tx=0x7f983c006e40 comp rx=0 tx=0).ready entity=mgr.14152 client_cookie=0 server_cookie=0 in_seq=0 out_seq=0
2023-11-16T18:15:47.692 INFO:teuthology.orchestra.run.smithi063.stdout:/usr/bin/ceph: stderr
2023-11-16T18:15:46.275+0000 7f9842ffd700 1 -- 172.21.15.63:0/564922131 <== mon.0 v2:172.21.15.63:3300/0 6 ==== mon_command_ack([{"prefix": "get_command_descriptions"}]=0 v0) v1 ==== 72+0+177948 (secure 0 0 0) 0x7f9848003c40 con 0x7f984c19b7b0
2023-11-16T18:15:47.692 INFO:teuthology.orchestra.run.smithi063.stdout:/usr/bin/ceph: stderr
2023-11-16T18:15:46.672+0000 7f9853ade700 1 -- 172.21.15.63:0/564922131 --> [v2:172.21.15.63:6800/3013530998,v1:172.21.15.63:6801/3013530998] -- mgr_command(tid 0: {"prefix": "dashboard ac-user-create", "username": "admin", "rolename": "administrator", "force_password": true, "pwd_update_required": true, "target": ["mon-mgr", ""]}) v1 -- 0x7f984c061f40 con 0x7f9838038820
2023-11-16T18:15:47.692 INFO:teuthology.orchestra.run.smithi063.stdout:/usr/bin/ceph: stderr
2023-11-16T18:15:46.919+0000 7f9842ffd700 1 -- 172.21.15.63:0/564922131 <== mgr.14152 v2:172.21.15.63:6800/3013530998 1 ==== mgr_command_reply(tid 0: 0 ) v1 ==== 8+0+252 (secure 0 0 0) 0x7f984c061f40 con 0x7f9838038820
2023-11-16T18:15:47.692 INFO:teuthology.orchestra.run.smithi063.stdout:/usr/bin/ceph: stderr
2023-11-16T18:15:46.922+0000 7f9853ade700 1 -- 172.21.15.63:0/564922131 >> [v2:172.21.15.63:6800/3013530998,v1:172.21.15.63:6801/3013530998] conn(0x7f9838038820 msgr2=0x7f983803acd0 secure :-1 s=STATE_CONNECTION_ESTABLISHED l=1).mark_down
2023-11-16T18:15:47.692 INFO:teuthology.orchestra.run.smithi063.stdout:/usr/bin/ceph: stderr
2023-11-16T18:15:46.922+0000 7f9853ade700 1 --2- 172.21.15.63:0/564922131 >> [v2:172.21.15.63:6800/3013530998,v1:172.21.15.63:6801/3013530998] conn(0x7f9838038820 0x7f983803acd0 secure :-1 s=READY pgs=8 cs=0 l=1 rev1=1 crypto rx=0x7f983c006fd0 tx=0x7f983c006e40 comp rx=0 tx=0).stop
2023-11-16T18:15:47.692 INFO:teuthology.orchestra.run.smithi063.stdout:/usr/bin/ceph: stderr
2023-11-16T18:15:46.922+0000 7f9853ade700 1 -- 172.21.15.63:0/564922131 >> [v2:172.21.15.63:3300/0,v1:172.21.15.63:6789/0] conn(0x7f984c19b7b0 msgr2=0x7f984c19bbc0 secure :-1 s=STATE_CONNECTION_ESTABLISHED l=1).mark_down
2023-11-16T18:15:47.692 INFO:teuthology.orchestra.run.smithi063.stdout:/usr/bin/ceph: stderr
2023-11-16T18:15:46.922+0000 7f9853ade700 1 --2- 172.21.15.63:0/564922131 >> [v2:172.21.15.63:3300/0,v1:172.21.15.63:6789/0] conn(0x7f984c19b7b0 0x7f984c19bbc0 secure :-1 s=READY pgs=73 cs=0 l=1 rev1=1 crypto rx=0x7f9848003e60 tx=0x7f9848011aa0 comp rx=0 tx=0).stop
2023-11-16T18:15:47.692 INFO:teuthology.orchestra.run.smithi063.stdout:/usr/bin/ceph: stderr
2023-11-16T18:15:46.922+0000 7f9853ade700 1 -- 172.21.15.63:0/564922131 shutdown_connections
2023-11-16T18:15:47.692 INFO:teuthology.orchestra.run.smithi063.stdout:/usr/bin/ceph: stderr
2023-11-16T18:15:46.922+0000 7f9853ade700 1 --2- 172.21.15.63:0/564922131 >> [v2:172.21.15.63:6800/3013530998,v1:172.21.15.63:6801/3013530998] conn(0x7f9838038820 0x7f983803acd0 unknown :-1 s=CLOSED pgs=8 cs=0 l=1 rev1=1 crypto rx=0 tx=0 comp rx=0 tx=0).stop
2023-11-16T18:15:47.692 INFO:teuthology.orchestra.run.smithi063.stdout:/usr/bin/ceph: stderr
2023-11-16T18:15:46.922+0000 7f9853ade700 1 --2- 172.21.15.63:0/564922131 >> [v2:172.21.15.63:3300/0,v1:172.21.15.63:6789/0] conn(0x7f984c19b7b0 0x7f984c19bbc0 unknown :-1 s=CLOSED pgs=73 cs=0 l=1 rev1=1 crypto rx=0 tx=0 comp rx=0 tx=0).stop
2023-11-16T18:15:47.692 INFO:teuthology.orchestra.run.smithi063.stdout:/usr/bin/ceph: stderr
2023-11-16T18:15:46.922+0000 7f9853ade700 1 -- 172.21.15.63:0/564922131 >> 172.21.15.63:0/564922131 conn(0x7f984c0ffe80 msgr2=0x7f984c100b70 unknown :-1 s=STATE_NONE l=0).mark_down
2023-11-16T18:15:47.692 INFO:teuthology.orchestra.run.smithi063.stdout:/usr/bin/ceph: stderr
2023-11-16T18:15:46.922+0000 7f9853ade700 1 -- 172.21.15.63:0/564922131 shutdown_connections
2023-11-16T18:15:47.692 INFO:teuthology.orchestra.run.smithi063.stdout:/usr/bin/ceph: stderr
2023-11-16T18:15:46.922+0000 7f9853ade700 1 -- 172.21.15.63:0/564922131 wait complete.
2023-11-16T18:15:47.693 INFO:teuthology.orchestra.run.smithi063.stdout:Fetching dashboard port number...
2023-11-16T18:15:48.080 INFO:journalctl@ceph.mon.a.smithi063.stdout:Nov 16 18:15:47 smithi063 ceph-mon[98873]: from='client.14166 -' entity='client.admin' cmd=[{"prefix": "dashboard ac-user-create", "username": "admin", "rolename": "administrator", "force_password": true, "pwd_update_required": true, "target": ["mon-mgr", ""]}]: dispatch
2023-11-16T18:15:48.081 INFO:journalctl@ceph.mon.a.smithi063.stdout:Nov 16 18:15:47 smithi063 ceph-mon[98873]: from='mgr.14152 172.21.15.63:0/487825437' entity='mgr.x'
2023-11-16T18:15:48.833 INFO:journalctl@ceph.mon.a.smithi063.stdout:Nov 16 18:15:48 smithi063 ceph-mon[98873]: from='client.? 172.21.15.63:0/1703605551' entity='client.admin' cmd=[{"prefix": "config get", "who": "mgr", "key": "mgr/dashboard/ssl_server_port"}]: dispatch
2023-11-16T18:15:48.949 INFO:teuthology.orchestra.run.smithi063.stdout:/usr/bin/ceph: stdout 8443
2023-11-16T18:15:48.949 INFO:teuthology.orchestra.run.smithi063.stdout:/usr/bin/ceph: stderr
2023-11-16T18:15:48.174+0000 7f15b47bf700 1 Processor -- start
2023-11-16T18:15:48.949 INFO:teuthology.orchestra.run.smithi063.stdout:/usr/bin/ceph: stderr
2023-11-16T18:15:48.174+0000 7f15b47bf700 1 -- start start
2023-11-16T18:15:48.949 INFO:teuthology.orchestra.run.smithi063.stdout:/usr/bin/ceph: stderr
2023-11-16T18:15:48.175+0000 7f15b47bf700 1 --2- >> [v2:172.21.15.63:3300/0,v1:172.21.15.63:6789/0] conn(0x7f15ac1047f0 0x7f15ac104c00 unknown :-1 s=NONE pgs=0 cs=0 l=0 rev1=0 crypto rx=0 tx=0 comp rx=0 tx=0).connect
2023-11-16T18:15:48.950 INFO:teuthology.orchestra.run.smithi063.stdout:/usr/bin/ceph: stderr
2023-11-16T18:15:48.175+0000 7f15b47bf700 1 -- --> [v2:172.21.15.63:3300/0,v1:172.21.15.63:6789/0] -- mon_getmap magic: 0 v1 -- 0x7f15ac105140 con 0x7f15ac1047f0
2023-11-16T18:15:48.950 INFO:teuthology.orchestra.run.smithi063.stdout:/usr/bin/ceph: stderr
2023-11-16T18:15:48.175+0000 7f15b255b700 1 --2- >> [v2:172.21.15.63:3300/0,v1:172.21.15.63:6789/0] conn(0x7f15ac1047f0 0x7f15ac104c00 unknown :-1 s=BANNER_CONNECTING pgs=0 cs=0 l=0 rev1=0 crypto rx=0 tx=0 comp rx=0 tx=0)._handle_peer_banner_payload supported=3 required=0
2023-11-16T18:15:48.950 INFO:teuthology.orchestra.run.smithi063.stdout:/usr/bin/ceph: stderr
2023-11-16T18:15:48.175+0000 7f15b255b700 1 --2- >> [v2:172.21.15.63:3300/0,v1:172.21.15.63:6789/0] conn(0x7f15ac1047f0 0x7f15ac104c00 unknown :-1 s=HELLO_CONNECTING pgs=0 cs=0 l=0 rev1=1 crypto rx=0 tx=0 comp rx=0 tx=0).handle_hello peer v2:172.21.15.63:3300/0 says I am v2:172.21.15.63:41292/0 (socket says 172.21.15.63:41292)
2023-11-16T18:15:48.950 INFO:teuthology.orchestra.run.smithi063.stdout:/usr/bin/ceph: stderr
2023-11-16T18:15:48.175+0000 7f15b255b700 1 -- 172.21.15.63:0/3090572224 learned_addr learned my addr 172.21.15.63:0/3090572224 (peer_addr_for_me v2:172.21.15.63:0/0)
2023-11-16T18:15:48.963 INFO:teuthology.orchestra.run.smithi063.stdout:/usr/bin/ceph: stderr
2023-11-16T18:15:48.175+0000 7f15b255b700 1 -- 172.21.15.63:0/3090572224 --> [v2:172.21.15.63:3300/0,v1:172.21.15.63:6789/0] -- mon_subscribe({config=0+,monmap=0+}) v3 -- 0x7f15ac105280 con 0x7f15ac1047f0
2023-11-16T18:15:48.963 INFO:teuthology.orchestra.run.smithi063.stdout:/usr/bin/ceph: stderr
2023-11-16T18:15:48.175+0000 7f15b255b700 1 --2- 172.21.15.63:0/3090572224 >> [v2:172.21.15.63:3300/0,v1:172.21.15.63:6789/0] conn(0x7f15ac1047f0 0x7f15ac104c00 secure :-1 s=READY pgs=74 cs=0 l=1 rev1=1 crypto rx=0x7f159c0098a0 tx=0x7f159c009bb0 comp rx=0 tx=0).ready entity=mon.0 client_cookie=4b1851e8a6f2fa55 server_cookie=0 in_seq=0 out_seq=0
2023-11-16T18:15:48.963 INFO:teuthology.orchestra.run.smithi063.stdout:/usr/bin/ceph: stderr
2023-11-16T18:15:48.175+0000 7f15b1559700 1 -- 172.21.15.63:0/3090572224 <== mon.0 v2:172.21.15.63:3300/0 1 ==== mon_map magic: 0 v1 ==== 205+0+0 (secure 0 0 0) 0x7f159c004160 con 0x7f15ac1047f0
2023-11-16T18:15:48.964 INFO:teuthology.orchestra.run.smithi063.stdout:/usr/bin/ceph: stderr
2023-11-16T18:15:48.175+0000 7f15b1559700 1 -- 172.21.15.63:0/3090572224 <== mon.0 v2:172.21.15.63:3300/0 2 ==== config(26 keys) v1 ==== 1105+0+0 (secure 0 0 0) 0x7f159c0042c0 con 0x7f15ac1047f0
2023-11-16T18:15:48.964 INFO:teuthology.orchestra.run.smithi063.stdout:/usr/bin/ceph: stderr
2023-11-16T18:15:48.175+0000 7f15b1559700 1 -- 172.21.15.63:0/3090572224 <== mon.0 v2:172.21.15.63:3300/0 3 ==== mon_map magic: 0 v1 ==== 205+0+0 (secure 0 0 0) 0x7f159c0119b0 con 0x7f15ac1047f0
2023-11-16T18:15:48.964 INFO:teuthology.orchestra.run.smithi063.stdout:/usr/bin/ceph: stderr
2023-11-16T18:15:48.176+0000 7f15b47bf700 1 -- 172.21.15.63:0/3090572224 >> [v2:172.21.15.63:3300/0,v1:172.21.15.63:6789/0] conn(0x7f15ac1047f0 msgr2=0x7f15ac104c00 secure :-1 s=STATE_CONNECTION_ESTABLISHED l=1).mark_down
2023-11-16T18:15:48.964 INFO:teuthology.orchestra.run.smithi063.stdout:/usr/bin/ceph: stderr
2023-11-16T18:15:48.176+0000 7f15b47bf700 1 --2- 172.21.15.63:0/3090572224 >> [v2:172.21.15.63:3300/0,v1:172.21.15.63:6789/0] conn(0x7f15ac1047f0 0x7f15ac104c00 secure :-1 s=READY pgs=74 cs=0 l=1 rev1=1 crypto rx=0x7f159c0098a0 tx=0x7f159c009bb0 comp rx=0 tx=0).stop
2023-11-16T18:15:48.964 INFO:teuthology.orchestra.run.smithi063.stdout:/usr/bin/ceph: stderr
2023-11-16T18:15:48.176+0000 7f15b47bf700 1 -- 172.21.15.63:0/3090572224 shutdown_connections
2023-11-16T18:15:48.965 INFO:teuthology.orchestra.run.smithi063.stdout:/usr/bin/ceph: stderr
2023-11-16T18:15:48.176+0000 7f15b47bf700 1 --2- 172.21.15.63:0/3090572224 >> [v2:172.21.15.63:3300/0,v1:172.21.15.63:6789/0] conn(0x7f15ac1047f0 0x7f15ac104c00 unknown :-1 s=CLOSED pgs=74 cs=0 l=1 rev1=1 crypto rx=0 tx=0 comp rx=0 tx=0).stop
2023-11-16T18:15:48.965 INFO:teuthology.orchestra.run.smithi063.stdout:/usr/bin/ceph: stderr
2023-11-16T18:15:48.176+0000 7f15b47bf700 1 -- 172.21.15.63:0/3090572224 >> 172.21.15.63:0/3090572224 conn(0x7f15ac0ffe40 msgr2=0x7f15ac102270 unknown :-1 s=STATE_NONE l=0).mark_down
2023-11-16T18:15:48.965 INFO:teuthology.orchestra.run.smithi063.stdout:/usr/bin/ceph: stderr
2023-11-16T18:15:48.176+0000 7f15b47bf700 1 -- 172.21.15.63:0/3090572224 shutdown_connections
2023-11-16T18:15:48.966 INFO:teuthology.orchestra.run.smithi063.stdout:/usr/bin/ceph: stderr
2023-11-16T18:15:48.176+0000 7f15b47bf700 1 -- 172.21.15.63:0/3090572224 wait complete.
2023-11-16T18:15:48.968 INFO:teuthology.orchestra.run.smithi063.stdout:/usr/bin/ceph: stderr
2023-11-16T18:15:48.177+0000 7f15b47bf700 1 Processor -- start
2023-11-16T18:15:48.968 INFO:teuthology.orchestra.run.smithi063.stdout:/usr/bin/ceph: stderr
2023-11-16T18:15:48.177+0000 7f15b47bf700 1 -- start start
2023-11-16T18:15:48.968 INFO:teuthology.orchestra.run.smithi063.stdout:/usr/bin/ceph: stderr
2023-11-16T18:15:48.177+0000 7f15b47bf700 1 --2- >> [v2:172.21.15.63:3300/0,v1:172.21.15.63:6789/0] conn(0x7f15ac1047f0 0x7f15ac198470 unknown :-1 s=NONE pgs=0 cs=0 l=1 rev1=0 crypto rx=0 tx=0 comp rx=0 tx=0).connect
2023-11-16T18:15:48.968 INFO:teuthology.orchestra.run.smithi063.stdout:/usr/bin/ceph: stderr
2023-11-16T18:15:48.177+0000 7f15b47bf700 1 -- --> [v2:172.21.15.63:3300/0,v1:172.21.15.63:6789/0] -- mon_getmap magic: 0 v1 -- 0x7f15ac1989b0 con 0x7f15ac1047f0
2023-11-16T18:15:48.968 INFO:teuthology.orchestra.run.smithi063.stdout:/usr/bin/ceph: stderr
2023-11-16T18:15:48.177+0000 7f15b255b700 1 --2- >> [v2:172.21.15.63:3300/0,v1:172.21.15.63:6789/0] conn(0x7f15ac1047f0 0x7f15ac198470 unknown :-1 s=BANNER_CONNECTING pgs=0 cs=0 l=1 rev1=0 crypto rx=0 tx=0 comp rx=0 tx=0)._handle_peer_banner_payload supported=3 required=0
2023-11-16T18:15:48.968 INFO:teuthology.orchestra.run.smithi063.stdout:/usr/bin/ceph: stderr
2023-11-16T18:15:48.177+0000 7f15b255b700 1 --2- >> [v2:172.21.15.63:3300/0,v1:172.21.15.63:6789/0] conn(0x7f15ac1047f0 0x7f15ac198470 unknown :-1 s=HELLO_CONNECTING pgs=0 cs=0 l=1 rev1=1 crypto rx=0 tx=0 comp rx=0 tx=0).handle_hello peer v2:172.21.15.63:3300/0 says I am v2:172.21.15.63:41294/0 (socket says 172.21.15.63:41294)
2023-11-16T18:15:48.969 INFO:teuthology.orchestra.run.smithi063.stdout:/usr/bin/ceph: stderr
2023-11-16T18:15:48.177+0000 7f15b255b700 1 -- 172.21.15.63:0/1703605551 learned_addr learned my addr 172.21.15.63:0/1703605551 (peer_addr_for_me v2:172.21.15.63:0/0)
2023-11-16T18:15:48.969 INFO:teuthology.orchestra.run.smithi063.stdout:/usr/bin/ceph: stderr
2023-11-16T18:15:48.177+0000 7f15b255b700 1 -- 172.21.15.63:0/1703605551 --> [v2:172.21.15.63:3300/0,v1:172.21.15.63:6789/0] -- mon_subscribe({config=0+,monmap=0+}) v3 -- 0x7f159c009550 con 0x7f15ac1047f0
2023-11-16T18:15:48.969 INFO:teuthology.orchestra.run.smithi063.stdout:/usr/bin/ceph: stderr
2023-11-16T18:15:48.177+0000 7f15b255b700 1 --2- 172.21.15.63:0/1703605551 >> [v2:172.21.15.63:3300/0,v1:172.21.15.63:6789/0] conn(0x7f15ac1047f0 0x7f15ac198470 secure :-1 s=READY pgs=75 cs=0 l=1 rev1=1 crypto rx=0x7f159c0038d0 tx=0x7f159c0039b0 comp rx=0 tx=0).ready entity=mon.0 client_cookie=0 server_cookie=0 in_seq=0 out_seq=0
2023-11-16T18:15:48.969 INFO:teuthology.orchestra.run.smithi063.stdout:/usr/bin/ceph: stderr
2023-11-16T18:15:48.178+0000 7f15a37fe700 1 -- 172.21.15.63:0/1703605551 <== mon.0 v2:172.21.15.63:3300/0 1 ==== mon_map magic: 0 v1 ==== 205+0+0 (secure 0 0 0) 0x7f159c003c00 con 0x7f15ac1047f0
2023-11-16T18:15:48.969 INFO:teuthology.orchestra.run.smithi063.stdout:/usr/bin/ceph: stderr
2023-11-16T18:15:48.178+0000 7f15a37fe700 1 -- 172.21.15.63:0/1703605551 <== mon.0 v2:172.21.15.63:3300/0 2 ==== config(26 keys) v1 ==== 1105+0+0 (secure 0 0 0) 0x7f159c020070 con 0x7f15ac1047f0
2023-11-16T18:15:48.969 INFO:teuthology.orchestra.run.smithi063.stdout:/usr/bin/ceph: stderr
2023-11-16T18:15:48.178+0000 7f15b47bf700 1 -- 172.21.15.63:0/1703605551 --> [v2:172.21.15.63:3300/0,v1:172.21.15.63:6789/0] -- mon_subscribe({mgrmap=0+}) v3 -- 0x7f15ac106880 con 0x7f15ac1047f0
2023-11-16T18:15:48.969 INFO:teuthology.orchestra.run.smithi063.stdout:/usr/bin/ceph: stderr
2023-11-16T18:15:48.178+0000 7f15a37fe700 1 -- 172.21.15.63:0/1703605551 <== mon.0 v2:172.21.15.63:3300/0 3 ==== mon_map magic: 0 v1 ==== 205+0+0 (secure 0 0 0) 0x7f159c01c650 con 0x7f15ac1047f0
2023-11-16T18:15:48.970 INFO:teuthology.orchestra.run.smithi063.stdout:/usr/bin/ceph: stderr
2023-11-16T18:15:48.178+0000 7f15b47bf700 1 -- 172.21.15.63:0/1703605551 --> [v2:172.21.15.63:3300/0,v1:172.21.15.63:6789/0] -- mon_subscribe({osdmap=0}) v3 -- 0x7f15ac1066f0 con 0x7f15ac1047f0
2023-11-16T18:15:48.970 INFO:teuthology.orchestra.run.smithi063.stdout:/usr/bin/ceph: stderr
2023-11-16T18:15:48.179+0000 7f15b47bf700 1 -- 172.21.15.63:0/1703605551 --> [v2:172.21.15.63:3300/0,v1:172.21.15.63:6789/0] -- mon_command({"prefix": "get_command_descriptions"} v 0) v1 -- 0x7f15ac062120 con 0x7f15ac1047f0
2023-11-16T18:15:48.970 INFO:teuthology.orchestra.run.smithi063.stdout:/usr/bin/ceph: stderr
2023-11-16T18:15:48.179+0000 7f15a37fe700 1 -- 172.21.15.63:0/1703605551 <== mon.0 v2:172.21.15.63:3300/0 4 ==== mgrmap(e 12) v1 ==== 45496+0+0 (secure 0 0 0) 0x7f159c022030 con 0x7f15ac1047f0
2023-11-16T18:15:48.970 INFO:teuthology.orchestra.run.smithi063.stdout:/usr/bin/ceph: stderr
2023-11-16T18:15:48.179+0000 7f15a37fe700 1 --2- 172.21.15.63:0/1703605551 >> [v2:172.21.15.63:6800/3013530998,v1:172.21.15.63:6801/3013530998] conn(0x7f1598038800 0x7f159803acb0 unknown :-1 s=NONE pgs=0 cs=0 l=1 rev1=0 crypto rx=0 tx=0 comp rx=0 tx=0).connect
2023-11-16T18:15:48.970 INFO:teuthology.orchestra.run.smithi063.stdout:/usr/bin/ceph: stderr
2023-11-16T18:15:48.179+0000 7f15a37fe700 1 -- 172.21.15.63:0/1703605551 <== mon.0 v2:172.21.15.63:3300/0 5 ==== osd_map(3..3 src has 1..3) v4 ==== 1155+0+0 (secure 0 0 0) 0x7f159c04f120 con 0x7f15ac1047f0
2023-11-16T18:15:48.970 INFO:teuthology.orchestra.run.smithi063.stdout:/usr/bin/ceph: stderr
2023-11-16T18:15:48.179+0000 7f15b1d5a700 1 --2- 172.21.15.63:0/1703605551 >> [v2:172.21.15.63:6800/3013530998,v1:172.21.15.63:6801/3013530998] conn(0x7f1598038800 0x7f159803acb0 unknown :-1 s=BANNER_CONNECTING pgs=0 cs=0 l=1 rev1=0 crypto rx=0 tx=0 comp rx=0 tx=0)._handle_peer_banner_payload supported=3 required=0
2023-11-16T18:15:48.971 INFO:teuthology.orchestra.run.smithi063.stdout:/usr/bin/ceph: stderr
