2023-11-16T18:18:39.702+0000 7f5d577fe700 1 -- 172.21.15.83:0/561326576 learned_addr learned my addr 172.21.15.83:0/561326576 (peer_addr_for_me v2:172.21.15.83:0/0)
2023-11-16T18:18:40.195 INFO:teuthology.orchestra.run.smithi083.stdout:/usr/bin/ceph: stderr
2023-11-16T18:18:39.702+0000 7f5d577fe700 1 -- 172.21.15.83:0/561326576 --> [v2:172.21.15.83:3300/0,v1:172.21.15.83:6789/0] -- mon_subscribe({config=0+,monmap=0+}) v3 -- 0x7f5d58105280 con 0x7f5d581047f0
2023-11-16T18:18:40.195 INFO:teuthology.orchestra.run.smithi083.stdout:/usr/bin/ceph: stderr
2023-11-16T18:18:39.702+0000 7f5d577fe700 1 --2- 172.21.15.83:0/561326576 >> [v2:172.21.15.83:3300/0,v1:172.21.15.83:6789/0] conn(0x7f5d581047f0 0x7f5d58104c00 secure :-1 s=READY pgs=39 cs=0 l=1 rev1=1 crypto rx=0x7f5d480098a0 tx=0x7f5d48009bb0 comp rx=0 tx=0).ready entity=mon.0 client_cookie=d28c852444c39283 server_cookie=0 in_seq=0 out_seq=0
2023-11-16T18:18:40.195 INFO:teuthology.orchestra.run.smithi083.stdout:/usr/bin/ceph: stderr
2023-11-16T18:18:39.703+0000 7f5d567fc700 1 -- 172.21.15.83:0/561326576 <== mon.0 v2:172.21.15.83:3300/0 1 ==== mon_map magic: 0 v1 ==== 205+0+0 (secure 0 0 0) 0x7f5d48004160 con 0x7f5d581047f0
2023-11-16T18:18:40.195 INFO:teuthology.orchestra.run.smithi083.stdout:/usr/bin/ceph: stderr
2023-11-16T18:18:39.703+0000 7f5d567fc700 1 -- 172.21.15.83:0/561326576 <== mon.0 v2:172.21.15.83:3300/0 2 ==== config(26 keys) v1 ==== 1074+0+0 (secure 0 0 0) 0x7f5d480042c0 con 0x7f5d581047f0
2023-11-16T18:18:40.195 INFO:teuthology.orchestra.run.smithi083.stdout:/usr/bin/ceph: stderr
2023-11-16T18:18:39.703+0000 7f5d567fc700 1 -- 172.21.15.83:0/561326576 <== mon.0 v2:172.21.15.83:3300/0 3 ==== mon_map magic: 0 v1 ==== 205+0+0 (secure 0 0 0) 0x7f5d48011a00 con 0x7f5d581047f0
2023-11-16T18:18:40.195 INFO:teuthology.orchestra.run.smithi083.stdout:/usr/bin/ceph: stderr
2023-11-16T18:18:39.703+0000 7f5d5e1e0700 1 -- 172.21.15.83:0/561326576 >> [v2:172.21.15.83:3300/0,v1:172.21.15.83:6789/0] conn(0x7f5d581047f0 msgr2=0x7f5d58104c00 secure :-1 s=STATE_CONNECTION_ESTABLISHED l=1).mark_down
2023-11-16T18:18:40.196 INFO:teuthology.orchestra.run.smithi083.stdout:/usr/bin/ceph: stderr
2023-11-16T18:18:39.703+0000 7f5d5e1e0700 1 --2- 172.21.15.83:0/561326576 >> [v2:172.21.15.83:3300/0,v1:172.21.15.83:6789/0] conn(0x7f5d581047f0 0x7f5d58104c00 secure :-1 s=READY pgs=39 cs=0 l=1 rev1=1 crypto rx=0x7f5d480098a0 tx=0x7f5d48009bb0 comp rx=0 tx=0).stop
2023-11-16T18:18:40.196 INFO:teuthology.orchestra.run.smithi083.stdout:/usr/bin/ceph: stderr
2023-11-16T18:18:39.703+0000 7f5d5e1e0700 1 -- 172.21.15.83:0/561326576 shutdown_connections
2023-11-16T18:18:40.196 INFO:teuthology.orchestra.run.smithi083.stdout:/usr/bin/ceph: stderr
2023-11-16T18:18:39.703+0000 7f5d5e1e0700 1 --2- 172.21.15.83:0/561326576 >> [v2:172.21.15.83:3300/0,v1:172.21.15.83:6789/0] conn(0x7f5d581047f0 0x7f5d58104c00 unknown :-1 s=CLOSED pgs=39 cs=0 l=1 rev1=1 crypto rx=0 tx=0 comp rx=0 tx=0).stop
2023-11-16T18:18:40.196 INFO:teuthology.orchestra.run.smithi083.stdout:/usr/bin/ceph: stderr
2023-11-16T18:18:39.703+0000 7f5d5e1e0700 1 -- 172.21.15.83:0/561326576 >> 172.21.15.83:0/561326576 conn(0x7f5d580ffe40 msgr2=0x7f5d58102270 unknown :-1 s=STATE_NONE l=0).mark_down
2023-11-16T18:18:40.196 INFO:teuthology.orchestra.run.smithi083.stdout:/usr/bin/ceph: stderr
2023-11-16T18:18:39.703+0000 7f5d5e1e0700 1 -- 172.21.15.83:0/561326576 shutdown_connections
2023-11-16T18:18:40.196 INFO:teuthology.orchestra.run.smithi083.stdout:/usr/bin/ceph: stderr
2023-11-16T18:18:39.703+0000 7f5d5e1e0700 1 -- 172.21.15.83:0/561326576 wait complete.
2023-11-16T18:18:40.196 INFO:teuthology.orchestra.run.smithi083.stdout:/usr/bin/ceph: stderr
2023-11-16T18:18:39.704+0000 7f5d5e1e0700 1 Processor -- start
2023-11-16T18:18:40.196 INFO:teuthology.orchestra.run.smithi083.stdout:/usr/bin/ceph: stderr
2023-11-16T18:18:39.704+0000 7f5d5e1e0700 1 -- start start
2023-11-16T18:18:40.196 INFO:teuthology.orchestra.run.smithi083.stdout:/usr/bin/ceph: stderr
2023-11-16T18:18:39.704+0000 7f5d5e1e0700 1 --2- >> [v2:172.21.15.83:3300/0,v1:172.21.15.83:6789/0] conn(0x7f5d581047f0 0x7f5d58079b30 unknown :-1 s=NONE pgs=0 cs=0 l=1 rev1=0 crypto rx=0 tx=0 comp rx=0 tx=0).connect
2023-11-16T18:18:40.196 INFO:teuthology.orchestra.run.smithi083.stdout:/usr/bin/ceph: stderr
2023-11-16T18:18:39.704+0000 7f5d5e1e0700 1 -- --> [v2:172.21.15.83:3300/0,v1:172.21.15.83:6789/0] -- mon_getmap magic: 0 v1 -- 0x7f5d5819a090 con 0x7f5d581047f0
2023-11-16T18:18:40.197 INFO:teuthology.orchestra.run.smithi083.stdout:/usr/bin/ceph: stderr
2023-11-16T18:18:39.704+0000 7f5d577fe700 1 --2- >> [v2:172.21.15.83:3300/0,v1:172.21.15.83:6789/0] conn(0x7f5d581047f0 0x7f5d58079b30 unknown :-1 s=BANNER_CONNECTING pgs=0 cs=0 l=1 rev1=0 crypto rx=0 tx=0 comp rx=0 tx=0)._handle_peer_banner_payload supported=3 required=0
2023-11-16T18:18:40.197 INFO:teuthology.orchestra.run.smithi083.stdout:/usr/bin/ceph: stderr
2023-11-16T18:18:39.704+0000 7f5d577fe700 1 --2- >> [v2:172.21.15.83:3300/0,v1:172.21.15.83:6789/0] conn(0x7f5d581047f0 0x7f5d58079b30 unknown :-1 s=HELLO_CONNECTING pgs=0 cs=0 l=1 rev1=1 crypto rx=0 tx=0 comp rx=0 tx=0).handle_hello peer v2:172.21.15.83:3300/0 says I am v2:172.21.15.83:55334/0 (socket says 172.21.15.83:55334)
2023-11-16T18:18:40.197 INFO:teuthology.orchestra.run.smithi083.stdout:/usr/bin/ceph: stderr
2023-11-16T18:18:39.704+0000 7f5d577fe700 1 -- 172.21.15.83:0/1581922989 learned_addr learned my addr 172.21.15.83:0/1581922989 (peer_addr_for_me v2:172.21.15.83:0/0)
2023-11-16T18:18:40.197 INFO:teuthology.orchestra.run.smithi083.stdout:/usr/bin/ceph: stderr
2023-11-16T18:18:39.705+0000 7f5d577fe700 1 -- 172.21.15.83:0/1581922989 --> [v2:172.21.15.83:3300/0,v1:172.21.15.83:6789/0] -- mon_subscribe({config=0+,monmap=0+}) v3 -- 0x7f5d48009550 con 0x7f5d581047f0
2023-11-16T18:18:40.197 INFO:teuthology.orchestra.run.smithi083.stdout:/usr/bin/ceph: stderr
2023-11-16T18:18:39.705+0000 7f5d577fe700 1 --2- 172.21.15.83:0/1581922989 >> [v2:172.21.15.83:3300/0,v1:172.21.15.83:6789/0] conn(0x7f5d581047f0 0x7f5d58079b30 secure :-1 s=READY pgs=40 cs=0 l=1 rev1=1 crypto rx=0x7f5d48006af0 tx=0x7f5d48011ad0 comp rx=0 tx=0).ready entity=mon.0 client_cookie=0 server_cookie=0 in_seq=0 out_seq=0
2023-11-16T18:18:40.197 INFO:teuthology.orchestra.run.smithi083.stdout:/usr/bin/ceph: stderr
2023-11-16T18:18:39.705+0000 7f5d54ff9700 1 -- 172.21.15.83:0/1581922989 <== mon.0 v2:172.21.15.83:3300/0 1 ==== mon_map magic: 0 v1 ==== 205+0+0 (secure 0 0 0) 0x7f5d48003a40 con 0x7f5d581047f0
2023-11-16T18:18:40.197 INFO:teuthology.orchestra.run.smithi083.stdout:/usr/bin/ceph: stderr
2023-11-16T18:18:39.705+0000 7f5d54ff9700 1 -- 172.21.15.83:0/1581922989 <== mon.0 v2:172.21.15.83:3300/0 2 ==== config(26 keys) v1 ==== 1074+0+0 (secure 0 0 0) 0x7f5d48003ba0 con 0x7f5d581047f0
2023-11-16T18:18:40.197 INFO:teuthology.orchestra.run.smithi083.stdout:/usr/bin/ceph: stderr
2023-11-16T18:18:39.705+0000 7f5d5e1e0700 1 -- 172.21.15.83:0/1581922989 --> [v2:172.21.15.83:3300/0,v1:172.21.15.83:6789/0] -- mon_subscribe({mgrmap=0+}) v3 -- 0x7f5d58106840 con 0x7f5d581047f0
2023-11-16T18:18:40.197 INFO:teuthology.orchestra.run.smithi083.stdout:/usr/bin/ceph: stderr
2023-11-16T18:18:39.705+0000 7f5d54ff9700 1 -- 172.21.15.83:0/1581922989 <== mon.0 v2:172.21.15.83:3300/0 3 ==== mon_map magic: 0 v1 ==== 205+0+0 (secure 0 0 0) 0x7f5d4801a6e0 con 0x7f5d581047f0
2023-11-16T18:18:40.197 INFO:teuthology.orchestra.run.smithi083.stdout:/usr/bin/ceph: stderr
2023-11-16T18:18:39.705+0000 7f5d5e1e0700 1 -- 172.21.15.83:0/1581922989 --> [v2:172.21.15.83:3300/0,v1:172.21.15.83:6789/0] -- mon_subscribe({osdmap=0}) v3 -- 0x7f5d581066b0 con 0x7f5d581047f0
2023-11-16T18:18:40.198 INFO:teuthology.orchestra.run.smithi083.stdout:/usr/bin/ceph: stderr
2023-11-16T18:18:39.706+0000 7f5d54ff9700 1 -- 172.21.15.83:0/1581922989 <== mon.0 v2:172.21.15.83:3300/0 4 ==== mgrmap(e 8) v1 ==== 45483+0+0 (secure 0 0 0) 0x7f5d48024430 con 0x7f5d581047f0
2023-11-16T18:18:40.198 INFO:teuthology.orchestra.run.smithi083.stdout:/usr/bin/ceph: stderr
2023-11-16T18:18:39.706+0000 7f5d54ff9700 1 --2- 172.21.15.83:0/1581922989 >> [v2:172.21.15.83:6800/2812155969,v1:172.21.15.83:6801/2812155969] conn(0x7f5d400387d0 0x7f5d4003ac80 unknown :-1 s=NONE pgs=0 cs=0 l=1 rev1=0 crypto rx=0 tx=0 comp rx=0 tx=0).connect
2023-11-16T18:18:40.198 INFO:teuthology.orchestra.run.smithi083.stdout:/usr/bin/ceph: stderr
2023-11-16T18:18:39.706+0000 7f5d5e1e0700 1 -- 172.21.15.83:0/1581922989 --> [v2:172.21.15.83:3300/0,v1:172.21.15.83:6789/0] -- mon_command({"prefix": "get_command_descriptions"} v 0) v1 -- 0x7f5d58062120 con 0x7f5d581047f0
2023-11-16T18:18:40.198 INFO:teuthology.orchestra.run.smithi083.stdout:/usr/bin/ceph: stderr
2023-11-16T18:18:39.706+0000 7f5d54ff9700 1 -- 172.21.15.83:0/1581922989 <== mon.0 v2:172.21.15.83:3300/0 5 ==== osd_map(2..2 src has 1..2) v4 ==== 940+0+0 (secure 0 0 0) 0x7f5d4804c730 con 0x7f5d581047f0
2023-11-16T18:18:40.198 INFO:teuthology.orchestra.run.smithi083.stdout:/usr/bin/ceph: stderr
2023-11-16T18:18:39.706+0000 7f5d56ffd700 1 --2- 172.21.15.83:0/1581922989 >> [v2:172.21.15.83:6800/2812155969,v1:172.21.15.83:6801/2812155969] conn(0x7f5d400387d0 0x7f5d4003ac80 unknown :-1 s=BANNER_CONNECTING pgs=0 cs=0 l=1 rev1=0 crypto rx=0 tx=0 comp rx=0 tx=0)._handle_peer_banner_payload supported=3 required=0
2023-11-16T18:18:40.198 INFO:teuthology.orchestra.run.smithi083.stdout:/usr/bin/ceph: stderr
2023-11-16T18:18:39.706+0000 7f5d56ffd700 1 --2- 172.21.15.83:0/1581922989 >> [v2:172.21.15.83:6800/2812155969,v1:172.21.15.83:6801/2812155969] conn(0x7f5d400387d0 0x7f5d4003ac80 secure :-1 s=READY pgs=10 cs=0 l=1 rev1=1 crypto rx=0x7f5d4c006fd0 tx=0x7f5d4c006e40 comp rx=0 tx=0).ready entity=mgr.14116 client_cookie=0 server_cookie=0 in_seq=0 out_seq=0
2023-11-16T18:18:40.198 INFO:teuthology.orchestra.run.smithi083.stdout:/usr/bin/ceph: stderr
2023-11-16T18:18:39.711+0000 7f5d54ff9700 1 -- 172.21.15.83:0/1581922989 <== mon.0 v2:172.21.15.83:3300/0 6 ==== mon_command_ack([{"prefix": "get_command_descriptions"}]=0 v0) v1 ==== 72+0+177948 (secure 0 0 0) 0x7f5d480246e0 con 0x7f5d581047f0
2023-11-16T18:18:40.199 INFO:teuthology.orchestra.run.smithi083.stdout:/usr/bin/ceph: stderr
2023-11-16T18:18:39.901+0000 7f5d5e1e0700 1 -- 172.21.15.83:0/1581922989 --> [v2:172.21.15.83:6800/2812155969,v1:172.21.15.83:6801/2812155969] -- mgr_command(tid 0: {"prefix": "cephadm get-pub-key", "target": ["mon-mgr", ""]}) v1 -- 0x7f5d5819ecf0 con 0x7f5d400387d0
2023-11-16T18:18:40.199 INFO:teuthology.orchestra.run.smithi083.stdout:/usr/bin/ceph: stderr
2023-11-16T18:18:39.901+0000 7f5d54ff9700 1 -- 172.21.15.83:0/1581922989 <== mgr.14116 v2:172.21.15.83:6800/2812155969 1 ==== mgr_command_reply(tid 0: 0 ) v1 ==== 8+0+595 (secure 0 0 0) 0x7f5d5819ecf0 con 0x7f5d400387d0
2023-11-16T18:18:40.199 INFO:teuthology.orchestra.run.smithi083.stdout:/usr/bin/ceph: stderr
2023-11-16T18:18:39.904+0000 7f5d5e1e0700 1 -- 172.21.15.83:0/1581922989 >> [v2:172.21.15.83:6800/2812155969,v1:172.21.15.83:6801/2812155969] conn(0x7f5d400387d0 msgr2=0x7f5d4003ac80 secure :-1 s=STATE_CONNECTION_ESTABLISHED l=1).mark_down
2023-11-16T18:18:40.199 INFO:teuthology.orchestra.run.smithi083.stdout:/usr/bin/ceph: stderr
2023-11-16T18:18:39.904+0000 7f5d5e1e0700 1 --2- 172.21.15.83:0/1581922989 >> [v2:172.21.15.83:6800/2812155969,v1:172.21.15.83:6801/2812155969] conn(0x7f5d400387d0 0x7f5d4003ac80 secure :-1 s=READY pgs=10 cs=0 l=1 rev1=1 crypto rx=0x7f5d4c006fd0 tx=0x7f5d4c006e40 comp rx=0 tx=0).stop
2023-11-16T18:18:40.199 INFO:teuthology.orchestra.run.smithi083.stdout:/usr/bin/ceph: stderr
2023-11-16T18:18:39.904+0000 7f5d5e1e0700 1 -- 172.21.15.83:0/1581922989 >> [v2:172.21.15.83:3300/0,v1:172.21.15.83:6789/0] conn(0x7f5d581047f0 msgr2=0x7f5d58079b30 secure :-1 s=STATE_CONNECTION_ESTABLISHED l=1).mark_down
2023-11-16T18:18:40.199 INFO:teuthology.orchestra.run.smithi083.stdout:/usr/bin/ceph: stderr
2023-11-16T18:18:39.904+0000 7f5d5e1e0700 1 --2- 172.21.15.83:0/1581922989 >> [v2:172.21.15.83:3300/0,v1:172.21.15.83:6789/0] conn(0x7f5d581047f0 0x7f5d58079b30 secure :-1 s=READY pgs=40 cs=0 l=1 rev1=1 crypto rx=0x7f5d48006af0 tx=0x7f5d48011ad0 comp rx=0 tx=0).stop
2023-11-16T18:18:40.199 INFO:teuthology.orchestra.run.smithi083.stdout:/usr/bin/ceph: stderr
2023-11-16T18:18:39.904+0000 7f5d5e1e0700 1 -- 172.21.15.83:0/1581922989 shutdown_connections
2023-11-16T18:18:40.199 INFO:teuthology.orchestra.run.smithi083.stdout:/usr/bin/ceph: stderr
2023-11-16T18:18:39.904+0000 7f5d5e1e0700 1 --2- 172.21.15.83:0/1581922989 >> [v2:172.21.15.83:6800/2812155969,v1:172.21.15.83:6801/2812155969] conn(0x7f5d400387d0 0x7f5d4003ac80 unknown :-1 s=CLOSED pgs=10 cs=0 l=1 rev1=1 crypto rx=0 tx=0 comp rx=0 tx=0).stop
2023-11-16T18:18:40.200 INFO:teuthology.orchestra.run.smithi083.stdout:/usr/bin/ceph: stderr
2023-11-16T18:18:39.904+0000 7f5d5e1e0700 1 --2- 172.21.15.83:0/1581922989 >> [v2:172.21.15.83:3300/0,v1:172.21.15.83:6789/0] conn(0x7f5d581047f0 0x7f5d58079b30 unknown :-1 s=CLOSED pgs=40 cs=0 l=1 rev1=1 crypto rx=0 tx=0 comp rx=0 tx=0).stop
2023-11-16T18:18:40.200 INFO:teuthology.orchestra.run.smithi083.stdout:/usr/bin/ceph: stderr
2023-11-16T18:18:39.904+0000 7f5d5e1e0700 1 -- 172.21.15.83:0/1581922989 >> 172.21.15.83:0/1581922989 conn(0x7f5d580ffe40 msgr2=0x7f5d58100ae0 unknown :-1 s=STATE_NONE l=0).mark_down
2023-11-16T18:18:40.200 INFO:teuthology.orchestra.run.smithi083.stdout:/usr/bin/ceph: stderr
2023-11-16T18:18:39.905+0000 7f5d5e1e0700 1 -- 172.21.15.83:0/1581922989 shutdown_connections
2023-11-16T18:18:40.200 INFO:teuthology.orchestra.run.smithi083.stdout:/usr/bin/ceph: stderr
2023-11-16T18:18:39.905+0000 7f5d5e1e0700 1 -- 172.21.15.83:0/1581922989 wait complete.
2023-11-16T18:18:40.200 INFO:teuthology.orchestra.run.smithi083.stdout:Wrote public SSH key to /home/ubuntu/cephtest/ceph.pub
2023-11-16T18:18:40.200 INFO:teuthology.orchestra.run.smithi083.stdout:Adding key to root@localhost authorized_keys...
2023-11-16T18:18:40.200 INFO:teuthology.orchestra.run.smithi083.stdout:Adding host smithi083...
2023-11-16T18:18:40.212 INFO:journalctl@ceph.mon.a.smithi083.stdout:Nov 16 18:18:39 smithi083 ceph-mon[98922]: from='client.14132 -' entity='client.admin' cmd=[{"prefix": "cephadm generate-key", "target": ["mon-mgr", ""]}]: dispatch
2023-11-16T18:18:40.213 INFO:journalctl@ceph.mon.a.smithi083.stdout:Nov 16 18:18:39 smithi083 ceph-mon[98922]: Generating ssh key...
2023-11-16T18:18:40.213 INFO:journalctl@ceph.mon.a.smithi083.stdout:Nov 16 18:18:39 smithi083 ceph-mon[98922]: from='mgr.14116 172.21.15.83:0/211740213' entity='mgr.x'
2023-11-16T18:18:40.213 INFO:journalctl@ceph.mon.a.smithi083.stdout:Nov 16 18:18:39 smithi083 ceph-mon[98922]: from='mgr.14116 172.21.15.83:0/211740213' entity='mgr.x'
2023-11-16T18:18:41.141 INFO:journalctl@ceph.mon.a.smithi083.stdout:Nov 16 18:18:40 smithi083 ceph-mon[98922]: from='client.14134 -' entity='client.admin' cmd=[{"prefix": "cephadm get-pub-key", "target": ["mon-mgr", ""]}]: dispatch
2023-11-16T18:18:42.052 INFO:journalctl@ceph.mon.a.smithi083.stdout:Nov 16 18:18:41 smithi083 ceph-mon[98922]: from='client.14136 -' entity='client.admin' cmd=[{"prefix": "orch host add", "hostname": "smithi083", "addr": "172.21.15.83", "target": ["mon-mgr", ""]}]: dispatch
2023-11-16T18:18:43.205 INFO:journalctl@ceph.mon.a.smithi083.stdout:Nov 16 18:18:42 smithi083 ceph-mon[98922]: Deploying cephadm binary to smithi083
2023-11-16T18:18:43.258 INFO:teuthology.orchestra.run.smithi083.stdout:/usr/bin/ceph: stdout Added host 'smithi083' with addr '172.21.15.83'
2023-11-16T18:18:43.259 INFO:teuthology.orchestra.run.smithi083.stdout:/usr/bin/ceph: stderr
2023-11-16T18:18:40.662+0000 7f6ec8880700 1 Processor -- start
2023-11-16T18:18:43.260 INFO:teuthology.orchestra.run.smithi083.stdout:/usr/bin/ceph: stderr
2023-11-16T18:18:40.663+0000 7f6ec8880700 1 -- start start
2023-11-16T18:18:43.260 INFO:teuthology.orchestra.run.smithi083.stdout:/usr/bin/ceph: stderr
2023-11-16T18:18:40.663+0000 7f6ec8880700 1 --2- >> [v2:172.21.15.83:3300/0,v1:172.21.15.83:6789/0] conn(0x7f6ec41047f0 0x7f6ec4104c00 unknown :-1 s=NONE pgs=0 cs=0 l=0 rev1=0 crypto rx=0 tx=0 comp rx=0 tx=0).connect
2023-11-16T18:18:43.260 INFO:teuthology.orchestra.run.smithi083.stdout:/usr/bin/ceph: stderr
2023-11-16T18:18:40.663+0000 7f6ec8880700 1 -- --> [v2:172.21.15.83:3300/0,v1:172.21.15.83:6789/0] -- mon_getmap magic: 0 v1 -- 0x7f6ec4105140 con 0x7f6ec41047f0
2023-11-16T18:18:43.261 INFO:teuthology.orchestra.run.smithi083.stdout:/usr/bin/ceph: stderr
2023-11-16T18:18:40.663+0000 7f6ec259c700 1 --2- >> [v2:172.21.15.83:3300/0,v1:172.21.15.83:6789/0] conn(0x7f6ec41047f0 0x7f6ec4104c00 unknown :-1 s=BANNER_CONNECTING pgs=0 cs=0 l=0 rev1=0 crypto rx=0 tx=0 comp rx=0 tx=0)._handle_peer_banner_payload supported=3 required=0
2023-11-16T18:18:43.261 INFO:teuthology.orchestra.run.smithi083.stdout:/usr/bin/ceph: stderr
2023-11-16T18:18:40.663+0000 7f6ec259c700 1 --2- >> [v2:172.21.15.83:3300/0,v1:172.21.15.83:6789/0] conn(0x7f6ec41047f0 0x7f6ec4104c00 unknown :-1 s=HELLO_CONNECTING pgs=0 cs=0 l=0 rev1=1 crypto rx=0 tx=0 comp rx=0 tx=0).handle_hello peer v2:172.21.15.83:3300/0 says I am v2:172.21.15.83:55338/0 (socket says 172.21.15.83:55338)
2023-11-16T18:18:43.261 INFO:teuthology.orchestra.run.smithi083.stdout:/usr/bin/ceph: stderr
2023-11-16T18:18:40.663+0000 7f6ec259c700 1 -- 172.21.15.83:0/983939830 learned_addr learned my addr 172.21.15.83:0/983939830 (peer_addr_for_me v2:172.21.15.83:0/0)
2023-11-16T18:18:43.263 INFO:teuthology.orchestra.run.smithi083.stdout:/usr/bin/ceph: stderr
2023-11-16T18:18:40.663+0000 7f6ec259c700 1 -- 172.21.15.83:0/983939830 --> [v2:172.21.15.83:3300/0,v1:172.21.15.83:6789/0] -- mon_subscribe({config=0+,monmap=0+}) v3 -- 0x7f6ec4105280 con 0x7f6ec41047f0
2023-11-16T18:18:43.263 INFO:teuthology.orchestra.run.smithi083.stdout:/usr/bin/ceph: stderr
2023-11-16T18:18:40.664+0000 7f6ec259c700 1 --2- 172.21.15.83:0/983939830 >> [v2:172.21.15.83:3300/0,v1:172.21.15.83:6789/0] conn(0x7f6ec41047f0 0x7f6ec4104c00 secure :-1 s=READY pgs=41 cs=0 l=1 rev1=1 crypto rx=0x7f6eac0098a0 tx=0x7f6eac009bb0 comp rx=0 tx=0).ready entity=mon.0 client_cookie=8ee63f5420f8a867 server_cookie=0 in_seq=0 out_seq=0
2023-11-16T18:18:43.264 INFO:teuthology.orchestra.run.smithi083.stdout:/usr/bin/ceph: stderr
2023-11-16T18:18:40.664+0000 7f6ec159a700 1 -- 172.21.15.83:0/983939830 <== mon.0 v2:172.21.15.83:3300/0 1 ==== mon_map magic: 0 v1 ==== 205+0+0 (secure 0 0 0) 0x7f6eac004160 con 0x7f6ec41047f0
2023-11-16T18:18:43.264 INFO:teuthology.orchestra.run.smithi083.stdout:/usr/bin/ceph: stderr
2023-11-16T18:18:40.664+0000 7f6ec159a700 1 -- 172.21.15.83:0/983939830 <== mon.0 v2:172.21.15.83:3300/0 2 ==== config(26 keys) v1 ==== 1074+0+0 (secure 0 0 0) 0x7f6eac0042c0 con 0x7f6ec41047f0
2023-11-16T18:18:43.265 INFO:teuthology.orchestra.run.smithi083.stdout:/usr/bin/ceph: stderr
2023-11-16T18:18:40.664+0000 7f6ec159a700 1 -- 172.21.15.83:0/983939830 <== mon.0 v2:172.21.15.83:3300/0 3 ==== mon_map magic: 0 v1 ==== 205+0+0 (secure 0 0 0) 0x7f6eac011a00 con 0x7f6ec41047f0
2023-11-16T18:18:43.265 INFO:teuthology.orchestra.run.smithi083.stdout:/usr/bin/ceph: stderr
2023-11-16T18:18:40.664+0000 7f6ec8880700 1 -- 172.21.15.83:0/983939830 >> [v2:172.21.15.83:3300/0,v1:172.21.15.83:6789/0] conn(0x7f6ec41047f0 msgr2=0x7f6ec4104c00 secure :-1 s=STATE_CONNECTION_ESTABLISHED l=1).mark_down
2023-11-16T18:18:43.266 INFO:teuthology.orchestra.run.smithi083.stdout:/usr/bin/ceph: stderr
2023-11-16T18:18:40.664+0000 7f6ec8880700 1 --2- 172.21.15.83:0/983939830 >> [v2:172.21.15.83:3300/0,v1:172.21.15.83:6789/0] conn(0x7f6ec41047f0 0x7f6ec4104c00 secure :-1 s=READY pgs=41 cs=0 l=1 rev1=1 crypto rx=0x7f6eac0098a0 tx=0x7f6eac009bb0 comp rx=0 tx=0).stop
2023-11-16T18:18:43.266 INFO:teuthology.orchestra.run.smithi083.stdout:/usr/bin/ceph: stderr
2023-11-16T18:18:40.664+0000 7f6ec8880700 1 -- 172.21.15.83:0/983939830 shutdown_connections
2023-11-16T18:18:43.267 INFO:teuthology.orchestra.run.smithi083.stdout:/usr/bin/ceph: stderr
2023-11-16T18:18:40.664+0000 7f6ec8880700 1 --2- 172.21.15.83:0/983939830 >> [v2:172.21.15.83:3300/0,v1:172.21.15.83:6789/0] conn(0x7f6ec41047f0 0x7f6ec4104c00 unknown :-1 s=CLOSED pgs=41 cs=0 l=1 rev1=1 crypto rx=0 tx=0 comp rx=0 tx=0).stop
2023-11-16T18:18:43.267 INFO:teuthology.orchestra.run.smithi083.stdout:/usr/bin/ceph: stderr
2023-11-16T18:18:40.664+0000 7f6ec8880700 1 -- 172.21.15.83:0/983939830 >> 172.21.15.83:0/983939830 conn(0x7f6ec40ffe40 msgr2=0x7f6ec4102270 unknown :-1 s=STATE_NONE l=0).mark_down
2023-11-16T18:18:43.267 INFO:teuthology.orchestra.run.smithi083.stdout:/usr/bin/ceph: stderr
2023-11-16T18:18:40.664+0000 7f6ec8880700 1 -- 172.21.15.83:0/983939830 shutdown_connections
2023-11-16T18:18:43.267 INFO:teuthology.orchestra.run.smithi083.stdout:/usr/bin/ceph: stderr
2023-11-16T18:18:40.665+0000 7f6ec8880700 1 -- 172.21.15.83:0/983939830 wait complete.
2023-11-16T18:18:43.267 INFO:teuthology.orchestra.run.smithi083.stdout:/usr/bin/ceph: stderr
2023-11-16T18:18:40.665+0000 7f6ec8880700 1 Processor -- start
2023-11-16T18:18:43.267 INFO:teuthology.orchestra.run.smithi083.stdout:/usr/bin/ceph: stderr
2023-11-16T18:18:40.665+0000 7f6ec8880700 1 -- start start
2023-11-16T18:18:43.267 INFO:teuthology.orchestra.run.smithi083.stdout:/usr/bin/ceph: stderr
2023-11-16T18:18:40.665+0000 7f6ec8880700 1 --2- >> [v2:172.21.15.83:3300/0,v1:172.21.15.83:6789/0] conn(0x7f6ec41047f0 0x7f6ec418fa00 unknown :-1 s=NONE pgs=0 cs=0 l=1 rev1=0 crypto rx=0 tx=0 comp rx=0 tx=0).connect
2023-11-16T18:18:43.267 INFO:teuthology.orchestra.run.smithi083.stdout:/usr/bin/ceph: stderr
2023-11-16T18:18:40.665+0000 7f6ec8880700 1 -- --> [v2:172.21.15.83:3300/0,v1:172.21.15.83:6789/0] -- mon_getmap magic: 0 v1 -- 0x7f6ec418ff40 con 0x7f6ec41047f0
2023-11-16T18:18:43.268 INFO:teuthology.orchestra.run.smithi083.stdout:/usr/bin/ceph: stderr
2023-11-16T18:18:40.665+0000 7f6ec259c700 1 --2- >> [v2:172.21.15.83:3300/0,v1:172.21.15.83:6789/0] conn(0x7f6ec41047f0 0x7f6ec418fa00 unknown :-1 s=BANNER_CONNECTING pgs=0 cs=0 l=1 rev1=0 crypto rx=0 tx=0 comp rx=0 tx=0)._handle_peer_banner_payload supported=3 required=0
2023-11-16T18:18:43.268 INFO:teuthology.orchestra.run.smithi083.stdout:/usr/bin/ceph: stderr
2023-11-16T18:18:40.666+0000 7f6ec259c700 1 --2- >> [v2:172.21.15.83:3300/0,v1:172.21.15.83:6789/0] conn(0x7f6ec41047f0 0x7f6ec418fa00 unknown :-1 s=HELLO_CONNECTING pgs=0 cs=0 l=1 rev1=1 crypto rx=0 tx=0 comp rx=0 tx=0).handle_hello peer v2:172.21.15.83:3300/0 says I am v2:172.21.15.83:55340/0 (socket says 172.21.15.83:55340)
2023-11-16T18:18:43.268 INFO:teuthology.orchestra.run.smithi083.stdout:/usr/bin/ceph: stderr
2023-11-16T18:18:40.666+0000 7f6ec259c700 1 -- 172.21.15.83:0/2149331034 learned_addr learned my addr 172.21.15.83:0/2149331034 (peer_addr_for_me v2:172.21.15.83:0/0)
2023-11-16T18:18:43.268 INFO:teuthology.orchestra.run.smithi083.stdout:/usr/bin/ceph: stderr
2023-11-16T18:18:40.666+0000 7f6ec259c700 1 -- 172.21.15.83:0/2149331034 --> [v2:172.21.15.83:3300/0,v1:172.21.15.83:6789/0] -- mon_subscribe({config=0+,monmap=0+}) v3 -- 0x7f6eac009550 con 0x7f6ec41047f0
2023-11-16T18:18:43.268 INFO:teuthology.orchestra.run.smithi083.stdout:/usr/bin/ceph: stderr
2023-11-16T18:18:40.666+0000 7f6ec259c700 1 --2- 172.21.15.83:0/2149331034 >> [v2:172.21.15.83:3300/0,v1:172.21.15.83:6789/0] conn(0x7f6ec41047f0 0x7f6ec418fa00 secure :-1 s=READY pgs=42 cs=0 l=1 rev1=1 crypto rx=0x7f6eac006af0 tx=0x7f6eac011ad0 comp rx=0 tx=0).ready entity=mon.0 client_cookie=0 server_cookie=0 in_seq=0 out_seq=0
2023-11-16T18:18:43.268 INFO:teuthology.orchestra.run.smithi083.stdout:/usr/bin/ceph: stderr
2023-11-16T18:18:40.666+0000 7f6ebb7fe700 1 -- 172.21.15.83:0/2149331034 <== mon.0 v2:172.21.15.83:3300/0 1 ==== mon_map magic: 0 v1 ==== 205+0+0 (secure 0 0 0) 0x7f6eac003a40 con 0x7f6ec41047f0
2023-11-16T18:18:43.268 INFO:teuthology.orchestra.run.smithi083.stdout:/usr/bin/ceph: stderr
2023-11-16T18:18:40.666+0000 7f6ebb7fe700 1 -- 172.21.15.83:0/2149331034 <== mon.0 v2:172.21.15.83:3300/0 2 ==== config(26 keys) v1 ==== 1074+0+0 (secure 0 0 0) 0x7f6eac003ba0 con 0x7f6ec41047f0
2023-11-16T18:18:43.268 INFO:teuthology.orchestra.run.smithi083.stdout:/usr/bin/ceph: stderr
2023-11-16T18:18:40.666+0000 7f6ec8880700 1 -- 172.21.15.83:0/2149331034 --> [v2:172.21.15.83:3300/0,v1:172.21.15.83:6789/0] -- mon_subscribe({mgrmap=0+}) v3 -- 0x7f6ec4106840 con 0x7f6ec41047f0
2023-11-16T18:18:43.269 INFO:teuthology.orchestra.run.smithi083.stdout:/usr/bin/ceph: stderr
2023-11-16T18:18:40.666+0000 7f6ebb7fe700 1 -- 172.21.15.83:0/2149331034 <== mon.0 v2:172.21.15.83:3300/0 3 ==== mon_map magic: 0 v1 ==== 205+0+0 (secure 0 0 0) 0x7f6eac01a6e0 con 0x7f6ec41047f0
2023-11-16T18:18:43.269 INFO:teuthology.orchestra.run.smithi083.stdout:/usr/bin/ceph: stderr
2023-11-16T18:18:40.666+0000 7f6ec8880700 1 -- 172.21.15.83:0/2149331034 --> [v2:172.21.15.83:3300/0,v1:172.21.15.83:6789/0] -- mon_subscribe({osdmap=0}) v3 -- 0x7f6ec41066b0 con 0x7f6ec41047f0
2023-11-16T18:18:43.269 INFO:teuthology.orchestra.run.smithi083.stdout:/usr/bin/ceph: stderr
2023-11-16T18:18:40.667+0000 7f6ebb7fe700 1 -- 172.21.15.83:0/2149331034 <== mon.0 v2:172.21.15.83:3300/0 4 ==== mgrmap(e 8) v1 ==== 45483+0+0 (secure 0 0 0) 0x7f6eac01a860 con 0x7f6ec41047f0
2023-11-16T18:18:43.269 INFO:teuthology.orchestra.run.smithi083.stdout:/usr/bin/ceph: stderr
2023-11-16T18:18:40.667+0000 7f6ebb7fe700 1 --2- 172.21.15.83:0/2149331034 >> [v2:172.21.15.83:6800/2812155969,v1:172.21.15.83:6801/2812155969] conn(0x7f6eb0038820 0x7f6eb003acd0 unknown :-1 s=NONE pgs=0 cs=0 l=1 rev1=0 crypto rx=0 tx=0 comp rx=0 tx=0).connect
2023-11-16T18:18:43.269 INFO:teuthology.orchestra.run.smithi083.stdout:/usr/bin/ceph: stderr
2023-11-16T18:18:40.667+0000 7f6ebb7fe700 1 -- 172.21.15.83:0/2149331034 <== mon.0 v2:172.21.15.83:3300/0 5 ==== osd_map(2..2 src has 1..2) v4 ==== 940+0+0 (secure 0 0 0) 0x7f6eac04c6f0 con 0x7f6ec41047f0
2023-11-16T18:18:43.270 INFO:teuthology.orchestra.run.smithi083.stdout:/usr/bin/ceph: stderr
2023-11-16T18:18:40.667+0000 7f6ec1d9b700 1 --2- 172.21.15.83:0/2149331034 >> [v2:172.21.15.83:6800/2812155969,v1:172.21.15.83:6801/2812155969] conn(0x7f6eb0038820 0x7f6eb003acd0 unknown :-1 s=BANNER_CONNECTING pgs=0 cs=0 l=1 rev1=0 crypto rx=0 tx=0 comp rx=0 tx=0)._handle_peer_banner_payload supported=3 required=0
2023-11-16T18:18:43.283 INFO:teuthology.orchestra.run.smithi083.stdout:/usr/bin/ceph: stderr
2023-11-16T18:18:40.667+0000 7f6ec8880700 1 -- 172.21.15.83:0/2149331034 --> [v2:172.21.15.83:3300/0,v1:172.21.15.83:6789/0] -- mon_command({"prefix": "get_command_descriptions"} v 0) v1 -- 0x7f6ec4062120 con 0x7f6ec41047f0
2023-11-16T18:18:43.283 INFO:teuthology.orchestra.run.smithi083.stdout:/usr/bin/ceph: stderr
2023-11-16T18:18:40.668+0000 7f6ec1d9b700 1 --2- 172.21.15.83:0/2149331034 >> [v2:172.21.15.83:6800/2812155969,v1:172.21.15.83:6801/2812155969] conn(0x7f6eb0038820 0x7f6eb003acd0 secure :-1 s=READY pgs=11 cs=0 l=1 rev1=1 crypto rx=0x7f6eb4006fd0 tx=0x7f6eb4006e40 comp rx=0 tx=0).ready entity=mgr.14116 client_cookie=0 server_cookie=0 in_seq=0 out_seq=0
2023-11-16T18:18:43.284 INFO:teuthology.orchestra.run.smithi083.stdout:/usr/bin/ceph: stderr
2023-11-16T18:18:40.672+0000 7f6ebb7fe700 1 -- 172.21.15.83:0/2149331034 <== mon.0 v2:172.21.15.83:3300/0 6 ==== mon_command_ack([{"prefix": "get_command_descriptions"}]=0 v0) v1 ==== 72+0+177948 (secure 0 0 0) 0x7f6eac01ab10 con 0x7f6ec41047f0
2023-11-16T18:18:43.284 INFO:teuthology.orchestra.run.smithi083.stdout:/usr/bin/ceph: stderr
2023-11-16T18:18:40.862+0000 7f6ec8880700 1 -- 172.21.15.83:0/2149331034 --> [v2:172.21.15.83:6800/2812155969,v1:172.21.15.83:6801/2812155969] -- mgr_command(tid 0: {"prefix": "orch host add", "hostname": "smithi083", "addr": "172.21.15.83", "target": ["mon-mgr", ""]}) v1 -- 0x7f6ec418ef10 con 0x7f6eb0038820
2023-11-16T18:18:43.284 INFO:teuthology.orchestra.run.smithi083.stdout:/usr/bin/ceph: stderr
2023-11-16T18:18:42.912+0000 7f6ebb7fe700 1 -- 172.21.15.83:0/2149331034 <== mgr.14116 v2:172.21.15.83:6800/2812155969 1 ==== mgr_command_reply(tid 0: 0 ) v1 ==== 8+0+48 (secure 0 0 0) 0x7f6ec418ef10 con 0x7f6eb0038820
2023-11-16T18:18:43.285 INFO:teuthology.orchestra.run.smithi083.stdout:/usr/bin/ceph: stderr
2023-11-16T18:18:42.914+0000 7f6ec8880700 1 -- 172.21.15.83:0/2149331034 >> [v2:172.21.15.83:6800/2812155969,v1:172.21.15.83:6801/2812155969] conn(0x7f6eb0038820 msgr2=0x7f6eb003acd0 secure :-1 s=STATE_CONNECTION_ESTABLISHED l=1).mark_down
2023-11-16T18:18:43.285 INFO:teuthology.orchestra.run.smithi083.stdout:/usr/bin/ceph: stderr
2023-11-16T18:18:42.914+0000 7f6ec8880700 1 --2- 172.21.15.83:0/2149331034 >> [v2:172.21.15.83:6800/2812155969,v1:172.21.15.83:6801/2812155969] conn(0x7f6eb0038820 0x7f6eb003acd0 secure :-1 s=READY pgs=11 cs=0 l=1 rev1=1 crypto rx=0x7f6eb4006fd0 tx=0x7f6eb4006e40 comp rx=0 tx=0).stop
2023-11-16T18:18:43.285 INFO:teuthology.orchestra.run.smithi083.stdout:/usr/bin/ceph: stderr
2023-11-16T18:18:42.914+0000 7f6ec8880700 1 -- 172.21.15.83:0/2149331034 >> [v2:172.21.15.83:3300/0,v1:172.21.15.83:6789/0] conn(0x7f6ec41047f0 msgr2=0x7f6ec418fa00 secure :-1 s=STATE_CONNECTION_ESTABLISHED l=1).mark_down
2023-11-16T18:18:43.285 INFO:teuthology.orchestra.run.smithi083.stdout:/usr/bin/ceph: stderr
2023-11-16T18:18:42.914+0000 7f6ec8880700 1 --2- 172.21.15.83:0/2149331034 >> [v2:172.21.15.83:3300/0,v1:172.21.15.83:6789/0] conn(0x7f6ec41047f0 0x7f6ec418fa00 secure :-1 s=READY pgs=42 cs=0 l=1 rev1=1 crypto rx=0x7f6eac006af0 tx=0x7f6eac011ad0 comp rx=0 tx=0).stop
2023-11-16T18:18:43.286 INFO:teuthology.orchestra.run.smithi083.stdout:/usr/bin/ceph: stderr
2023-11-16T18:18:42.915+0000 7f6ec8880700 1 -- 172.21.15.83:0/2149331034 shutdown_connections
2023-11-16T18:18:43.286 INFO:teuthology.orchestra.run.smithi083.stdout:/usr/bin/ceph: stderr
2023-11-16T18:18:42.915+0000 7f6ec8880700 1 --2- 172.21.15.83:0/2149331034 >> [v2:172.21.15.83:6800/2812155969,v1:172.21.15.83:6801/2812155969] conn(0x7f6eb0038820 0x7f6eb003acd0 unknown :-1 s=CLOSED pgs=11 cs=0 l=1 rev1=1 crypto rx=0 tx=0 comp rx=0 tx=0).stop
2023-11-16T18:18:43.286 INFO:teuthology.orchestra.run.smithi083.stdout:/usr/bin/ceph: stderr
2023-11-16T18:18:42.915+0000 7f6ec8880700 1 --2- 172.21.15.83:0/2149331034 >> [v2:172.21.15.83:3300/0,v1:172.21.15.83:6789/0] conn(0x7f6ec41047f0 0x7f6ec418fa00 unknown :-1 s=CLOSED pgs=42 cs=0 l=1 rev1=1 crypto rx=0 tx=0 comp rx=0 tx=0).stop
2023-11-16T18:18:43.286 INFO:teuthology.orchestra.run.smithi083.stdout:/usr/bin/ceph: stderr
2023-11-16T18:18:42.915+0000 7f6ec8880700 1 -- 172.21.15.83:0/2149331034 >> 172.21.15.83:0/2149331034 conn(0x7f6ec40ffe40 msgr2=0x7f6ec4100a90 unknown :-1 s=STATE_NONE l=0).mark_down
2023-11-16T18:18:43.286 INFO:teuthology.orchestra.run.smithi083.stdout:/usr/bin/ceph: stderr
2023-11-16T18:18:42.915+0000 7f6ec8880700 1 -- 172.21.15.83:0/2149331034 shutdown_connections
2023-11-16T18:18:43.288 INFO:teuthology.orchestra.run.smithi083.stdout:/usr/bin/ceph: stderr
2023-11-16T18:18:42.915+0000 7f6ec8880700 1 -- 172.21.15.83:0/2149331034 wait complete.
2023-11-16T18:18:43.288 INFO:teuthology.orchestra.run.smithi083.stdout:Deploying unmanaged mon service...
2023-11-16T18:18:44.215 INFO:journalctl@ceph.mon.a.smithi083.stdout:Nov 16 18:18:43 smithi083 ceph-mon[98922]: from='mgr.14116 172.21.15.83:0/211740213' entity='mgr.x'
2023-11-16T18:18:44.215 INFO:journalctl@ceph.mon.a.smithi083.stdout:Nov 16 18:18:43 smithi083 ceph-mon[98922]: Added host smithi083
2023-11-16T18:18:44.215 INFO:journalctl@ceph.mon.a.smithi083.stdout:Nov 16 18:18:43 smithi083 ceph-mon[98922]: from='mgr.14116 172.21.15.83:0/211740213' entity='mgr.x' cmd=[{"prefix": "config dump", "format": "json"}]: dispatch
2023-11-16T18:18:44.216 INFO:journalctl@ceph.mon.a.smithi083.stdout:Nov 16 18:18:43 smithi083 ceph-mon[98922]: from='mgr.14116 172.21.15.83:0/211740213' entity='mgr.x'
2023-11-16T18:18:44.312 INFO:teuthology.orchestra.run.smithi083.stdout:/usr/bin/ceph: stdout Scheduled mon update...
2023-11-16T18:18:44.312 INFO:teuthology.orchestra.run.smithi083.stdout:/usr/bin/ceph: stderr
2023-11-16T18:18:43.678+0000 7faed5d63700 1 Processor -- start
2023-11-16T18:18:44.312 INFO:teuthology.orchestra.run.smithi083.stdout:/usr/bin/ceph: stderr
2023-11-16T18:18:43.679+0000 7faed5d63700 1 -- start start
2023-11-16T18:18:44.312 INFO:teuthology.orchestra.run.smithi083.stdout:/usr/bin/ceph: stderr
2023-11-16T18:18:43.679+0000 7faed5d63700 1 --2- >> [v2:172.21.15.83:3300/0,v1:172.21.15.83:6789/0] conn(0x7faed0106460 0x7faed0108840 unknown :-1 s=NONE pgs=0 cs=0 l=0 rev1=0 crypto rx=0 tx=0 comp rx=0 tx=0).connect
2023-11-16T18:18:44.312 INFO:teuthology.orchestra.run.smithi083.stdout:/usr/bin/ceph: stderr
2023-11-16T18:18:43.679+0000 7faed5d63700 1 -- --> [v2:172.21.15.83:3300/0,v1:172.21.15.83:6789/0] -- mon_getmap magic: 0 v1 -- 0x7faed0079d40 con 0x7faed0106460
2023-11-16T18:18:44.312 INFO:teuthology.orchestra.run.smithi083.stdout:/usr/bin/ceph: stderr
2023-11-16T18:18:43.679+0000 7faecf7fe700 1 --2- >> [v2:172.21.15.83:3300/0,v1:172.21.15.83:6789/0] conn(0x7faed0106460 0x7faed0108840 unknown :-1 s=BANNER_CONNECTING pgs=0 cs=0 l=0 rev1=0 crypto rx=0 tx=0 comp rx=0 tx=0)._handle_peer_banner_payload supported=3 required=0
2023-11-16T18:18:44.313 INFO:teuthology.orchestra.run.smithi083.stdout:/usr/bin/ceph: stderr
2023-11-16T18:18:43.679+0000 7faecf7fe700 1 --2- >> [v2:172.21.15.83:3300/0,v1:172.21.15.83:6789/0] conn(0x7faed0106460 0x7faed0108840 unknown :-1 s=HELLO_CONNECTING pgs=0 cs=0 l=0 rev1=1 crypto rx=0 tx=0 comp rx=0 tx=0).handle_hello peer v2:172.21.15.83:3300/0 says I am v2:172.21.15.83:55374/0 (socket says 172.21.15.83:55374)
2023-11-16T18:18:44.313 INFO:teuthology.orchestra.run.smithi083.stdout:/usr/bin/ceph: stderr
2023-11-16T18:18:43.679+0000 7faecf7fe700 1 -- 172.21.15.83:0/1749314155 learned_addr learned my addr 172.21.15.83:0/1749314155 (peer_addr_for_me v2:172.21.15.83:0/0)
2023-11-16T18:18:44.313 INFO:teuthology.orchestra.run.smithi083.stdout:/usr/bin/ceph: stderr
2023-11-16T18:18:43.679+0000 7faecf7fe700 1 -- 172.21.15.83:0/1749314155 --> [v2:172.21.15.83:3300/0,v1:172.21.15.83:6789/0] -- mon_subscribe({config=0+,monmap=0+}) v3 -- 0x7faed0079e80 con 0x7faed0106460
2023-11-16T18:18:44.313 INFO:teuthology.orchestra.run.smithi083.stdout:/usr/bin/ceph: stderr
2023-11-16T18:18:43.679+0000 7faecf7fe700 1 --2- 172.21.15.83:0/1749314155 >> [v2:172.21.15.83:3300/0,v1:172.21.15.83:6789/0] conn(0x7faed0106460 0x7faed0108840 secure :-1 s=READY pgs=43 cs=0 l=1 rev1=1 crypto rx=0x7faec40098a0 tx=0x7faec4009bb0 comp rx=0 tx=0).ready entity=mon.0 client_cookie=f2bd32267b5dfdc1 server_cookie=0 in_seq=0 out_seq=0
2023-11-16T18:18:44.313 INFO:teuthology.orchestra.run.smithi083.stdout:/usr/bin/ceph: stderr
2023-11-16T18:18:43.680+0000 7faece7fc700 1 -- 172.21.15.83:0/1749314155 <== mon.0 v2:172.21.15.83:3300/0 1 ==== mon_map magic: 0 v1 ==== 205+0+0 (secure 0 0 0) 0x7faec4004160 con 0x7faed0106460
2023-11-16T18:18:44.313 INFO:teuthology.orchestra.run.smithi083.stdout:/usr/bin/ceph: stderr
2023-11-16T18:18:43.680+0000 7faece7fc700 1 -- 172.21.15.83:0/1749314155 <== mon.0 v2:172.21.15.83:3300/0 2 ==== config(26 keys) v1 ==== 1074+0+0 (secure 0 0 0) 0x7faec40042c0 con 0x7faed0106460
2023-11-16T18:18:44.313 INFO:teuthology.orchestra.run.smithi083.stdout:/usr/bin/ceph: stderr
2023-11-16T18:18:43.680+0000 7faece7fc700 1 -- 172.21.15.83:0/1749314155 <== mon.0 v2:172.21.15.83:3300/0 3 ==== mon_map magic: 0 v1 ==== 205+0+0 (secure 0 0 0) 0x7faec4011a00 con 0x7faed0106460
2023-11-16T18:18:44.313 INFO:teuthology.orchestra.run.smithi083.stdout:/usr/bin/ceph: stderr
2023-11-16T18:18:43.680+0000 7faed5d63700 1 -- 172.21.15.83:0/1749314155 >> [v2:172.21.15.83:3300/0,v1:172.21.15.83:6789/0] conn(0x7faed0106460 msgr2=0x7faed0108840 secure :-1 s=STATE_CONNECTION_ESTABLISHED l=1).mark_down
2023-11-16T18:18:44.313 INFO:teuthology.orchestra.run.smithi083.stdout:/usr/bin/ceph: stderr
2023-11-16T18:18:43.680+0000 7faed5d63700 1 --2- 172.21.15.83:0/1749314155 >> [v2:172.21.15.83:3300/0,v1:172.21.15.83:6789/0] conn(0x7faed0106460 0x7faed0108840 secure :-1 s=READY pgs=43 cs=0 l=1 rev1=1 crypto rx=0x7faec40098a0 tx=0x7faec4009bb0 comp rx=0 tx=0).stop
2023-11-16T18:18:44.314 INFO:teuthology.orchestra.run.smithi083.stdout:/usr/bin/ceph: stderr
2023-11-16T18:18:43.680+0000 7faed5d63700 1 -- 172.21.15.83:0/1749314155 shutdown_connections
2023-11-16T18:18:44.314 INFO:teuthology.orchestra.run.smithi083.stdout:/usr/bin/ceph: stderr
2023-11-16T18:18:43.680+0000 7faed5d63700 1 --2- 172.21.15.83:0/1749314155 >> [v2:172.21.15.83:3300/0,v1:172.21.15.83:6789/0] conn(0x7faed0106460 0x7faed0108840 unknown :-1 s=CLOSED pgs=43 cs=0 l=1 rev1=1 crypto rx=0 tx=0 comp rx=0 tx=0).stop
2023-11-16T18:18:44.314 INFO:teuthology.orchestra.run.smithi083.stdout:/usr/bin/ceph: stderr
2023-11-16T18:18:43.680+0000 7faed5d63700 1 -- 172.21.15.83:0/1749314155 >> 172.21.15.83:0/1749314155 conn(0x7faed00ffe80 msgr2=0x7faed0102290 unknown :-1 s=STATE_NONE l=0).mark_down
2023-11-16T18:18:44.314 INFO:teuthology.orchestra.run.smithi083.stdout:/usr/bin/ceph: stderr
2023-11-16T18:18:43.680+0000 7faed5d63700 1 -- 172.21.15.83:0/1749314155 shutdown_connections
2023-11-16T18:18:44.314 INFO:teuthology.orchestra.run.smithi083.stdout:/usr/bin/ceph: stderr
2023-11-16T18:18:43.680+0000 7faed5d63700 1 -- 172.21.15.83:0/1749314155 wait complete.
2023-11-16T18:18:44.315 INFO:teuthology.orchestra.run.smithi083.stdout:/usr/bin/ceph: stderr
2023-11-16T18:18:43.681+0000 7faed5d63700 1 Processor -- start
2023-11-16T18:18:44.315 INFO:teuthology.orchestra.run.smithi083.stdout:/usr/bin/ceph: stderr
2023-11-16T18:18:43.681+0000 7faed5d63700 1 -- start start
2023-11-16T18:18:44.315 INFO:teuthology.orchestra.run.smithi083.stdout:/usr/bin/ceph: stderr
2023-11-16T18:18:43.681+0000 7faed5d63700 1 --2- >> [v2:172.21.15.83:3300/0,v1:172.21.15.83:6789/0] conn(0x7faed0106460 0x7faed0199570 unknown :-1 s=NONE pgs=0 cs=0 l=1 rev1=0 crypto rx=0 tx=0 comp rx=0 tx=0).connect
2023-11-16T18:18:44.315 INFO:teuthology.orchestra.run.smithi083.stdout:/usr/bin/ceph: stderr
2023-11-16T18:18:43.681+0000 7faed5d63700 1 -- --> [v2:172.21.15.83:3300/0,v1:172.21.15.83:6789/0] -- mon_getmap magic: 0 v1 -- 0x7faed0199ab0 con 0x7faed0106460
2023-11-16T18:18:44.315 INFO:teuthology.orchestra.run.smithi083.stdout:/usr/bin/ceph: stderr
2023-11-16T18:18:43.681+0000 7faecf7fe700 1 --2- >> [v2:172.21.15.83:3300/0,v1:172.21.15.83:6789/0] conn(0x7faed0106460 0x7faed0199570 unknown :-1 s=BANNER_CONNECTING pgs=0 cs=0 l=1 rev1=0 crypto rx=0 tx=0 comp rx=0 tx=0)._handle_peer_banner_payload supported=3 required=0
2023-11-16T18:18:44.315 INFO:teuthology.orchestra.run.smithi083.stdout:/usr/bin/ceph: stderr
2023-11-16T18:18:43.681+0000 7faecf7fe700 1 --2- >> [v2:172.21.15.83:3300/0,v1:172.21.15.83:6789/0] conn(0x7faed0106460 0x7faed0199570 unknown :-1 s=HELLO_CONNECTING pgs=0 cs=0 l=1 rev1=1 crypto rx=0 tx=0 comp rx=0 tx=0).handle_hello peer v2:172.21.15.83:3300/0 says I am v2:172.21.15.83:55376/0 (socket says 172.21.15.83:55376)
2023-11-16T18:18:44.315 INFO:teuthology.orchestra.run.smithi083.stdout:/usr/bin/ceph: stderr
2023-11-16T18:18:43.681+0000 7faecf7fe700 1 -- 172.21.15.83:0/376830471 learned_addr learned my addr 172.21.15.83:0/376830471 (peer_addr_for_me v2:172.21.15.83:0/0)
2023-11-16T18:18:44.315 INFO:teuthology.orchestra.run.smithi083.stdout:/usr/bin/ceph: stderr
2023-11-16T18:18:43.682+0000 7faecf7fe700 1 -- 172.21.15.83:0/376830471 --> [v2:172.21.15.83:3300/0,v1:172.21.15.83:6789/0] -- mon_subscribe({config=0+,monmap=0+}) v3 -- 0x7faec4009550 con 0x7faed0106460
2023-11-16T18:18:44.315 INFO:teuthology.orchestra.run.smithi083.stdout:/usr/bin/ceph: stderr
2023-11-16T18:18:43.682+0000 7faecf7fe700 1 --2- 172.21.15.83:0/376830471 >> [v2:172.21.15.83:3300/0,v1:172.21.15.83:6789/0] conn(0x7faed0106460 0x7faed0199570 secure :-1 s=READY pgs=44 cs=0 l=1 rev1=1 crypto rx=0x7faec4009fb0 tx=0x7faec4011ad0 comp rx=0 tx=0).ready entity=mon.0 client_cookie=0 server_cookie=0 in_seq=0 out_seq=0
2023-11-16T18:18:44.316 INFO:teuthology.orchestra.run.smithi083.stdout:/usr/bin/ceph: stderr
2023-11-16T18:18:43.682+0000 7faeccff9700 1 -- 172.21.15.83:0/376830471 <== mon.0 v2:172.21.15.83:3300/0 1 ==== mon_map magic: 0 v1 ==== 205+0+0 (secure 0 0 0) 0x7faec4003a40 con 0x7faed0106460
2023-11-16T18:18:44.316 INFO:teuthology.orchestra.run.smithi083.stdout:/usr/bin/ceph: stderr
2023-11-16T18:18:43.682+0000 7faeccff9700 1 -- 172.21.15.83:0/376830471 <== mon.0 v2:172.21.15.83:3300/0 2 ==== config(26 keys) v1 ==== 1074+0+0 (secure 0 0 0) 0x7faec4003ba0 con 0x7faed0106460
2023-11-16T18:18:44.316 INFO:teuthology.orchestra.run.smithi083.stdout:/usr/bin/ceph: stderr
2023-11-16T18:18:43.682+0000 7faed5d63700 1 -- 172.21.15.83:0/376830471 --> [v2:172.21.15.83:3300/0,v1:172.21.15.83:6789/0] -- mon_subscribe({mgrmap=0+}) v3 -- 0x7faed0109b10 con 0x7faed0106460
2023-11-16T18:18:44.316 INFO:teuthology.orchestra.run.smithi083.stdout:/usr/bin/ceph: stderr
2023-11-16T18:18:43.682+0000 7faeccff9700 1 -- 172.21.15.83:0/376830471 <== mon.0 v2:172.21.15.83:3300/0 3 ==== mon_map magic: 0 v1 ==== 205+0+0 (secure 0 0 0) 0x7faec401a750 con 0x7faed0106460
2023-11-16T18:18:44.316 INFO:teuthology.orchestra.run.smithi083.stdout:/usr/bin/ceph: stderr
2023-11-16T18:18:43.682+0000 7faed5d63700 1 -- 172.21.15.83:0/376830471 --> [v2:172.21.15.83:3300/0,v1:172.21.15.83:6789/0] -- mon_subscribe({osdmap=0}) v3 -- 0x7faed0109980 con 0x7faed0106460
2023-11-16T18:18:44.316 INFO:teuthology.orchestra.run.smithi083.stdout:/usr/bin/ceph: stderr
2023-11-16T18:18:43.683+0000 7faeccff9700 1 -- 172.21.15.83:0/376830471 <== mon.0 v2:172.21.15.83:3300/0 4 ==== mgrmap(e 8) v1 ==== 45483+0+0 (secure 0 0 0) 0x7faec401a980 con 0x7faed0106460
2023-11-16T18:18:44.316 INFO:teuthology.orchestra.run.smithi083.stdout:/usr/bin/ceph: stderr
2023-11-16T18:18:43.683+0000 7faeccff9700 1 --2- 172.21.15.83:0/376830471 >> [v2:172.21.15.83:6800/2812155969,v1:172.21.15.83:6801/2812155969] conn(0x7faeb80387d0 0x7faeb803ac80 unknown :-1 s=NONE pgs=0 cs=0 l=1 rev1=0 crypto rx=0 tx=0 comp rx=0 tx=0).connect
2023-11-16T18:18:44.316 INFO:teuthology.orchestra.run.smithi083.stdout:/usr/bin/ceph: stderr
2023-11-16T18:18:43.683+0000 7faeccff9700 1 -- 172.21.15.83:0/376830471 <== mon.0 v2:172.21.15.83:3300/0 5 ==== osd_map(2..2 src has 1..2) v4 ==== 940+0+0 (secure 0 0 0) 0x7faec404c690 con 0x7faed0106460
2023-11-16T18:18:44.316 INFO:teuthology.orchestra.run.smithi083.stdout:/usr/bin/ceph: stderr
2023-11-16T18:18:43.683+0000 7faeceffd700 1 --2- 172.21.15.83:0/376830471 >> [v2:172.21.15.83:6800/2812155969,v1:172.21.15.83:6801/2812155969] conn(0x7faeb80387d0 0x7faeb803ac80 unknown :-1 s=BANNER_CONNECTING pgs=0 cs=0 l=1 rev1=0 crypto rx=0 tx=0 comp rx=0 tx=0)._handle_peer_banner_payload supported=3 required=0
2023-11-16T18:18:44.316 INFO:teuthology.orchestra.run.smithi083.stdout:/usr/bin/ceph: stderr
2023-11-16T18:18:43.683+0000 7faed5d63700 1 -- 172.21.15.83:0/376830471 --> [v2:172.21.15.83:3300/0,v1:172.21.15.83:6789/0] -- mon_command({"prefix": "get_command_descriptions"} v 0) v1 -- 0x7faed0062120 con 0x7faed0106460
2023-11-16T18:18:44.316 INFO:teuthology.orchestra.run.smithi083.stdout:/usr/bin/ceph: stderr
2023-11-16T18:18:43.683+0000 7faeceffd700 1 --2- 172.21.15.83:0/376830471 >> [v2:172.21.15.83:6800/2812155969,v1:172.21.15.83:6801/2812155969] conn(0x7faeb80387d0 0x7faeb803ac80 secure :-1 s=READY pgs=12 cs=0 l=1 rev1=1 crypto rx=0x7faec0006fd0 tx=0x7faec0006e40 comp rx=0 tx=0).ready entity=mgr.14116 client_cookie=0 server_cookie=0 in_seq=0 out_seq=0
2023-11-16T18:18:44.317 INFO:teuthology.orchestra.run.smithi083.stdout:/usr/bin/ceph: stderr
2023-11-16T18:18:43.688+0000 7faeccff9700 1 -- 172.21.15.83:0/376830471 <== mon.0 v2:172.21.15.83:3300/0 6 ==== mon_command_ack([{"prefix": "get_command_descriptions"}]=0 v0) v1 ==== 72+0+177948 (secure 0 0 0) 0x7faec401ac30 con 0x7faed0106460
2023-11-16T18:18:44.317 INFO:teuthology.orchestra.run.smithi083.stdout:/usr/bin/ceph: stderr
2023-11-16T18:18:43.894+0000 7faed5d63700 1 -- 172.21.15.83:0/376830471 --> [v2:172.21.15.83:6800/2812155969,v1:172.21.15.83:6801/2812155969] -- mgr_command(tid 0: {"prefix": "orch apply", "service_type": "mon", "unmanaged": true, "target": ["mon-mgr", ""]}) v1 -- 0x7faed01012c0 con 0x7faeb80387d0
2023-11-16T18:18:44.317 INFO:teuthology.orchestra.run.smithi083.stdout:/usr/bin/ceph: stderr
2023-11-16T18:18:43.898+0000 7faeccff9700 1 -- 172.21.15.83:0/376830471 <== mgr.14116 v2:172.21.15.83:6800/2812155969 1 ==== mgr_command_reply(tid 0: 0 ) v1 ==== 8+0+24 (secure 0 0 0) 0x7faed01012c0 con 0x7faeb80387d0
2023-11-16T18:18:44.317 INFO:teuthology.orchestra.run.smithi083.stdout:/usr/bin/ceph: stderr
2023-11-16T18:18:43.900+0000 7faed5d63700 1 -- 172.21.15.83:0/376830471 >> [v2:172.21.15.83:6800/2812155969,v1:172.21.15.83:6801/2812155969] conn(0x7faeb80387d0 msgr2=0x7faeb803ac80 secure :-1 s=STATE_CONNECTION_ESTABLISHED l=1).mark_down
2023-11-16T18:18:44.317 INFO:teuthology.orchestra.run.smithi083.stdout:/usr/bin/ceph: stderr
2023-11-16T18:18:43.900+0000 7faed5d63700 1 --2- 172.21.15.83:0/376830471 >> [v2:172.21.15.83:6800/2812155969,v1:172.21.15.83:6801/2812155969] conn(0x7faeb80387d0 0x7faeb803ac80 secure :-1 s=READY pgs=12 cs=0 l=1 rev1=1 crypto rx=0x7faec0006fd0 tx=0x7faec0006e40 comp rx=0 tx=0).stop
2023-11-16T18:18:44.317 INFO:teuthology.orchestra.run.smithi083.stdout:/usr/bin/ceph: stderr
2023-11-16T18:18:43.900+0000 7faed5d63700 1 -- 172.21.15.83:0/376830471 >> [v2:172.21.15.83:3300/0,v1:172.21.15.83:6789/0] conn(0x7faed0106460 msgr2=0x7faed0199570 secure :-1 s=STATE_CONNECTION_ESTABLISHED l=1).mark_down
2023-11-16T18:18:44.317 INFO:teuthology.orchestra.run.smithi083.stdout:/usr/bin/ceph: stderr
2023-11-16T18:18:43.900+0000 7faed5d63700 1 --2- 172.21.15.83:0/376830471 >> [v2:172.21.15.83:3300/0,v1:172.21.15.83:6789/0] conn(0x7faed0106460 0x7faed0199570 secure :-1 s=READY pgs=44 cs=0 l=1 rev1=1 crypto rx=0x7faec4009fb0 tx=0x7faec4011ad0 comp rx=0 tx=0).stop
2023-11-16T18:18:44.317 INFO:teuthology.orchestra.run.smithi083.stdout:/usr/bin/ceph: stderr
2023-11-16T18:18:43.900+0000 7faed5d63700 1 -- 172.21.15.83:0/376830471 shutdown_connections
2023-11-16T18:18:44.317 INFO:teuthology.orchestra.run.smithi083.stdout:/usr/bin/ceph: stderr
2023-11-16T18:18:43.900+0000 7faed5d63700 1 --2- 172.21.15.83:0/376830471 >> [v2:172.21.15.83:6800/2812155969,v1:172.21.15.83:6801/2812155969] conn(0x7faeb80387d0 0x7faeb803ac80 unknown :-1 s=CLOSED pgs=12 cs=0 l=1 rev1=1 crypto rx=0 tx=0 comp rx=0 tx=0).stop
2023-11-16T18:18:44.317 INFO:teuthology.orchestra.run.smithi083.stdout:/usr/bin/ceph: stderr
2023-11-16T18:18:43.900+0000 7faed5d63700 1 --2- 172.21.15.83:0/376830471 >> [v2:172.21.15.83:3300/0,v1:172.21.15.83:6789/0] conn(0x7faed0106460 0x7faed0199570 unknown :-1 s=CLOSED pgs=44 cs=0 l=1 rev1=1 crypto rx=0 tx=0 comp rx=0 tx=0).stop
2023-11-16T18:18:44.317 INFO:teuthology.orchestra.run.smithi083.stdout:/usr/bin/ceph: stderr
2023-11-16T18:18:43.900+0000 7faed5d63700 1 -- 172.21.15.83:0/376830471 >> 172.21.15.83:0/376830471 conn(0x7faed00ffe80 msgr2=0x7faed0100bb0 unknown :-1 s=STATE_NONE l=0).mark_down
2023-11-16T18:18:44.317 INFO:teuthology.orchestra.run.smithi083.stdout:/usr/bin/ceph: stderr
2023-11-16T18:18:43.900+0000 7faed5d63700 1 -- 172.21.15.83:0/376830471 shutdown_connections
2023-11-16T18:18:44.318 INFO:teuthology.orchestra.run.smithi083.stdout:/usr/bin/ceph: stderr
2023-11-16T18:18:43.900+0000 7faed5d63700 1 -- 172.21.15.83:0/376830471 wait complete.
2023-11-16T18:18:44.318 INFO:teuthology.orchestra.run.smithi083.stdout:Deploying unmanaged mgr service...
2023-11-16T18:18:45.314 INFO:teuthology.orchestra.run.smithi083.stdout:/usr/bin/ceph: stdout Scheduled mgr update...
2023-11-16T18:18:45.314 INFO:teuthology.orchestra.run.smithi083.stdout:/usr/bin/ceph: stderr
2023-11-16T18:18:44.779+0000 7f2df20d8700 1 Processor -- start
2023-11-16T18:18:45.314 INFO:teuthology.orchestra.run.smithi083.stdout:/usr/bin/ceph: stderr
2023-11-16T18:18:44.779+0000 7f2df20d8700 1 -- start start
2023-11-16T18:18:45.315 INFO:teuthology.orchestra.run.smithi083.stdout:/usr/bin/ceph: stderr
2023-11-16T18:18:44.780+0000 7f2df20d8700 1 --2- >> [v2:172.21.15.83:3300/0,v1:172.21.15.83:6789/0] conn(0x7f2dec07be00 0x7f2dec07a300 unknown :-1 s=NONE pgs=0 cs=0 l=0 rev1=0 crypto rx=0 tx=0 comp rx=0 tx=0).connect
2023-11-16T18:18:45.315 INFO:teuthology.orchestra.run.smithi083.stdout:/usr/bin/ceph: stderr
2023-11-16T18:18:44.780+0000 7f2df20d8700 1 -- --> [v2:172.21.15.83:3300/0,v1:172.21.15.83:6789/0] -- mon_getmap magic: 0 v1 -- 0x7f2dec07a840 con 0x7f2dec07be00
2023-11-16T18:18:45.315 INFO:teuthology.orchestra.run.smithi083.stdout:/usr/bin/ceph: stderr
2023-11-16T18:18:44.780+0000 7f2deb7fe700 1 --2- >> [v2:172.21.15.83:3300/0,v1:172.21.15.83:6789/0] conn(0x7f2dec07be00 0x7f2dec07a300 unknown :-1 s=BANNER_CONNECTING pgs=0 cs=0 l=0 rev1=0 crypto rx=0 tx=0 comp rx=0 tx=0)._handle_peer_banner_payload supported=3 required=0
2023-11-16T18:18:45.315 INFO:teuthology.orchestra.run.smithi083.stdout:/usr/bin/ceph: stderr
2023-11-16T18:18:44.780+0000 7f2deb7fe700 1 --2- >> [v2:172.21.15.83:3300/0,v1:172.21.15.83:6789/0] conn(0x7f2dec07be00 0x7f2dec07a300 unknown :-1 s=HELLO_CONNECTING pgs=0 cs=0 l=0 rev1=1 crypto rx=0 tx=0 comp rx=0 tx=0).handle_hello peer v2:172.21.15.83:3300/0 says I am v2:172.21.15.83:55380/0 (socket says 172.21.15.83:55380)
2023-11-16T18:18:45.315 INFO:teuthology.orchestra.run.smithi083.stdout:/usr/bin/ceph: stderr
2023-11-16T18:18:44.780+0000 7f2deb7fe700 1 -- 172.21.15.83:0/3813846871 learned_addr learned my addr 172.21.15.83:0/3813846871 (peer_addr_for_me v2:172.21.15.83:0/0)
2023-11-16T18:18:45.315 INFO:teuthology.orchestra.run.smithi083.stdout:/usr/bin/ceph: stderr
2023-11-16T18:18:44.780+0000 7f2deb7fe700 1 -- 172.21.15.83:0/3813846871 --> [v2:172.21.15.83:3300/0,v1:172.21.15.83:6789/0] -- mon_subscribe({config=0+,monmap=0+}) v3 -- 0x7f2dec07a980 con 0x7f2dec07be00
2023-11-16T18:18:45.315 INFO:teuthology.orchestra.run.smithi083.stdout:/usr/bin/ceph: stderr
