2023-11-27T15:13:40.471 INFO:journalctl@ceph.mgr.x.smithi133.stdout:Nov 27 15:13:40 smithi133 ceph-5227da4c-8d37-11ee-95a2-87774f69a715-mgr-x[98106]: |BB+=+B |
2023-11-27T15:13:40.471 INFO:journalctl@ceph.mgr.x.smithi133.stdout:Nov 27 15:13:40 smithi133 ceph-5227da4c-8d37-11ee-95a2-87774f69a715-mgr-x[98106]: |o=++*o. |
2023-11-27T15:13:40.471 INFO:journalctl@ceph.mgr.x.smithi133.stdout:Nov 27 15:13:40 smithi133 ceph-5227da4c-8d37-11ee-95a2-87774f69a715-mgr-x[98106]: |+ + ++ |
2023-11-27T15:13:40.471 INFO:journalctl@ceph.mgr.x.smithi133.stdout:Nov 27 15:13:40 smithi133 ceph-5227da4c-8d37-11ee-95a2-87774f69a715-mgr-x[98106]: |o . =. S |
2023-11-27T15:13:40.471 INFO:journalctl@ceph.mgr.x.smithi133.stdout:Nov 27 15:13:40 smithi133 ceph-5227da4c-8d37-11ee-95a2-87774f69a715-mgr-x[98106]: | . .o ..|
2023-11-27T15:13:40.471 INFO:journalctl@ceph.mgr.x.smithi133.stdout:Nov 27 15:13:40 smithi133 ceph-5227da4c-8d37-11ee-95a2-87774f69a715-mgr-x[98106]: | .. . +|
2023-11-27T15:13:40.472 INFO:journalctl@ceph.mgr.x.smithi133.stdout:Nov 27 15:13:40 smithi133 ceph-5227da4c-8d37-11ee-95a2-87774f69a715-mgr-x[98106]: | . . . =.|
2023-11-27T15:13:40.472 INFO:journalctl@ceph.mgr.x.smithi133.stdout:Nov 27 15:13:40 smithi133 ceph-5227da4c-8d37-11ee-95a2-87774f69a715-mgr-x[98106]: | . .. E .|
2023-11-27T15:13:40.472 INFO:journalctl@ceph.mgr.x.smithi133.stdout:Nov 27 15:13:40 smithi133 ceph-5227da4c-8d37-11ee-95a2-87774f69a715-mgr-x[98106]: +----[SHA256]-----+
2023-11-27T15:13:41.347 INFO:journalctl@ceph.mon.a.smithi133.stdout:Nov 27 15:13:41 smithi133 ceph-mon[97860]: from='client.14134 -' entity='client.admin' cmd=[{"prefix": "cephadm generate-key", "target": ["mon-mgr", ""]}]: dispatch
2023-11-27T15:13:41.347 INFO:journalctl@ceph.mon.a.smithi133.stdout:Nov 27 15:13:41 smithi133 ceph-mon[97860]: Generating ssh key...
2023-11-27T15:13:41.347 INFO:journalctl@ceph.mon.a.smithi133.stdout:Nov 27 15:13:41 smithi133 ceph-mon[97860]: from='mgr.14118 172.21.15.133:0/528833833' entity='mgr.x'
2023-11-27T15:13:41.347 INFO:journalctl@ceph.mon.a.smithi133.stdout:Nov 27 15:13:41 smithi133 ceph-mon[97860]: from='mgr.14118 172.21.15.133:0/528833833' entity='mgr.x'
2023-11-27T15:13:41.617 INFO:teuthology.orchestra.run.smithi133.stdout:/usr/bin/ceph: stdout ssh-rsa AAAAB3NzaC1yc2EAAAADAQABAAABgQCvzDKejWOae18ZOHtCrzB9Hgme2PKW1Fi/b14QgvG3+r81TTqgD/eJ5T2CtyGQa/yktGAUNPWKGfEUd7LVRP9lbCuIdUhZR9cC7vykLXD37bR0Lg6MIFI6lhkHzR61vSPZ/YbG2rqnyUr6JexwgcyJWmBnxZoxez9sTKLQpyEzfePhNXo0YfI24kJObBA8DZR+sKqCmlDkwwNlQLFQQpfEcXCQN5NG+hwQIxrWM3luCikkNWbLhsgFNLbaredn4x0+MH6+AM5Hecp6cbZi+Xtz/VYn33S90jh5hUD2acROkpMds7IsaXHtj6vAXZafi1BokEUwE7CUOBH2ZTL4ML1DO8Tl+/zcbqf94SoMhgBAD7Fw5EM9Prh0vQdekuxJTi9RiiVnU/gmKJXKBVAeS7apurnA3u83jQgy+sN7QxQ1S1stkzTSQaC4iGnFsvpEAr94fc/BBtjcxpCUAZoyp9maoiKSV2baHlnFvqDrSLd9AMInXkm+KmPagv5TTUbK9oM= ceph-5227da4c-8d37-11ee-95a2-87774f69a715
2023-11-27T15:13:41.617 INFO:teuthology.orchestra.run.smithi133.stdout:/usr/bin/ceph: stderr
2023-11-27T15:13:40.974+0000 7fa430018700 1 Processor -- start
2023-11-27T15:13:41.617 INFO:teuthology.orchestra.run.smithi133.stdout:/usr/bin/ceph: stderr
2023-11-27T15:13:40.974+0000 7fa430018700 1 -- start start
2023-11-27T15:13:41.617 INFO:teuthology.orchestra.run.smithi133.stdout:/usr/bin/ceph: stderr
2023-11-27T15:13:40.975+0000 7fa430018700 1 --2- >> [v2:172.21.15.133:3300/0,v1:172.21.15.133:6789/0] conn(0x7fa42807be00 0x7fa42807a300 unknown :-1 s=NONE pgs=0 cs=0 l=0 rev1=0 crypto rx=0 tx=0 comp rx=0 tx=0).connect
2023-11-27T15:13:41.617 INFO:teuthology.orchestra.run.smithi133.stdout:/usr/bin/ceph: stderr
2023-11-27T15:13:40.975+0000 7fa430018700 1 -- --> [v2:172.21.15.133:3300/0,v1:172.21.15.133:6789/0] -- mon_getmap magic: 0 v1 -- 0x7fa42807a840 con 0x7fa42807be00
2023-11-27T15:13:41.617 INFO:teuthology.orchestra.run.smithi133.stdout:/usr/bin/ceph: stderr
2023-11-27T15:13:40.975+0000 7fa42ddb4700 1 --2- >> [v2:172.21.15.133:3300/0,v1:172.21.15.133:6789/0] conn(0x7fa42807be00 0x7fa42807a300 unknown :-1 s=BANNER_CONNECTING pgs=0 cs=0 l=0 rev1=0 crypto rx=0 tx=0 comp rx=0 tx=0)._handle_peer_banner_payload supported=3 required=0
2023-11-27T15:13:41.618 INFO:teuthology.orchestra.run.smithi133.stdout:/usr/bin/ceph: stderr
2023-11-27T15:13:40.975+0000 7fa42ddb4700 1 --2- >> [v2:172.21.15.133:3300/0,v1:172.21.15.133:6789/0] conn(0x7fa42807be00 0x7fa42807a300 unknown :-1 s=HELLO_CONNECTING pgs=0 cs=0 l=0 rev1=1 crypto rx=0 tx=0 comp rx=0 tx=0).handle_hello peer v2:172.21.15.133:3300/0 says I am v2:172.21.15.133:54760/0 (socket says 172.21.15.133:54760)
2023-11-27T15:13:41.618 INFO:teuthology.orchestra.run.smithi133.stdout:/usr/bin/ceph: stderr
2023-11-27T15:13:40.975+0000 7fa42ddb4700 1 -- 172.21.15.133:0/2758904638 learned_addr learned my addr 172.21.15.133:0/2758904638 (peer_addr_for_me v2:172.21.15.133:0/0)
2023-11-27T15:13:41.618 INFO:teuthology.orchestra.run.smithi133.stdout:/usr/bin/ceph: stderr
2023-11-27T15:13:40.975+0000 7fa42ddb4700 1 -- 172.21.15.133:0/2758904638 --> [v2:172.21.15.133:3300/0,v1:172.21.15.133:6789/0] -- mon_subscribe({config=0+,monmap=0+}) v3 -- 0x7fa42807a980 con 0x7fa42807be00
2023-11-27T15:13:41.618 INFO:teuthology.orchestra.run.smithi133.stdout:/usr/bin/ceph: stderr
2023-11-27T15:13:40.975+0000 7fa42ddb4700 1 --2- 172.21.15.133:0/2758904638 >> [v2:172.21.15.133:3300/0,v1:172.21.15.133:6789/0] conn(0x7fa42807be00 0x7fa42807a300 secure :-1 s=READY pgs=41 cs=0 l=1 rev1=1 crypto rx=0x7fa4240098a0 tx=0x7fa424009bb0 comp rx=0 tx=0).ready entity=mon.0 client_cookie=8ddea3b6f02454f7 server_cookie=0 in_seq=0 out_seq=0
2023-11-27T15:13:41.618 INFO:teuthology.orchestra.run.smithi133.stdout:/usr/bin/ceph: stderr
2023-11-27T15:13:40.976+0000 7fa42cdb2700 1 -- 172.21.15.133:0/2758904638 <== mon.0 v2:172.21.15.133:3300/0 1 ==== mon_map magic: 0 v1 ==== 205+0+0 (secure 0 0 0) 0x7fa424004160 con 0x7fa42807be00
2023-11-27T15:13:41.618 INFO:teuthology.orchestra.run.smithi133.stdout:/usr/bin/ceph: stderr
2023-11-27T15:13:40.976+0000 7fa42cdb2700 1 -- 172.21.15.133:0/2758904638 <== mon.0 v2:172.21.15.133:3300/0 2 ==== config(26 keys) v1 ==== 1074+0+0 (secure 0 0 0) 0x7fa4240042c0 con 0x7fa42807be00
2023-11-27T15:13:41.618 INFO:teuthology.orchestra.run.smithi133.stdout:/usr/bin/ceph: stderr
2023-11-27T15:13:40.976+0000 7fa42cdb2700 1 -- 172.21.15.133:0/2758904638 <== mon.0 v2:172.21.15.133:3300/0 3 ==== mon_map magic: 0 v1 ==== 205+0+0 (secure 0 0 0) 0x7fa424011a00 con 0x7fa42807be00
2023-11-27T15:13:41.618 INFO:teuthology.orchestra.run.smithi133.stdout:/usr/bin/ceph: stderr
2023-11-27T15:13:40.976+0000 7fa430018700 1 -- 172.21.15.133:0/2758904638 >> [v2:172.21.15.133:3300/0,v1:172.21.15.133:6789/0] conn(0x7fa42807be00 msgr2=0x7fa42807a300 secure :-1 s=STATE_CONNECTION_ESTABLISHED l=1).mark_down
2023-11-27T15:13:41.618 INFO:teuthology.orchestra.run.smithi133.stdout:/usr/bin/ceph: stderr
2023-11-27T15:13:40.976+0000 7fa430018700 1 --2- 172.21.15.133:0/2758904638 >> [v2:172.21.15.133:3300/0,v1:172.21.15.133:6789/0] conn(0x7fa42807be00 0x7fa42807a300 secure :-1 s=READY pgs=41 cs=0 l=1 rev1=1 crypto rx=0x7fa4240098a0 tx=0x7fa424009bb0 comp rx=0 tx=0).stop
2023-11-27T15:13:41.618 INFO:teuthology.orchestra.run.smithi133.stdout:/usr/bin/ceph: stderr
2023-11-27T15:13:40.976+0000 7fa430018700 1 -- 172.21.15.133:0/2758904638 shutdown_connections
2023-11-27T15:13:41.618 INFO:teuthology.orchestra.run.smithi133.stdout:/usr/bin/ceph: stderr
2023-11-27T15:13:40.976+0000 7fa430018700 1 --2- 172.21.15.133:0/2758904638 >> [v2:172.21.15.133:3300/0,v1:172.21.15.133:6789/0] conn(0x7fa42807be00 0x7fa42807a300 unknown :-1 s=CLOSED pgs=41 cs=0 l=1 rev1=1 crypto rx=0 tx=0 comp rx=0 tx=0).stop
2023-11-27T15:13:41.619 INFO:teuthology.orchestra.run.smithi133.stdout:/usr/bin/ceph: stderr
2023-11-27T15:13:40.976+0000 7fa430018700 1 -- 172.21.15.133:0/2758904638 >> 172.21.15.133:0/2758904638 conn(0x7fa428100fa0 msgr2=0x7fa4281033b0 unknown :-1 s=STATE_NONE l=0).mark_down
2023-11-27T15:13:41.619 INFO:teuthology.orchestra.run.smithi133.stdout:/usr/bin/ceph: stderr
2023-11-27T15:13:40.976+0000 7fa430018700 1 -- 172.21.15.133:0/2758904638 shutdown_connections
2023-11-27T15:13:41.619 INFO:teuthology.orchestra.run.smithi133.stdout:/usr/bin/ceph: stderr
2023-11-27T15:13:40.977+0000 7fa430018700 1 -- 172.21.15.133:0/2758904638 wait complete.
2023-11-27T15:13:41.619 INFO:teuthology.orchestra.run.smithi133.stdout:/usr/bin/ceph: stderr
2023-11-27T15:13:40.977+0000 7fa430018700 1 Processor -- start
2023-11-27T15:13:41.619 INFO:teuthology.orchestra.run.smithi133.stdout:/usr/bin/ceph: stderr
2023-11-27T15:13:40.978+0000 7fa430018700 1 -- start start
2023-11-27T15:13:41.619 INFO:teuthology.orchestra.run.smithi133.stdout:/usr/bin/ceph: stderr
2023-11-27T15:13:40.978+0000 7fa430018700 1 --2- >> [v2:172.21.15.133:3300/0,v1:172.21.15.133:6789/0] conn(0x7fa42807be00 0x7fa42819b7c0 unknown :-1 s=NONE pgs=0 cs=0 l=1 rev1=0 crypto rx=0 tx=0 comp rx=0 tx=0).connect
2023-11-27T15:13:41.619 INFO:teuthology.orchestra.run.smithi133.stdout:/usr/bin/ceph: stderr
2023-11-27T15:13:40.978+0000 7fa430018700 1 -- --> [v2:172.21.15.133:3300/0,v1:172.21.15.133:6789/0] -- mon_getmap magic: 0 v1 -- 0x7fa42819bd00 con 0x7fa42807be00
2023-11-27T15:13:41.619 INFO:teuthology.orchestra.run.smithi133.stdout:/usr/bin/ceph: stderr
2023-11-27T15:13:40.978+0000 7fa42ddb4700 1 --2- >> [v2:172.21.15.133:3300/0,v1:172.21.15.133:6789/0] conn(0x7fa42807be00 0x7fa42819b7c0 unknown :-1 s=BANNER_CONNECTING pgs=0 cs=0 l=1 rev1=0 crypto rx=0 tx=0 comp rx=0 tx=0)._handle_peer_banner_payload supported=3 required=0
2023-11-27T15:13:41.619 INFO:teuthology.orchestra.run.smithi133.stdout:/usr/bin/ceph: stderr
2023-11-27T15:13:40.978+0000 7fa42ddb4700 1 --2- >> [v2:172.21.15.133:3300/0,v1:172.21.15.133:6789/0] conn(0x7fa42807be00 0x7fa42819b7c0 unknown :-1 s=HELLO_CONNECTING pgs=0 cs=0 l=1 rev1=1 crypto rx=0 tx=0 comp rx=0 tx=0).handle_hello peer v2:172.21.15.133:3300/0 says I am v2:172.21.15.133:54772/0 (socket says 172.21.15.133:54772)
2023-11-27T15:13:41.619 INFO:teuthology.orchestra.run.smithi133.stdout:/usr/bin/ceph: stderr
2023-11-27T15:13:40.978+0000 7fa42ddb4700 1 -- 172.21.15.133:0/693394566 learned_addr learned my addr 172.21.15.133:0/693394566 (peer_addr_for_me v2:172.21.15.133:0/0)
2023-11-27T15:13:41.619 INFO:teuthology.orchestra.run.smithi133.stdout:/usr/bin/ceph: stderr
2023-11-27T15:13:40.979+0000 7fa42ddb4700 1 -- 172.21.15.133:0/693394566 --> [v2:172.21.15.133:3300/0,v1:172.21.15.133:6789/0] -- mon_subscribe({config=0+,monmap=0+}) v3 -- 0x7fa424009550 con 0x7fa42807be00
2023-11-27T15:13:41.619 INFO:teuthology.orchestra.run.smithi133.stdout:/usr/bin/ceph: stderr
2023-11-27T15:13:40.979+0000 7fa42ddb4700 1 --2- 172.21.15.133:0/693394566 >> [v2:172.21.15.133:3300/0,v1:172.21.15.133:6789/0] conn(0x7fa42807be00 0x7fa42819b7c0 secure :-1 s=READY pgs=42 cs=0 l=1 rev1=1 crypto rx=0x7fa424006b20 tx=0x7fa424011ad0 comp rx=0 tx=0).ready entity=mon.0 client_cookie=0 server_cookie=0 in_seq=0 out_seq=0
2023-11-27T15:13:41.620 INFO:teuthology.orchestra.run.smithi133.stdout:/usr/bin/ceph: stderr
2023-11-27T15:13:40.979+0000 7fa41effd700 1 -- 172.21.15.133:0/693394566 <== mon.0 v2:172.21.15.133:3300/0 1 ==== mon_map magic: 0 v1 ==== 205+0+0 (secure 0 0 0) 0x7fa424003b70 con 0x7fa42807be00
2023-11-27T15:13:41.620 INFO:teuthology.orchestra.run.smithi133.stdout:/usr/bin/ceph: stderr
2023-11-27T15:13:40.979+0000 7fa41effd700 1 -- 172.21.15.133:0/693394566 <== mon.0 v2:172.21.15.133:3300/0 2 ==== config(26 keys) v1 ==== 1074+0+0 (secure 0 0 0) 0x7fa424003cd0 con 0x7fa42807be00
2023-11-27T15:13:41.620 INFO:teuthology.orchestra.run.smithi133.stdout:/usr/bin/ceph: stderr
2023-11-27T15:13:40.979+0000 7fa41effd700 1 -- 172.21.15.133:0/693394566 <== mon.0 v2:172.21.15.133:3300/0 3 ==== mon_map magic: 0 v1 ==== 205+0+0 (secure 0 0 0) 0x7fa4240247c0 con 0x7fa42807be00
2023-11-27T15:13:41.620 INFO:teuthology.orchestra.run.smithi133.stdout:/usr/bin/ceph: stderr
2023-11-27T15:13:40.979+0000 7fa430018700 1 -- 172.21.15.133:0/693394566 --> [v2:172.21.15.133:3300/0,v1:172.21.15.133:6789/0] -- mon_subscribe({mgrmap=0+}) v3 -- 0x7fa42810bde0 con 0x7fa42807be00
2023-11-27T15:13:41.620 INFO:teuthology.orchestra.run.smithi133.stdout:/usr/bin/ceph: stderr
2023-11-27T15:13:40.979+0000 7fa430018700 1 -- 172.21.15.133:0/693394566 --> [v2:172.21.15.133:3300/0,v1:172.21.15.133:6789/0] -- mon_subscribe({osdmap=0}) v3 -- 0x7fa42810bc50 con 0x7fa42807be00
2023-11-27T15:13:41.620 INFO:teuthology.orchestra.run.smithi133.stdout:/usr/bin/ceph: stderr
2023-11-27T15:13:40.980+0000 7fa41effd700 1 -- 172.21.15.133:0/693394566 <== mon.0 v2:172.21.15.133:3300/0 4 ==== mgrmap(e 8) v1 ==== 45483+0+0 (secure 0 0 0) 0x7fa42401a430 con 0x7fa42807be00
2023-11-27T15:13:41.620 INFO:teuthology.orchestra.run.smithi133.stdout:/usr/bin/ceph: stderr
2023-11-27T15:13:40.980+0000 7fa430018700 1 -- 172.21.15.133:0/693394566 --> [v2:172.21.15.133:3300/0,v1:172.21.15.133:6789/0] -- mon_command({"prefix": "get_command_descriptions"} v 0) v1 -- 0x7fa428062120 con 0x7fa42807be00
2023-11-27T15:13:41.620 INFO:teuthology.orchestra.run.smithi133.stdout:/usr/bin/ceph: stderr
2023-11-27T15:13:40.981+0000 7fa41effd700 1 --2- 172.21.15.133:0/693394566 >> [v2:172.21.15.133:6800/2374615220,v1:172.21.15.133:6801/2374615220] conn(0x7fa4140387d0 0x7fa41403ac80 unknown :-1 s=NONE pgs=0 cs=0 l=1 rev1=0 crypto rx=0 tx=0 comp rx=0 tx=0).connect
2023-11-27T15:13:41.620 INFO:teuthology.orchestra.run.smithi133.stdout:/usr/bin/ceph: stderr
2023-11-27T15:13:40.981+0000 7fa41effd700 1 -- 172.21.15.133:0/693394566 <== mon.0 v2:172.21.15.133:3300/0 5 ==== osd_map(2..2 src has 1..2) v4 ==== 940+0+0 (secure 0 0 0) 0x7fa42404ca90 con 0x7fa42807be00
2023-11-27T15:13:41.620 INFO:teuthology.orchestra.run.smithi133.stdout:/usr/bin/ceph: stderr
2023-11-27T15:13:40.981+0000 7fa42d5b3700 1 --2- 172.21.15.133:0/693394566 >> [v2:172.21.15.133:6800/2374615220,v1:172.21.15.133:6801/2374615220] conn(0x7fa4140387d0 0x7fa41403ac80 unknown :-1 s=BANNER_CONNECTING pgs=0 cs=0 l=1 rev1=0 crypto rx=0 tx=0 comp rx=0 tx=0)._handle_peer_banner_payload supported=3 required=0
2023-11-27T15:13:41.620 INFO:teuthology.orchestra.run.smithi133.stdout:/usr/bin/ceph: stderr
2023-11-27T15:13:40.982+0000 7fa42d5b3700 1 --2- 172.21.15.133:0/693394566 >> [v2:172.21.15.133:6800/2374615220,v1:172.21.15.133:6801/2374615220] conn(0x7fa4140387d0 0x7fa41403ac80 secure :-1 s=READY pgs=10 cs=0 l=1 rev1=1 crypto rx=0x7fa418006fd0 tx=0x7fa418006e40 comp rx=0 tx=0).ready entity=mgr.14118 client_cookie=0 server_cookie=0 in_seq=0 out_seq=0
2023-11-27T15:13:41.621 INFO:teuthology.orchestra.run.smithi133.stdout:/usr/bin/ceph: stderr
2023-11-27T15:13:40.986+0000 7fa41effd700 1 -- 172.21.15.133:0/693394566 <== mon.0 v2:172.21.15.133:3300/0 6 ==== mon_command_ack([{"prefix": "get_command_descriptions"}]=0 v0) v1 ==== 72+0+177948 (secure 0 0 0) 0x7fa42401a6e0 con 0x7fa42807be00
2023-11-27T15:13:41.621 INFO:teuthology.orchestra.run.smithi133.stdout:/usr/bin/ceph: stderr
2023-11-27T15:13:41.186+0000 7fa430018700 1 -- 172.21.15.133:0/693394566 --> [v2:172.21.15.133:6800/2374615220,v1:172.21.15.133:6801/2374615220] -- mgr_command(tid 0: {"prefix": "cephadm get-pub-key", "target": ["mon-mgr", ""]}) v1 -- 0x7fa428102380 con 0x7fa4140387d0
2023-11-27T15:13:41.621 INFO:teuthology.orchestra.run.smithi133.stdout:/usr/bin/ceph: stderr
2023-11-27T15:13:41.187+0000 7fa41effd700 1 -- 172.21.15.133:0/693394566 <== mgr.14118 v2:172.21.15.133:6800/2374615220 1 ==== mgr_command_reply(tid 0: 0 ) v1 ==== 8+0+595 (secure 0 0 0) 0x7fa428102380 con 0x7fa4140387d0
2023-11-27T15:13:41.621 INFO:teuthology.orchestra.run.smithi133.stdout:/usr/bin/ceph: stderr
2023-11-27T15:13:41.189+0000 7fa430018700 1 -- 172.21.15.133:0/693394566 >> [v2:172.21.15.133:6800/2374615220,v1:172.21.15.133:6801/2374615220] conn(0x7fa4140387d0 msgr2=0x7fa41403ac80 secure :-1 s=STATE_CONNECTION_ESTABLISHED l=1).mark_down
2023-11-27T15:13:41.621 INFO:teuthology.orchestra.run.smithi133.stdout:/usr/bin/ceph: stderr
2023-11-27T15:13:41.189+0000 7fa430018700 1 --2- 172.21.15.133:0/693394566 >> [v2:172.21.15.133:6800/2374615220,v1:172.21.15.133:6801/2374615220] conn(0x7fa4140387d0 0x7fa41403ac80 secure :-1 s=READY pgs=10 cs=0 l=1 rev1=1 crypto rx=0x7fa418006fd0 tx=0x7fa418006e40 comp rx=0 tx=0).stop
2023-11-27T15:13:41.621 INFO:teuthology.orchestra.run.smithi133.stdout:/usr/bin/ceph: stderr
2023-11-27T15:13:41.189+0000 7fa430018700 1 -- 172.21.15.133:0/693394566 >> [v2:172.21.15.133:3300/0,v1:172.21.15.133:6789/0] conn(0x7fa42807be00 msgr2=0x7fa42819b7c0 secure :-1 s=STATE_CONNECTION_ESTABLISHED l=1).mark_down
2023-11-27T15:13:41.621 INFO:teuthology.orchestra.run.smithi133.stdout:/usr/bin/ceph: stderr
2023-11-27T15:13:41.189+0000 7fa430018700 1 --2- 172.21.15.133:0/693394566 >> [v2:172.21.15.133:3300/0,v1:172.21.15.133:6789/0] conn(0x7fa42807be00 0x7fa42819b7c0 secure :-1 s=READY pgs=42 cs=0 l=1 rev1=1 crypto rx=0x7fa424006b20 tx=0x7fa424011ad0 comp rx=0 tx=0).stop
2023-11-27T15:13:41.621 INFO:teuthology.orchestra.run.smithi133.stdout:/usr/bin/ceph: stderr
2023-11-27T15:13:41.189+0000 7fa430018700 1 -- 172.21.15.133:0/693394566 shutdown_connections
2023-11-27T15:13:41.621 INFO:teuthology.orchestra.run.smithi133.stdout:/usr/bin/ceph: stderr
2023-11-27T15:13:41.189+0000 7fa430018700 1 --2- 172.21.15.133:0/693394566 >> [v2:172.21.15.133:6800/2374615220,v1:172.21.15.133:6801/2374615220] conn(0x7fa4140387d0 0x7fa41403ac80 unknown :-1 s=CLOSED pgs=10 cs=0 l=1 rev1=1 crypto rx=0 tx=0 comp rx=0 tx=0).stop
2023-11-27T15:13:41.621 INFO:teuthology.orchestra.run.smithi133.stdout:/usr/bin/ceph: stderr
2023-11-27T15:13:41.189+0000 7fa430018700 1 --2- 172.21.15.133:0/693394566 >> [v2:172.21.15.133:3300/0,v1:172.21.15.133:6789/0] conn(0x7fa42807be00 0x7fa42819b7c0 unknown :-1 s=CLOSED pgs=42 cs=0 l=1 rev1=1 crypto rx=0 tx=0 comp rx=0 tx=0).stop
2023-11-27T15:13:41.621 INFO:teuthology.orchestra.run.smithi133.stdout:/usr/bin/ceph: stderr
2023-11-27T15:13:41.189+0000 7fa430018700 1 -- 172.21.15.133:0/693394566 >> 172.21.15.133:0/693394566 conn(0x7fa428100fa0 msgr2=0x7fa428101c70 unknown :-1 s=STATE_NONE l=0).mark_down
2023-11-27T15:13:41.621 INFO:teuthology.orchestra.run.smithi133.stdout:/usr/bin/ceph: stderr
2023-11-27T15:13:41.189+0000 7fa430018700 1 -- 172.21.15.133:0/693394566 shutdown_connections
2023-11-27T15:13:41.622 INFO:teuthology.orchestra.run.smithi133.stdout:/usr/bin/ceph: stderr
2023-11-27T15:13:41.189+0000 7fa430018700 1 -- 172.21.15.133:0/693394566 wait complete.
2023-11-27T15:13:41.622 INFO:teuthology.orchestra.run.smithi133.stdout:Wrote public SSH key to /home/ubuntu/cephtest/ceph.pub
2023-11-27T15:13:41.622 INFO:teuthology.orchestra.run.smithi133.stdout:Adding key to root@localhost authorized_keys...
2023-11-27T15:13:41.622 INFO:teuthology.orchestra.run.smithi133.stdout:Adding host smithi133...
2023-11-27T15:13:42.278 INFO:journalctl@ceph.mon.a.smithi133.stdout:Nov 27 15:13:42 smithi133 ceph-mon[97860]: from='client.14136 -' entity='client.admin' cmd=[{"prefix": "cephadm get-pub-key", "target": ["mon-mgr", ""]}]: dispatch
2023-11-27T15:13:43.278 INFO:journalctl@ceph.mon.a.smithi133.stdout:Nov 27 15:13:43 smithi133 ceph-mon[97860]: from='client.14138 -' entity='client.admin' cmd=[{"prefix": "orch host add", "hostname": "smithi133", "addr": "172.21.15.133", "target": ["mon-mgr", ""]}]: dispatch
2023-11-27T15:13:44.372 INFO:journalctl@ceph.mon.a.smithi133.stdout:Nov 27 15:13:44 smithi133 ceph-mon[97860]: Deploying cephadm binary to smithi133
2023-11-27T15:13:45.809 INFO:teuthology.orchestra.run.smithi133.stdout:/usr/bin/ceph: stdout Added host 'smithi133' with addr '172.21.15.133'
2023-11-27T15:13:45.809 INFO:teuthology.orchestra.run.smithi133.stdout:/usr/bin/ceph: stderr
2023-11-27T15:13:42.112+0000 7ff66cf19700 1 Processor -- start
2023-11-27T15:13:45.809 INFO:teuthology.orchestra.run.smithi133.stdout:/usr/bin/ceph: stderr
2023-11-27T15:13:42.112+0000 7ff66cf19700 1 -- start start
2023-11-27T15:13:45.809 INFO:teuthology.orchestra.run.smithi133.stdout:/usr/bin/ceph: stderr
2023-11-27T15:13:42.112+0000 7ff66cf19700 1 --2- >> [v2:172.21.15.133:3300/0,v1:172.21.15.133:6789/0] conn(0x7ff66807bde0 0x7ff66807a2e0 unknown :-1 s=NONE pgs=0 cs=0 l=0 rev1=0 crypto rx=0 tx=0 comp rx=0 tx=0).connect
2023-11-27T15:13:45.809 INFO:teuthology.orchestra.run.smithi133.stdout:/usr/bin/ceph: stderr
2023-11-27T15:13:42.112+0000 7ff66cf19700 1 -- --> [v2:172.21.15.133:3300/0,v1:172.21.15.133:6789/0] -- mon_getmap magic: 0 v1 -- 0x7ff66807a820 con 0x7ff66807bde0
2023-11-27T15:13:45.809 INFO:teuthology.orchestra.run.smithi133.stdout:/usr/bin/ceph: stderr
2023-11-27T15:13:42.113+0000 7ff66659c700 1 --2- >> [v2:172.21.15.133:3300/0,v1:172.21.15.133:6789/0] conn(0x7ff66807bde0 0x7ff66807a2e0 unknown :-1 s=BANNER_CONNECTING pgs=0 cs=0 l=0 rev1=0 crypto rx=0 tx=0 comp rx=0 tx=0)._handle_peer_banner_payload supported=3 required=0
2023-11-27T15:13:45.809 INFO:teuthology.orchestra.run.smithi133.stdout:/usr/bin/ceph: stderr
2023-11-27T15:13:42.113+0000 7ff66659c700 1 --2- >> [v2:172.21.15.133:3300/0,v1:172.21.15.133:6789/0] conn(0x7ff66807bde0 0x7ff66807a2e0 unknown :-1 s=HELLO_CONNECTING pgs=0 cs=0 l=0 rev1=1 crypto rx=0 tx=0 comp rx=0 tx=0).handle_hello peer v2:172.21.15.133:3300/0 says I am v2:172.21.15.133:54788/0 (socket says 172.21.15.133:54788)
2023-11-27T15:13:45.809 INFO:teuthology.orchestra.run.smithi133.stdout:/usr/bin/ceph: stderr
2023-11-27T15:13:42.113+0000 7ff66659c700 1 -- 172.21.15.133:0/368830829 learned_addr learned my addr 172.21.15.133:0/368830829 (peer_addr_for_me v2:172.21.15.133:0/0)
2023-11-27T15:13:45.810 INFO:teuthology.orchestra.run.smithi133.stdout:/usr/bin/ceph: stderr
2023-11-27T15:13:42.113+0000 7ff66659c700 1 -- 172.21.15.133:0/368830829 --> [v2:172.21.15.133:3300/0,v1:172.21.15.133:6789/0] -- mon_subscribe({config=0+,monmap=0+}) v3 -- 0x7ff66807a960 con 0x7ff66807bde0
2023-11-27T15:13:45.810 INFO:teuthology.orchestra.run.smithi133.stdout:/usr/bin/ceph: stderr
2023-11-27T15:13:42.113+0000 7ff66659c700 1 --2- 172.21.15.133:0/368830829 >> [v2:172.21.15.133:3300/0,v1:172.21.15.133:6789/0] conn(0x7ff66807bde0 0x7ff66807a2e0 secure :-1 s=READY pgs=43 cs=0 l=1 rev1=1 crypto rx=0x7ff6580098a0 tx=0x7ff658009bb0 comp rx=0 tx=0).ready entity=mon.0 client_cookie=caf16abfb36c3a83 server_cookie=0 in_seq=0 out_seq=0
2023-11-27T15:13:45.810 INFO:teuthology.orchestra.run.smithi133.stdout:/usr/bin/ceph: stderr
2023-11-27T15:13:42.114+0000 7ff66559a700 1 -- 172.21.15.133:0/368830829 <== mon.0 v2:172.21.15.133:3300/0 1 ==== mon_map magic: 0 v1 ==== 205+0+0 (secure 0 0 0) 0x7ff658004160 con 0x7ff66807bde0
2023-11-27T15:13:45.810 INFO:teuthology.orchestra.run.smithi133.stdout:/usr/bin/ceph: stderr
2023-11-27T15:13:42.114+0000 7ff66559a700 1 -- 172.21.15.133:0/368830829 <== mon.0 v2:172.21.15.133:3300/0 2 ==== config(26 keys) v1 ==== 1074+0+0 (secure 0 0 0) 0x7ff6580042c0 con 0x7ff66807bde0
2023-11-27T15:13:45.810 INFO:teuthology.orchestra.run.smithi133.stdout:/usr/bin/ceph: stderr
2023-11-27T15:13:42.114+0000 7ff66559a700 1 -- 172.21.15.133:0/368830829 <== mon.0 v2:172.21.15.133:3300/0 3 ==== mon_map magic: 0 v1 ==== 205+0+0 (secure 0 0 0) 0x7ff658011a00 con 0x7ff66807bde0
2023-11-27T15:13:45.810 INFO:teuthology.orchestra.run.smithi133.stdout:/usr/bin/ceph: stderr
2023-11-27T15:13:42.114+0000 7ff66cf19700 1 -- 172.21.15.133:0/368830829 >> [v2:172.21.15.133:3300/0,v1:172.21.15.133:6789/0] conn(0x7ff66807bde0 msgr2=0x7ff66807a2e0 secure :-1 s=STATE_CONNECTION_ESTABLISHED l=1).mark_down
2023-11-27T15:13:45.810 INFO:teuthology.orchestra.run.smithi133.stdout:/usr/bin/ceph: stderr
2023-11-27T15:13:42.114+0000 7ff66cf19700 1 --2- 172.21.15.133:0/368830829 >> [v2:172.21.15.133:3300/0,v1:172.21.15.133:6789/0] conn(0x7ff66807bde0 0x7ff66807a2e0 secure :-1 s=READY pgs=43 cs=0 l=1 rev1=1 crypto rx=0x7ff6580098a0 tx=0x7ff658009bb0 comp rx=0 tx=0).stop
2023-11-27T15:13:45.810 INFO:teuthology.orchestra.run.smithi133.stdout:/usr/bin/ceph: stderr
2023-11-27T15:13:42.114+0000 7ff66cf19700 1 -- 172.21.15.133:0/368830829 shutdown_connections
2023-11-27T15:13:45.810 INFO:teuthology.orchestra.run.smithi133.stdout:/usr/bin/ceph: stderr
2023-11-27T15:13:42.114+0000 7ff66cf19700 1 --2- 172.21.15.133:0/368830829 >> [v2:172.21.15.133:3300/0,v1:172.21.15.133:6789/0] conn(0x7ff66807bde0 0x7ff66807a2e0 unknown :-1 s=CLOSED pgs=43 cs=0 l=1 rev1=1 crypto rx=0 tx=0 comp rx=0 tx=0).stop
2023-11-27T15:13:45.810 INFO:teuthology.orchestra.run.smithi133.stdout:/usr/bin/ceph: stderr
2023-11-27T15:13:42.114+0000 7ff66cf19700 1 -- 172.21.15.133:0/368830829 >> 172.21.15.133:0/368830829 conn(0x7ff668100fa0 msgr2=0x7ff6681033b0 unknown :-1 s=STATE_NONE l=0).mark_down
2023-11-27T15:13:45.810 INFO:teuthology.orchestra.run.smithi133.stdout:/usr/bin/ceph: stderr
2023-11-27T15:13:42.115+0000 7ff66cf19700 1 -- 172.21.15.133:0/368830829 shutdown_connections
2023-11-27T15:13:45.810 INFO:teuthology.orchestra.run.smithi133.stdout:/usr/bin/ceph: stderr
2023-11-27T15:13:42.115+0000 7ff66cf19700 1 -- 172.21.15.133:0/368830829 wait complete.
2023-11-27T15:13:45.811 INFO:teuthology.orchestra.run.smithi133.stdout:/usr/bin/ceph: stderr
2023-11-27T15:13:42.116+0000 7ff66cf19700 1 Processor -- start
2023-11-27T15:13:45.811 INFO:teuthology.orchestra.run.smithi133.stdout:/usr/bin/ceph: stderr
2023-11-27T15:13:42.116+0000 7ff66cf19700 1 -- start start
2023-11-27T15:13:45.811 INFO:teuthology.orchestra.run.smithi133.stdout:/usr/bin/ceph: stderr
2023-11-27T15:13:42.116+0000 7ff66cf19700 1 --2- >> [v2:172.21.15.133:3300/0,v1:172.21.15.133:6789/0] conn(0x7ff66807bde0 0x7ff66819b780 unknown :-1 s=NONE pgs=0 cs=0 l=1 rev1=0 crypto rx=0 tx=0 comp rx=0 tx=0).connect
2023-11-27T15:13:45.811 INFO:teuthology.orchestra.run.smithi133.stdout:/usr/bin/ceph: stderr
2023-11-27T15:13:42.116+0000 7ff66cf19700 1 -- --> [v2:172.21.15.133:3300/0,v1:172.21.15.133:6789/0] -- mon_getmap magic: 0 v1 -- 0x7ff66819bcc0 con 0x7ff66807bde0
2023-11-27T15:13:45.811 INFO:teuthology.orchestra.run.smithi133.stdout:/usr/bin/ceph: stderr
2023-11-27T15:13:42.116+0000 7ff66659c700 1 --2- >> [v2:172.21.15.133:3300/0,v1:172.21.15.133:6789/0] conn(0x7ff66807bde0 0x7ff66819b780 unknown :-1 s=BANNER_CONNECTING pgs=0 cs=0 l=1 rev1=0 crypto rx=0 tx=0 comp rx=0 tx=0)._handle_peer_banner_payload supported=3 required=0
2023-11-27T15:13:45.811 INFO:teuthology.orchestra.run.smithi133.stdout:/usr/bin/ceph: stderr
2023-11-27T15:13:42.116+0000 7ff66659c700 1 --2- >> [v2:172.21.15.133:3300/0,v1:172.21.15.133:6789/0] conn(0x7ff66807bde0 0x7ff66819b780 unknown :-1 s=HELLO_CONNECTING pgs=0 cs=0 l=1 rev1=1 crypto rx=0 tx=0 comp rx=0 tx=0).handle_hello peer v2:172.21.15.133:3300/0 says I am v2:172.21.15.133:54802/0 (socket says 172.21.15.133:54802)
2023-11-27T15:13:45.811 INFO:teuthology.orchestra.run.smithi133.stdout:/usr/bin/ceph: stderr
2023-11-27T15:13:42.116+0000 7ff66659c700 1 -- 172.21.15.133:0/3873054831 learned_addr learned my addr 172.21.15.133:0/3873054831 (peer_addr_for_me v2:172.21.15.133:0/0)
2023-11-27T15:13:45.811 INFO:teuthology.orchestra.run.smithi133.stdout:/usr/bin/ceph: stderr
2023-11-27T15:13:42.117+0000 7ff66659c700 1 -- 172.21.15.133:0/3873054831 --> [v2:172.21.15.133:3300/0,v1:172.21.15.133:6789/0] -- mon_subscribe({config=0+,monmap=0+}) v3 -- 0x7ff658009550 con 0x7ff66807bde0
2023-11-27T15:13:45.811 INFO:teuthology.orchestra.run.smithi133.stdout:/usr/bin/ceph: stderr
2023-11-27T15:13:42.117+0000 7ff66659c700 1 --2- 172.21.15.133:0/3873054831 >> [v2:172.21.15.133:3300/0,v1:172.21.15.133:6789/0] conn(0x7ff66807bde0 0x7ff66819b780 secure :-1 s=READY pgs=44 cs=0 l=1 rev1=1 crypto rx=0x7ff658006af0 tx=0x7ff658011ad0 comp rx=0 tx=0).ready entity=mon.0 client_cookie=0 server_cookie=0 in_seq=0 out_seq=0
2023-11-27T15:13:45.811 INFO:teuthology.orchestra.run.smithi133.stdout:/usr/bin/ceph: stderr
2023-11-27T15:13:42.117+0000 7ff6577fe700 1 -- 172.21.15.133:0/3873054831 <== mon.0 v2:172.21.15.133:3300/0 1 ==== mon_map magic: 0 v1 ==== 205+0+0 (secure 0 0 0) 0x7ff658003a40 con 0x7ff66807bde0
2023-11-27T15:13:45.811 INFO:teuthology.orchestra.run.smithi133.stdout:/usr/bin/ceph: stderr
2023-11-27T15:13:42.117+0000 7ff6577fe700 1 -- 172.21.15.133:0/3873054831 <== mon.0 v2:172.21.15.133:3300/0 2 ==== config(26 keys) v1 ==== 1074+0+0 (secure 0 0 0) 0x7ff658003ba0 con 0x7ff66807bde0
2023-11-27T15:13:45.811 INFO:teuthology.orchestra.run.smithi133.stdout:/usr/bin/ceph: stderr
2023-11-27T15:13:42.117+0000 7ff6577fe700 1 -- 172.21.15.133:0/3873054831 <== mon.0 v2:172.21.15.133:3300/0 3 ==== mon_map magic: 0 v1 ==== 205+0+0 (secure 0 0 0) 0x7ff65801a700 con 0x7ff66807bde0
2023-11-27T15:13:45.812 INFO:teuthology.orchestra.run.smithi133.stdout:/usr/bin/ceph: stderr
2023-11-27T15:13:42.117+0000 7ff66cf19700 1 -- 172.21.15.133:0/3873054831 --> [v2:172.21.15.133:3300/0,v1:172.21.15.133:6789/0] -- mon_subscribe({mgrmap=0+}) v3 -- 0x7ff66810be00 con 0x7ff66807bde0
2023-11-27T15:13:45.812 INFO:teuthology.orchestra.run.smithi133.stdout:/usr/bin/ceph: stderr
2023-11-27T15:13:42.117+0000 7ff66cf19700 1 -- 172.21.15.133:0/3873054831 --> [v2:172.21.15.133:3300/0,v1:172.21.15.133:6789/0] -- mon_subscribe({osdmap=0}) v3 -- 0x7ff66810bc70 con 0x7ff66807bde0
2023-11-27T15:13:45.812 INFO:teuthology.orchestra.run.smithi133.stdout:/usr/bin/ceph: stderr
2023-11-27T15:13:42.118+0000 7ff6577fe700 1 -- 172.21.15.133:0/3873054831 <== mon.0 v2:172.21.15.133:3300/0 4 ==== mgrmap(e 8) v1 ==== 45483+0+0 (secure 0 0 0) 0x7ff658024ad0 con 0x7ff66807bde0
2023-11-27T15:13:45.812 INFO:teuthology.orchestra.run.smithi133.stdout:/usr/bin/ceph: stderr
2023-11-27T15:13:42.118+0000 7ff66cf19700 1 -- 172.21.15.133:0/3873054831 --> [v2:172.21.15.133:3300/0,v1:172.21.15.133:6789/0] -- mon_command({"prefix": "get_command_descriptions"} v 0) v1 -- 0x7ff668062120 con 0x7ff66807bde0
2023-11-27T15:13:45.812 INFO:teuthology.orchestra.run.smithi133.stdout:/usr/bin/ceph: stderr
2023-11-27T15:13:42.119+0000 7ff6577fe700 1 --2- 172.21.15.133:0/3873054831 >> [v2:172.21.15.133:6800/2374615220,v1:172.21.15.133:6801/2374615220] conn(0x7ff650038820 0x7ff65003acd0 unknown :-1 s=NONE pgs=0 cs=0 l=1 rev1=0 crypto rx=0 tx=0 comp rx=0 tx=0).connect
2023-11-27T15:13:45.812 INFO:teuthology.orchestra.run.smithi133.stdout:/usr/bin/ceph: stderr
2023-11-27T15:13:42.119+0000 7ff6577fe700 1 -- 172.21.15.133:0/3873054831 <== mon.0 v2:172.21.15.133:3300/0 5 ==== osd_map(2..2 src has 1..2) v4 ==== 940+0+0 (secure 0 0 0) 0x7ff65804c6c0 con 0x7ff66807bde0
2023-11-27T15:13:45.812 INFO:teuthology.orchestra.run.smithi133.stdout:/usr/bin/ceph: stderr
2023-11-27T15:13:42.119+0000 7ff665d9b700 1 --2- 172.21.15.133:0/3873054831 >> [v2:172.21.15.133:6800/2374615220,v1:172.21.15.133:6801/2374615220] conn(0x7ff650038820 0x7ff65003acd0 unknown :-1 s=BANNER_CONNECTING pgs=0 cs=0 l=1 rev1=0 crypto rx=0 tx=0 comp rx=0 tx=0)._handle_peer_banner_payload supported=3 required=0
2023-11-27T15:13:45.812 INFO:teuthology.orchestra.run.smithi133.stdout:/usr/bin/ceph: stderr
2023-11-27T15:13:42.119+0000 7ff665d9b700 1 --2- 172.21.15.133:0/3873054831 >> [v2:172.21.15.133:6800/2374615220,v1:172.21.15.133:6801/2374615220] conn(0x7ff650038820 0x7ff65003acd0 secure :-1 s=READY pgs=11 cs=0 l=1 rev1=1 crypto rx=0x7ff65c006fd0 tx=0x7ff65c006e40 comp rx=0 tx=0).ready entity=mgr.14118 client_cookie=0 server_cookie=0 in_seq=0 out_seq=0
2023-11-27T15:13:45.812 INFO:teuthology.orchestra.run.smithi133.stdout:/usr/bin/ceph: stderr
2023-11-27T15:13:42.124+0000 7ff6577fe700 1 -- 172.21.15.133:0/3873054831 <== mon.0 v2:172.21.15.133:3300/0 6 ==== mon_command_ack([{"prefix": "get_command_descriptions"}]=0 v0) v1 ==== 72+0+177948 (secure 0 0 0) 0x7ff658018b80 con 0x7ff66807bde0
2023-11-27T15:13:45.812 INFO:teuthology.orchestra.run.smithi133.stdout:/usr/bin/ceph: stderr
2023-11-27T15:13:42.326+0000 7ff66cf19700 1 -- 172.21.15.133:0/3873054831 --> [v2:172.21.15.133:6800/2374615220,v1:172.21.15.133:6801/2374615220] -- mgr_command(tid 0: {"prefix": "orch host add", "hostname": "smithi133", "addr": "172.21.15.133", "target": ["mon-mgr", ""]}) v1 -- 0x7ff668102390 con 0x7ff650038820
2023-11-27T15:13:45.812 INFO:teuthology.orchestra.run.smithi133.stdout:/usr/bin/ceph: stderr
2023-11-27T15:13:45.277+0000 7ff6577fe700 1 -- 172.21.15.133:0/3873054831 <== mgr.14118 v2:172.21.15.133:6800/2374615220 1 ==== mgr_command_reply(tid 0: 0 ) v1 ==== 8+0+49 (secure 0 0 0) 0x7ff668102390 con 0x7ff650038820
2023-11-27T15:13:45.812 INFO:teuthology.orchestra.run.smithi133.stdout:/usr/bin/ceph: stderr
2023-11-27T15:13:45.280+0000 7ff66cf19700 1 -- 172.21.15.133:0/3873054831 >> [v2:172.21.15.133:6800/2374615220,v1:172.21.15.133:6801/2374615220] conn(0x7ff650038820 msgr2=0x7ff65003acd0 secure :-1 s=STATE_CONNECTION_ESTABLISHED l=1).mark_down
2023-11-27T15:13:45.813 INFO:teuthology.orchestra.run.smithi133.stdout:/usr/bin/ceph: stderr
2023-11-27T15:13:45.280+0000 7ff66cf19700 1 --2- 172.21.15.133:0/3873054831 >> [v2:172.21.15.133:6800/2374615220,v1:172.21.15.133:6801/2374615220] conn(0x7ff650038820 0x7ff65003acd0 secure :-1 s=READY pgs=11 cs=0 l=1 rev1=1 crypto rx=0x7ff65c006fd0 tx=0x7ff65c006e40 comp rx=0 tx=0).stop
2023-11-27T15:13:45.813 INFO:teuthology.orchestra.run.smithi133.stdout:/usr/bin/ceph: stderr
2023-11-27T15:13:45.280+0000 7ff66cf19700 1 -- 172.21.15.133:0/3873054831 >> [v2:172.21.15.133:3300/0,v1:172.21.15.133:6789/0] conn(0x7ff66807bde0 msgr2=0x7ff66819b780 secure :-1 s=STATE_CONNECTION_ESTABLISHED l=1).mark_down
2023-11-27T15:13:45.813 INFO:teuthology.orchestra.run.smithi133.stdout:/usr/bin/ceph: stderr
2023-11-27T15:13:45.280+0000 7ff66cf19700 1 --2- 172.21.15.133:0/3873054831 >> [v2:172.21.15.133:3300/0,v1:172.21.15.133:6789/0] conn(0x7ff66807bde0 0x7ff66819b780 secure :-1 s=READY pgs=44 cs=0 l=1 rev1=1 crypto rx=0x7ff658006af0 tx=0x7ff658011ad0 comp rx=0 tx=0).stop
2023-11-27T15:13:45.813 INFO:teuthology.orchestra.run.smithi133.stdout:/usr/bin/ceph: stderr
2023-11-27T15:13:45.280+0000 7ff66cf19700 1 -- 172.21.15.133:0/3873054831 shutdown_connections
2023-11-27T15:13:45.813 INFO:teuthology.orchestra.run.smithi133.stdout:/usr/bin/ceph: stderr
2023-11-27T15:13:45.280+0000 7ff66cf19700 1 --2- 172.21.15.133:0/3873054831 >> [v2:172.21.15.133:6800/2374615220,v1:172.21.15.133:6801/2374615220] conn(0x7ff650038820 0x7ff65003acd0 unknown :-1 s=CLOSED pgs=11 cs=0 l=1 rev1=1 crypto rx=0 tx=0 comp rx=0 tx=0).stop
2023-11-27T15:13:45.813 INFO:teuthology.orchestra.run.smithi133.stdout:/usr/bin/ceph: stderr
2023-11-27T15:13:45.280+0000 7ff66cf19700 1 --2- 172.21.15.133:0/3873054831 >> [v2:172.21.15.133:3300/0,v1:172.21.15.133:6789/0] conn(0x7ff66807bde0 0x7ff66819b780 unknown :-1 s=CLOSED pgs=44 cs=0 l=1 rev1=1 crypto rx=0 tx=0 comp rx=0 tx=0).stop
2023-11-27T15:13:45.813 INFO:teuthology.orchestra.run.smithi133.stdout:/usr/bin/ceph: stderr
2023-11-27T15:13:45.280+0000 7ff66cf19700 1 -- 172.21.15.133:0/3873054831 >> 172.21.15.133:0/3873054831 conn(0x7ff668100fa0 msgr2=0x7ff668101c80 unknown :-1 s=STATE_NONE l=0).mark_down
2023-11-27T15:13:45.813 INFO:teuthology.orchestra.run.smithi133.stdout:/usr/bin/ceph: stderr
2023-11-27T15:13:45.281+0000 7ff66cf19700 1 -- 172.21.15.133:0/3873054831 shutdown_connections
2023-11-27T15:13:45.813 INFO:teuthology.orchestra.run.smithi133.stdout:/usr/bin/ceph: stderr
2023-11-27T15:13:45.281+0000 7ff66cf19700 1 -- 172.21.15.133:0/3873054831 wait complete.
2023-11-27T15:13:45.813 INFO:teuthology.orchestra.run.smithi133.stdout:Deploying unmanaged mon service...
2023-11-27T15:13:46.527 INFO:journalctl@ceph.mon.a.smithi133.stdout:Nov 27 15:13:46 smithi133 ceph-mon[97860]: from='mgr.14118 172.21.15.133:0/528833833' entity='mgr.x'
2023-11-27T15:13:46.528 INFO:journalctl@ceph.mon.a.smithi133.stdout:Nov 27 15:13:46 smithi133 ceph-mon[97860]: Added host smithi133
2023-11-27T15:13:46.528 INFO:journalctl@ceph.mon.a.smithi133.stdout:Nov 27 15:13:46 smithi133 ceph-mon[97860]: from='mgr.14118 172.21.15.133:0/528833833' entity='mgr.x' cmd=[{"prefix": "config dump", "format": "json"}]: dispatch
2023-11-27T15:13:47.190 INFO:teuthology.orchestra.run.smithi133.stdout:/usr/bin/ceph: stdout Scheduled mon update...
2023-11-27T15:13:47.190 INFO:teuthology.orchestra.run.smithi133.stdout:/usr/bin/ceph: stderr
2023-11-27T15:13:46.348+0000 7f6c20918700 1 Processor -- start
2023-11-27T15:13:47.190 INFO:teuthology.orchestra.run.smithi133.stdout:/usr/bin/ceph: stderr
2023-11-27T15:13:46.349+0000 7f6c20918700 1 -- start start
2023-11-27T15:13:47.190 INFO:teuthology.orchestra.run.smithi133.stdout:/usr/bin/ceph: stderr
2023-11-27T15:13:46.349+0000 7f6c20918700 1 --2- >> [v2:172.21.15.133:3300/0,v1:172.21.15.133:6789/0] conn(0x7f6c1c07bde0 0x7f6c1c07a2e0 unknown :-1 s=NONE pgs=0 cs=0 l=0 rev1=0 crypto rx=0 tx=0 comp rx=0 tx=0).connect
2023-11-27T15:13:47.191 INFO:teuthology.orchestra.run.smithi133.stdout:/usr/bin/ceph: stderr
2023-11-27T15:13:46.349+0000 7f6c20918700 1 -- --> [v2:172.21.15.133:3300/0,v1:172.21.15.133:6789/0] -- mon_getmap magic: 0 v1 -- 0x7f6c1c07a820 con 0x7f6c1c07bde0
2023-11-27T15:13:47.191 INFO:teuthology.orchestra.run.smithi133.stdout:/usr/bin/ceph: stderr
2023-11-27T15:13:46.349+0000 7f6c1a59c700 1 --2- >> [v2:172.21.15.133:3300/0,v1:172.21.15.133:6789/0] conn(0x7f6c1c07bde0 0x7f6c1c07a2e0 unknown :-1 s=BANNER_CONNECTING pgs=0 cs=0 l=0 rev1=0 crypto rx=0 tx=0 comp rx=0 tx=0)._handle_peer_banner_payload supported=3 required=0
2023-11-27T15:13:47.191 INFO:teuthology.orchestra.run.smithi133.stdout:/usr/bin/ceph: stderr
2023-11-27T15:13:46.349+0000 7f6c1a59c700 1 --2- >> [v2:172.21.15.133:3300/0,v1:172.21.15.133:6789/0] conn(0x7f6c1c07bde0 0x7f6c1c07a2e0 unknown :-1 s=HELLO_CONNECTING pgs=0 cs=0 l=0 rev1=1 crypto rx=0 tx=0 comp rx=0 tx=0).handle_hello peer v2:172.21.15.133:3300/0 says I am v2:172.21.15.133:52074/0 (socket says 172.21.15.133:52074)
2023-11-27T15:13:47.191 INFO:teuthology.orchestra.run.smithi133.stdout:/usr/bin/ceph: stderr
2023-11-27T15:13:46.349+0000 7f6c1a59c700 1 -- 172.21.15.133:0/601535515 learned_addr learned my addr 172.21.15.133:0/601535515 (peer_addr_for_me v2:172.21.15.133:0/0)
2023-11-27T15:13:47.191 INFO:teuthology.orchestra.run.smithi133.stdout:/usr/bin/ceph: stderr
2023-11-27T15:13:46.350+0000 7f6c1a59c700 1 -- 172.21.15.133:0/601535515 --> [v2:172.21.15.133:3300/0,v1:172.21.15.133:6789/0] -- mon_subscribe({config=0+,monmap=0+}) v3 -- 0x7f6c1c07a960 con 0x7f6c1c07bde0
2023-11-27T15:13:47.191 INFO:teuthology.orchestra.run.smithi133.stdout:/usr/bin/ceph: stderr
2023-11-27T15:13:46.350+0000 7f6c1a59c700 1 --2- 172.21.15.133:0/601535515 >> [v2:172.21.15.133:3300/0,v1:172.21.15.133:6789/0] conn(0x7f6c1c07bde0 0x7f6c1c07a2e0 secure :-1 s=READY pgs=45 cs=0 l=1 rev1=1 crypto rx=0x7f6c0c0098a0 tx=0x7f6c0c009bb0 comp rx=0 tx=0).ready entity=mon.0 client_cookie=ac830b7c6cc4c5a2 server_cookie=0 in_seq=0 out_seq=0
2023-11-27T15:13:47.191 INFO:teuthology.orchestra.run.smithi133.stdout:/usr/bin/ceph: stderr
2023-11-27T15:13:46.350+0000 7f6c1959a700 1 -- 172.21.15.133:0/601535515 <== mon.0 v2:172.21.15.133:3300/0 1 ==== mon_map magic: 0 v1 ==== 205+0+0 (secure 0 0 0) 0x7f6c0c004160 con 0x7f6c1c07bde0
2023-11-27T15:13:47.191 INFO:teuthology.orchestra.run.smithi133.stdout:/usr/bin/ceph: stderr
2023-11-27T15:13:46.350+0000 7f6c1959a700 1 -- 172.21.15.133:0/601535515 <== mon.0 v2:172.21.15.133:3300/0 2 ==== config(26 keys) v1 ==== 1074+0+0 (secure 0 0 0) 0x7f6c0c0042c0 con 0x7f6c1c07bde0
2023-11-27T15:13:47.191 INFO:teuthology.orchestra.run.smithi133.stdout:/usr/bin/ceph: stderr
2023-11-27T15:13:46.350+0000 7f6c1959a700 1 -- 172.21.15.133:0/601535515 <== mon.0 v2:172.21.15.133:3300/0 3 ==== mon_map magic: 0 v1 ==== 205+0+0 (secure 0 0 0) 0x7f6c0c011a00 con 0x7f6c1c07bde0
2023-11-27T15:13:47.191 INFO:teuthology.orchestra.run.smithi133.stdout:/usr/bin/ceph: stderr
2023-11-27T15:13:46.351+0000 7f6c20918700 1 -- 172.21.15.133:0/601535515 >> [v2:172.21.15.133:3300/0,v1:172.21.15.133:6789/0] conn(0x7f6c1c07bde0 msgr2=0x7f6c1c07a2e0 secure :-1 s=STATE_CONNECTION_ESTABLISHED l=1).mark_down
2023-11-27T15:13:47.191 INFO:teuthology.orchestra.run.smithi133.stdout:/usr/bin/ceph: stderr
2023-11-27T15:13:46.351+0000 7f6c20918700 1 --2- 172.21.15.133:0/601535515 >> [v2:172.21.15.133:3300/0,v1:172.21.15.133:6789/0] conn(0x7f6c1c07bde0 0x7f6c1c07a2e0 secure :-1 s=READY pgs=45 cs=0 l=1 rev1=1 crypto rx=0x7f6c0c0098a0 tx=0x7f6c0c009bb0 comp rx=0 tx=0).stop
2023-11-27T15:13:47.192 INFO:teuthology.orchestra.run.smithi133.stdout:/usr/bin/ceph: stderr
2023-11-27T15:13:46.351+0000 7f6c20918700 1 -- 172.21.15.133:0/601535515 shutdown_connections
2023-11-27T15:13:47.192 INFO:teuthology.orchestra.run.smithi133.stdout:/usr/bin/ceph: stderr
2023-11-27T15:13:46.351+0000 7f6c20918700 1 --2- 172.21.15.133:0/601535515 >> [v2:172.21.15.133:3300/0,v1:172.21.15.133:6789/0] conn(0x7f6c1c07bde0 0x7f6c1c07a2e0 unknown :-1 s=CLOSED pgs=45 cs=0 l=1 rev1=1 crypto rx=0 tx=0 comp rx=0 tx=0).stop
2023-11-27T15:13:47.192 INFO:teuthology.orchestra.run.smithi133.stdout:/usr/bin/ceph: stderr
2023-11-27T15:13:46.351+0000 7f6c20918700 1 -- 172.21.15.133:0/601535515 >> 172.21.15.133:0/601535515 conn(0x7f6c1c100fa0 msgr2=0x7f6c1c1033b0 unknown :-1 s=STATE_NONE l=0).mark_down
2023-11-27T15:13:47.192 INFO:teuthology.orchestra.run.smithi133.stdout:/usr/bin/ceph: stderr
2023-11-27T15:13:46.351+0000 7f6c20918700 1 -- 172.21.15.133:0/601535515 shutdown_connections
2023-11-27T15:13:47.192 INFO:teuthology.orchestra.run.smithi133.stdout:/usr/bin/ceph: stderr
2023-11-27T15:13:46.351+0000 7f6c20918700 1 -- 172.21.15.133:0/601535515 wait complete.
2023-11-27T15:13:47.192 INFO:teuthology.orchestra.run.smithi133.stdout:/usr/bin/ceph: stderr
2023-11-27T15:13:46.352+0000 7f6c20918700 1 Processor -- start
2023-11-27T15:13:47.192 INFO:teuthology.orchestra.run.smithi133.stdout:/usr/bin/ceph: stderr
2023-11-27T15:13:46.352+0000 7f6c20918700 1 -- start start
2023-11-27T15:13:47.192 INFO:teuthology.orchestra.run.smithi133.stdout:/usr/bin/ceph: stderr
2023-11-27T15:13:46.352+0000 7f6c20918700 1 --2- >> [v2:172.21.15.133:3300/0,v1:172.21.15.133:6789/0] conn(0x7f6c1c07bde0 0x7f6c1c19b780 unknown :-1 s=NONE pgs=0 cs=0 l=1 rev1=0 crypto rx=0 tx=0 comp rx=0 tx=0).connect
2023-11-27T15:13:47.192 INFO:teuthology.orchestra.run.smithi133.stdout:/usr/bin/ceph: stderr
2023-11-27T15:13:46.352+0000 7f6c20918700 1 -- --> [v2:172.21.15.133:3300/0,v1:172.21.15.133:6789/0] -- mon_getmap magic: 0 v1 -- 0x7f6c1c19bcc0 con 0x7f6c1c07bde0
2023-11-27T15:13:47.192 INFO:teuthology.orchestra.run.smithi133.stdout:/usr/bin/ceph: stderr
2023-11-27T15:13:46.352+0000 7f6c1a59c700 1 --2- >> [v2:172.21.15.133:3300/0,v1:172.21.15.133:6789/0] conn(0x7f6c1c07bde0 0x7f6c1c19b780 unknown :-1 s=BANNER_CONNECTING pgs=0 cs=0 l=1 rev1=0 crypto rx=0 tx=0 comp rx=0 tx=0)._handle_peer_banner_payload supported=3 required=0
2023-11-27T15:13:47.192 INFO:teuthology.orchestra.run.smithi133.stdout:/usr/bin/ceph: stderr
2023-11-27T15:13:46.353+0000 7f6c1a59c700 1 --2- >> [v2:172.21.15.133:3300/0,v1:172.21.15.133:6789/0] conn(0x7f6c1c07bde0 0x7f6c1c19b780 unknown :-1 s=HELLO_CONNECTING pgs=0 cs=0 l=1 rev1=1 crypto rx=0 tx=0 comp rx=0 tx=0).handle_hello peer v2:172.21.15.133:3300/0 says I am v2:172.21.15.133:52090/0 (socket says 172.21.15.133:52090)
2023-11-27T15:13:47.192 INFO:teuthology.orchestra.run.smithi133.stdout:/usr/bin/ceph: stderr
2023-11-27T15:13:46.353+0000 7f6c1a59c700 1 -- 172.21.15.133:0/4293011463 learned_addr learned my addr 172.21.15.133:0/4293011463 (peer_addr_for_me v2:172.21.15.133:0/0)
2023-11-27T15:13:47.193 INFO:teuthology.orchestra.run.smithi133.stdout:/usr/bin/ceph: stderr
2023-11-27T15:13:46.353+0000 7f6c1a59c700 1 -- 172.21.15.133:0/4293011463 --> [v2:172.21.15.133:3300/0,v1:172.21.15.133:6789/0] -- mon_subscribe({config=0+,monmap=0+}) v3 -- 0x7f6c0c009550 con 0x7f6c1c07bde0
2023-11-27T15:13:47.193 INFO:teuthology.orchestra.run.smithi133.stdout:/usr/bin/ceph: stderr
2023-11-27T15:13:46.353+0000 7f6c1a59c700 1 --2- 172.21.15.133:0/4293011463 >> [v2:172.21.15.133:3300/0,v1:172.21.15.133:6789/0] conn(0x7f6c1c07bde0 0x7f6c1c19b780 secure :-1 s=READY pgs=46 cs=0 l=1 rev1=1 crypto rx=0x7f6c0c006af0 tx=0x7f6c0c011ad0 comp rx=0 tx=0).ready entity=mon.0 client_cookie=0 server_cookie=0 in_seq=0 out_seq=0
2023-11-27T15:13:47.193 INFO:teuthology.orchestra.run.smithi133.stdout:/usr/bin/ceph: stderr
2023-11-27T15:13:46.353+0000 7f6c0b7fe700 1 -- 172.21.15.133:0/4293011463 <== mon.0 v2:172.21.15.133:3300/0 1 ==== mon_map magic: 0 v1 ==== 205+0+0 (secure 0 0 0) 0x7f6c0c003a40 con 0x7f6c1c07bde0
2023-11-27T15:13:47.193 INFO:teuthology.orchestra.run.smithi133.stdout:/usr/bin/ceph: stderr
2023-11-27T15:13:46.353+0000 7f6c0b7fe700 1 -- 172.21.15.133:0/4293011463 <== mon.0 v2:172.21.15.133:3300/0 2 ==== config(26 keys) v1 ==== 1074+0+0 (secure 0 0 0) 0x7f6c0c003ba0 con 0x7f6c1c07bde0
2023-11-27T15:13:47.193 INFO:teuthology.orchestra.run.smithi133.stdout:/usr/bin/ceph: stderr
2023-11-27T15:13:46.353+0000 7f6c0b7fe700 1 -- 172.21.15.133:0/4293011463 <== mon.0 v2:172.21.15.133:3300/0 3 ==== mon_map magic: 0 v1 ==== 205+0+0 (secure 0 0 0) 0x7f6c0c01a700 con 0x7f6c1c07bde0
2023-11-27T15:13:47.193 INFO:teuthology.orchestra.run.smithi133.stdout:/usr/bin/ceph: stderr
2023-11-27T15:13:46.353+0000 7f6c20918700 1 -- 172.21.15.133:0/4293011463 --> [v2:172.21.15.133:3300/0,v1:172.21.15.133:6789/0] -- mon_subscribe({mgrmap=0+}) v3 -- 0x7f6c1c10be00 con 0x7f6c1c07bde0
2023-11-27T15:13:47.193 INFO:teuthology.orchestra.run.smithi133.stdout:/usr/bin/ceph: stderr
2023-11-27T15:13:46.354+0000 7f6c20918700 1 -- 172.21.15.133:0/4293011463 --> [v2:172.21.15.133:3300/0,v1:172.21.15.133:6789/0] -- mon_subscribe({osdmap=0}) v3 -- 0x7f6c1c10bc70 con 0x7f6c1c07bde0
2023-11-27T15:13:47.193 INFO:teuthology.orchestra.run.smithi133.stdout:/usr/bin/ceph: stderr
2023-11-27T15:13:46.355+0000 7f6c0b7fe700 1 -- 172.21.15.133:0/4293011463 <== mon.0 v2:172.21.15.133:3300/0 4 ==== mgrmap(e 8) v1 ==== 45483+0+0 (secure 0 0 0) 0x7f6c0c024ad0 con 0x7f6c1c07bde0
2023-11-27T15:13:47.193 INFO:teuthology.orchestra.run.smithi133.stdout:/usr/bin/ceph: stderr
2023-11-27T15:13:46.355+0000 7f6c20918700 1 -- 172.21.15.133:0/4293011463 --> [v2:172.21.15.133:3300/0,v1:172.21.15.133:6789/0] -- mon_command({"prefix": "get_command_descriptions"} v 0) v1 -- 0x7f6c1c062120 con 0x7f6c1c07bde0
2023-11-27T15:13:47.193 INFO:teuthology.orchestra.run.smithi133.stdout:/usr/bin/ceph: stderr
2023-11-27T15:13:46.355+0000 7f6c0b7fe700 1 --2- 172.21.15.133:0/4293011463 >> [v2:172.21.15.133:6800/2374615220,v1:172.21.15.133:6801/2374615220] conn(0x7f6c04038820 0x7f6c0403acd0 unknown :-1 s=NONE pgs=0 cs=0 l=1 rev1=0 crypto rx=0 tx=0 comp rx=0 tx=0).connect
2023-11-27T15:13:47.193 INFO:teuthology.orchestra.run.smithi133.stdout:/usr/bin/ceph: stderr
2023-11-27T15:13:46.355+0000 7f6c0b7fe700 1 -- 172.21.15.133:0/4293011463 <== mon.0 v2:172.21.15.133:3300/0 5 ==== osd_map(2..2 src has 1..2) v4 ==== 940+0+0 (secure 0 0 0) 0x7f6c0c04c6b0 con 0x7f6c1c07bde0
2023-11-27T15:13:47.194 INFO:teuthology.orchestra.run.smithi133.stdout:/usr/bin/ceph: stderr
2023-11-27T15:13:46.355+0000 7f6c19d9b700 1 --2- 172.21.15.133:0/4293011463 >> [v2:172.21.15.133:6800/2374615220,v1:172.21.15.133:6801/2374615220] conn(0x7f6c04038820 0x7f6c0403acd0 unknown :-1 s=BANNER_CONNECTING pgs=0 cs=0 l=1 rev1=0 crypto rx=0 tx=0 comp rx=0 tx=0)._handle_peer_banner_payload supported=3 required=0
2023-11-27T15:13:47.194 INFO:teuthology.orchestra.run.smithi133.stdout:/usr/bin/ceph: stderr
2023-11-27T15:13:46.356+0000 7f6c19d9b700 1 --2- 172.21.15.133:0/4293011463 >> [v2:172.21.15.133:6800/2374615220,v1:172.21.15.133:6801/2374615220] conn(0x7f6c04038820 0x7f6c0403acd0 secure :-1 s=READY pgs=12 cs=0 l=1 rev1=1 crypto rx=0x7f6c10006fd0 tx=0x7f6c10006e40 comp rx=0 tx=0).ready entity=mgr.14118 client_cookie=0 server_cookie=0 in_seq=0 out_seq=0
2023-11-27T15:13:47.194 INFO:teuthology.orchestra.run.smithi133.stdout:/usr/bin/ceph: stderr
2023-11-27T15:13:46.360+0000 7f6c0b7fe700 1 -- 172.21.15.133:0/4293011463 <== mon.0 v2:172.21.15.133:3300/0 6 ==== mon_command_ack([{"prefix": "get_command_descriptions"}]=0 v0) v1 ==== 72+0+177948 (secure 0 0 0) 0x7f6c0c024430 con 0x7f6c1c07bde0
2023-11-27T15:13:47.194 INFO:teuthology.orchestra.run.smithi133.stdout:/usr/bin/ceph: stderr
2023-11-27T15:13:46.584+0000 7f6c20918700 1 -- 172.21.15.133:0/4293011463 --> [v2:172.21.15.133:6800/2374615220,v1:172.21.15.133:6801/2374615220] -- mgr_command(tid 0: {"prefix": "orch apply", "service_type": "mon", "unmanaged": true, "target": ["mon-mgr", ""]}) v1 -- 0x7f6c1c102390 con 0x7f6c04038820
2023-11-27T15:13:47.194 INFO:teuthology.orchestra.run.smithi133.stdout:/usr/bin/ceph: stderr
2023-11-27T15:13:46.592+0000 7f6c0b7fe700 1 -- 172.21.15.133:0/4293011463 <== mgr.14118 v2:172.21.15.133:6800/2374615220 1 ==== mgr_command_reply(tid 0: 0 ) v1 ==== 8+0+24 (secure 0 0 0) 0x7f6c1c102390 con 0x7f6c04038820
2023-11-27T15:13:47.194 INFO:teuthology.orchestra.run.smithi133.stdout:/usr/bin/ceph: stderr
2023-11-27T15:13:46.594+0000 7f6c20918700 1 -- 172.21.15.133:0/4293011463 >> [v2:172.21.15.133:6800/2374615220,v1:172.21.15.133:6801/2374615220] conn(0x7f6c04038820 msgr2=0x7f6c0403acd0 secure :-1 s=STATE_CONNECTION_ESTABLISHED l=1).mark_down
2023-11-27T15:13:47.194 INFO:teuthology.orchestra.run.smithi133.stdout:/usr/bin/ceph: stderr
2023-11-27T15:13:46.594+0000 7f6c20918700 1 --2- 172.21.15.133:0/4293011463 >> [v2:172.21.15.133:6800/2374615220,v1:172.21.15.133:6801/2374615220] conn(0x7f6c04038820 0x7f6c0403acd0 secure :-1 s=READY pgs=12 cs=0 l=1 rev1=1 crypto rx=0x7f6c10006fd0 tx=0x7f6c10006e40 comp rx=0 tx=0).stop
2023-11-27T15:13:47.194 INFO:teuthology.orchestra.run.smithi133.stdout:/usr/bin/ceph: stderr
2023-11-27T15:13:46.594+0000 7f6c20918700 1 -- 172.21.15.133:0/4293011463 >> [v2:172.21.15.133:3300/0,v1:172.21.15.133:6789/0] conn(0x7f6c1c07bde0 msgr2=0x7f6c1c19b780 secure :-1 s=STATE_CONNECTION_ESTABLISHED l=1).mark_down
2023-11-27T15:13:47.194 INFO:teuthology.orchestra.run.smithi133.stdout:/usr/bin/ceph: stderr
