2023-11-27T15:16:01.115 INFO:teuthology.orchestra.run.smithi053.stdout:/usr/bin/ceph: stderr
2023-11-27T15:16:00.455+0000 7f010f998700 1 -- 172.21.15.53:0/2566569888 shutdown_connections
2023-11-27T15:16:01.115 INFO:teuthology.orchestra.run.smithi053.stdout:/usr/bin/ceph: stderr
2023-11-27T15:16:00.455+0000 7f010f998700 1 -- 172.21.15.53:0/2566569888 wait complete.
2023-11-27T15:16:01.115 INFO:teuthology.orchestra.run.smithi053.stdout:/usr/bin/ceph: stderr
2023-11-27T15:16:00.456+0000 7f010f998700 1 Processor -- start
2023-11-27T15:16:01.115 INFO:teuthology.orchestra.run.smithi053.stdout:/usr/bin/ceph: stderr
2023-11-27T15:16:00.456+0000 7f010f998700 1 -- start start
2023-11-27T15:16:01.115 INFO:teuthology.orchestra.run.smithi053.stdout:/usr/bin/ceph: stderr
2023-11-27T15:16:00.456+0000 7f010f998700 1 --2- >> [v2:172.21.15.53:3300/0,v1:172.21.15.53:6789/0] conn(0x7f0108105a20 0x7f0108199930 unknown :-1 s=NONE pgs=0 cs=0 l=1 rev1=0 crypto rx=0 tx=0 comp rx=0 tx=0).connect
2023-11-27T15:16:01.115 INFO:teuthology.orchestra.run.smithi053.stdout:/usr/bin/ceph: stderr
2023-11-27T15:16:00.456+0000 7f010f998700 1 -- --> [v2:172.21.15.53:3300/0,v1:172.21.15.53:6789/0] -- mon_getmap magic: 0 v1 -- 0x7f0108199e70 con 0x7f0108105a20
2023-11-27T15:16:01.115 INFO:teuthology.orchestra.run.smithi053.stdout:/usr/bin/ceph: stderr
2023-11-27T15:16:00.456+0000 7f010d734700 1 --2- >> [v2:172.21.15.53:3300/0,v1:172.21.15.53:6789/0] conn(0x7f0108105a20 0x7f0108199930 unknown :-1 s=BANNER_CONNECTING pgs=0 cs=0 l=1 rev1=0 crypto rx=0 tx=0 comp rx=0 tx=0)._handle_peer_banner_payload supported=3 required=0
2023-11-27T15:16:01.115 INFO:teuthology.orchestra.run.smithi053.stdout:/usr/bin/ceph: stderr
2023-11-27T15:16:00.456+0000 7f010d734700 1 --2- >> [v2:172.21.15.53:3300/0,v1:172.21.15.53:6789/0] conn(0x7f0108105a20 0x7f0108199930 unknown :-1 s=HELLO_CONNECTING pgs=0 cs=0 l=1 rev1=1 crypto rx=0 tx=0 comp rx=0 tx=0).handle_hello peer v2:172.21.15.53:3300/0 says I am v2:172.21.15.53:41500/0 (socket says 172.21.15.53:41500)
2023-11-27T15:16:01.115 INFO:teuthology.orchestra.run.smithi053.stdout:/usr/bin/ceph: stderr
2023-11-27T15:16:00.456+0000 7f010d734700 1 -- 172.21.15.53:0/269831120 learned_addr learned my addr 172.21.15.53:0/269831120 (peer_addr_for_me v2:172.21.15.53:0/0)
2023-11-27T15:16:01.116 INFO:teuthology.orchestra.run.smithi053.stdout:/usr/bin/ceph: stderr
2023-11-27T15:16:00.457+0000 7f010d734700 1 -- 172.21.15.53:0/269831120 --> [v2:172.21.15.53:3300/0,v1:172.21.15.53:6789/0] -- mon_subscribe({config=0+,monmap=0+}) v3 -- 0x7f0104009550 con 0x7f0108105a20
2023-11-27T15:16:01.116 INFO:teuthology.orchestra.run.smithi053.stdout:/usr/bin/ceph: stderr
2023-11-27T15:16:00.457+0000 7f010d734700 1 --2- 172.21.15.53:0/269831120 >> [v2:172.21.15.53:3300/0,v1:172.21.15.53:6789/0] conn(0x7f0108105a20 0x7f0108199930 secure :-1 s=READY pgs=36 cs=0 l=1 rev1=1 crypto rx=0x7f0104006af0 tx=0x7f0104011ad0 comp rx=0 tx=0).ready entity=mon.0 client_cookie=0 server_cookie=0 in_seq=0 out_seq=0
2023-11-27T15:16:01.116 INFO:teuthology.orchestra.run.smithi053.stdout:/usr/bin/ceph: stderr
2023-11-27T15:16:00.457+0000 7f00fe7fc700 1 -- 172.21.15.53:0/269831120 <== mon.0 v2:172.21.15.53:3300/0 1 ==== mon_map magic: 0 v1 ==== 205+0+0 (secure 0 0 0) 0x7f0104003a40 con 0x7f0108105a20
2023-11-27T15:16:01.116 INFO:teuthology.orchestra.run.smithi053.stdout:/usr/bin/ceph: stderr
2023-11-27T15:16:00.457+0000 7f00fe7fc700 1 -- 172.21.15.53:0/269831120 <== mon.0 v2:172.21.15.53:3300/0 2 ==== config(26 keys) v1 ==== 1074+0+0 (secure 0 0 0) 0x7f0104003ba0 con 0x7f0108105a20
2023-11-27T15:16:01.116 INFO:teuthology.orchestra.run.smithi053.stdout:/usr/bin/ceph: stderr
2023-11-27T15:16:00.457+0000 7f00fe7fc700 1 -- 172.21.15.53:0/269831120 <== mon.0 v2:172.21.15.53:3300/0 3 ==== mon_map magic: 0 v1 ==== 205+0+0 (secure 0 0 0) 0x7f010401a700 con 0x7f0108105a20
2023-11-27T15:16:01.116 INFO:teuthology.orchestra.run.smithi053.stdout:/usr/bin/ceph: stderr
2023-11-27T15:16:00.457+0000 7f010f998700 1 -- 172.21.15.53:0/269831120 --> [v2:172.21.15.53:3300/0,v1:172.21.15.53:6789/0] -- mon_subscribe({mgrmap=0+}) v3 -- 0x7f0108109e50 con 0x7f0108105a20
2023-11-27T15:16:01.116 INFO:teuthology.orchestra.run.smithi053.stdout:/usr/bin/ceph: stderr
2023-11-27T15:16:00.457+0000 7f010f998700 1 -- 172.21.15.53:0/269831120 --> [v2:172.21.15.53:3300/0,v1:172.21.15.53:6789/0] -- mon_subscribe({osdmap=0}) v3 -- 0x7f0108109fe0 con 0x7f0108105a20
2023-11-27T15:16:01.116 INFO:teuthology.orchestra.run.smithi053.stdout:/usr/bin/ceph: stderr
2023-11-27T15:16:00.458+0000 7f00fe7fc700 1 -- 172.21.15.53:0/269831120 <== mon.0 v2:172.21.15.53:3300/0 4 ==== mgrmap(e 8) v1 ==== 45483+0+0 (secure 0 0 0) 0x7f0104024ad0 con 0x7f0108105a20
2023-11-27T15:16:01.116 INFO:teuthology.orchestra.run.smithi053.stdout:/usr/bin/ceph: stderr
2023-11-27T15:16:00.459+0000 7f010f998700 1 -- 172.21.15.53:0/269831120 --> [v2:172.21.15.53:3300/0,v1:172.21.15.53:6789/0] -- mon_command({"prefix": "get_command_descriptions"} v 0) v1 -- 0x7f0108107a90 con 0x7f0108105a20
2023-11-27T15:16:01.116 INFO:teuthology.orchestra.run.smithi053.stdout:/usr/bin/ceph: stderr
2023-11-27T15:16:00.459+0000 7f00fe7fc700 1 --2- 172.21.15.53:0/269831120 >> [v2:172.21.15.53:6800/184223295,v1:172.21.15.53:6801/184223295] conn(0x7f00f4038760 0x7f00f403ac10 unknown :-1 s=NONE pgs=0 cs=0 l=1 rev1=0 crypto rx=0 tx=0 comp rx=0 tx=0).connect
2023-11-27T15:16:01.116 INFO:teuthology.orchestra.run.smithi053.stdout:/usr/bin/ceph: stderr
2023-11-27T15:16:00.459+0000 7f00fe7fc700 1 -- 172.21.15.53:0/269831120 <== mon.0 v2:172.21.15.53:3300/0 5 ==== osd_map(2..2 src has 1..2) v4 ==== 940+0+0 (secure 0 0 0) 0x7f010404c780 con 0x7f0108105a20
2023-11-27T15:16:01.116 INFO:teuthology.orchestra.run.smithi053.stdout:/usr/bin/ceph: stderr
2023-11-27T15:16:00.459+0000 7f010cf33700 1 --2- 172.21.15.53:0/269831120 >> [v2:172.21.15.53:6800/184223295,v1:172.21.15.53:6801/184223295] conn(0x7f00f4038760 0x7f00f403ac10 unknown :-1 s=BANNER_CONNECTING pgs=0 cs=0 l=1 rev1=0 crypto rx=0 tx=0 comp rx=0 tx=0)._handle_peer_banner_payload supported=3 required=0
2023-11-27T15:16:01.117 INFO:teuthology.orchestra.run.smithi053.stdout:/usr/bin/ceph: stderr
2023-11-27T15:16:00.460+0000 7f010cf33700 1 --2- 172.21.15.53:0/269831120 >> [v2:172.21.15.53:6800/184223295,v1:172.21.15.53:6801/184223295] conn(0x7f00f4038760 0x7f00f403ac10 secure :-1 s=READY pgs=8 cs=0 l=1 rev1=1 crypto rx=0x7f00f8006fd0 tx=0x7f00f8006e40 comp rx=0 tx=0).ready entity=mgr.14116 client_cookie=0 server_cookie=0 in_seq=0 out_seq=0
2023-11-27T15:16:01.117 INFO:teuthology.orchestra.run.smithi053.stdout:/usr/bin/ceph: stderr
2023-11-27T15:16:00.464+0000 7f00fe7fc700 1 -- 172.21.15.53:0/269831120 <== mon.0 v2:172.21.15.53:3300/0 6 ==== mon_command_ack([{"prefix": "get_command_descriptions"}]=0 v0) v1 ==== 72+0+177948 (secure 0 0 0) 0x7f0108107a90 con 0x7f0108105a20
2023-11-27T15:16:01.117 INFO:teuthology.orchestra.run.smithi053.stdout:/usr/bin/ceph: stderr
2023-11-27T15:16:00.670+0000 7f010f998700 1 -- 172.21.15.53:0/269831120 --> [v2:172.21.15.53:6800/184223295,v1:172.21.15.53:6801/184223295] -- mgr_command(tid 0: {"prefix": "cephadm set-user", "user": "root", "target": ["mon-mgr", ""]}) v1 -- 0x7f0108107a90 con 0x7f00f4038760
2023-11-27T15:16:01.117 INFO:teuthology.orchestra.run.smithi053.stdout:/usr/bin/ceph: stderr
2023-11-27T15:16:00.671+0000 7f00fe7fc700 1 -- 172.21.15.53:0/269831120 <== mgr.14116 v2:172.21.15.53:6800/184223295 1 ==== mgr_command_reply(tid 0: 0 ) v1 ==== 8+0+16 (secure 0 0 0) 0x7f0108107a90 con 0x7f00f4038760
2023-11-27T15:16:01.117 INFO:teuthology.orchestra.run.smithi053.stdout:/usr/bin/ceph: stderr
2023-11-27T15:16:00.673+0000 7f010f998700 1 -- 172.21.15.53:0/269831120 >> [v2:172.21.15.53:6800/184223295,v1:172.21.15.53:6801/184223295] conn(0x7f00f4038760 msgr2=0x7f00f403ac10 secure :-1 s=STATE_CONNECTION_ESTABLISHED l=1).mark_down
2023-11-27T15:16:01.117 INFO:teuthology.orchestra.run.smithi053.stdout:/usr/bin/ceph: stderr
2023-11-27T15:16:00.673+0000 7f010f998700 1 --2- 172.21.15.53:0/269831120 >> [v2:172.21.15.53:6800/184223295,v1:172.21.15.53:6801/184223295] conn(0x7f00f4038760 0x7f00f403ac10 secure :-1 s=READY pgs=8 cs=0 l=1 rev1=1 crypto rx=0x7f00f8006fd0 tx=0x7f00f8006e40 comp rx=0 tx=0).stop
2023-11-27T15:16:01.117 INFO:teuthology.orchestra.run.smithi053.stdout:/usr/bin/ceph: stderr
2023-11-27T15:16:00.673+0000 7f010f998700 1 -- 172.21.15.53:0/269831120 >> [v2:172.21.15.53:3300/0,v1:172.21.15.53:6789/0] conn(0x7f0108105a20 msgr2=0x7f0108199930 secure :-1 s=STATE_CONNECTION_ESTABLISHED l=1).mark_down
2023-11-27T15:16:01.117 INFO:teuthology.orchestra.run.smithi053.stdout:/usr/bin/ceph: stderr
2023-11-27T15:16:00.673+0000 7f010f998700 1 --2- 172.21.15.53:0/269831120 >> [v2:172.21.15.53:3300/0,v1:172.21.15.53:6789/0] conn(0x7f0108105a20 0x7f0108199930 secure :-1 s=READY pgs=36 cs=0 l=1 rev1=1 crypto rx=0x7f0104006af0 tx=0x7f0104011ad0 comp rx=0 tx=0).stop
2023-11-27T15:16:01.117 INFO:teuthology.orchestra.run.smithi053.stdout:/usr/bin/ceph: stderr
2023-11-27T15:16:00.673+0000 7f010f998700 1 -- 172.21.15.53:0/269831120 shutdown_connections
2023-11-27T15:16:01.117 INFO:teuthology.orchestra.run.smithi053.stdout:/usr/bin/ceph: stderr
2023-11-27T15:16:00.673+0000 7f010f998700 1 --2- 172.21.15.53:0/269831120 >> [v2:172.21.15.53:6800/184223295,v1:172.21.15.53:6801/184223295] conn(0x7f00f4038760 0x7f00f403ac10 unknown :-1 s=CLOSED pgs=8 cs=0 l=1 rev1=1 crypto rx=0 tx=0 comp rx=0 tx=0).stop
2023-11-27T15:16:01.117 INFO:teuthology.orchestra.run.smithi053.stdout:/usr/bin/ceph: stderr
2023-11-27T15:16:00.673+0000 7f010f998700 1 --2- 172.21.15.53:0/269831120 >> [v2:172.21.15.53:3300/0,v1:172.21.15.53:6789/0] conn(0x7f0108105a20 0x7f0108199930 unknown :-1 s=CLOSED pgs=36 cs=0 l=1 rev1=1 crypto rx=0 tx=0 comp rx=0 tx=0).stop
2023-11-27T15:16:01.117 INFO:teuthology.orchestra.run.smithi053.stdout:/usr/bin/ceph: stderr
2023-11-27T15:16:00.673+0000 7f010f998700 1 -- 172.21.15.53:0/269831120 >> 172.21.15.53:0/269831120 conn(0x7f0108100fd0 msgr2=0x7f0108102640 unknown :-1 s=STATE_NONE l=0).mark_down
2023-11-27T15:16:01.117 INFO:teuthology.orchestra.run.smithi053.stdout:/usr/bin/ceph: stderr
2023-11-27T15:16:00.673+0000 7f010f998700 1 -- 172.21.15.53:0/269831120 shutdown_connections
2023-11-27T15:16:01.118 INFO:teuthology.orchestra.run.smithi053.stdout:/usr/bin/ceph: stderr
2023-11-27T15:16:00.673+0000 7f010f998700 1 -- 172.21.15.53:0/269831120 wait complete.
2023-11-27T15:16:01.118 INFO:teuthology.orchestra.run.smithi053.stdout:Generating ssh key...
2023-11-27T15:16:01.388 INFO:journalctl@ceph.mon.a.smithi053.stdout:Nov 27 15:16:01 smithi053 ceph-mon[128711]: from='client.14128 -' entity='client.admin' cmd=[{"prefix": "orch set backend", "module_name": "cephadm", "target": ["mon-mgr", ""]}]: dispatch
2023-11-27T15:16:02.595 INFO:teuthology.orchestra.run.smithi053.stdout:/usr/bin/ceph: stderr
2023-11-27T15:16:01.643+0000 7f34132cf700 1 Processor -- start
2023-11-27T15:16:02.595 INFO:teuthology.orchestra.run.smithi053.stdout:/usr/bin/ceph: stderr
2023-11-27T15:16:01.644+0000 7f34132cf700 1 -- start start
2023-11-27T15:16:02.596 INFO:teuthology.orchestra.run.smithi053.stdout:/usr/bin/ceph: stderr
2023-11-27T15:16:01.644+0000 7f34132cf700 1 --2- >> [v2:172.21.15.53:3300/0,v1:172.21.15.53:6789/0] conn(0x7f340c07be30 0x7f340c07a290 unknown :-1 s=NONE pgs=0 cs=0 l=0 rev1=0 crypto rx=0 tx=0 comp rx=0 tx=0).connect
2023-11-27T15:16:02.596 INFO:teuthology.orchestra.run.smithi053.stdout:/usr/bin/ceph: stderr
2023-11-27T15:16:01.644+0000 7f34132cf700 1 -- --> [v2:172.21.15.53:3300/0,v1:172.21.15.53:6789/0] -- mon_getmap magic: 0 v1 -- 0x7f340c07a860 con 0x7f340c07be30
2023-11-27T15:16:02.596 INFO:teuthology.orchestra.run.smithi053.stdout:/usr/bin/ceph: stderr
2023-11-27T15:16:01.644+0000 7f341106b700 1 --2- >> [v2:172.21.15.53:3300/0,v1:172.21.15.53:6789/0] conn(0x7f340c07be30 0x7f340c07a290 unknown :-1 s=BANNER_CONNECTING pgs=0 cs=0 l=0 rev1=0 crypto rx=0 tx=0 comp rx=0 tx=0)._handle_peer_banner_payload supported=3 required=0
2023-11-27T15:16:02.596 INFO:teuthology.orchestra.run.smithi053.stdout:/usr/bin/ceph: stderr
2023-11-27T15:16:01.644+0000 7f341106b700 1 --2- >> [v2:172.21.15.53:3300/0,v1:172.21.15.53:6789/0] conn(0x7f340c07be30 0x7f340c07a290 unknown :-1 s=HELLO_CONNECTING pgs=0 cs=0 l=0 rev1=1 crypto rx=0 tx=0 comp rx=0 tx=0).handle_hello peer v2:172.21.15.53:3300/0 says I am v2:172.21.15.53:41510/0 (socket says 172.21.15.53:41510)
2023-11-27T15:16:02.596 INFO:teuthology.orchestra.run.smithi053.stdout:/usr/bin/ceph: stderr
2023-11-27T15:16:01.644+0000 7f341106b700 1 -- 172.21.15.53:0/479036849 learned_addr learned my addr 172.21.15.53:0/479036849 (peer_addr_for_me v2:172.21.15.53:0/0)
2023-11-27T15:16:02.596 INFO:teuthology.orchestra.run.smithi053.stdout:/usr/bin/ceph: stderr
2023-11-27T15:16:01.645+0000 7f341106b700 1 -- 172.21.15.53:0/479036849 --> [v2:172.21.15.53:3300/0,v1:172.21.15.53:6789/0] -- mon_subscribe({config=0+,monmap=0+}) v3 -- 0x7f340c07a9a0 con 0x7f340c07be30
2023-11-27T15:16:02.596 INFO:teuthology.orchestra.run.smithi053.stdout:/usr/bin/ceph: stderr
2023-11-27T15:16:01.645+0000 7f341106b700 1 --2- 172.21.15.53:0/479036849 >> [v2:172.21.15.53:3300/0,v1:172.21.15.53:6789/0] conn(0x7f340c07be30 0x7f340c07a290 secure :-1 s=READY pgs=37 cs=0 l=1 rev1=1 crypto rx=0x7f34080098a0 tx=0x7f3408009bb0 comp rx=0 tx=0).ready entity=mon.0 client_cookie=d17eba8de81bfe6d server_cookie=0 in_seq=0 out_seq=0
2023-11-27T15:16:02.596 INFO:teuthology.orchestra.run.smithi053.stdout:/usr/bin/ceph: stderr
2023-11-27T15:16:01.645+0000 7f3403fff700 1 -- 172.21.15.53:0/479036849 <== mon.0 v2:172.21.15.53:3300/0 1 ==== mon_map magic: 0 v1 ==== 205+0+0 (secure 0 0 0) 0x7f3408004160 con 0x7f340c07be30
2023-11-27T15:16:02.596 INFO:teuthology.orchestra.run.smithi053.stdout:/usr/bin/ceph: stderr
2023-11-27T15:16:01.645+0000 7f3403fff700 1 -- 172.21.15.53:0/479036849 <== mon.0 v2:172.21.15.53:3300/0 2 ==== config(26 keys) v1 ==== 1074+0+0 (secure 0 0 0) 0x7f34080042c0 con 0x7f340c07be30
2023-11-27T15:16:02.596 INFO:teuthology.orchestra.run.smithi053.stdout:/usr/bin/ceph: stderr
2023-11-27T15:16:01.645+0000 7f3403fff700 1 -- 172.21.15.53:0/479036849 <== mon.0 v2:172.21.15.53:3300/0 3 ==== mon_map magic: 0 v1 ==== 205+0+0 (secure 0 0 0) 0x7f3408011a00 con 0x7f340c07be30
2023-11-27T15:16:02.596 INFO:teuthology.orchestra.run.smithi053.stdout:/usr/bin/ceph: stderr
2023-11-27T15:16:01.646+0000 7f34132cf700 1 -- 172.21.15.53:0/479036849 >> [v2:172.21.15.53:3300/0,v1:172.21.15.53:6789/0] conn(0x7f340c07be30 msgr2=0x7f340c07a290 secure :-1 s=STATE_CONNECTION_ESTABLISHED l=1).mark_down
2023-11-27T15:16:02.596 INFO:teuthology.orchestra.run.smithi053.stdout:/usr/bin/ceph: stderr
2023-11-27T15:16:01.646+0000 7f34132cf700 1 --2- 172.21.15.53:0/479036849 >> [v2:172.21.15.53:3300/0,v1:172.21.15.53:6789/0] conn(0x7f340c07be30 0x7f340c07a290 secure :-1 s=READY pgs=37 cs=0 l=1 rev1=1 crypto rx=0x7f34080098a0 tx=0x7f3408009bb0 comp rx=0 tx=0).stop
2023-11-27T15:16:02.596 INFO:teuthology.orchestra.run.smithi053.stdout:/usr/bin/ceph: stderr
2023-11-27T15:16:01.646+0000 7f34132cf700 1 -- 172.21.15.53:0/479036849 shutdown_connections
2023-11-27T15:16:02.597 INFO:teuthology.orchestra.run.smithi053.stdout:/usr/bin/ceph: stderr
2023-11-27T15:16:01.646+0000 7f34132cf700 1 --2- 172.21.15.53:0/479036849 >> [v2:172.21.15.53:3300/0,v1:172.21.15.53:6789/0] conn(0x7f340c07be30 0x7f340c07a290 unknown :-1 s=CLOSED pgs=37 cs=0 l=1 rev1=1 crypto rx=0 tx=0 comp rx=0 tx=0).stop
2023-11-27T15:16:02.597 INFO:teuthology.orchestra.run.smithi053.stdout:/usr/bin/ceph: stderr
2023-11-27T15:16:01.646+0000 7f34132cf700 1 -- 172.21.15.53:0/479036849 >> 172.21.15.53:0/479036849 conn(0x7f340c100fd0 msgr2=0x7f340c103400 unknown :-1 s=STATE_NONE l=0).mark_down
2023-11-27T15:16:02.597 INFO:teuthology.orchestra.run.smithi053.stdout:/usr/bin/ceph: stderr
2023-11-27T15:16:01.646+0000 7f34132cf700 1 -- 172.21.15.53:0/479036849 shutdown_connections
2023-11-27T15:16:02.597 INFO:teuthology.orchestra.run.smithi053.stdout:/usr/bin/ceph: stderr
2023-11-27T15:16:01.646+0000 7f34132cf700 1 -- 172.21.15.53:0/479036849 wait complete.
2023-11-27T15:16:02.597 INFO:teuthology.orchestra.run.smithi053.stdout:/usr/bin/ceph: stderr
2023-11-27T15:16:01.647+0000 7f34132cf700 1 Processor -- start
2023-11-27T15:16:02.597 INFO:teuthology.orchestra.run.smithi053.stdout:/usr/bin/ceph: stderr
2023-11-27T15:16:01.648+0000 7f34132cf700 1 -- start start
2023-11-27T15:16:02.597 INFO:teuthology.orchestra.run.smithi053.stdout:/usr/bin/ceph: stderr
2023-11-27T15:16:01.648+0000 7f34132cf700 1 --2- >> [v2:172.21.15.53:3300/0,v1:172.21.15.53:6789/0] conn(0x7f340c07be30 0x7f340c19b930 unknown :-1 s=NONE pgs=0 cs=0 l=1 rev1=0 crypto rx=0 tx=0 comp rx=0 tx=0).connect
2023-11-27T15:16:02.597 INFO:teuthology.orchestra.run.smithi053.stdout:/usr/bin/ceph: stderr
2023-11-27T15:16:01.648+0000 7f34132cf700 1 -- --> [v2:172.21.15.53:3300/0,v1:172.21.15.53:6789/0] -- mon_getmap magic: 0 v1 -- 0x7f340c19be70 con 0x7f340c07be30
2023-11-27T15:16:02.597 INFO:teuthology.orchestra.run.smithi053.stdout:/usr/bin/ceph: stderr
2023-11-27T15:16:01.648+0000 7f341106b700 1 --2- >> [v2:172.21.15.53:3300/0,v1:172.21.15.53:6789/0] conn(0x7f340c07be30 0x7f340c19b930 unknown :-1 s=BANNER_CONNECTING pgs=0 cs=0 l=1 rev1=0 crypto rx=0 tx=0 comp rx=0 tx=0)._handle_peer_banner_payload supported=3 required=0
2023-11-27T15:16:02.597 INFO:teuthology.orchestra.run.smithi053.stdout:/usr/bin/ceph: stderr
2023-11-27T15:16:01.648+0000 7f341106b700 1 --2- >> [v2:172.21.15.53:3300/0,v1:172.21.15.53:6789/0] conn(0x7f340c07be30 0x7f340c19b930 unknown :-1 s=HELLO_CONNECTING pgs=0 cs=0 l=1 rev1=1 crypto rx=0 tx=0 comp rx=0 tx=0).handle_hello peer v2:172.21.15.53:3300/0 says I am v2:172.21.15.53:41526/0 (socket says 172.21.15.53:41526)
2023-11-27T15:16:02.597 INFO:teuthology.orchestra.run.smithi053.stdout:/usr/bin/ceph: stderr
2023-11-27T15:16:01.648+0000 7f341106b700 1 -- 172.21.15.53:0/2262296662 learned_addr learned my addr 172.21.15.53:0/2262296662 (peer_addr_for_me v2:172.21.15.53:0/0)
2023-11-27T15:16:02.597 INFO:teuthology.orchestra.run.smithi053.stdout:/usr/bin/ceph: stderr
2023-11-27T15:16:01.649+0000 7f341106b700 1 -- 172.21.15.53:0/2262296662 --> [v2:172.21.15.53:3300/0,v1:172.21.15.53:6789/0] -- mon_subscribe({config=0+,monmap=0+}) v3 -- 0x7f3408009550 con 0x7f340c07be30
2023-11-27T15:16:02.597 INFO:teuthology.orchestra.run.smithi053.stdout:/usr/bin/ceph: stderr
2023-11-27T15:16:01.649+0000 7f341106b700 1 --2- 172.21.15.53:0/2262296662 >> [v2:172.21.15.53:3300/0,v1:172.21.15.53:6789/0] conn(0x7f340c07be30 0x7f340c19b930 secure :-1 s=READY pgs=38 cs=0 l=1 rev1=1 crypto rx=0x7f3408009fb0 tx=0x7f3408011ad0 comp rx=0 tx=0).ready entity=mon.0 client_cookie=0 server_cookie=0 in_seq=0 out_seq=0
2023-11-27T15:16:02.598 INFO:teuthology.orchestra.run.smithi053.stdout:/usr/bin/ceph: stderr
2023-11-27T15:16:01.649+0000 7f34027fc700 1 -- 172.21.15.53:0/2262296662 <== mon.0 v2:172.21.15.53:3300/0 1 ==== mon_map magic: 0 v1 ==== 205+0+0 (secure 0 0 0) 0x7f3408003930 con 0x7f340c07be30
2023-11-27T15:16:02.598 INFO:teuthology.orchestra.run.smithi053.stdout:/usr/bin/ceph: stderr
2023-11-27T15:16:01.649+0000 7f34027fc700 1 -- 172.21.15.53:0/2262296662 <== mon.0 v2:172.21.15.53:3300/0 2 ==== config(26 keys) v1 ==== 1074+0+0 (secure 0 0 0) 0x7f3408003a90 con 0x7f340c07be30
2023-11-27T15:16:02.598 INFO:teuthology.orchestra.run.smithi053.stdout:/usr/bin/ceph: stderr
2023-11-27T15:16:01.649+0000 7f34132cf700 1 -- 172.21.15.53:0/2262296662 --> [v2:172.21.15.53:3300/0,v1:172.21.15.53:6789/0] -- mon_subscribe({mgrmap=0+}) v3 -- 0x7f340c10bf40 con 0x7f340c07be30
2023-11-27T15:16:02.598 INFO:teuthology.orchestra.run.smithi053.stdout:/usr/bin/ceph: stderr
2023-11-27T15:16:01.649+0000 7f34027fc700 1 -- 172.21.15.53:0/2262296662 <== mon.0 v2:172.21.15.53:3300/0 3 ==== mon_map magic: 0 v1 ==== 205+0+0 (secure 0 0 0) 0x7f3408019610 con 0x7f340c07be30
2023-11-27T15:16:02.598 INFO:teuthology.orchestra.run.smithi053.stdout:/usr/bin/ceph: stderr
2023-11-27T15:16:01.649+0000 7f34132cf700 1 -- 172.21.15.53:0/2262296662 --> [v2:172.21.15.53:3300/0,v1:172.21.15.53:6789/0] -- mon_subscribe({osdmap=0}) v3 -- 0x7f340c10bdb0 con 0x7f340c07be30
2023-11-27T15:16:02.598 INFO:teuthology.orchestra.run.smithi053.stdout:/usr/bin/ceph: stderr
2023-11-27T15:16:01.650+0000 7f34132cf700 1 -- 172.21.15.53:0/2262296662 --> [v2:172.21.15.53:3300/0,v1:172.21.15.53:6789/0] -- mon_command({"prefix": "get_command_descriptions"} v 0) v1 -- 0x7f340c10c0d0 con 0x7f340c07be30
2023-11-27T15:16:02.598 INFO:teuthology.orchestra.run.smithi053.stdout:/usr/bin/ceph: stderr
2023-11-27T15:16:01.651+0000 7f34027fc700 1 -- 172.21.15.53:0/2262296662 <== mon.0 v2:172.21.15.53:3300/0 4 ==== mgrmap(e 8) v1 ==== 45483+0+0 (secure 0 0 0) 0x7f340801a9d0 con 0x7f340c07be30
2023-11-27T15:16:02.598 INFO:teuthology.orchestra.run.smithi053.stdout:/usr/bin/ceph: stderr
2023-11-27T15:16:01.651+0000 7f34027fc700 1 --2- 172.21.15.53:0/2262296662 >> [v2:172.21.15.53:6800/184223295,v1:172.21.15.53:6801/184223295] conn(0x7f33f80386c0 0x7f33f803ab70 unknown :-1 s=NONE pgs=0 cs=0 l=1 rev1=0 crypto rx=0 tx=0 comp rx=0 tx=0).connect
2023-11-27T15:16:02.598 INFO:teuthology.orchestra.run.smithi053.stdout:/usr/bin/ceph: stderr
2023-11-27T15:16:01.651+0000 7f34027fc700 1 -- 172.21.15.53:0/2262296662 <== mon.0 v2:172.21.15.53:3300/0 5 ==== osd_map(2..2 src has 1..2) v4 ==== 940+0+0 (secure 0 0 0) 0x7f340804c8e0 con 0x7f340c07be30
2023-11-27T15:16:02.598 INFO:teuthology.orchestra.run.smithi053.stdout:/usr/bin/ceph: stderr
2023-11-27T15:16:01.651+0000 7f341086a700 1 --2- 172.21.15.53:0/2262296662 >> [v2:172.21.15.53:6800/184223295,v1:172.21.15.53:6801/184223295] conn(0x7f33f80386c0 0x7f33f803ab70 unknown :-1 s=BANNER_CONNECTING pgs=0 cs=0 l=1 rev1=0 crypto rx=0 tx=0 comp rx=0 tx=0)._handle_peer_banner_payload supported=3 required=0
2023-11-27T15:16:02.598 INFO:teuthology.orchestra.run.smithi053.stdout:/usr/bin/ceph: stderr
2023-11-27T15:16:01.652+0000 7f341086a700 1 --2- 172.21.15.53:0/2262296662 >> [v2:172.21.15.53:6800/184223295,v1:172.21.15.53:6801/184223295] conn(0x7f33f80386c0 0x7f33f803ab70 secure :-1 s=READY pgs=9 cs=0 l=1 rev1=1 crypto rx=0x7f33fc006fd0 tx=0x7f33fc006e40 comp rx=0 tx=0).ready entity=mgr.14116 client_cookie=0 server_cookie=0 in_seq=0 out_seq=0
2023-11-27T15:16:02.598 INFO:teuthology.orchestra.run.smithi053.stdout:/usr/bin/ceph: stderr
2023-11-27T15:16:01.656+0000 7f34027fc700 1 -- 172.21.15.53:0/2262296662 <== mon.0 v2:172.21.15.53:3300/0 6 ==== mon_command_ack([{"prefix": "get_command_descriptions"}]=0 v0) v1 ==== 72+0+177948 (secure 0 0 0) 0x7f3408003c00 con 0x7f340c07be30
2023-11-27T15:16:02.599 INFO:teuthology.orchestra.run.smithi053.stdout:/usr/bin/ceph: stderr
2023-11-27T15:16:01.866+0000 7f34132cf700 1 -- 172.21.15.53:0/2262296662 --> [v2:172.21.15.53:6800/184223295,v1:172.21.15.53:6801/184223295] -- mgr_command(tid 0: {"prefix": "cephadm generate-key", "target": ["mon-mgr", ""]}) v1 -- 0x7f340c103300 con 0x7f33f80386c0
2023-11-27T15:16:02.599 INFO:teuthology.orchestra.run.smithi053.stdout:/usr/bin/ceph: stderr
2023-11-27T15:16:02.205+0000 7f34027fc700 1 -- 172.21.15.53:0/2262296662 <== mgr.14116 v2:172.21.15.53:6800/184223295 1 ==== mgr_command_reply(tid 0: 0 ) v1 ==== 8+0+0 (secure 0 0 0) 0x7f340c103300 con 0x7f33f80386c0
2023-11-27T15:16:02.599 INFO:teuthology.orchestra.run.smithi053.stdout:/usr/bin/ceph: stderr
2023-11-27T15:16:02.208+0000 7f34132cf700 1 -- 172.21.15.53:0/2262296662 >> [v2:172.21.15.53:6800/184223295,v1:172.21.15.53:6801/184223295] conn(0x7f33f80386c0 msgr2=0x7f33f803ab70 secure :-1 s=STATE_CONNECTION_ESTABLISHED l=1).mark_down
2023-11-27T15:16:02.599 INFO:teuthology.orchestra.run.smithi053.stdout:/usr/bin/ceph: stderr
2023-11-27T15:16:02.208+0000 7f34132cf700 1 --2- 172.21.15.53:0/2262296662 >> [v2:172.21.15.53:6800/184223295,v1:172.21.15.53:6801/184223295] conn(0x7f33f80386c0 0x7f33f803ab70 secure :-1 s=READY pgs=9 cs=0 l=1 rev1=1 crypto rx=0x7f33fc006fd0 tx=0x7f33fc006e40 comp rx=0 tx=0).stop
2023-11-27T15:16:02.599 INFO:teuthology.orchestra.run.smithi053.stdout:/usr/bin/ceph: stderr
2023-11-27T15:16:02.208+0000 7f34132cf700 1 -- 172.21.15.53:0/2262296662 >> [v2:172.21.15.53:3300/0,v1:172.21.15.53:6789/0] conn(0x7f340c07be30 msgr2=0x7f340c19b930 secure :-1 s=STATE_CONNECTION_ESTABLISHED l=1).mark_down
2023-11-27T15:16:02.599 INFO:teuthology.orchestra.run.smithi053.stdout:/usr/bin/ceph: stderr
2023-11-27T15:16:02.208+0000 7f34132cf700 1 --2- 172.21.15.53:0/2262296662 >> [v2:172.21.15.53:3300/0,v1:172.21.15.53:6789/0] conn(0x7f340c07be30 0x7f340c19b930 secure :-1 s=READY pgs=38 cs=0 l=1 rev1=1 crypto rx=0x7f3408009fb0 tx=0x7f3408011ad0 comp rx=0 tx=0).stop
2023-11-27T15:16:02.599 INFO:teuthology.orchestra.run.smithi053.stdout:/usr/bin/ceph: stderr
2023-11-27T15:16:02.208+0000 7f34132cf700 1 -- 172.21.15.53:0/2262296662 shutdown_connections
2023-11-27T15:16:02.599 INFO:teuthology.orchestra.run.smithi053.stdout:/usr/bin/ceph: stderr
2023-11-27T15:16:02.208+0000 7f34132cf700 1 --2- 172.21.15.53:0/2262296662 >> [v2:172.21.15.53:6800/184223295,v1:172.21.15.53:6801/184223295] conn(0x7f33f80386c0 0x7f33f803ab70 unknown :-1 s=CLOSED pgs=9 cs=0 l=1 rev1=1 crypto rx=0 tx=0 comp rx=0 tx=0).stop
2023-11-27T15:16:02.599 INFO:teuthology.orchestra.run.smithi053.stdout:/usr/bin/ceph: stderr
2023-11-27T15:16:02.208+0000 7f34132cf700 1 --2- 172.21.15.53:0/2262296662 >> [v2:172.21.15.53:3300/0,v1:172.21.15.53:6789/0] conn(0x7f340c07be30 0x7f340c19b930 unknown :-1 s=CLOSED pgs=38 cs=0 l=1 rev1=1 crypto rx=0 tx=0 comp rx=0 tx=0).stop
2023-11-27T15:16:02.599 INFO:teuthology.orchestra.run.smithi053.stdout:/usr/bin/ceph: stderr
2023-11-27T15:16:02.208+0000 7f34132cf700 1 -- 172.21.15.53:0/2262296662 >> 172.21.15.53:0/2262296662 conn(0x7f340c100fd0 msgr2=0x7f340c1026e0 unknown :-1 s=STATE_NONE l=0).mark_down
2023-11-27T15:16:02.599 INFO:teuthology.orchestra.run.smithi053.stdout:/usr/bin/ceph: stderr
2023-11-27T15:16:02.208+0000 7f34132cf700 1 -- 172.21.15.53:0/2262296662 shutdown_connections
2023-11-27T15:16:02.599 INFO:teuthology.orchestra.run.smithi053.stdout:/usr/bin/ceph: stderr
2023-11-27T15:16:02.208+0000 7f34132cf700 1 -- 172.21.15.53:0/2262296662 wait complete.
2023-11-27T15:16:02.638 INFO:journalctl@ceph.mon.a.smithi053.stdout:Nov 27 15:16:02 smithi053 ceph-mon[128711]: from='client.14130 -' entity='client.admin' cmd=[{"prefix": "cephadm set-user", "user": "root", "target": ["mon-mgr", ""]}]: dispatch
2023-11-27T15:16:02.638 INFO:journalctl@ceph.mon.a.smithi053.stdout:Nov 27 15:16:02 smithi053 ceph-mon[128711]: from='mgr.14116 172.21.15.53:0/1861732588' entity='mgr.x'
2023-11-27T15:16:02.638 INFO:journalctl@ceph.mon.a.smithi053.stdout:Nov 27 15:16:02 smithi053 ceph-mon[128711]: from='mgr.14116 172.21.15.53:0/1861732588' entity='mgr.x'
2023-11-27T15:16:02.638 INFO:journalctl@ceph.mgr.x.smithi053.stdout:Nov 27 15:16:02 smithi053 ceph-94c21f2a-8d37-11ee-95a2-87774f69a715-mgr-x[128954]: Generating public/private rsa key pair.
2023-11-27T15:16:02.638 INFO:journalctl@ceph.mgr.x.smithi053.stdout:Nov 27 15:16:02 smithi053 ceph-94c21f2a-8d37-11ee-95a2-87774f69a715-mgr-x[128954]: Your identification has been saved in /tmp/tmparxpbcwp/key.
2023-11-27T15:16:02.639 INFO:journalctl@ceph.mgr.x.smithi053.stdout:Nov 27 15:16:02 smithi053 ceph-94c21f2a-8d37-11ee-95a2-87774f69a715-mgr-x[128954]: Your public key has been saved in /tmp/tmparxpbcwp/key.pub.
2023-11-27T15:16:02.639 INFO:journalctl@ceph.mgr.x.smithi053.stdout:Nov 27 15:16:02 smithi053 ceph-94c21f2a-8d37-11ee-95a2-87774f69a715-mgr-x[128954]: The key fingerprint is:
2023-11-27T15:16:02.639 INFO:journalctl@ceph.mgr.x.smithi053.stdout:Nov 27 15:16:02 smithi053 ceph-94c21f2a-8d37-11ee-95a2-87774f69a715-mgr-x[128954]: SHA256:8qvf3CYR9Zxgag51Pz2hRs134gJYIQs5A/hLQlVzqaQ ceph-94c21f2a-8d37-11ee-95a2-87774f69a715
2023-11-27T15:16:02.639 INFO:journalctl@ceph.mgr.x.smithi053.stdout:Nov 27 15:16:02 smithi053 ceph-94c21f2a-8d37-11ee-95a2-87774f69a715-mgr-x[128954]: The key's randomart image is:
2023-11-27T15:16:02.639 INFO:journalctl@ceph.mgr.x.smithi053.stdout:Nov 27 15:16:02 smithi053 ceph-94c21f2a-8d37-11ee-95a2-87774f69a715-mgr-x[128954]: +---[RSA 3072]----+
2023-11-27T15:16:02.639 INFO:journalctl@ceph.mgr.x.smithi053.stdout:Nov 27 15:16:02 smithi053 ceph-94c21f2a-8d37-11ee-95a2-87774f69a715-mgr-x[128954]: | ooo+.o+o. o |
2023-11-27T15:16:02.639 INFO:journalctl@ceph.mgr.x.smithi053.stdout:Nov 27 15:16:02 smithi053 ceph-94c21f2a-8d37-11ee-95a2-87774f69a715-mgr-x[128954]: | o =+ooo =..+o|
2023-11-27T15:16:02.639 INFO:journalctl@ceph.mgr.x.smithi053.stdout:Nov 27 15:16:02 smithi053 ceph-94c21f2a-8d37-11ee-95a2-87774f69a715-mgr-x[128954]: | . . o +.. *.*.++|
2023-11-27T15:16:02.639 INFO:journalctl@ceph.mgr.x.smithi053.stdout:Nov 27 15:16:02 smithi053 ceph-94c21f2a-8d37-11ee-95a2-87774f69a715-mgr-x[128954]: | . E . . + .oB..|
2023-11-27T15:16:02.639 INFO:journalctl@ceph.mgr.x.smithi053.stdout:Nov 27 15:16:02 smithi053 ceph-94c21f2a-8d37-11ee-95a2-87774f69a715-mgr-x[128954]: | o .. S+ ... ..|
2023-11-27T15:16:02.639 INFO:journalctl@ceph.mgr.x.smithi053.stdout:Nov 27 15:16:02 smithi053 ceph-94c21f2a-8d37-11ee-95a2-87774f69a715-mgr-x[128954]: | . o o |
2023-11-27T15:16:02.639 INFO:journalctl@ceph.mgr.x.smithi053.stdout:Nov 27 15:16:02 smithi053 ceph-94c21f2a-8d37-11ee-95a2-87774f69a715-mgr-x[128954]: | . . |
2023-11-27T15:16:02.639 INFO:journalctl@ceph.mgr.x.smithi053.stdout:Nov 27 15:16:02 smithi053 ceph-94c21f2a-8d37-11ee-95a2-87774f69a715-mgr-x[128954]: | +... |
2023-11-27T15:16:02.639 INFO:journalctl@ceph.mgr.x.smithi053.stdout:Nov 27 15:16:02 smithi053 ceph-94c21f2a-8d37-11ee-95a2-87774f69a715-mgr-x[128954]: | .oo oo. |
2023-11-27T15:16:02.640 INFO:journalctl@ceph.mgr.x.smithi053.stdout:Nov 27 15:16:02 smithi053 ceph-94c21f2a-8d37-11ee-95a2-87774f69a715-mgr-x[128954]: +----[SHA256]-----+
2023-11-27T15:16:03.610 INFO:journalctl@ceph.mon.a.smithi053.stdout:Nov 27 15:16:03 smithi053 ceph-mon[128711]: from='client.14132 -' entity='client.admin' cmd=[{"prefix": "cephadm generate-key", "target": ["mon-mgr", ""]}]: dispatch
2023-11-27T15:16:03.610 INFO:journalctl@ceph.mon.a.smithi053.stdout:Nov 27 15:16:03 smithi053 ceph-mon[128711]: Generating ssh key...
2023-11-27T15:16:03.976 INFO:teuthology.orchestra.run.smithi053.stdout:/usr/bin/ceph: stdout ssh-rsa AAAAB3NzaC1yc2EAAAADAQABAAABgQCwNgV2uyPQIl9fXPyOSVsLnvmOQoaq4Ts3tQom9/WbafygpOESTNsYKCtgNe1p5sJ2er/Xx4RqiVcNTg+74pDLtQn/CVkAeZ2dNm3AKcm6/YG9eT53jRRMyZDgv+boG7mvhyX6c/sdSoIVdmlYV9raZPhrF6I2l5breMkNu8P/7kSBXG18nqTMiyzTULMnlMA0VE6itJENUoIpoOMMosACEWVqGx0+B88gqCkDaVn/pX1+6TQgrBzADgOp+Y38tubY5A5u79ngSTZfNNk9nrBKLH8gaY5fln1H0tPXQmclcOWgUgFwwdl/QjhDUdKtf13kGVChb85IFuJG1zWYILr+PUVZHAbQyhjSnGz/R/vf2OfJ9PdyJ/I3Co1u6XBaYEWzCaIhN0dlkqZBoHTXXU2UG/lvB80VFHhEO5jKWEj9kZeGy5e6d6NjBsMFZVaw0Pbj3GIpVaOc6+5GcODhpjteQZjmj9INFQ10DKGLBpAvspc4JdByQfgD4bwDzBzHke0= ceph-94c21f2a-8d37-11ee-95a2-87774f69a715
2023-11-27T15:16:03.976 INFO:teuthology.orchestra.run.smithi053.stdout:/usr/bin/ceph: stderr
2023-11-27T15:16:03.142+0000 7fc6ca9e4700 1 Processor -- start
2023-11-27T15:16:03.976 INFO:teuthology.orchestra.run.smithi053.stdout:/usr/bin/ceph: stderr
2023-11-27T15:16:03.142+0000 7fc6ca9e4700 1 -- start start
2023-11-27T15:16:03.976 INFO:teuthology.orchestra.run.smithi053.stdout:/usr/bin/ceph: stderr
2023-11-27T15:16:03.143+0000 7fc6ca9e4700 1 --2- >> [v2:172.21.15.53:3300/0,v1:172.21.15.53:6789/0] conn(0x7fc6c407be70 0x7fc6c407a2d0 unknown :-1 s=NONE pgs=0 cs=0 l=0 rev1=0 crypto rx=0 tx=0 comp rx=0 tx=0).connect
2023-11-27T15:16:03.976 INFO:teuthology.orchestra.run.smithi053.stdout:/usr/bin/ceph: stderr
2023-11-27T15:16:03.143+0000 7fc6ca9e4700 1 -- --> [v2:172.21.15.53:3300/0,v1:172.21.15.53:6789/0] -- mon_getmap magic: 0 v1 -- 0x7fc6c407a8a0 con 0x7fc6c407be70
2023-11-27T15:16:03.976 INFO:teuthology.orchestra.run.smithi053.stdout:/usr/bin/ceph: stderr
2023-11-27T15:16:03.143+0000 7fc6c3fff700 1 --2- >> [v2:172.21.15.53:3300/0,v1:172.21.15.53:6789/0] conn(0x7fc6c407be70 0x7fc6c407a2d0 unknown :-1 s=BANNER_CONNECTING pgs=0 cs=0 l=0 rev1=0 crypto rx=0 tx=0 comp rx=0 tx=0)._handle_peer_banner_payload supported=3 required=0
2023-11-27T15:16:03.976 INFO:teuthology.orchestra.run.smithi053.stdout:/usr/bin/ceph: stderr
2023-11-27T15:16:03.143+0000 7fc6c3fff700 1 --2- >> [v2:172.21.15.53:3300/0,v1:172.21.15.53:6789/0] conn(0x7fc6c407be70 0x7fc6c407a2d0 unknown :-1 s=HELLO_CONNECTING pgs=0 cs=0 l=0 rev1=1 crypto rx=0 tx=0 comp rx=0 tx=0).handle_hello peer v2:172.21.15.53:3300/0 says I am v2:172.21.15.53:41532/0 (socket says 172.21.15.53:41532)
2023-11-27T15:16:03.976 INFO:teuthology.orchestra.run.smithi053.stdout:/usr/bin/ceph: stderr
2023-11-27T15:16:03.143+0000 7fc6c3fff700 1 -- 172.21.15.53:0/714253643 learned_addr learned my addr 172.21.15.53:0/714253643 (peer_addr_for_me v2:172.21.15.53:0/0)
2023-11-27T15:16:03.976 INFO:teuthology.orchestra.run.smithi053.stdout:/usr/bin/ceph: stderr
2023-11-27T15:16:03.143+0000 7fc6c3fff700 1 -- 172.21.15.53:0/714253643 --> [v2:172.21.15.53:3300/0,v1:172.21.15.53:6789/0] -- mon_subscribe({config=0+,monmap=0+}) v3 -- 0x7fc6c407a9e0 con 0x7fc6c407be70
2023-11-27T15:16:03.977 INFO:teuthology.orchestra.run.smithi053.stdout:/usr/bin/ceph: stderr
2023-11-27T15:16:03.144+0000 7fc6c3fff700 1 --2- 172.21.15.53:0/714253643 >> [v2:172.21.15.53:3300/0,v1:172.21.15.53:6789/0] conn(0x7fc6c407be70 0x7fc6c407a2d0 secure :-1 s=READY pgs=39 cs=0 l=1 rev1=1 crypto rx=0x7fc6b40098a0 tx=0x7fc6b4009bb0 comp rx=0 tx=0).ready entity=mon.0 client_cookie=e081928bb375773f server_cookie=0 in_seq=0 out_seq=0
2023-11-27T15:16:03.977 INFO:teuthology.orchestra.run.smithi053.stdout:/usr/bin/ceph: stderr
2023-11-27T15:16:03.144+0000 7fc6c2ffd700 1 -- 172.21.15.53:0/714253643 <== mon.0 v2:172.21.15.53:3300/0 1 ==== mon_map magic: 0 v1 ==== 205+0+0 (secure 0 0 0) 0x7fc6b4004160 con 0x7fc6c407be70
2023-11-27T15:16:03.977 INFO:teuthology.orchestra.run.smithi053.stdout:/usr/bin/ceph: stderr
2023-11-27T15:16:03.144+0000 7fc6c2ffd700 1 -- 172.21.15.53:0/714253643 <== mon.0 v2:172.21.15.53:3300/0 2 ==== config(26 keys) v1 ==== 1074+0+0 (secure 0 0 0) 0x7fc6b40042c0 con 0x7fc6c407be70
2023-11-27T15:16:03.977 INFO:teuthology.orchestra.run.smithi053.stdout:/usr/bin/ceph: stderr
2023-11-27T15:16:03.144+0000 7fc6c2ffd700 1 -- 172.21.15.53:0/714253643 <== mon.0 v2:172.21.15.53:3300/0 3 ==== mon_map magic: 0 v1 ==== 205+0+0 (secure 0 0 0) 0x7fc6b4011a00 con 0x7fc6c407be70
2023-11-27T15:16:03.977 INFO:teuthology.orchestra.run.smithi053.stdout:/usr/bin/ceph: stderr
2023-11-27T15:16:03.145+0000 7fc6ca9e4700 1 -- 172.21.15.53:0/714253643 >> [v2:172.21.15.53:3300/0,v1:172.21.15.53:6789/0] conn(0x7fc6c407be70 msgr2=0x7fc6c407a2d0 secure :-1 s=STATE_CONNECTION_ESTABLISHED l=1).mark_down
2023-11-27T15:16:03.977 INFO:teuthology.orchestra.run.smithi053.stdout:/usr/bin/ceph: stderr
2023-11-27T15:16:03.145+0000 7fc6ca9e4700 1 --2- 172.21.15.53:0/714253643 >> [v2:172.21.15.53:3300/0,v1:172.21.15.53:6789/0] conn(0x7fc6c407be70 0x7fc6c407a2d0 secure :-1 s=READY pgs=39 cs=0 l=1 rev1=1 crypto rx=0x7fc6b40098a0 tx=0x7fc6b4009bb0 comp rx=0 tx=0).stop
2023-11-27T15:16:03.977 INFO:teuthology.orchestra.run.smithi053.stdout:/usr/bin/ceph: stderr
2023-11-27T15:16:03.145+0000 7fc6ca9e4700 1 -- 172.21.15.53:0/714253643 shutdown_connections
2023-11-27T15:16:03.977 INFO:teuthology.orchestra.run.smithi053.stdout:/usr/bin/ceph: stderr
2023-11-27T15:16:03.145+0000 7fc6ca9e4700 1 --2- 172.21.15.53:0/714253643 >> [v2:172.21.15.53:3300/0,v1:172.21.15.53:6789/0] conn(0x7fc6c407be70 0x7fc6c407a2d0 unknown :-1 s=CLOSED pgs=39 cs=0 l=1 rev1=1 crypto rx=0 tx=0 comp rx=0 tx=0).stop
2023-11-27T15:16:03.977 INFO:teuthology.orchestra.run.smithi053.stdout:/usr/bin/ceph: stderr
2023-11-27T15:16:03.145+0000 7fc6ca9e4700 1 -- 172.21.15.53:0/714253643 >> 172.21.15.53:0/714253643 conn(0x7fc6c4100fd0 msgr2=0x7fc6c4103400 unknown :-1 s=STATE_NONE l=0).mark_down
2023-11-27T15:16:03.977 INFO:teuthology.orchestra.run.smithi053.stdout:/usr/bin/ceph: stderr
2023-11-27T15:16:03.145+0000 7fc6ca9e4700 1 -- 172.21.15.53:0/714253643 shutdown_connections
2023-11-27T15:16:03.977 INFO:teuthology.orchestra.run.smithi053.stdout:/usr/bin/ceph: stderr
2023-11-27T15:16:03.145+0000 7fc6ca9e4700 1 -- 172.21.15.53:0/714253643 wait complete.
2023-11-27T15:16:03.977 INFO:teuthology.orchestra.run.smithi053.stdout:/usr/bin/ceph: stderr
2023-11-27T15:16:03.146+0000 7fc6ca9e4700 1 Processor -- start
2023-11-27T15:16:03.978 INFO:teuthology.orchestra.run.smithi053.stdout:/usr/bin/ceph: stderr
2023-11-27T15:16:03.146+0000 7fc6ca9e4700 1 -- start start
2023-11-27T15:16:03.978 INFO:teuthology.orchestra.run.smithi053.stdout:/usr/bin/ceph: stderr
2023-11-27T15:16:03.146+0000 7fc6ca9e4700 1 --2- >> [v2:172.21.15.53:3300/0,v1:172.21.15.53:6789/0] conn(0x7fc6c407be70 0x7fc6c419b9b0 unknown :-1 s=NONE pgs=0 cs=0 l=1 rev1=0 crypto rx=0 tx=0 comp rx=0 tx=0).connect
2023-11-27T15:16:03.978 INFO:teuthology.orchestra.run.smithi053.stdout:/usr/bin/ceph: stderr
2023-11-27T15:16:03.146+0000 7fc6ca9e4700 1 -- --> [v2:172.21.15.53:3300/0,v1:172.21.15.53:6789/0] -- mon_getmap magic: 0 v1 -- 0x7fc6c419bef0 con 0x7fc6c407be70
2023-11-27T15:16:03.978 INFO:teuthology.orchestra.run.smithi053.stdout:/usr/bin/ceph: stderr
2023-11-27T15:16:03.146+0000 7fc6c3fff700 1 --2- >> [v2:172.21.15.53:3300/0,v1:172.21.15.53:6789/0] conn(0x7fc6c407be70 0x7fc6c419b9b0 unknown :-1 s=BANNER_CONNECTING pgs=0 cs=0 l=1 rev1=0 crypto rx=0 tx=0 comp rx=0 tx=0)._handle_peer_banner_payload supported=3 required=0
2023-11-27T15:16:03.978 INFO:teuthology.orchestra.run.smithi053.stdout:/usr/bin/ceph: stderr
2023-11-27T15:16:03.146+0000 7fc6c3fff700 1 --2- >> [v2:172.21.15.53:3300/0,v1:172.21.15.53:6789/0] conn(0x7fc6c407be70 0x7fc6c419b9b0 unknown :-1 s=HELLO_CONNECTING pgs=0 cs=0 l=1 rev1=1 crypto rx=0 tx=0 comp rx=0 tx=0).handle_hello peer v2:172.21.15.53:3300/0 says I am v2:172.21.15.53:41536/0 (socket says 172.21.15.53:41536)
2023-11-27T15:16:03.978 INFO:teuthology.orchestra.run.smithi053.stdout:/usr/bin/ceph: stderr
2023-11-27T15:16:03.146+0000 7fc6c3fff700 1 -- 172.21.15.53:0/627893984 learned_addr learned my addr 172.21.15.53:0/627893984 (peer_addr_for_me v2:172.21.15.53:0/0)
2023-11-27T15:16:03.978 INFO:teuthology.orchestra.run.smithi053.stdout:/usr/bin/ceph: stderr
2023-11-27T15:16:03.147+0000 7fc6c3fff700 1 -- 172.21.15.53:0/627893984 --> [v2:172.21.15.53:3300/0,v1:172.21.15.53:6789/0] -- mon_subscribe({config=0+,monmap=0+}) v3 -- 0x7fc6b4009550 con 0x7fc6c407be70
2023-11-27T15:16:03.978 INFO:teuthology.orchestra.run.smithi053.stdout:/usr/bin/ceph: stderr
2023-11-27T15:16:03.147+0000 7fc6c3fff700 1 --2- 172.21.15.53:0/627893984 >> [v2:172.21.15.53:3300/0,v1:172.21.15.53:6789/0] conn(0x7fc6c407be70 0x7fc6c419b9b0 secure :-1 s=READY pgs=40 cs=0 l=1 rev1=1 crypto rx=0x7fc6b4006af0 tx=0x7fc6b4011ad0 comp rx=0 tx=0).ready entity=mon.0 client_cookie=0 server_cookie=0 in_seq=0 out_seq=0
2023-11-27T15:16:03.978 INFO:teuthology.orchestra.run.smithi053.stdout:/usr/bin/ceph: stderr
2023-11-27T15:16:03.147+0000 7fc6c17fa700 1 -- 172.21.15.53:0/627893984 <== mon.0 v2:172.21.15.53:3300/0 1 ==== mon_map magic: 0 v1 ==== 205+0+0 (secure 0 0 0) 0x7fc6b4003a40 con 0x7fc6c407be70
2023-11-27T15:16:03.978 INFO:teuthology.orchestra.run.smithi053.stdout:/usr/bin/ceph: stderr
2023-11-27T15:16:03.147+0000 7fc6c17fa700 1 -- 172.21.15.53:0/627893984 <== mon.0 v2:172.21.15.53:3300/0 2 ==== config(26 keys) v1 ==== 1074+0+0 (secure 0 0 0) 0x7fc6b4003ba0 con 0x7fc6c407be70
2023-11-27T15:16:03.978 INFO:teuthology.orchestra.run.smithi053.stdout:/usr/bin/ceph: stderr
2023-11-27T15:16:03.147+0000 7fc6ca9e4700 1 -- 172.21.15.53:0/627893984 --> [v2:172.21.15.53:3300/0,v1:172.21.15.53:6789/0] -- mon_subscribe({mgrmap=0+}) v3 -- 0x7fc6c410bf60 con 0x7fc6c407be70
2023-11-27T15:16:03.978 INFO:teuthology.orchestra.run.smithi053.stdout:/usr/bin/ceph: stderr
2023-11-27T15:16:03.147+0000 7fc6c17fa700 1 -- 172.21.15.53:0/627893984 <== mon.0 v2:172.21.15.53:3300/0 3 ==== mon_map magic: 0 v1 ==== 205+0+0 (secure 0 0 0) 0x7fc6b401a6e0 con 0x7fc6c407be70
2023-11-27T15:16:03.979 INFO:teuthology.orchestra.run.smithi053.stdout:/usr/bin/ceph: stderr
2023-11-27T15:16:03.147+0000 7fc6ca9e4700 1 -- 172.21.15.53:0/627893984 --> [v2:172.21.15.53:3300/0,v1:172.21.15.53:6789/0] -- mon_subscribe({osdmap=0}) v3 -- 0x7fc6c410bdd0 con 0x7fc6c407be70
2023-11-27T15:16:03.979 INFO:teuthology.orchestra.run.smithi053.stdout:/usr/bin/ceph: stderr
2023-11-27T15:16:03.148+0000 7fc6c17fa700 1 -- 172.21.15.53:0/627893984 <== mon.0 v2:172.21.15.53:3300/0 4 ==== mgrmap(e 8) v1 ==== 45483+0+0 (secure 0 0 0) 0x7fc6b401a840 con 0x7fc6c407be70
2023-11-27T15:16:03.979 INFO:teuthology.orchestra.run.smithi053.stdout:/usr/bin/ceph: stderr
2023-11-27T15:16:03.149+0000 7fc6ca9e4700 1 -- 172.21.15.53:0/627893984 --> [v2:172.21.15.53:3300/0,v1:172.21.15.53:6789/0] -- mon_command({"prefix": "get_command_descriptions"} v 0) v1 -- 0x7fc6c4062120 con 0x7fc6c407be70
2023-11-27T15:16:03.979 INFO:teuthology.orchestra.run.smithi053.stdout:/usr/bin/ceph: stderr
2023-11-27T15:16:03.149+0000 7fc6c17fa700 1 --2- 172.21.15.53:0/627893984 >> [v2:172.21.15.53:6800/184223295,v1:172.21.15.53:6801/184223295] conn(0x7fc6ac038760 0x7fc6ac03ac10 unknown :-1 s=NONE pgs=0 cs=0 l=1 rev1=0 crypto rx=0 tx=0 comp rx=0 tx=0).connect
2023-11-27T15:16:03.979 INFO:teuthology.orchestra.run.smithi053.stdout:/usr/bin/ceph: stderr
2023-11-27T15:16:03.149+0000 7fc6c17fa700 1 -- 172.21.15.53:0/627893984 <== mon.0 v2:172.21.15.53:3300/0 5 ==== osd_map(2..2 src has 1..2) v4 ==== 940+0+0 (secure 0 0 0) 0x7fc6b404c940 con 0x7fc6c407be70
2023-11-27T15:16:03.979 INFO:teuthology.orchestra.run.smithi053.stdout:/usr/bin/ceph: stderr
2023-11-27T15:16:03.149+0000 7fc6c37fe700 1 --2- 172.21.15.53:0/627893984 >> [v2:172.21.15.53:6800/184223295,v1:172.21.15.53:6801/184223295] conn(0x7fc6ac038760 0x7fc6ac03ac10 unknown :-1 s=BANNER_CONNECTING pgs=0 cs=0 l=1 rev1=0 crypto rx=0 tx=0 comp rx=0 tx=0)._handle_peer_banner_payload supported=3 required=0
2023-11-27T15:16:03.979 INFO:teuthology.orchestra.run.smithi053.stdout:/usr/bin/ceph: stderr
2023-11-27T15:16:03.150+0000 7fc6c37fe700 1 --2- 172.21.15.53:0/627893984 >> [v2:172.21.15.53:6800/184223295,v1:172.21.15.53:6801/184223295] conn(0x7fc6ac038760 0x7fc6ac03ac10 secure :-1 s=READY pgs=10 cs=0 l=1 rev1=1 crypto rx=0x7fc6b8006fd0 tx=0x7fc6b8006e40 comp rx=0 tx=0).ready entity=mgr.14116 client_cookie=0 server_cookie=0 in_seq=0 out_seq=0
2023-11-27T15:16:03.979 INFO:teuthology.orchestra.run.smithi053.stdout:/usr/bin/ceph: stderr
2023-11-27T15:16:03.154+0000 7fc6c17fa700 1 -- 172.21.15.53:0/627893984 <== mon.0 v2:172.21.15.53:3300/0 6 ==== mon_command_ack([{"prefix": "get_command_descriptions"}]=0 v0) v1 ==== 72+0+177948 (secure 0 0 0) 0x7fc6b401aaf0 con 0x7fc6c407be70
2023-11-27T15:16:03.979 INFO:teuthology.orchestra.run.smithi053.stdout:/usr/bin/ceph: stderr
2023-11-27T15:16:03.364+0000 7fc6ca9e4700 1 -- 172.21.15.53:0/627893984 --> [v2:172.21.15.53:6800/184223295,v1:172.21.15.53:6801/184223295] -- mgr_command(tid 0: {"prefix": "cephadm get-pub-key", "target": ["mon-mgr", ""]}) v1 -- 0x7fc6c41032c0 con 0x7fc6ac038760
2023-11-27T15:16:03.979 INFO:teuthology.orchestra.run.smithi053.stdout:/usr/bin/ceph: stderr
2023-11-27T15:16:03.365+0000 7fc6c17fa700 1 -- 172.21.15.53:0/627893984 <== mgr.14116 v2:172.21.15.53:6800/184223295 1 ==== mgr_command_reply(tid 0: 0 ) v1 ==== 8+0+595 (secure 0 0 0) 0x7fc6c41032c0 con 0x7fc6ac038760
2023-11-27T15:16:03.979 INFO:teuthology.orchestra.run.smithi053.stdout:/usr/bin/ceph: stderr
2023-11-27T15:16:03.367+0000 7fc6ca9e4700 1 -- 172.21.15.53:0/627893984 >> [v2:172.21.15.53:6800/184223295,v1:172.21.15.53:6801/184223295] conn(0x7fc6ac038760 msgr2=0x7fc6ac03ac10 secure :-1 s=STATE_CONNECTION_ESTABLISHED l=1).mark_down
2023-11-27T15:16:03.979 INFO:teuthology.orchestra.run.smithi053.stdout:/usr/bin/ceph: stderr
2023-11-27T15:16:03.367+0000 7fc6ca9e4700 1 --2- 172.21.15.53:0/627893984 >> [v2:172.21.15.53:6800/184223295,v1:172.21.15.53:6801/184223295] conn(0x7fc6ac038760 0x7fc6ac03ac10 secure :-1 s=READY pgs=10 cs=0 l=1 rev1=1 crypto rx=0x7fc6b8006fd0 tx=0x7fc6b8006e40 comp rx=0 tx=0).stop
2023-11-27T15:16:03.979 INFO:teuthology.orchestra.run.smithi053.stdout:/usr/bin/ceph: stderr
2023-11-27T15:16:03.367+0000 7fc6ca9e4700 1 -- 172.21.15.53:0/627893984 >> [v2:172.21.15.53:3300/0,v1:172.21.15.53:6789/0] conn(0x7fc6c407be70 msgr2=0x7fc6c419b9b0 secure :-1 s=STATE_CONNECTION_ESTABLISHED l=1).mark_down
2023-11-27T15:16:03.979 INFO:teuthology.orchestra.run.smithi053.stdout:/usr/bin/ceph: stderr
2023-11-27T15:16:03.367+0000 7fc6ca9e4700 1 --2- 172.21.15.53:0/627893984 >> [v2:172.21.15.53:3300/0,v1:172.21.15.53:6789/0] conn(0x7fc6c407be70 0x7fc6c419b9b0 secure :-1 s=READY pgs=40 cs=0 l=1 rev1=1 crypto rx=0x7fc6b4006af0 tx=0x7fc6b4011ad0 comp rx=0 tx=0).stop
2023-11-27T15:16:03.980 INFO:teuthology.orchestra.run.smithi053.stdout:/usr/bin/ceph: stderr
2023-11-27T15:16:03.368+0000 7fc6ca9e4700 1 -- 172.21.15.53:0/627893984 shutdown_connections
2023-11-27T15:16:03.980 INFO:teuthology.orchestra.run.smithi053.stdout:/usr/bin/ceph: stderr
2023-11-27T15:16:03.368+0000 7fc6ca9e4700 1 --2- 172.21.15.53:0/627893984 >> [v2:172.21.15.53:6800/184223295,v1:172.21.15.53:6801/184223295] conn(0x7fc6ac038760 0x7fc6ac03ac10 unknown :-1 s=CLOSED pgs=10 cs=0 l=1 rev1=1 crypto rx=0 tx=0 comp rx=0 tx=0).stop
2023-11-27T15:16:03.980 INFO:teuthology.orchestra.run.smithi053.stdout:/usr/bin/ceph: stderr
2023-11-27T15:16:03.368+0000 7fc6ca9e4700 1 --2- 172.21.15.53:0/627893984 >> [v2:172.21.15.53:3300/0,v1:172.21.15.53:6789/0] conn(0x7fc6c407be70 0x7fc6c419b9b0 unknown :-1 s=CLOSED pgs=40 cs=0 l=1 rev1=1 crypto rx=0 tx=0 comp rx=0 tx=0).stop
2023-11-27T15:16:03.980 INFO:teuthology.orchestra.run.smithi053.stdout:/usr/bin/ceph: stderr
2023-11-27T15:16:03.368+0000 7fc6ca9e4700 1 -- 172.21.15.53:0/627893984 >> 172.21.15.53:0/627893984 conn(0x7fc6c4100fd0 msgr2=0x7fc6c41026a0 unknown :-1 s=STATE_NONE l=0).mark_down
2023-11-27T15:16:03.980 INFO:teuthology.orchestra.run.smithi053.stdout:/usr/bin/ceph: stderr
2023-11-27T15:16:03.368+0000 7fc6ca9e4700 1 -- 172.21.15.53:0/627893984 shutdown_connections
2023-11-27T15:16:03.980 INFO:teuthology.orchestra.run.smithi053.stdout:/usr/bin/ceph: stderr
2023-11-27T15:16:03.368+0000 7fc6ca9e4700 1 -- 172.21.15.53:0/627893984 wait complete.
2023-11-27T15:16:03.980 INFO:teuthology.orchestra.run.smithi053.stdout:Wrote public SSH key to /home/ubuntu/cephtest/ceph.pub
2023-11-27T15:16:03.981 INFO:teuthology.orchestra.run.smithi053.stdout:Adding key to root@localhost authorized_keys...
2023-11-27T15:16:03.981 INFO:teuthology.orchestra.run.smithi053.stdout:Adding host smithi053...
2023-11-27T15:16:04.683 INFO:journalctl@ceph.mon.a.smithi053.stdout:Nov 27 15:16:04 smithi053 ceph-mon[128711]: from='client.14134 -' entity='client.admin' cmd=[{"prefix": "cephadm get-pub-key", "target": ["mon-mgr", ""]}]: dispatch
2023-11-27T15:16:05.831 INFO:journalctl@ceph.mon.a.smithi053.stdout:Nov 27 15:16:05 smithi053 ceph-mon[128711]: from='client.14136 -' entity='client.admin' cmd=[{"prefix": "orch host add", "hostname": "smithi053", "addr": "172.21.15.53", "target": ["mon-mgr", ""]}]: dispatch
2023-11-27T15:16:06.853 INFO:journalctl@ceph.mon.a.smithi053.stdout:Nov 27 15:16:06 smithi053 ceph-mon[128711]: Deploying cephadm binary to smithi053
2023-11-27T15:16:08.271 INFO:teuthology.orchestra.run.smithi053.stdout:/usr/bin/ceph: stdout Added host 'smithi053' with addr '172.21.15.53'
2023-11-27T15:16:08.271 INFO:teuthology.orchestra.run.smithi053.stdout:/usr/bin/ceph: stderr
2023-11-27T15:16:04.496+0000 7f07b838c700 1 Processor -- start
2023-11-27T15:16:08.271 INFO:teuthology.orchestra.run.smithi053.stdout:/usr/bin/ceph: stderr
2023-11-27T15:16:04.497+0000 7f07b838c700 1 -- start start
2023-11-27T15:16:08.271 INFO:teuthology.orchestra.run.smithi053.stdout:/usr/bin/ceph: stderr
2023-11-27T15:16:04.497+0000 7f07b838c700 1 --2- >> [v2:172.21.15.53:3300/0,v1:172.21.15.53:6789/0] conn(0x7f07b0105a20 0x7f07b0105e30 unknown :-1 s=NONE pgs=0 cs=0 l=0 rev1=0 crypto rx=0 tx=0 comp rx=0 tx=0).connect
2023-11-27T15:16:08.271 INFO:teuthology.orchestra.run.smithi053.stdout:/usr/bin/ceph: stderr
2023-11-27T15:16:04.497+0000 7f07b838c700 1 -- --> [v2:172.21.15.53:3300/0,v1:172.21.15.53:6789/0] -- mon_getmap magic: 0 v1 -- 0x7f07b0106400 con 0x7f07b0105a20
2023-11-27T15:16:08.271 INFO:teuthology.orchestra.run.smithi053.stdout:/usr/bin/ceph: stderr
2023-11-27T15:16:04.497+0000 7f07b6128700 1 --2- >> [v2:172.21.15.53:3300/0,v1:172.21.15.53:6789/0] conn(0x7f07b0105a20 0x7f07b0105e30 unknown :-1 s=BANNER_CONNECTING pgs=0 cs=0 l=0 rev1=0 crypto rx=0 tx=0 comp rx=0 tx=0)._handle_peer_banner_payload supported=3 required=0
2023-11-27T15:16:08.271 INFO:teuthology.orchestra.run.smithi053.stdout:/usr/bin/ceph: stderr
2023-11-27T15:16:04.497+0000 7f07b6128700 1 --2- >> [v2:172.21.15.53:3300/0,v1:172.21.15.53:6789/0] conn(0x7f07b0105a20 0x7f07b0105e30 unknown :-1 s=HELLO_CONNECTING pgs=0 cs=0 l=0 rev1=1 crypto rx=0 tx=0 comp rx=0 tx=0).handle_hello peer v2:172.21.15.53:3300/0 says I am v2:172.21.15.53:41540/0 (socket says 172.21.15.53:41540)
2023-11-27T15:16:08.271 INFO:teuthology.orchestra.run.smithi053.stdout:/usr/bin/ceph: stderr
2023-11-27T15:16:04.497+0000 7f07b6128700 1 -- 172.21.15.53:0/253590021 learned_addr learned my addr 172.21.15.53:0/253590021 (peer_addr_for_me v2:172.21.15.53:0/0)
2023-11-27T15:16:08.271 INFO:teuthology.orchestra.run.smithi053.stdout:/usr/bin/ceph: stderr
2023-11-27T15:16:04.498+0000 7f07b6128700 1 -- 172.21.15.53:0/253590021 --> [v2:172.21.15.53:3300/0,v1:172.21.15.53:6789/0] -- mon_subscribe({config=0+,monmap=0+}) v3 -- 0x7f07b0106c20 con 0x7f07b0105a20
2023-11-27T15:16:08.272 INFO:teuthology.orchestra.run.smithi053.stdout:/usr/bin/ceph: stderr
