2023-11-27T15:16:26.094+0000 7f3eb9efc700 1 --2- 172.21.15.53:0/449330034 >> [v2:172.21.15.53:3300/0,v1:172.21.15.53:6789/0] conn(0x7f3eb4105a20 0x7f3eb4105e30 unknown :-1 s=CLOSED pgs=66 cs=0 l=1 rev1=1 crypto rx=0 tx=0 comp rx=0 tx=0).stop
2023-11-27T15:16:26.865 INFO:teuthology.orchestra.run.smithi053.stdout:/usr/bin/ceph: stderr
2023-11-27T15:16:26.094+0000 7f3eb9efc700 1 -- 172.21.15.53:0/449330034 >> 172.21.15.53:0/449330034 conn(0x7f3eb4100fd0 msgr2=0x7f3eb4103400 unknown :-1 s=STATE_NONE l=0).mark_down
2023-11-27T15:16:26.865 INFO:teuthology.orchestra.run.smithi053.stdout:/usr/bin/ceph: stderr
2023-11-27T15:16:26.094+0000 7f3eb9efc700 1 -- 172.21.15.53:0/449330034 shutdown_connections
2023-11-27T15:16:26.865 INFO:teuthology.orchestra.run.smithi053.stdout:/usr/bin/ceph: stderr
2023-11-27T15:16:26.094+0000 7f3eb9efc700 1 -- 172.21.15.53:0/449330034 wait complete.
2023-11-27T15:16:26.865 INFO:teuthology.orchestra.run.smithi053.stdout:/usr/bin/ceph: stderr
2023-11-27T15:16:26.095+0000 7f3eb9efc700 1 Processor -- start
2023-11-27T15:16:26.865 INFO:teuthology.orchestra.run.smithi053.stdout:/usr/bin/ceph: stderr
2023-11-27T15:16:26.096+0000 7f3eb9efc700 1 -- start start
2023-11-27T15:16:26.865 INFO:teuthology.orchestra.run.smithi053.stdout:/usr/bin/ceph: stderr
2023-11-27T15:16:26.096+0000 7f3eb9efc700 1 --2- >> [v2:172.21.15.53:3300/0,v1:172.21.15.53:6789/0] conn(0x7f3eb4105a20 0x7f3eb407bc00 unknown :-1 s=NONE pgs=0 cs=0 l=1 rev1=0 crypto rx=0 tx=0 comp rx=0 tx=0).connect
2023-11-27T15:16:26.865 INFO:teuthology.orchestra.run.smithi053.stdout:/usr/bin/ceph: stderr
2023-11-27T15:16:26.096+0000 7f3eb9efc700 1 -- --> [v2:172.21.15.53:3300/0,v1:172.21.15.53:6789/0] -- mon_getmap magic: 0 v1 -- 0x7f3eb407c140 con 0x7f3eb4105a20
2023-11-27T15:16:26.865 INFO:teuthology.orchestra.run.smithi053.stdout:/usr/bin/ceph: stderr
2023-11-27T15:16:26.096+0000 7f3eb37fe700 1 --2- >> [v2:172.21.15.53:3300/0,v1:172.21.15.53:6789/0] conn(0x7f3eb4105a20 0x7f3eb407bc00 unknown :-1 s=BANNER_CONNECTING pgs=0 cs=0 l=1 rev1=0 crypto rx=0 tx=0 comp rx=0 tx=0)._handle_peer_banner_payload supported=3 required=0
2023-11-27T15:16:26.865 INFO:teuthology.orchestra.run.smithi053.stdout:/usr/bin/ceph: stderr
2023-11-27T15:16:26.097+0000 7f3eb37fe700 1 --2- >> [v2:172.21.15.53:3300/0,v1:172.21.15.53:6789/0] conn(0x7f3eb4105a20 0x7f3eb407bc00 unknown :-1 s=HELLO_CONNECTING pgs=0 cs=0 l=1 rev1=1 crypto rx=0 tx=0 comp rx=0 tx=0).handle_hello peer v2:172.21.15.53:3300/0 says I am v2:172.21.15.53:47434/0 (socket says 172.21.15.53:47434)
2023-11-27T15:16:26.865 INFO:teuthology.orchestra.run.smithi053.stdout:/usr/bin/ceph: stderr
2023-11-27T15:16:26.097+0000 7f3eb37fe700 1 -- 172.21.15.53:0/3294241476 learned_addr learned my addr 172.21.15.53:0/3294241476 (peer_addr_for_me v2:172.21.15.53:0/0)
2023-11-27T15:16:26.865 INFO:teuthology.orchestra.run.smithi053.stdout:/usr/bin/ceph: stderr
2023-11-27T15:16:26.097+0000 7f3eb37fe700 1 -- 172.21.15.53:0/3294241476 --> [v2:172.21.15.53:3300/0,v1:172.21.15.53:6789/0] -- mon_subscribe({config=0+,monmap=0+}) v3 -- 0x7f3ea4009550 con 0x7f3eb4105a20
2023-11-27T15:16:26.865 INFO:teuthology.orchestra.run.smithi053.stdout:/usr/bin/ceph: stderr
2023-11-27T15:16:26.097+0000 7f3eb37fe700 1 --2- 172.21.15.53:0/3294241476 >> [v2:172.21.15.53:3300/0,v1:172.21.15.53:6789/0] conn(0x7f3eb4105a20 0x7f3eb407bc00 secure :-1 s=READY pgs=67 cs=0 l=1 rev1=1 crypto rx=0x7f3ea4000c00 tx=0x7f3ea4011a30 comp rx=0 tx=0).ready entity=mon.0 client_cookie=0 server_cookie=0 in_seq=0 out_seq=0
2023-11-27T15:16:26.866 INFO:teuthology.orchestra.run.smithi053.stdout:/usr/bin/ceph: stderr
2023-11-27T15:16:26.097+0000 7f3eb0ff9700 1 -- 172.21.15.53:0/3294241476 <== mon.0 v2:172.21.15.53:3300/0 1 ==== mon_map magic: 0 v1 ==== 205+0+0 (secure 0 0 0) 0x7f3ea40039f0 con 0x7f3eb4105a20
2023-11-27T15:16:26.866 INFO:teuthology.orchestra.run.smithi053.stdout:/usr/bin/ceph: stderr
2023-11-27T15:16:26.097+0000 7f3eb0ff9700 1 -- 172.21.15.53:0/3294241476 <== mon.0 v2:172.21.15.53:3300/0 2 ==== config(26 keys) v1 ==== 1105+0+0 (secure 0 0 0) 0x7f3ea4003b50 con 0x7f3eb4105a20
2023-11-27T15:16:26.866 INFO:teuthology.orchestra.run.smithi053.stdout:/usr/bin/ceph: stderr
2023-11-27T15:16:26.097+0000 7f3eb9efc700 1 -- 172.21.15.53:0/3294241476 --> [v2:172.21.15.53:3300/0,v1:172.21.15.53:6789/0] -- mon_subscribe({mgrmap=0+}) v3 -- 0x7f3eb4109fe0 con 0x7f3eb4105a20
2023-11-27T15:16:26.866 INFO:teuthology.orchestra.run.smithi053.stdout:/usr/bin/ceph: stderr
2023-11-27T15:16:26.097+0000 7f3eb0ff9700 1 -- 172.21.15.53:0/3294241476 <== mon.0 v2:172.21.15.53:3300/0 3 ==== mon_map magic: 0 v1 ==== 205+0+0 (secure 0 0 0) 0x7f3ea401a780 con 0x7f3eb4105a20
2023-11-27T15:16:26.866 INFO:teuthology.orchestra.run.smithi053.stdout:/usr/bin/ceph: stderr
2023-11-27T15:16:26.098+0000 7f3eb9efc700 1 -- 172.21.15.53:0/3294241476 --> [v2:172.21.15.53:3300/0,v1:172.21.15.53:6789/0] -- mon_subscribe({osdmap=0}) v3 -- 0x7f3eb4109e50 con 0x7f3eb4105a20
2023-11-27T15:16:26.866 INFO:teuthology.orchestra.run.smithi053.stdout:/usr/bin/ceph: stderr
2023-11-27T15:16:26.099+0000 7f3eb9efc700 1 -- 172.21.15.53:0/3294241476 --> [v2:172.21.15.53:3300/0,v1:172.21.15.53:6789/0] -- mon_command({"prefix": "get_command_descriptions"} v 0) v1 -- 0x7f3eb4062190 con 0x7f3eb4105a20
2023-11-27T15:16:26.866 INFO:teuthology.orchestra.run.smithi053.stdout:/usr/bin/ceph: stderr
2023-11-27T15:16:26.099+0000 7f3eb0ff9700 1 -- 172.21.15.53:0/3294241476 <== mon.0 v2:172.21.15.53:3300/0 4 ==== mgrmap(e 12) v1 ==== 45496+0+0 (secure 0 0 0) 0x7f3ea4024440 con 0x7f3eb4105a20
2023-11-27T15:16:26.866 INFO:teuthology.orchestra.run.smithi053.stdout:/usr/bin/ceph: stderr
2023-11-27T15:16:26.099+0000 7f3eb0ff9700 1 --2- 172.21.15.53:0/3294241476 >> [v2:172.21.15.53:6800/3321062788,v1:172.21.15.53:6801/3321062788] conn(0x7f3e9c0387b0 0x7f3e9c03ac60 unknown :-1 s=NONE pgs=0 cs=0 l=1 rev1=0 crypto rx=0 tx=0 comp rx=0 tx=0).connect
2023-11-27T15:16:26.866 INFO:teuthology.orchestra.run.smithi053.stdout:/usr/bin/ceph: stderr
2023-11-27T15:16:26.099+0000 7f3eb0ff9700 1 -- 172.21.15.53:0/3294241476 <== mon.0 v2:172.21.15.53:3300/0 5 ==== osd_map(3..3 src has 1..3) v4 ==== 1155+0+0 (secure 0 0 0) 0x7f3ea404c940 con 0x7f3eb4105a20
2023-11-27T15:16:26.866 INFO:teuthology.orchestra.run.smithi053.stdout:/usr/bin/ceph: stderr
2023-11-27T15:16:26.099+0000 7f3eb2ffd700 1 --2- 172.21.15.53:0/3294241476 >> [v2:172.21.15.53:6800/3321062788,v1:172.21.15.53:6801/3321062788] conn(0x7f3e9c0387b0 0x7f3e9c03ac60 unknown :-1 s=BANNER_CONNECTING pgs=0 cs=0 l=1 rev1=0 crypto rx=0 tx=0 comp rx=0 tx=0)._handle_peer_banner_payload supported=3 required=0
2023-11-27T15:16:26.866 INFO:teuthology.orchestra.run.smithi053.stdout:/usr/bin/ceph: stderr
2023-11-27T15:16:26.100+0000 7f3eb2ffd700 1 --2- 172.21.15.53:0/3294241476 >> [v2:172.21.15.53:6800/3321062788,v1:172.21.15.53:6801/3321062788] conn(0x7f3e9c0387b0 0x7f3e9c03ac60 secure :-1 s=READY pgs=7 cs=0 l=1 rev1=1 crypto rx=0x7f3ea8006fd0 tx=0x7f3ea8006e40 comp rx=0 tx=0).ready entity=mgr.14148 client_cookie=0 server_cookie=0 in_seq=0 out_seq=0
2023-11-27T15:16:26.867 INFO:teuthology.orchestra.run.smithi053.stdout:/usr/bin/ceph: stderr
2023-11-27T15:16:26.104+0000 7f3eb0ff9700 1 -- 172.21.15.53:0/3294241476 <== mon.0 v2:172.21.15.53:3300/0 6 ==== mon_command_ack([{"prefix": "get_command_descriptions"}]=0 v0) v1 ==== 72+0+177948 (secure 0 0 0) 0x7f3eb4062190 con 0x7f3eb4105a20
2023-11-27T15:16:26.867 INFO:teuthology.orchestra.run.smithi053.stdout:/usr/bin/ceph: stderr
2023-11-27T15:16:26.331+0000 7f3eb9efc700 1 -- 172.21.15.53:0/3294241476 --> [v2:172.21.15.53:6800/3321062788,v1:172.21.15.53:6801/3321062788] -- mgr_command(tid 0: {"prefix": "dashboard create-self-signed-cert", "target": ["mon-mgr", ""]}) v1 -- 0x7f3eb407b100 con 0x7f3e9c0387b0
2023-11-27T15:16:26.867 INFO:teuthology.orchestra.run.smithi053.stdout:/usr/bin/ceph: stderr
2023-11-27T15:16:26.405+0000 7f3eb0ff9700 1 -- 172.21.15.53:0/3294241476 <== mgr.14148 v2:172.21.15.53:6800/3321062788 1 ==== mgr_command_reply(tid 0: 0 ) v1 ==== 8+0+32 (secure 0 0 0) 0x7f3eb407b100 con 0x7f3e9c0387b0
2023-11-27T15:16:26.867 INFO:teuthology.orchestra.run.smithi053.stdout:/usr/bin/ceph: stderr
2023-11-27T15:16:26.407+0000 7f3eb9efc700 1 -- 172.21.15.53:0/3294241476 >> [v2:172.21.15.53:6800/3321062788,v1:172.21.15.53:6801/3321062788] conn(0x7f3e9c0387b0 msgr2=0x7f3e9c03ac60 secure :-1 s=STATE_CONNECTION_ESTABLISHED l=1).mark_down
2023-11-27T15:16:26.867 INFO:teuthology.orchestra.run.smithi053.stdout:/usr/bin/ceph: stderr
2023-11-27T15:16:26.407+0000 7f3eb9efc700 1 --2- 172.21.15.53:0/3294241476 >> [v2:172.21.15.53:6800/3321062788,v1:172.21.15.53:6801/3321062788] conn(0x7f3e9c0387b0 0x7f3e9c03ac60 secure :-1 s=READY pgs=7 cs=0 l=1 rev1=1 crypto rx=0x7f3ea8006fd0 tx=0x7f3ea8006e40 comp rx=0 tx=0).stop
2023-11-27T15:16:26.867 INFO:teuthology.orchestra.run.smithi053.stdout:/usr/bin/ceph: stderr
2023-11-27T15:16:26.407+0000 7f3eb9efc700 1 -- 172.21.15.53:0/3294241476 >> [v2:172.21.15.53:3300/0,v1:172.21.15.53:6789/0] conn(0x7f3eb4105a20 msgr2=0x7f3eb407bc00 secure :-1 s=STATE_CONNECTION_ESTABLISHED l=1).mark_down
2023-11-27T15:16:26.867 INFO:teuthology.orchestra.run.smithi053.stdout:/usr/bin/ceph: stderr
2023-11-27T15:16:26.407+0000 7f3eb9efc700 1 --2- 172.21.15.53:0/3294241476 >> [v2:172.21.15.53:3300/0,v1:172.21.15.53:6789/0] conn(0x7f3eb4105a20 0x7f3eb407bc00 secure :-1 s=READY pgs=67 cs=0 l=1 rev1=1 crypto rx=0x7f3ea4000c00 tx=0x7f3ea4011a30 comp rx=0 tx=0).stop
2023-11-27T15:16:26.867 INFO:teuthology.orchestra.run.smithi053.stdout:/usr/bin/ceph: stderr
2023-11-27T15:16:26.407+0000 7f3eb9efc700 1 -- 172.21.15.53:0/3294241476 shutdown_connections
2023-11-27T15:16:26.867 INFO:teuthology.orchestra.run.smithi053.stdout:/usr/bin/ceph: stderr
2023-11-27T15:16:26.407+0000 7f3eb9efc700 1 --2- 172.21.15.53:0/3294241476 >> [v2:172.21.15.53:6800/3321062788,v1:172.21.15.53:6801/3321062788] conn(0x7f3e9c0387b0 0x7f3e9c03ac60 unknown :-1 s=CLOSED pgs=7 cs=0 l=1 rev1=1 crypto rx=0 tx=0 comp rx=0 tx=0).stop
2023-11-27T15:16:26.867 INFO:teuthology.orchestra.run.smithi053.stdout:/usr/bin/ceph: stderr
2023-11-27T15:16:26.407+0000 7f3eb9efc700 1 --2- 172.21.15.53:0/3294241476 >> [v2:172.21.15.53:3300/0,v1:172.21.15.53:6789/0] conn(0x7f3eb4105a20 0x7f3eb407bc00 unknown :-1 s=CLOSED pgs=67 cs=0 l=1 rev1=1 crypto rx=0 tx=0 comp rx=0 tx=0).stop
2023-11-27T15:16:26.867 INFO:teuthology.orchestra.run.smithi053.stdout:/usr/bin/ceph: stderr
2023-11-27T15:16:26.407+0000 7f3eb9efc700 1 -- 172.21.15.53:0/3294241476 >> 172.21.15.53:0/3294241476 conn(0x7f3eb4100fd0 msgr2=0x7f3eb4102680 unknown :-1 s=STATE_NONE l=0).mark_down
2023-11-27T15:16:26.867 INFO:teuthology.orchestra.run.smithi053.stdout:/usr/bin/ceph: stderr
2023-11-27T15:16:26.408+0000 7f3eb9efc700 1 -- 172.21.15.53:0/3294241476 shutdown_connections
2023-11-27T15:16:26.868 INFO:teuthology.orchestra.run.smithi053.stdout:/usr/bin/ceph: stderr
2023-11-27T15:16:26.408+0000 7f3eb9efc700 1 -- 172.21.15.53:0/3294241476 wait complete.
2023-11-27T15:16:26.868 INFO:teuthology.orchestra.run.smithi053.stdout:Creating initial admin user...
2023-11-27T15:16:27.131 INFO:journalctl@ceph.mon.a.smithi053.stdout:Nov 27 15:16:26 smithi053 ceph-mon[128711]: mgrmap e12: x(active, since 2s)
2023-11-27T15:16:27.131 INFO:journalctl@ceph.mon.a.smithi053.stdout:Nov 27 15:16:26 smithi053 ceph-mon[128711]: from='mgr.14148 172.21.15.53:0/3536237074' entity='mgr.x'
2023-11-27T15:16:27.131 INFO:journalctl@ceph.mon.a.smithi053.stdout:Nov 27 15:16:26 smithi053 ceph-mon[128711]: from='mgr.14148 172.21.15.53:0/3536237074' entity='mgr.x'
2023-11-27T15:16:27.131 INFO:journalctl@ceph.mon.a.smithi053.stdout:Nov 27 15:16:26 smithi053 ceph-mon[128711]: from='mgr.14148 172.21.15.53:0/3536237074' entity='mgr.x'
2023-11-27T15:16:28.183 INFO:journalctl@ceph.mon.a.smithi053.stdout:Nov 27 15:16:27 smithi053 ceph-mon[128711]: from='client.14160 -' entity='client.admin' cmd=[{"prefix": "dashboard create-self-signed-cert", "target": ["mon-mgr", ""]}]: dispatch
2023-11-27T15:16:28.184 INFO:journalctl@ceph.mon.a.smithi053.stdout:Nov 27 15:16:27 smithi053 ceph-mon[128711]: from='mgr.14148 172.21.15.53:0/3536237074' entity='mgr.x'
2023-11-27T15:16:28.184 INFO:journalctl@ceph.mon.a.smithi053.stdout:Nov 27 15:16:27 smithi053 ceph-mon[128711]: from='mgr.14148 172.21.15.53:0/3536237074' entity='mgr.x'
2023-11-27T15:16:28.350 INFO:teuthology.orchestra.run.smithi053.stdout:/usr/bin/ceph: stdout {"username": "admin", "password": "$2b$12$Ghp.Ensb8J77z8ewSKb35er9IBurNcR0q/iF.ExDqIEIGcwEeRmAq", "roles": ["administrator"], "name": null, "email": null, "lastUpdate": 1701098187, "enabled": true, "pwdExpirationDate": null, "pwdUpdateRequired": true}
2023-11-27T15:16:28.350 INFO:teuthology.orchestra.run.smithi053.stdout:/usr/bin/ceph: stderr
2023-11-27T15:16:27.406+0000 7fbd48a7b700 1 Processor -- start
2023-11-27T15:16:28.350 INFO:teuthology.orchestra.run.smithi053.stdout:/usr/bin/ceph: stderr
2023-11-27T15:16:27.406+0000 7fbd48a7b700 1 -- start start
2023-11-27T15:16:28.350 INFO:teuthology.orchestra.run.smithi053.stdout:/usr/bin/ceph: stderr
2023-11-27T15:16:27.406+0000 7fbd48a7b700 1 --2- >> [v2:172.21.15.53:3300/0,v1:172.21.15.53:6789/0] conn(0x7fbd4407be10 0x7fbd4407a270 unknown :-1 s=NONE pgs=0 cs=0 l=0 rev1=0 crypto rx=0 tx=0 comp rx=0 tx=0).connect
2023-11-27T15:16:28.350 INFO:teuthology.orchestra.run.smithi053.stdout:/usr/bin/ceph: stderr
2023-11-27T15:16:27.406+0000 7fbd48a7b700 1 -- --> [v2:172.21.15.53:3300/0,v1:172.21.15.53:6789/0] -- mon_getmap magic: 0 v1 -- 0x7fbd4407a840 con 0x7fbd4407be10
2023-11-27T15:16:28.350 INFO:teuthology.orchestra.run.smithi053.stdout:/usr/bin/ceph: stderr
2023-11-27T15:16:27.407+0000 7fbd4259c700 1 --2- >> [v2:172.21.15.53:3300/0,v1:172.21.15.53:6789/0] conn(0x7fbd4407be10 0x7fbd4407a270 unknown :-1 s=BANNER_CONNECTING pgs=0 cs=0 l=0 rev1=0 crypto rx=0 tx=0 comp rx=0 tx=0)._handle_peer_banner_payload supported=3 required=0
2023-11-27T15:16:28.350 INFO:teuthology.orchestra.run.smithi053.stdout:/usr/bin/ceph: stderr
2023-11-27T15:16:27.407+0000 7fbd4259c700 1 --2- >> [v2:172.21.15.53:3300/0,v1:172.21.15.53:6789/0] conn(0x7fbd4407be10 0x7fbd4407a270 unknown :-1 s=HELLO_CONNECTING pgs=0 cs=0 l=0 rev1=1 crypto rx=0 tx=0 comp rx=0 tx=0).handle_hello peer v2:172.21.15.53:3300/0 says I am v2:172.21.15.53:47448/0 (socket says 172.21.15.53:47448)
2023-11-27T15:16:28.350 INFO:teuthology.orchestra.run.smithi053.stdout:/usr/bin/ceph: stderr
2023-11-27T15:16:27.407+0000 7fbd4259c700 1 -- 172.21.15.53:0/2928721973 learned_addr learned my addr 172.21.15.53:0/2928721973 (peer_addr_for_me v2:172.21.15.53:0/0)
2023-11-27T15:16:28.350 INFO:teuthology.orchestra.run.smithi053.stdout:/usr/bin/ceph: stderr
2023-11-27T15:16:27.407+0000 7fbd4259c700 1 -- 172.21.15.53:0/2928721973 --> [v2:172.21.15.53:3300/0,v1:172.21.15.53:6789/0] -- mon_subscribe({config=0+,monmap=0+}) v3 -- 0x7fbd4407a980 con 0x7fbd4407be10
2023-11-27T15:16:28.351 INFO:teuthology.orchestra.run.smithi053.stdout:/usr/bin/ceph: stderr
2023-11-27T15:16:27.407+0000 7fbd4259c700 1 --2- 172.21.15.53:0/2928721973 >> [v2:172.21.15.53:3300/0,v1:172.21.15.53:6789/0] conn(0x7fbd4407be10 0x7fbd4407a270 secure :-1 s=READY pgs=68 cs=0 l=1 rev1=1 crypto rx=0x7fbd340098a0 tx=0x7fbd34009bb0 comp rx=0 tx=0).ready entity=mon.0 client_cookie=3c231c2fd99376dc server_cookie=0 in_seq=0 out_seq=0
2023-11-27T15:16:28.351 INFO:teuthology.orchestra.run.smithi053.stdout:/usr/bin/ceph: stderr
2023-11-27T15:16:27.408+0000 7fbd4159a700 1 -- 172.21.15.53:0/2928721973 <== mon.0 v2:172.21.15.53:3300/0 1 ==== mon_map magic: 0 v1 ==== 205+0+0 (secure 0 0 0) 0x7fbd34004160 con 0x7fbd4407be10
2023-11-27T15:16:28.351 INFO:teuthology.orchestra.run.smithi053.stdout:/usr/bin/ceph: stderr
2023-11-27T15:16:27.408+0000 7fbd4159a700 1 -- 172.21.15.53:0/2928721973 <== mon.0 v2:172.21.15.53:3300/0 2 ==== config(26 keys) v1 ==== 1105+0+0 (secure 0 0 0) 0x7fbd340042c0 con 0x7fbd4407be10
2023-11-27T15:16:28.351 INFO:teuthology.orchestra.run.smithi053.stdout:/usr/bin/ceph: stderr
2023-11-27T15:16:27.408+0000 7fbd4159a700 1 -- 172.21.15.53:0/2928721973 <== mon.0 v2:172.21.15.53:3300/0 3 ==== mon_map magic: 0 v1 ==== 205+0+0 (secure 0 0 0) 0x7fbd340119b0 con 0x7fbd4407be10
2023-11-27T15:16:28.351 INFO:teuthology.orchestra.run.smithi053.stdout:/usr/bin/ceph: stderr
2023-11-27T15:16:27.408+0000 7fbd48a7b700 1 -- 172.21.15.53:0/2928721973 >> [v2:172.21.15.53:3300/0,v1:172.21.15.53:6789/0] conn(0x7fbd4407be10 msgr2=0x7fbd4407a270 secure :-1 s=STATE_CONNECTION_ESTABLISHED l=1).mark_down
2023-11-27T15:16:28.351 INFO:teuthology.orchestra.run.smithi053.stdout:/usr/bin/ceph: stderr
2023-11-27T15:16:27.408+0000 7fbd48a7b700 1 --2- 172.21.15.53:0/2928721973 >> [v2:172.21.15.53:3300/0,v1:172.21.15.53:6789/0] conn(0x7fbd4407be10 0x7fbd4407a270 secure :-1 s=READY pgs=68 cs=0 l=1 rev1=1 crypto rx=0x7fbd340098a0 tx=0x7fbd34009bb0 comp rx=0 tx=0).stop
2023-11-27T15:16:28.351 INFO:teuthology.orchestra.run.smithi053.stdout:/usr/bin/ceph: stderr
2023-11-27T15:16:27.408+0000 7fbd48a7b700 1 -- 172.21.15.53:0/2928721973 shutdown_connections
2023-11-27T15:16:28.351 INFO:teuthology.orchestra.run.smithi053.stdout:/usr/bin/ceph: stderr
2023-11-27T15:16:27.408+0000 7fbd48a7b700 1 --2- 172.21.15.53:0/2928721973 >> [v2:172.21.15.53:3300/0,v1:172.21.15.53:6789/0] conn(0x7fbd4407be10 0x7fbd4407a270 unknown :-1 s=CLOSED pgs=68 cs=0 l=1 rev1=1 crypto rx=0 tx=0 comp rx=0 tx=0).stop
2023-11-27T15:16:28.351 INFO:teuthology.orchestra.run.smithi053.stdout:/usr/bin/ceph: stderr
2023-11-27T15:16:27.408+0000 7fbd48a7b700 1 -- 172.21.15.53:0/2928721973 >> 172.21.15.53:0/2928721973 conn(0x7fbd44100fd0 msgr2=0x7fbd44103400 unknown :-1 s=STATE_NONE l=0).mark_down
2023-11-27T15:16:28.351 INFO:teuthology.orchestra.run.smithi053.stdout:/usr/bin/ceph: stderr
2023-11-27T15:16:27.409+0000 7fbd48a7b700 1 -- 172.21.15.53:0/2928721973 shutdown_connections
2023-11-27T15:16:28.351 INFO:teuthology.orchestra.run.smithi053.stdout:/usr/bin/ceph: stderr
2023-11-27T15:16:27.409+0000 7fbd48a7b700 1 -- 172.21.15.53:0/2928721973 wait complete.
2023-11-27T15:16:28.352 INFO:teuthology.orchestra.run.smithi053.stdout:/usr/bin/ceph: stderr
2023-11-27T15:16:27.410+0000 7fbd48a7b700 1 Processor -- start
2023-11-27T15:16:28.352 INFO:teuthology.orchestra.run.smithi053.stdout:/usr/bin/ceph: stderr
2023-11-27T15:16:27.410+0000 7fbd48a7b700 1 -- start start
2023-11-27T15:16:28.352 INFO:teuthology.orchestra.run.smithi053.stdout:/usr/bin/ceph: stderr
2023-11-27T15:16:27.410+0000 7fbd48a7b700 1 --2- >> [v2:172.21.15.53:3300/0,v1:172.21.15.53:6789/0] conn(0x7fbd4407be10 0x7fbd4419b990 unknown :-1 s=NONE pgs=0 cs=0 l=1 rev1=0 crypto rx=0 tx=0 comp rx=0 tx=0).connect
2023-11-27T15:16:28.352 INFO:teuthology.orchestra.run.smithi053.stdout:/usr/bin/ceph: stderr
2023-11-27T15:16:27.410+0000 7fbd48a7b700 1 -- --> [v2:172.21.15.53:3300/0,v1:172.21.15.53:6789/0] -- mon_getmap magic: 0 v1 -- 0x7fbd4419bed0 con 0x7fbd4407be10
2023-11-27T15:16:28.352 INFO:teuthology.orchestra.run.smithi053.stdout:/usr/bin/ceph: stderr
2023-11-27T15:16:27.410+0000 7fbd4259c700 1 --2- >> [v2:172.21.15.53:3300/0,v1:172.21.15.53:6789/0] conn(0x7fbd4407be10 0x7fbd4419b990 unknown :-1 s=BANNER_CONNECTING pgs=0 cs=0 l=1 rev1=0 crypto rx=0 tx=0 comp rx=0 tx=0)._handle_peer_banner_payload supported=3 required=0
2023-11-27T15:16:28.352 INFO:teuthology.orchestra.run.smithi053.stdout:/usr/bin/ceph: stderr
2023-11-27T15:16:27.410+0000 7fbd4259c700 1 --2- >> [v2:172.21.15.53:3300/0,v1:172.21.15.53:6789/0] conn(0x7fbd4407be10 0x7fbd4419b990 unknown :-1 s=HELLO_CONNECTING pgs=0 cs=0 l=1 rev1=1 crypto rx=0 tx=0 comp rx=0 tx=0).handle_hello peer v2:172.21.15.53:3300/0 says I am v2:172.21.15.53:47460/0 (socket says 172.21.15.53:47460)
2023-11-27T15:16:28.352 INFO:teuthology.orchestra.run.smithi053.stdout:/usr/bin/ceph: stderr
2023-11-27T15:16:27.410+0000 7fbd4259c700 1 -- 172.21.15.53:0/1587207643 learned_addr learned my addr 172.21.15.53:0/1587207643 (peer_addr_for_me v2:172.21.15.53:0/0)
2023-11-27T15:16:28.352 INFO:teuthology.orchestra.run.smithi053.stdout:/usr/bin/ceph: stderr
2023-11-27T15:16:27.411+0000 7fbd4259c700 1 -- 172.21.15.53:0/1587207643 --> [v2:172.21.15.53:3300/0,v1:172.21.15.53:6789/0] -- mon_subscribe({config=0+,monmap=0+}) v3 -- 0x7fbd34009550 con 0x7fbd4407be10
2023-11-27T15:16:28.352 INFO:teuthology.orchestra.run.smithi053.stdout:/usr/bin/ceph: stderr
2023-11-27T15:16:27.411+0000 7fbd4259c700 1 --2- 172.21.15.53:0/1587207643 >> [v2:172.21.15.53:3300/0,v1:172.21.15.53:6789/0] conn(0x7fbd4407be10 0x7fbd4419b990 secure :-1 s=READY pgs=69 cs=0 l=1 rev1=1 crypto rx=0x7fbd34011980 tx=0x7fbd34011a60 comp rx=0 tx=0).ready entity=mon.0 client_cookie=0 server_cookie=0 in_seq=0 out_seq=0
2023-11-27T15:16:28.352 INFO:teuthology.orchestra.run.smithi053.stdout:/usr/bin/ceph: stderr
2023-11-27T15:16:27.411+0000 7fbd337fe700 1 -- 172.21.15.53:0/1587207643 <== mon.0 v2:172.21.15.53:3300/0 1 ==== mon_map magic: 0 v1 ==== 205+0+0 (secure 0 0 0) 0x7fbd34003a60 con 0x7fbd4407be10
2023-11-27T15:16:28.352 INFO:teuthology.orchestra.run.smithi053.stdout:/usr/bin/ceph: stderr
2023-11-27T15:16:27.411+0000 7fbd337fe700 1 -- 172.21.15.53:0/1587207643 <== mon.0 v2:172.21.15.53:3300/0 2 ==== config(26 keys) v1 ==== 1105+0+0 (secure 0 0 0) 0x7fbd34003bc0 con 0x7fbd4407be10
2023-11-27T15:16:28.352 INFO:teuthology.orchestra.run.smithi053.stdout:/usr/bin/ceph: stderr
2023-11-27T15:16:27.411+0000 7fbd337fe700 1 -- 172.21.15.53:0/1587207643 <== mon.0 v2:172.21.15.53:3300/0 3 ==== mon_map magic: 0 v1 ==== 205+0+0 (secure 0 0 0) 0x7fbd3401a670 con 0x7fbd4407be10
2023-11-27T15:16:28.353 INFO:teuthology.orchestra.run.smithi053.stdout:/usr/bin/ceph: stderr
2023-11-27T15:16:27.411+0000 7fbd48a7b700 1 -- 172.21.15.53:0/1587207643 --> [v2:172.21.15.53:3300/0,v1:172.21.15.53:6789/0] -- mon_subscribe({mgrmap=0+}) v3 -- 0x7fbd4410bfb0 con 0x7fbd4407be10
2023-11-27T15:16:28.353 INFO:teuthology.orchestra.run.smithi053.stdout:/usr/bin/ceph: stderr
2023-11-27T15:16:27.411+0000 7fbd48a7b700 1 -- 172.21.15.53:0/1587207643 --> [v2:172.21.15.53:3300/0,v1:172.21.15.53:6789/0] -- mon_subscribe({osdmap=0}) v3 -- 0x7fbd4410be20 con 0x7fbd4407be10
2023-11-27T15:16:28.353 INFO:teuthology.orchestra.run.smithi053.stdout:/usr/bin/ceph: stderr
2023-11-27T15:16:27.412+0000 7fbd337fe700 1 -- 172.21.15.53:0/1587207643 <== mon.0 v2:172.21.15.53:3300/0 4 ==== mgrmap(e 12) v1 ==== 45496+0+0 (secure 0 0 0) 0x7fbd34024440 con 0x7fbd4407be10
2023-11-27T15:16:28.353 INFO:teuthology.orchestra.run.smithi053.stdout:/usr/bin/ceph: stderr
2023-11-27T15:16:27.412+0000 7fbd48a7b700 1 -- 172.21.15.53:0/1587207643 --> [v2:172.21.15.53:3300/0,v1:172.21.15.53:6789/0] -- mon_command({"prefix": "get_command_descriptions"} v 0) v1 -- 0x7fbd4410c140 con 0x7fbd4407be10
2023-11-27T15:16:28.353 INFO:teuthology.orchestra.run.smithi053.stdout:/usr/bin/ceph: stderr
2023-11-27T15:16:27.413+0000 7fbd337fe700 1 --2- 172.21.15.53:0/1587207643 >> [v2:172.21.15.53:6800/3321062788,v1:172.21.15.53:6801/3321062788] conn(0x7fbd2c0387b0 0x7fbd2c03ac60 unknown :-1 s=NONE pgs=0 cs=0 l=1 rev1=0 crypto rx=0 tx=0 comp rx=0 tx=0).connect
2023-11-27T15:16:28.353 INFO:teuthology.orchestra.run.smithi053.stdout:/usr/bin/ceph: stderr
2023-11-27T15:16:27.413+0000 7fbd337fe700 1 -- 172.21.15.53:0/1587207643 <== mon.0 v2:172.21.15.53:3300/0 5 ==== osd_map(3..3 src has 1..3) v4 ==== 1155+0+0 (secure 0 0 0) 0x7fbd3404c900 con 0x7fbd4407be10
2023-11-27T15:16:28.353 INFO:teuthology.orchestra.run.smithi053.stdout:/usr/bin/ceph: stderr
2023-11-27T15:16:27.413+0000 7fbd41d9b700 1 --2- 172.21.15.53:0/1587207643 >> [v2:172.21.15.53:6800/3321062788,v1:172.21.15.53:6801/3321062788] conn(0x7fbd2c0387b0 0x7fbd2c03ac60 unknown :-1 s=BANNER_CONNECTING pgs=0 cs=0 l=1 rev1=0 crypto rx=0 tx=0 comp rx=0 tx=0)._handle_peer_banner_payload supported=3 required=0
2023-11-27T15:16:28.353 INFO:teuthology.orchestra.run.smithi053.stdout:/usr/bin/ceph: stderr
2023-11-27T15:16:27.414+0000 7fbd41d9b700 1 --2- 172.21.15.53:0/1587207643 >> [v2:172.21.15.53:6800/3321062788,v1:172.21.15.53:6801/3321062788] conn(0x7fbd2c0387b0 0x7fbd2c03ac60 secure :-1 s=READY pgs=8 cs=0 l=1 rev1=1 crypto rx=0x7fbd38006fd0 tx=0x7fbd38006e40 comp rx=0 tx=0).ready entity=mgr.14148 client_cookie=0 server_cookie=0 in_seq=0 out_seq=0
2023-11-27T15:16:28.353 INFO:teuthology.orchestra.run.smithi053.stdout:/usr/bin/ceph: stderr
2023-11-27T15:16:27.418+0000 7fbd337fe700 1 -- 172.21.15.53:0/1587207643 <== mon.0 v2:172.21.15.53:3300/0 6 ==== mon_command_ack([{"prefix": "get_command_descriptions"}]=0 v0) v1 ==== 72+0+177948 (secure 0 0 0) 0x7fbd340189a0 con 0x7fbd4407be10
2023-11-27T15:16:28.353 INFO:teuthology.orchestra.run.smithi053.stdout:/usr/bin/ceph: stderr
2023-11-27T15:16:27.642+0000 7fbd48a7b700 1 -- 172.21.15.53:0/1587207643 --> [v2:172.21.15.53:6800/3321062788,v1:172.21.15.53:6801/3321062788] -- mgr_command(tid 0: {"prefix": "dashboard ac-user-create", "username": "admin", "rolename": "administrator", "force_password": true, "pwd_update_required": true, "target": ["mon-mgr", ""]}) v1 -- 0x7fbd44061f40 con 0x7fbd2c0387b0
2023-11-27T15:16:28.353 INFO:teuthology.orchestra.run.smithi053.stdout:/usr/bin/ceph: stderr
2023-11-27T15:16:27.889+0000 7fbd337fe700 1 -- 172.21.15.53:0/1587207643 <== mgr.14148 v2:172.21.15.53:6800/3321062788 1 ==== mgr_command_reply(tid 0: 0 ) v1 ==== 8+0+252 (secure 0 0 0) 0x7fbd44061f40 con 0x7fbd2c0387b0
2023-11-27T15:16:28.353 INFO:teuthology.orchestra.run.smithi053.stdout:/usr/bin/ceph: stderr
2023-11-27T15:16:27.892+0000 7fbd48a7b700 1 -- 172.21.15.53:0/1587207643 >> [v2:172.21.15.53:6800/3321062788,v1:172.21.15.53:6801/3321062788] conn(0x7fbd2c0387b0 msgr2=0x7fbd2c03ac60 secure :-1 s=STATE_CONNECTION_ESTABLISHED l=1).mark_down
2023-11-27T15:16:28.354 INFO:teuthology.orchestra.run.smithi053.stdout:/usr/bin/ceph: stderr
2023-11-27T15:16:27.892+0000 7fbd48a7b700 1 --2- 172.21.15.53:0/1587207643 >> [v2:172.21.15.53:6800/3321062788,v1:172.21.15.53:6801/3321062788] conn(0x7fbd2c0387b0 0x7fbd2c03ac60 secure :-1 s=READY pgs=8 cs=0 l=1 rev1=1 crypto rx=0x7fbd38006fd0 tx=0x7fbd38006e40 comp rx=0 tx=0).stop
2023-11-27T15:16:28.354 INFO:teuthology.orchestra.run.smithi053.stdout:/usr/bin/ceph: stderr
2023-11-27T15:16:27.892+0000 7fbd48a7b700 1 -- 172.21.15.53:0/1587207643 >> [v2:172.21.15.53:3300/0,v1:172.21.15.53:6789/0] conn(0x7fbd4407be10 msgr2=0x7fbd4419b990 secure :-1 s=STATE_CONNECTION_ESTABLISHED l=1).mark_down
2023-11-27T15:16:28.354 INFO:teuthology.orchestra.run.smithi053.stdout:/usr/bin/ceph: stderr
2023-11-27T15:16:27.892+0000 7fbd48a7b700 1 --2- 172.21.15.53:0/1587207643 >> [v2:172.21.15.53:3300/0,v1:172.21.15.53:6789/0] conn(0x7fbd4407be10 0x7fbd4419b990 secure :-1 s=READY pgs=69 cs=0 l=1 rev1=1 crypto rx=0x7fbd34011980 tx=0x7fbd34011a60 comp rx=0 tx=0).stop
2023-11-27T15:16:28.354 INFO:teuthology.orchestra.run.smithi053.stdout:/usr/bin/ceph: stderr
2023-11-27T15:16:27.892+0000 7fbd48a7b700 1 -- 172.21.15.53:0/1587207643 shutdown_connections
2023-11-27T15:16:28.354 INFO:teuthology.orchestra.run.smithi053.stdout:/usr/bin/ceph: stderr
2023-11-27T15:16:27.892+0000 7fbd48a7b700 1 --2- 172.21.15.53:0/1587207643 >> [v2:172.21.15.53:6800/3321062788,v1:172.21.15.53:6801/3321062788] conn(0x7fbd2c0387b0 0x7fbd2c03ac60 unknown :-1 s=CLOSED pgs=8 cs=0 l=1 rev1=1 crypto rx=0 tx=0 comp rx=0 tx=0).stop
2023-11-27T15:16:28.354 INFO:teuthology.orchestra.run.smithi053.stdout:/usr/bin/ceph: stderr
2023-11-27T15:16:27.892+0000 7fbd48a7b700 1 --2- 172.21.15.53:0/1587207643 >> [v2:172.21.15.53:3300/0,v1:172.21.15.53:6789/0] conn(0x7fbd4407be10 0x7fbd4419b990 unknown :-1 s=CLOSED pgs=69 cs=0 l=1 rev1=1 crypto rx=0 tx=0 comp rx=0 tx=0).stop
2023-11-27T15:16:28.354 INFO:teuthology.orchestra.run.smithi053.stdout:/usr/bin/ceph: stderr
2023-11-27T15:16:27.892+0000 7fbd48a7b700 1 -- 172.21.15.53:0/1587207643 >> 172.21.15.53:0/1587207643 conn(0x7fbd44100fd0 msgr2=0x7fbd44102710 unknown :-1 s=STATE_NONE l=0).mark_down
2023-11-27T15:16:28.354 INFO:teuthology.orchestra.run.smithi053.stdout:/usr/bin/ceph: stderr
2023-11-27T15:16:27.892+0000 7fbd48a7b700 1 -- 172.21.15.53:0/1587207643 shutdown_connections
2023-11-27T15:16:28.354 INFO:teuthology.orchestra.run.smithi053.stdout:/usr/bin/ceph: stderr
2023-11-27T15:16:27.892+0000 7fbd48a7b700 1 -- 172.21.15.53:0/1587207643 wait complete.
2023-11-27T15:16:28.354 INFO:teuthology.orchestra.run.smithi053.stdout:Fetching dashboard port number...
2023-11-27T15:16:29.339 INFO:journalctl@ceph.mon.a.smithi053.stdout:Nov 27 15:16:29 smithi053 ceph-mon[128711]: from='client.14162 -' entity='client.admin' cmd=[{"prefix": "dashboard ac-user-create", "username": "admin", "rolename": "administrator", "force_password": true, "pwd_update_required": true, "target": ["mon-mgr", ""]}]: dispatch
2023-11-27T15:16:29.735 INFO:teuthology.orchestra.run.smithi053.stdout:/usr/bin/ceph: stdout 8443
2023-11-27T15:16:29.736 INFO:teuthology.orchestra.run.smithi053.stdout:/usr/bin/ceph: stderr
2023-11-27T15:16:28.887+0000 7feefe830700 1 Processor -- start
2023-11-27T15:16:29.736 INFO:teuthology.orchestra.run.smithi053.stdout:/usr/bin/ceph: stderr
2023-11-27T15:16:28.887+0000 7feefe830700 1 -- start start
2023-11-27T15:16:29.736 INFO:teuthology.orchestra.run.smithi053.stdout:/usr/bin/ceph: stderr
2023-11-27T15:16:28.887+0000 7feefe830700 1 --2- >> [v2:172.21.15.53:3300/0,v1:172.21.15.53:6789/0] conn(0x7feef8104300 0x7feef8104710 unknown :-1 s=NONE pgs=0 cs=0 l=0 rev1=0 crypto rx=0 tx=0 comp rx=0 tx=0).connect
2023-11-27T15:16:29.736 INFO:teuthology.orchestra.run.smithi053.stdout:/usr/bin/ceph: stderr
2023-11-27T15:16:28.888+0000 7feefe830700 1 -- --> [v2:172.21.15.53:3300/0,v1:172.21.15.53:6789/0] -- mon_getmap magic: 0 v1 -- 0x7feef8079de0 con 0x7feef8104300
2023-11-27T15:16:29.736 INFO:teuthology.orchestra.run.smithi053.stdout:/usr/bin/ceph: stderr
2023-11-27T15:16:28.888+0000 7feef7fff700 1 --2- >> [v2:172.21.15.53:3300/0,v1:172.21.15.53:6789/0] conn(0x7feef8104300 0x7feef8104710 unknown :-1 s=BANNER_CONNECTING pgs=0 cs=0 l=0 rev1=0 crypto rx=0 tx=0 comp rx=0 tx=0)._handle_peer_banner_payload supported=3 required=0
2023-11-27T15:16:29.736 INFO:teuthology.orchestra.run.smithi053.stdout:/usr/bin/ceph: stderr
2023-11-27T15:16:28.888+0000 7feef7fff700 1 --2- >> [v2:172.21.15.53:3300/0,v1:172.21.15.53:6789/0] conn(0x7feef8104300 0x7feef8104710 unknown :-1 s=HELLO_CONNECTING pgs=0 cs=0 l=0 rev1=1 crypto rx=0 tx=0 comp rx=0 tx=0).handle_hello peer v2:172.21.15.53:3300/0 says I am v2:172.21.15.53:47470/0 (socket says 172.21.15.53:47470)
2023-11-27T15:16:29.736 INFO:teuthology.orchestra.run.smithi053.stdout:/usr/bin/ceph: stderr
2023-11-27T15:16:28.888+0000 7feef7fff700 1 -- 172.21.15.53:0/3193756867 learned_addr learned my addr 172.21.15.53:0/3193756867 (peer_addr_for_me v2:172.21.15.53:0/0)
2023-11-27T15:16:29.736 INFO:teuthology.orchestra.run.smithi053.stdout:/usr/bin/ceph: stderr
2023-11-27T15:16:28.888+0000 7feef7fff700 1 -- 172.21.15.53:0/3193756867 --> [v2:172.21.15.53:3300/0,v1:172.21.15.53:6789/0] -- mon_subscribe({config=0+,monmap=0+}) v3 -- 0x7feef8104c50 con 0x7feef8104300
2023-11-27T15:16:29.736 INFO:teuthology.orchestra.run.smithi053.stdout:/usr/bin/ceph: stderr
2023-11-27T15:16:28.889+0000 7feef7fff700 1 --2- 172.21.15.53:0/3193756867 >> [v2:172.21.15.53:3300/0,v1:172.21.15.53:6789/0] conn(0x7feef8104300 0x7feef8104710 secure :-1 s=READY pgs=70 cs=0 l=1 rev1=1 crypto rx=0x7feee80098a0 tx=0x7feee8009bb0 comp rx=0 tx=0).ready entity=mon.0 client_cookie=308d808bf1af8192 server_cookie=0 in_seq=0 out_seq=0
2023-11-27T15:16:29.736 INFO:teuthology.orchestra.run.smithi053.stdout:/usr/bin/ceph: stderr
2023-11-27T15:16:28.889+0000 7feef6ffd700 1 -- 172.21.15.53:0/3193756867 <== mon.0 v2:172.21.15.53:3300/0 1 ==== mon_map magic: 0 v1 ==== 205+0+0 (secure 0 0 0) 0x7feee8004160 con 0x7feef8104300
2023-11-27T15:16:29.736 INFO:teuthology.orchestra.run.smithi053.stdout:/usr/bin/ceph: stderr
2023-11-27T15:16:28.889+0000 7feef6ffd700 1 -- 172.21.15.53:0/3193756867 <== mon.0 v2:172.21.15.53:3300/0 2 ==== config(26 keys) v1 ==== 1105+0+0 (secure 0 0 0) 0x7feee80042c0 con 0x7feef8104300
2023-11-27T15:16:29.737 INFO:teuthology.orchestra.run.smithi053.stdout:/usr/bin/ceph: stderr
2023-11-27T15:16:28.889+0000 7feef6ffd700 1 -- 172.21.15.53:0/3193756867 <== mon.0 v2:172.21.15.53:3300/0 3 ==== mon_map magic: 0 v1 ==== 205+0+0 (secure 0 0 0) 0x7feee80119b0 con 0x7feef8104300
2023-11-27T15:16:29.737 INFO:teuthology.orchestra.run.smithi053.stdout:/usr/bin/ceph: stderr
2023-11-27T15:16:28.890+0000 7feefe830700 1 -- 172.21.15.53:0/3193756867 >> [v2:172.21.15.53:3300/0,v1:172.21.15.53:6789/0] conn(0x7feef8104300 msgr2=0x7feef8104710 secure :-1 s=STATE_CONNECTION_ESTABLISHED l=1).mark_down
2023-11-27T15:16:29.737 INFO:teuthology.orchestra.run.smithi053.stdout:/usr/bin/ceph: stderr
2023-11-27T15:16:28.890+0000 7feefe830700 1 --2- 172.21.15.53:0/3193756867 >> [v2:172.21.15.53:3300/0,v1:172.21.15.53:6789/0] conn(0x7feef8104300 0x7feef8104710 secure :-1 s=READY pgs=70 cs=0 l=1 rev1=1 crypto rx=0x7feee80098a0 tx=0x7feee8009bb0 comp rx=0 tx=0).stop
2023-11-27T15:16:29.737 INFO:teuthology.orchestra.run.smithi053.stdout:/usr/bin/ceph: stderr
2023-11-27T15:16:28.890+0000 7feefe830700 1 -- 172.21.15.53:0/3193756867 shutdown_connections
2023-11-27T15:16:29.737 INFO:teuthology.orchestra.run.smithi053.stdout:/usr/bin/ceph: stderr
2023-11-27T15:16:28.890+0000 7feefe830700 1 --2- 172.21.15.53:0/3193756867 >> [v2:172.21.15.53:3300/0,v1:172.21.15.53:6789/0] conn(0x7feef8104300 0x7feef8104710 unknown :-1 s=CLOSED pgs=70 cs=0 l=1 rev1=1 crypto rx=0 tx=0 comp rx=0 tx=0).stop
2023-11-27T15:16:29.737 INFO:teuthology.orchestra.run.smithi053.stdout:/usr/bin/ceph: stderr
2023-11-27T15:16:28.890+0000 7feefe830700 1 -- 172.21.15.53:0/3193756867 >> 172.21.15.53:0/3193756867 conn(0x7feef80ffed0 msgr2=0x7feef8102300 unknown :-1 s=STATE_NONE l=0).mark_down
2023-11-27T15:16:29.737 INFO:teuthology.orchestra.run.smithi053.stdout:/usr/bin/ceph: stderr
2023-11-27T15:16:28.891+0000 7feefe830700 1 -- 172.21.15.53:0/3193756867 shutdown_connections
2023-11-27T15:16:29.737 INFO:teuthology.orchestra.run.smithi053.stdout:/usr/bin/ceph: stderr
2023-11-27T15:16:28.891+0000 7feefe830700 1 -- 172.21.15.53:0/3193756867 wait complete.
2023-11-27T15:16:29.737 INFO:teuthology.orchestra.run.smithi053.stdout:/usr/bin/ceph: stderr
2023-11-27T15:16:28.892+0000 7feefe830700 1 Processor -- start
2023-11-27T15:16:29.737 INFO:teuthology.orchestra.run.smithi053.stdout:/usr/bin/ceph: stderr
2023-11-27T15:16:28.893+0000 7feefe830700 1 -- start start
2023-11-27T15:16:29.737 INFO:teuthology.orchestra.run.smithi053.stdout:/usr/bin/ceph: stderr
2023-11-27T15:16:28.893+0000 7feefe830700 1 --2- >> [v2:172.21.15.53:3300/0,v1:172.21.15.53:6789/0] conn(0x7feef8104300 0x7feef819b9c0 unknown :-1 s=NONE pgs=0 cs=0 l=1 rev1=0 crypto rx=0 tx=0 comp rx=0 tx=0).connect
2023-11-27T15:16:29.737 INFO:teuthology.orchestra.run.smithi053.stdout:/usr/bin/ceph: stderr
2023-11-27T15:16:28.893+0000 7feefe830700 1 -- --> [v2:172.21.15.53:3300/0,v1:172.21.15.53:6789/0] -- mon_getmap magic: 0 v1 -- 0x7feef819bf00 con 0x7feef8104300
2023-11-27T15:16:29.738 INFO:teuthology.orchestra.run.smithi053.stdout:/usr/bin/ceph: stderr
2023-11-27T15:16:28.893+0000 7feef7fff700 1 --2- >> [v2:172.21.15.53:3300/0,v1:172.21.15.53:6789/0] conn(0x7feef8104300 0x7feef819b9c0 unknown :-1 s=BANNER_CONNECTING pgs=0 cs=0 l=1 rev1=0 crypto rx=0 tx=0 comp rx=0 tx=0)._handle_peer_banner_payload supported=3 required=0
2023-11-27T15:16:29.738 INFO:teuthology.orchestra.run.smithi053.stdout:/usr/bin/ceph: stderr
2023-11-27T15:16:28.893+0000 7feef7fff700 1 --2- >> [v2:172.21.15.53:3300/0,v1:172.21.15.53:6789/0] conn(0x7feef8104300 0x7feef819b9c0 unknown :-1 s=HELLO_CONNECTING pgs=0 cs=0 l=1 rev1=1 crypto rx=0 tx=0 comp rx=0 tx=0).handle_hello peer v2:172.21.15.53:3300/0 says I am v2:172.21.15.53:47484/0 (socket says 172.21.15.53:47484)
2023-11-27T15:16:29.738 INFO:teuthology.orchestra.run.smithi053.stdout:/usr/bin/ceph: stderr
2023-11-27T15:16:28.893+0000 7feef7fff700 1 -- 172.21.15.53:0/505343527 learned_addr learned my addr 172.21.15.53:0/505343527 (peer_addr_for_me v2:172.21.15.53:0/0)
2023-11-27T15:16:29.738 INFO:teuthology.orchestra.run.smithi053.stdout:/usr/bin/ceph: stderr
2023-11-27T15:16:28.894+0000 7feef7fff700 1 -- 172.21.15.53:0/505343527 --> [v2:172.21.15.53:3300/0,v1:172.21.15.53:6789/0] -- mon_subscribe({config=0+,monmap=0+}) v3 -- 0x7feee8009550 con 0x7feef8104300
2023-11-27T15:16:29.738 INFO:teuthology.orchestra.run.smithi053.stdout:/usr/bin/ceph: stderr
2023-11-27T15:16:28.894+0000 7feef7fff700 1 --2- 172.21.15.53:0/505343527 >> [v2:172.21.15.53:3300/0,v1:172.21.15.53:6789/0] conn(0x7feef8104300 0x7feef819b9c0 secure :-1 s=READY pgs=71 cs=0 l=1 rev1=1 crypto rx=0x7feee8011980 tx=0x7feee8011a60 comp rx=0 tx=0).ready entity=mon.0 client_cookie=0 server_cookie=0 in_seq=0 out_seq=0
2023-11-27T15:16:29.738 INFO:teuthology.orchestra.run.smithi053.stdout:/usr/bin/ceph: stderr
2023-11-27T15:16:28.894+0000 7feef57fa700 1 -- 172.21.15.53:0/505343527 <== mon.0 v2:172.21.15.53:3300/0 1 ==== mon_map magic: 0 v1 ==== 205+0+0 (secure 0 0 0) 0x7feee8003a60 con 0x7feef8104300
2023-11-27T15:16:29.738 INFO:teuthology.orchestra.run.smithi053.stdout:/usr/bin/ceph: stderr
2023-11-27T15:16:28.895+0000 7feef57fa700 1 -- 172.21.15.53:0/505343527 <== mon.0 v2:172.21.15.53:3300/0 2 ==== config(26 keys) v1 ==== 1105+0+0 (secure 0 0 0) 0x7feee8003bc0 con 0x7feef8104300
2023-11-27T15:16:29.738 INFO:teuthology.orchestra.run.smithi053.stdout:/usr/bin/ceph: stderr
2023-11-27T15:16:28.895+0000 7feefe830700 1 -- 172.21.15.53:0/505343527 --> [v2:172.21.15.53:3300/0,v1:172.21.15.53:6789/0] -- mon_subscribe({mgrmap=0+}) v3 -- 0x7feef8105c90 con 0x7feef8104300
2023-11-27T15:16:29.738 INFO:teuthology.orchestra.run.smithi053.stdout:/usr/bin/ceph: stderr
2023-11-27T15:16:28.895+0000 7feef57fa700 1 -- 172.21.15.53:0/505343527 <== mon.0 v2:172.21.15.53:3300/0 3 ==== mon_map magic: 0 v1 ==== 205+0+0 (secure 0 0 0) 0x7feee801a670 con 0x7feef8104300
2023-11-27T15:16:29.738 INFO:teuthology.orchestra.run.smithi053.stdout:/usr/bin/ceph: stderr
2023-11-27T15:16:28.895+0000 7feefe830700 1 -- 172.21.15.53:0/505343527 --> [v2:172.21.15.53:3300/0,v1:172.21.15.53:6789/0] -- mon_subscribe({osdmap=0}) v3 -- 0x7feef8105b00 con 0x7feef8104300
2023-11-27T15:16:29.738 INFO:teuthology.orchestra.run.smithi053.stdout:/usr/bin/ceph: stderr
2023-11-27T15:16:28.896+0000 7feefe830700 1 -- 172.21.15.53:0/505343527 --> [v2:172.21.15.53:3300/0,v1:172.21.15.53:6789/0] -- mon_command({"prefix": "get_command_descriptions"} v 0) v1 -- 0x7feef8105e20 con 0x7feef8104300
2023-11-27T15:16:29.738 INFO:teuthology.orchestra.run.smithi053.stdout:/usr/bin/ceph: stderr
2023-11-27T15:16:28.896+0000 7feef57fa700 1 -- 172.21.15.53:0/505343527 <== mon.0 v2:172.21.15.53:3300/0 4 ==== mgrmap(e 12) v1 ==== 45496+0+0 (secure 0 0 0) 0x7feee8024a00 con 0x7feef8104300
2023-11-27T15:16:29.739 INFO:teuthology.orchestra.run.smithi053.stdout:/usr/bin/ceph: stderr
2023-11-27T15:16:28.897+0000 7feef57fa700 1 --2- 172.21.15.53:0/505343527 >> [v2:172.21.15.53:6800/3321062788,v1:172.21.15.53:6801/3321062788] conn(0x7feee00387b0 0x7feee003ac60 unknown :-1 s=NONE pgs=0 cs=0 l=1 rev1=0 crypto rx=0 tx=0 comp rx=0 tx=0).connect
2023-11-27T15:16:29.739 INFO:teuthology.orchestra.run.smithi053.stdout:/usr/bin/ceph: stderr
2023-11-27T15:16:28.897+0000 7feef57fa700 1 -- 172.21.15.53:0/505343527 <== mon.0 v2:172.21.15.53:3300/0 5 ==== osd_map(3..3 src has 1..3) v4 ==== 1155+0+0 (secure 0 0 0) 0x7feee804c970 con 0x7feef8104300
2023-11-27T15:16:29.739 INFO:teuthology.orchestra.run.smithi053.stdout:/usr/bin/ceph: stderr
2023-11-27T15:16:28.897+0000 7feef77fe700 1 --2- 172.21.15.53:0/505343527 >> [v2:172.21.15.53:6800/3321062788,v1:172.21.15.53:6801/3321062788] conn(0x7feee00387b0 0x7feee003ac60 unknown :-1 s=BANNER_CONNECTING pgs=0 cs=0 l=1 rev1=0 crypto rx=0 tx=0 comp rx=0 tx=0)._handle_peer_banner_payload supported=3 required=0
2023-11-27T15:16:29.739 INFO:teuthology.orchestra.run.smithi053.stdout:/usr/bin/ceph: stderr
2023-11-27T15:16:28.898+0000 7feef77fe700 1 --2- 172.21.15.53:0/505343527 >> [v2:172.21.15.53:6800/3321062788,v1:172.21.15.53:6801/3321062788] conn(0x7feee00387b0 0x7feee003ac60 secure :-1 s=READY pgs=9 cs=0 l=1 rev1=1 crypto rx=0x7feeec006fd0 tx=0x7feeec006e40 comp rx=0 tx=0).ready entity=mgr.14148 client_cookie=0 server_cookie=0 in_seq=0 out_seq=0
2023-11-27T15:16:29.739 INFO:teuthology.orchestra.run.smithi053.stdout:/usr/bin/ceph: stderr
2023-11-27T15:16:28.902+0000 7feef57fa700 1 -- 172.21.15.53:0/505343527 <== mon.0 v2:172.21.15.53:3300/0 6 ==== mon_command_ack([{"prefix": "get_command_descriptions"}]=0 v0) v1 ==== 72+0+177948 (secure 0 0 0) 0x7feee8018b80 con 0x7feef8104300
2023-11-27T15:16:29.739 INFO:teuthology.orchestra.run.smithi053.stdout:/usr/bin/ceph: stderr
2023-11-27T15:16:29.115+0000 7feefe830700 1 -- 172.21.15.53:0/505343527 --> [v2:172.21.15.53:3300/0,v1:172.21.15.53:6789/0] -- mon_command({"prefix": "config get", "who": "mgr", "key": "mgr/dashboard/ssl_server_port"} v 0) v1 -- 0x7feef819c690 con 0x7feef8104300
2023-11-27T15:16:29.739 INFO:teuthology.orchestra.run.smithi053.stdout:/usr/bin/ceph: stderr
2023-11-27T15:16:29.116+0000 7feef57fa700 1 -- 172.21.15.53:0/505343527 <== mon.0 v2:172.21.15.53:3300/0 7 ==== mon_command_ack([{"prefix": "config get", "who": "mgr", "key": "mgr/dashboard/ssl_server_port"}]=0 v8) v1 ==== 112+0+5 (secure 0 0 0) 0x7feee804c260 con 0x7feef8104300
2023-11-27T15:16:29.739 INFO:teuthology.orchestra.run.smithi053.stdout:/usr/bin/ceph: stderr
2023-11-27T15:16:29.118+0000 7feefe830700 1 -- 172.21.15.53:0/505343527 >> [v2:172.21.15.53:6800/3321062788,v1:172.21.15.53:6801/3321062788] conn(0x7feee00387b0 msgr2=0x7feee003ac60 secure :-1 s=STATE_CONNECTION_ESTABLISHED l=1).mark_down
2023-11-27T15:16:29.739 INFO:teuthology.orchestra.run.smithi053.stdout:/usr/bin/ceph: stderr
2023-11-27T15:16:29.118+0000 7feefe830700 1 --2- 172.21.15.53:0/505343527 >> [v2:172.21.15.53:6800/3321062788,v1:172.21.15.53:6801/3321062788] conn(0x7feee00387b0 0x7feee003ac60 secure :-1 s=READY pgs=9 cs=0 l=1 rev1=1 crypto rx=0x7feeec006fd0 tx=0x7feeec006e40 comp rx=0 tx=0).stop
2023-11-27T15:16:29.739 INFO:teuthology.orchestra.run.smithi053.stdout:/usr/bin/ceph: stderr
2023-11-27T15:16:29.118+0000 7feefe830700 1 -- 172.21.15.53:0/505343527 >> [v2:172.21.15.53:3300/0,v1:172.21.15.53:6789/0] conn(0x7feef8104300 msgr2=0x7feef819b9c0 secure :-1 s=STATE_CONNECTION_ESTABLISHED l=1).mark_down
2023-11-27T15:16:29.739 INFO:teuthology.orchestra.run.smithi053.stdout:/usr/bin/ceph: stderr
2023-11-27T15:16:29.118+0000 7feefe830700 1 --2- 172.21.15.53:0/505343527 >> [v2:172.21.15.53:3300/0,v1:172.21.15.53:6789/0] conn(0x7feef8104300 0x7feef819b9c0 secure :-1 s=READY pgs=71 cs=0 l=1 rev1=1 crypto rx=0x7feee8011980 tx=0x7feee8011a60 comp rx=0 tx=0).stop
2023-11-27T15:16:29.739 INFO:teuthology.orchestra.run.smithi053.stdout:/usr/bin/ceph: stderr
2023-11-27T15:16:29.118+0000 7feefe830700 1 -- 172.21.15.53:0/505343527 shutdown_connections
2023-11-27T15:16:29.740 INFO:teuthology.orchestra.run.smithi053.stdout:/usr/bin/ceph: stderr
2023-11-27T15:16:29.118+0000 7feefe830700 1 --2- 172.21.15.53:0/505343527 >> [v2:172.21.15.53:6800/3321062788,v1:172.21.15.53:6801/3321062788] conn(0x7feee00387b0 0x7feee003ac60 unknown :-1 s=CLOSED pgs=9 cs=0 l=1 rev1=1 crypto rx=0 tx=0 comp rx=0 tx=0).stop
2023-11-27T15:16:29.740 INFO:teuthology.orchestra.run.smithi053.stdout:/usr/bin/ceph: stderr
2023-11-27T15:16:29.118+0000 7feefe830700 1 --2- 172.21.15.53:0/505343527 >> [v2:172.21.15.53:3300/0,v1:172.21.15.53:6789/0] conn(0x7feef8104300 0x7feef819b9c0 unknown :-1 s=CLOSED pgs=71 cs=0 l=1 rev1=1 crypto rx=0 tx=0 comp rx=0 tx=0).stop
2023-11-27T15:16:29.740 INFO:teuthology.orchestra.run.smithi053.stdout:/usr/bin/ceph: stderr
2023-11-27T15:16:29.118+0000 7feefe830700 1 -- 172.21.15.53:0/505343527 >> 172.21.15.53:0/505343527 conn(0x7feef80ffed0 msgr2=0x7feef818fec0 unknown :-1 s=STATE_NONE l=0).mark_down
2023-11-27T15:16:29.740 INFO:teuthology.orchestra.run.smithi053.stdout:/usr/bin/ceph: stderr
2023-11-27T15:16:29.119+0000 7feefe830700 1 -- 172.21.15.53:0/505343527 shutdown_connections
2023-11-27T15:16:29.740 INFO:teuthology.orchestra.run.smithi053.stdout:/usr/bin/ceph: stderr
2023-11-27T15:16:29.119+0000 7feefe830700 1 -- 172.21.15.53:0/505343527 wait complete.
2023-11-27T15:16:29.757 INFO:teuthology.orchestra.run.smithi053.stdout:Non-zero exit code 1 from systemctl is-enabled firewalld.service
2023-11-27T15:16:29.757 INFO:teuthology.orchestra.run.smithi053.stdout:systemctl: stdout disabled
2023-11-27T15:16:29.773 INFO:teuthology.orchestra.run.smithi053.stdout:Non-zero exit code 3 from systemctl is-active firewalld.service
2023-11-27T15:16:29.774 INFO:teuthology.orchestra.run.smithi053.stdout:systemctl: stdout inactive
2023-11-27T15:16:29.774 INFO:teuthology.orchestra.run.smithi053.stdout:firewalld.service is not enabled
2023-11-27T15:16:29.774 INFO:teuthology.orchestra.run.smithi053.stdout:Not possible to open ports <[8443]>. firewalld.service is not available
2023-11-27T15:16:29.776 INFO:teuthology.orchestra.run.smithi053.stdout:Ceph Dashboard is now available at:
2023-11-27T15:16:29.776 INFO:teuthology.orchestra.run.smithi053.stdout:
2023-11-27T15:16:29.776 INFO:teuthology.orchestra.run.smithi053.stdout: URL: https://smithi053.front.sepia.ceph.com:8443/
2023-11-27T15:16:29.776 INFO:teuthology.orchestra.run.smithi053.stdout: User: admin
2023-11-27T15:16:29.776 INFO:teuthology.orchestra.run.smithi053.stdout: Password: uvpx09lt3r
2023-11-27T15:16:29.776 INFO:teuthology.orchestra.run.smithi053.stdout:
2023-11-27T15:16:29.777 INFO:teuthology.orchestra.run.smithi053.stdout:Saving cluster configuration to /var/lib/ceph/94c21f2a-8d37-11ee-95a2-87774f69a715/config directory
2023-11-27T15:16:29.777 INFO:teuthology.orchestra.run.smithi053.stdout:Enabling autotune for osd_memory_target
2023-11-27T15:16:30.261 INFO:journalctl@ceph.mon.a.smithi053.stdout:Nov 27 15:16:30 smithi053 ceph-mon[128711]: from='client.? 172.21.15.53:0/505343527' entity='client.admin' cmd=[{"prefix": "config get", "who": "mgr", "key": "mgr/dashboard/ssl_server_port"}]: dispatch
2023-11-27T15:16:31.263 INFO:teuthology.orchestra.run.smithi053.stdout:/usr/bin/ceph: stderr
2023-11-27T15:16:30.491+0000 7fc00642a700 1 Processor -- start
2023-11-27T15:16:31.263 INFO:teuthology.orchestra.run.smithi053.stdout:/usr/bin/ceph: stderr
2023-11-27T15:16:30.491+0000 7fc00642a700 1 -- start start
2023-11-27T15:16:31.263 INFO:teuthology.orchestra.run.smithi053.stdout:/usr/bin/ceph: stderr
2023-11-27T15:16:30.491+0000 7fc00642a700 1 --2- >> [v2:172.21.15.53:3300/0,v1:172.21.15.53:6789/0] conn(0x7fc00007be10 0x7fc00007a270 unknown :-1 s=NONE pgs=0 cs=0 l=0 rev1=0 crypto rx=0 tx=0 comp rx=0 tx=0).connect
2023-11-27T15:16:31.263 INFO:teuthology.orchestra.run.smithi053.stdout:/usr/bin/ceph: stderr
2023-11-27T15:16:30.491+0000 7fc00642a700 1 -- --> [v2:172.21.15.53:3300/0,v1:172.21.15.53:6789/0] -- mon_getmap magic: 0 v1 -- 0x7fc00007a840 con 0x7fc00007be10
2023-11-27T15:16:31.264 INFO:teuthology.orchestra.run.smithi053.stdout:/usr/bin/ceph: stderr
2023-11-27T15:16:30.492+0000 7fbffffff700 1 --2- >> [v2:172.21.15.53:3300/0,v1:172.21.15.53:6789/0] conn(0x7fc00007be10 0x7fc00007a270 unknown :-1 s=BANNER_CONNECTING pgs=0 cs=0 l=0 rev1=0 crypto rx=0 tx=0 comp rx=0 tx=0)._handle_peer_banner_payload supported=3 required=0
2023-11-27T15:16:31.264 INFO:teuthology.orchestra.run.smithi053.stdout:/usr/bin/ceph: stderr
2023-11-27T15:16:30.492+0000 7fbffffff700 1 --2- >> [v2:172.21.15.53:3300/0,v1:172.21.15.53:6789/0] conn(0x7fc00007be10 0x7fc00007a270 unknown :-1 s=HELLO_CONNECTING pgs=0 cs=0 l=0 rev1=1 crypto rx=0 tx=0 comp rx=0 tx=0).handle_hello peer v2:172.21.15.53:3300/0 says I am v2:172.21.15.53:47494/0 (socket says 172.21.15.53:47494)
2023-11-27T15:16:31.264 INFO:teuthology.orchestra.run.smithi053.stdout:/usr/bin/ceph: stderr
2023-11-27T15:16:30.492+0000 7fbffffff700 1 -- 172.21.15.53:0/1337808782 learned_addr learned my addr 172.21.15.53:0/1337808782 (peer_addr_for_me v2:172.21.15.53:0/0)
2023-11-27T15:16:31.264 INFO:teuthology.orchestra.run.smithi053.stdout:/usr/bin/ceph: stderr
2023-11-27T15:16:30.492+0000 7fbffffff700 1 -- 172.21.15.53:0/1337808782 --> [v2:172.21.15.53:3300/0,v1:172.21.15.53:6789/0] -- mon_subscribe({config=0+,monmap=0+}) v3 -- 0x7fc00007a980 con 0x7fc00007be10
2023-11-27T15:16:31.264 INFO:teuthology.orchestra.run.smithi053.stdout:/usr/bin/ceph: stderr
2023-11-27T15:16:30.492+0000 7fbffffff700 1 --2- 172.21.15.53:0/1337808782 >> [v2:172.21.15.53:3300/0,v1:172.21.15.53:6789/0] conn(0x7fc00007be10 0x7fc00007a270 secure :-1 s=READY pgs=72 cs=0 l=1 rev1=1 crypto rx=0x7fbff00098a0 tx=0x7fbff0009bb0 comp rx=0 tx=0).ready entity=mon.0 client_cookie=72784e25a6c58500 server_cookie=0 in_seq=0 out_seq=0
2023-11-27T15:16:31.264 INFO:teuthology.orchestra.run.smithi053.stdout:/usr/bin/ceph: stderr
2023-11-27T15:16:30.492+0000 7fbffeffd700 1 -- 172.21.15.53:0/1337808782 <== mon.0 v2:172.21.15.53:3300/0 1 ==== mon_map magic: 0 v1 ==== 205+0+0 (secure 0 0 0) 0x7fbff0004160 con 0x7fc00007be10
2023-11-27T15:16:31.264 INFO:teuthology.orchestra.run.smithi053.stdout:/usr/bin/ceph: stderr
2023-11-27T15:16:30.493+0000 7fbffeffd700 1 -- 172.21.15.53:0/1337808782 <== mon.0 v2:172.21.15.53:3300/0 2 ==== config(26 keys) v1 ==== 1105+0+0 (secure 0 0 0) 0x7fbff00042c0 con 0x7fc00007be10
2023-11-27T15:16:31.264 INFO:teuthology.orchestra.run.smithi053.stdout:/usr/bin/ceph: stderr
2023-11-27T15:16:30.493+0000 7fbffeffd700 1 -- 172.21.15.53:0/1337808782 <== mon.0 v2:172.21.15.53:3300/0 3 ==== mon_map magic: 0 v1 ==== 205+0+0 (secure 0 0 0) 0x7fbff00119b0 con 0x7fc00007be10
2023-11-27T15:16:31.264 INFO:teuthology.orchestra.run.smithi053.stdout:/usr/bin/ceph: stderr
2023-11-27T15:16:30.493+0000 7fc00642a700 1 -- 172.21.15.53:0/1337808782 >> [v2:172.21.15.53:3300/0,v1:172.21.15.53:6789/0] conn(0x7fc00007be10 msgr2=0x7fc00007a270 secure :-1 s=STATE_CONNECTION_ESTABLISHED l=1).mark_down
