2023-11-27T15:16:11.536+0000 7fb64affd700 1 -- 172.21.15.53:0/237068711 <== mon.0 v2:172.21.15.53:3300/0 3 ==== mon_map magic: 0 v1 ==== 205+0+0 (secure 0 0 0) 0x7fb63c0119b0 con 0x7fb64c105a20
2023-11-27T15:16:12.209 INFO:teuthology.orchestra.run.smithi053.stdout:/usr/bin/ceph: stderr
2023-11-27T15:16:11.537+0000 7fb65249d700 1 -- 172.21.15.53:0/237068711 >> [v2:172.21.15.53:3300/0,v1:172.21.15.53:6789/0] conn(0x7fb64c105a20 msgr2=0x7fb64c105e30 secure :-1 s=STATE_CONNECTION_ESTABLISHED l=1).mark_down
2023-11-27T15:16:12.209 INFO:teuthology.orchestra.run.smithi053.stdout:/usr/bin/ceph: stderr
2023-11-27T15:16:11.537+0000 7fb65249d700 1 --2- 172.21.15.53:0/237068711 >> [v2:172.21.15.53:3300/0,v1:172.21.15.53:6789/0] conn(0x7fb64c105a20 0x7fb64c105e30 secure :-1 s=READY pgs=47 cs=0 l=1 rev1=1 crypto rx=0x7fb63c0098a0 tx=0x7fb63c009bb0 comp rx=0 tx=0).stop
2023-11-27T15:16:12.209 INFO:teuthology.orchestra.run.smithi053.stdout:/usr/bin/ceph: stderr
2023-11-27T15:16:11.537+0000 7fb65249d700 1 -- 172.21.15.53:0/237068711 shutdown_connections
2023-11-27T15:16:12.209 INFO:teuthology.orchestra.run.smithi053.stdout:/usr/bin/ceph: stderr
2023-11-27T15:16:11.537+0000 7fb65249d700 1 --2- 172.21.15.53:0/237068711 >> [v2:172.21.15.53:3300/0,v1:172.21.15.53:6789/0] conn(0x7fb64c105a20 0x7fb64c105e30 unknown :-1 s=CLOSED pgs=47 cs=0 l=1 rev1=1 crypto rx=0 tx=0 comp rx=0 tx=0).stop
2023-11-27T15:16:12.209 INFO:teuthology.orchestra.run.smithi053.stdout:/usr/bin/ceph: stderr
2023-11-27T15:16:11.537+0000 7fb65249d700 1 -- 172.21.15.53:0/237068711 >> 172.21.15.53:0/237068711 conn(0x7fb64c100fd0 msgr2=0x7fb64c103400 unknown :-1 s=STATE_NONE l=0).mark_down
2023-11-27T15:16:12.209 INFO:teuthology.orchestra.run.smithi053.stdout:/usr/bin/ceph: stderr
2023-11-27T15:16:11.537+0000 7fb65249d700 1 -- 172.21.15.53:0/237068711 shutdown_connections
2023-11-27T15:16:12.209 INFO:teuthology.orchestra.run.smithi053.stdout:/usr/bin/ceph: stderr
2023-11-27T15:16:11.537+0000 7fb65249d700 1 -- 172.21.15.53:0/237068711 wait complete.
2023-11-27T15:16:12.209 INFO:teuthology.orchestra.run.smithi053.stdout:/usr/bin/ceph: stderr
2023-11-27T15:16:11.538+0000 7fb65249d700 1 Processor -- start
2023-11-27T15:16:12.209 INFO:teuthology.orchestra.run.smithi053.stdout:/usr/bin/ceph: stderr
2023-11-27T15:16:11.539+0000 7fb65249d700 1 -- start start
2023-11-27T15:16:12.209 INFO:teuthology.orchestra.run.smithi053.stdout:/usr/bin/ceph: stderr
2023-11-27T15:16:11.539+0000 7fb65249d700 1 --2- >> [v2:172.21.15.53:3300/0,v1:172.21.15.53:6789/0] conn(0x7fb64c105a20 0x7fb64c07bc00 unknown :-1 s=NONE pgs=0 cs=0 l=1 rev1=0 crypto rx=0 tx=0 comp rx=0 tx=0).connect
2023-11-27T15:16:12.210 INFO:teuthology.orchestra.run.smithi053.stdout:/usr/bin/ceph: stderr
2023-11-27T15:16:11.539+0000 7fb65249d700 1 -- --> [v2:172.21.15.53:3300/0,v1:172.21.15.53:6789/0] -- mon_getmap magic: 0 v1 -- 0x7fb64c07c140 con 0x7fb64c105a20
2023-11-27T15:16:12.210 INFO:teuthology.orchestra.run.smithi053.stdout:/usr/bin/ceph: stderr
2023-11-27T15:16:11.539+0000 7fb64bfff700 1 --2- >> [v2:172.21.15.53:3300/0,v1:172.21.15.53:6789/0] conn(0x7fb64c105a20 0x7fb64c07bc00 unknown :-1 s=BANNER_CONNECTING pgs=0 cs=0 l=1 rev1=0 crypto rx=0 tx=0 comp rx=0 tx=0)._handle_peer_banner_payload supported=3 required=0
2023-11-27T15:16:12.210 INFO:teuthology.orchestra.run.smithi053.stdout:/usr/bin/ceph: stderr
2023-11-27T15:16:11.539+0000 7fb64bfff700 1 --2- >> [v2:172.21.15.53:3300/0,v1:172.21.15.53:6789/0] conn(0x7fb64c105a20 0x7fb64c07bc00 unknown :-1 s=HELLO_CONNECTING pgs=0 cs=0 l=1 rev1=1 crypto rx=0 tx=0 comp rx=0 tx=0).handle_hello peer v2:172.21.15.53:3300/0 says I am v2:172.21.15.53:52502/0 (socket says 172.21.15.53:52502)
2023-11-27T15:16:12.210 INFO:teuthology.orchestra.run.smithi053.stdout:/usr/bin/ceph: stderr
2023-11-27T15:16:11.539+0000 7fb64bfff700 1 -- 172.21.15.53:0/480787853 learned_addr learned my addr 172.21.15.53:0/480787853 (peer_addr_for_me v2:172.21.15.53:0/0)
2023-11-27T15:16:12.210 INFO:teuthology.orchestra.run.smithi053.stdout:/usr/bin/ceph: stderr
2023-11-27T15:16:11.539+0000 7fb64bfff700 1 -- 172.21.15.53:0/480787853 --> [v2:172.21.15.53:3300/0,v1:172.21.15.53:6789/0] -- mon_subscribe({config=0+,monmap=0+}) v3 -- 0x7fb63c009550 con 0x7fb64c105a20
2023-11-27T15:16:12.210 INFO:teuthology.orchestra.run.smithi053.stdout:/usr/bin/ceph: stderr
2023-11-27T15:16:11.540+0000 7fb64bfff700 1 --2- 172.21.15.53:0/480787853 >> [v2:172.21.15.53:3300/0,v1:172.21.15.53:6789/0] conn(0x7fb64c105a20 0x7fb64c07bc00 secure :-1 s=READY pgs=48 cs=0 l=1 rev1=1 crypto rx=0x7fb63c000c00 tx=0x7fb63c011a30 comp rx=0 tx=0).ready entity=mon.0 client_cookie=0 server_cookie=0 in_seq=0 out_seq=0
2023-11-27T15:16:12.210 INFO:teuthology.orchestra.run.smithi053.stdout:/usr/bin/ceph: stderr
2023-11-27T15:16:11.540+0000 7fb6497fa700 1 -- 172.21.15.53:0/480787853 <== mon.0 v2:172.21.15.53:3300/0 1 ==== mon_map magic: 0 v1 ==== 205+0+0 (secure 0 0 0) 0x7fb63c0039f0 con 0x7fb64c105a20
2023-11-27T15:16:12.210 INFO:teuthology.orchestra.run.smithi053.stdout:/usr/bin/ceph: stderr
2023-11-27T15:16:11.540+0000 7fb6497fa700 1 -- 172.21.15.53:0/480787853 <== mon.0 v2:172.21.15.53:3300/0 2 ==== config(26 keys) v1 ==== 1105+0+0 (secure 0 0 0) 0x7fb63c003b50 con 0x7fb64c105a20
2023-11-27T15:16:12.210 INFO:teuthology.orchestra.run.smithi053.stdout:/usr/bin/ceph: stderr
2023-11-27T15:16:11.540+0000 7fb6497fa700 1 -- 172.21.15.53:0/480787853 <== mon.0 v2:172.21.15.53:3300/0 3 ==== mon_map magic: 0 v1 ==== 205+0+0 (secure 0 0 0) 0x7fb63c01a780 con 0x7fb64c105a20
2023-11-27T15:16:12.210 INFO:teuthology.orchestra.run.smithi053.stdout:/usr/bin/ceph: stderr
2023-11-27T15:16:11.540+0000 7fb65249d700 1 -- 172.21.15.53:0/480787853 --> [v2:172.21.15.53:3300/0,v1:172.21.15.53:6789/0] -- mon_subscribe({mgrmap=0+}) v3 -- 0x7fb64c109fe0 con 0x7fb64c105a20
2023-11-27T15:16:12.210 INFO:teuthology.orchestra.run.smithi053.stdout:/usr/bin/ceph: stderr
2023-11-27T15:16:11.540+0000 7fb65249d700 1 -- 172.21.15.53:0/480787853 --> [v2:172.21.15.53:3300/0,v1:172.21.15.53:6789/0] -- mon_subscribe({osdmap=0}) v3 -- 0x7fb64c109e50 con 0x7fb64c105a20
2023-11-27T15:16:12.210 INFO:teuthology.orchestra.run.smithi053.stdout:/usr/bin/ceph: stderr
2023-11-27T15:16:11.541+0000 7fb65249d700 1 -- 172.21.15.53:0/480787853 --> [v2:172.21.15.53:3300/0,v1:172.21.15.53:6789/0] -- mon_command({"prefix": "get_command_descriptions"} v 0) v1 -- 0x7fb64c10a170 con 0x7fb64c105a20
2023-11-27T15:16:12.210 INFO:teuthology.orchestra.run.smithi053.stdout:/usr/bin/ceph: stderr
2023-11-27T15:16:11.542+0000 7fb6497fa700 1 -- 172.21.15.53:0/480787853 <== mon.0 v2:172.21.15.53:3300/0 4 ==== mgrmap(e 8) v1 ==== 45483+0+0 (secure 0 0 0) 0x7fb63c024440 con 0x7fb64c105a20
2023-11-27T15:16:12.211 INFO:teuthology.orchestra.run.smithi053.stdout:/usr/bin/ceph: stderr
2023-11-27T15:16:11.542+0000 7fb6497fa700 1 --2- 172.21.15.53:0/480787853 >> [v2:172.21.15.53:6800/184223295,v1:172.21.15.53:6801/184223295] conn(0x7fb634038760 0x7fb63403ac10 unknown :-1 s=NONE pgs=0 cs=0 l=1 rev1=0 crypto rx=0 tx=0 comp rx=0 tx=0).connect
2023-11-27T15:16:12.211 INFO:teuthology.orchestra.run.smithi053.stdout:/usr/bin/ceph: stderr
2023-11-27T15:16:11.542+0000 7fb6497fa700 1 -- 172.21.15.53:0/480787853 <== mon.0 v2:172.21.15.53:3300/0 5 ==== osd_map(2..2 src has 1..2) v4 ==== 940+0+0 (secure 0 0 0) 0x7fb63c04c830 con 0x7fb64c105a20
2023-11-27T15:16:12.211 INFO:teuthology.orchestra.run.smithi053.stdout:/usr/bin/ceph: stderr
2023-11-27T15:16:11.542+0000 7fb64b7fe700 1 --2- 172.21.15.53:0/480787853 >> [v2:172.21.15.53:6800/184223295,v1:172.21.15.53:6801/184223295] conn(0x7fb634038760 0x7fb63403ac10 unknown :-1 s=BANNER_CONNECTING pgs=0 cs=0 l=1 rev1=0 crypto rx=0 tx=0 comp rx=0 tx=0)._handle_peer_banner_payload supported=3 required=0
2023-11-27T15:16:12.211 INFO:teuthology.orchestra.run.smithi053.stdout:/usr/bin/ceph: stderr
2023-11-27T15:16:11.543+0000 7fb64b7fe700 1 --2- 172.21.15.53:0/480787853 >> [v2:172.21.15.53:6800/184223295,v1:172.21.15.53:6801/184223295] conn(0x7fb634038760 0x7fb63403ac10 secure :-1 s=READY pgs=14 cs=0 l=1 rev1=1 crypto rx=0x7fb640006fd0 tx=0x7fb640006e40 comp rx=0 tx=0).ready entity=mgr.14116 client_cookie=0 server_cookie=0 in_seq=0 out_seq=0
2023-11-27T15:16:12.211 INFO:teuthology.orchestra.run.smithi053.stdout:/usr/bin/ceph: stderr
2023-11-27T15:16:11.547+0000 7fb6497fa700 1 -- 172.21.15.53:0/480787853 <== mon.0 v2:172.21.15.53:3300/0 6 ==== mon_command_ack([{"prefix": "get_command_descriptions"}]=0 v0) v1 ==== 72+0+177948 (secure 0 0 0) 0x7fb63c0246f0 con 0x7fb64c105a20
2023-11-27T15:16:12.211 INFO:teuthology.orchestra.run.smithi053.stdout:/usr/bin/ceph: stderr
2023-11-27T15:16:11.757+0000 7fb65249d700 1 -- 172.21.15.53:0/480787853 --> [v2:172.21.15.53:3300/0,v1:172.21.15.53:6789/0] -- mon_command([{prefix=config set, name=mgr/cephadm/container_init}] v 0) v1 -- 0x7fb64c07a9b0 con 0x7fb64c105a20
2023-11-27T15:16:12.211 INFO:teuthology.orchestra.run.smithi053.stdout:/usr/bin/ceph: stderr
2023-11-27T15:16:11.761+0000 7fb6497fa700 1 -- 172.21.15.53:0/480787853 <== mon.0 v2:172.21.15.53:3300/0 7 ==== mon_command_ack([{prefix=config set, name=mgr/cephadm/container_init}]=0 v7)=0 v7) v1 ==== 142+0+0 (secure 0 0 0) 0x7fb63c018350 con 0x7fb64c105a20
2023-11-27T15:16:12.211 INFO:teuthology.orchestra.run.smithi053.stdout:/usr/bin/ceph: stderr
2023-11-27T15:16:11.763+0000 7fb65249d700 1 -- 172.21.15.53:0/480787853 >> [v2:172.21.15.53:6800/184223295,v1:172.21.15.53:6801/184223295] conn(0x7fb634038760 msgr2=0x7fb63403ac10 secure :-1 s=STATE_CONNECTION_ESTABLISHED l=1).mark_down
2023-11-27T15:16:12.211 INFO:teuthology.orchestra.run.smithi053.stdout:/usr/bin/ceph: stderr
2023-11-27T15:16:11.763+0000 7fb65249d700 1 --2- 172.21.15.53:0/480787853 >> [v2:172.21.15.53:6800/184223295,v1:172.21.15.53:6801/184223295] conn(0x7fb634038760 0x7fb63403ac10 secure :-1 s=READY pgs=14 cs=0 l=1 rev1=1 crypto rx=0x7fb640006fd0 tx=0x7fb640006e40 comp rx=0 tx=0).stop
2023-11-27T15:16:12.211 INFO:teuthology.orchestra.run.smithi053.stdout:/usr/bin/ceph: stderr
2023-11-27T15:16:11.763+0000 7fb65249d700 1 -- 172.21.15.53:0/480787853 >> [v2:172.21.15.53:3300/0,v1:172.21.15.53:6789/0] conn(0x7fb64c105a20 msgr2=0x7fb64c07bc00 secure :-1 s=STATE_CONNECTION_ESTABLISHED l=1).mark_down
2023-11-27T15:16:12.211 INFO:teuthology.orchestra.run.smithi053.stdout:/usr/bin/ceph: stderr
2023-11-27T15:16:11.763+0000 7fb65249d700 1 --2- 172.21.15.53:0/480787853 >> [v2:172.21.15.53:3300/0,v1:172.21.15.53:6789/0] conn(0x7fb64c105a20 0x7fb64c07bc00 secure :-1 s=READY pgs=48 cs=0 l=1 rev1=1 crypto rx=0x7fb63c000c00 tx=0x7fb63c011a30 comp rx=0 tx=0).stop
2023-11-27T15:16:12.211 INFO:teuthology.orchestra.run.smithi053.stdout:/usr/bin/ceph: stderr
2023-11-27T15:16:11.764+0000 7fb65249d700 1 -- 172.21.15.53:0/480787853 shutdown_connections
2023-11-27T15:16:12.212 INFO:teuthology.orchestra.run.smithi053.stdout:/usr/bin/ceph: stderr
2023-11-27T15:16:11.764+0000 7fb65249d700 1 --2- 172.21.15.53:0/480787853 >> [v2:172.21.15.53:6800/184223295,v1:172.21.15.53:6801/184223295] conn(0x7fb634038760 0x7fb63403ac10 unknown :-1 s=CLOSED pgs=14 cs=0 l=1 rev1=1 crypto rx=0 tx=0 comp rx=0 tx=0).stop
2023-11-27T15:16:12.212 INFO:teuthology.orchestra.run.smithi053.stdout:/usr/bin/ceph: stderr
2023-11-27T15:16:11.764+0000 7fb65249d700 1 --2- 172.21.15.53:0/480787853 >> [v2:172.21.15.53:3300/0,v1:172.21.15.53:6789/0] conn(0x7fb64c105a20 0x7fb64c07bc00 unknown :-1 s=CLOSED pgs=48 cs=0 l=1 rev1=1 crypto rx=0 tx=0 comp rx=0 tx=0).stop
2023-11-27T15:16:12.212 INFO:teuthology.orchestra.run.smithi053.stdout:/usr/bin/ceph: stderr
2023-11-27T15:16:11.764+0000 7fb65249d700 1 -- 172.21.15.53:0/480787853 >> 172.21.15.53:0/480787853 conn(0x7fb64c100fd0 msgr2=0x7fb64c102630 unknown :-1 s=STATE_NONE l=0).mark_down
2023-11-27T15:16:12.212 INFO:teuthology.orchestra.run.smithi053.stdout:/usr/bin/ceph: stderr
2023-11-27T15:16:11.764+0000 7fb65249d700 1 -- 172.21.15.53:0/480787853 shutdown_connections
2023-11-27T15:16:12.212 INFO:teuthology.orchestra.run.smithi053.stdout:/usr/bin/ceph: stderr
2023-11-27T15:16:11.764+0000 7fb65249d700 1 -- 172.21.15.53:0/480787853 wait complete.
2023-11-27T15:16:12.933 INFO:journalctl@ceph.mon.a.smithi053.stdout:Nov 27 15:16:12 smithi053 ceph-mon[128711]: from='client.? 172.21.15.53:0/480787853' entity='client.admin'
2023-11-27T15:16:13.594 INFO:teuthology.orchestra.run.smithi053.stdout:/usr/bin/ceph: stderr
2023-11-27T15:16:12.874+0000 7fb5e7652700 1 Processor -- start
2023-11-27T15:16:13.594 INFO:teuthology.orchestra.run.smithi053.stdout:/usr/bin/ceph: stderr
2023-11-27T15:16:12.875+0000 7fb5e7652700 1 -- start start
2023-11-27T15:16:13.594 INFO:teuthology.orchestra.run.smithi053.stdout:/usr/bin/ceph: stderr
2023-11-27T15:16:12.875+0000 7fb5e7652700 1 --2- >> [v2:172.21.15.53:3300/0,v1:172.21.15.53:6789/0] conn(0x7fb5e007be30 0x7fb5e007a290 unknown :-1 s=NONE pgs=0 cs=0 l=0 rev1=0 crypto rx=0 tx=0 comp rx=0 tx=0).connect
2023-11-27T15:16:13.594 INFO:teuthology.orchestra.run.smithi053.stdout:/usr/bin/ceph: stderr
2023-11-27T15:16:12.875+0000 7fb5e7652700 1 -- --> [v2:172.21.15.53:3300/0,v1:172.21.15.53:6789/0] -- mon_getmap magic: 0 v1 -- 0x7fb5e007a860 con 0x7fb5e007be30
2023-11-27T15:16:13.594 INFO:teuthology.orchestra.run.smithi053.stdout:/usr/bin/ceph: stderr
2023-11-27T15:16:12.875+0000 7fb5e53ee700 1 --2- >> [v2:172.21.15.53:3300/0,v1:172.21.15.53:6789/0] conn(0x7fb5e007be30 0x7fb5e007a290 unknown :-1 s=BANNER_CONNECTING pgs=0 cs=0 l=0 rev1=0 crypto rx=0 tx=0 comp rx=0 tx=0)._handle_peer_banner_payload supported=3 required=0
2023-11-27T15:16:13.594 INFO:teuthology.orchestra.run.smithi053.stdout:/usr/bin/ceph: stderr
2023-11-27T15:16:12.875+0000 7fb5e53ee700 1 --2- >> [v2:172.21.15.53:3300/0,v1:172.21.15.53:6789/0] conn(0x7fb5e007be30 0x7fb5e007a290 unknown :-1 s=HELLO_CONNECTING pgs=0 cs=0 l=0 rev1=1 crypto rx=0 tx=0 comp rx=0 tx=0).handle_hello peer v2:172.21.15.53:3300/0 says I am v2:172.21.15.53:52514/0 (socket says 172.21.15.53:52514)
2023-11-27T15:16:13.595 INFO:teuthology.orchestra.run.smithi053.stdout:/usr/bin/ceph: stderr
2023-11-27T15:16:12.875+0000 7fb5e53ee700 1 -- 172.21.15.53:0/2361691941 learned_addr learned my addr 172.21.15.53:0/2361691941 (peer_addr_for_me v2:172.21.15.53:0/0)
2023-11-27T15:16:13.595 INFO:teuthology.orchestra.run.smithi053.stdout:/usr/bin/ceph: stderr
2023-11-27T15:16:12.876+0000 7fb5e53ee700 1 -- 172.21.15.53:0/2361691941 --> [v2:172.21.15.53:3300/0,v1:172.21.15.53:6789/0] -- mon_subscribe({config=0+,monmap=0+}) v3 -- 0x7fb5e007a9a0 con 0x7fb5e007be30
2023-11-27T15:16:13.595 INFO:teuthology.orchestra.run.smithi053.stdout:/usr/bin/ceph: stderr
2023-11-27T15:16:12.876+0000 7fb5e53ee700 1 --2- 172.21.15.53:0/2361691941 >> [v2:172.21.15.53:3300/0,v1:172.21.15.53:6789/0] conn(0x7fb5e007be30 0x7fb5e007a290 secure :-1 s=READY pgs=49 cs=0 l=1 rev1=1 crypto rx=0x7fb5dc0098a0 tx=0x7fb5dc009bb0 comp rx=0 tx=0).ready entity=mon.0 client_cookie=dcc45ab9cb32dab5 server_cookie=0 in_seq=0 out_seq=0
2023-11-27T15:16:13.595 INFO:teuthology.orchestra.run.smithi053.stdout:/usr/bin/ceph: stderr
2023-11-27T15:16:12.876+0000 7fb5d7fff700 1 -- 172.21.15.53:0/2361691941 <== mon.0 v2:172.21.15.53:3300/0 1 ==== mon_map magic: 0 v1 ==== 205+0+0 (secure 0 0 0) 0x7fb5dc004160 con 0x7fb5e007be30
2023-11-27T15:16:13.595 INFO:teuthology.orchestra.run.smithi053.stdout:/usr/bin/ceph: stderr
2023-11-27T15:16:12.876+0000 7fb5d7fff700 1 -- 172.21.15.53:0/2361691941 <== mon.0 v2:172.21.15.53:3300/0 2 ==== config(26 keys) v1 ==== 1105+0+0 (secure 0 0 0) 0x7fb5dc0042c0 con 0x7fb5e007be30
2023-11-27T15:16:13.595 INFO:teuthology.orchestra.run.smithi053.stdout:/usr/bin/ceph: stderr
2023-11-27T15:16:12.876+0000 7fb5d7fff700 1 -- 172.21.15.53:0/2361691941 <== mon.0 v2:172.21.15.53:3300/0 3 ==== mon_map magic: 0 v1 ==== 205+0+0 (secure 0 0 0) 0x7fb5dc0119b0 con 0x7fb5e007be30
2023-11-27T15:16:13.595 INFO:teuthology.orchestra.run.smithi053.stdout:/usr/bin/ceph: stderr
2023-11-27T15:16:12.877+0000 7fb5e7652700 1 -- 172.21.15.53:0/2361691941 >> [v2:172.21.15.53:3300/0,v1:172.21.15.53:6789/0] conn(0x7fb5e007be30 msgr2=0x7fb5e007a290 secure :-1 s=STATE_CONNECTION_ESTABLISHED l=1).mark_down
2023-11-27T15:16:13.595 INFO:teuthology.orchestra.run.smithi053.stdout:/usr/bin/ceph: stderr
2023-11-27T15:16:12.877+0000 7fb5e7652700 1 --2- 172.21.15.53:0/2361691941 >> [v2:172.21.15.53:3300/0,v1:172.21.15.53:6789/0] conn(0x7fb5e007be30 0x7fb5e007a290 secure :-1 s=READY pgs=49 cs=0 l=1 rev1=1 crypto rx=0x7fb5dc0098a0 tx=0x7fb5dc009bb0 comp rx=0 tx=0).stop
2023-11-27T15:16:13.595 INFO:teuthology.orchestra.run.smithi053.stdout:/usr/bin/ceph: stderr
2023-11-27T15:16:12.877+0000 7fb5e7652700 1 -- 172.21.15.53:0/2361691941 shutdown_connections
2023-11-27T15:16:13.595 INFO:teuthology.orchestra.run.smithi053.stdout:/usr/bin/ceph: stderr
2023-11-27T15:16:12.877+0000 7fb5e7652700 1 --2- 172.21.15.53:0/2361691941 >> [v2:172.21.15.53:3300/0,v1:172.21.15.53:6789/0] conn(0x7fb5e007be30 0x7fb5e007a290 unknown :-1 s=CLOSED pgs=49 cs=0 l=1 rev1=1 crypto rx=0 tx=0 comp rx=0 tx=0).stop
2023-11-27T15:16:13.595 INFO:teuthology.orchestra.run.smithi053.stdout:/usr/bin/ceph: stderr
2023-11-27T15:16:12.877+0000 7fb5e7652700 1 -- 172.21.15.53:0/2361691941 >> 172.21.15.53:0/2361691941 conn(0x7fb5e0100fd0 msgr2=0x7fb5e0103400 unknown :-1 s=STATE_NONE l=0).mark_down
2023-11-27T15:16:13.595 INFO:teuthology.orchestra.run.smithi053.stdout:/usr/bin/ceph: stderr
2023-11-27T15:16:12.877+0000 7fb5e7652700 1 -- 172.21.15.53:0/2361691941 shutdown_connections
2023-11-27T15:16:13.595 INFO:teuthology.orchestra.run.smithi053.stdout:/usr/bin/ceph: stderr
2023-11-27T15:16:12.877+0000 7fb5e7652700 1 -- 172.21.15.53:0/2361691941 wait complete.
2023-11-27T15:16:13.596 INFO:teuthology.orchestra.run.smithi053.stdout:/usr/bin/ceph: stderr
2023-11-27T15:16:12.878+0000 7fb5e7652700 1 Processor -- start
2023-11-27T15:16:13.596 INFO:teuthology.orchestra.run.smithi053.stdout:/usr/bin/ceph: stderr
2023-11-27T15:16:12.879+0000 7fb5e7652700 1 -- start start
2023-11-27T15:16:13.596 INFO:teuthology.orchestra.run.smithi053.stdout:/usr/bin/ceph: stderr
2023-11-27T15:16:12.879+0000 7fb5e7652700 1 --2- >> [v2:172.21.15.53:3300/0,v1:172.21.15.53:6789/0] conn(0x7fb5e007be30 0x7fb5e019b950 unknown :-1 s=NONE pgs=0 cs=0 l=1 rev1=0 crypto rx=0 tx=0 comp rx=0 tx=0).connect
2023-11-27T15:16:13.596 INFO:teuthology.orchestra.run.smithi053.stdout:/usr/bin/ceph: stderr
2023-11-27T15:16:12.879+0000 7fb5e7652700 1 -- --> [v2:172.21.15.53:3300/0,v1:172.21.15.53:6789/0] -- mon_getmap magic: 0 v1 -- 0x7fb5e019be90 con 0x7fb5e007be30
2023-11-27T15:16:13.596 INFO:teuthology.orchestra.run.smithi053.stdout:/usr/bin/ceph: stderr
2023-11-27T15:16:12.879+0000 7fb5e53ee700 1 --2- >> [v2:172.21.15.53:3300/0,v1:172.21.15.53:6789/0] conn(0x7fb5e007be30 0x7fb5e019b950 unknown :-1 s=BANNER_CONNECTING pgs=0 cs=0 l=1 rev1=0 crypto rx=0 tx=0 comp rx=0 tx=0)._handle_peer_banner_payload supported=3 required=0
2023-11-27T15:16:13.596 INFO:teuthology.orchestra.run.smithi053.stdout:/usr/bin/ceph: stderr
2023-11-27T15:16:12.879+0000 7fb5e53ee700 1 --2- >> [v2:172.21.15.53:3300/0,v1:172.21.15.53:6789/0] conn(0x7fb5e007be30 0x7fb5e019b950 unknown :-1 s=HELLO_CONNECTING pgs=0 cs=0 l=1 rev1=1 crypto rx=0 tx=0 comp rx=0 tx=0).handle_hello peer v2:172.21.15.53:3300/0 says I am v2:172.21.15.53:52520/0 (socket says 172.21.15.53:52520)
2023-11-27T15:16:13.596 INFO:teuthology.orchestra.run.smithi053.stdout:/usr/bin/ceph: stderr
2023-11-27T15:16:12.879+0000 7fb5e53ee700 1 -- 172.21.15.53:0/1584633428 learned_addr learned my addr 172.21.15.53:0/1584633428 (peer_addr_for_me v2:172.21.15.53:0/0)
2023-11-27T15:16:13.596 INFO:teuthology.orchestra.run.smithi053.stdout:/usr/bin/ceph: stderr
2023-11-27T15:16:12.880+0000 7fb5e53ee700 1 -- 172.21.15.53:0/1584633428 --> [v2:172.21.15.53:3300/0,v1:172.21.15.53:6789/0] -- mon_subscribe({config=0+,monmap=0+}) v3 -- 0x7fb5dc009550 con 0x7fb5e007be30
2023-11-27T15:16:13.596 INFO:teuthology.orchestra.run.smithi053.stdout:/usr/bin/ceph: stderr
2023-11-27T15:16:12.880+0000 7fb5e53ee700 1 --2- 172.21.15.53:0/1584633428 >> [v2:172.21.15.53:3300/0,v1:172.21.15.53:6789/0] conn(0x7fb5e007be30 0x7fb5e019b950 secure :-1 s=READY pgs=50 cs=0 l=1 rev1=1 crypto rx=0x7fb5dc011980 tx=0x7fb5dc011a60 comp rx=0 tx=0).ready entity=mon.0 client_cookie=0 server_cookie=0 in_seq=0 out_seq=0
2023-11-27T15:16:13.596 INFO:teuthology.orchestra.run.smithi053.stdout:/usr/bin/ceph: stderr
2023-11-27T15:16:12.880+0000 7fb5d67fc700 1 -- 172.21.15.53:0/1584633428 <== mon.0 v2:172.21.15.53:3300/0 1 ==== mon_map magic: 0 v1 ==== 205+0+0 (secure 0 0 0) 0x7fb5dc003a60 con 0x7fb5e007be30
2023-11-27T15:16:13.596 INFO:teuthology.orchestra.run.smithi053.stdout:/usr/bin/ceph: stderr
2023-11-27T15:16:12.880+0000 7fb5d67fc700 1 -- 172.21.15.53:0/1584633428 <== mon.0 v2:172.21.15.53:3300/0 2 ==== config(26 keys) v1 ==== 1105+0+0 (secure 0 0 0) 0x7fb5dc003bc0 con 0x7fb5e007be30
2023-11-27T15:16:13.596 INFO:teuthology.orchestra.run.smithi053.stdout:/usr/bin/ceph: stderr
2023-11-27T15:16:12.880+0000 7fb5d67fc700 1 -- 172.21.15.53:0/1584633428 <== mon.0 v2:172.21.15.53:3300/0 3 ==== mon_map magic: 0 v1 ==== 205+0+0 (secure 0 0 0) 0x7fb5dc01a670 con 0x7fb5e007be30
2023-11-27T15:16:13.597 INFO:teuthology.orchestra.run.smithi053.stdout:/usr/bin/ceph: stderr
2023-11-27T15:16:12.880+0000 7fb5e7652700 1 -- 172.21.15.53:0/1584633428 --> [v2:172.21.15.53:3300/0,v1:172.21.15.53:6789/0] -- mon_subscribe({mgrmap=0+}) v3 -- 0x7fb5e010bf90 con 0x7fb5e007be30
2023-11-27T15:16:13.597 INFO:teuthology.orchestra.run.smithi053.stdout:/usr/bin/ceph: stderr
2023-11-27T15:16:12.880+0000 7fb5e7652700 1 -- 172.21.15.53:0/1584633428 --> [v2:172.21.15.53:3300/0,v1:172.21.15.53:6789/0] -- mon_subscribe({osdmap=0}) v3 -- 0x7fb5e010be00 con 0x7fb5e007be30
2023-11-27T15:16:13.597 INFO:teuthology.orchestra.run.smithi053.stdout:/usr/bin/ceph: stderr
2023-11-27T15:16:12.881+0000 7fb5d67fc700 1 -- 172.21.15.53:0/1584633428 <== mon.0 v2:172.21.15.53:3300/0 4 ==== mgrmap(e 8) v1 ==== 45483+0+0 (secure 0 0 0) 0x7fb5dc024a00 con 0x7fb5e007be30
2023-11-27T15:16:13.597 INFO:teuthology.orchestra.run.smithi053.stdout:/usr/bin/ceph: stderr
2023-11-27T15:16:12.881+0000 7fb5e7652700 1 -- 172.21.15.53:0/1584633428 --> [v2:172.21.15.53:3300/0,v1:172.21.15.53:6789/0] -- mon_command({"prefix": "get_command_descriptions"} v 0) v1 -- 0x7fb5e010c120 con 0x7fb5e007be30
2023-11-27T15:16:13.597 INFO:teuthology.orchestra.run.smithi053.stdout:/usr/bin/ceph: stderr
2023-11-27T15:16:12.882+0000 7fb5d67fc700 1 --2- 172.21.15.53:0/1584633428 >> [v2:172.21.15.53:6800/184223295,v1:172.21.15.53:6801/184223295] conn(0x7fb5cc038760 0x7fb5cc03ac10 unknown :-1 s=NONE pgs=0 cs=0 l=1 rev1=0 crypto rx=0 tx=0 comp rx=0 tx=0).connect
2023-11-27T15:16:13.597 INFO:teuthology.orchestra.run.smithi053.stdout:/usr/bin/ceph: stderr
2023-11-27T15:16:12.882+0000 7fb5d67fc700 1 -- 172.21.15.53:0/1584633428 <== mon.0 v2:172.21.15.53:3300/0 5 ==== osd_map(2..2 src has 1..2) v4 ==== 940+0+0 (secure 0 0 0) 0x7fb5dc04c7f0 con 0x7fb5e007be30
2023-11-27T15:16:13.597 INFO:teuthology.orchestra.run.smithi053.stdout:/usr/bin/ceph: stderr
2023-11-27T15:16:12.882+0000 7fb5e4bed700 1 --2- 172.21.15.53:0/1584633428 >> [v2:172.21.15.53:6800/184223295,v1:172.21.15.53:6801/184223295] conn(0x7fb5cc038760 0x7fb5cc03ac10 unknown :-1 s=BANNER_CONNECTING pgs=0 cs=0 l=1 rev1=0 crypto rx=0 tx=0 comp rx=0 tx=0)._handle_peer_banner_payload supported=3 required=0
2023-11-27T15:16:13.597 INFO:teuthology.orchestra.run.smithi053.stdout:/usr/bin/ceph: stderr
2023-11-27T15:16:12.883+0000 7fb5e4bed700 1 --2- 172.21.15.53:0/1584633428 >> [v2:172.21.15.53:6800/184223295,v1:172.21.15.53:6801/184223295] conn(0x7fb5cc038760 0x7fb5cc03ac10 secure :-1 s=READY pgs=15 cs=0 l=1 rev1=1 crypto rx=0x7fb5d0006fd0 tx=0x7fb5d0006e40 comp rx=0 tx=0).ready entity=mgr.14116 client_cookie=0 server_cookie=0 in_seq=0 out_seq=0
2023-11-27T15:16:13.597 INFO:teuthology.orchestra.run.smithi053.stdout:/usr/bin/ceph: stderr
2023-11-27T15:16:12.887+0000 7fb5d67fc700 1 -- 172.21.15.53:0/1584633428 <== mon.0 v2:172.21.15.53:3300/0 6 ==== mon_command_ack([{"prefix": "get_command_descriptions"}]=0 v0) v1 ==== 72+0+177948 (secure 0 0 0) 0x7fb5dc024440 con 0x7fb5e007be30
2023-11-27T15:16:13.597 INFO:teuthology.orchestra.run.smithi053.stdout:/usr/bin/ceph: stderr
2023-11-27T15:16:13.104+0000 7fb5e7652700 1 -- 172.21.15.53:0/1584633428 --> [v2:172.21.15.53:3300/0,v1:172.21.15.53:6789/0] -- mon_command([{prefix=config set, name=mgr/dashboard/ssl_server_port}] v 0) v1 -- 0x7fb5e0062120 con 0x7fb5e007be30
2023-11-27T15:16:13.597 INFO:teuthology.orchestra.run.smithi053.stdout:/usr/bin/ceph: stderr
2023-11-27T15:16:13.108+0000 7fb5d67fc700 1 -- 172.21.15.53:0/1584633428 <== mon.0 v2:172.21.15.53:3300/0 7 ==== mon_command_ack([{prefix=config set, name=mgr/dashboard/ssl_server_port}]=0 v8)=0 v8) v1 ==== 130+0+0 (secure 0 0 0) 0x7fb5dc018350 con 0x7fb5e007be30
2023-11-27T15:16:13.598 INFO:teuthology.orchestra.run.smithi053.stdout:/usr/bin/ceph: stderr
2023-11-27T15:16:13.110+0000 7fb5e7652700 1 -- 172.21.15.53:0/1584633428 >> [v2:172.21.15.53:6800/184223295,v1:172.21.15.53:6801/184223295] conn(0x7fb5cc038760 msgr2=0x7fb5cc03ac10 secure :-1 s=STATE_CONNECTION_ESTABLISHED l=1).mark_down
2023-11-27T15:16:13.598 INFO:teuthology.orchestra.run.smithi053.stdout:/usr/bin/ceph: stderr
2023-11-27T15:16:13.110+0000 7fb5e7652700 1 --2- 172.21.15.53:0/1584633428 >> [v2:172.21.15.53:6800/184223295,v1:172.21.15.53:6801/184223295] conn(0x7fb5cc038760 0x7fb5cc03ac10 secure :-1 s=READY pgs=15 cs=0 l=1 rev1=1 crypto rx=0x7fb5d0006fd0 tx=0x7fb5d0006e40 comp rx=0 tx=0).stop
2023-11-27T15:16:13.598 INFO:teuthology.orchestra.run.smithi053.stdout:/usr/bin/ceph: stderr
2023-11-27T15:16:13.110+0000 7fb5e7652700 1 -- 172.21.15.53:0/1584633428 >> [v2:172.21.15.53:3300/0,v1:172.21.15.53:6789/0] conn(0x7fb5e007be30 msgr2=0x7fb5e019b950 secure :-1 s=STATE_CONNECTION_ESTABLISHED l=1).mark_down
2023-11-27T15:16:13.598 INFO:teuthology.orchestra.run.smithi053.stdout:/usr/bin/ceph: stderr
2023-11-27T15:16:13.110+0000 7fb5e7652700 1 --2- 172.21.15.53:0/1584633428 >> [v2:172.21.15.53:3300/0,v1:172.21.15.53:6789/0] conn(0x7fb5e007be30 0x7fb5e019b950 secure :-1 s=READY pgs=50 cs=0 l=1 rev1=1 crypto rx=0x7fb5dc011980 tx=0x7fb5dc011a60 comp rx=0 tx=0).stop
2023-11-27T15:16:13.598 INFO:teuthology.orchestra.run.smithi053.stdout:/usr/bin/ceph: stderr
2023-11-27T15:16:13.111+0000 7fb5e7652700 1 -- 172.21.15.53:0/1584633428 shutdown_connections
2023-11-27T15:16:13.598 INFO:teuthology.orchestra.run.smithi053.stdout:/usr/bin/ceph: stderr
2023-11-27T15:16:13.111+0000 7fb5e7652700 1 --2- 172.21.15.53:0/1584633428 >> [v2:172.21.15.53:6800/184223295,v1:172.21.15.53:6801/184223295] conn(0x7fb5cc038760 0x7fb5cc03ac10 unknown :-1 s=CLOSED pgs=15 cs=0 l=1 rev1=1 crypto rx=0 tx=0 comp rx=0 tx=0).stop
2023-11-27T15:16:13.598 INFO:teuthology.orchestra.run.smithi053.stdout:/usr/bin/ceph: stderr
2023-11-27T15:16:13.111+0000 7fb5e7652700 1 --2- 172.21.15.53:0/1584633428 >> [v2:172.21.15.53:3300/0,v1:172.21.15.53:6789/0] conn(0x7fb5e007be30 0x7fb5e019b950 unknown :-1 s=CLOSED pgs=50 cs=0 l=1 rev1=1 crypto rx=0 tx=0 comp rx=0 tx=0).stop
2023-11-27T15:16:13.598 INFO:teuthology.orchestra.run.smithi053.stdout:/usr/bin/ceph: stderr
2023-11-27T15:16:13.111+0000 7fb5e7652700 1 -- 172.21.15.53:0/1584633428 >> 172.21.15.53:0/1584633428 conn(0x7fb5e0100fd0 msgr2=0x7fb5e01026e0 unknown :-1 s=STATE_NONE l=0).mark_down
2023-11-27T15:16:13.598 INFO:teuthology.orchestra.run.smithi053.stdout:/usr/bin/ceph: stderr
2023-11-27T15:16:13.111+0000 7fb5e7652700 1 -- 172.21.15.53:0/1584633428 shutdown_connections
2023-11-27T15:16:13.598 INFO:teuthology.orchestra.run.smithi053.stdout:/usr/bin/ceph: stderr
2023-11-27T15:16:13.111+0000 7fb5e7652700 1 -- 172.21.15.53:0/1584633428 wait complete.
2023-11-27T15:16:13.598 INFO:teuthology.orchestra.run.smithi053.stdout:Enabling the dashboard module...
2023-11-27T15:16:14.183 INFO:journalctl@ceph.mon.a.smithi053.stdout:Nov 27 15:16:14 smithi053 ceph-mon[128711]: from='client.? 172.21.15.53:0/1584633428' entity='client.admin'
2023-11-27T15:16:14.184 INFO:journalctl@ceph.mon.a.smithi053.stdout:Nov 27 15:16:14 smithi053 ceph-mon[128711]: from='mgr.14116 172.21.15.53:0/1861732588' entity='mgr.x'
2023-11-27T15:16:15.427 INFO:journalctl@ceph.mon.a.smithi053.stdout:Nov 27 15:16:15 smithi053 ceph-mon[128711]: from='client.? 172.21.15.53:0/7758827' entity='client.admin' cmd=[{"prefix": "mgr module enable", "module": "dashboard"}]: dispatch
2023-11-27T15:16:15.428 INFO:journalctl@ceph.mgr.x.smithi053.stdout:Nov 27 15:16:15 smithi053 ceph-94c21f2a-8d37-11ee-95a2-87774f69a715-mgr-x[128954]: ignoring --setuser ceph since I am not root
2023-11-27T15:16:15.428 INFO:journalctl@ceph.mgr.x.smithi053.stdout:Nov 27 15:16:15 smithi053 ceph-94c21f2a-8d37-11ee-95a2-87774f69a715-mgr-x[128954]: ignoring --setgroup ceph since I am not root
2023-11-27T15:16:15.428 INFO:journalctl@ceph.mgr.x.smithi053.stdout:Nov 27 15:16:15 smithi053 ceph-94c21f2a-8d37-11ee-95a2-87774f69a715-mgr-x[128954]:
2023-11-27T15:16:15.422+0000 7fcd35175200 -1 mgr[py] Module devicehealth has missing NOTIFY_TYPES member
2023-11-27T15:16:15.577 INFO:teuthology.orchestra.run.smithi053.stdout:/usr/bin/ceph: stderr
2023-11-27T15:16:14.152+0000 7f7add872700 1 Processor -- start
2023-11-27T15:16:15.577 INFO:teuthology.orchestra.run.smithi053.stdout:/usr/bin/ceph: stderr
2023-11-27T15:16:14.153+0000 7f7add872700 1 -- start start
2023-11-27T15:16:15.577 INFO:teuthology.orchestra.run.smithi053.stdout:/usr/bin/ceph: stderr
2023-11-27T15:16:14.153+0000 7f7add872700 1 --2- >> [v2:172.21.15.53:3300/0,v1:172.21.15.53:6789/0] conn(0x7f7ad8105a20 0x7f7ad8105e30 unknown :-1 s=NONE pgs=0 cs=0 l=0 rev1=0 crypto rx=0 tx=0 comp rx=0 tx=0).connect
2023-11-27T15:16:15.578 INFO:teuthology.orchestra.run.smithi053.stdout:/usr/bin/ceph: stderr
2023-11-27T15:16:14.153+0000 7f7add872700 1 -- --> [v2:172.21.15.53:3300/0,v1:172.21.15.53:6789/0] -- mon_getmap magic: 0 v1 -- 0x7f7ad8106400 con 0x7f7ad8105a20
2023-11-27T15:16:15.578 INFO:teuthology.orchestra.run.smithi053.stdout:/usr/bin/ceph: stderr
2023-11-27T15:16:14.154+0000 7f7ad6ffd700 1 --2- >> [v2:172.21.15.53:3300/0,v1:172.21.15.53:6789/0] conn(0x7f7ad8105a20 0x7f7ad8105e30 unknown :-1 s=BANNER_CONNECTING pgs=0 cs=0 l=0 rev1=0 crypto rx=0 tx=0 comp rx=0 tx=0)._handle_peer_banner_payload supported=3 required=0
2023-11-27T15:16:15.578 INFO:teuthology.orchestra.run.smithi053.stdout:/usr/bin/ceph: stderr
2023-11-27T15:16:14.154+0000 7f7ad6ffd700 1 --2- >> [v2:172.21.15.53:3300/0,v1:172.21.15.53:6789/0] conn(0x7f7ad8105a20 0x7f7ad8105e30 unknown :-1 s=HELLO_CONNECTING pgs=0 cs=0 l=0 rev1=1 crypto rx=0 tx=0 comp rx=0 tx=0).handle_hello peer v2:172.21.15.53:3300/0 says I am v2:172.21.15.53:52534/0 (socket says 172.21.15.53:52534)
2023-11-27T15:16:15.578 INFO:teuthology.orchestra.run.smithi053.stdout:/usr/bin/ceph: stderr
2023-11-27T15:16:14.154+0000 7f7ad6ffd700 1 -- 172.21.15.53:0/2172820645 learned_addr learned my addr 172.21.15.53:0/2172820645 (peer_addr_for_me v2:172.21.15.53:0/0)
2023-11-27T15:16:15.578 INFO:teuthology.orchestra.run.smithi053.stdout:/usr/bin/ceph: stderr
2023-11-27T15:16:14.154+0000 7f7ad6ffd700 1 -- 172.21.15.53:0/2172820645 --> [v2:172.21.15.53:3300/0,v1:172.21.15.53:6789/0] -- mon_subscribe({config=0+,monmap=0+}) v3 -- 0x7f7ad8106c20 con 0x7f7ad8105a20
2023-11-27T15:16:15.578 INFO:teuthology.orchestra.run.smithi053.stdout:/usr/bin/ceph: stderr
2023-11-27T15:16:14.154+0000 7f7ad6ffd700 1 --2- 172.21.15.53:0/2172820645 >> [v2:172.21.15.53:3300/0,v1:172.21.15.53:6789/0] conn(0x7f7ad8105a20 0x7f7ad8105e30 secure :-1 s=READY pgs=51 cs=0 l=1 rev1=1 crypto rx=0x7f7ac80098a0 tx=0x7f7ac8009bb0 comp rx=0 tx=0).ready entity=mon.0 client_cookie=4cf122eca2947362 server_cookie=0 in_seq=0 out_seq=0
2023-11-27T15:16:15.578 INFO:teuthology.orchestra.run.smithi053.stdout:/usr/bin/ceph: stderr
2023-11-27T15:16:14.154+0000 7f7ad5ffb700 1 -- 172.21.15.53:0/2172820645 <== mon.0 v2:172.21.15.53:3300/0 1 ==== mon_map magic: 0 v1 ==== 205+0+0 (secure 0 0 0) 0x7f7ac8004160 con 0x7f7ad8105a20
2023-11-27T15:16:15.578 INFO:teuthology.orchestra.run.smithi053.stdout:/usr/bin/ceph: stderr
2023-11-27T15:16:14.154+0000 7f7ad5ffb700 1 -- 172.21.15.53:0/2172820645 <== mon.0 v2:172.21.15.53:3300/0 2 ==== config(26 keys) v1 ==== 1105+0+0 (secure 0 0 0) 0x7f7ac80042c0 con 0x7f7ad8105a20
2023-11-27T15:16:15.578 INFO:teuthology.orchestra.run.smithi053.stdout:/usr/bin/ceph: stderr
2023-11-27T15:16:14.155+0000 7f7ad5ffb700 1 -- 172.21.15.53:0/2172820645 <== mon.0 v2:172.21.15.53:3300/0 3 ==== mon_map magic: 0 v1 ==== 205+0+0 (secure 0 0 0) 0x7f7ac80119b0 con 0x7f7ad8105a20
2023-11-27T15:16:15.578 INFO:teuthology.orchestra.run.smithi053.stdout:/usr/bin/ceph: stderr
2023-11-27T15:16:14.155+0000 7f7add872700 1 -- 172.21.15.53:0/2172820645 >> [v2:172.21.15.53:3300/0,v1:172.21.15.53:6789/0] conn(0x7f7ad8105a20 msgr2=0x7f7ad8105e30 secure :-1 s=STATE_CONNECTION_ESTABLISHED l=1).mark_down
2023-11-27T15:16:15.578 INFO:teuthology.orchestra.run.smithi053.stdout:/usr/bin/ceph: stderr
2023-11-27T15:16:14.155+0000 7f7add872700 1 --2- 172.21.15.53:0/2172820645 >> [v2:172.21.15.53:3300/0,v1:172.21.15.53:6789/0] conn(0x7f7ad8105a20 0x7f7ad8105e30 secure :-1 s=READY pgs=51 cs=0 l=1 rev1=1 crypto rx=0x7f7ac80098a0 tx=0x7f7ac8009bb0 comp rx=0 tx=0).stop
2023-11-27T15:16:15.579 INFO:teuthology.orchestra.run.smithi053.stdout:/usr/bin/ceph: stderr
2023-11-27T15:16:14.155+0000 7f7add872700 1 -- 172.21.15.53:0/2172820645 shutdown_connections
2023-11-27T15:16:15.579 INFO:teuthology.orchestra.run.smithi053.stdout:/usr/bin/ceph: stderr
2023-11-27T15:16:14.155+0000 7f7add872700 1 --2- 172.21.15.53:0/2172820645 >> [v2:172.21.15.53:3300/0,v1:172.21.15.53:6789/0] conn(0x7f7ad8105a20 0x7f7ad8105e30 unknown :-1 s=CLOSED pgs=51 cs=0 l=1 rev1=1 crypto rx=0 tx=0 comp rx=0 tx=0).stop
2023-11-27T15:16:15.579 INFO:teuthology.orchestra.run.smithi053.stdout:/usr/bin/ceph: stderr
2023-11-27T15:16:14.155+0000 7f7add872700 1 -- 172.21.15.53:0/2172820645 >> 172.21.15.53:0/2172820645 conn(0x7f7ad8100fd0 msgr2=0x7f7ad8103400 unknown :-1 s=STATE_NONE l=0).mark_down
2023-11-27T15:16:15.579 INFO:teuthology.orchestra.run.smithi053.stdout:/usr/bin/ceph: stderr
2023-11-27T15:16:14.155+0000 7f7add872700 1 -- 172.21.15.53:0/2172820645 shutdown_connections
2023-11-27T15:16:15.579 INFO:teuthology.orchestra.run.smithi053.stdout:/usr/bin/ceph: stderr
2023-11-27T15:16:14.155+0000 7f7add872700 1 -- 172.21.15.53:0/2172820645 wait complete.
2023-11-27T15:16:15.579 INFO:teuthology.orchestra.run.smithi053.stdout:/usr/bin/ceph: stderr
2023-11-27T15:16:14.156+0000 7f7add872700 1 Processor -- start
2023-11-27T15:16:15.579 INFO:teuthology.orchestra.run.smithi053.stdout:/usr/bin/ceph: stderr
2023-11-27T15:16:14.157+0000 7f7add872700 1 -- start start
2023-11-27T15:16:15.579 INFO:teuthology.orchestra.run.smithi053.stdout:/usr/bin/ceph: stderr
2023-11-27T15:16:14.157+0000 7f7add872700 1 --2- >> [v2:172.21.15.53:3300/0,v1:172.21.15.53:6789/0] conn(0x7f7ad8105a20 0x7f7ad819b9d0 unknown :-1 s=NONE pgs=0 cs=0 l=1 rev1=0 crypto rx=0 tx=0 comp rx=0 tx=0).connect
2023-11-27T15:16:15.579 INFO:teuthology.orchestra.run.smithi053.stdout:/usr/bin/ceph: stderr
2023-11-27T15:16:14.157+0000 7f7add872700 1 -- --> [v2:172.21.15.53:3300/0,v1:172.21.15.53:6789/0] -- mon_getmap magic: 0 v1 -- 0x7f7ad819bf10 con 0x7f7ad8105a20
2023-11-27T15:16:15.579 INFO:teuthology.orchestra.run.smithi053.stdout:/usr/bin/ceph: stderr
2023-11-27T15:16:14.157+0000 7f7ad6ffd700 1 --2- >> [v2:172.21.15.53:3300/0,v1:172.21.15.53:6789/0] conn(0x7f7ad8105a20 0x7f7ad819b9d0 unknown :-1 s=BANNER_CONNECTING pgs=0 cs=0 l=1 rev1=0 crypto rx=0 tx=0 comp rx=0 tx=0)._handle_peer_banner_payload supported=3 required=0
2023-11-27T15:16:15.579 INFO:teuthology.orchestra.run.smithi053.stdout:/usr/bin/ceph: stderr
2023-11-27T15:16:14.157+0000 7f7ad6ffd700 1 --2- >> [v2:172.21.15.53:3300/0,v1:172.21.15.53:6789/0] conn(0x7f7ad8105a20 0x7f7ad819b9d0 unknown :-1 s=HELLO_CONNECTING pgs=0 cs=0 l=1 rev1=1 crypto rx=0 tx=0 comp rx=0 tx=0).handle_hello peer v2:172.21.15.53:3300/0 says I am v2:172.21.15.53:52544/0 (socket says 172.21.15.53:52544)
2023-11-27T15:16:15.579 INFO:teuthology.orchestra.run.smithi053.stdout:/usr/bin/ceph: stderr
2023-11-27T15:16:14.157+0000 7f7ad6ffd700 1 -- 172.21.15.53:0/7758827 learned_addr learned my addr 172.21.15.53:0/7758827 (peer_addr_for_me v2:172.21.15.53:0/0)
2023-11-27T15:16:15.580 INFO:teuthology.orchestra.run.smithi053.stdout:/usr/bin/ceph: stderr
2023-11-27T15:16:14.157+0000 7f7ad6ffd700 1 -- 172.21.15.53:0/7758827 --> [v2:172.21.15.53:3300/0,v1:172.21.15.53:6789/0] -- mon_subscribe({config=0+,monmap=0+}) v3 -- 0x7f7ac8009550 con 0x7f7ad8105a20
2023-11-27T15:16:15.580 INFO:teuthology.orchestra.run.smithi053.stdout:/usr/bin/ceph: stderr
2023-11-27T15:16:14.158+0000 7f7ad6ffd700 1 --2- 172.21.15.53:0/7758827 >> [v2:172.21.15.53:3300/0,v1:172.21.15.53:6789/0] conn(0x7f7ad8105a20 0x7f7ad819b9d0 secure :-1 s=READY pgs=52 cs=0 l=1 rev1=1 crypto rx=0x7f7ac8000c00 tx=0x7f7ac8011a30 comp rx=0 tx=0).ready entity=mon.0 client_cookie=0 server_cookie=0 in_seq=0 out_seq=0
2023-11-27T15:16:15.580 INFO:teuthology.orchestra.run.smithi053.stdout:/usr/bin/ceph: stderr
2023-11-27T15:16:14.158+0000 7f7adc870700 1 -- 172.21.15.53:0/7758827 <== mon.0 v2:172.21.15.53:3300/0 1 ==== mon_map magic: 0 v1 ==== 205+0+0 (secure 0 0 0) 0x7f7ac80039f0 con 0x7f7ad8105a20
2023-11-27T15:16:15.580 INFO:teuthology.orchestra.run.smithi053.stdout:/usr/bin/ceph: stderr
2023-11-27T15:16:14.158+0000 7f7adc870700 1 -- 172.21.15.53:0/7758827 <== mon.0 v2:172.21.15.53:3300/0 2 ==== config(26 keys) v1 ==== 1105+0+0 (secure 0 0 0) 0x7f7ac8003b50 con 0x7f7ad8105a20
2023-11-27T15:16:15.580 INFO:teuthology.orchestra.run.smithi053.stdout:/usr/bin/ceph: stderr
2023-11-27T15:16:14.158+0000 7f7adc870700 1 -- 172.21.15.53:0/7758827 <== mon.0 v2:172.21.15.53:3300/0 3 ==== mon_map magic: 0 v1 ==== 205+0+0 (secure 0 0 0) 0x7f7ac801a780 con 0x7f7ad8105a20
2023-11-27T15:16:15.580 INFO:teuthology.orchestra.run.smithi053.stdout:/usr/bin/ceph: stderr
2023-11-27T15:16:14.158+0000 7f7add872700 1 -- 172.21.15.53:0/7758827 --> [v2:172.21.15.53:3300/0,v1:172.21.15.53:6789/0] -- mon_subscribe({mgrmap=0+}) v3 -- 0x7f7ad8109fe0 con 0x7f7ad8105a20
2023-11-27T15:16:15.580 INFO:teuthology.orchestra.run.smithi053.stdout:/usr/bin/ceph: stderr
2023-11-27T15:16:14.158+0000 7f7add872700 1 -- 172.21.15.53:0/7758827 --> [v2:172.21.15.53:3300/0,v1:172.21.15.53:6789/0] -- mon_subscribe({osdmap=0}) v3 -- 0x7f7ad8109e50 con 0x7f7ad8105a20
2023-11-27T15:16:15.580 INFO:teuthology.orchestra.run.smithi053.stdout:/usr/bin/ceph: stderr
2023-11-27T15:16:14.159+0000 7f7adc870700 1 -- 172.21.15.53:0/7758827 <== mon.0 v2:172.21.15.53:3300/0 4 ==== mgrmap(e 8) v1 ==== 45483+0+0 (secure 0 0 0) 0x7f7ac8024440 con 0x7f7ad8105a20
2023-11-27T15:16:15.580 INFO:teuthology.orchestra.run.smithi053.stdout:/usr/bin/ceph: stderr
2023-11-27T15:16:14.159+0000 7f7abe7fc700 1 -- 172.21.15.53:0/7758827 --> [v2:172.21.15.53:3300/0,v1:172.21.15.53:6789/0] -- mon_command({"prefix": "get_command_descriptions"} v 0) v1 -- 0x7f7ad8062190 con 0x7f7ad8105a20
2023-11-27T15:16:15.580 INFO:teuthology.orchestra.run.smithi053.stdout:/usr/bin/ceph: stderr
2023-11-27T15:16:14.160+0000 7f7adc870700 1 --2- 172.21.15.53:0/7758827 >> [v2:172.21.15.53:6800/184223295,v1:172.21.15.53:6801/184223295] conn(0x7f7ac0038760 0x7f7ac003ac10 unknown :-1 s=NONE pgs=0 cs=0 l=1 rev1=0 crypto rx=0 tx=0 comp rx=0 tx=0).connect
2023-11-27T15:16:15.580 INFO:teuthology.orchestra.run.smithi053.stdout:/usr/bin/ceph: stderr
2023-11-27T15:16:14.160+0000 7f7adc870700 1 -- 172.21.15.53:0/7758827 <== mon.0 v2:172.21.15.53:3300/0 5 ==== osd_map(2..2 src has 1..2) v4 ==== 940+0+0 (secure 0 0 0) 0x7f7ac804c7e0 con 0x7f7ad8105a20
2023-11-27T15:16:15.581 INFO:teuthology.orchestra.run.smithi053.stdout:/usr/bin/ceph: stderr
2023-11-27T15:16:14.160+0000 7f7ad67fc700 1 --2- 172.21.15.53:0/7758827 >> [v2:172.21.15.53:6800/184223295,v1:172.21.15.53:6801/184223295] conn(0x7f7ac0038760 0x7f7ac003ac10 unknown :-1 s=BANNER_CONNECTING pgs=0 cs=0 l=1 rev1=0 crypto rx=0 tx=0 comp rx=0 tx=0)._handle_peer_banner_payload supported=3 required=0
2023-11-27T15:16:15.581 INFO:teuthology.orchestra.run.smithi053.stdout:/usr/bin/ceph: stderr
2023-11-27T15:16:14.161+0000 7f7ad67fc700 1 --2- 172.21.15.53:0/7758827 >> [v2:172.21.15.53:6800/184223295,v1:172.21.15.53:6801/184223295] conn(0x7f7ac0038760 0x7f7ac003ac10 secure :-1 s=READY pgs=16 cs=0 l=1 rev1=1 crypto rx=0x7f7acc006fd0 tx=0x7f7acc006e40 comp rx=0 tx=0).ready entity=mgr.14116 client_cookie=0 server_cookie=0 in_seq=0 out_seq=0
2023-11-27T15:16:15.581 INFO:teuthology.orchestra.run.smithi053.stdout:/usr/bin/ceph: stderr
2023-11-27T15:16:14.165+0000 7f7adc870700 1 -- 172.21.15.53:0/7758827 <== mon.0 v2:172.21.15.53:3300/0 6 ==== mon_command_ack([{"prefix": "get_command_descriptions"}]=0 v0) v1 ==== 72+0+177948 (secure 0 0 0) 0x7f7ad8062190 con 0x7f7ad8105a20
2023-11-27T15:16:15.581 INFO:teuthology.orchestra.run.smithi053.stdout:/usr/bin/ceph: stderr
2023-11-27T15:16:14.455+0000 7f7abe7fc700 1 -- 172.21.15.53:0/7758827 --> [v2:172.21.15.53:3300/0,v1:172.21.15.53:6789/0] -- mon_command({"prefix": "mgr module enable", "module": "dashboard"} v 0) v1 -- 0x7f7ad819c530 con 0x7f7ad8105a20
2023-11-27T15:16:15.581 INFO:teuthology.orchestra.run.smithi053.stdout:/usr/bin/ceph: stderr
2023-11-27T15:16:15.114+0000 7f7adc870700 1 -- 172.21.15.53:0/7758827 <== mon.0 v2:172.21.15.53:3300/0 7 ==== mgrmap(e 9) v1 ==== 45496+0+0 (secure 0 0 0) 0x7f7ac802d910 con 0x7f7ad8105a20
2023-11-27T15:16:15.581 INFO:teuthology.orchestra.run.smithi053.stdout:/usr/bin/ceph: stderr
2023-11-27T15:16:15.115+0000 7f7adc870700 1 -- 172.21.15.53:0/7758827 <== mon.0 v2:172.21.15.53:3300/0 8 ==== mon_command_ack([{"prefix": "mgr module enable", "module": "dashboard"}]=0 v9) v1 ==== 88+0+0 (secure 0 0 0) 0x7f7ac802cce0 con 0x7f7ad8105a20
2023-11-27T15:16:15.581 INFO:teuthology.orchestra.run.smithi053.stdout:/usr/bin/ceph: stderr
2023-11-27T15:16:15.118+0000 7f7abe7fc700 1 -- 172.21.15.53:0/7758827 >> [v2:172.21.15.53:6800/184223295,v1:172.21.15.53:6801/184223295] conn(0x7f7ac0038760 msgr2=0x7f7ac003ac10 secure :-1 s=STATE_CONNECTION_ESTABLISHED l=1).mark_down
2023-11-27T15:16:15.581 INFO:teuthology.orchestra.run.smithi053.stdout:/usr/bin/ceph: stderr
2023-11-27T15:16:15.118+0000 7f7abe7fc700 1 --2- 172.21.15.53:0/7758827 >> [v2:172.21.15.53:6800/184223295,v1:172.21.15.53:6801/184223295] conn(0x7f7ac0038760 0x7f7ac003ac10 secure :-1 s=READY pgs=16 cs=0 l=1 rev1=1 crypto rx=0x7f7acc006fd0 tx=0x7f7acc006e40 comp rx=0 tx=0).stop
2023-11-27T15:16:15.581 INFO:teuthology.orchestra.run.smithi053.stdout:/usr/bin/ceph: stderr
2023-11-27T15:16:15.118+0000 7f7abe7fc700 1 -- 172.21.15.53:0/7758827 >> [v2:172.21.15.53:3300/0,v1:172.21.15.53:6789/0] conn(0x7f7ad8105a20 msgr2=0x7f7ad819b9d0 secure :-1 s=STATE_CONNECTION_ESTABLISHED l=1).mark_down
2023-11-27T15:16:15.581 INFO:teuthology.orchestra.run.smithi053.stdout:/usr/bin/ceph: stderr
2023-11-27T15:16:15.118+0000 7f7abe7fc700 1 --2- 172.21.15.53:0/7758827 >> [v2:172.21.15.53:3300/0,v1:172.21.15.53:6789/0] conn(0x7f7ad8105a20 0x7f7ad819b9d0 secure :-1 s=READY pgs=52 cs=0 l=1 rev1=1 crypto rx=0x7f7ac8000c00 tx=0x7f7ac8011a30 comp rx=0 tx=0).stop
2023-11-27T15:16:15.581 INFO:teuthology.orchestra.run.smithi053.stdout:/usr/bin/ceph: stderr
2023-11-27T15:16:15.118+0000 7f7abe7fc700 1 -- 172.21.15.53:0/7758827 shutdown_connections
2023-11-27T15:16:15.582 INFO:teuthology.orchestra.run.smithi053.stdout:/usr/bin/ceph: stderr
2023-11-27T15:16:15.118+0000 7f7abe7fc700 1 --2- 172.21.15.53:0/7758827 >> [v2:172.21.15.53:6800/184223295,v1:172.21.15.53:6801/184223295] conn(0x7f7ac0038760 0x7f7ac003ac10 unknown :-1 s=CLOSED pgs=16 cs=0 l=1 rev1=1 crypto rx=0 tx=0 comp rx=0 tx=0).stop
2023-11-27T15:16:15.582 INFO:teuthology.orchestra.run.smithi053.stdout:/usr/bin/ceph: stderr
2023-11-27T15:16:15.118+0000 7f7abe7fc700 1 --2- 172.21.15.53:0/7758827 >> [v2:172.21.15.53:3300/0,v1:172.21.15.53:6789/0] conn(0x7f7ad8105a20 0x7f7ad819b9d0 unknown :-1 s=CLOSED pgs=52 cs=0 l=1 rev1=1 crypto rx=0 tx=0 comp rx=0 tx=0).stop
2023-11-27T15:16:15.582 INFO:teuthology.orchestra.run.smithi053.stdout:/usr/bin/ceph: stderr
2023-11-27T15:16:15.118+0000 7f7abe7fc700 1 -- 172.21.15.53:0/7758827 >> 172.21.15.53:0/7758827 conn(0x7f7ad8100fd0 msgr2=0x7f7ad8102640 unknown :-1 s=STATE_NONE l=0).mark_down
2023-11-27T15:16:15.582 INFO:teuthology.orchestra.run.smithi053.stdout:/usr/bin/ceph: stderr
2023-11-27T15:16:15.119+0000 7f7abe7fc700 1 -- 172.21.15.53:0/7758827 shutdown_connections
2023-11-27T15:16:15.582 INFO:teuthology.orchestra.run.smithi053.stdout:/usr/bin/ceph: stderr
2023-11-27T15:16:15.119+0000 7f7abe7fc700 1 -- 172.21.15.53:0/7758827 wait complete.
2023-11-27T15:16:15.684 INFO:journalctl@ceph.mgr.x.smithi053.stdout:Nov 27 15:16:15 smithi053 ceph-94c21f2a-8d37-11ee-95a2-87774f69a715-mgr-x[128954]:
2023-11-27T15:16:15.530+0000 7fcd35175200 -1 mgr[py] Module osd_support has missing NOTIFY_TYPES member
2023-11-27T15:16:15.684 INFO:journalctl@ceph.mgr.x.smithi053.stdout:Nov 27 15:16:15 smithi053 ceph-94c21f2a-8d37-11ee-95a2-87774f69a715-mgr-x[128954]:
2023-11-27T15:16:15.665+0000 7fcd35175200 -1 mgr[py] Module snap_schedule has missing NOTIFY_TYPES member
2023-11-27T15:16:16.051 INFO:journalctl@ceph.mgr.x.smithi053.stdout:Nov 27 15:16:15 smithi053 ceph-94c21f2a-8d37-11ee-95a2-87774f69a715-mgr-x[128954]:
2023-11-27T15:16:15.792+0000 7fcd35175200 -1 mgr[py] Module zabbix has missing NOTIFY_TYPES member
2023-11-27T15:16:16.433 INFO:journalctl@ceph.mgr.x.smithi053.stdout:Nov 27 15:16:16 smithi053 ceph-94c21f2a-8d37-11ee-95a2-87774f69a715-mgr-x[128954]:
2023-11-27T15:16:16.045+0000 7fcd35175200 -1 mgr[py] Module crash has missing NOTIFY_TYPES member
2023-11-27T15:16:16.434 INFO:journalctl@ceph.mon.a.smithi053.stdout:Nov 27 15:16:16 smithi053 ceph-mon[128711]: from='client.? 172.21.15.53:0/7758827' entity='client.admin' cmd='[{"prefix": "mgr module enable", "module": "dashboard"}]': finished
2023-11-27T15:16:16.434 INFO:journalctl@ceph.mon.a.smithi053.stdout:Nov 27 15:16:16 smithi053 ceph-mon[128711]: mgrmap e9: x(active, since 17s)
2023-11-27T15:16:16.752 INFO:journalctl@ceph.mgr.x.smithi053.stdout:Nov 27 15:16:16 smithi053 ceph-94c21f2a-8d37-11ee-95a2-87774f69a715-mgr-x[128954]:
2023-11-27T15:16:16.452+0000 7fcd35175200 -1 mgr[py] Module prometheus has missing NOTIFY_TYPES member
2023-11-27T15:16:16.752 INFO:journalctl@ceph.mgr.x.smithi053.stdout:Nov 27 15:16:16 smithi053 ceph-94c21f2a-8d37-11ee-95a2-87774f69a715-mgr-x[128954]:
2023-11-27T15:16:16.578+0000 7fcd35175200 -1 mgr[py] Module status has missing NOTIFY_TYPES member
2023-11-27T15:16:16.752 INFO:journalctl@ceph.mgr.x.smithi053.stdout:Nov 27 15:16:16 smithi053 ceph-94c21f2a-8d37-11ee-95a2-87774f69a715-mgr-x[128954]:
2023-11-27T15:16:16.747+0000 7fcd35175200 -1 mgr[py] Module selftest has missing NOTIFY_TYPES member
2023-11-27T15:16:16.867 INFO:teuthology.orchestra.run.smithi053.stdout:/usr/bin/ceph: stdout {
2023-11-27T15:16:16.872 INFO:teuthology.orchestra.run.smithi053.stdout:/usr/bin/ceph: stdout "epoch": 9,
2023-11-27T15:16:16.872 INFO:teuthology.orchestra.run.smithi053.stdout:/usr/bin/ceph: stdout "available": true,
2023-11-27T15:16:16.872 INFO:teuthology.orchestra.run.smithi053.stdout:/usr/bin/ceph: stdout "active_name": "x",
2023-11-27T15:16:16.872 INFO:teuthology.orchestra.run.smithi053.stdout:/usr/bin/ceph: stdout "num_standby": 0
2023-11-27T15:16:16.872 INFO:teuthology.orchestra.run.smithi053.stdout:/usr/bin/ceph: stdout }
2023-11-27T15:16:16.872 INFO:teuthology.orchestra.run.smithi053.stdout:/usr/bin/ceph: stderr
2023-11-27T15:16:16.136+0000 7f7c5a4f8700 1 Processor -- start
2023-11-27T15:16:16.872 INFO:teuthology.orchestra.run.smithi053.stdout:/usr/bin/ceph: stderr
2023-11-27T15:16:16.136+0000 7f7c5a4f8700 1 -- start start
2023-11-27T15:16:16.873 INFO:teuthology.orchestra.run.smithi053.stdout:/usr/bin/ceph: stderr
2023-11-27T15:16:16.137+0000 7f7c5a4f8700 1 --2- >> [v2:172.21.15.53:3300/0,v1:172.21.15.53:6789/0] conn(0x7f7c5407be30 0x7f7c5407a290 unknown :-1 s=NONE pgs=0 cs=0 l=0 rev1=0 crypto rx=0 tx=0 comp rx=0 tx=0).connect
2023-11-27T15:16:16.873 INFO:teuthology.orchestra.run.smithi053.stdout:/usr/bin/ceph: stderr
2023-11-27T15:16:16.137+0000 7f7c5a4f8700 1 -- --> [v2:172.21.15.53:3300/0,v1:172.21.15.53:6789/0] -- mon_getmap magic: 0 v1 -- 0x7f7c5407a860 con 0x7f7c5407be30
2023-11-27T15:16:16.873 INFO:teuthology.orchestra.run.smithi053.stdout:/usr/bin/ceph: stderr
2023-11-27T15:16:16.137+0000 7f7c53fff700 1 --2- >> [v2:172.21.15.53:3300/0,v1:172.21.15.53:6789/0] conn(0x7f7c5407be30 0x7f7c5407a290 unknown :-1 s=BANNER_CONNECTING pgs=0 cs=0 l=0 rev1=0 crypto rx=0 tx=0 comp rx=0 tx=0)._handle_peer_banner_payload supported=3 required=0
2023-11-27T15:16:16.873 INFO:teuthology.orchestra.run.smithi053.stdout:/usr/bin/ceph: stderr
2023-11-27T15:16:16.137+0000 7f7c53fff700 1 --2- >> [v2:172.21.15.53:3300/0,v1:172.21.15.53:6789/0] conn(0x7f7c5407be30 0x7f7c5407a290 unknown :-1 s=HELLO_CONNECTING pgs=0 cs=0 l=0 rev1=1 crypto rx=0 tx=0 comp rx=0 tx=0).handle_hello peer v2:172.21.15.53:3300/0 says I am v2:172.21.15.53:53164/0 (socket says 172.21.15.53:53164)
2023-11-27T15:16:16.873 INFO:teuthology.orchestra.run.smithi053.stdout:/usr/bin/ceph: stderr
2023-11-27T15:16:16.137+0000 7f7c53fff700 1 -- 172.21.15.53:0/2585605374 learned_addr learned my addr 172.21.15.53:0/2585605374 (peer_addr_for_me v2:172.21.15.53:0/0)
2023-11-27T15:16:16.873 INFO:teuthology.orchestra.run.smithi053.stdout:/usr/bin/ceph: stderr
2023-11-27T15:16:16.138+0000 7f7c53fff700 1 -- 172.21.15.53:0/2585605374 --> [v2:172.21.15.53:3300/0,v1:172.21.15.53:6789/0] -- mon_subscribe({config=0+,monmap=0+}) v3 -- 0x7f7c5407a9a0 con 0x7f7c5407be30
2023-11-27T15:16:16.873 INFO:teuthology.orchestra.run.smithi053.stdout:/usr/bin/ceph: stderr
