2023-12-14T14:03:45.543 INFO:teuthology.orchestra.run.smithi063.stdout:/usr/bin/ceph: stderr
2023-12-14T14:03:44.865+0000 7f7d95156700 1 --2- 172.21.15.63:0/1266335725 >> [v2:172.21.15.63:3300/0,v1:172.21.15.63:6789/0] conn(0x7f7d90104810 0x7f7d90104c20 unknown :-1 s=CLOSED pgs=18 cs=0 l=1 rev1=1 crypto rx=0 tx=0 comp rx=0 tx=0).stop
2023-12-14T14:03:45.543 INFO:teuthology.orchestra.run.smithi063.stdout:/usr/bin/ceph: stderr
2023-12-14T14:03:44.865+0000 7f7d95156700 1 -- 172.21.15.63:0/1266335725 >> 172.21.15.63:0/1266335725 conn(0x7f7d900ffe60 msgr2=0x7f7d90102290 unknown :-1 s=STATE_NONE l=0).mark_down
2023-12-14T14:03:45.543 INFO:teuthology.orchestra.run.smithi063.stdout:/usr/bin/ceph: stderr
2023-12-14T14:03:44.866+0000 7f7d95156700 1 -- 172.21.15.63:0/1266335725 shutdown_connections
2023-12-14T14:03:45.543 INFO:teuthology.orchestra.run.smithi063.stdout:/usr/bin/ceph: stderr
2023-12-14T14:03:44.866+0000 7f7d95156700 1 -- 172.21.15.63:0/1266335725 wait complete.
2023-12-14T14:03:45.543 INFO:teuthology.orchestra.run.smithi063.stdout:/usr/bin/ceph: stderr
2023-12-14T14:03:44.866+0000 7f7d95156700 1 Processor -- start
2023-12-14T14:03:45.543 INFO:teuthology.orchestra.run.smithi063.stdout:/usr/bin/ceph: stderr
2023-12-14T14:03:44.866+0000 7f7d95156700 1 -- start start
2023-12-14T14:03:45.543 INFO:teuthology.orchestra.run.smithi063.stdout:/usr/bin/ceph: stderr
2023-12-14T14:03:44.867+0000 7f7d95156700 1 --2- >> [v2:172.21.15.63:3300/0,v1:172.21.15.63:6789/0] conn(0x7f7d90104810 0x7f7d9019b7c0 unknown :-1 s=NONE pgs=0 cs=0 l=1 rev1=0 crypto rx=0 tx=0 comp rx=0 tx=0).connect
2023-12-14T14:03:45.543 INFO:teuthology.orchestra.run.smithi063.stdout:/usr/bin/ceph: stderr
2023-12-14T14:03:44.867+0000 7f7d95156700 1 -- --> [v2:172.21.15.63:3300/0,v1:172.21.15.63:6789/0] -- mon_getmap magic: 0 v1 -- 0x7f7d9019bd00 con 0x7f7d90104810
2023-12-14T14:03:45.543 INFO:teuthology.orchestra.run.smithi063.stdout:/usr/bin/ceph: stderr
2023-12-14T14:03:44.867+0000 7f7d8ed9d700 1 --2- >> [v2:172.21.15.63:3300/0,v1:172.21.15.63:6789/0] conn(0x7f7d90104810 0x7f7d9019b7c0 unknown :-1 s=BANNER_CONNECTING pgs=0 cs=0 l=1 rev1=0 crypto rx=0 tx=0 comp rx=0 tx=0)._handle_peer_banner_payload supported=3 required=0
2023-12-14T14:03:45.543 INFO:teuthology.orchestra.run.smithi063.stdout:/usr/bin/ceph: stderr
2023-12-14T14:03:44.867+0000 7f7d8ed9d700 1 --2- >> [v2:172.21.15.63:3300/0,v1:172.21.15.63:6789/0] conn(0x7f7d90104810 0x7f7d9019b7c0 unknown :-1 s=HELLO_CONNECTING pgs=0 cs=0 l=1 rev1=1 crypto rx=0 tx=0 comp rx=0 tx=0).handle_hello peer v2:172.21.15.63:3300/0 says I am v2:172.21.15.63:47640/0 (socket says 172.21.15.63:47640)
2023-12-14T14:03:45.544 INFO:teuthology.orchestra.run.smithi063.stdout:/usr/bin/ceph: stderr
2023-12-14T14:03:44.867+0000 7f7d8ed9d700 1 -- 172.21.15.63:0/1831970786 learned_addr learned my addr 172.21.15.63:0/1831970786 (peer_addr_for_me v2:172.21.15.63:0/0)
2023-12-14T14:03:45.544 INFO:teuthology.orchestra.run.smithi063.stdout:/usr/bin/ceph: stderr
2023-12-14T14:03:44.867+0000 7f7d8ed9d700 1 -- 172.21.15.63:0/1831970786 --> [v2:172.21.15.63:3300/0,v1:172.21.15.63:6789/0] -- mon_subscribe({config=0+,monmap=0+}) v3 -- 0x7f7d80009550 con 0x7f7d90104810
2023-12-14T14:03:45.544 INFO:teuthology.orchestra.run.smithi063.stdout:/usr/bin/ceph: stderr
2023-12-14T14:03:44.867+0000 7f7d8ed9d700 1 --2- 172.21.15.63:0/1831970786 >> [v2:172.21.15.63:3300/0,v1:172.21.15.63:6789/0] conn(0x7f7d90104810 0x7f7d9019b7c0 secure :-1 s=READY pgs=19 cs=0 l=1 rev1=1 crypto rx=0x7f7d80006af0 tx=0x7f7d80011a30 comp rx=0 tx=0).ready entity=mon.0 client_cookie=0 server_cookie=0 in_seq=0 out_seq=0
2023-12-14T14:03:45.544 INFO:teuthology.orchestra.run.smithi063.stdout:/usr/bin/ceph: stderr
2023-12-14T14:03:44.867+0000 7f7d77fff700 1 -- 172.21.15.63:0/1831970786 <== mon.0 v2:172.21.15.63:3300/0 1 ==== mon_map magic: 0 v1 ==== 205+0+0 (secure 0 0 0) 0x7f7d80003bf0 con 0x7f7d90104810
2023-12-14T14:03:45.544 INFO:teuthology.orchestra.run.smithi063.stdout:/usr/bin/ceph: stderr
2023-12-14T14:03:44.867+0000 7f7d77fff700 1 -- 172.21.15.63:0/1831970786 <== mon.0 v2:172.21.15.63:3300/0 2 ==== config(25 keys) v1 ==== 1036+0+0 (secure 0 0 0) 0x7f7d8001b8b0 con 0x7f7d90104810
2023-12-14T14:03:45.544 INFO:teuthology.orchestra.run.smithi063.stdout:/usr/bin/ceph: stderr
2023-12-14T14:03:44.867+0000 7f7d95156700 1 -- 172.21.15.63:0/1831970786 --> [v2:172.21.15.63:3300/0,v1:172.21.15.63:6789/0] -- mon_subscribe({mgrmap=0+}) v3 -- 0x7f7d90106800 con 0x7f7d90104810
2023-12-14T14:03:45.544 INFO:teuthology.orchestra.run.smithi063.stdout:/usr/bin/ceph: stderr
2023-12-14T14:03:44.867+0000 7f7d77fff700 1 -- 172.21.15.63:0/1831970786 <== mon.0 v2:172.21.15.63:3300/0 3 ==== mon_map magic: 0 v1 ==== 205+0+0 (secure 0 0 0) 0x7f7d80019880 con 0x7f7d90104810
2023-12-14T14:03:45.544 INFO:teuthology.orchestra.run.smithi063.stdout:/usr/bin/ceph: stderr
2023-12-14T14:03:44.867+0000 7f7d95156700 1 -- 172.21.15.63:0/1831970786 --> [v2:172.21.15.63:3300/0,v1:172.21.15.63:6789/0] -- mon_subscribe({osdmap=0}) v3 -- 0x7f7d90106670 con 0x7f7d90104810
2023-12-14T14:03:45.544 INFO:teuthology.orchestra.run.smithi063.stdout:/usr/bin/ceph: stderr
2023-12-14T14:03:44.868+0000 7f7d77fff700 1 -- 172.21.15.63:0/1831970786 <== mon.0 v2:172.21.15.63:3300/0 4 ==== mgrmap(e 3) v1 ==== 45366+0+0 (secure 0 0 0) 0x7f7d80019b40 con 0x7f7d90104810
2023-12-14T14:03:45.544 INFO:teuthology.orchestra.run.smithi063.stdout:/usr/bin/ceph: stderr
2023-12-14T14:03:44.868+0000 7f7d95156700 1 -- 172.21.15.63:0/1831970786 --> [v2:172.21.15.63:3300/0,v1:172.21.15.63:6789/0] -- mon_command({"prefix": "get_command_descriptions"} v 0) v1 -- 0x7f7d90108ce0 con 0x7f7d90104810
2023-12-14T14:03:45.544 INFO:teuthology.orchestra.run.smithi063.stdout:/usr/bin/ceph: stderr
2023-12-14T14:03:44.869+0000 7f7d77fff700 1 --2- 172.21.15.63:0/1831970786 >> [v2:172.21.15.63:6800/858407165,v1:172.21.15.63:6801/858407165] conn(0x7f7d78038550 0x7f7d7803aa00 unknown :-1 s=NONE pgs=0 cs=0 l=1 rev1=0 crypto rx=0 tx=0 comp rx=0 tx=0).connect
2023-12-14T14:03:45.544 INFO:teuthology.orchestra.run.smithi063.stdout:/usr/bin/ceph: stderr
2023-12-14T14:03:44.869+0000 7f7d77fff700 1 -- 172.21.15.63:0/1831970786 <== mon.0 v2:172.21.15.63:3300/0 5 ==== osd_map(1..1 src has 1..1) v4 ==== 725+0+0 (secure 0 0 0) 0x7f7d8004c9b0 con 0x7f7d90104810
2023-12-14T14:03:45.544 INFO:teuthology.orchestra.run.smithi063.stdout:/usr/bin/ceph: stderr
2023-12-14T14:03:44.869+0000 7f7d8e59c700 1 --2- 172.21.15.63:0/1831970786 >> [v2:172.21.15.63:6800/858407165,v1:172.21.15.63:6801/858407165] conn(0x7f7d78038550 0x7f7d7803aa00 unknown :-1 s=BANNER_CONNECTING pgs=0 cs=0 l=1 rev1=0 crypto rx=0 tx=0 comp rx=0 tx=0)._handle_peer_banner_payload supported=3 required=0
2023-12-14T14:03:45.544 INFO:teuthology.orchestra.run.smithi063.stdout:/usr/bin/ceph: stderr
2023-12-14T14:03:44.869+0000 7f7d8e59c700 1 --2- 172.21.15.63:0/1831970786 >> [v2:172.21.15.63:6800/858407165,v1:172.21.15.63:6801/858407165] conn(0x7f7d78038550 0x7f7d7803aa00 secure :-1 s=READY pgs=6 cs=0 l=1 rev1=1 crypto rx=0x7f7d84006fd0 tx=0x7f7d84006e40 comp rx=0 tx=0).ready entity=mgr.14100 client_cookie=0 server_cookie=0 in_seq=0 out_seq=0
2023-12-14T14:03:45.545 INFO:teuthology.orchestra.run.smithi063.stdout:/usr/bin/ceph: stderr
2023-12-14T14:03:44.874+0000 7f7d77fff700 1 -- 172.21.15.63:0/1831970786 <== mon.0 v2:172.21.15.63:3300/0 6 ==== mon_command_ack([{"prefix": "get_command_descriptions"}]=0 v0) v1 ==== 72+0+177948 (secure 0 0 0) 0x7f7d800189a0 con 0x7f7d90104810
2023-12-14T14:03:45.545 INFO:teuthology.orchestra.run.smithi063.stdout:/usr/bin/ceph: stderr
2023-12-14T14:03:45.154+0000 7f7d95156700 1 -- 172.21.15.63:0/1831970786 --> [v2:172.21.15.63:3300/0,v1:172.21.15.63:6789/0] -- mon_command({"prefix": "status", "format": "json-pretty"} v 0) v1 -- 0x7f7d9019c340 con 0x7f7d90104810
2023-12-14T14:03:45.545 INFO:teuthology.orchestra.run.smithi063.stdout:/usr/bin/ceph: stderr
2023-12-14T14:03:45.155+0000 7f7d77fff700 1 -- 172.21.15.63:0/1831970786 <== mon.0 v2:172.21.15.63:3300/0 7 ==== mon_command_ack([{"prefix": "status", "format": "json-pretty"}]=0 v0) v1 ==== 79+0+1238 (secure 0 0 0) 0x7f7d80018350 con 0x7f7d90104810
2023-12-14T14:03:45.545 INFO:teuthology.orchestra.run.smithi063.stdout:/usr/bin/ceph: stderr
2023-12-14T14:03:45.157+0000 7f7d95156700 1 -- 172.21.15.63:0/1831970786 >> [v2:172.21.15.63:6800/858407165,v1:172.21.15.63:6801/858407165] conn(0x7f7d78038550 msgr2=0x7f7d7803aa00 secure :-1 s=STATE_CONNECTION_ESTABLISHED l=1).mark_down
2023-12-14T14:03:45.545 INFO:teuthology.orchestra.run.smithi063.stdout:/usr/bin/ceph: stderr
2023-12-14T14:03:45.157+0000 7f7d95156700 1 --2- 172.21.15.63:0/1831970786 >> [v2:172.21.15.63:6800/858407165,v1:172.21.15.63:6801/858407165] conn(0x7f7d78038550 0x7f7d7803aa00 secure :-1 s=READY pgs=6 cs=0 l=1 rev1=1 crypto rx=0x7f7d84006fd0 tx=0x7f7d84006e40 comp rx=0 tx=0).stop
2023-12-14T14:03:45.545 INFO:teuthology.orchestra.run.smithi063.stdout:/usr/bin/ceph: stderr
2023-12-14T14:03:45.157+0000 7f7d95156700 1 -- 172.21.15.63:0/1831970786 >> [v2:172.21.15.63:3300/0,v1:172.21.15.63:6789/0] conn(0x7f7d90104810 msgr2=0x7f7d9019b7c0 secure :-1 s=STATE_CONNECTION_ESTABLISHED l=1).mark_down
2023-12-14T14:03:45.545 INFO:teuthology.orchestra.run.smithi063.stdout:/usr/bin/ceph: stderr
2023-12-14T14:03:45.157+0000 7f7d95156700 1 --2- 172.21.15.63:0/1831970786 >> [v2:172.21.15.63:3300/0,v1:172.21.15.63:6789/0] conn(0x7f7d90104810 0x7f7d9019b7c0 secure :-1 s=READY pgs=19 cs=0 l=1 rev1=1 crypto rx=0x7f7d80006af0 tx=0x7f7d80011a30 comp rx=0 tx=0).stop
2023-12-14T14:03:45.545 INFO:teuthology.orchestra.run.smithi063.stdout:/usr/bin/ceph: stderr
2023-12-14T14:03:45.157+0000 7f7d95156700 1 -- 172.21.15.63:0/1831970786 shutdown_connections
2023-12-14T14:03:45.545 INFO:teuthology.orchestra.run.smithi063.stdout:/usr/bin/ceph: stderr
2023-12-14T14:03:45.157+0000 7f7d95156700 1 --2- 172.21.15.63:0/1831970786 >> [v2:172.21.15.63:6800/858407165,v1:172.21.15.63:6801/858407165] conn(0x7f7d78038550 0x7f7d7803aa00 unknown :-1 s=CLOSED pgs=6 cs=0 l=1 rev1=1 crypto rx=0 tx=0 comp rx=0 tx=0).stop
2023-12-14T14:03:45.545 INFO:teuthology.orchestra.run.smithi063.stdout:/usr/bin/ceph: stderr
2023-12-14T14:03:45.157+0000 7f7d95156700 1 --2- 172.21.15.63:0/1831970786 >> [v2:172.21.15.63:3300/0,v1:172.21.15.63:6789/0] conn(0x7f7d90104810 0x7f7d9019b7c0 unknown :-1 s=CLOSED pgs=19 cs=0 l=1 rev1=1 crypto rx=0 tx=0 comp rx=0 tx=0).stop
2023-12-14T14:03:45.545 INFO:teuthology.orchestra.run.smithi063.stdout:/usr/bin/ceph: stderr
2023-12-14T14:03:45.157+0000 7f7d95156700 1 -- 172.21.15.63:0/1831970786 >> 172.21.15.63:0/1831970786 conn(0x7f7d900ffe60 msgr2=0x7f7d900798f0 unknown :-1 s=STATE_NONE l=0).mark_down
2023-12-14T14:03:45.545 INFO:teuthology.orchestra.run.smithi063.stdout:/usr/bin/ceph: stderr
2023-12-14T14:03:45.157+0000 7f7d95156700 1 -- 172.21.15.63:0/1831970786 shutdown_connections
2023-12-14T14:03:45.545 INFO:teuthology.orchestra.run.smithi063.stdout:/usr/bin/ceph: stderr
2023-12-14T14:03:45.157+0000 7f7d95156700 1 -- 172.21.15.63:0/1831970786 wait complete.
2023-12-14T14:03:45.545 INFO:teuthology.orchestra.run.smithi063.stdout:mgr is available
2023-12-14T14:03:46.329 INFO:journalctl@ceph.mon.a.smithi063.stdout:Dec 14 14:03:45 smithi063 ceph-mon[42111]: from='client.? 172.21.15.63:0/1831970786' entity='client.admin' cmd=[{"prefix": "status", "format": "json-pretty"}]: dispatch
2023-12-14T14:03:46.410 INFO:teuthology.orchestra.run.smithi063.stdout:/usr/bin/ceph: stdout
2023-12-14T14:03:46.410 INFO:teuthology.orchestra.run.smithi063.stdout:/usr/bin/ceph: stdout [global]
2023-12-14T14:03:46.410 INFO:teuthology.orchestra.run.smithi063.stdout:/usr/bin/ceph: stdout fsid = 6413d580-9a89-11ee-95a3-87774f69a715
2023-12-14T14:03:46.410 INFO:teuthology.orchestra.run.smithi063.stdout:/usr/bin/ceph: stdout mon_osd_allow_pg_remap = true
2023-12-14T14:03:46.411 INFO:teuthology.orchestra.run.smithi063.stdout:/usr/bin/ceph: stdout mon_osd_allow_primary_affinity = true
2023-12-14T14:03:46.411 INFO:teuthology.orchestra.run.smithi063.stdout:/usr/bin/ceph: stdout mon_warn_on_no_sortbitwise = false
2023-12-14T14:03:46.411 INFO:teuthology.orchestra.run.smithi063.stdout:/usr/bin/ceph: stdout osd_crush_chooseleaf_type = 0
2023-12-14T14:03:46.411 INFO:teuthology.orchestra.run.smithi063.stdout:/usr/bin/ceph: stdout
2023-12-14T14:03:46.411 INFO:teuthology.orchestra.run.smithi063.stdout:/usr/bin/ceph: stdout [mgr]
2023-12-14T14:03:46.411 INFO:teuthology.orchestra.run.smithi063.stdout:/usr/bin/ceph: stdout mgr/telemetry/nag = false
2023-12-14T14:03:46.411 INFO:teuthology.orchestra.run.smithi063.stdout:/usr/bin/ceph: stdout
2023-12-14T14:03:46.411 INFO:teuthology.orchestra.run.smithi063.stdout:/usr/bin/ceph: stdout [osd]
2023-12-14T14:03:46.411 INFO:teuthology.orchestra.run.smithi063.stdout:/usr/bin/ceph: stdout mon_osd_backfillfull_ratio = 0.85
2023-12-14T14:03:46.411 INFO:teuthology.orchestra.run.smithi063.stdout:/usr/bin/ceph: stdout mon_osd_full_ratio = 0.9
2023-12-14T14:03:46.411 INFO:teuthology.orchestra.run.smithi063.stdout:/usr/bin/ceph: stdout mon_osd_nearfull_ratio = 0.8
2023-12-14T14:03:46.411 INFO:teuthology.orchestra.run.smithi063.stdout:/usr/bin/ceph: stdout osd_map_max_advance = 10
2023-12-14T14:03:46.412 INFO:teuthology.orchestra.run.smithi063.stdout:/usr/bin/ceph: stdout osd_sloppy_crc = true
2023-12-14T14:03:46.412 INFO:teuthology.orchestra.run.smithi063.stdout:/usr/bin/ceph: stderr
2023-12-14T14:03:45.853+0000 7f2676850700 1 Processor -- start
2023-12-14T14:03:46.412 INFO:teuthology.orchestra.run.smithi063.stdout:/usr/bin/ceph: stderr
2023-12-14T14:03:45.853+0000 7f2676850700 1 -- start start
2023-12-14T14:03:46.412 INFO:teuthology.orchestra.run.smithi063.stdout:/usr/bin/ceph: stderr
2023-12-14T14:03:45.853+0000 7f2676850700 1 --2- >> [v2:172.21.15.63:3300/0,v1:172.21.15.63:6789/0] conn(0x7f2670104810 0x7f2670104c20 unknown :-1 s=NONE pgs=0 cs=0 l=0 rev1=0 crypto rx=0 tx=0 comp rx=0 tx=0).connect
2023-12-14T14:03:46.412 INFO:teuthology.orchestra.run.smithi063.stdout:/usr/bin/ceph: stderr
2023-12-14T14:03:45.853+0000 7f2676850700 1 -- --> [v2:172.21.15.63:3300/0,v1:172.21.15.63:6789/0] -- mon_getmap magic: 0 v1 -- 0x7f2670105160 con 0x7f2670104810
2023-12-14T14:03:46.412 INFO:teuthology.orchestra.run.smithi063.stdout:/usr/bin/ceph: stderr
2023-12-14T14:03:45.853+0000 7f266ffff700 1 --2- >> [v2:172.21.15.63:3300/0,v1:172.21.15.63:6789/0] conn(0x7f2670104810 0x7f2670104c20 unknown :-1 s=BANNER_CONNECTING pgs=0 cs=0 l=0 rev1=0 crypto rx=0 tx=0 comp rx=0 tx=0)._handle_peer_banner_payload supported=3 required=0
2023-12-14T14:03:46.412 INFO:teuthology.orchestra.run.smithi063.stdout:/usr/bin/ceph: stderr
2023-12-14T14:03:45.853+0000 7f266ffff700 1 --2- >> [v2:172.21.15.63:3300/0,v1:172.21.15.63:6789/0] conn(0x7f2670104810 0x7f2670104c20 unknown :-1 s=HELLO_CONNECTING pgs=0 cs=0 l=0 rev1=1 crypto rx=0 tx=0 comp rx=0 tx=0).handle_hello peer v2:172.21.15.63:3300/0 says I am v2:172.21.15.63:47642/0 (socket says 172.21.15.63:47642)
2023-12-14T14:03:46.412 INFO:teuthology.orchestra.run.smithi063.stdout:/usr/bin/ceph: stderr
2023-12-14T14:03:45.853+0000 7f266ffff700 1 -- 172.21.15.63:0/3214451054 learned_addr learned my addr 172.21.15.63:0/3214451054 (peer_addr_for_me v2:172.21.15.63:0/0)
2023-12-14T14:03:46.412 INFO:teuthology.orchestra.run.smithi063.stdout:/usr/bin/ceph: stderr
2023-12-14T14:03:45.853+0000 7f266ffff700 1 -- 172.21.15.63:0/3214451054 --> [v2:172.21.15.63:3300/0,v1:172.21.15.63:6789/0] -- mon_subscribe({config=0+,monmap=0+}) v3 -- 0x7f26701052a0 con 0x7f2670104810
2023-12-14T14:03:46.412 INFO:teuthology.orchestra.run.smithi063.stdout:/usr/bin/ceph: stderr
2023-12-14T14:03:45.854+0000 7f266ffff700 1 --2- 172.21.15.63:0/3214451054 >> [v2:172.21.15.63:3300/0,v1:172.21.15.63:6789/0] conn(0x7f2670104810 0x7f2670104c20 secure :-1 s=READY pgs=20 cs=0 l=1 rev1=1 crypto rx=0x7f26600098a0 tx=0x7f2660009bb0 comp rx=0 tx=0).ready entity=mon.0 client_cookie=ed0ff43e309c1939 server_cookie=0 in_seq=0 out_seq=0
2023-12-14T14:03:46.412 INFO:teuthology.orchestra.run.smithi063.stdout:/usr/bin/ceph: stderr
2023-12-14T14:03:45.854+0000 7f266effd700 1 -- 172.21.15.63:0/3214451054 <== mon.0 v2:172.21.15.63:3300/0 1 ==== mon_map magic: 0 v1 ==== 205+0+0 (secure 0 0 0) 0x7f2660004160 con 0x7f2670104810
2023-12-14T14:03:46.413 INFO:teuthology.orchestra.run.smithi063.stdout:/usr/bin/ceph: stderr
2023-12-14T14:03:45.854+0000 7f266effd700 1 -- 172.21.15.63:0/3214451054 <== mon.0 v2:172.21.15.63:3300/0 2 ==== config(25 keys) v1 ==== 1036+0+0 (secure 0 0 0) 0x7f26600042c0 con 0x7f2670104810
2023-12-14T14:03:46.413 INFO:teuthology.orchestra.run.smithi063.stdout:/usr/bin/ceph: stderr
2023-12-14T14:03:45.854+0000 7f266effd700 1 -- 172.21.15.63:0/3214451054 <== mon.0 v2:172.21.15.63:3300/0 3 ==== mon_map magic: 0 v1 ==== 205+0+0 (secure 0 0 0) 0x7f2660011940 con 0x7f2670104810
2023-12-14T14:03:46.413 INFO:teuthology.orchestra.run.smithi063.stdout:/usr/bin/ceph: stderr
2023-12-14T14:03:45.854+0000 7f2676850700 1 -- 172.21.15.63:0/3214451054 >> [v2:172.21.15.63:3300/0,v1:172.21.15.63:6789/0] conn(0x7f2670104810 msgr2=0x7f2670104c20 secure :-1 s=STATE_CONNECTION_ESTABLISHED l=1).mark_down
2023-12-14T14:03:46.413 INFO:teuthology.orchestra.run.smithi063.stdout:/usr/bin/ceph: stderr
2023-12-14T14:03:45.854+0000 7f2676850700 1 --2- 172.21.15.63:0/3214451054 >> [v2:172.21.15.63:3300/0,v1:172.21.15.63:6789/0] conn(0x7f2670104810 0x7f2670104c20 secure :-1 s=READY pgs=20 cs=0 l=1 rev1=1 crypto rx=0x7f26600098a0 tx=0x7f2660009bb0 comp rx=0 tx=0).stop
2023-12-14T14:03:46.413 INFO:teuthology.orchestra.run.smithi063.stdout:/usr/bin/ceph: stderr
2023-12-14T14:03:45.854+0000 7f2676850700 1 -- 172.21.15.63:0/3214451054 shutdown_connections
2023-12-14T14:03:46.413 INFO:teuthology.orchestra.run.smithi063.stdout:/usr/bin/ceph: stderr
2023-12-14T14:03:45.854+0000 7f2676850700 1 --2- 172.21.15.63:0/3214451054 >> [v2:172.21.15.63:3300/0,v1:172.21.15.63:6789/0] conn(0x7f2670104810 0x7f2670104c20 unknown :-1 s=CLOSED pgs=20 cs=0 l=1 rev1=1 crypto rx=0 tx=0 comp rx=0 tx=0).stop
2023-12-14T14:03:46.413 INFO:teuthology.orchestra.run.smithi063.stdout:/usr/bin/ceph: stderr
2023-12-14T14:03:45.854+0000 7f2676850700 1 -- 172.21.15.63:0/3214451054 >> 172.21.15.63:0/3214451054 conn(0x7f26700ffea0 msgr2=0x7f26701022b0 unknown :-1 s=STATE_NONE l=0).mark_down
2023-12-14T14:03:46.413 INFO:teuthology.orchestra.run.smithi063.stdout:/usr/bin/ceph: stderr
2023-12-14T14:03:45.854+0000 7f2676850700 1 -- 172.21.15.63:0/3214451054 shutdown_connections
2023-12-14T14:03:46.413 INFO:teuthology.orchestra.run.smithi063.stdout:/usr/bin/ceph: stderr
2023-12-14T14:03:45.855+0000 7f2676850700 1 -- 172.21.15.63:0/3214451054 wait complete.
2023-12-14T14:03:46.413 INFO:teuthology.orchestra.run.smithi063.stdout:/usr/bin/ceph: stderr
2023-12-14T14:03:45.855+0000 7f2676850700 1 Processor -- start
2023-12-14T14:03:46.414 INFO:teuthology.orchestra.run.smithi063.stdout:/usr/bin/ceph: stderr
2023-12-14T14:03:45.855+0000 7f2676850700 1 -- start start
2023-12-14T14:03:46.414 INFO:teuthology.orchestra.run.smithi063.stdout:/usr/bin/ceph: stderr
2023-12-14T14:03:45.855+0000 7f2676850700 1 --2- >> [v2:172.21.15.63:3300/0,v1:172.21.15.63:6789/0] conn(0x7f2670104810 0x7f26701995c0 unknown :-1 s=NONE pgs=0 cs=0 l=1 rev1=0 crypto rx=0 tx=0 comp rx=0 tx=0).connect
2023-12-14T14:03:46.414 INFO:teuthology.orchestra.run.smithi063.stdout:/usr/bin/ceph: stderr
2023-12-14T14:03:45.855+0000 7f2676850700 1 -- --> [v2:172.21.15.63:3300/0,v1:172.21.15.63:6789/0] -- mon_getmap magic: 0 v1 -- 0x7f2670199b00 con 0x7f2670104810
2023-12-14T14:03:46.414 INFO:teuthology.orchestra.run.smithi063.stdout:/usr/bin/ceph: stderr
2023-12-14T14:03:45.856+0000 7f266ffff700 1 --2- >> [v2:172.21.15.63:3300/0,v1:172.21.15.63:6789/0] conn(0x7f2670104810 0x7f26701995c0 unknown :-1 s=BANNER_CONNECTING pgs=0 cs=0 l=1 rev1=0 crypto rx=0 tx=0 comp rx=0 tx=0)._handle_peer_banner_payload supported=3 required=0
2023-12-14T14:03:46.414 INFO:teuthology.orchestra.run.smithi063.stdout:/usr/bin/ceph: stderr
2023-12-14T14:03:45.856+0000 7f266ffff700 1 --2- >> [v2:172.21.15.63:3300/0,v1:172.21.15.63:6789/0] conn(0x7f2670104810 0x7f26701995c0 unknown :-1 s=HELLO_CONNECTING pgs=0 cs=0 l=1 rev1=1 crypto rx=0 tx=0 comp rx=0 tx=0).handle_hello peer v2:172.21.15.63:3300/0 says I am v2:172.21.15.63:47654/0 (socket says 172.21.15.63:47654)
2023-12-14T14:03:46.414 INFO:teuthology.orchestra.run.smithi063.stdout:/usr/bin/ceph: stderr
2023-12-14T14:03:45.856+0000 7f266ffff700 1 -- 172.21.15.63:0/1655025089 learned_addr learned my addr 172.21.15.63:0/1655025089 (peer_addr_for_me v2:172.21.15.63:0/0)
2023-12-14T14:03:46.414 INFO:teuthology.orchestra.run.smithi063.stdout:/usr/bin/ceph: stderr
2023-12-14T14:03:45.856+0000 7f266ffff700 1 -- 172.21.15.63:0/1655025089 --> [v2:172.21.15.63:3300/0,v1:172.21.15.63:6789/0] -- mon_subscribe({config=0+,monmap=0+}) v3 -- 0x7f2660009550 con 0x7f2670104810
2023-12-14T14:03:46.414 INFO:teuthology.orchestra.run.smithi063.stdout:/usr/bin/ceph: stderr
2023-12-14T14:03:45.856+0000 7f266ffff700 1 --2- 172.21.15.63:0/1655025089 >> [v2:172.21.15.63:3300/0,v1:172.21.15.63:6789/0] conn(0x7f2670104810 0x7f26701995c0 secure :-1 s=READY pgs=21 cs=0 l=1 rev1=1 crypto rx=0x7f2660006af0 tx=0x7f2660011a30 comp rx=0 tx=0).ready entity=mon.0 client_cookie=0 server_cookie=0 in_seq=0 out_seq=0
2023-12-14T14:03:46.414 INFO:teuthology.orchestra.run.smithi063.stdout:/usr/bin/ceph: stderr
2023-12-14T14:03:45.856+0000 7f266d7fa700 1 -- 172.21.15.63:0/1655025089 <== mon.0 v2:172.21.15.63:3300/0 1 ==== mon_map magic: 0 v1 ==== 205+0+0 (secure 0 0 0) 0x7f2660003bf0 con 0x7f2670104810
2023-12-14T14:03:46.414 INFO:teuthology.orchestra.run.smithi063.stdout:/usr/bin/ceph: stderr
2023-12-14T14:03:45.856+0000 7f266d7fa700 1 -- 172.21.15.63:0/1655025089 <== mon.0 v2:172.21.15.63:3300/0 2 ==== config(25 keys) v1 ==== 1036+0+0 (secure 0 0 0) 0x7f266001b8b0 con 0x7f2670104810
2023-12-14T14:03:46.414 INFO:teuthology.orchestra.run.smithi063.stdout:/usr/bin/ceph: stderr
2023-12-14T14:03:45.856+0000 7f266d7fa700 1 -- 172.21.15.63:0/1655025089 <== mon.0 v2:172.21.15.63:3300/0 3 ==== mon_map magic: 0 v1 ==== 205+0+0 (secure 0 0 0) 0x7f2660019880 con 0x7f2670104810
2023-12-14T14:03:46.415 INFO:teuthology.orchestra.run.smithi063.stdout:/usr/bin/ceph: stderr
2023-12-14T14:03:45.856+0000 7f2676850700 1 -- 172.21.15.63:0/1655025089 --> [v2:172.21.15.63:3300/0,v1:172.21.15.63:6789/0] -- mon_subscribe({mgrmap=0+}) v3 -- 0x7f2670106800 con 0x7f2670104810
2023-12-14T14:03:46.415 INFO:teuthology.orchestra.run.smithi063.stdout:/usr/bin/ceph: stderr
2023-12-14T14:03:45.856+0000 7f2676850700 1 -- 172.21.15.63:0/1655025089 --> [v2:172.21.15.63:3300/0,v1:172.21.15.63:6789/0] -- mon_subscribe({osdmap=0}) v3 -- 0x7f2670106670 con 0x7f2670104810
2023-12-14T14:03:46.415 INFO:teuthology.orchestra.run.smithi063.stdout:/usr/bin/ceph: stderr
2023-12-14T14:03:45.857+0000 7f266d7fa700 1 -- 172.21.15.63:0/1655025089 <== mon.0 v2:172.21.15.63:3300/0 4 ==== mgrmap(e 3) v1 ==== 45366+0+0 (secure 0 0 0) 0x7f2660019b40 con 0x7f2670104810
2023-12-14T14:03:46.415 INFO:teuthology.orchestra.run.smithi063.stdout:/usr/bin/ceph: stderr
2023-12-14T14:03:45.857+0000 7f266d7fa700 1 --2- 172.21.15.63:0/1655025089 >> [v2:172.21.15.63:6800/858407165,v1:172.21.15.63:6801/858407165] conn(0x7f2658038550 0x7f265803aa00 unknown :-1 s=NONE pgs=0 cs=0 l=1 rev1=0 crypto rx=0 tx=0 comp rx=0 tx=0).connect
2023-12-14T14:03:46.415 INFO:teuthology.orchestra.run.smithi063.stdout:/usr/bin/ceph: stderr
2023-12-14T14:03:45.857+0000 7f266d7fa700 1 -- 172.21.15.63:0/1655025089 <== mon.0 v2:172.21.15.63:3300/0 5 ==== osd_map(1..1 src has 1..1) v4 ==== 725+0+0 (secure 0 0 0) 0x7f266004c790 con 0x7f2670104810
2023-12-14T14:03:46.415 INFO:teuthology.orchestra.run.smithi063.stdout:/usr/bin/ceph: stderr
2023-12-14T14:03:45.857+0000 7f266f7fe700 1 --2- 172.21.15.63:0/1655025089 >> [v2:172.21.15.63:6800/858407165,v1:172.21.15.63:6801/858407165] conn(0x7f2658038550 0x7f265803aa00 unknown :-1 s=BANNER_CONNECTING pgs=0 cs=0 l=1 rev1=0 crypto rx=0 tx=0 comp rx=0 tx=0)._handle_peer_banner_payload supported=3 required=0
2023-12-14T14:03:46.415 INFO:teuthology.orchestra.run.smithi063.stdout:/usr/bin/ceph: stderr
2023-12-14T14:03:45.857+0000 7f2676850700 1 -- 172.21.15.63:0/1655025089 --> [v2:172.21.15.63:3300/0,v1:172.21.15.63:6789/0] -- mon_command({"prefix": "get_command_descriptions"} v 0) v1 -- 0x7f2670108ce0 con 0x7f2670104810
2023-12-14T14:03:46.415 INFO:teuthology.orchestra.run.smithi063.stdout:/usr/bin/ceph: stderr
2023-12-14T14:03:45.858+0000 7f266f7fe700 1 --2- 172.21.15.63:0/1655025089 >> [v2:172.21.15.63:6800/858407165,v1:172.21.15.63:6801/858407165] conn(0x7f2658038550 0x7f265803aa00 secure :-1 s=READY pgs=7 cs=0 l=1 rev1=1 crypto rx=0x7f2664006fd0 tx=0x7f2664006e40 comp rx=0 tx=0).ready entity=mgr.14100 client_cookie=0 server_cookie=0 in_seq=0 out_seq=0
2023-12-14T14:03:46.415 INFO:teuthology.orchestra.run.smithi063.stdout:/usr/bin/ceph: stderr
2023-12-14T14:03:45.862+0000 7f266d7fa700 1 -- 172.21.15.63:0/1655025089 <== mon.0 v2:172.21.15.63:3300/0 6 ==== mon_command_ack([{"prefix": "get_command_descriptions"}]=0 v0) v1 ==== 72+0+177948 (secure 0 0 0) 0x7f266001b440 con 0x7f2670104810
2023-12-14T14:03:46.415 INFO:teuthology.orchestra.run.smithi063.stdout:/usr/bin/ceph: stderr
2023-12-14T14:03:45.967+0000 7f266d7fa700 1 -- 172.21.15.63:0/1655025089 <== mon.0 v2:172.21.15.63:3300/0 7 ==== mgrmap(e 4) v1 ==== 45472+0+0 (secure 0 0 0) 0x7f266001ba20 con 0x7f2670104810
2023-12-14T14:03:46.415 INFO:teuthology.orchestra.run.smithi063.stdout:/usr/bin/ceph: stderr
2023-12-14T14:03:46.063+0000 7f2676850700 1 -- 172.21.15.63:0/1655025089 --> [v2:172.21.15.63:3300/0,v1:172.21.15.63:6789/0] -- mon_command({"prefix": "config assimilate-conf"} v 0) v1 -- 0x7f2670062120 con 0x7f2670104810
2023-12-14T14:03:46.416 INFO:teuthology.orchestra.run.smithi063.stdout:/usr/bin/ceph: stderr
2023-12-14T14:03:46.064+0000 7f266d7fa700 1 -- 172.21.15.63:0/1655025089 <== mon.0 v2:172.21.15.63:3300/0 8 ==== mon_command_ack([{"prefix": "config assimilate-conf"}]=0 v3) v1 ==== 70+0+373 (secure 0 0 0) 0x7f2660018b30 con 0x7f2670104810
2023-12-14T14:03:46.416 INFO:teuthology.orchestra.run.smithi063.stdout:/usr/bin/ceph: stderr
2023-12-14T14:03:46.066+0000 7f2676850700 1 -- 172.21.15.63:0/1655025089 >> [v2:172.21.15.63:6800/858407165,v1:172.21.15.63:6801/858407165] conn(0x7f2658038550 msgr2=0x7f265803aa00 secure :-1 s=STATE_CONNECTION_ESTABLISHED l=1).mark_down
2023-12-14T14:03:46.416 INFO:teuthology.orchestra.run.smithi063.stdout:/usr/bin/ceph: stderr
2023-12-14T14:03:46.066+0000 7f2676850700 1 --2- 172.21.15.63:0/1655025089 >> [v2:172.21.15.63:6800/858407165,v1:172.21.15.63:6801/858407165] conn(0x7f2658038550 0x7f265803aa00 secure :-1 s=READY pgs=7 cs=0 l=1 rev1=1 crypto rx=0x7f2664006fd0 tx=0x7f2664006e40 comp rx=0 tx=0).stop
2023-12-14T14:03:46.416 INFO:teuthology.orchestra.run.smithi063.stdout:/usr/bin/ceph: stderr
2023-12-14T14:03:46.066+0000 7f2676850700 1 -- 172.21.15.63:0/1655025089 >> [v2:172.21.15.63:3300/0,v1:172.21.15.63:6789/0] conn(0x7f2670104810 msgr2=0x7f26701995c0 secure :-1 s=STATE_CONNECTION_ESTABLISHED l=1).mark_down
2023-12-14T14:03:46.416 INFO:teuthology.orchestra.run.smithi063.stdout:/usr/bin/ceph: stderr
2023-12-14T14:03:46.066+0000 7f2676850700 1 --2- 172.21.15.63:0/1655025089 >> [v2:172.21.15.63:3300/0,v1:172.21.15.63:6789/0] conn(0x7f2670104810 0x7f26701995c0 secure :-1 s=READY pgs=21 cs=0 l=1 rev1=1 crypto rx=0x7f2660006af0 tx=0x7f2660011a30 comp rx=0 tx=0).stop
2023-12-14T14:03:46.416 INFO:teuthology.orchestra.run.smithi063.stdout:/usr/bin/ceph: stderr
2023-12-14T14:03:46.066+0000 7f2676850700 1 -- 172.21.15.63:0/1655025089 shutdown_connections
2023-12-14T14:03:46.416 INFO:teuthology.orchestra.run.smithi063.stdout:/usr/bin/ceph: stderr
2023-12-14T14:03:46.066+0000 7f2676850700 1 --2- 172.21.15.63:0/1655025089 >> [v2:172.21.15.63:6800/858407165,v1:172.21.15.63:6801/858407165] conn(0x7f2658038550 0x7f265803aa00 unknown :-1 s=CLOSED pgs=7 cs=0 l=1 rev1=1 crypto rx=0 tx=0 comp rx=0 tx=0).stop
2023-12-14T14:03:46.416 INFO:teuthology.orchestra.run.smithi063.stdout:/usr/bin/ceph: stderr
2023-12-14T14:03:46.066+0000 7f2676850700 1 --2- 172.21.15.63:0/1655025089 >> [v2:172.21.15.63:3300/0,v1:172.21.15.63:6789/0] conn(0x7f2670104810 0x7f26701995c0 unknown :-1 s=CLOSED pgs=21 cs=0 l=1 rev1=1 crypto rx=0 tx=0 comp rx=0 tx=0).stop
2023-12-14T14:03:46.416 INFO:teuthology.orchestra.run.smithi063.stdout:/usr/bin/ceph: stderr
2023-12-14T14:03:46.066+0000 7f2676850700 1 -- 172.21.15.63:0/1655025089 >> 172.21.15.63:0/1655025089 conn(0x7f26700ffea0 msgr2=0x7f2670073c60 unknown :-1 s=STATE_NONE l=0).mark_down
2023-12-14T14:03:46.416 INFO:teuthology.orchestra.run.smithi063.stdout:/usr/bin/ceph: stderr
2023-12-14T14:03:46.066+0000 7f2676850700 1 -- 172.21.15.63:0/1655025089 shutdown_connections
2023-12-14T14:03:46.416 INFO:teuthology.orchestra.run.smithi063.stdout:/usr/bin/ceph: stderr
2023-12-14T14:03:46.066+0000 7f2676850700 1 -- 172.21.15.63:0/1655025089 wait complete.
2023-12-14T14:03:46.417 INFO:teuthology.orchestra.run.smithi063.stdout:Enabling cephadm module...
2023-12-14T14:03:47.331 INFO:journalctl@ceph.mon.a.smithi063.stdout:Dec 14 14:03:46 smithi063 ceph-mon[42111]: mgrmap e4: x(active, since 3s)
2023-12-14T14:03:47.332 INFO:journalctl@ceph.mon.a.smithi063.stdout:Dec 14 14:03:46 smithi063 ceph-mon[42111]: from='client.? 172.21.15.63:0/1655025089' entity='client.admin' cmd=[{"prefix": "config assimilate-conf"}]: dispatch
2023-12-14T14:03:48.279 INFO:journalctl@ceph.mon.a.smithi063.stdout:Dec 14 14:03:47 smithi063 ceph-mon[42111]: from='client.? 172.21.15.63:0/2849769046' entity='client.admin' cmd=[{"prefix": "mgr module enable", "module": "cephadm"}]: dispatch
2023-12-14T14:03:48.279 INFO:journalctl@ceph.mgr.x.smithi063.stdout:Dec 14 14:03:48 smithi063 ceph-6413d580-9a89-11ee-95a3-87774f69a715-mgr-x[42361]: ignoring --setuser ceph since I am not root
2023-12-14T14:03:48.280 INFO:journalctl@ceph.mgr.x.smithi063.stdout:Dec 14 14:03:48 smithi063 ceph-6413d580-9a89-11ee-95a3-87774f69a715-mgr-x[42361]: ignoring --setgroup ceph since I am not root
2023-12-14T14:03:48.383 INFO:teuthology.orchestra.run.smithi063.stdout:/usr/bin/ceph: stderr
2023-12-14T14:03:46.784+0000 7f617d49f700 1 Processor -- start
2023-12-14T14:03:48.383 INFO:teuthology.orchestra.run.smithi063.stdout:/usr/bin/ceph: stderr
2023-12-14T14:03:46.784+0000 7f617d49f700 1 -- start start
2023-12-14T14:03:48.383 INFO:teuthology.orchestra.run.smithi063.stdout:/usr/bin/ceph: stderr
2023-12-14T14:03:46.784+0000 7f617d49f700 1 --2- >> [v2:172.21.15.63:3300/0,v1:172.21.15.63:6789/0] conn(0x7f6178103c00 0x7f6178104010 unknown :-1 s=NONE pgs=0 cs=0 l=0 rev1=0 crypto rx=0 tx=0 comp rx=0 tx=0).connect
2023-12-14T14:03:48.383 INFO:teuthology.orchestra.run.smithi063.stdout:/usr/bin/ceph: stderr
2023-12-14T14:03:46.784+0000 7f617d49f700 1 -- --> [v2:172.21.15.63:3300/0,v1:172.21.15.63:6789/0] -- mon_getmap magic: 0 v1 -- 0x7f6178104550 con 0x7f6178103c00
2023-12-14T14:03:48.384 INFO:teuthology.orchestra.run.smithi063.stdout:/usr/bin/ceph: stderr
2023-12-14T14:03:46.784+0000 7f6176ffd700 1 --2- >> [v2:172.21.15.63:3300/0,v1:172.21.15.63:6789/0] conn(0x7f6178103c00 0x7f6178104010 unknown :-1 s=BANNER_CONNECTING pgs=0 cs=0 l=0 rev1=0 crypto rx=0 tx=0 comp rx=0 tx=0)._handle_peer_banner_payload supported=3 required=0
2023-12-14T14:03:48.384 INFO:teuthology.orchestra.run.smithi063.stdout:/usr/bin/ceph: stderr
2023-12-14T14:03:46.784+0000 7f6176ffd700 1 --2- >> [v2:172.21.15.63:3300/0,v1:172.21.15.63:6789/0] conn(0x7f6178103c00 0x7f6178104010 unknown :-1 s=HELLO_CONNECTING pgs=0 cs=0 l=0 rev1=1 crypto rx=0 tx=0 comp rx=0 tx=0).handle_hello peer v2:172.21.15.63:3300/0 says I am v2:172.21.15.63:47666/0 (socket says 172.21.15.63:47666)
2023-12-14T14:03:48.384 INFO:teuthology.orchestra.run.smithi063.stdout:/usr/bin/ceph: stderr
2023-12-14T14:03:46.784+0000 7f6176ffd700 1 -- 172.21.15.63:0/3722996171 learned_addr learned my addr 172.21.15.63:0/3722996171 (peer_addr_for_me v2:172.21.15.63:0/0)
2023-12-14T14:03:48.384 INFO:teuthology.orchestra.run.smithi063.stdout:/usr/bin/ceph: stderr
2023-12-14T14:03:46.785+0000 7f6176ffd700 1 -- 172.21.15.63:0/3722996171 --> [v2:172.21.15.63:3300/0,v1:172.21.15.63:6789/0] -- mon_subscribe({config=0+,monmap=0+}) v3 -- 0x7f6178104690 con 0x7f6178103c00
2023-12-14T14:03:48.384 INFO:teuthology.orchestra.run.smithi063.stdout:/usr/bin/ceph: stderr
2023-12-14T14:03:46.785+0000 7f6176ffd700 1 --2- 172.21.15.63:0/3722996171 >> [v2:172.21.15.63:3300/0,v1:172.21.15.63:6789/0] conn(0x7f6178103c00 0x7f6178104010 secure :-1 s=READY pgs=22 cs=0 l=1 rev1=1 crypto rx=0x7f61600098a0 tx=0x7f6160009bb0 comp rx=0 tx=0).ready entity=mon.0 client_cookie=a46c21135c30fe56 server_cookie=0 in_seq=0 out_seq=0
2023-12-14T14:03:48.384 INFO:teuthology.orchestra.run.smithi063.stdout:/usr/bin/ceph: stderr
2023-12-14T14:03:46.785+0000 7f6175ffb700 1 -- 172.21.15.63:0/3722996171 <== mon.0 v2:172.21.15.63:3300/0 1 ==== mon_map magic: 0 v1 ==== 205+0+0 (secure 0 0 0) 0x7f6160004160 con 0x7f6178103c00
2023-12-14T14:03:48.384 INFO:teuthology.orchestra.run.smithi063.stdout:/usr/bin/ceph: stderr
2023-12-14T14:03:46.785+0000 7f6175ffb700 1 -- 172.21.15.63:0/3722996171 <== mon.0 v2:172.21.15.63:3300/0 2 ==== config(25 keys) v1 ==== 1036+0+0 (secure 0 0 0) 0x7f61600042c0 con 0x7f6178103c00
2023-12-14T14:03:48.384 INFO:teuthology.orchestra.run.smithi063.stdout:/usr/bin/ceph: stderr
2023-12-14T14:03:46.785+0000 7f6175ffb700 1 -- 172.21.15.63:0/3722996171 <== mon.0 v2:172.21.15.63:3300/0 3 ==== mon_map magic: 0 v1 ==== 205+0+0 (secure 0 0 0) 0x7f6160011940 con 0x7f6178103c00
2023-12-14T14:03:48.384 INFO:teuthology.orchestra.run.smithi063.stdout:/usr/bin/ceph: stderr
2023-12-14T14:03:46.785+0000 7f617d49f700 1 -- 172.21.15.63:0/3722996171 >> [v2:172.21.15.63:3300/0,v1:172.21.15.63:6789/0] conn(0x7f6178103c00 msgr2=0x7f6178104010 secure :-1 s=STATE_CONNECTION_ESTABLISHED l=1).mark_down
2023-12-14T14:03:48.384 INFO:teuthology.orchestra.run.smithi063.stdout:/usr/bin/ceph: stderr
2023-12-14T14:03:46.785+0000 7f617d49f700 1 --2- 172.21.15.63:0/3722996171 >> [v2:172.21.15.63:3300/0,v1:172.21.15.63:6789/0] conn(0x7f6178103c00 0x7f6178104010 secure :-1 s=READY pgs=22 cs=0 l=1 rev1=1 crypto rx=0x7f61600098a0 tx=0x7f6160009bb0 comp rx=0 tx=0).stop
2023-12-14T14:03:48.385 INFO:teuthology.orchestra.run.smithi063.stdout:/usr/bin/ceph: stderr
2023-12-14T14:03:46.786+0000 7f617d49f700 1 -- 172.21.15.63:0/3722996171 shutdown_connections
2023-12-14T14:03:48.385 INFO:teuthology.orchestra.run.smithi063.stdout:/usr/bin/ceph: stderr
2023-12-14T14:03:46.786+0000 7f617d49f700 1 --2- 172.21.15.63:0/3722996171 >> [v2:172.21.15.63:3300/0,v1:172.21.15.63:6789/0] conn(0x7f6178103c00 0x7f6178104010 unknown :-1 s=CLOSED pgs=22 cs=0 l=1 rev1=1 crypto rx=0 tx=0 comp rx=0 tx=0).stop
2023-12-14T14:03:48.385 INFO:teuthology.orchestra.run.smithi063.stdout:/usr/bin/ceph: stderr
2023-12-14T14:03:46.786+0000 7f617d49f700 1 -- 172.21.15.63:0/3722996171 >> 172.21.15.63:0/3722996171 conn(0x7f61780ff5e0 msgr2=0x7f6178101a10 unknown :-1 s=STATE_NONE l=0).mark_down
2023-12-14T14:03:48.385 INFO:teuthology.orchestra.run.smithi063.stdout:/usr/bin/ceph: stderr
2023-12-14T14:03:46.786+0000 7f617d49f700 1 -- 172.21.15.63:0/3722996171 shutdown_connections
2023-12-14T14:03:48.385 INFO:teuthology.orchestra.run.smithi063.stdout:/usr/bin/ceph: stderr
2023-12-14T14:03:46.786+0000 7f617d49f700 1 -- 172.21.15.63:0/3722996171 wait complete.
2023-12-14T14:03:48.385 INFO:teuthology.orchestra.run.smithi063.stdout:/usr/bin/ceph: stderr
2023-12-14T14:03:46.786+0000 7f617d49f700 1 Processor -- start
2023-12-14T14:03:48.385 INFO:teuthology.orchestra.run.smithi063.stdout:/usr/bin/ceph: stderr
2023-12-14T14:03:46.786+0000 7f617d49f700 1 -- start start
2023-12-14T14:03:48.385 INFO:teuthology.orchestra.run.smithi063.stdout:/usr/bin/ceph: stderr
2023-12-14T14:03:46.787+0000 7f617d49f700 1 --2- >> [v2:172.21.15.63:3300/0,v1:172.21.15.63:6789/0] conn(0x7f6178103c00 0x7f6178106590 unknown :-1 s=NONE pgs=0 cs=0 l=1 rev1=0 crypto rx=0 tx=0 comp rx=0 tx=0).connect
2023-12-14T14:03:48.385 INFO:teuthology.orchestra.run.smithi063.stdout:/usr/bin/ceph: stderr
2023-12-14T14:03:46.787+0000 7f617d49f700 1 -- --> [v2:172.21.15.63:3300/0,v1:172.21.15.63:6789/0] -- mon_getmap magic: 0 v1 -- 0x7f6178106ad0 con 0x7f6178103c00
2023-12-14T14:03:48.386 INFO:teuthology.orchestra.run.smithi063.stdout:/usr/bin/ceph: stderr
2023-12-14T14:03:46.787+0000 7f6176ffd700 1 --2- >> [v2:172.21.15.63:3300/0,v1:172.21.15.63:6789/0] conn(0x7f6178103c00 0x7f6178106590 unknown :-1 s=BANNER_CONNECTING pgs=0 cs=0 l=1 rev1=0 crypto rx=0 tx=0 comp rx=0 tx=0)._handle_peer_banner_payload supported=3 required=0
2023-12-14T14:03:48.386 INFO:teuthology.orchestra.run.smithi063.stdout:/usr/bin/ceph: stderr
2023-12-14T14:03:46.787+0000 7f6176ffd700 1 --2- >> [v2:172.21.15.63:3300/0,v1:172.21.15.63:6789/0] conn(0x7f6178103c00 0x7f6178106590 unknown :-1 s=HELLO_CONNECTING pgs=0 cs=0 l=1 rev1=1 crypto rx=0 tx=0 comp rx=0 tx=0).handle_hello peer v2:172.21.15.63:3300/0 says I am v2:172.21.15.63:47670/0 (socket says 172.21.15.63:47670)
2023-12-14T14:03:48.386 INFO:teuthology.orchestra.run.smithi063.stdout:/usr/bin/ceph: stderr
2023-12-14T14:03:46.787+0000 7f6176ffd700 1 -- 172.21.15.63:0/2849769046 learned_addr learned my addr 172.21.15.63:0/2849769046 (peer_addr_for_me v2:172.21.15.63:0/0)
2023-12-14T14:03:48.386 INFO:teuthology.orchestra.run.smithi063.stdout:/usr/bin/ceph: stderr
2023-12-14T14:03:46.787+0000 7f6176ffd700 1 -- 172.21.15.63:0/2849769046 --> [v2:172.21.15.63:3300/0,v1:172.21.15.63:6789/0] -- mon_subscribe({config=0+,monmap=0+}) v3 -- 0x7f6160009550 con 0x7f6178103c00
2023-12-14T14:03:48.386 INFO:teuthology.orchestra.run.smithi063.stdout:/usr/bin/ceph: stderr
2023-12-14T14:03:46.787+0000 7f6176ffd700 1 --2- 172.21.15.63:0/2849769046 >> [v2:172.21.15.63:3300/0,v1:172.21.15.63:6789/0] conn(0x7f6178103c00 0x7f6178106590 secure :-1 s=READY pgs=23 cs=0 l=1 rev1=1 crypto rx=0x7f6160006af0 tx=0x7f6160011a30 comp rx=0 tx=0).ready entity=mon.0 client_cookie=0 server_cookie=0 in_seq=0 out_seq=0
2023-12-14T14:03:48.386 INFO:teuthology.orchestra.run.smithi063.stdout:/usr/bin/ceph: stderr
2023-12-14T14:03:46.787+0000 7f616ffff700 1 -- 172.21.15.63:0/2849769046 <== mon.0 v2:172.21.15.63:3300/0 1 ==== mon_map magic: 0 v1 ==== 205+0+0 (secure 0 0 0) 0x7f6160003bf0 con 0x7f6178103c00
2023-12-14T14:03:48.386 INFO:teuthology.orchestra.run.smithi063.stdout:/usr/bin/ceph: stderr
2023-12-14T14:03:46.787+0000 7f616ffff700 1 -- 172.21.15.63:0/2849769046 <== mon.0 v2:172.21.15.63:3300/0 2 ==== config(25 keys) v1 ==== 1036+0+0 (secure 0 0 0) 0x7f616001b8b0 con 0x7f6178103c00
2023-12-14T14:03:48.386 INFO:teuthology.orchestra.run.smithi063.stdout:/usr/bin/ceph: stderr
2023-12-14T14:03:46.787+0000 7f617d49f700 1 -- 172.21.15.63:0/2849769046 --> [v2:172.21.15.63:3300/0,v1:172.21.15.63:6789/0] -- mon_subscribe({mgrmap=0+}) v3 -- 0x7f6178107970 con 0x7f6178103c00
2023-12-14T14:03:48.386 INFO:teuthology.orchestra.run.smithi063.stdout:/usr/bin/ceph: stderr
2023-12-14T14:03:46.787+0000 7f616ffff700 1 -- 172.21.15.63:0/2849769046 <== mon.0 v2:172.21.15.63:3300/0 3 ==== mon_map magic: 0 v1 ==== 205+0+0 (secure 0 0 0) 0x7f61600198b0 con 0x7f6178103c00
2023-12-14T14:03:48.386 INFO:teuthology.orchestra.run.smithi063.stdout:/usr/bin/ceph: stderr
2023-12-14T14:03:46.787+0000 7f617d49f700 1 -- 172.21.15.63:0/2849769046 --> [v2:172.21.15.63:3300/0,v1:172.21.15.63:6789/0] -- mon_subscribe({osdmap=0}) v3 -- 0x7f61781077e0 con 0x7f6178103c00
2023-12-14T14:03:48.387 INFO:teuthology.orchestra.run.smithi063.stdout:/usr/bin/ceph: stderr
2023-12-14T14:03:46.788+0000 7f616ffff700 1 -- 172.21.15.63:0/2849769046 <== mon.0 v2:172.21.15.63:3300/0 4 ==== mgrmap(e 4) v1 ==== 45472+0+0 (secure 0 0 0) 0x7f6160019b20 con 0x7f6178103c00
2023-12-14T14:03:48.387 INFO:teuthology.orchestra.run.smithi063.stdout:/usr/bin/ceph: stderr
2023-12-14T14:03:46.788+0000 7f616ffff700 1 --2- 172.21.15.63:0/2849769046 >> [v2:172.21.15.63:6800/858407165,v1:172.21.15.63:6801/858407165] conn(0x7f61640386c0 0x7f616403ab70 unknown :-1 s=NONE pgs=0 cs=0 l=1 rev1=0 crypto rx=0 tx=0 comp rx=0 tx=0).connect
2023-12-14T14:03:48.387 INFO:teuthology.orchestra.run.smithi063.stdout:/usr/bin/ceph: stderr
2023-12-14T14:03:46.788+0000 7f617d49f700 1 -- 172.21.15.63:0/2849769046 --> [v2:172.21.15.63:3300/0,v1:172.21.15.63:6789/0] -- mon_command({"prefix": "get_command_descriptions"} v 0) v1 -- 0x7f6178062120 con 0x7f6178103c00
2023-12-14T14:03:48.387 INFO:teuthology.orchestra.run.smithi063.stdout:/usr/bin/ceph: stderr
2023-12-14T14:03:46.788+0000 7f616ffff700 1 -- 172.21.15.63:0/2849769046 <== mon.0 v2:172.21.15.63:3300/0 5 ==== osd_map(1..1 src has 1..1) v4 ==== 725+0+0 (secure 0 0 0) 0x7f616004c930 con 0x7f6178103c00
2023-12-14T14:03:48.387 INFO:teuthology.orchestra.run.smithi063.stdout:/usr/bin/ceph: stderr
2023-12-14T14:03:46.788+0000 7f61767fc700 1 --2- 172.21.15.63:0/2849769046 >> [v2:172.21.15.63:6800/858407165,v1:172.21.15.63:6801/858407165] conn(0x7f61640386c0 0x7f616403ab70 unknown :-1 s=BANNER_CONNECTING pgs=0 cs=0 l=1 rev1=0 crypto rx=0 tx=0 comp rx=0 tx=0)._handle_peer_banner_payload supported=3 required=0
2023-12-14T14:03:48.387 INFO:teuthology.orchestra.run.smithi063.stdout:/usr/bin/ceph: stderr
2023-12-14T14:03:46.789+0000 7f61767fc700 1 --2- 172.21.15.63:0/2849769046 >> [v2:172.21.15.63:6800/858407165,v1:172.21.15.63:6801/858407165] conn(0x7f61640386c0 0x7f616403ab70 secure :-1 s=READY pgs=8 cs=0 l=1 rev1=1 crypto rx=0x7f6168006fd0 tx=0x7f6168006e40 comp rx=0 tx=0).ready entity=mgr.14100 client_cookie=0 server_cookie=0 in_seq=0 out_seq=0
2023-12-14T14:03:48.387 INFO:teuthology.orchestra.run.smithi063.stdout:/usr/bin/ceph: stderr
2023-12-14T14:03:46.793+0000 7f616ffff700 1 -- 172.21.15.63:0/2849769046 <== mon.0 v2:172.21.15.63:3300/0 6 ==== mon_command_ack([{"prefix": "get_command_descriptions"}]=0 v0) v1 ==== 72+0+177948 (secure 0 0 0) 0x7f61600187c0 con 0x7f6178103c00
2023-12-14T14:03:48.387 INFO:teuthology.orchestra.run.smithi063.stdout:/usr/bin/ceph: stderr
2023-12-14T14:03:47.052+0000 7f617d49f700 1 -- 172.21.15.63:0/2849769046 --> [v2:172.21.15.63:3300/0,v1:172.21.15.63:6789/0] -- mon_command({"prefix": "mgr module enable", "module": "cephadm"} v 0) v1 -- 0x7f6178105390 con 0x7f6178103c00
2023-12-14T14:03:48.387 INFO:teuthology.orchestra.run.smithi063.stdout:/usr/bin/ceph: stderr
2023-12-14T14:03:47.974+0000 7f616ffff700 1 -- 172.21.15.63:0/2849769046 <== mon.0 v2:172.21.15.63:3300/0 7 ==== mgrmap(e 5) v1 ==== 45483+0+0 (secure 0 0 0) 0x7f616001ba20 con 0x7f6178103c00
2023-12-14T14:03:48.387 INFO:teuthology.orchestra.run.smithi063.stdout:/usr/bin/ceph: stderr
2023-12-14T14:03:47.975+0000 7f616ffff700 1 -- 172.21.15.63:0/2849769046 <== mon.0 v2:172.21.15.63:3300/0 8 ==== mon_command_ack([{"prefix": "mgr module enable", "module": "cephadm"}]=0 v5) v1 ==== 86+0+0 (secure 0 0 0) 0x7f616004c350 con 0x7f6178103c00
2023-12-14T14:03:48.388 INFO:teuthology.orchestra.run.smithi063.stdout:/usr/bin/ceph: stderr
2023-12-14T14:03:47.978+0000 7f617d49f700 1 -- 172.21.15.63:0/2849769046 >> [v2:172.21.15.63:6800/858407165,v1:172.21.15.63:6801/858407165] conn(0x7f61640386c0 msgr2=0x7f616403ab70 secure :-1 s=STATE_CONNECTION_ESTABLISHED l=1).mark_down
2023-12-14T14:03:48.388 INFO:teuthology.orchestra.run.smithi063.stdout:/usr/bin/ceph: stderr
2023-12-14T14:03:47.978+0000 7f617d49f700 1 --2- 172.21.15.63:0/2849769046 >> [v2:172.21.15.63:6800/858407165,v1:172.21.15.63:6801/858407165] conn(0x7f61640386c0 0x7f616403ab70 secure :-1 s=READY pgs=8 cs=0 l=1 rev1=1 crypto rx=0x7f6168006fd0 tx=0x7f6168006e40 comp rx=0 tx=0).stop
2023-12-14T14:03:48.388 INFO:teuthology.orchestra.run.smithi063.stdout:/usr/bin/ceph: stderr
2023-12-14T14:03:47.978+0000 7f617d49f700 1 -- 172.21.15.63:0/2849769046 >> [v2:172.21.15.63:3300/0,v1:172.21.15.63:6789/0] conn(0x7f6178103c00 msgr2=0x7f6178106590 secure :-1 s=STATE_CONNECTION_ESTABLISHED l=1).mark_down
2023-12-14T14:03:48.388 INFO:teuthology.orchestra.run.smithi063.stdout:/usr/bin/ceph: stderr
2023-12-14T14:03:47.978+0000 7f617d49f700 1 --2- 172.21.15.63:0/2849769046 >> [v2:172.21.15.63:3300/0,v1:172.21.15.63:6789/0] conn(0x7f6178103c00 0x7f6178106590 secure :-1 s=READY pgs=23 cs=0 l=1 rev1=1 crypto rx=0x7f6160006af0 tx=0x7f6160011a30 comp rx=0 tx=0).stop
2023-12-14T14:03:48.388 INFO:teuthology.orchestra.run.smithi063.stdout:/usr/bin/ceph: stderr
2023-12-14T14:03:47.978+0000 7f617d49f700 1 -- 172.21.15.63:0/2849769046 shutdown_connections
2023-12-14T14:03:48.388 INFO:teuthology.orchestra.run.smithi063.stdout:/usr/bin/ceph: stderr
2023-12-14T14:03:47.978+0000 7f617d49f700 1 --2- 172.21.15.63:0/2849769046 >> [v2:172.21.15.63:6800/858407165,v1:172.21.15.63:6801/858407165] conn(0x7f61640386c0 0x7f616403ab70 unknown :-1 s=CLOSED pgs=8 cs=0 l=1 rev1=1 crypto rx=0 tx=0 comp rx=0 tx=0).stop
2023-12-14T14:03:48.388 INFO:teuthology.orchestra.run.smithi063.stdout:/usr/bin/ceph: stderr
2023-12-14T14:03:47.978+0000 7f617d49f700 1 --2- 172.21.15.63:0/2849769046 >> [v2:172.21.15.63:3300/0,v1:172.21.15.63:6789/0] conn(0x7f6178103c00 0x7f6178106590 unknown :-1 s=CLOSED pgs=23 cs=0 l=1 rev1=1 crypto rx=0 tx=0 comp rx=0 tx=0).stop
2023-12-14T14:03:48.388 INFO:teuthology.orchestra.run.smithi063.stdout:/usr/bin/ceph: stderr
2023-12-14T14:03:47.978+0000 7f617d49f700 1 -- 172.21.15.63:0/2849769046 >> 172.21.15.63:0/2849769046 conn(0x7f61780ff5e0 msgr2=0x7f6178100300 unknown :-1 s=STATE_NONE l=0).mark_down
2023-12-14T14:03:48.388 INFO:teuthology.orchestra.run.smithi063.stdout:/usr/bin/ceph: stderr
2023-12-14T14:03:47.978+0000 7f617d49f700 1 -- 172.21.15.63:0/2849769046 shutdown_connections
2023-12-14T14:03:48.388 INFO:teuthology.orchestra.run.smithi063.stdout:/usr/bin/ceph: stderr
2023-12-14T14:03:47.978+0000 7f617d49f700 1 -- 172.21.15.63:0/2849769046 wait complete.
2023-12-14T14:03:48.565 INFO:journalctl@ceph.mgr.x.smithi063.stdout:Dec 14 14:03:48 smithi063 ceph-6413d580-9a89-11ee-95a3-87774f69a715-mgr-x[42361]:
2023-12-14T14:03:48.353+0000 7f1a3a282200 -1 mgr[py] Module prometheus has missing NOTIFY_TYPES member
2023-12-14T14:03:48.565 INFO:journalctl@ceph.mgr.x.smithi063.stdout:Dec 14 14:03:48 smithi063 ceph-6413d580-9a89-11ee-95a3-87774f69a715-mgr-x[42361]:
2023-12-14T14:03:48.470+0000 7f1a3a282200 -1 mgr[py] Module alerts has missing NOTIFY_TYPES member
2023-12-14T14:03:48.830 INFO:journalctl@ceph.mgr.x.smithi063.stdout:Dec 14 14:03:48 smithi063 ceph-6413d580-9a89-11ee-95a3-87774f69a715-mgr-x[42361]:
2023-12-14T14:03:48.566+0000 7f1a3a282200 -1 mgr[py] Module osd_perf_query has missing NOTIFY_TYPES member
2023-12-14T14:03:48.830 INFO:journalctl@ceph.mgr.x.smithi063.stdout:Dec 14 14:03:48 smithi063 ceph-6413d580-9a89-11ee-95a3-87774f69a715-mgr-x[42361]:
2023-12-14T14:03:48.656+0000 7f1a3a282200 -1 mgr[py] Module progress has missing NOTIFY_TYPES member
2023-12-14T14:03:49.308 INFO:journalctl@ceph.mon.a.smithi063.stdout:Dec 14 14:03:48 smithi063 ceph-mon[42111]: from='client.? 172.21.15.63:0/2849769046' entity='client.admin' cmd='[{"prefix": "mgr module enable", "module": "cephadm"}]': finished
2023-12-14T14:03:49.309 INFO:journalctl@ceph.mon.a.smithi063.stdout:Dec 14 14:03:48 smithi063 ceph-mon[42111]: mgrmap e5: x(active, since 5s)
2023-12-14T14:03:49.580 INFO:journalctl@ceph.mgr.x.smithi063.stdout:Dec 14 14:03:49 smithi063 ceph-6413d580-9a89-11ee-95a3-87774f69a715-mgr-x[42361]:
2023-12-14T14:03:49.309+0000 7f1a3a282200 -1 mgr[py] Module orchestrator has missing NOTIFY_TYPES member
2023-12-14T14:03:49.580 INFO:journalctl@ceph.mgr.x.smithi063.stdout:Dec 14 14:03:49 smithi063 ceph-6413d580-9a89-11ee-95a3-87774f69a715-mgr-x[42361]:
2023-12-14T14:03:49.555+0000 7f1a3a282200 -1 mgr[py] Module nfs has missing NOTIFY_TYPES member
2023-12-14T14:03:49.943 INFO:journalctl@ceph.mgr.x.smithi063.stdout:Dec 14 14:03:49 smithi063 ceph-6413d580-9a89-11ee-95a3-87774f69a715-mgr-x[42361]:
2023-12-14T14:03:49.644+0000 7f1a3a282200 -1 mgr[py] Module zabbix has missing NOTIFY_TYPES member
2023-12-14T14:03:49.943 INFO:journalctl@ceph.mgr.x.smithi063.stdout:Dec 14 14:03:49 smithi063 ceph-6413d580-9a89-11ee-95a3-87774f69a715-mgr-x[42361]:
2023-12-14T14:03:49.758+0000 7f1a3a282200 -1 mgr[py] Module rbd_support has missing NOTIFY_TYPES member
2023-12-14T14:03:49.943 INFO:journalctl@ceph.mgr.x.smithi063.stdout:Dec 14 14:03:49 smithi063 ceph-6413d580-9a89-11ee-95a3-87774f69a715-mgr-x[42361]:
2023-12-14T14:03:49.854+0000 7f1a3a282200 -1 mgr[py] Module status has missing NOTIFY_TYPES member
2023-12-14T14:03:50.240 INFO:teuthology.orchestra.run.smithi063.stdout:/usr/bin/ceph: stdout {
2023-12-14T14:03:50.240 INFO:teuthology.orchestra.run.smithi063.stdout:/usr/bin/ceph: stdout "epoch": 5,
2023-12-14T14:03:50.240 INFO:teuthology.orchestra.run.smithi063.stdout:/usr/bin/ceph: stdout "available": true,
2023-12-14T14:03:50.240 INFO:teuthology.orchestra.run.smithi063.stdout:/usr/bin/ceph: stdout "active_name": "x",
2023-12-14T14:03:50.240 INFO:teuthology.orchestra.run.smithi063.stdout:/usr/bin/ceph: stdout "num_standby": 0
2023-12-14T14:03:50.241 INFO:teuthology.orchestra.run.smithi063.stdout:/usr/bin/ceph: stdout }
2023-12-14T14:03:50.241 INFO:teuthology.orchestra.run.smithi063.stdout:/usr/bin/ceph: stderr
2023-12-14T14:03:48.713+0000 7f6aabb16700 1 Processor -- start
2023-12-14T14:03:50.241 INFO:teuthology.orchestra.run.smithi063.stdout:/usr/bin/ceph: stderr
2023-12-14T14:03:48.713+0000 7f6aabb16700 1 -- start start
2023-12-14T14:03:50.241 INFO:teuthology.orchestra.run.smithi063.stdout:/usr/bin/ceph: stderr
2023-12-14T14:03:48.713+0000 7f6aabb16700 1 --2- >> [v2:172.21.15.63:3300/0,v1:172.21.15.63:6789/0] conn(0x7f6aa4106480 0x7f6aa4108860 unknown :-1 s=NONE pgs=0 cs=0 l=0 rev1=0 crypto rx=0 tx=0 comp rx=0 tx=0).connect
2023-12-14T14:03:50.241 INFO:teuthology.orchestra.run.smithi063.stdout:/usr/bin/ceph: stderr
