2023-12-14T14:03:57.874+0000 7f85f559a700 1 -- 172.21.15.63:0/2500303910 <== mon.0 v2:172.21.15.63:3300/0 1 ==== mon_map magic: 0 v1 ==== 205+0+0 (secure 0 0 0) 0x7f85e8004160 con 0x7f85f8074020
2023-12-14T14:03:58.455 INFO:teuthology.orchestra.run.smithi063.stdout:/usr/bin/ceph: stderr
2023-12-14T14:03:57.874+0000 7f85f559a700 1 -- 172.21.15.63:0/2500303910 <== mon.0 v2:172.21.15.63:3300/0 2 ==== config(25 keys) v1 ==== 1036+0+0 (secure 0 0 0) 0x7f85e80042c0 con 0x7f85f8074020
2023-12-14T14:03:58.455 INFO:teuthology.orchestra.run.smithi063.stdout:/usr/bin/ceph: stderr
2023-12-14T14:03:57.874+0000 7f85f559a700 1 -- 172.21.15.63:0/2500303910 <== mon.0 v2:172.21.15.63:3300/0 3 ==== mon_map magic: 0 v1 ==== 205+0+0 (secure 0 0 0) 0x7f85e8011940 con 0x7f85f8074020
2023-12-14T14:03:58.455 INFO:teuthology.orchestra.run.smithi063.stdout:/usr/bin/ceph: stderr
2023-12-14T14:03:57.874+0000 7f85fcd39700 1 -- 172.21.15.63:0/2500303910 >> [v2:172.21.15.63:3300/0,v1:172.21.15.63:6789/0] conn(0x7f85f8074020 msgr2=0x7f85f810a8d0 secure :-1 s=STATE_CONNECTION_ESTABLISHED l=1).mark_down
2023-12-14T14:03:58.455 INFO:teuthology.orchestra.run.smithi063.stdout:/usr/bin/ceph: stderr
2023-12-14T14:03:57.874+0000 7f85fcd39700 1 --2- 172.21.15.63:0/2500303910 >> [v2:172.21.15.63:3300/0,v1:172.21.15.63:6789/0] conn(0x7f85f8074020 0x7f85f810a8d0 secure :-1 s=READY pgs=37 cs=0 l=1 rev1=1 crypto rx=0x7f85e80098a0 tx=0x7f85e8009bb0 comp rx=0 tx=0).stop
2023-12-14T14:03:58.456 INFO:teuthology.orchestra.run.smithi063.stdout:/usr/bin/ceph: stderr
2023-12-14T14:03:57.874+0000 7f85fcd39700 1 -- 172.21.15.63:0/2500303910 shutdown_connections
2023-12-14T14:03:58.456 INFO:teuthology.orchestra.run.smithi063.stdout:/usr/bin/ceph: stderr
2023-12-14T14:03:57.874+0000 7f85fcd39700 1 --2- 172.21.15.63:0/2500303910 >> [v2:172.21.15.63:3300/0,v1:172.21.15.63:6789/0] conn(0x7f85f8074020 0x7f85f810a8d0 unknown :-1 s=CLOSED pgs=37 cs=0 l=1 rev1=1 crypto rx=0 tx=0 comp rx=0 tx=0).stop
2023-12-14T14:03:58.456 INFO:teuthology.orchestra.run.smithi063.stdout:/usr/bin/ceph: stderr
2023-12-14T14:03:57.874+0000 7f85fcd39700 1 -- 172.21.15.63:0/2500303910 >> 172.21.15.63:0/2500303910 conn(0x7f85f80ffea0 msgr2=0x7f85f81022b0 unknown :-1 s=STATE_NONE l=0).mark_down
2023-12-14T14:03:58.456 INFO:teuthology.orchestra.run.smithi063.stdout:/usr/bin/ceph: stderr
2023-12-14T14:03:57.874+0000 7f85fcd39700 1 -- 172.21.15.63:0/2500303910 shutdown_connections
2023-12-14T14:03:58.456 INFO:teuthology.orchestra.run.smithi063.stdout:/usr/bin/ceph: stderr
2023-12-14T14:03:57.874+0000 7f85fcd39700 1 -- 172.21.15.63:0/2500303910 wait complete.
2023-12-14T14:03:58.456 INFO:teuthology.orchestra.run.smithi063.stdout:/usr/bin/ceph: stderr
2023-12-14T14:03:57.875+0000 7f85fcd39700 1 Processor -- start
2023-12-14T14:03:58.456 INFO:teuthology.orchestra.run.smithi063.stdout:/usr/bin/ceph: stderr
2023-12-14T14:03:57.875+0000 7f85fcd39700 1 -- start start
2023-12-14T14:03:58.456 INFO:teuthology.orchestra.run.smithi063.stdout:/usr/bin/ceph: stderr
2023-12-14T14:03:57.875+0000 7f85fcd39700 1 --2- >> [v2:172.21.15.63:3300/0,v1:172.21.15.63:6789/0] conn(0x7f85f8074020 0x7f85f819b7b0 unknown :-1 s=NONE pgs=0 cs=0 l=1 rev1=0 crypto rx=0 tx=0 comp rx=0 tx=0).connect
2023-12-14T14:03:58.456 INFO:teuthology.orchestra.run.smithi063.stdout:/usr/bin/ceph: stderr
2023-12-14T14:03:57.875+0000 7f85fcd39700 1 -- --> [v2:172.21.15.63:3300/0,v1:172.21.15.63:6789/0] -- mon_getmap magic: 0 v1 -- 0x7f85f819bcf0 con 0x7f85f8074020
2023-12-14T14:03:58.456 INFO:teuthology.orchestra.run.smithi063.stdout:/usr/bin/ceph: stderr
2023-12-14T14:03:57.876+0000 7f85f659c700 1 --2- >> [v2:172.21.15.63:3300/0,v1:172.21.15.63:6789/0] conn(0x7f85f8074020 0x7f85f819b7b0 unknown :-1 s=BANNER_CONNECTING pgs=0 cs=0 l=1 rev1=0 crypto rx=0 tx=0 comp rx=0 tx=0)._handle_peer_banner_payload supported=3 required=0
2023-12-14T14:03:58.456 INFO:teuthology.orchestra.run.smithi063.stdout:/usr/bin/ceph: stderr
2023-12-14T14:03:57.876+0000 7f85f659c700 1 --2- >> [v2:172.21.15.63:3300/0,v1:172.21.15.63:6789/0] conn(0x7f85f8074020 0x7f85f819b7b0 unknown :-1 s=HELLO_CONNECTING pgs=0 cs=0 l=1 rev1=1 crypto rx=0 tx=0 comp rx=0 tx=0).handle_hello peer v2:172.21.15.63:3300/0 says I am v2:172.21.15.63:53594/0 (socket says 172.21.15.63:53594)
2023-12-14T14:03:58.456 INFO:teuthology.orchestra.run.smithi063.stdout:/usr/bin/ceph: stderr
2023-12-14T14:03:57.876+0000 7f85f659c700 1 -- 172.21.15.63:0/503016683 learned_addr learned my addr 172.21.15.63:0/503016683 (peer_addr_for_me v2:172.21.15.63:0/0)
2023-12-14T14:03:58.456 INFO:teuthology.orchestra.run.smithi063.stdout:/usr/bin/ceph: stderr
2023-12-14T14:03:57.876+0000 7f85f659c700 1 -- 172.21.15.63:0/503016683 --> [v2:172.21.15.63:3300/0,v1:172.21.15.63:6789/0] -- mon_subscribe({config=0+,monmap=0+}) v3 -- 0x7f85e8009550 con 0x7f85f8074020
2023-12-14T14:03:58.456 INFO:teuthology.orchestra.run.smithi063.stdout:/usr/bin/ceph: stderr
2023-12-14T14:03:57.876+0000 7f85f659c700 1 --2- 172.21.15.63:0/503016683 >> [v2:172.21.15.63:3300/0,v1:172.21.15.63:6789/0] conn(0x7f85f8074020 0x7f85f819b7b0 secure :-1 s=READY pgs=38 cs=0 l=1 rev1=1 crypto rx=0x7f85e8006af0 tx=0x7f85e8011a30 comp rx=0 tx=0).ready entity=mon.0 client_cookie=0 server_cookie=0 in_seq=0 out_seq=0
2023-12-14T14:03:58.456 INFO:teuthology.orchestra.run.smithi063.stdout:/usr/bin/ceph: stderr
2023-12-14T14:03:57.876+0000 7f85e77fe700 1 -- 172.21.15.63:0/503016683 <== mon.0 v2:172.21.15.63:3300/0 1 ==== mon_map magic: 0 v1 ==== 205+0+0 (secure 0 0 0) 0x7f85e8003c30 con 0x7f85f8074020
2023-12-14T14:03:58.456 INFO:teuthology.orchestra.run.smithi063.stdout:/usr/bin/ceph: stderr
2023-12-14T14:03:57.876+0000 7f85e77fe700 1 -- 172.21.15.63:0/503016683 <== mon.0 v2:172.21.15.63:3300/0 2 ==== config(25 keys) v1 ==== 1036+0+0 (secure 0 0 0) 0x7f85e801b8b0 con 0x7f85f8074020
2023-12-14T14:03:58.456 INFO:teuthology.orchestra.run.smithi063.stdout:/usr/bin/ceph: stderr
2023-12-14T14:03:57.876+0000 7f85fcd39700 1 -- 172.21.15.63:0/503016683 --> [v2:172.21.15.63:3300/0,v1:172.21.15.63:6789/0] -- mon_subscribe({mgrmap=0+}) v3 -- 0x7f85f810bd40 con 0x7f85f8074020
2023-12-14T14:03:58.457 INFO:teuthology.orchestra.run.smithi063.stdout:/usr/bin/ceph: stderr
2023-12-14T14:03:57.876+0000 7f85e77fe700 1 -- 172.21.15.63:0/503016683 <== mon.0 v2:172.21.15.63:3300/0 3 ==== mon_map magic: 0 v1 ==== 205+0+0 (secure 0 0 0) 0x7f85e80237d0 con 0x7f85f8074020
2023-12-14T14:03:58.457 INFO:teuthology.orchestra.run.smithi063.stdout:/usr/bin/ceph: stderr
2023-12-14T14:03:57.876+0000 7f85fcd39700 1 -- 172.21.15.63:0/503016683 --> [v2:172.21.15.63:3300/0,v1:172.21.15.63:6789/0] -- mon_subscribe({osdmap=0}) v3 -- 0x7f85f810bbb0 con 0x7f85f8074020
2023-12-14T14:03:58.457 INFO:teuthology.orchestra.run.smithi063.stdout:/usr/bin/ceph: stderr
2023-12-14T14:03:57.877+0000 7f85e77fe700 1 -- 172.21.15.63:0/503016683 <== mon.0 v2:172.21.15.63:3300/0 4 ==== mgrmap(e 7) v1 ==== 45377+0+0 (secure 0 0 0) 0x7f85e8023a90 con 0x7f85f8074020
2023-12-14T14:03:58.457 INFO:teuthology.orchestra.run.smithi063.stdout:/usr/bin/ceph: stderr
2023-12-14T14:03:57.877+0000 7f85fcd39700 1 -- 172.21.15.63:0/503016683 --> [v2:172.21.15.63:3300/0,v1:172.21.15.63:6789/0] -- mon_command({"prefix": "get_command_descriptions"} v 0) v1 -- 0x7f85f8062120 con 0x7f85f8074020
2023-12-14T14:03:58.457 INFO:teuthology.orchestra.run.smithi063.stdout:/usr/bin/ceph: stderr
2023-12-14T14:03:57.877+0000 7f85e77fe700 1 --2- 172.21.15.63:0/503016683 >> [v2:172.21.15.63:6800/2918547363,v1:172.21.15.63:6801/2918547363] conn(0x7f85e00385a0 0x7f85e003aa50 unknown :-1 s=NONE pgs=0 cs=0 l=1 rev1=0 crypto rx=0 tx=0 comp rx=0 tx=0).connect
2023-12-14T14:03:58.457 INFO:teuthology.orchestra.run.smithi063.stdout:/usr/bin/ceph: stderr
2023-12-14T14:03:57.877+0000 7f85e77fe700 1 -- 172.21.15.63:0/503016683 <== mon.0 v2:172.21.15.63:3300/0 5 ==== osd_map(2..2 src has 1..2) v4 ==== 940+0+0 (secure 0 0 0) 0x7f85e804cc40 con 0x7f85f8074020
2023-12-14T14:03:58.457 INFO:teuthology.orchestra.run.smithi063.stdout:/usr/bin/ceph: stderr
2023-12-14T14:03:57.877+0000 7f85f5d9b700 1 --2- 172.21.15.63:0/503016683 >> [v2:172.21.15.63:6800/2918547363,v1:172.21.15.63:6801/2918547363] conn(0x7f85e00385a0 0x7f85e003aa50 unknown :-1 s=BANNER_CONNECTING pgs=0 cs=0 l=1 rev1=0 crypto rx=0 tx=0 comp rx=0 tx=0)._handle_peer_banner_payload supported=3 required=0
2023-12-14T14:03:58.457 INFO:teuthology.orchestra.run.smithi063.stdout:/usr/bin/ceph: stderr
2023-12-14T14:03:57.878+0000 7f85f5d9b700 1 --2- 172.21.15.63:0/503016683 >> [v2:172.21.15.63:6800/2918547363,v1:172.21.15.63:6801/2918547363] conn(0x7f85e00385a0 0x7f85e003aa50 secure :-1 s=READY pgs=7 cs=0 l=1 rev1=1 crypto rx=0x7f85ec006fd0 tx=0x7f85ec006e40 comp rx=0 tx=0).ready entity=mgr.14120 client_cookie=0 server_cookie=0 in_seq=0 out_seq=0
2023-12-14T14:03:58.457 INFO:teuthology.orchestra.run.smithi063.stdout:/usr/bin/ceph: stderr
2023-12-14T14:03:57.882+0000 7f85e77fe700 1 -- 172.21.15.63:0/503016683 <== mon.0 v2:172.21.15.63:3300/0 6 ==== mon_command_ack([{"prefix": "get_command_descriptions"}]=0 v0) v1 ==== 72+0+177948 (secure 0 0 0) 0x7f85e8052020 con 0x7f85f8074020
2023-12-14T14:03:58.457 INFO:teuthology.orchestra.run.smithi063.stdout:/usr/bin/ceph: stderr
2023-12-14T14:03:57.927+0000 7f85e77fe700 1 -- 172.21.15.63:0/503016683 <== mon.0 v2:172.21.15.63:3300/0 7 ==== mgrmap(e 8) v1 ==== 45483+0+0 (secure 0 0 0) 0x7f85e801ba90 con 0x7f85f8074020
2023-12-14T14:03:58.457 INFO:teuthology.orchestra.run.smithi063.stdout:/usr/bin/ceph: stderr
2023-12-14T14:03:58.098+0000 7f85fcd39700 1 -- 172.21.15.63:0/503016683 --> [v2:172.21.15.63:6800/2918547363,v1:172.21.15.63:6801/2918547363] -- mgr_command(tid 0: {"prefix": "orch set backend", "module_name": "cephadm", "target": ["mon-mgr", ""]}) v1 -- 0x7f85f81012f0 con 0x7f85e00385a0
2023-12-14T14:03:58.457 INFO:teuthology.orchestra.run.smithi063.stdout:/usr/bin/ceph: stderr
2023-12-14T14:03:58.104+0000 7f85e77fe700 1 -- 172.21.15.63:0/503016683 <== mgr.14120 v2:172.21.15.63:6800/2918547363 1 ==== mgr_command_reply(tid 0: 0 ) v1 ==== 8+0+0 (secure 0 0 0) 0x7f85f81012f0 con 0x7f85e00385a0
2023-12-14T14:03:58.457 INFO:teuthology.orchestra.run.smithi063.stdout:/usr/bin/ceph: stderr
2023-12-14T14:03:58.106+0000 7f85fcd39700 1 -- 172.21.15.63:0/503016683 >> [v2:172.21.15.63:6800/2918547363,v1:172.21.15.63:6801/2918547363] conn(0x7f85e00385a0 msgr2=0x7f85e003aa50 secure :-1 s=STATE_CONNECTION_ESTABLISHED l=1).mark_down
2023-12-14T14:03:58.457 INFO:teuthology.orchestra.run.smithi063.stdout:/usr/bin/ceph: stderr
2023-12-14T14:03:58.106+0000 7f85fcd39700 1 --2- 172.21.15.63:0/503016683 >> [v2:172.21.15.63:6800/2918547363,v1:172.21.15.63:6801/2918547363] conn(0x7f85e00385a0 0x7f85e003aa50 secure :-1 s=READY pgs=7 cs=0 l=1 rev1=1 crypto rx=0x7f85ec006fd0 tx=0x7f85ec006e40 comp rx=0 tx=0).stop
2023-12-14T14:03:58.457 INFO:teuthology.orchestra.run.smithi063.stdout:/usr/bin/ceph: stderr
2023-12-14T14:03:58.106+0000 7f85fcd39700 1 -- 172.21.15.63:0/503016683 >> [v2:172.21.15.63:3300/0,v1:172.21.15.63:6789/0] conn(0x7f85f8074020 msgr2=0x7f85f819b7b0 secure :-1 s=STATE_CONNECTION_ESTABLISHED l=1).mark_down
2023-12-14T14:03:58.457 INFO:teuthology.orchestra.run.smithi063.stdout:/usr/bin/ceph: stderr
2023-12-14T14:03:58.106+0000 7f85fcd39700 1 --2- 172.21.15.63:0/503016683 >> [v2:172.21.15.63:3300/0,v1:172.21.15.63:6789/0] conn(0x7f85f8074020 0x7f85f819b7b0 secure :-1 s=READY pgs=38 cs=0 l=1 rev1=1 crypto rx=0x7f85e8006af0 tx=0x7f85e8011a30 comp rx=0 tx=0).stop
2023-12-14T14:03:58.458 INFO:teuthology.orchestra.run.smithi063.stdout:/usr/bin/ceph: stderr
2023-12-14T14:03:58.106+0000 7f85fcd39700 1 -- 172.21.15.63:0/503016683 shutdown_connections
2023-12-14T14:03:58.458 INFO:teuthology.orchestra.run.smithi063.stdout:/usr/bin/ceph: stderr
2023-12-14T14:03:58.106+0000 7f85fcd39700 1 --2- 172.21.15.63:0/503016683 >> [v2:172.21.15.63:6800/2918547363,v1:172.21.15.63:6801/2918547363] conn(0x7f85e00385a0 0x7f85e003aa50 unknown :-1 s=CLOSED pgs=7 cs=0 l=1 rev1=1 crypto rx=0 tx=0 comp rx=0 tx=0).stop
2023-12-14T14:03:58.458 INFO:teuthology.orchestra.run.smithi063.stdout:/usr/bin/ceph: stderr
2023-12-14T14:03:58.106+0000 7f85fcd39700 1 --2- 172.21.15.63:0/503016683 >> [v2:172.21.15.63:3300/0,v1:172.21.15.63:6789/0] conn(0x7f85f8074020 0x7f85f819b7b0 unknown :-1 s=CLOSED pgs=38 cs=0 l=1 rev1=1 crypto rx=0 tx=0 comp rx=0 tx=0).stop
2023-12-14T14:03:58.458 INFO:teuthology.orchestra.run.smithi063.stdout:/usr/bin/ceph: stderr
2023-12-14T14:03:58.106+0000 7f85fcd39700 1 -- 172.21.15.63:0/503016683 >> 172.21.15.63:0/503016683 conn(0x7f85f80ffea0 msgr2=0x7f85f8100be0 unknown :-1 s=STATE_NONE l=0).mark_down
2023-12-14T14:03:58.458 INFO:teuthology.orchestra.run.smithi063.stdout:/usr/bin/ceph: stderr
2023-12-14T14:03:58.106+0000 7f85fcd39700 1 -- 172.21.15.63:0/503016683 shutdown_connections
2023-12-14T14:03:58.458 INFO:teuthology.orchestra.run.smithi063.stdout:/usr/bin/ceph: stderr
2023-12-14T14:03:58.106+0000 7f85fcd39700 1 -- 172.21.15.63:0/503016683 wait complete.
2023-12-14T14:03:59.269 INFO:journalctl@ceph.mon.a.smithi063.stdout:Dec 14 14:03:58 smithi063 ceph-mon[42111]: mgrmap e8: x(active, since 3s)
2023-12-14T14:03:59.269 INFO:journalctl@ceph.mon.a.smithi063.stdout:Dec 14 14:03:58 smithi063 ceph-mon[42111]: from='mgr.14120 172.21.15.63:0/45807339' entity='mgr.x'
2023-12-14T14:03:59.269 INFO:journalctl@ceph.mon.a.smithi063.stdout:Dec 14 14:03:58 smithi063 ceph-mon[42111]: from='mgr.14120 172.21.15.63:0/45807339' entity='mgr.x' cmd=[{"prefix": "config dump", "format": "json"}]: dispatch
2023-12-14T14:03:59.347 INFO:teuthology.orchestra.run.smithi063.stdout:/usr/bin/ceph: stdout value unchanged
2023-12-14T14:03:59.347 INFO:teuthology.orchestra.run.smithi063.stdout:/usr/bin/ceph: stderr
2023-12-14T14:03:58.786+0000 7fbc29d9d700 1 Processor -- start
2023-12-14T14:03:59.347 INFO:teuthology.orchestra.run.smithi063.stdout:/usr/bin/ceph: stderr
2023-12-14T14:03:58.786+0000 7fbc29d9d700 1 -- start start
2023-12-14T14:03:59.348 INFO:teuthology.orchestra.run.smithi063.stdout:/usr/bin/ceph: stderr
2023-12-14T14:03:58.786+0000 7fbc29d9d700 1 --2- >> [v2:172.21.15.63:3300/0,v1:172.21.15.63:6789/0] conn(0x7fbc24074020 0x7fbc2410a700 unknown :-1 s=NONE pgs=0 cs=0 l=0 rev1=0 crypto rx=0 tx=0 comp rx=0 tx=0).connect
2023-12-14T14:03:59.348 INFO:teuthology.orchestra.run.smithi063.stdout:/usr/bin/ceph: stderr
2023-12-14T14:03:58.786+0000 7fbc29d9d700 1 -- --> [v2:172.21.15.63:3300/0,v1:172.21.15.63:6789/0] -- mon_getmap magic: 0 v1 -- 0x7fbc241060f0 con 0x7fbc24074020
2023-12-14T14:03:59.348 INFO:teuthology.orchestra.run.smithi063.stdout:/usr/bin/ceph: stderr
2023-12-14T14:03:58.786+0000 7fbc28d9b700 1 --2- >> [v2:172.21.15.63:3300/0,v1:172.21.15.63:6789/0] conn(0x7fbc24074020 0x7fbc2410a700 unknown :-1 s=BANNER_CONNECTING pgs=0 cs=0 l=0 rev1=0 crypto rx=0 tx=0 comp rx=0 tx=0)._handle_peer_banner_payload supported=3 required=0
2023-12-14T14:03:59.348 INFO:teuthology.orchestra.run.smithi063.stdout:/usr/bin/ceph: stderr
2023-12-14T14:03:58.786+0000 7fbc28d9b700 1 --2- >> [v2:172.21.15.63:3300/0,v1:172.21.15.63:6789/0] conn(0x7fbc24074020 0x7fbc2410a700 unknown :-1 s=HELLO_CONNECTING pgs=0 cs=0 l=0 rev1=1 crypto rx=0 tx=0 comp rx=0 tx=0).handle_hello peer v2:172.21.15.63:3300/0 says I am v2:172.21.15.63:53608/0 (socket says 172.21.15.63:53608)
2023-12-14T14:03:59.348 INFO:teuthology.orchestra.run.smithi063.stdout:/usr/bin/ceph: stderr
2023-12-14T14:03:58.786+0000 7fbc28d9b700 1 -- 172.21.15.63:0/2954101709 learned_addr learned my addr 172.21.15.63:0/2954101709 (peer_addr_for_me v2:172.21.15.63:0/0)
2023-12-14T14:03:59.348 INFO:teuthology.orchestra.run.smithi063.stdout:/usr/bin/ceph: stderr
2023-12-14T14:03:58.787+0000 7fbc28d9b700 1 -- 172.21.15.63:0/2954101709 --> [v2:172.21.15.63:3300/0,v1:172.21.15.63:6789/0] -- mon_subscribe({config=0+,monmap=0+}) v3 -- 0x7fbc2410ac40 con 0x7fbc24074020
2023-12-14T14:03:59.348 INFO:teuthology.orchestra.run.smithi063.stdout:/usr/bin/ceph: stderr
2023-12-14T14:03:58.787+0000 7fbc28d9b700 1 --2- 172.21.15.63:0/2954101709 >> [v2:172.21.15.63:3300/0,v1:172.21.15.63:6789/0] conn(0x7fbc24074020 0x7fbc2410a700 secure :-1 s=READY pgs=39 cs=0 l=1 rev1=1 crypto rx=0x7fbc180098a0 tx=0x7fbc18009bb0 comp rx=0 tx=0).ready entity=mon.0 client_cookie=100fcb90b9bc1b65 server_cookie=0 in_seq=0 out_seq=0
2023-12-14T14:03:59.348 INFO:teuthology.orchestra.run.smithi063.stdout:/usr/bin/ceph: stderr
2023-12-14T14:03:58.787+0000 7fbc237fe700 1 -- 172.21.15.63:0/2954101709 <== mon.0 v2:172.21.15.63:3300/0 1 ==== mon_map magic: 0 v1 ==== 205+0+0 (secure 0 0 0) 0x7fbc18004160 con 0x7fbc24074020
2023-12-14T14:03:59.349 INFO:teuthology.orchestra.run.smithi063.stdout:/usr/bin/ceph: stderr
2023-12-14T14:03:58.787+0000 7fbc237fe700 1 -- 172.21.15.63:0/2954101709 <== mon.0 v2:172.21.15.63:3300/0 2 ==== config(25 keys) v1 ==== 1036+0+0 (secure 0 0 0) 0x7fbc180042c0 con 0x7fbc24074020
2023-12-14T14:03:59.349 INFO:teuthology.orchestra.run.smithi063.stdout:/usr/bin/ceph: stderr
2023-12-14T14:03:58.787+0000 7fbc237fe700 1 -- 172.21.15.63:0/2954101709 <== mon.0 v2:172.21.15.63:3300/0 3 ==== mon_map magic: 0 v1 ==== 205+0+0 (secure 0 0 0) 0x7fbc18011940 con 0x7fbc24074020
2023-12-14T14:03:59.349 INFO:teuthology.orchestra.run.smithi063.stdout:/usr/bin/ceph: stderr
2023-12-14T14:03:58.787+0000 7fbc29d9d700 1 -- 172.21.15.63:0/2954101709 >> [v2:172.21.15.63:3300/0,v1:172.21.15.63:6789/0] conn(0x7fbc24074020 msgr2=0x7fbc2410a700 secure :-1 s=STATE_CONNECTION_ESTABLISHED l=1).mark_down
2023-12-14T14:03:59.349 INFO:teuthology.orchestra.run.smithi063.stdout:/usr/bin/ceph: stderr
2023-12-14T14:03:58.787+0000 7fbc29d9d700 1 --2- 172.21.15.63:0/2954101709 >> [v2:172.21.15.63:3300/0,v1:172.21.15.63:6789/0] conn(0x7fbc24074020 0x7fbc2410a700 secure :-1 s=READY pgs=39 cs=0 l=1 rev1=1 crypto rx=0x7fbc180098a0 tx=0x7fbc18009bb0 comp rx=0 tx=0).stop
2023-12-14T14:03:59.349 INFO:teuthology.orchestra.run.smithi063.stdout:/usr/bin/ceph: stderr
2023-12-14T14:03:58.787+0000 7fbc29d9d700 1 -- 172.21.15.63:0/2954101709 shutdown_connections
2023-12-14T14:03:59.349 INFO:teuthology.orchestra.run.smithi063.stdout:/usr/bin/ceph: stderr
2023-12-14T14:03:58.787+0000 7fbc29d9d700 1 --2- 172.21.15.63:0/2954101709 >> [v2:172.21.15.63:3300/0,v1:172.21.15.63:6789/0] conn(0x7fbc24074020 0x7fbc2410a700 unknown :-1 s=CLOSED pgs=39 cs=0 l=1 rev1=1 crypto rx=0 tx=0 comp rx=0 tx=0).stop
2023-12-14T14:03:59.349 INFO:teuthology.orchestra.run.smithi063.stdout:/usr/bin/ceph: stderr
2023-12-14T14:03:58.787+0000 7fbc29d9d700 1 -- 172.21.15.63:0/2954101709 >> 172.21.15.63:0/2954101709 conn(0x7fbc240ffcb0 msgr2=0x7fbc241020c0 unknown :-1 s=STATE_NONE l=0).mark_down
2023-12-14T14:03:59.350 INFO:teuthology.orchestra.run.smithi063.stdout:/usr/bin/ceph: stderr
2023-12-14T14:03:58.788+0000 7fbc29d9d700 1 -- 172.21.15.63:0/2954101709 shutdown_connections
2023-12-14T14:03:59.350 INFO:teuthology.orchestra.run.smithi063.stdout:/usr/bin/ceph: stderr
2023-12-14T14:03:58.788+0000 7fbc29d9d700 1 -- 172.21.15.63:0/2954101709 wait complete.
2023-12-14T14:03:59.350 INFO:teuthology.orchestra.run.smithi063.stdout:/usr/bin/ceph: stderr
2023-12-14T14:03:58.788+0000 7fbc29d9d700 1 Processor -- start
2023-12-14T14:03:59.350 INFO:teuthology.orchestra.run.smithi063.stdout:/usr/bin/ceph: stderr
2023-12-14T14:03:58.788+0000 7fbc29d9d700 1 -- start start
2023-12-14T14:03:59.350 INFO:teuthology.orchestra.run.smithi063.stdout:/usr/bin/ceph: stderr
2023-12-14T14:03:58.789+0000 7fbc29d9d700 1 --2- >> [v2:172.21.15.63:3300/0,v1:172.21.15.63:6789/0] conn(0x7fbc24074020 0x7fbc2419b640 unknown :-1 s=NONE pgs=0 cs=0 l=1 rev1=0 crypto rx=0 tx=0 comp rx=0 tx=0).connect
2023-12-14T14:03:59.350 INFO:teuthology.orchestra.run.smithi063.stdout:/usr/bin/ceph: stderr
2023-12-14T14:03:58.789+0000 7fbc29d9d700 1 -- --> [v2:172.21.15.63:3300/0,v1:172.21.15.63:6789/0] -- mon_getmap magic: 0 v1 -- 0x7fbc2419bb80 con 0x7fbc24074020
2023-12-14T14:03:59.350 INFO:teuthology.orchestra.run.smithi063.stdout:/usr/bin/ceph: stderr
2023-12-14T14:03:58.789+0000 7fbc28d9b700 1 --2- >> [v2:172.21.15.63:3300/0,v1:172.21.15.63:6789/0] conn(0x7fbc24074020 0x7fbc2419b640 unknown :-1 s=BANNER_CONNECTING pgs=0 cs=0 l=1 rev1=0 crypto rx=0 tx=0 comp rx=0 tx=0)._handle_peer_banner_payload supported=3 required=0
2023-12-14T14:03:59.350 INFO:teuthology.orchestra.run.smithi063.stdout:/usr/bin/ceph: stderr
2023-12-14T14:03:58.789+0000 7fbc28d9b700 1 --2- >> [v2:172.21.15.63:3300/0,v1:172.21.15.63:6789/0] conn(0x7fbc24074020 0x7fbc2419b640 unknown :-1 s=HELLO_CONNECTING pgs=0 cs=0 l=1 rev1=1 crypto rx=0 tx=0 comp rx=0 tx=0).handle_hello peer v2:172.21.15.63:3300/0 says I am v2:172.21.15.63:53610/0 (socket says 172.21.15.63:53610)
2023-12-14T14:03:59.350 INFO:teuthology.orchestra.run.smithi063.stdout:/usr/bin/ceph: stderr
2023-12-14T14:03:58.789+0000 7fbc28d9b700 1 -- 172.21.15.63:0/2870339603 learned_addr learned my addr 172.21.15.63:0/2870339603 (peer_addr_for_me v2:172.21.15.63:0/0)
2023-12-14T14:03:59.350 INFO:teuthology.orchestra.run.smithi063.stdout:/usr/bin/ceph: stderr
2023-12-14T14:03:58.789+0000 7fbc28d9b700 1 -- 172.21.15.63:0/2870339603 --> [v2:172.21.15.63:3300/0,v1:172.21.15.63:6789/0] -- mon_subscribe({config=0+,monmap=0+}) v3 -- 0x7fbc18009550 con 0x7fbc24074020
2023-12-14T14:03:59.350 INFO:teuthology.orchestra.run.smithi063.stdout:/usr/bin/ceph: stderr
2023-12-14T14:03:58.789+0000 7fbc28d9b700 1 --2- 172.21.15.63:0/2870339603 >> [v2:172.21.15.63:3300/0,v1:172.21.15.63:6789/0] conn(0x7fbc24074020 0x7fbc2419b640 secure :-1 s=READY pgs=40 cs=0 l=1 rev1=1 crypto rx=0x7fbc18006af0 tx=0x7fbc18011a30 comp rx=0 tx=0).ready entity=mon.0 client_cookie=0 server_cookie=0 in_seq=0 out_seq=0
2023-12-14T14:03:59.351 INFO:teuthology.orchestra.run.smithi063.stdout:/usr/bin/ceph: stderr
2023-12-14T14:03:58.789+0000 7fbc21ffb700 1 -- 172.21.15.63:0/2870339603 <== mon.0 v2:172.21.15.63:3300/0 1 ==== mon_map magic: 0 v1 ==== 205+0+0 (secure 0 0 0) 0x7fbc18003c30 con 0x7fbc24074020
2023-12-14T14:03:59.351 INFO:teuthology.orchestra.run.smithi063.stdout:/usr/bin/ceph: stderr
2023-12-14T14:03:58.789+0000 7fbc21ffb700 1 -- 172.21.15.63:0/2870339603 <== mon.0 v2:172.21.15.63:3300/0 2 ==== config(25 keys) v1 ==== 1036+0+0 (secure 0 0 0) 0x7fbc1801b8b0 con 0x7fbc24074020
2023-12-14T14:03:59.351 INFO:teuthology.orchestra.run.smithi063.stdout:/usr/bin/ceph: stderr
2023-12-14T14:03:58.789+0000 7fbc29d9d700 1 -- 172.21.15.63:0/2870339603 --> [v2:172.21.15.63:3300/0,v1:172.21.15.63:6789/0] -- mon_subscribe({mgrmap=0+}) v3 -- 0x7fbc2410bb70 con 0x7fbc24074020
2023-12-14T14:03:59.351 INFO:teuthology.orchestra.run.smithi063.stdout:/usr/bin/ceph: stderr
2023-12-14T14:03:58.789+0000 7fbc21ffb700 1 -- 172.21.15.63:0/2870339603 <== mon.0 v2:172.21.15.63:3300/0 3 ==== mon_map magic: 0 v1 ==== 205+0+0 (secure 0 0 0) 0x7fbc180237d0 con 0x7fbc24074020
2023-12-14T14:03:59.351 INFO:teuthology.orchestra.run.smithi063.stdout:/usr/bin/ceph: stderr
2023-12-14T14:03:58.790+0000 7fbc29d9d700 1 -- 172.21.15.63:0/2870339603 --> [v2:172.21.15.63:3300/0,v1:172.21.15.63:6789/0] -- mon_subscribe({osdmap=0}) v3 -- 0x7fbc2410b9e0 con 0x7fbc24074020
2023-12-14T14:03:59.351 INFO:teuthology.orchestra.run.smithi063.stdout:/usr/bin/ceph: stderr
2023-12-14T14:03:58.790+0000 7fbc21ffb700 1 -- 172.21.15.63:0/2870339603 <== mon.0 v2:172.21.15.63:3300/0 4 ==== mgrmap(e 8) v1 ==== 45483+0+0 (secure 0 0 0) 0x7fbc18023a90 con 0x7fbc24074020
2023-12-14T14:03:59.351 INFO:teuthology.orchestra.run.smithi063.stdout:/usr/bin/ceph: stderr
2023-12-14T14:03:58.791+0000 7fbc29d9d700 1 -- 172.21.15.63:0/2870339603 --> [v2:172.21.15.63:3300/0,v1:172.21.15.63:6789/0] -- mon_command({"prefix": "get_command_descriptions"} v 0) v1 -- 0x7fbc2410bd00 con 0x7fbc24074020
2023-12-14T14:03:59.351 INFO:teuthology.orchestra.run.smithi063.stdout:/usr/bin/ceph: stderr
2023-12-14T14:03:58.791+0000 7fbc21ffb700 1 --2- 172.21.15.63:0/2870339603 >> [v2:172.21.15.63:6800/2918547363,v1:172.21.15.63:6801/2918547363] conn(0x7fbc140386c0 0x7fbc1403ab70 unknown :-1 s=NONE pgs=0 cs=0 l=1 rev1=0 crypto rx=0 tx=0 comp rx=0 tx=0).connect
2023-12-14T14:03:59.351 INFO:teuthology.orchestra.run.smithi063.stdout:/usr/bin/ceph: stderr
2023-12-14T14:03:58.791+0000 7fbc21ffb700 1 -- 172.21.15.63:0/2870339603 <== mon.0 v2:172.21.15.63:3300/0 5 ==== osd_map(2..2 src has 1..2) v4 ==== 940+0+0 (secure 0 0 0) 0x7fbc1804cf60 con 0x7fbc24074020
2023-12-14T14:03:59.351 INFO:teuthology.orchestra.run.smithi063.stdout:/usr/bin/ceph: stderr
2023-12-14T14:03:58.791+0000 7fbc23fff700 1 --2- 172.21.15.63:0/2870339603 >> [v2:172.21.15.63:6800/2918547363,v1:172.21.15.63:6801/2918547363] conn(0x7fbc140386c0 0x7fbc1403ab70 unknown :-1 s=BANNER_CONNECTING pgs=0 cs=0 l=1 rev1=0 crypto rx=0 tx=0 comp rx=0 tx=0)._handle_peer_banner_payload supported=3 required=0
2023-12-14T14:03:59.351 INFO:teuthology.orchestra.run.smithi063.stdout:/usr/bin/ceph: stderr
2023-12-14T14:03:58.791+0000 7fbc23fff700 1 --2- 172.21.15.63:0/2870339603 >> [v2:172.21.15.63:6800/2918547363,v1:172.21.15.63:6801/2918547363] conn(0x7fbc140386c0 0x7fbc1403ab70 secure :-1 s=READY pgs=8 cs=0 l=1 rev1=1 crypto rx=0x7fbc10006fd0 tx=0x7fbc10006e40 comp rx=0 tx=0).ready entity=mgr.14120 client_cookie=0 server_cookie=0 in_seq=0 out_seq=0
2023-12-14T14:03:59.351 INFO:teuthology.orchestra.run.smithi063.stdout:/usr/bin/ceph: stderr
2023-12-14T14:03:58.796+0000 7fbc21ffb700 1 -- 172.21.15.63:0/2870339603 <== mon.0 v2:172.21.15.63:3300/0 6 ==== mon_command_ack([{"prefix": "get_command_descriptions"}]=0 v0) v1 ==== 72+0+177948 (secure 0 0 0) 0x7fbc18018760 con 0x7fbc24074020
2023-12-14T14:03:59.351 INFO:teuthology.orchestra.run.smithi063.stdout:/usr/bin/ceph: stderr
2023-12-14T14:03:58.998+0000 7fbc29d9d700 1 -- 172.21.15.63:0/2870339603 --> [v2:172.21.15.63:6800/2918547363,v1:172.21.15.63:6801/2918547363] -- mgr_command(tid 0: {"prefix": "cephadm set-user", "user": "root", "target": ["mon-mgr", ""]}) v1 -- 0x7fbc24101f50 con 0x7fbc140386c0
2023-12-14T14:03:59.351 INFO:teuthology.orchestra.run.smithi063.stdout:/usr/bin/ceph: stderr
2023-12-14T14:03:58.999+0000 7fbc21ffb700 1 -- 172.21.15.63:0/2870339603 <== mgr.14120 v2:172.21.15.63:6800/2918547363 1 ==== mgr_command_reply(tid 0: 0 ) v1 ==== 8+0+16 (secure 0 0 0) 0x7fbc24101f50 con 0x7fbc140386c0
2023-12-14T14:03:59.352 INFO:teuthology.orchestra.run.smithi063.stdout:/usr/bin/ceph: stderr
2023-12-14T14:03:59.001+0000 7fbc29d9d700 1 -- 172.21.15.63:0/2870339603 >> [v2:172.21.15.63:6800/2918547363,v1:172.21.15.63:6801/2918547363] conn(0x7fbc140386c0 msgr2=0x7fbc1403ab70 secure :-1 s=STATE_CONNECTION_ESTABLISHED l=1).mark_down
2023-12-14T14:03:59.352 INFO:teuthology.orchestra.run.smithi063.stdout:/usr/bin/ceph: stderr
2023-12-14T14:03:59.001+0000 7fbc29d9d700 1 --2- 172.21.15.63:0/2870339603 >> [v2:172.21.15.63:6800/2918547363,v1:172.21.15.63:6801/2918547363] conn(0x7fbc140386c0 0x7fbc1403ab70 secure :-1 s=READY pgs=8 cs=0 l=1 rev1=1 crypto rx=0x7fbc10006fd0 tx=0x7fbc10006e40 comp rx=0 tx=0).stop
2023-12-14T14:03:59.352 INFO:teuthology.orchestra.run.smithi063.stdout:/usr/bin/ceph: stderr
2023-12-14T14:03:59.001+0000 7fbc29d9d700 1 -- 172.21.15.63:0/2870339603 >> [v2:172.21.15.63:3300/0,v1:172.21.15.63:6789/0] conn(0x7fbc24074020 msgr2=0x7fbc2419b640 secure :-1 s=STATE_CONNECTION_ESTABLISHED l=1).mark_down
2023-12-14T14:03:59.352 INFO:teuthology.orchestra.run.smithi063.stdout:/usr/bin/ceph: stderr
2023-12-14T14:03:59.001+0000 7fbc29d9d700 1 --2- 172.21.15.63:0/2870339603 >> [v2:172.21.15.63:3300/0,v1:172.21.15.63:6789/0] conn(0x7fbc24074020 0x7fbc2419b640 secure :-1 s=READY pgs=40 cs=0 l=1 rev1=1 crypto rx=0x7fbc18006af0 tx=0x7fbc18011a30 comp rx=0 tx=0).stop
2023-12-14T14:03:59.352 INFO:teuthology.orchestra.run.smithi063.stdout:/usr/bin/ceph: stderr
2023-12-14T14:03:59.001+0000 7fbc29d9d700 1 -- 172.21.15.63:0/2870339603 shutdown_connections
2023-12-14T14:03:59.352 INFO:teuthology.orchestra.run.smithi063.stdout:/usr/bin/ceph: stderr
2023-12-14T14:03:59.001+0000 7fbc29d9d700 1 --2- 172.21.15.63:0/2870339603 >> [v2:172.21.15.63:6800/2918547363,v1:172.21.15.63:6801/2918547363] conn(0x7fbc140386c0 0x7fbc1403ab70 unknown :-1 s=CLOSED pgs=8 cs=0 l=1 rev1=1 crypto rx=0 tx=0 comp rx=0 tx=0).stop
2023-12-14T14:03:59.352 INFO:teuthology.orchestra.run.smithi063.stdout:/usr/bin/ceph: stderr
2023-12-14T14:03:59.001+0000 7fbc29d9d700 1 --2- 172.21.15.63:0/2870339603 >> [v2:172.21.15.63:3300/0,v1:172.21.15.63:6789/0] conn(0x7fbc24074020 0x7fbc2419b640 unknown :-1 s=CLOSED pgs=40 cs=0 l=1 rev1=1 crypto rx=0 tx=0 comp rx=0 tx=0).stop
2023-12-14T14:03:59.352 INFO:teuthology.orchestra.run.smithi063.stdout:/usr/bin/ceph: stderr
2023-12-14T14:03:59.001+0000 7fbc29d9d700 1 -- 172.21.15.63:0/2870339603 >> 172.21.15.63:0/2870339603 conn(0x7fbc240ffcb0 msgr2=0x7fbc24101330 unknown :-1 s=STATE_NONE l=0).mark_down
2023-12-14T14:03:59.352 INFO:teuthology.orchestra.run.smithi063.stdout:/usr/bin/ceph: stderr
2023-12-14T14:03:59.001+0000 7fbc29d9d700 1 -- 172.21.15.63:0/2870339603 shutdown_connections
2023-12-14T14:03:59.352 INFO:teuthology.orchestra.run.smithi063.stdout:/usr/bin/ceph: stderr
2023-12-14T14:03:59.001+0000 7fbc29d9d700 1 -- 172.21.15.63:0/2870339603 wait complete.
2023-12-14T14:03:59.352 INFO:teuthology.orchestra.run.smithi063.stdout:Generating ssh key...
2023-12-14T14:04:00.191 INFO:journalctl@ceph.mon.a.smithi063.stdout:Dec 14 14:03:59 smithi063 ceph-mon[42111]: from='client.14132 -' entity='client.admin' cmd=[{"prefix": "orch set backend", "module_name": "cephadm", "target": ["mon-mgr", ""]}]: dispatch
2023-12-14T14:04:00.191 INFO:journalctl@ceph.mon.a.smithi063.stdout:Dec 14 14:03:59 smithi063 ceph-mon[42111]: from='client.14134 -' entity='client.admin' cmd=[{"prefix": "cephadm set-user", "user": "root", "target": ["mon-mgr", ""]}]: dispatch
2023-12-14T14:04:00.191 INFO:journalctl@ceph.mgr.x.smithi063.stdout:Dec 14 14:04:00 smithi063 ceph-6413d580-9a89-11ee-95a3-87774f69a715-mgr-x[42361]: Generating public/private rsa key pair.
2023-12-14T14:04:00.192 INFO:journalctl@ceph.mgr.x.smithi063.stdout:Dec 14 14:04:00 smithi063 ceph-6413d580-9a89-11ee-95a3-87774f69a715-mgr-x[42361]: Your identification has been saved in /tmp/tmpjl56gb1o/key.
2023-12-14T14:04:00.192 INFO:journalctl@ceph.mgr.x.smithi063.stdout:Dec 14 14:04:00 smithi063 ceph-6413d580-9a89-11ee-95a3-87774f69a715-mgr-x[42361]: Your public key has been saved in /tmp/tmpjl56gb1o/key.pub.
2023-12-14T14:04:00.192 INFO:journalctl@ceph.mgr.x.smithi063.stdout:Dec 14 14:04:00 smithi063 ceph-6413d580-9a89-11ee-95a3-87774f69a715-mgr-x[42361]: The key fingerprint is:
2023-12-14T14:04:00.192 INFO:journalctl@ceph.mgr.x.smithi063.stdout:Dec 14 14:04:00 smithi063 ceph-6413d580-9a89-11ee-95a3-87774f69a715-mgr-x[42361]: SHA256:eU+9Oes7oYnbl1C2jGfOWgj3XS2FT67GenFJ453WIks ceph-6413d580-9a89-11ee-95a3-87774f69a715
2023-12-14T14:04:00.192 INFO:journalctl@ceph.mgr.x.smithi063.stdout:Dec 14 14:04:00 smithi063 ceph-6413d580-9a89-11ee-95a3-87774f69a715-mgr-x[42361]: The key's randomart image is:
2023-12-14T14:04:00.192 INFO:journalctl@ceph.mgr.x.smithi063.stdout:Dec 14 14:04:00 smithi063 ceph-6413d580-9a89-11ee-95a3-87774f69a715-mgr-x[42361]: +---[RSA 3072]----+
2023-12-14T14:04:00.192 INFO:journalctl@ceph.mgr.x.smithi063.stdout:Dec 14 14:04:00 smithi063 ceph-6413d580-9a89-11ee-95a3-87774f69a715-mgr-x[42361]: | |
2023-12-14T14:04:00.192 INFO:journalctl@ceph.mgr.x.smithi063.stdout:Dec 14 14:04:00 smithi063 ceph-6413d580-9a89-11ee-95a3-87774f69a715-mgr-x[42361]: | . |
2023-12-14T14:04:00.192 INFO:journalctl@ceph.mgr.x.smithi063.stdout:Dec 14 14:04:00 smithi063 ceph-6413d580-9a89-11ee-95a3-87774f69a715-mgr-x[42361]: | . o|
2023-12-14T14:04:00.192 INFO:journalctl@ceph.mgr.x.smithi063.stdout:Dec 14 14:04:00 smithi063 ceph-6413d580-9a89-11ee-95a3-87774f69a715-mgr-x[42361]: | . .oB.|
2023-12-14T14:04:00.192 INFO:journalctl@ceph.mgr.x.smithi063.stdout:Dec 14 14:04:00 smithi063 ceph-6413d580-9a89-11ee-95a3-87774f69a715-mgr-x[42361]: | S o o==.@|
2023-12-14T14:04:00.192 INFO:journalctl@ceph.mgr.x.smithi063.stdout:Dec 14 14:04:00 smithi063 ceph-6413d580-9a89-11ee-95a3-87774f69a715-mgr-x[42361]: | . =E+O@=|
2023-12-14T14:04:00.192 INFO:journalctl@ceph.mgr.x.smithi063.stdout:Dec 14 14:04:00 smithi063 ceph-6413d580-9a89-11ee-95a3-87774f69a715-mgr-x[42361]: | oo@@*.|
2023-12-14T14:04:00.192 INFO:journalctl@ceph.mgr.x.smithi063.stdout:Dec 14 14:04:00 smithi063 ceph-6413d580-9a89-11ee-95a3-87774f69a715-mgr-x[42361]: | ..++Bo |
2023-12-14T14:04:00.192 INFO:journalctl@ceph.mgr.x.smithi063.stdout:Dec 14 14:04:00 smithi063 ceph-6413d580-9a89-11ee-95a3-87774f69a715-mgr-x[42361]: | ..+=+o |
2023-12-14T14:04:00.192 INFO:journalctl@ceph.mgr.x.smithi063.stdout:Dec 14 14:04:00 smithi063 ceph-6413d580-9a89-11ee-95a3-87774f69a715-mgr-x[42361]: +----[SHA256]-----+
2023-12-14T14:04:00.388 INFO:teuthology.orchestra.run.smithi063.stdout:/usr/bin/ceph: stderr
2023-12-14T14:03:59.660+0000 7f8c2a573700 1 Processor -- start
2023-12-14T14:04:00.388 INFO:teuthology.orchestra.run.smithi063.stdout:/usr/bin/ceph: stderr
2023-12-14T14:03:59.660+0000 7f8c2a573700 1 -- start start
2023-12-14T14:04:00.388 INFO:teuthology.orchestra.run.smithi063.stdout:/usr/bin/ceph: stderr
2023-12-14T14:03:59.660+0000 7f8c2a573700 1 --2- >> [v2:172.21.15.63:3300/0,v1:172.21.15.63:6789/0] conn(0x7f8c24105920 0x7f8c24105d30 unknown :-1 s=NONE pgs=0 cs=0 l=0 rev1=0 crypto rx=0 tx=0 comp rx=0 tx=0).connect
2023-12-14T14:04:00.388 INFO:teuthology.orchestra.run.smithi063.stdout:/usr/bin/ceph: stderr
2023-12-14T14:03:59.660+0000 7f8c2a573700 1 -- --> [v2:172.21.15.63:3300/0,v1:172.21.15.63:6789/0] -- mon_getmap magic: 0 v1 -- 0x7f8c24106270 con 0x7f8c24105920
2023-12-14T14:04:00.388 INFO:teuthology.orchestra.run.smithi063.stdout:/usr/bin/ceph: stderr
2023-12-14T14:03:59.660+0000 7f8c23fff700 1 --2- >> [v2:172.21.15.63:3300/0,v1:172.21.15.63:6789/0] conn(0x7f8c24105920 0x7f8c24105d30 unknown :-1 s=BANNER_CONNECTING pgs=0 cs=0 l=0 rev1=0 crypto rx=0 tx=0 comp rx=0 tx=0)._handle_peer_banner_payload supported=3 required=0
2023-12-14T14:04:00.388 INFO:teuthology.orchestra.run.smithi063.stdout:/usr/bin/ceph: stderr
2023-12-14T14:03:59.660+0000 7f8c23fff700 1 --2- >> [v2:172.21.15.63:3300/0,v1:172.21.15.63:6789/0] conn(0x7f8c24105920 0x7f8c24105d30 unknown :-1 s=HELLO_CONNECTING pgs=0 cs=0 l=0 rev1=1 crypto rx=0 tx=0 comp rx=0 tx=0).handle_hello peer v2:172.21.15.63:3300/0 says I am v2:172.21.15.63:54810/0 (socket says 172.21.15.63:54810)
2023-12-14T14:04:00.388 INFO:teuthology.orchestra.run.smithi063.stdout:/usr/bin/ceph: stderr
2023-12-14T14:03:59.660+0000 7f8c23fff700 1 -- 172.21.15.63:0/1594079138 learned_addr learned my addr 172.21.15.63:0/1594079138 (peer_addr_for_me v2:172.21.15.63:0/0)
2023-12-14T14:04:00.388 INFO:teuthology.orchestra.run.smithi063.stdout:/usr/bin/ceph: stderr
2023-12-14T14:03:59.660+0000 7f8c23fff700 1 -- 172.21.15.63:0/1594079138 --> [v2:172.21.15.63:3300/0,v1:172.21.15.63:6789/0] -- mon_subscribe({config=0+,monmap=0+}) v3 -- 0x7f8c241063b0 con 0x7f8c24105920
2023-12-14T14:04:00.388 INFO:teuthology.orchestra.run.smithi063.stdout:/usr/bin/ceph: stderr
2023-12-14T14:03:59.661+0000 7f8c23fff700 1 --2- 172.21.15.63:0/1594079138 >> [v2:172.21.15.63:3300/0,v1:172.21.15.63:6789/0] conn(0x7f8c24105920 0x7f8c24105d30 secure :-1 s=READY pgs=41 cs=0 l=1 rev1=1 crypto rx=0x7f8c140098a0 tx=0x7f8c14009bb0 comp rx=0 tx=0).ready entity=mon.0 client_cookie=90e6c72cfaa3fa2f server_cookie=0 in_seq=0 out_seq=0
2023-12-14T14:04:00.388 INFO:teuthology.orchestra.run.smithi063.stdout:/usr/bin/ceph: stderr
2023-12-14T14:03:59.661+0000 7f8c22ffd700 1 -- 172.21.15.63:0/1594079138 <== mon.0 v2:172.21.15.63:3300/0 1 ==== mon_map magic: 0 v1 ==== 205+0+0 (secure 0 0 0) 0x7f8c14004160 con 0x7f8c24105920
2023-12-14T14:04:00.388 INFO:teuthology.orchestra.run.smithi063.stdout:/usr/bin/ceph: stderr
2023-12-14T14:03:59.661+0000 7f8c22ffd700 1 -- 172.21.15.63:0/1594079138 <== mon.0 v2:172.21.15.63:3300/0 2 ==== config(25 keys) v1 ==== 1036+0+0 (secure 0 0 0) 0x7f8c140042c0 con 0x7f8c24105920
2023-12-14T14:04:00.388 INFO:teuthology.orchestra.run.smithi063.stdout:/usr/bin/ceph: stderr
2023-12-14T14:03:59.661+0000 7f8c22ffd700 1 -- 172.21.15.63:0/1594079138 <== mon.0 v2:172.21.15.63:3300/0 3 ==== mon_map magic: 0 v1 ==== 205+0+0 (secure 0 0 0) 0x7f8c14011940 con 0x7f8c24105920
2023-12-14T14:04:00.388 INFO:teuthology.orchestra.run.smithi063.stdout:/usr/bin/ceph: stderr
2023-12-14T14:03:59.661+0000 7f8c2a573700 1 -- 172.21.15.63:0/1594079138 >> [v2:172.21.15.63:3300/0,v1:172.21.15.63:6789/0] conn(0x7f8c24105920 msgr2=0x7f8c24105d30 secure :-1 s=STATE_CONNECTION_ESTABLISHED l=1).mark_down
2023-12-14T14:04:00.388 INFO:teuthology.orchestra.run.smithi063.stdout:/usr/bin/ceph: stderr
2023-12-14T14:03:59.661+0000 7f8c2a573700 1 --2- 172.21.15.63:0/1594079138 >> [v2:172.21.15.63:3300/0,v1:172.21.15.63:6789/0] conn(0x7f8c24105920 0x7f8c24105d30 secure :-1 s=READY pgs=41 cs=0 l=1 rev1=1 crypto rx=0x7f8c140098a0 tx=0x7f8c14009bb0 comp rx=0 tx=0).stop
2023-12-14T14:04:00.388 INFO:teuthology.orchestra.run.smithi063.stdout:/usr/bin/ceph: stderr
2023-12-14T14:03:59.661+0000 7f8c2a573700 1 -- 172.21.15.63:0/1594079138 shutdown_connections
2023-12-14T14:04:00.389 INFO:teuthology.orchestra.run.smithi063.stdout:/usr/bin/ceph: stderr
2023-12-14T14:03:59.661+0000 7f8c2a573700 1 --2- 172.21.15.63:0/1594079138 >> [v2:172.21.15.63:3300/0,v1:172.21.15.63:6789/0] conn(0x7f8c24105920 0x7f8c24105d30 unknown :-1 s=CLOSED pgs=41 cs=0 l=1 rev1=1 crypto rx=0 tx=0 comp rx=0 tx=0).stop
2023-12-14T14:04:00.389 INFO:teuthology.orchestra.run.smithi063.stdout:/usr/bin/ceph: stderr
2023-12-14T14:03:59.661+0000 7f8c2a573700 1 -- 172.21.15.63:0/1594079138 >> 172.21.15.63:0/1594079138 conn(0x7f8c24100f70 msgr2=0x7f8c241033a0 unknown :-1 s=STATE_NONE l=0).mark_down
2023-12-14T14:04:00.389 INFO:teuthology.orchestra.run.smithi063.stdout:/usr/bin/ceph: stderr
2023-12-14T14:03:59.661+0000 7f8c2a573700 1 -- 172.21.15.63:0/1594079138 shutdown_connections
2023-12-14T14:04:00.389 INFO:teuthology.orchestra.run.smithi063.stdout:/usr/bin/ceph: stderr
2023-12-14T14:03:59.661+0000 7f8c2a573700 1 -- 172.21.15.63:0/1594079138 wait complete.
2023-12-14T14:04:00.389 INFO:teuthology.orchestra.run.smithi063.stdout:/usr/bin/ceph: stderr
2023-12-14T14:03:59.662+0000 7f8c2a573700 1 Processor -- start
2023-12-14T14:04:00.389 INFO:teuthology.orchestra.run.smithi063.stdout:/usr/bin/ceph: stderr
2023-12-14T14:03:59.662+0000 7f8c2a573700 1 -- start start
2023-12-14T14:04:00.389 INFO:teuthology.orchestra.run.smithi063.stdout:/usr/bin/ceph: stderr
2023-12-14T14:03:59.662+0000 7f8c2a573700 1 --2- >> [v2:172.21.15.63:3300/0,v1:172.21.15.63:6789/0] conn(0x7f8c24105920 0x7f8c2407aad0 unknown :-1 s=NONE pgs=0 cs=0 l=1 rev1=0 crypto rx=0 tx=0 comp rx=0 tx=0).connect
2023-12-14T14:04:00.389 INFO:teuthology.orchestra.run.smithi063.stdout:/usr/bin/ceph: stderr
2023-12-14T14:03:59.662+0000 7f8c2a573700 1 -- --> [v2:172.21.15.63:3300/0,v1:172.21.15.63:6789/0] -- mon_getmap magic: 0 v1 -- 0x7f8c2407b010 con 0x7f8c24105920
2023-12-14T14:04:00.389 INFO:teuthology.orchestra.run.smithi063.stdout:/usr/bin/ceph: stderr
2023-12-14T14:03:59.663+0000 7f8c23fff700 1 --2- >> [v2:172.21.15.63:3300/0,v1:172.21.15.63:6789/0] conn(0x7f8c24105920 0x7f8c2407aad0 unknown :-1 s=BANNER_CONNECTING pgs=0 cs=0 l=1 rev1=0 crypto rx=0 tx=0 comp rx=0 tx=0)._handle_peer_banner_payload supported=3 required=0
2023-12-14T14:04:00.389 INFO:teuthology.orchestra.run.smithi063.stdout:/usr/bin/ceph: stderr
2023-12-14T14:03:59.663+0000 7f8c23fff700 1 --2- >> [v2:172.21.15.63:3300/0,v1:172.21.15.63:6789/0] conn(0x7f8c24105920 0x7f8c2407aad0 unknown :-1 s=HELLO_CONNECTING pgs=0 cs=0 l=1 rev1=1 crypto rx=0 tx=0 comp rx=0 tx=0).handle_hello peer v2:172.21.15.63:3300/0 says I am v2:172.21.15.63:54814/0 (socket says 172.21.15.63:54814)
2023-12-14T14:04:00.389 INFO:teuthology.orchestra.run.smithi063.stdout:/usr/bin/ceph: stderr
2023-12-14T14:03:59.663+0000 7f8c23fff700 1 -- 172.21.15.63:0/823846844 learned_addr learned my addr 172.21.15.63:0/823846844 (peer_addr_for_me v2:172.21.15.63:0/0)
2023-12-14T14:04:00.389 INFO:teuthology.orchestra.run.smithi063.stdout:/usr/bin/ceph: stderr
2023-12-14T14:03:59.663+0000 7f8c23fff700 1 -- 172.21.15.63:0/823846844 --> [v2:172.21.15.63:3300/0,v1:172.21.15.63:6789/0] -- mon_subscribe({config=0+,monmap=0+}) v3 -- 0x7f8c14009550 con 0x7f8c24105920
2023-12-14T14:04:00.389 INFO:teuthology.orchestra.run.smithi063.stdout:/usr/bin/ceph: stderr
2023-12-14T14:03:59.663+0000 7f8c23fff700 1 --2- 172.21.15.63:0/823846844 >> [v2:172.21.15.63:3300/0,v1:172.21.15.63:6789/0] conn(0x7f8c24105920 0x7f8c2407aad0 secure :-1 s=READY pgs=42 cs=0 l=1 rev1=1 crypto rx=0x7f8c14011dc0 tx=0x7f8c14011ea0 comp rx=0 tx=0).ready entity=mon.0 client_cookie=0 server_cookie=0 in_seq=0 out_seq=0
2023-12-14T14:04:00.389 INFO:teuthology.orchestra.run.smithi063.stdout:/usr/bin/ceph: stderr
2023-12-14T14:03:59.663+0000 7f8c217fa700 1 -- 172.21.15.63:0/823846844 <== mon.0 v2:172.21.15.63:3300/0 1 ==== mon_map magic: 0 v1 ==== 205+0+0 (secure 0 0 0) 0x7f8c140037d0 con 0x7f8c24105920
2023-12-14T14:04:00.390 INFO:teuthology.orchestra.run.smithi063.stdout:/usr/bin/ceph: stderr
2023-12-14T14:03:59.663+0000 7f8c217fa700 1 -- 172.21.15.63:0/823846844 <== mon.0 v2:172.21.15.63:3300/0 2 ==== config(25 keys) v1 ==== 1036+0+0 (secure 0 0 0) 0x7f8c1401b440 con 0x7f8c24105920
2023-12-14T14:04:00.390 INFO:teuthology.orchestra.run.smithi063.stdout:/usr/bin/ceph: stderr
2023-12-14T14:03:59.663+0000 7f8c2a573700 1 -- 172.21.15.63:0/823846844 --> [v2:172.21.15.63:3300/0,v1:172.21.15.63:6789/0] -- mon_subscribe({mgrmap=0+}) v3 -- 0x7f8c24107910 con 0x7f8c24105920
2023-12-14T14:04:00.390 INFO:teuthology.orchestra.run.smithi063.stdout:/usr/bin/ceph: stderr
2023-12-14T14:03:59.663+0000 7f8c217fa700 1 -- 172.21.15.63:0/823846844 <== mon.0 v2:172.21.15.63:3300/0 3 ==== mon_map magic: 0 v1 ==== 205+0+0 (secure 0 0 0) 0x7f8c1401a560 con 0x7f8c24105920
2023-12-14T14:04:00.390 INFO:teuthology.orchestra.run.smithi063.stdout:/usr/bin/ceph: stderr
2023-12-14T14:03:59.663+0000 7f8c2a573700 1 -- 172.21.15.63:0/823846844 --> [v2:172.21.15.63:3300/0,v1:172.21.15.63:6789/0] -- mon_subscribe({osdmap=0}) v3 -- 0x7f8c24107780 con 0x7f8c24105920
2023-12-14T14:04:00.390 INFO:teuthology.orchestra.run.smithi063.stdout:/usr/bin/ceph: stderr
2023-12-14T14:03:59.664+0000 7f8c2a573700 1 -- 172.21.15.63:0/823846844 --> [v2:172.21.15.63:3300/0,v1:172.21.15.63:6789/0] -- mon_command({"prefix": "get_command_descriptions"} v 0) v1 -- 0x7f8c24062120 con 0x7f8c24105920
2023-12-14T14:04:00.390 INFO:teuthology.orchestra.run.smithi063.stdout:/usr/bin/ceph: stderr
2023-12-14T14:03:59.664+0000 7f8c217fa700 1 -- 172.21.15.63:0/823846844 <== mon.0 v2:172.21.15.63:3300/0 4 ==== mgrmap(e 8) v1 ==== 45483+0+0 (secure 0 0 0) 0x7f8c1401b5b0 con 0x7f8c24105920
2023-12-14T14:04:00.390 INFO:teuthology.orchestra.run.smithi063.stdout:/usr/bin/ceph: stderr
2023-12-14T14:03:59.664+0000 7f8c217fa700 1 --2- 172.21.15.63:0/823846844 >> [v2:172.21.15.63:6800/2918547363,v1:172.21.15.63:6801/2918547363] conn(0x7f8c0c038760 0x7f8c0c03ac10 unknown :-1 s=NONE pgs=0 cs=0 l=1 rev1=0 crypto rx=0 tx=0 comp rx=0 tx=0).connect
2023-12-14T14:04:00.390 INFO:teuthology.orchestra.run.smithi063.stdout:/usr/bin/ceph: stderr
2023-12-14T14:03:59.664+0000 7f8c217fa700 1 -- 172.21.15.63:0/823846844 <== mon.0 v2:172.21.15.63:3300/0 5 ==== osd_map(2..2 src has 1..2) v4 ==== 940+0+0 (secure 0 0 0) 0x7f8c1404c650 con 0x7f8c24105920
2023-12-14T14:04:00.390 INFO:teuthology.orchestra.run.smithi063.stdout:/usr/bin/ceph: stderr
2023-12-14T14:03:59.665+0000 7f8c237fe700 1 --2- 172.21.15.63:0/823846844 >> [v2:172.21.15.63:6800/2918547363,v1:172.21.15.63:6801/2918547363] conn(0x7f8c0c038760 0x7f8c0c03ac10 unknown :-1 s=BANNER_CONNECTING pgs=0 cs=0 l=1 rev1=0 crypto rx=0 tx=0 comp rx=0 tx=0)._handle_peer_banner_payload supported=3 required=0
2023-12-14T14:04:00.390 INFO:teuthology.orchestra.run.smithi063.stdout:/usr/bin/ceph: stderr
2023-12-14T14:03:59.665+0000 7f8c237fe700 1 --2- 172.21.15.63:0/823846844 >> [v2:172.21.15.63:6800/2918547363,v1:172.21.15.63:6801/2918547363] conn(0x7f8c0c038760 0x7f8c0c03ac10 secure :-1 s=READY pgs=9 cs=0 l=1 rev1=1 crypto rx=0x7f8c18006fd0 tx=0x7f8c18006e40 comp rx=0 tx=0).ready entity=mgr.14120 client_cookie=0 server_cookie=0 in_seq=0 out_seq=0
2023-12-14T14:04:00.390 INFO:teuthology.orchestra.run.smithi063.stdout:/usr/bin/ceph: stderr
2023-12-14T14:03:59.669+0000 7f8c217fa700 1 -- 172.21.15.63:0/823846844 <== mon.0 v2:172.21.15.63:3300/0 6 ==== mon_command_ack([{"prefix": "get_command_descriptions"}]=0 v0) v1 ==== 72+0+177948 (secure 0 0 0) 0x7f8c14023590 con 0x7f8c24105920
2023-12-14T14:04:00.390 INFO:teuthology.orchestra.run.smithi063.stdout:/usr/bin/ceph: stderr
2023-12-14T14:03:59.869+0000 7f8c2a573700 1 -- 172.21.15.63:0/823846844 --> [v2:172.21.15.63:6800/2918547363,v1:172.21.15.63:6801/2918547363] -- mgr_command(tid 0: {"prefix": "cephadm generate-key", "target": ["mon-mgr", ""]}) v1 -- 0x7f8c24079fe0 con 0x7f8c0c038760
2023-12-14T14:04:00.390 INFO:teuthology.orchestra.run.smithi063.stdout:/usr/bin/ceph: stderr
2023-12-14T14:04:00.039+0000 7f8c217fa700 1 -- 172.21.15.63:0/823846844 <== mgr.14120 v2:172.21.15.63:6800/2918547363 1 ==== mgr_command_reply(tid 0: 0 ) v1 ==== 8+0+0 (secure 0 0 0) 0x7f8c24079fe0 con 0x7f8c0c038760
2023-12-14T14:04:00.390 INFO:teuthology.orchestra.run.smithi063.stdout:/usr/bin/ceph: stderr
2023-12-14T14:04:00.041+0000 7f8c2a573700 1 -- 172.21.15.63:0/823846844 >> [v2:172.21.15.63:6800/2918547363,v1:172.21.15.63:6801/2918547363] conn(0x7f8c0c038760 msgr2=0x7f8c0c03ac10 secure :-1 s=STATE_CONNECTION_ESTABLISHED l=1).mark_down
2023-12-14T14:04:00.390 INFO:teuthology.orchestra.run.smithi063.stdout:/usr/bin/ceph: stderr
2023-12-14T14:04:00.041+0000 7f8c2a573700 1 --2- 172.21.15.63:0/823846844 >> [v2:172.21.15.63:6800/2918547363,v1:172.21.15.63:6801/2918547363] conn(0x7f8c0c038760 0x7f8c0c03ac10 secure :-1 s=READY pgs=9 cs=0 l=1 rev1=1 crypto rx=0x7f8c18006fd0 tx=0x7f8c18006e40 comp rx=0 tx=0).stop
2023-12-14T14:04:00.390 INFO:teuthology.orchestra.run.smithi063.stdout:/usr/bin/ceph: stderr
2023-12-14T14:04:00.041+0000 7f8c2a573700 1 -- 172.21.15.63:0/823846844 >> [v2:172.21.15.63:3300/0,v1:172.21.15.63:6789/0] conn(0x7f8c24105920 msgr2=0x7f8c2407aad0 secure :-1 s=STATE_CONNECTION_ESTABLISHED l=1).mark_down
2023-12-14T14:04:00.390 INFO:teuthology.orchestra.run.smithi063.stdout:/usr/bin/ceph: stderr
2023-12-14T14:04:00.041+0000 7f8c2a573700 1 --2- 172.21.15.63:0/823846844 >> [v2:172.21.15.63:3300/0,v1:172.21.15.63:6789/0] conn(0x7f8c24105920 0x7f8c2407aad0 secure :-1 s=READY pgs=42 cs=0 l=1 rev1=1 crypto rx=0x7f8c14011dc0 tx=0x7f8c14011ea0 comp rx=0 tx=0).stop
2023-12-14T14:04:00.391 INFO:teuthology.orchestra.run.smithi063.stdout:/usr/bin/ceph: stderr
2023-12-14T14:04:00.041+0000 7f8c2a573700 1 -- 172.21.15.63:0/823846844 shutdown_connections
2023-12-14T14:04:00.391 INFO:teuthology.orchestra.run.smithi063.stdout:/usr/bin/ceph: stderr
2023-12-14T14:04:00.041+0000 7f8c2a573700 1 --2- 172.21.15.63:0/823846844 >> [v2:172.21.15.63:6800/2918547363,v1:172.21.15.63:6801/2918547363] conn(0x7f8c0c038760 0x7f8c0c03ac10 unknown :-1 s=CLOSED pgs=9 cs=0 l=1 rev1=1 crypto rx=0 tx=0 comp rx=0 tx=0).stop
2023-12-14T14:04:00.391 INFO:teuthology.orchestra.run.smithi063.stdout:/usr/bin/ceph: stderr
2023-12-14T14:04:00.041+0000 7f8c2a573700 1 --2- 172.21.15.63:0/823846844 >> [v2:172.21.15.63:3300/0,v1:172.21.15.63:6789/0] conn(0x7f8c24105920 0x7f8c2407aad0 unknown :-1 s=CLOSED pgs=42 cs=0 l=1 rev1=1 crypto rx=0 tx=0 comp rx=0 tx=0).stop
2023-12-14T14:04:00.391 INFO:teuthology.orchestra.run.smithi063.stdout:/usr/bin/ceph: stderr
2023-12-14T14:04:00.041+0000 7f8c2a573700 1 -- 172.21.15.63:0/823846844 >> 172.21.15.63:0/823846844 conn(0x7f8c24100f70 msgr2=0x7f8c24101cd0 unknown :-1 s=STATE_NONE l=0).mark_down
2023-12-14T14:04:00.391 INFO:teuthology.orchestra.run.smithi063.stdout:/usr/bin/ceph: stderr
2023-12-14T14:04:00.041+0000 7f8c2a573700 1 -- 172.21.15.63:0/823846844 shutdown_connections
2023-12-14T14:04:00.391 INFO:teuthology.orchestra.run.smithi063.stdout:/usr/bin/ceph: stderr
2023-12-14T14:04:00.041+0000 7f8c2a573700 1 -- 172.21.15.63:0/823846844 wait complete.
2023-12-14T14:04:01.202 INFO:journalctl@ceph.mon.a.smithi063.stdout:Dec 14 14:04:00 smithi063 ceph-mon[42111]: from='client.14136 -' entity='client.admin' cmd=[{"prefix": "cephadm generate-key", "target": ["mon-mgr", ""]}]: dispatch
2023-12-14T14:04:01.202 INFO:journalctl@ceph.mon.a.smithi063.stdout:Dec 14 14:04:00 smithi063 ceph-mon[42111]: Generating ssh key...
2023-12-14T14:04:01.202 INFO:journalctl@ceph.mon.a.smithi063.stdout:Dec 14 14:04:00 smithi063 ceph-mon[42111]: from='mgr.14120 172.21.15.63:0/45807339' entity='mgr.x'
2023-12-14T14:04:01.202 INFO:journalctl@ceph.mon.a.smithi063.stdout:Dec 14 14:04:00 smithi063 ceph-mon[42111]: from='mgr.14120 172.21.15.63:0/45807339' entity='mgr.x'
2023-12-14T14:04:01.241 INFO:teuthology.orchestra.run.smithi063.stdout:/usr/bin/ceph: stdout ssh-rsa AAAAB3NzaC1yc2EAAAADAQABAAABgQDqAEdWW/E3Ey2itZksNOYhjLjyvKCWvZKf44auC4+ZQQlrsN6w+D42nQWTnSY4J0QVjA4+n+29tjrP1k8kxOoaroToT/P1J4hxusHrw0ICXff9sxfOcK8NHc+2LJXyM0ycibF5xFL6wl8g03G6VlnIajOcXPn9vjUcwnPEaAkOE2FdY7QXuz1rTK0QaaJf0RtgUMdX/7+uWynlEnW/kC+w1seAWk3E0S7VEgxUl/xgWyLrBjtbigsvZd/U/dp5RVwdBCiTsQCiOX4xDmiFQqoDXgvXh7XaueJQZaN1GO05NRBU5Xg5iFf5EqW/exs8cEZMwIFI+GSNHJDZUZmDAhML/qvDb9V6eDfXH/OIIaNFDyTfOrHubKnyTeNKZZusXd3T4QzXgbY7bejDrmpQWJDFZxhKs0K8RtUxhTI13T+a7svAd98EZ9kSdJn5JjmNtqT66LwTBftVZwA89FAKX9fvu5FslSIjvz+NcelSzN6pD3/Gnu+IEB8AaXBciOPjlDM= ceph-6413d580-9a89-11ee-95a3-87774f69a715
2023-12-14T14:04:01.247 INFO:teuthology.orchestra.run.smithi063.stdout:/usr/bin/ceph: stderr
2023-12-14T14:04:00.729+0000 7f30e20e4700 1 Processor -- start
2023-12-14T14:04:01.247 INFO:teuthology.orchestra.run.smithi063.stdout:/usr/bin/ceph: stderr
2023-12-14T14:04:00.729+0000 7f30e20e4700 1 -- start start
2023-12-14T14:04:01.247 INFO:teuthology.orchestra.run.smithi063.stdout:/usr/bin/ceph: stderr
