2023-12-14T14:03:41.827+0000 7f54b5e3c700 1 -- 172.21.15.69:0/3798873153 >> [v2:172.21.15.69:3300/0,v1:172.21.15.69:6789/0] conn(0x7f54b01064d0 msgr2=0x7f54b0105e30 secure :-1 s=STATE_CONNECTION_ESTABLISHED l=1).mark_down
2023-12-14T14:03:42.210 INFO:teuthology.orchestra.run.smithi069.stdout:/usr/bin/ceph: stderr
2023-12-14T14:03:41.827+0000 7f54b5e3c700 1 --2- 172.21.15.69:0/3798873153 >> [v2:172.21.15.69:3300/0,v1:172.21.15.69:6789/0] conn(0x7f54b01064d0 0x7f54b0105e30 secure :-1 s=READY pgs=19 cs=0 l=1 rev1=1 crypto rx=0x7f54a0009fb0 tx=0x7f54a0011ad0 comp rx=0 tx=0).stop
2023-12-14T14:03:42.210 INFO:teuthology.orchestra.run.smithi069.stdout:/usr/bin/ceph: stderr
2023-12-14T14:03:41.827+0000 7f54b5e3c700 1 -- 172.21.15.69:0/3798873153 shutdown_connections
2023-12-14T14:03:42.210 INFO:teuthology.orchestra.run.smithi069.stdout:/usr/bin/ceph: stderr
2023-12-14T14:03:41.827+0000 7f54b5e3c700 1 --2- 172.21.15.69:0/3798873153 >> [v2:172.21.15.69:6800/3548022044,v1:172.21.15.69:6801/3548022044] conn(0x7f5498038550 0x7f549803aa00 unknown :-1 s=CLOSED pgs=6 cs=0 l=1 rev1=1 crypto rx=0 tx=0 comp rx=0 tx=0).stop
2023-12-14T14:03:42.211 INFO:teuthology.orchestra.run.smithi069.stdout:/usr/bin/ceph: stderr
2023-12-14T14:03:41.827+0000 7f54b5e3c700 1 --2- 172.21.15.69:0/3798873153 >> [v2:172.21.15.69:3300/0,v1:172.21.15.69:6789/0] conn(0x7f54b01064d0 0x7f54b0105e30 unknown :-1 s=CLOSED pgs=19 cs=0 l=1 rev1=1 crypto rx=0 tx=0 comp rx=0 tx=0).stop
2023-12-14T14:03:42.211 INFO:teuthology.orchestra.run.smithi069.stdout:/usr/bin/ceph: stderr
2023-12-14T14:03:41.827+0000 7f54b5e3c700 1 -- 172.21.15.69:0/3798873153 >> 172.21.15.69:0/3798873153 conn(0x7f54b00ffed0 msgr2=0x7f54b0101530 unknown :-1 s=STATE_NONE l=0).mark_down
2023-12-14T14:03:42.211 INFO:teuthology.orchestra.run.smithi069.stdout:/usr/bin/ceph: stderr
2023-12-14T14:03:41.827+0000 7f54b5e3c700 1 -- 172.21.15.69:0/3798873153 shutdown_connections
2023-12-14T14:03:42.211 INFO:teuthology.orchestra.run.smithi069.stdout:/usr/bin/ceph: stderr
2023-12-14T14:03:41.827+0000 7f54b5e3c700 1 -- 172.21.15.69:0/3798873153 wait complete.
2023-12-14T14:03:42.211 INFO:teuthology.orchestra.run.smithi069.stdout:mgr is available
2023-12-14T14:03:42.585 INFO:journalctl@ceph.mon.a.smithi069.stdout:Dec 14 14:03:42 smithi069 ceph-mon[42034]: from='client.? 172.21.15.69:0/3798873153' entity='client.admin' cmd=[{"prefix": "status", "format": "json-pretty"}]: dispatch
2023-12-14T14:03:43.073 INFO:teuthology.orchestra.run.smithi069.stdout:/usr/bin/ceph: stdout
2023-12-14T14:03:43.073 INFO:teuthology.orchestra.run.smithi069.stdout:/usr/bin/ceph: stdout [global]
2023-12-14T14:03:43.073 INFO:teuthology.orchestra.run.smithi069.stdout:/usr/bin/ceph: stdout fsid = 5d58180a-9a89-11ee-95a3-87774f69a715
2023-12-14T14:03:43.073 INFO:teuthology.orchestra.run.smithi069.stdout:/usr/bin/ceph: stdout mon_osd_allow_pg_remap = true
2023-12-14T14:03:43.073 INFO:teuthology.orchestra.run.smithi069.stdout:/usr/bin/ceph: stdout mon_osd_allow_primary_affinity = true
2023-12-14T14:03:43.073 INFO:teuthology.orchestra.run.smithi069.stdout:/usr/bin/ceph: stdout mon_warn_on_no_sortbitwise = false
2023-12-14T14:03:43.073 INFO:teuthology.orchestra.run.smithi069.stdout:/usr/bin/ceph: stdout osd_crush_chooseleaf_type = 0
2023-12-14T14:03:43.074 INFO:teuthology.orchestra.run.smithi069.stdout:/usr/bin/ceph: stdout
2023-12-14T14:03:43.074 INFO:teuthology.orchestra.run.smithi069.stdout:/usr/bin/ceph: stdout [mgr]
2023-12-14T14:03:43.074 INFO:teuthology.orchestra.run.smithi069.stdout:/usr/bin/ceph: stdout mgr/telemetry/nag = false
2023-12-14T14:03:43.074 INFO:teuthology.orchestra.run.smithi069.stdout:/usr/bin/ceph: stdout
2023-12-14T14:03:43.074 INFO:teuthology.orchestra.run.smithi069.stdout:/usr/bin/ceph: stdout [osd]
2023-12-14T14:03:43.074 INFO:teuthology.orchestra.run.smithi069.stdout:/usr/bin/ceph: stdout mon_osd_backfillfull_ratio = 0.85
2023-12-14T14:03:43.074 INFO:teuthology.orchestra.run.smithi069.stdout:/usr/bin/ceph: stdout mon_osd_full_ratio = 0.9
2023-12-14T14:03:43.074 INFO:teuthology.orchestra.run.smithi069.stdout:/usr/bin/ceph: stdout mon_osd_nearfull_ratio = 0.8
2023-12-14T14:03:43.074 INFO:teuthology.orchestra.run.smithi069.stdout:/usr/bin/ceph: stdout osd_map_max_advance = 10
2023-12-14T14:03:43.074 INFO:teuthology.orchestra.run.smithi069.stdout:/usr/bin/ceph: stdout osd_sloppy_crc = true
2023-12-14T14:03:43.075 INFO:teuthology.orchestra.run.smithi069.stdout:/usr/bin/ceph: stderr
2023-12-14T14:03:42.519+0000 7fdb5d51d700 1 Processor -- start
2023-12-14T14:03:43.075 INFO:teuthology.orchestra.run.smithi069.stdout:/usr/bin/ceph: stderr
2023-12-14T14:03:42.519+0000 7fdb5d51d700 1 -- start start
2023-12-14T14:03:43.075 INFO:teuthology.orchestra.run.smithi069.stdout:/usr/bin/ceph: stderr
2023-12-14T14:03:42.519+0000 7fdb5d51d700 1 --2- >> [v2:172.21.15.69:3300/0,v1:172.21.15.69:6789/0] conn(0x7fdb58106570 0x7fdb58108950 unknown :-1 s=NONE pgs=0 cs=0 l=0 rev1=0 crypto rx=0 tx=0 comp rx=0 tx=0).connect
2023-12-14T14:03:43.075 INFO:teuthology.orchestra.run.smithi069.stdout:/usr/bin/ceph: stderr
2023-12-14T14:03:42.519+0000 7fdb5d51d700 1 -- --> [v2:172.21.15.69:3300/0,v1:172.21.15.69:6789/0] -- mon_getmap magic: 0 v1 -- 0x7fdb58079d80 con 0x7fdb58106570
2023-12-14T14:03:43.075 INFO:teuthology.orchestra.run.smithi069.stdout:/usr/bin/ceph: stderr
2023-12-14T14:03:42.519+0000 7fdb56ffd700 1 --2- >> [v2:172.21.15.69:3300/0,v1:172.21.15.69:6789/0] conn(0x7fdb58106570 0x7fdb58108950 unknown :-1 s=BANNER_CONNECTING pgs=0 cs=0 l=0 rev1=0 crypto rx=0 tx=0 comp rx=0 tx=0)._handle_peer_banner_payload supported=3 required=0
2023-12-14T14:03:43.075 INFO:teuthology.orchestra.run.smithi069.stdout:/usr/bin/ceph: stderr
2023-12-14T14:03:42.519+0000 7fdb56ffd700 1 --2- >> [v2:172.21.15.69:3300/0,v1:172.21.15.69:6789/0] conn(0x7fdb58106570 0x7fdb58108950 unknown :-1 s=HELLO_CONNECTING pgs=0 cs=0 l=0 rev1=1 crypto rx=0 tx=0 comp rx=0 tx=0).handle_hello peer v2:172.21.15.69:3300/0 says I am v2:172.21.15.69:52564/0 (socket says 172.21.15.69:52564)
2023-12-14T14:03:43.075 INFO:teuthology.orchestra.run.smithi069.stdout:/usr/bin/ceph: stderr
2023-12-14T14:03:42.519+0000 7fdb56ffd700 1 -- 172.21.15.69:0/422174330 learned_addr learned my addr 172.21.15.69:0/422174330 (peer_addr_for_me v2:172.21.15.69:0/0)
2023-12-14T14:03:43.075 INFO:teuthology.orchestra.run.smithi069.stdout:/usr/bin/ceph: stderr
2023-12-14T14:03:42.520+0000 7fdb56ffd700 1 -- 172.21.15.69:0/422174330 --> [v2:172.21.15.69:3300/0,v1:172.21.15.69:6789/0] -- mon_subscribe({config=0+,monmap=0+}) v3 -- 0x7fdb58079ec0 con 0x7fdb58106570
2023-12-14T14:03:43.075 INFO:teuthology.orchestra.run.smithi069.stdout:/usr/bin/ceph: stderr
2023-12-14T14:03:42.520+0000 7fdb56ffd700 1 --2- 172.21.15.69:0/422174330 >> [v2:172.21.15.69:3300/0,v1:172.21.15.69:6789/0] conn(0x7fdb58106570 0x7fdb58108950 secure :-1 s=READY pgs=20 cs=0 l=1 rev1=1 crypto rx=0x7fdb500098a0 tx=0x7fdb50009bb0 comp rx=0 tx=0).ready entity=mon.0 client_cookie=bcad21fe2273ddcb server_cookie=0 in_seq=0 out_seq=0
2023-12-14T14:03:43.076 INFO:teuthology.orchestra.run.smithi069.stdout:/usr/bin/ceph: stderr
2023-12-14T14:03:42.520+0000 7fdb55ffb700 1 -- 172.21.15.69:0/422174330 <== mon.0 v2:172.21.15.69:3300/0 1 ==== mon_map magic: 0 v1 ==== 205+0+0 (secure 0 0 0) 0x7fdb50004160 con 0x7fdb58106570
2023-12-14T14:03:43.076 INFO:teuthology.orchestra.run.smithi069.stdout:/usr/bin/ceph: stderr
2023-12-14T14:03:42.520+0000 7fdb55ffb700 1 -- 172.21.15.69:0/422174330 <== mon.0 v2:172.21.15.69:3300/0 2 ==== config(26 keys) v1 ==== 1074+0+0 (secure 0 0 0) 0x7fdb500042c0 con 0x7fdb58106570
2023-12-14T14:03:43.076 INFO:teuthology.orchestra.run.smithi069.stdout:/usr/bin/ceph: stderr
2023-12-14T14:03:42.520+0000 7fdb55ffb700 1 -- 172.21.15.69:0/422174330 <== mon.0 v2:172.21.15.69:3300/0 3 ==== mon_map magic: 0 v1 ==== 205+0+0 (secure 0 0 0) 0x7fdb50011a00 con 0x7fdb58106570
2023-12-14T14:03:43.076 INFO:teuthology.orchestra.run.smithi069.stdout:/usr/bin/ceph: stderr
2023-12-14T14:03:42.521+0000 7fdb5d51d700 1 -- 172.21.15.69:0/422174330 >> [v2:172.21.15.69:3300/0,v1:172.21.15.69:6789/0] conn(0x7fdb58106570 msgr2=0x7fdb58108950 secure :-1 s=STATE_CONNECTION_ESTABLISHED l=1).mark_down
2023-12-14T14:03:43.076 INFO:teuthology.orchestra.run.smithi069.stdout:/usr/bin/ceph: stderr
2023-12-14T14:03:42.521+0000 7fdb5d51d700 1 --2- 172.21.15.69:0/422174330 >> [v2:172.21.15.69:3300/0,v1:172.21.15.69:6789/0] conn(0x7fdb58106570 0x7fdb58108950 secure :-1 s=READY pgs=20 cs=0 l=1 rev1=1 crypto rx=0x7fdb500098a0 tx=0x7fdb50009bb0 comp rx=0 tx=0).stop
2023-12-14T14:03:43.076 INFO:teuthology.orchestra.run.smithi069.stdout:/usr/bin/ceph: stderr
2023-12-14T14:03:42.521+0000 7fdb5d51d700 1 -- 172.21.15.69:0/422174330 shutdown_connections
2023-12-14T14:03:43.076 INFO:teuthology.orchestra.run.smithi069.stdout:/usr/bin/ceph: stderr
2023-12-14T14:03:42.521+0000 7fdb5d51d700 1 --2- 172.21.15.69:0/422174330 >> [v2:172.21.15.69:3300/0,v1:172.21.15.69:6789/0] conn(0x7fdb58106570 0x7fdb58108950 unknown :-1 s=CLOSED pgs=20 cs=0 l=1 rev1=1 crypto rx=0 tx=0 comp rx=0 tx=0).stop
2023-12-14T14:03:43.076 INFO:teuthology.orchestra.run.smithi069.stdout:/usr/bin/ceph: stderr
2023-12-14T14:03:42.521+0000 7fdb5d51d700 1 -- 172.21.15.69:0/422174330 >> 172.21.15.69:0/422174330 conn(0x7fdb580ffed0 msgr2=0x7fdb58102300 unknown :-1 s=STATE_NONE l=0).mark_down
2023-12-14T14:03:43.076 INFO:teuthology.orchestra.run.smithi069.stdout:/usr/bin/ceph: stderr
2023-12-14T14:03:42.521+0000 7fdb5d51d700 1 -- 172.21.15.69:0/422174330 shutdown_connections
2023-12-14T14:03:43.076 INFO:teuthology.orchestra.run.smithi069.stdout:/usr/bin/ceph: stderr
2023-12-14T14:03:42.521+0000 7fdb5d51d700 1 -- 172.21.15.69:0/422174330 wait complete.
2023-12-14T14:03:43.077 INFO:teuthology.orchestra.run.smithi069.stdout:/usr/bin/ceph: stderr
2023-12-14T14:03:42.521+0000 7fdb5d51d700 1 Processor -- start
2023-12-14T14:03:43.077 INFO:teuthology.orchestra.run.smithi069.stdout:/usr/bin/ceph: stderr
2023-12-14T14:03:42.522+0000 7fdb5d51d700 1 -- start start
2023-12-14T14:03:43.077 INFO:teuthology.orchestra.run.smithi069.stdout:/usr/bin/ceph: stderr
2023-12-14T14:03:42.522+0000 7fdb5d51d700 1 --2- >> [v2:172.21.15.69:3300/0,v1:172.21.15.69:6789/0] conn(0x7fdb58106570 0x7fdb58199760 unknown :-1 s=NONE pgs=0 cs=0 l=1 rev1=0 crypto rx=0 tx=0 comp rx=0 tx=0).connect
2023-12-14T14:03:43.077 INFO:teuthology.orchestra.run.smithi069.stdout:/usr/bin/ceph: stderr
2023-12-14T14:03:42.522+0000 7fdb5d51d700 1 -- --> [v2:172.21.15.69:3300/0,v1:172.21.15.69:6789/0] -- mon_getmap magic: 0 v1 -- 0x7fdb58199ca0 con 0x7fdb58106570
2023-12-14T14:03:43.077 INFO:teuthology.orchestra.run.smithi069.stdout:/usr/bin/ceph: stderr
2023-12-14T14:03:42.522+0000 7fdb56ffd700 1 --2- >> [v2:172.21.15.69:3300/0,v1:172.21.15.69:6789/0] conn(0x7fdb58106570 0x7fdb58199760 unknown :-1 s=BANNER_CONNECTING pgs=0 cs=0 l=1 rev1=0 crypto rx=0 tx=0 comp rx=0 tx=0)._handle_peer_banner_payload supported=3 required=0
2023-12-14T14:03:43.077 INFO:teuthology.orchestra.run.smithi069.stdout:/usr/bin/ceph: stderr
2023-12-14T14:03:42.522+0000 7fdb56ffd700 1 --2- >> [v2:172.21.15.69:3300/0,v1:172.21.15.69:6789/0] conn(0x7fdb58106570 0x7fdb58199760 unknown :-1 s=HELLO_CONNECTING pgs=0 cs=0 l=1 rev1=1 crypto rx=0 tx=0 comp rx=0 tx=0).handle_hello peer v2:172.21.15.69:3300/0 says I am v2:172.21.15.69:52566/0 (socket says 172.21.15.69:52566)
2023-12-14T14:03:43.077 INFO:teuthology.orchestra.run.smithi069.stdout:/usr/bin/ceph: stderr
2023-12-14T14:03:42.522+0000 7fdb56ffd700 1 -- 172.21.15.69:0/184831908 learned_addr learned my addr 172.21.15.69:0/184831908 (peer_addr_for_me v2:172.21.15.69:0/0)
2023-12-14T14:03:43.077 INFO:teuthology.orchestra.run.smithi069.stdout:/usr/bin/ceph: stderr
2023-12-14T14:03:42.522+0000 7fdb56ffd700 1 -- 172.21.15.69:0/184831908 --> [v2:172.21.15.69:3300/0,v1:172.21.15.69:6789/0] -- mon_subscribe({config=0+,monmap=0+}) v3 -- 0x7fdb50009550 con 0x7fdb58106570
2023-12-14T14:03:43.077 INFO:teuthology.orchestra.run.smithi069.stdout:/usr/bin/ceph: stderr
2023-12-14T14:03:42.522+0000 7fdb56ffd700 1 --2- 172.21.15.69:0/184831908 >> [v2:172.21.15.69:3300/0,v1:172.21.15.69:6789/0] conn(0x7fdb58106570 0x7fdb58199760 secure :-1 s=READY pgs=21 cs=0 l=1 rev1=1 crypto rx=0x7fdb50009fb0 tx=0x7fdb50011ad0 comp rx=0 tx=0).ready entity=mon.0 client_cookie=0 server_cookie=0 in_seq=0 out_seq=0
2023-12-14T14:03:43.077 INFO:teuthology.orchestra.run.smithi069.stdout:/usr/bin/ceph: stderr
2023-12-14T14:03:42.522+0000 7fdb4ffff700 1 -- 172.21.15.69:0/184831908 <== mon.0 v2:172.21.15.69:3300/0 1 ==== mon_map magic: 0 v1 ==== 205+0+0 (secure 0 0 0) 0x7fdb50003930 con 0x7fdb58106570
2023-12-14T14:03:43.078 INFO:teuthology.orchestra.run.smithi069.stdout:/usr/bin/ceph: stderr
2023-12-14T14:03:42.522+0000 7fdb4ffff700 1 -- 172.21.15.69:0/184831908 <== mon.0 v2:172.21.15.69:3300/0 2 ==== config(26 keys) v1 ==== 1074+0+0 (secure 0 0 0) 0x7fdb50003a90 con 0x7fdb58106570
2023-12-14T14:03:43.078 INFO:teuthology.orchestra.run.smithi069.stdout:/usr/bin/ceph: stderr
2023-12-14T14:03:42.522+0000 7fdb5d51d700 1 -- 172.21.15.69:0/184831908 --> [v2:172.21.15.69:3300/0,v1:172.21.15.69:6789/0] -- mon_subscribe({mgrmap=0+}) v3 -- 0x7fdb58109d50 con 0x7fdb58106570
2023-12-14T14:03:43.078 INFO:teuthology.orchestra.run.smithi069.stdout:/usr/bin/ceph: stderr
2023-12-14T14:03:42.522+0000 7fdb4ffff700 1 -- 172.21.15.69:0/184831908 <== mon.0 v2:172.21.15.69:3300/0 3 ==== mon_map magic: 0 v1 ==== 205+0+0 (secure 0 0 0) 0x7fdb50019610 con 0x7fdb58106570
2023-12-14T14:03:43.078 INFO:teuthology.orchestra.run.smithi069.stdout:/usr/bin/ceph: stderr
2023-12-14T14:03:42.523+0000 7fdb5d51d700 1 -- 172.21.15.69:0/184831908 --> [v2:172.21.15.69:3300/0,v1:172.21.15.69:6789/0] -- mon_subscribe({osdmap=0}) v3 -- 0x7fdb58109bc0 con 0x7fdb58106570
2023-12-14T14:03:43.078 INFO:teuthology.orchestra.run.smithi069.stdout:/usr/bin/ceph: stderr
2023-12-14T14:03:42.523+0000 7fdb4ffff700 1 -- 172.21.15.69:0/184831908 <== mon.0 v2:172.21.15.69:3300/0 4 ==== mgrmap(e 4) v1 ==== 45472+0+0 (secure 0 0 0) 0x7fdb500198d0 con 0x7fdb58106570
2023-12-14T14:03:43.078 INFO:teuthology.orchestra.run.smithi069.stdout:/usr/bin/ceph: stderr
2023-12-14T14:03:42.523+0000 7fdb4ffff700 1 --2- 172.21.15.69:0/184831908 >> [v2:172.21.15.69:6800/3548022044,v1:172.21.15.69:6801/3548022044] conn(0x7fdb44038670 0x7fdb4403ab20 unknown :-1 s=NONE pgs=0 cs=0 l=1 rev1=0 crypto rx=0 tx=0 comp rx=0 tx=0).connect
2023-12-14T14:03:43.078 INFO:teuthology.orchestra.run.smithi069.stdout:/usr/bin/ceph: stderr
2023-12-14T14:03:42.523+0000 7fdb4ffff700 1 -- 172.21.15.69:0/184831908 <== mon.0 v2:172.21.15.69:3300/0 5 ==== osd_map(1..1 src has 1..1) v4 ==== 725+0+0 (secure 0 0 0) 0x7fdb5004c6a0 con 0x7fdb58106570
2023-12-14T14:03:43.078 INFO:teuthology.orchestra.run.smithi069.stdout:/usr/bin/ceph: stderr
2023-12-14T14:03:42.524+0000 7fdb5d51d700 1 -- 172.21.15.69:0/184831908 --> [v2:172.21.15.69:3300/0,v1:172.21.15.69:6789/0] -- mon_command({"prefix": "get_command_descriptions"} v 0) v1 -- 0x7fdb58062120 con 0x7fdb58106570
2023-12-14T14:03:43.078 INFO:teuthology.orchestra.run.smithi069.stdout:/usr/bin/ceph: stderr
2023-12-14T14:03:42.524+0000 7fdb567fc700 1 --2- 172.21.15.69:0/184831908 >> [v2:172.21.15.69:6800/3548022044,v1:172.21.15.69:6801/3548022044] conn(0x7fdb44038670 0x7fdb4403ab20 unknown :-1 s=BANNER_CONNECTING pgs=0 cs=0 l=1 rev1=0 crypto rx=0 tx=0 comp rx=0 tx=0)._handle_peer_banner_payload supported=3 required=0
2023-12-14T14:03:43.078 INFO:teuthology.orchestra.run.smithi069.stdout:/usr/bin/ceph: stderr
2023-12-14T14:03:42.524+0000 7fdb567fc700 1 --2- 172.21.15.69:0/184831908 >> [v2:172.21.15.69:6800/3548022044,v1:172.21.15.69:6801/3548022044] conn(0x7fdb44038670 0x7fdb4403ab20 secure :-1 s=READY pgs=7 cs=0 l=1 rev1=1 crypto rx=0x7fdb40006fd0 tx=0x7fdb40006e40 comp rx=0 tx=0).ready entity=mgr.14100 client_cookie=0 server_cookie=0 in_seq=0 out_seq=0
2023-12-14T14:03:43.079 INFO:teuthology.orchestra.run.smithi069.stdout:/usr/bin/ceph: stderr
2023-12-14T14:03:42.528+0000 7fdb4ffff700 1 -- 172.21.15.69:0/184831908 <== mon.0 v2:172.21.15.69:3300/0 6 ==== mon_command_ack([{"prefix": "get_command_descriptions"}]=0 v0) v1 ==== 72+0+177948 (secure 0 0 0) 0x7fdb50019b80 con 0x7fdb58106570
2023-12-14T14:03:43.079 INFO:teuthology.orchestra.run.smithi069.stdout:/usr/bin/ceph: stderr
2023-12-14T14:03:42.716+0000 7fdb5d51d700 1 -- 172.21.15.69:0/184831908 --> [v2:172.21.15.69:3300/0,v1:172.21.15.69:6789/0] -- mon_command({"prefix": "config assimilate-conf"} v 0) v1 -- 0x7fdb5819a1e0 con 0x7fdb58106570
2023-12-14T14:03:43.079 INFO:teuthology.orchestra.run.smithi069.stdout:/usr/bin/ceph: stderr
2023-12-14T14:03:42.717+0000 7fdb4ffff700 1 -- 172.21.15.69:0/184831908 <== mon.0 v2:172.21.15.69:3300/0 7 ==== mon_command_ack([{"prefix": "config assimilate-conf"}]=0 v3) v1 ==== 70+0+373 (secure 0 0 0) 0x7fdb5819a1e0 con 0x7fdb58106570
2023-12-14T14:03:43.079 INFO:teuthology.orchestra.run.smithi069.stdout:/usr/bin/ceph: stderr
2023-12-14T14:03:42.719+0000 7fdb5d51d700 1 -- 172.21.15.69:0/184831908 >> [v2:172.21.15.69:6800/3548022044,v1:172.21.15.69:6801/3548022044] conn(0x7fdb44038670 msgr2=0x7fdb4403ab20 secure :-1 s=STATE_CONNECTION_ESTABLISHED l=1).mark_down
2023-12-14T14:03:43.079 INFO:teuthology.orchestra.run.smithi069.stdout:/usr/bin/ceph: stderr
2023-12-14T14:03:42.719+0000 7fdb5d51d700 1 --2- 172.21.15.69:0/184831908 >> [v2:172.21.15.69:6800/3548022044,v1:172.21.15.69:6801/3548022044] conn(0x7fdb44038670 0x7fdb4403ab20 secure :-1 s=READY pgs=7 cs=0 l=1 rev1=1 crypto rx=0x7fdb40006fd0 tx=0x7fdb40006e40 comp rx=0 tx=0).stop
2023-12-14T14:03:43.079 INFO:teuthology.orchestra.run.smithi069.stdout:/usr/bin/ceph: stderr
2023-12-14T14:03:42.719+0000 7fdb5d51d700 1 -- 172.21.15.69:0/184831908 >> [v2:172.21.15.69:3300/0,v1:172.21.15.69:6789/0] conn(0x7fdb58106570 msgr2=0x7fdb58199760 secure :-1 s=STATE_CONNECTION_ESTABLISHED l=1).mark_down
2023-12-14T14:03:43.079 INFO:teuthology.orchestra.run.smithi069.stdout:/usr/bin/ceph: stderr
2023-12-14T14:03:42.719+0000 7fdb5d51d700 1 --2- 172.21.15.69:0/184831908 >> [v2:172.21.15.69:3300/0,v1:172.21.15.69:6789/0] conn(0x7fdb58106570 0x7fdb58199760 secure :-1 s=READY pgs=21 cs=0 l=1 rev1=1 crypto rx=0x7fdb50009fb0 tx=0x7fdb50011ad0 comp rx=0 tx=0).stop
2023-12-14T14:03:43.079 INFO:teuthology.orchestra.run.smithi069.stdout:/usr/bin/ceph: stderr
2023-12-14T14:03:42.719+0000 7fdb5d51d700 1 -- 172.21.15.69:0/184831908 shutdown_connections
2023-12-14T14:03:43.079 INFO:teuthology.orchestra.run.smithi069.stdout:/usr/bin/ceph: stderr
2023-12-14T14:03:42.719+0000 7fdb5d51d700 1 --2- 172.21.15.69:0/184831908 >> [v2:172.21.15.69:6800/3548022044,v1:172.21.15.69:6801/3548022044] conn(0x7fdb44038670 0x7fdb4403ab20 unknown :-1 s=CLOSED pgs=7 cs=0 l=1 rev1=1 crypto rx=0 tx=0 comp rx=0 tx=0).stop
2023-12-14T14:03:43.079 INFO:teuthology.orchestra.run.smithi069.stdout:/usr/bin/ceph: stderr
2023-12-14T14:03:42.719+0000 7fdb5d51d700 1 --2- 172.21.15.69:0/184831908 >> [v2:172.21.15.69:3300/0,v1:172.21.15.69:6789/0] conn(0x7fdb58106570 0x7fdb58199760 unknown :-1 s=CLOSED pgs=21 cs=0 l=1 rev1=1 crypto rx=0 tx=0 comp rx=0 tx=0).stop
2023-12-14T14:03:43.080 INFO:teuthology.orchestra.run.smithi069.stdout:/usr/bin/ceph: stderr
2023-12-14T14:03:42.719+0000 7fdb5d51d700 1 -- 172.21.15.69:0/184831908 >> 172.21.15.69:0/184831908 conn(0x7fdb580ffed0 msgr2=0x7fdb58100c90 unknown :-1 s=STATE_NONE l=0).mark_down
2023-12-14T14:03:43.080 INFO:teuthology.orchestra.run.smithi069.stdout:/usr/bin/ceph: stderr
2023-12-14T14:03:42.719+0000 7fdb5d51d700 1 -- 172.21.15.69:0/184831908 shutdown_connections
2023-12-14T14:03:43.080 INFO:teuthology.orchestra.run.smithi069.stdout:/usr/bin/ceph: stderr
2023-12-14T14:03:42.719+0000 7fdb5d51d700 1 -- 172.21.15.69:0/184831908 wait complete.
2023-12-14T14:03:43.080 INFO:teuthology.orchestra.run.smithi069.stdout:Enabling cephadm module...
2023-12-14T14:03:43.243 INFO:journalctl@ceph.mon.a.smithi069.stdout:Dec 14 14:03:43 smithi069 ceph-mon[42034]: mgrmap e4: x(active, since 3s)
2023-12-14T14:03:43.243 INFO:journalctl@ceph.mon.a.smithi069.stdout:Dec 14 14:03:43 smithi069 ceph-mon[42034]: from='client.? 172.21.15.69:0/184831908' entity='client.admin' cmd=[{"prefix": "config assimilate-conf"}]: dispatch
2023-12-14T14:03:44.532 INFO:journalctl@ceph.mon.a.smithi069.stdout:Dec 14 14:03:44 smithi069 ceph-mon[42034]: from='client.? 172.21.15.69:0/377384482' entity='client.admin' cmd=[{"prefix": "mgr module enable", "module": "cephadm"}]: dispatch
2023-12-14T14:03:44.533 INFO:journalctl@ceph.mgr.x.smithi069.stdout:Dec 14 14:03:44 smithi069 ceph-5d58180a-9a89-11ee-95a3-87774f69a715-mgr-x[42283]: ignoring --setuser ceph since I am not root
2023-12-14T14:03:44.533 INFO:journalctl@ceph.mgr.x.smithi069.stdout:Dec 14 14:03:44 smithi069 ceph-5d58180a-9a89-11ee-95a3-87774f69a715-mgr-x[42283]: ignoring --setgroup ceph since I am not root
2023-12-14T14:03:44.619 INFO:teuthology.orchestra.run.smithi069.stdout:/usr/bin/ceph: stderr
2023-12-14T14:03:43.446+0000 7f8115a69700 1 Processor -- start
2023-12-14T14:03:44.619 INFO:teuthology.orchestra.run.smithi069.stdout:/usr/bin/ceph: stderr
2023-12-14T14:03:43.446+0000 7f8115a69700 1 -- start start
2023-12-14T14:03:44.619 INFO:teuthology.orchestra.run.smithi069.stdout:/usr/bin/ceph: stderr
2023-12-14T14:03:43.446+0000 7f8115a69700 1 --2- >> [v2:172.21.15.69:3300/0,v1:172.21.15.69:6789/0] conn(0x7f8110104920 0x7f8110104d30 unknown :-1 s=NONE pgs=0 cs=0 l=0 rev1=0 crypto rx=0 tx=0 comp rx=0 tx=0).connect
2023-12-14T14:03:44.619 INFO:teuthology.orchestra.run.smithi069.stdout:/usr/bin/ceph: stderr
2023-12-14T14:03:43.446+0000 7f8115a69700 1 -- --> [v2:172.21.15.69:3300/0,v1:172.21.15.69:6789/0] -- mon_getmap magic: 0 v1 -- 0x7f8110105300 con 0x7f8110104920
2023-12-14T14:03:44.619 INFO:teuthology.orchestra.run.smithi069.stdout:/usr/bin/ceph: stderr
2023-12-14T14:03:43.446+0000 7f810f7fe700 1 --2- >> [v2:172.21.15.69:3300/0,v1:172.21.15.69:6789/0] conn(0x7f8110104920 0x7f8110104d30 unknown :-1 s=BANNER_CONNECTING pgs=0 cs=0 l=0 rev1=0 crypto rx=0 tx=0 comp rx=0 tx=0)._handle_peer_banner_payload supported=3 required=0
2023-12-14T14:03:44.619 INFO:teuthology.orchestra.run.smithi069.stdout:/usr/bin/ceph: stderr
2023-12-14T14:03:43.446+0000 7f810f7fe700 1 --2- >> [v2:172.21.15.69:3300/0,v1:172.21.15.69:6789/0] conn(0x7f8110104920 0x7f8110104d30 unknown :-1 s=HELLO_CONNECTING pgs=0 cs=0 l=0 rev1=1 crypto rx=0 tx=0 comp rx=0 tx=0).handle_hello peer v2:172.21.15.69:3300/0 says I am v2:172.21.15.69:52572/0 (socket says 172.21.15.69:52572)
2023-12-14T14:03:44.619 INFO:teuthology.orchestra.run.smithi069.stdout:/usr/bin/ceph: stderr
2023-12-14T14:03:43.446+0000 7f810f7fe700 1 -- 172.21.15.69:0/3379170831 learned_addr learned my addr 172.21.15.69:0/3379170831 (peer_addr_for_me v2:172.21.15.69:0/0)
2023-12-14T14:03:44.619 INFO:teuthology.orchestra.run.smithi069.stdout:/usr/bin/ceph: stderr
2023-12-14T14:03:43.446+0000 7f810f7fe700 1 -- 172.21.15.69:0/3379170831 --> [v2:172.21.15.69:3300/0,v1:172.21.15.69:6789/0] -- mon_subscribe({config=0+,monmap=0+}) v3 -- 0x7f8110105b20 con 0x7f8110104920
2023-12-14T14:03:44.619 INFO:teuthology.orchestra.run.smithi069.stdout:/usr/bin/ceph: stderr
2023-12-14T14:03:43.447+0000 7f810f7fe700 1 --2- 172.21.15.69:0/3379170831 >> [v2:172.21.15.69:3300/0,v1:172.21.15.69:6789/0] conn(0x7f8110104920 0x7f8110104d30 secure :-1 s=READY pgs=22 cs=0 l=1 rev1=1 crypto rx=0x7f81000098a0 tx=0x7f8100009bb0 comp rx=0 tx=0).ready entity=mon.0 client_cookie=22b7ed7b27b13d77 server_cookie=0 in_seq=0 out_seq=0
2023-12-14T14:03:44.620 INFO:teuthology.orchestra.run.smithi069.stdout:/usr/bin/ceph: stderr
2023-12-14T14:03:43.447+0000 7f810e7fc700 1 -- 172.21.15.69:0/3379170831 <== mon.0 v2:172.21.15.69:3300/0 1 ==== mon_map magic: 0 v1 ==== 205+0+0 (secure 0 0 0) 0x7f8100004160 con 0x7f8110104920
2023-12-14T14:03:44.620 INFO:teuthology.orchestra.run.smithi069.stdout:/usr/bin/ceph: stderr
2023-12-14T14:03:43.447+0000 7f810e7fc700 1 -- 172.21.15.69:0/3379170831 <== mon.0 v2:172.21.15.69:3300/0 2 ==== config(26 keys) v1 ==== 1074+0+0 (secure 0 0 0) 0x7f81000042c0 con 0x7f8110104920
2023-12-14T14:03:44.620 INFO:teuthology.orchestra.run.smithi069.stdout:/usr/bin/ceph: stderr
2023-12-14T14:03:43.447+0000 7f810e7fc700 1 -- 172.21.15.69:0/3379170831 <== mon.0 v2:172.21.15.69:3300/0 3 ==== mon_map magic: 0 v1 ==== 205+0+0 (secure 0 0 0) 0x7f8100011a00 con 0x7f8110104920
2023-12-14T14:03:44.620 INFO:teuthology.orchestra.run.smithi069.stdout:/usr/bin/ceph: stderr
2023-12-14T14:03:43.447+0000 7f8115a69700 1 -- 172.21.15.69:0/3379170831 >> [v2:172.21.15.69:3300/0,v1:172.21.15.69:6789/0] conn(0x7f8110104920 msgr2=0x7f8110104d30 secure :-1 s=STATE_CONNECTION_ESTABLISHED l=1).mark_down
2023-12-14T14:03:44.620 INFO:teuthology.orchestra.run.smithi069.stdout:/usr/bin/ceph: stderr
2023-12-14T14:03:43.447+0000 7f8115a69700 1 --2- 172.21.15.69:0/3379170831 >> [v2:172.21.15.69:3300/0,v1:172.21.15.69:6789/0] conn(0x7f8110104920 0x7f8110104d30 secure :-1 s=READY pgs=22 cs=0 l=1 rev1=1 crypto rx=0x7f81000098a0 tx=0x7f8100009bb0 comp rx=0 tx=0).stop
2023-12-14T14:03:44.620 INFO:teuthology.orchestra.run.smithi069.stdout:/usr/bin/ceph: stderr
2023-12-14T14:03:43.447+0000 7f8115a69700 1 -- 172.21.15.69:0/3379170831 shutdown_connections
2023-12-14T14:03:44.620 INFO:teuthology.orchestra.run.smithi069.stdout:/usr/bin/ceph: stderr
2023-12-14T14:03:43.447+0000 7f8115a69700 1 --2- 172.21.15.69:0/3379170831 >> [v2:172.21.15.69:3300/0,v1:172.21.15.69:6789/0] conn(0x7f8110104920 0x7f8110104d30 unknown :-1 s=CLOSED pgs=22 cs=0 l=1 rev1=1 crypto rx=0 tx=0 comp rx=0 tx=0).stop
2023-12-14T14:03:44.620 INFO:teuthology.orchestra.run.smithi069.stdout:/usr/bin/ceph: stderr
2023-12-14T14:03:43.447+0000 7f8115a69700 1 -- 172.21.15.69:0/3379170831 >> 172.21.15.69:0/3379170831 conn(0x7f81100ffed0 msgr2=0x7f8110102300 unknown :-1 s=STATE_NONE l=0).mark_down
2023-12-14T14:03:44.620 INFO:teuthology.orchestra.run.smithi069.stdout:/usr/bin/ceph: stderr
2023-12-14T14:03:43.447+0000 7f8115a69700 1 -- 172.21.15.69:0/3379170831 shutdown_connections
2023-12-14T14:03:44.620 INFO:teuthology.orchestra.run.smithi069.stdout:/usr/bin/ceph: stderr
2023-12-14T14:03:43.447+0000 7f8115a69700 1 -- 172.21.15.69:0/3379170831 wait complete.
2023-12-14T14:03:44.620 INFO:teuthology.orchestra.run.smithi069.stdout:/usr/bin/ceph: stderr
2023-12-14T14:03:43.448+0000 7f8115a69700 1 Processor -- start
2023-12-14T14:03:44.620 INFO:teuthology.orchestra.run.smithi069.stdout:/usr/bin/ceph: stderr
2023-12-14T14:03:43.448+0000 7f8115a69700 1 -- start start
2023-12-14T14:03:44.620 INFO:teuthology.orchestra.run.smithi069.stdout:/usr/bin/ceph: stderr
2023-12-14T14:03:43.448+0000 7f8115a69700 1 --2- >> [v2:172.21.15.69:3300/0,v1:172.21.15.69:6789/0] conn(0x7f8110104920 0x7f811018fd20 unknown :-1 s=NONE pgs=0 cs=0 l=1 rev1=0 crypto rx=0 tx=0 comp rx=0 tx=0).connect
2023-12-14T14:03:44.620 INFO:teuthology.orchestra.run.smithi069.stdout:/usr/bin/ceph: stderr
2023-12-14T14:03:43.448+0000 7f8115a69700 1 -- --> [v2:172.21.15.69:3300/0,v1:172.21.15.69:6789/0] -- mon_getmap magic: 0 v1 -- 0x7f8110190260 con 0x7f8110104920
2023-12-14T14:03:44.620 INFO:teuthology.orchestra.run.smithi069.stdout:/usr/bin/ceph: stderr
2023-12-14T14:03:43.448+0000 7f810f7fe700 1 --2- >> [v2:172.21.15.69:3300/0,v1:172.21.15.69:6789/0] conn(0x7f8110104920 0x7f811018fd20 unknown :-1 s=BANNER_CONNECTING pgs=0 cs=0 l=1 rev1=0 crypto rx=0 tx=0 comp rx=0 tx=0)._handle_peer_banner_payload supported=3 required=0
2023-12-14T14:03:44.621 INFO:teuthology.orchestra.run.smithi069.stdout:/usr/bin/ceph: stderr
2023-12-14T14:03:43.448+0000 7f810f7fe700 1 --2- >> [v2:172.21.15.69:3300/0,v1:172.21.15.69:6789/0] conn(0x7f8110104920 0x7f811018fd20 unknown :-1 s=HELLO_CONNECTING pgs=0 cs=0 l=1 rev1=1 crypto rx=0 tx=0 comp rx=0 tx=0).handle_hello peer v2:172.21.15.69:3300/0 says I am v2:172.21.15.69:52576/0 (socket says 172.21.15.69:52576)
2023-12-14T14:03:44.621 INFO:teuthology.orchestra.run.smithi069.stdout:/usr/bin/ceph: stderr
2023-12-14T14:03:43.448+0000 7f810f7fe700 1 -- 172.21.15.69:0/377384482 learned_addr learned my addr 172.21.15.69:0/377384482 (peer_addr_for_me v2:172.21.15.69:0/0)
2023-12-14T14:03:44.621 INFO:teuthology.orchestra.run.smithi069.stdout:/usr/bin/ceph: stderr
2023-12-14T14:03:43.449+0000 7f810f7fe700 1 -- 172.21.15.69:0/377384482 --> [v2:172.21.15.69:3300/0,v1:172.21.15.69:6789/0] -- mon_subscribe({config=0+,monmap=0+}) v3 -- 0x7f8100009550 con 0x7f8110104920
2023-12-14T14:03:44.621 INFO:teuthology.orchestra.run.smithi069.stdout:/usr/bin/ceph: stderr
2023-12-14T14:03:43.449+0000 7f810f7fe700 1 --2- 172.21.15.69:0/377384482 >> [v2:172.21.15.69:3300/0,v1:172.21.15.69:6789/0] conn(0x7f8110104920 0x7f811018fd20 secure :-1 s=READY pgs=23 cs=0 l=1 rev1=1 crypto rx=0x7f8100009fb0 tx=0x7f8100011ad0 comp rx=0 tx=0).ready entity=mon.0 client_cookie=0 server_cookie=0 in_seq=0 out_seq=0
2023-12-14T14:03:44.621 INFO:teuthology.orchestra.run.smithi069.stdout:/usr/bin/ceph: stderr
2023-12-14T14:03:43.449+0000 7f810cff9700 1 -- 172.21.15.69:0/377384482 <== mon.0 v2:172.21.15.69:3300/0 1 ==== mon_map magic: 0 v1 ==== 205+0+0 (secure 0 0 0) 0x7f8100003930 con 0x7f8110104920
2023-12-14T14:03:44.621 INFO:teuthology.orchestra.run.smithi069.stdout:/usr/bin/ceph: stderr
2023-12-14T14:03:43.449+0000 7f8115a69700 1 -- 172.21.15.69:0/377384482 --> [v2:172.21.15.69:3300/0,v1:172.21.15.69:6789/0] -- mon_subscribe({mgrmap=0+}) v3 -- 0x7f8110108d50 con 0x7f8110104920
2023-12-14T14:03:44.621 INFO:teuthology.orchestra.run.smithi069.stdout:/usr/bin/ceph: stderr
2023-12-14T14:03:43.449+0000 7f810cff9700 1 -- 172.21.15.69:0/377384482 <== mon.0 v2:172.21.15.69:3300/0 2 ==== config(26 keys) v1 ==== 1074+0+0 (secure 0 0 0) 0x7f8100003a90 con 0x7f8110104920
2023-12-14T14:03:44.621 INFO:teuthology.orchestra.run.smithi069.stdout:/usr/bin/ceph: stderr
2023-12-14T14:03:43.449+0000 7f810cff9700 1 -- 172.21.15.69:0/377384482 <== mon.0 v2:172.21.15.69:3300/0 3 ==== mon_map magic: 0 v1 ==== 205+0+0 (secure 0 0 0) 0x7f81000195e0 con 0x7f8110104920
2023-12-14T14:03:44.621 INFO:teuthology.orchestra.run.smithi069.stdout:/usr/bin/ceph: stderr
2023-12-14T14:03:43.449+0000 7f8115a69700 1 -- 172.21.15.69:0/377384482 --> [v2:172.21.15.69:3300/0,v1:172.21.15.69:6789/0] -- mon_subscribe({osdmap=0}) v3 -- 0x7f8110108ee0 con 0x7f8110104920
2023-12-14T14:03:44.621 INFO:teuthology.orchestra.run.smithi069.stdout:/usr/bin/ceph: stderr
2023-12-14T14:03:43.450+0000 7f810cff9700 1 -- 172.21.15.69:0/377384482 <== mon.0 v2:172.21.15.69:3300/0 4 ==== mgrmap(e 4) v1 ==== 45472+0+0 (secure 0 0 0) 0x7f81000198a0 con 0x7f8110104920
2023-12-14T14:03:44.621 INFO:teuthology.orchestra.run.smithi069.stdout:/usr/bin/ceph: stderr
2023-12-14T14:03:43.450+0000 7f810cff9700 1 --2- 172.21.15.69:0/377384482 >> [v2:172.21.15.69:6800/3548022044,v1:172.21.15.69:6801/3548022044] conn(0x7f80f8038670 0x7f80f803ab20 unknown :-1 s=NONE pgs=0 cs=0 l=1 rev1=0 crypto rx=0 tx=0 comp rx=0 tx=0).connect
2023-12-14T14:03:44.621 INFO:teuthology.orchestra.run.smithi069.stdout:/usr/bin/ceph: stderr
2023-12-14T14:03:43.450+0000 7f8115a69700 1 -- 172.21.15.69:0/377384482 --> [v2:172.21.15.69:3300/0,v1:172.21.15.69:6789/0] -- mon_command({"prefix": "get_command_descriptions"} v 0) v1 -- 0x7f8110106990 con 0x7f8110104920
2023-12-14T14:03:44.621 INFO:teuthology.orchestra.run.smithi069.stdout:/usr/bin/ceph: stderr
2023-12-14T14:03:43.450+0000 7f810cff9700 1 -- 172.21.15.69:0/377384482 <== mon.0 v2:172.21.15.69:3300/0 5 ==== osd_map(1..1 src has 1..1) v4 ==== 725+0+0 (secure 0 0 0) 0x7f810004c450 con 0x7f8110104920
2023-12-14T14:03:44.622 INFO:teuthology.orchestra.run.smithi069.stdout:/usr/bin/ceph: stderr
2023-12-14T14:03:43.450+0000 7f810effd700 1 --2- 172.21.15.69:0/377384482 >> [v2:172.21.15.69:6800/3548022044,v1:172.21.15.69:6801/3548022044] conn(0x7f80f8038670 0x7f80f803ab20 unknown :-1 s=BANNER_CONNECTING pgs=0 cs=0 l=1 rev1=0 crypto rx=0 tx=0 comp rx=0 tx=0)._handle_peer_banner_payload supported=3 required=0
2023-12-14T14:03:44.622 INFO:teuthology.orchestra.run.smithi069.stdout:/usr/bin/ceph: stderr
2023-12-14T14:03:43.450+0000 7f810effd700 1 --2- 172.21.15.69:0/377384482 >> [v2:172.21.15.69:6800/3548022044,v1:172.21.15.69:6801/3548022044] conn(0x7f80f8038670 0x7f80f803ab20 secure :-1 s=READY pgs=8 cs=0 l=1 rev1=1 crypto rx=0x7f8104006fd0 tx=0x7f8104006e40 comp rx=0 tx=0).ready entity=mgr.14100 client_cookie=0 server_cookie=0 in_seq=0 out_seq=0
2023-12-14T14:03:44.622 INFO:teuthology.orchestra.run.smithi069.stdout:/usr/bin/ceph: stderr
2023-12-14T14:03:43.455+0000 7f810cff9700 1 -- 172.21.15.69:0/377384482 <== mon.0 v2:172.21.15.69:3300/0 6 ==== mon_command_ack([{"prefix": "get_command_descriptions"}]=0 v0) v1 ==== 72+0+177948 (secure 0 0 0) 0x7f8110106990 con 0x7f8110104920
2023-12-14T14:03:44.622 INFO:teuthology.orchestra.run.smithi069.stdout:/usr/bin/ceph: stderr
2023-12-14T14:03:43.693+0000 7f8115a69700 1 -- 172.21.15.69:0/377384482 --> [v2:172.21.15.69:3300/0,v1:172.21.15.69:6789/0] -- mon_command({"prefix": "mgr module enable", "module": "cephadm"} v 0) v1 -- 0x7f8110106990 con 0x7f8110104920
2023-12-14T14:03:44.622 INFO:teuthology.orchestra.run.smithi069.stdout:/usr/bin/ceph: stderr
2023-12-14T14:03:44.211+0000 7f810cff9700 1 -- 172.21.15.69:0/377384482 <== mon.0 v2:172.21.15.69:3300/0 7 ==== mgrmap(e 5) v1 ==== 45483+0+0 (secure 0 0 0) 0x7f8100019d30 con 0x7f8110104920
2023-12-14T14:03:44.622 INFO:teuthology.orchestra.run.smithi069.stdout:/usr/bin/ceph: stderr
2023-12-14T14:03:44.212+0000 7f810cff9700 1 -- 172.21.15.69:0/377384482 <== mon.0 v2:172.21.15.69:3300/0 8 ==== mon_command_ack([{"prefix": "mgr module enable", "module": "cephadm"}]=0 v5) v1 ==== 86+0+0 (secure 0 0 0) 0x7f8100003c00 con 0x7f8110104920
2023-12-14T14:03:44.622 INFO:teuthology.orchestra.run.smithi069.stdout:/usr/bin/ceph: stderr
2023-12-14T14:03:44.216+0000 7f8115a69700 1 -- 172.21.15.69:0/377384482 >> [v2:172.21.15.69:6800/3548022044,v1:172.21.15.69:6801/3548022044] conn(0x7f80f8038670 msgr2=0x7f80f803ab20 secure :-1 s=STATE_CONNECTION_ESTABLISHED l=1).mark_down
2023-12-14T14:03:44.622 INFO:teuthology.orchestra.run.smithi069.stdout:/usr/bin/ceph: stderr
2023-12-14T14:03:44.216+0000 7f8115a69700 1 --2- 172.21.15.69:0/377384482 >> [v2:172.21.15.69:6800/3548022044,v1:172.21.15.69:6801/3548022044] conn(0x7f80f8038670 0x7f80f803ab20 secure :-1 s=READY pgs=8 cs=0 l=1 rev1=1 crypto rx=0x7f8104006fd0 tx=0x7f8104006e40 comp rx=0 tx=0).stop
2023-12-14T14:03:44.622 INFO:teuthology.orchestra.run.smithi069.stdout:/usr/bin/ceph: stderr
2023-12-14T14:03:44.216+0000 7f8115a69700 1 -- 172.21.15.69:0/377384482 >> [v2:172.21.15.69:3300/0,v1:172.21.15.69:6789/0] conn(0x7f8110104920 msgr2=0x7f811018fd20 secure :-1 s=STATE_CONNECTION_ESTABLISHED l=1).mark_down
2023-12-14T14:03:44.622 INFO:teuthology.orchestra.run.smithi069.stdout:/usr/bin/ceph: stderr
2023-12-14T14:03:44.216+0000 7f8115a69700 1 --2- 172.21.15.69:0/377384482 >> [v2:172.21.15.69:3300/0,v1:172.21.15.69:6789/0] conn(0x7f8110104920 0x7f811018fd20 secure :-1 s=READY pgs=23 cs=0 l=1 rev1=1 crypto rx=0x7f8100009fb0 tx=0x7f8100011ad0 comp rx=0 tx=0).stop
2023-12-14T14:03:44.622 INFO:teuthology.orchestra.run.smithi069.stdout:/usr/bin/ceph: stderr
2023-12-14T14:03:44.216+0000 7f8115a69700 1 -- 172.21.15.69:0/377384482 shutdown_connections
2023-12-14T14:03:44.622 INFO:teuthology.orchestra.run.smithi069.stdout:/usr/bin/ceph: stderr
2023-12-14T14:03:44.216+0000 7f8115a69700 1 --2- 172.21.15.69:0/377384482 >> [v2:172.21.15.69:6800/3548022044,v1:172.21.15.69:6801/3548022044] conn(0x7f80f8038670 0x7f80f803ab20 unknown :-1 s=CLOSED pgs=8 cs=0 l=1 rev1=1 crypto rx=0 tx=0 comp rx=0 tx=0).stop
2023-12-14T14:03:44.622 INFO:teuthology.orchestra.run.smithi069.stdout:/usr/bin/ceph: stderr
2023-12-14T14:03:44.216+0000 7f8115a69700 1 --2- 172.21.15.69:0/377384482 >> [v2:172.21.15.69:3300/0,v1:172.21.15.69:6789/0] conn(0x7f8110104920 0x7f811018fd20 unknown :-1 s=CLOSED pgs=23 cs=0 l=1 rev1=1 crypto rx=0 tx=0 comp rx=0 tx=0).stop
2023-12-14T14:03:44.622 INFO:teuthology.orchestra.run.smithi069.stdout:/usr/bin/ceph: stderr
2023-12-14T14:03:44.216+0000 7f8115a69700 1 -- 172.21.15.69:0/377384482 >> 172.21.15.69:0/377384482 conn(0x7f81100ffed0 msgr2=0x7f81100798d0 unknown :-1 s=STATE_NONE l=0).mark_down
2023-12-14T14:03:44.622 INFO:teuthology.orchestra.run.smithi069.stdout:/usr/bin/ceph: stderr
2023-12-14T14:03:44.216+0000 7f8115a69700 1 -- 172.21.15.69:0/377384482 shutdown_connections
2023-12-14T14:03:44.622 INFO:teuthology.orchestra.run.smithi069.stdout:/usr/bin/ceph: stderr
2023-12-14T14:03:44.216+0000 7f8115a69700 1 -- 172.21.15.69:0/377384482 wait complete.
2023-12-14T14:03:44.783 INFO:journalctl@ceph.mgr.x.smithi069.stdout:Dec 14 14:03:44 smithi069 ceph-5d58180a-9a89-11ee-95a3-87774f69a715-mgr-x[42283]:
2023-12-14T14:03:44.577+0000 7f6eed138200 -1 mgr[py] Module prometheus has missing NOTIFY_TYPES member
2023-12-14T14:03:44.783 INFO:journalctl@ceph.mgr.x.smithi069.stdout:Dec 14 14:03:44 smithi069 ceph-5d58180a-9a89-11ee-95a3-87774f69a715-mgr-x[42283]:
2023-12-14T14:03:44.687+0000 7f6eed138200 -1 mgr[py] Module alerts has missing NOTIFY_TYPES member
2023-12-14T14:03:44.783 INFO:journalctl@ceph.mgr.x.smithi069.stdout:Dec 14 14:03:44 smithi069 ceph-5d58180a-9a89-11ee-95a3-87774f69a715-mgr-x[42283]:
2023-12-14T14:03:44.783+0000 7f6eed138200 -1 mgr[py] Module osd_perf_query has missing NOTIFY_TYPES member
2023-12-14T14:03:45.085 INFO:journalctl@ceph.mgr.x.smithi069.stdout:Dec 14 14:03:44 smithi069 ceph-5d58180a-9a89-11ee-95a3-87774f69a715-mgr-x[42283]:
2023-12-14T14:03:44.869+0000 7f6eed138200 -1 mgr[py] Module progress has missing NOTIFY_TYPES member
2023-12-14T14:03:45.494 INFO:journalctl@ceph.mon.a.smithi069.stdout:Dec 14 14:03:45 smithi069 ceph-mon[42034]: from='client.? 172.21.15.69:0/377384482' entity='client.admin' cmd='[{"prefix": "mgr module enable", "module": "cephadm"}]': finished
2023-12-14T14:03:45.494 INFO:journalctl@ceph.mon.a.smithi069.stdout:Dec 14 14:03:45 smithi069 ceph-mon[42034]: mgrmap e5: x(active, since 5s)
2023-12-14T14:03:45.611 INFO:teuthology.orchestra.run.smithi069.stdout:/usr/bin/ceph: stdout {
2023-12-14T14:03:45.612 INFO:teuthology.orchestra.run.smithi069.stdout:/usr/bin/ceph: stdout "epoch": 5,
2023-12-14T14:03:45.612 INFO:teuthology.orchestra.run.smithi069.stdout:/usr/bin/ceph: stdout "available": true,
2023-12-14T14:03:45.612 INFO:teuthology.orchestra.run.smithi069.stdout:/usr/bin/ceph: stdout "active_name": "x",
2023-12-14T14:03:45.612 INFO:teuthology.orchestra.run.smithi069.stdout:/usr/bin/ceph: stdout "num_standby": 0
2023-12-14T14:03:45.612 INFO:teuthology.orchestra.run.smithi069.stdout:/usr/bin/ceph: stdout }
2023-12-14T14:03:45.612 INFO:teuthology.orchestra.run.smithi069.stdout:/usr/bin/ceph: stderr
2023-12-14T14:03:44.981+0000 7fb498cbd700 1 Processor -- start
2023-12-14T14:03:45.612 INFO:teuthology.orchestra.run.smithi069.stdout:/usr/bin/ceph: stderr
2023-12-14T14:03:44.981+0000 7fb498cbd700 1 -- start start
2023-12-14T14:03:45.612 INFO:teuthology.orchestra.run.smithi069.stdout:/usr/bin/ceph: stderr
2023-12-14T14:03:44.981+0000 7fb498cbd700 1 --2- >> [v2:172.21.15.69:3300/0,v1:172.21.15.69:6789/0] conn(0x7fb494106490 0x7fb494108870 unknown :-1 s=NONE pgs=0 cs=0 l=0 rev1=0 crypto rx=0 tx=0 comp rx=0 tx=0).connect
2023-12-14T14:03:45.612 INFO:teuthology.orchestra.run.smithi069.stdout:/usr/bin/ceph: stderr
2023-12-14T14:03:44.981+0000 7fb498cbd700 1 -- --> [v2:172.21.15.69:3300/0,v1:172.21.15.69:6789/0] -- mon_getmap magic: 0 v1 -- 0x7fb494079e60 con 0x7fb494106490
2023-12-14T14:03:45.612 INFO:teuthology.orchestra.run.smithi069.stdout:/usr/bin/ceph: stderr
2023-12-14T14:03:44.981+0000 7fb49259c700 1 --2- >> [v2:172.21.15.69:3300/0,v1:172.21.15.69:6789/0] conn(0x7fb494106490 0x7fb494108870 unknown :-1 s=BANNER_CONNECTING pgs=0 cs=0 l=0 rev1=0 crypto rx=0 tx=0 comp rx=0 tx=0)._handle_peer_banner_payload supported=3 required=0
2023-12-14T14:03:45.613 INFO:teuthology.orchestra.run.smithi069.stdout:/usr/bin/ceph: stderr
2023-12-14T14:03:44.981+0000 7fb49259c700 1 --2- >> [v2:172.21.15.69:3300/0,v1:172.21.15.69:6789/0] conn(0x7fb494106490 0x7fb494108870 unknown :-1 s=HELLO_CONNECTING pgs=0 cs=0 l=0 rev1=1 crypto rx=0 tx=0 comp rx=0 tx=0).handle_hello peer v2:172.21.15.69:3300/0 says I am v2:172.21.15.69:52582/0 (socket says 172.21.15.69:52582)
2023-12-14T14:03:45.613 INFO:teuthology.orchestra.run.smithi069.stdout:/usr/bin/ceph: stderr
2023-12-14T14:03:44.981+0000 7fb49259c700 1 -- 172.21.15.69:0/3633068987 learned_addr learned my addr 172.21.15.69:0/3633068987 (peer_addr_for_me v2:172.21.15.69:0/0)
2023-12-14T14:03:45.613 INFO:teuthology.orchestra.run.smithi069.stdout:/usr/bin/ceph: stderr
2023-12-14T14:03:44.982+0000 7fb49259c700 1 -- 172.21.15.69:0/3633068987 --> [v2:172.21.15.69:3300/0,v1:172.21.15.69:6789/0] -- mon_subscribe({config=0+,monmap=0+}) v3 -- 0x7fb494108db0 con 0x7fb494106490
2023-12-14T14:03:45.613 INFO:teuthology.orchestra.run.smithi069.stdout:/usr/bin/ceph: stderr
2023-12-14T14:03:44.982+0000 7fb49259c700 1 --2- 172.21.15.69:0/3633068987 >> [v2:172.21.15.69:3300/0,v1:172.21.15.69:6789/0] conn(0x7fb494106490 0x7fb494108870 secure :-1 s=READY pgs=26 cs=0 l=1 rev1=1 crypto rx=0x7fb4840098a0 tx=0x7fb484009bb0 comp rx=0 tx=0).ready entity=mon.0 client_cookie=7fbc3bbcbefcc6e7 server_cookie=0 in_seq=0 out_seq=0
2023-12-14T14:03:45.613 INFO:teuthology.orchestra.run.smithi069.stdout:/usr/bin/ceph: stderr
2023-12-14T14:03:44.982+0000 7fb49159a700 1 -- 172.21.15.69:0/3633068987 <== mon.0 v2:172.21.15.69:3300/0 1 ==== mon_map magic: 0 v1 ==== 205+0+0 (secure 0 0 0) 0x7fb484004160 con 0x7fb494106490
2023-12-14T14:03:45.613 INFO:teuthology.orchestra.run.smithi069.stdout:/usr/bin/ceph: stderr
2023-12-14T14:03:44.982+0000 7fb49159a700 1 -- 172.21.15.69:0/3633068987 <== mon.0 v2:172.21.15.69:3300/0 2 ==== config(26 keys) v1 ==== 1074+0+0 (secure 0 0 0) 0x7fb4840042c0 con 0x7fb494106490
2023-12-14T14:03:45.613 INFO:teuthology.orchestra.run.smithi069.stdout:/usr/bin/ceph: stderr
2023-12-14T14:03:44.982+0000 7fb49159a700 1 -- 172.21.15.69:0/3633068987 <== mon.0 v2:172.21.15.69:3300/0 3 ==== mon_map magic: 0 v1 ==== 205+0+0 (secure 0 0 0) 0x7fb484011a00 con 0x7fb494106490
2023-12-14T14:03:45.613 INFO:teuthology.orchestra.run.smithi069.stdout:/usr/bin/ceph: stderr
2023-12-14T14:03:44.982+0000 7fb498cbd700 1 -- 172.21.15.69:0/3633068987 >> [v2:172.21.15.69:3300/0,v1:172.21.15.69:6789/0] conn(0x7fb494106490 msgr2=0x7fb494108870 secure :-1 s=STATE_CONNECTION_ESTABLISHED l=1).mark_down
2023-12-14T14:03:45.613 INFO:teuthology.orchestra.run.smithi069.stdout:/usr/bin/ceph: stderr
2023-12-14T14:03:44.982+0000 7fb498cbd700 1 --2- 172.21.15.69:0/3633068987 >> [v2:172.21.15.69:3300/0,v1:172.21.15.69:6789/0] conn(0x7fb494106490 0x7fb494108870 secure :-1 s=READY pgs=26 cs=0 l=1 rev1=1 crypto rx=0x7fb4840098a0 tx=0x7fb484009bb0 comp rx=0 tx=0).stop
2023-12-14T14:03:45.614 INFO:teuthology.orchestra.run.smithi069.stdout:/usr/bin/ceph: stderr
2023-12-14T14:03:44.983+0000 7fb498cbd700 1 -- 172.21.15.69:0/3633068987 shutdown_connections
2023-12-14T14:03:45.614 INFO:teuthology.orchestra.run.smithi069.stdout:/usr/bin/ceph: stderr
2023-12-14T14:03:44.983+0000 7fb498cbd700 1 --2- 172.21.15.69:0/3633068987 >> [v2:172.21.15.69:3300/0,v1:172.21.15.69:6789/0] conn(0x7fb494106490 0x7fb494108870 unknown :-1 s=CLOSED pgs=26 cs=0 l=1 rev1=1 crypto rx=0 tx=0 comp rx=0 tx=0).stop
2023-12-14T14:03:45.614 INFO:teuthology.orchestra.run.smithi069.stdout:/usr/bin/ceph: stderr
2023-12-14T14:03:44.983+0000 7fb498cbd700 1 -- 172.21.15.69:0/3633068987 >> 172.21.15.69:0/3633068987 conn(0x7fb4940ffed0 msgr2=0x7fb494102300 unknown :-1 s=STATE_NONE l=0).mark_down
2023-12-14T14:03:45.614 INFO:teuthology.orchestra.run.smithi069.stdout:/usr/bin/ceph: stderr
2023-12-14T14:03:44.983+0000 7fb498cbd700 1 -- 172.21.15.69:0/3633068987 shutdown_connections
2023-12-14T14:03:45.614 INFO:teuthology.orchestra.run.smithi069.stdout:/usr/bin/ceph: stderr
2023-12-14T14:03:44.983+0000 7fb498cbd700 1 -- 172.21.15.69:0/3633068987 wait complete.
2023-12-14T14:03:45.614 INFO:teuthology.orchestra.run.smithi069.stdout:/usr/bin/ceph: stderr
2023-12-14T14:03:44.983+0000 7fb498cbd700 1 Processor -- start
2023-12-14T14:03:45.614 INFO:teuthology.orchestra.run.smithi069.stdout:/usr/bin/ceph: stderr
2023-12-14T14:03:44.983+0000 7fb498cbd700 1 -- start start
2023-12-14T14:03:45.614 INFO:teuthology.orchestra.run.smithi069.stdout:/usr/bin/ceph: stderr
2023-12-14T14:03:44.984+0000 7fb498cbd700 1 --2- >> [v2:172.21.15.69:3300/0,v1:172.21.15.69:6789/0] conn(0x7fb494106490 0x7fb494105df0 unknown :-1 s=NONE pgs=0 cs=0 l=1 rev1=0 crypto rx=0 tx=0 comp rx=0 tx=0).connect
2023-12-14T14:03:45.614 INFO:teuthology.orchestra.run.smithi069.stdout:/usr/bin/ceph: stderr
2023-12-14T14:03:44.984+0000 7fb498cbd700 1 -- --> [v2:172.21.15.69:3300/0,v1:172.21.15.69:6789/0] -- mon_getmap magic: 0 v1 -- 0x7fb494106330 con 0x7fb494106490
2023-12-14T14:03:45.614 INFO:teuthology.orchestra.run.smithi069.stdout:/usr/bin/ceph: stderr
2023-12-14T14:03:44.984+0000 7fb49259c700 1 --2- >> [v2:172.21.15.69:3300/0,v1:172.21.15.69:6789/0] conn(0x7fb494106490 0x7fb494105df0 unknown :-1 s=BANNER_CONNECTING pgs=0 cs=0 l=1 rev1=0 crypto rx=0 tx=0 comp rx=0 tx=0)._handle_peer_banner_payload supported=3 required=0
2023-12-14T14:03:45.614 INFO:teuthology.orchestra.run.smithi069.stdout:/usr/bin/ceph: stderr
2023-12-14T14:03:44.984+0000 7fb49259c700 1 --2- >> [v2:172.21.15.69:3300/0,v1:172.21.15.69:6789/0] conn(0x7fb494106490 0x7fb494105df0 unknown :-1 s=HELLO_CONNECTING pgs=0 cs=0 l=1 rev1=1 crypto rx=0 tx=0 comp rx=0 tx=0).handle_hello peer v2:172.21.15.69:3300/0 says I am v2:172.21.15.69:52592/0 (socket says 172.21.15.69:52592)
2023-12-14T14:03:45.615 INFO:teuthology.orchestra.run.smithi069.stdout:/usr/bin/ceph: stderr
2023-12-14T14:03:44.984+0000 7fb49259c700 1 -- 172.21.15.69:0/2121010052 learned_addr learned my addr 172.21.15.69:0/2121010052 (peer_addr_for_me v2:172.21.15.69:0/0)
2023-12-14T14:03:45.615 INFO:teuthology.orchestra.run.smithi069.stdout:/usr/bin/ceph: stderr
2023-12-14T14:03:44.984+0000 7fb49259c700 1 -- 172.21.15.69:0/2121010052 --> [v2:172.21.15.69:3300/0,v1:172.21.15.69:6789/0] -- mon_subscribe({config=0+,monmap=0+}) v3 -- 0x7fb484009550 con 0x7fb494106490
2023-12-14T14:03:45.615 INFO:teuthology.orchestra.run.smithi069.stdout:/usr/bin/ceph: stderr
2023-12-14T14:03:44.984+0000 7fb49259c700 1 --2- 172.21.15.69:0/2121010052 >> [v2:172.21.15.69:3300/0,v1:172.21.15.69:6789/0] conn(0x7fb494106490 0x7fb494105df0 secure :-1 s=READY pgs=27 cs=0 l=1 rev1=1 crypto rx=0x7fb484006af0 tx=0x7fb484011ad0 comp rx=0 tx=0).ready entity=mon.0 client_cookie=0 server_cookie=0 in_seq=0 out_seq=0
2023-12-14T14:03:45.615 INFO:teuthology.orchestra.run.smithi069.stdout:/usr/bin/ceph: stderr
2023-12-14T14:03:44.984+0000 7fb4837fe700 1 -- 172.21.15.69:0/2121010052 <== mon.0 v2:172.21.15.69:3300/0 1 ==== mon_map magic: 0 v1 ==== 205+0+0 (secure 0 0 0) 0x7fb484003a40 con 0x7fb494106490
2023-12-14T14:03:45.615 INFO:teuthology.orchestra.run.smithi069.stdout:/usr/bin/ceph: stderr
2023-12-14T14:03:44.984+0000 7fb498cbd700 1 -- 172.21.15.69:0/2121010052 --> [v2:172.21.15.69:3300/0,v1:172.21.15.69:6789/0] -- mon_subscribe({mgrmap=0+}) v3 -- 0x7fb494109d40 con 0x7fb494106490
2023-12-14T14:03:45.615 INFO:teuthology.orchestra.run.smithi069.stdout:/usr/bin/ceph: stderr
2023-12-14T14:03:44.984+0000 7fb4837fe700 1 -- 172.21.15.69:0/2121010052 <== mon.0 v2:172.21.15.69:3300/0 2 ==== config(26 keys) v1 ==== 1074+0+0 (secure 0 0 0) 0x7fb484003ba0 con 0x7fb494106490
2023-12-14T14:03:45.615 INFO:teuthology.orchestra.run.smithi069.stdout:/usr/bin/ceph: stderr
2023-12-14T14:03:44.984+0000 7fb4837fe700 1 -- 172.21.15.69:0/2121010052 <== mon.0 v2:172.21.15.69:3300/0 3 ==== mon_map magic: 0 v1 ==== 205+0+0 (secure 0 0 0) 0x7fb48401a6e0 con 0x7fb494106490
2023-12-14T14:03:45.615 INFO:teuthology.orchestra.run.smithi069.stdout:/usr/bin/ceph: stderr
2023-12-14T14:03:44.984+0000 7fb498cbd700 1 -- 172.21.15.69:0/2121010052 --> [v2:172.21.15.69:3300/0,v1:172.21.15.69:6789/0] -- mon_subscribe({osdmap=0}) v3 -- 0x7fb494109bb0 con 0x7fb494106490
2023-12-14T14:03:45.615 INFO:teuthology.orchestra.run.smithi069.stdout:/usr/bin/ceph: stderr
2023-12-14T14:03:44.985+0000 7fb498cbd700 1 -- 172.21.15.69:0/2121010052 --> [v2:172.21.15.69:3300/0,v1:172.21.15.69:6789/0] -- mon_command({"prefix": "get_command_descriptions"} v 0) v1 -- 0x7fb494062120 con 0x7fb494106490
2023-12-14T14:03:45.615 INFO:teuthology.orchestra.run.smithi069.stdout:/usr/bin/ceph: stderr
2023-12-14T14:03:44.985+0000 7fb4837fe700 1 -- 172.21.15.69:0/2121010052 <== mon.0 v2:172.21.15.69:3300/0 4 ==== mgrmap(e 5) v1 ==== 45483+0+0 (secure 0 0 0) 0x7fb48401a950 con 0x7fb494106490
2023-12-14T14:03:45.616 INFO:teuthology.orchestra.run.smithi069.stdout:/usr/bin/ceph: stderr
2023-12-14T14:03:44.985+0000 7fb4837fe700 1 --2- 172.21.15.69:0/2121010052 >> [v2:172.21.15.69:6800/3548022044,v1:172.21.15.69:6801/3548022044] conn(0x7fb47c038710 0x7fb47c03abc0 unknown :-1 s=NONE pgs=0 cs=0 l=1 rev1=0 crypto rx=0 tx=0 comp rx=0 tx=0).connect
2023-12-14T14:03:45.616 INFO:teuthology.orchestra.run.smithi069.stdout:/usr/bin/ceph: stderr
2023-12-14T14:03:44.985+0000 7fb4837fe700 1 -- 172.21.15.69:0/2121010052 <== mon.0 v2:172.21.15.69:3300/0 5 ==== osd_map(1..1 src has 1..1) v4 ==== 725+0+0 (secure 0 0 0) 0x7fb48404c6c0 con 0x7fb494106490
2023-12-14T14:03:45.616 INFO:teuthology.orchestra.run.smithi069.stdout:/usr/bin/ceph: stderr
2023-12-14T14:03:44.985+0000 7fb491d9b700 1 -- 172.21.15.69:0/2121010052 >> [v2:172.21.15.69:6800/3548022044,v1:172.21.15.69:6801/3548022044] conn(0x7fb47c038710 msgr2=0x7fb47c03abc0 unknown :-1 s=STATE_CONNECTING_RE l=1).process reconnect failed to v2:172.21.15.69:6800/3548022044
2023-12-14T14:03:45.616 INFO:teuthology.orchestra.run.smithi069.stdout:/usr/bin/ceph: stderr
