2023-12-14T14:04:11.563+0000 7f6eb0ff9700 1 -- 172.21.15.69:0/2407905938 <== mgr.14152 v2:172.21.15.69:6800/933503151 2 ==== command_reply(tid 1: 0 ) v1 ==== 8+0+52 (secure 0 0 0) 0x7f6eb4105a50 con 0x7f6ea003bfc0
2023-12-14T14:04:11.921 INFO:teuthology.orchestra.run.smithi069.stdout:/usr/bin/ceph: stderr
2023-12-14T14:04:11.563+0000 7f6eb9b64700 1 -- 172.21.15.69:0/2407905938 >> [v2:172.21.15.69:6800/933503151,v1:172.21.15.69:6801/933503151] conn(0x7f6ea003bfc0 msgr2=0x7f6ea003e3a0 secure :-1 s=STATE_CONNECTION_ESTABLISHED l=1).mark_down
2023-12-14T14:04:11.921 INFO:teuthology.orchestra.run.smithi069.stdout:/usr/bin/ceph: stderr
2023-12-14T14:04:11.563+0000 7f6eb9b64700 1 --2- 172.21.15.69:0/2407905938 >> [v2:172.21.15.69:6800/933503151,v1:172.21.15.69:6801/933503151] conn(0x7f6ea003bfc0 0x7f6ea003e3a0 secure :-1 s=READY pgs=1 cs=0 l=1 rev1=1 crypto rx=0x7f6e9c003a10 tx=0x7f6e9c009270 comp rx=0 tx=0).stop
2023-12-14T14:04:11.921 INFO:teuthology.orchestra.run.smithi069.stdout:/usr/bin/ceph: stderr
2023-12-14T14:04:11.563+0000 7f6eb9b64700 1 -- 172.21.15.69:0/2407905938 >> [v2:172.21.15.69:3300/0,v1:172.21.15.69:6789/0] conn(0x7f6eb4106550 msgr2=0x7f6eb4105eb0 secure :-1 s=STATE_CONNECTION_ESTABLISHED l=1).mark_down
2023-12-14T14:04:11.921 INFO:teuthology.orchestra.run.smithi069.stdout:/usr/bin/ceph: stderr
2023-12-14T14:04:11.563+0000 7f6eb9b64700 1 --2- 172.21.15.69:0/2407905938 >> [v2:172.21.15.69:3300/0,v1:172.21.15.69:6789/0] conn(0x7f6eb4106550 0x7f6eb4105eb0 secure :-1 s=READY pgs=62 cs=0 l=1 rev1=1 crypto rx=0x7f6ea4009e50 tx=0x7f6ea4003d00 comp rx=0 tx=0).stop
2023-12-14T14:04:11.921 INFO:teuthology.orchestra.run.smithi069.stdout:/usr/bin/ceph: stderr
2023-12-14T14:04:11.563+0000 7f6eb9b64700 1 -- 172.21.15.69:0/2407905938 shutdown_connections
2023-12-14T14:04:11.921 INFO:teuthology.orchestra.run.smithi069.stdout:/usr/bin/ceph: stderr
2023-12-14T14:04:11.563+0000 7f6eb9b64700 1 --2- 172.21.15.69:0/2407905938 >> [v2:172.21.15.69:6800/933503151,v1:172.21.15.69:6801/933503151] conn(0x7f6ea003bfc0 0x7f6ea003e3a0 unknown :-1 s=CLOSED pgs=1 cs=0 l=1 rev1=1 crypto rx=0 tx=0 comp rx=0 tx=0).stop
2023-12-14T14:04:11.921 INFO:teuthology.orchestra.run.smithi069.stdout:/usr/bin/ceph: stderr
2023-12-14T14:04:11.563+0000 7f6eb9b64700 1 --2- 172.21.15.69:0/2407905938 >> [v2:172.21.15.69:3300/0,v1:172.21.15.69:6789/0] conn(0x7f6eb4106550 0x7f6eb4105eb0 unknown :-1 s=CLOSED pgs=62 cs=0 l=1 rev1=1 crypto rx=0 tx=0 comp rx=0 tx=0).stop
2023-12-14T14:04:11.921 INFO:teuthology.orchestra.run.smithi069.stdout:/usr/bin/ceph: stderr
2023-12-14T14:04:11.563+0000 7f6eb9b64700 1 --2- 172.21.15.69:0/2407905938 >> [v2:172.21.15.69:6800/1599224275,v1:172.21.15.69:6801/1599224275] conn(0x7f6ea0038760 0x7f6ea003ac10 unknown :-1 s=CLOSED pgs=0 cs=0 l=1 rev1=0 crypto rx=0 tx=0 comp rx=0 tx=0).stop
2023-12-14T14:04:11.921 INFO:teuthology.orchestra.run.smithi069.stdout:/usr/bin/ceph: stderr
2023-12-14T14:04:11.563+0000 7f6eb9b64700 1 -- 172.21.15.69:0/2407905938 >> 172.21.15.69:0/2407905938 conn(0x7f6eb40ffed0 msgr2=0x7f6eb4100cb0 unknown :-1 s=STATE_NONE l=0).mark_down
2023-12-14T14:04:11.922 INFO:teuthology.orchestra.run.smithi069.stdout:/usr/bin/ceph: stderr
2023-12-14T14:04:11.563+0000 7f6eb9b64700 1 -- 172.21.15.69:0/2407905938 shutdown_connections
2023-12-14T14:04:11.922 INFO:teuthology.orchestra.run.smithi069.stdout:/usr/bin/ceph: stderr
2023-12-14T14:04:11.563+0000 7f6eb9b64700 1 -- 172.21.15.69:0/2407905938 wait complete.
2023-12-14T14:04:11.922 INFO:teuthology.orchestra.run.smithi069.stdout:mgr epoch 9 is available
2023-12-14T14:04:11.922 INFO:teuthology.orchestra.run.smithi069.stdout:Generating a dashboard self-signed certificate...
2023-12-14T14:04:12.888 INFO:journalctl@ceph.mon.a.smithi069.stdout:Dec 14 14:04:12 smithi069 ceph-mon[42034]: from='client.14156 -' entity='client.admin' cmd=[{"prefix": "get_command_descriptions"}]: dispatch
2023-12-14T14:04:12.888 INFO:journalctl@ceph.mon.a.smithi069.stdout:Dec 14 14:04:12 smithi069 ceph-mon[42034]: from='client.14156 -' entity='client.admin' cmd=[{"prefix": "mgr_status"}]: dispatch
2023-12-14T14:04:12.888 INFO:journalctl@ceph.mon.a.smithi069.stdout:Dec 14 14:04:12 smithi069 ceph-mon[42034]: from='mgr.14152 172.21.15.69:0/840012020' entity='mgr.x'
2023-12-14T14:04:13.072 INFO:teuthology.orchestra.run.smithi069.stdout:/usr/bin/ceph: stdout Self-signed certificate created
2023-12-14T14:04:13.072 INFO:teuthology.orchestra.run.smithi069.stdout:/usr/bin/ceph: stderr
2023-12-14T14:04:12.349+0000 7fbe82cef700 1 Processor -- start
2023-12-14T14:04:13.072 INFO:teuthology.orchestra.run.smithi069.stdout:/usr/bin/ceph: stderr
2023-12-14T14:04:12.349+0000 7fbe82cef700 1 -- start start
2023-12-14T14:04:13.072 INFO:teuthology.orchestra.run.smithi069.stdout:/usr/bin/ceph: stderr
2023-12-14T14:04:12.349+0000 7fbe82cef700 1 --2- >> [v2:172.21.15.69:3300/0,v1:172.21.15.69:6789/0] conn(0x7fbe7c103d10 0x7fbe7c104120 unknown :-1 s=NONE pgs=0 cs=0 l=0 rev1=0 crypto rx=0 tx=0 comp rx=0 tx=0).connect
2023-12-14T14:04:13.072 INFO:teuthology.orchestra.run.smithi069.stdout:/usr/bin/ceph: stderr
2023-12-14T14:04:12.349+0000 7fbe82cef700 1 -- --> [v2:172.21.15.69:3300/0,v1:172.21.15.69:6789/0] -- mon_getmap magic: 0 v1 -- 0x7fbe7c1046f0 con 0x7fbe7c103d10
2023-12-14T14:04:13.072 INFO:teuthology.orchestra.run.smithi069.stdout:/usr/bin/ceph: stderr
2023-12-14T14:04:12.350+0000 7fbe80a8b700 1 --2- >> [v2:172.21.15.69:3300/0,v1:172.21.15.69:6789/0] conn(0x7fbe7c103d10 0x7fbe7c104120 unknown :-1 s=BANNER_CONNECTING pgs=0 cs=0 l=0 rev1=0 crypto rx=0 tx=0 comp rx=0 tx=0)._handle_peer_banner_payload supported=3 required=0
2023-12-14T14:04:13.072 INFO:teuthology.orchestra.run.smithi069.stdout:/usr/bin/ceph: stderr
2023-12-14T14:04:12.350+0000 7fbe80a8b700 1 --2- >> [v2:172.21.15.69:3300/0,v1:172.21.15.69:6789/0] conn(0x7fbe7c103d10 0x7fbe7c104120 unknown :-1 s=HELLO_CONNECTING pgs=0 cs=0 l=0 rev1=1 crypto rx=0 tx=0 comp rx=0 tx=0).handle_hello peer v2:172.21.15.69:3300/0 says I am v2:172.21.15.69:60462/0 (socket says 172.21.15.69:60462)
2023-12-14T14:04:13.072 INFO:teuthology.orchestra.run.smithi069.stdout:/usr/bin/ceph: stderr
2023-12-14T14:04:12.350+0000 7fbe80a8b700 1 -- 172.21.15.69:0/4141320086 learned_addr learned my addr 172.21.15.69:0/4141320086 (peer_addr_for_me v2:172.21.15.69:0/0)
2023-12-14T14:04:13.072 INFO:teuthology.orchestra.run.smithi069.stdout:/usr/bin/ceph: stderr
2023-12-14T14:04:12.350+0000 7fbe80a8b700 1 -- 172.21.15.69:0/4141320086 --> [v2:172.21.15.69:3300/0,v1:172.21.15.69:6789/0] -- mon_subscribe({config=0+,monmap=0+}) v3 -- 0x7fbe7c106ca0 con 0x7fbe7c103d10
2023-12-14T14:04:13.072 INFO:teuthology.orchestra.run.smithi069.stdout:/usr/bin/ceph: stderr
2023-12-14T14:04:12.350+0000 7fbe80a8b700 1 --2- 172.21.15.69:0/4141320086 >> [v2:172.21.15.69:3300/0,v1:172.21.15.69:6789/0] conn(0x7fbe7c103d10 0x7fbe7c104120 secure :-1 s=READY pgs=70 cs=0 l=1 rev1=1 crypto rx=0x7fbe700098a0 tx=0x7fbe70009bb0 comp rx=0 tx=0).ready entity=mon.0 client_cookie=550470e0d90d21d8 server_cookie=0 in_seq=0 out_seq=0
2023-12-14T14:04:13.072 INFO:teuthology.orchestra.run.smithi069.stdout:/usr/bin/ceph: stderr
2023-12-14T14:04:12.350+0000 7fbe7b7fe700 1 -- 172.21.15.69:0/4141320086 <== mon.0 v2:172.21.15.69:3300/0 1 ==== mon_map magic: 0 v1 ==== 205+0+0 (secure 0 0 0) 0x7fbe70004160 con 0x7fbe7c103d10
2023-12-14T14:04:13.072 INFO:teuthology.orchestra.run.smithi069.stdout:/usr/bin/ceph: stderr
2023-12-14T14:04:12.350+0000 7fbe7b7fe700 1 -- 172.21.15.69:0/4141320086 <== mon.0 v2:172.21.15.69:3300/0 2 ==== config(26 keys) v1 ==== 1105+0+0 (secure 0 0 0) 0x7fbe700042c0 con 0x7fbe7c103d10
2023-12-14T14:04:13.073 INFO:teuthology.orchestra.run.smithi069.stdout:/usr/bin/ceph: stderr
2023-12-14T14:04:12.350+0000 7fbe7b7fe700 1 -- 172.21.15.69:0/4141320086 <== mon.0 v2:172.21.15.69:3300/0 3 ==== mon_map magic: 0 v1 ==== 205+0+0 (secure 0 0 0) 0x7fbe700119b0 con 0x7fbe7c103d10
2023-12-14T14:04:13.073 INFO:teuthology.orchestra.run.smithi069.stdout:/usr/bin/ceph: stderr
2023-12-14T14:04:12.351+0000 7fbe82cef700 1 -- 172.21.15.69:0/4141320086 >> [v2:172.21.15.69:3300/0,v1:172.21.15.69:6789/0] conn(0x7fbe7c103d10 msgr2=0x7fbe7c104120 secure :-1 s=STATE_CONNECTION_ESTABLISHED l=1).mark_down
2023-12-14T14:04:13.073 INFO:teuthology.orchestra.run.smithi069.stdout:/usr/bin/ceph: stderr
2023-12-14T14:04:12.351+0000 7fbe82cef700 1 --2- 172.21.15.69:0/4141320086 >> [v2:172.21.15.69:3300/0,v1:172.21.15.69:6789/0] conn(0x7fbe7c103d10 0x7fbe7c104120 secure :-1 s=READY pgs=70 cs=0 l=1 rev1=1 crypto rx=0x7fbe700098a0 tx=0x7fbe70009bb0 comp rx=0 tx=0).stop
2023-12-14T14:04:13.073 INFO:teuthology.orchestra.run.smithi069.stdout:/usr/bin/ceph: stderr
2023-12-14T14:04:12.351+0000 7fbe82cef700 1 -- 172.21.15.69:0/4141320086 shutdown_connections
2023-12-14T14:04:13.073 INFO:teuthology.orchestra.run.smithi069.stdout:/usr/bin/ceph: stderr
2023-12-14T14:04:12.351+0000 7fbe82cef700 1 --2- 172.21.15.69:0/4141320086 >> [v2:172.21.15.69:3300/0,v1:172.21.15.69:6789/0] conn(0x7fbe7c103d10 0x7fbe7c104120 unknown :-1 s=CLOSED pgs=70 cs=0 l=1 rev1=1 crypto rx=0 tx=0 comp rx=0 tx=0).stop
2023-12-14T14:04:13.073 INFO:teuthology.orchestra.run.smithi069.stdout:/usr/bin/ceph: stderr
2023-12-14T14:04:12.351+0000 7fbe82cef700 1 -- 172.21.15.69:0/4141320086 >> 172.21.15.69:0/4141320086 conn(0x7fbe7c0ff650 msgr2=0x7fbe7c101a80 unknown :-1 s=STATE_NONE l=0).mark_down
2023-12-14T14:04:13.073 INFO:teuthology.orchestra.run.smithi069.stdout:/usr/bin/ceph: stderr
2023-12-14T14:04:12.351+0000 7fbe82cef700 1 -- 172.21.15.69:0/4141320086 shutdown_connections
2023-12-14T14:04:13.073 INFO:teuthology.orchestra.run.smithi069.stdout:/usr/bin/ceph: stderr
2023-12-14T14:04:12.351+0000 7fbe82cef700 1 -- 172.21.15.69:0/4141320086 wait complete.
2023-12-14T14:04:13.073 INFO:teuthology.orchestra.run.smithi069.stdout:/usr/bin/ceph: stderr
2023-12-14T14:04:12.351+0000 7fbe82cef700 1 Processor -- start
2023-12-14T14:04:13.073 INFO:teuthology.orchestra.run.smithi069.stdout:/usr/bin/ceph: stderr
2023-12-14T14:04:12.351+0000 7fbe82cef700 1 -- start start
2023-12-14T14:04:13.073 INFO:teuthology.orchestra.run.smithi069.stdout:/usr/bin/ceph: stderr
2023-12-14T14:04:12.352+0000 7fbe82cef700 1 --2- >> [v2:172.21.15.69:3300/0,v1:172.21.15.69:6789/0] conn(0x7fbe7c103d10 0x7fbe7c1997a0 unknown :-1 s=NONE pgs=0 cs=0 l=1 rev1=0 crypto rx=0 tx=0 comp rx=0 tx=0).connect
2023-12-14T14:04:13.073 INFO:teuthology.orchestra.run.smithi069.stdout:/usr/bin/ceph: stderr
2023-12-14T14:04:12.352+0000 7fbe82cef700 1 -- --> [v2:172.21.15.69:3300/0,v1:172.21.15.69:6789/0] -- mon_getmap magic: 0 v1 -- 0x7fbe7c199ce0 con 0x7fbe7c103d10
2023-12-14T14:04:13.073 INFO:teuthology.orchestra.run.smithi069.stdout:/usr/bin/ceph: stderr
2023-12-14T14:04:12.352+0000 7fbe80a8b700 1 --2- >> [v2:172.21.15.69:3300/0,v1:172.21.15.69:6789/0] conn(0x7fbe7c103d10 0x7fbe7c1997a0 unknown :-1 s=BANNER_CONNECTING pgs=0 cs=0 l=1 rev1=0 crypto rx=0 tx=0 comp rx=0 tx=0)._handle_peer_banner_payload supported=3 required=0
2023-12-14T14:04:13.074 INFO:teuthology.orchestra.run.smithi069.stdout:/usr/bin/ceph: stderr
2023-12-14T14:04:12.352+0000 7fbe80a8b700 1 --2- >> [v2:172.21.15.69:3300/0,v1:172.21.15.69:6789/0] conn(0x7fbe7c103d10 0x7fbe7c1997a0 unknown :-1 s=HELLO_CONNECTING pgs=0 cs=0 l=1 rev1=1 crypto rx=0 tx=0 comp rx=0 tx=0).handle_hello peer v2:172.21.15.69:3300/0 says I am v2:172.21.15.69:60478/0 (socket says 172.21.15.69:60478)
2023-12-14T14:04:13.074 INFO:teuthology.orchestra.run.smithi069.stdout:/usr/bin/ceph: stderr
2023-12-14T14:04:12.352+0000 7fbe80a8b700 1 -- 172.21.15.69:0/3876438977 learned_addr learned my addr 172.21.15.69:0/3876438977 (peer_addr_for_me v2:172.21.15.69:0/0)
2023-12-14T14:04:13.074 INFO:teuthology.orchestra.run.smithi069.stdout:/usr/bin/ceph: stderr
2023-12-14T14:04:12.352+0000 7fbe80a8b700 1 -- 172.21.15.69:0/3876438977 --> [v2:172.21.15.69:3300/0,v1:172.21.15.69:6789/0] -- mon_subscribe({config=0+,monmap=0+}) v3 -- 0x7fbe70009550 con 0x7fbe7c103d10
2023-12-14T14:04:13.074 INFO:teuthology.orchestra.run.smithi069.stdout:/usr/bin/ceph: stderr
2023-12-14T14:04:12.352+0000 7fbe80a8b700 1 --2- 172.21.15.69:0/3876438977 >> [v2:172.21.15.69:3300/0,v1:172.21.15.69:6789/0] conn(0x7fbe7c103d10 0x7fbe7c1997a0 secure :-1 s=READY pgs=71 cs=0 l=1 rev1=1 crypto rx=0x7fbe70003e60 tx=0x7fbe70011aa0 comp rx=0 tx=0).ready entity=mon.0 client_cookie=0 server_cookie=0 in_seq=0 out_seq=0
2023-12-14T14:04:13.074 INFO:teuthology.orchestra.run.smithi069.stdout:/usr/bin/ceph: stderr
2023-12-14T14:04:12.352+0000 7fbe79ffb700 1 -- 172.21.15.69:0/3876438977 <== mon.0 v2:172.21.15.69:3300/0 1 ==== mon_map magic: 0 v1 ==== 205+0+0 (secure 0 0 0) 0x7fbe70003970 con 0x7fbe7c103d10
2023-12-14T14:04:13.074 INFO:teuthology.orchestra.run.smithi069.stdout:/usr/bin/ceph: stderr
2023-12-14T14:04:12.352+0000 7fbe79ffb700 1 -- 172.21.15.69:0/3876438977 <== mon.0 v2:172.21.15.69:3300/0 2 ==== config(26 keys) v1 ==== 1105+0+0 (secure 0 0 0) 0x7fbe70003ad0 con 0x7fbe7c103d10
2023-12-14T14:04:13.074 INFO:teuthology.orchestra.run.smithi069.stdout:/usr/bin/ceph: stderr
2023-12-14T14:04:12.352+0000 7fbe82cef700 1 -- 172.21.15.69:0/3876438977 --> [v2:172.21.15.69:3300/0,v1:172.21.15.69:6789/0] -- mon_subscribe({mgrmap=0+}) v3 -- 0x7fbe7c10a060 con 0x7fbe7c103d10
2023-12-14T14:04:13.074 INFO:teuthology.orchestra.run.smithi069.stdout:/usr/bin/ceph: stderr
2023-12-14T14:04:12.352+0000 7fbe79ffb700 1 -- 172.21.15.69:0/3876438977 <== mon.0 v2:172.21.15.69:3300/0 3 ==== mon_map magic: 0 v1 ==== 205+0+0 (secure 0 0 0) 0x7fbe700195e0 con 0x7fbe7c103d10
2023-12-14T14:04:13.074 INFO:teuthology.orchestra.run.smithi069.stdout:/usr/bin/ceph: stderr
2023-12-14T14:04:12.353+0000 7fbe82cef700 1 -- 172.21.15.69:0/3876438977 --> [v2:172.21.15.69:3300/0,v1:172.21.15.69:6789/0] -- mon_subscribe({osdmap=0}) v3 -- 0x7fbe7c109ed0 con 0x7fbe7c103d10
2023-12-14T14:04:13.074 INFO:teuthology.orchestra.run.smithi069.stdout:/usr/bin/ceph: stderr
2023-12-14T14:04:12.353+0000 7fbe79ffb700 1 -- 172.21.15.69:0/3876438977 <== mon.0 v2:172.21.15.69:3300/0 4 ==== mgrmap(e 11) v1 ==== 45390+0+0 (secure 0 0 0) 0x7fbe70019850 con 0x7fbe7c103d10
2023-12-14T14:04:13.074 INFO:teuthology.orchestra.run.smithi069.stdout:/usr/bin/ceph: stderr
2023-12-14T14:04:12.353+0000 7fbe79ffb700 1 --2- 172.21.15.69:0/3876438977 >> [v2:172.21.15.69:6800/933503151,v1:172.21.15.69:6801/933503151] conn(0x7fbe6c038640 0x7fbe6c03aaf0 unknown :-1 s=NONE pgs=0 cs=0 l=1 rev1=0 crypto rx=0 tx=0 comp rx=0 tx=0).connect
2023-12-14T14:04:13.074 INFO:teuthology.orchestra.run.smithi069.stdout:/usr/bin/ceph: stderr
2023-12-14T14:04:12.353+0000 7fbe82cef700 1 -- 172.21.15.69:0/3876438977 --> [v2:172.21.15.69:3300/0,v1:172.21.15.69:6789/0] -- mon_command({"prefix": "get_command_descriptions"} v 0) v1 -- 0x7fbe7c10a1f0 con 0x7fbe7c103d10
2023-12-14T14:04:13.074 INFO:teuthology.orchestra.run.smithi069.stdout:/usr/bin/ceph: stderr
2023-12-14T14:04:12.354+0000 7fbe79ffb700 1 -- 172.21.15.69:0/3876438977 <== mon.0 v2:172.21.15.69:3300/0 5 ==== osd_map(3..3 src has 1..3) v4 ==== 1155+0+0 (secure 0 0 0) 0x7fbe7004c740 con 0x7fbe7c103d10
2023-12-14T14:04:13.074 INFO:teuthology.orchestra.run.smithi069.stdout:/usr/bin/ceph: stderr
2023-12-14T14:04:12.354+0000 7fbe7bfff700 1 --2- 172.21.15.69:0/3876438977 >> [v2:172.21.15.69:6800/933503151,v1:172.21.15.69:6801/933503151] conn(0x7fbe6c038640 0x7fbe6c03aaf0 unknown :-1 s=BANNER_CONNECTING pgs=0 cs=0 l=1 rev1=0 crypto rx=0 tx=0 comp rx=0 tx=0)._handle_peer_banner_payload supported=3 required=0
2023-12-14T14:04:13.074 INFO:teuthology.orchestra.run.smithi069.stdout:/usr/bin/ceph: stderr
2023-12-14T14:04:12.354+0000 7fbe7bfff700 1 --2- 172.21.15.69:0/3876438977 >> [v2:172.21.15.69:6800/933503151,v1:172.21.15.69:6801/933503151] conn(0x7fbe6c038640 0x7fbe6c03aaf0 secure :-1 s=READY pgs=7 cs=0 l=1 rev1=1 crypto rx=0x7fbe68006fd0 tx=0x7fbe68006e40 comp rx=0 tx=0).ready entity=mgr.14152 client_cookie=0 server_cookie=0 in_seq=0 out_seq=0
2023-12-14T14:04:13.075 INFO:teuthology.orchestra.run.smithi069.stdout:/usr/bin/ceph: stderr
2023-12-14T14:04:12.358+0000 7fbe79ffb700 1 -- 172.21.15.69:0/3876438977 <== mon.0 v2:172.21.15.69:3300/0 6 ==== mon_command_ack([{"prefix": "get_command_descriptions"}]=0 v0) v1 ==== 72+0+177948 (secure 0 0 0) 0x7fbe70018740 con 0x7fbe7c103d10
2023-12-14T14:04:13.075 INFO:teuthology.orchestra.run.smithi069.stdout:/usr/bin/ceph: stderr
2023-12-14T14:04:12.564+0000 7fbe82cef700 1 -- 172.21.15.69:0/3876438977 --> [v2:172.21.15.69:6800/933503151,v1:172.21.15.69:6801/933503151] -- mgr_command(tid 0: {"prefix": "dashboard create-self-signed-cert", "target": ["mon-mgr", ""]}) v1 -- 0x7fbe7c101920 con 0x7fbe6c038640
2023-12-14T14:04:13.075 INFO:teuthology.orchestra.run.smithi069.stdout:/usr/bin/ceph: stderr
2023-12-14T14:04:12.691+0000 7fbe79ffb700 1 -- 172.21.15.69:0/3876438977 <== mgr.14152 v2:172.21.15.69:6800/933503151 1 ==== mgr_command_reply(tid 0: 0 ) v1 ==== 8+0+32 (secure 0 0 0) 0x7fbe7c101920 con 0x7fbe6c038640
2023-12-14T14:04:13.075 INFO:teuthology.orchestra.run.smithi069.stdout:/usr/bin/ceph: stderr
2023-12-14T14:04:12.693+0000 7fbe82cef700 1 -- 172.21.15.69:0/3876438977 >> [v2:172.21.15.69:6800/933503151,v1:172.21.15.69:6801/933503151] conn(0x7fbe6c038640 msgr2=0x7fbe6c03aaf0 secure :-1 s=STATE_CONNECTION_ESTABLISHED l=1).mark_down
2023-12-14T14:04:13.075 INFO:teuthology.orchestra.run.smithi069.stdout:/usr/bin/ceph: stderr
2023-12-14T14:04:12.693+0000 7fbe82cef700 1 --2- 172.21.15.69:0/3876438977 >> [v2:172.21.15.69:6800/933503151,v1:172.21.15.69:6801/933503151] conn(0x7fbe6c038640 0x7fbe6c03aaf0 secure :-1 s=READY pgs=7 cs=0 l=1 rev1=1 crypto rx=0x7fbe68006fd0 tx=0x7fbe68006e40 comp rx=0 tx=0).stop
2023-12-14T14:04:13.075 INFO:teuthology.orchestra.run.smithi069.stdout:/usr/bin/ceph: stderr
2023-12-14T14:04:12.693+0000 7fbe82cef700 1 -- 172.21.15.69:0/3876438977 >> [v2:172.21.15.69:3300/0,v1:172.21.15.69:6789/0] conn(0x7fbe7c103d10 msgr2=0x7fbe7c1997a0 secure :-1 s=STATE_CONNECTION_ESTABLISHED l=1).mark_down
2023-12-14T14:04:13.075 INFO:teuthology.orchestra.run.smithi069.stdout:/usr/bin/ceph: stderr
2023-12-14T14:04:12.693+0000 7fbe82cef700 1 --2- 172.21.15.69:0/3876438977 >> [v2:172.21.15.69:3300/0,v1:172.21.15.69:6789/0] conn(0x7fbe7c103d10 0x7fbe7c1997a0 secure :-1 s=READY pgs=71 cs=0 l=1 rev1=1 crypto rx=0x7fbe70003e60 tx=0x7fbe70011aa0 comp rx=0 tx=0).stop
2023-12-14T14:04:13.075 INFO:teuthology.orchestra.run.smithi069.stdout:/usr/bin/ceph: stderr
2023-12-14T14:04:12.693+0000 7fbe82cef700 1 -- 172.21.15.69:0/3876438977 shutdown_connections
2023-12-14T14:04:13.075 INFO:teuthology.orchestra.run.smithi069.stdout:/usr/bin/ceph: stderr
2023-12-14T14:04:12.693+0000 7fbe82cef700 1 --2- 172.21.15.69:0/3876438977 >> [v2:172.21.15.69:6800/933503151,v1:172.21.15.69:6801/933503151] conn(0x7fbe6c038640 0x7fbe6c03aaf0 unknown :-1 s=CLOSED pgs=7 cs=0 l=1 rev1=1 crypto rx=0 tx=0 comp rx=0 tx=0).stop
2023-12-14T14:04:13.075 INFO:teuthology.orchestra.run.smithi069.stdout:/usr/bin/ceph: stderr
2023-12-14T14:04:12.693+0000 7fbe82cef700 1 --2- 172.21.15.69:0/3876438977 >> [v2:172.21.15.69:3300/0,v1:172.21.15.69:6789/0] conn(0x7fbe7c103d10 0x7fbe7c1997a0 unknown :-1 s=CLOSED pgs=71 cs=0 l=1 rev1=1 crypto rx=0 tx=0 comp rx=0 tx=0).stop
2023-12-14T14:04:13.075 INFO:teuthology.orchestra.run.smithi069.stdout:/usr/bin/ceph: stderr
2023-12-14T14:04:12.693+0000 7fbe82cef700 1 -- 172.21.15.69:0/3876438977 >> 172.21.15.69:0/3876438977 conn(0x7fbe7c0ff650 msgr2=0x7fbe7c100d00 unknown :-1 s=STATE_NONE l=0).mark_down
2023-12-14T14:04:13.075 INFO:teuthology.orchestra.run.smithi069.stdout:/usr/bin/ceph: stderr
2023-12-14T14:04:12.693+0000 7fbe82cef700 1 -- 172.21.15.69:0/3876438977 shutdown_connections
2023-12-14T14:04:13.075 INFO:teuthology.orchestra.run.smithi069.stdout:/usr/bin/ceph: stderr
2023-12-14T14:04:12.693+0000 7fbe82cef700 1 -- 172.21.15.69:0/3876438977 wait complete.
2023-12-14T14:04:13.075 INFO:teuthology.orchestra.run.smithi069.stdout:Creating initial admin user...
2023-12-14T14:04:13.835 INFO:journalctl@ceph.mon.a.smithi069.stdout:Dec 14 14:04:13 smithi069 ceph-mon[42034]: [14/Dec/2023:14:04:12] ENGINE Bus STARTING
2023-12-14T14:04:13.835 INFO:journalctl@ceph.mon.a.smithi069.stdout:Dec 14 14:04:13 smithi069 ceph-mon[42034]: [14/Dec/2023:14:04:12] ENGINE Serving on https://172.21.15.69:7150
2023-12-14T14:04:13.835 INFO:journalctl@ceph.mon.a.smithi069.stdout:Dec 14 14:04:13 smithi069 ceph-mon[42034]: [14/Dec/2023:14:04:12] ENGINE Serving on http://172.21.15.69:8765
2023-12-14T14:04:13.835 INFO:journalctl@ceph.mon.a.smithi069.stdout:Dec 14 14:04:13 smithi069 ceph-mon[42034]: [14/Dec/2023:14:04:12] ENGINE Bus STARTED
2023-12-14T14:04:13.835 INFO:journalctl@ceph.mon.a.smithi069.stdout:Dec 14 14:04:13 smithi069 ceph-mon[42034]: from='client.14164 -' entity='client.admin' cmd=[{"prefix": "dashboard create-self-signed-cert", "target": ["mon-mgr", ""]}]: dispatch
2023-12-14T14:04:13.835 INFO:journalctl@ceph.mon.a.smithi069.stdout:Dec 14 14:04:13 smithi069 ceph-mon[42034]: from='mgr.14152 172.21.15.69:0/840012020' entity='mgr.x'
2023-12-14T14:04:13.835 INFO:journalctl@ceph.mon.a.smithi069.stdout:Dec 14 14:04:13 smithi069 ceph-mon[42034]: from='mgr.14152 172.21.15.69:0/840012020' entity='mgr.x'
2023-12-14T14:04:13.835 INFO:journalctl@ceph.mon.a.smithi069.stdout:Dec 14 14:04:13 smithi069 ceph-mon[42034]: mgrmap e12: x(active, since 2s)
2023-12-14T14:04:14.472 INFO:teuthology.orchestra.run.smithi069.stdout:/usr/bin/ceph: stdout {"username": "admin", "password": "$2b$12$gQ65yqVxrnA1Rw9RIwkg.O.b9vbs8oq4TpD28HzoqIKhaGVQQTC..", "roles": ["administrator"], "name": null, "email": null, "lastUpdate": 1702562654, "enabled": true, "pwdExpirationDate": null, "pwdUpdateRequired": true}
2023-12-14T14:04:14.472 INFO:teuthology.orchestra.run.smithi069.stdout:/usr/bin/ceph: stderr
2023-12-14T14:04:13.679+0000 7f72116d2700 1 Processor -- start
2023-12-14T14:04:14.472 INFO:teuthology.orchestra.run.smithi069.stdout:/usr/bin/ceph: stderr
2023-12-14T14:04:13.679+0000 7f72116d2700 1 -- start start
2023-12-14T14:04:14.473 INFO:teuthology.orchestra.run.smithi069.stdout:/usr/bin/ceph: stderr
2023-12-14T14:04:13.679+0000 7f72116d2700 1 --2- >> [v2:172.21.15.69:3300/0,v1:172.21.15.69:6789/0] conn(0x7f720c104300 0x7f720c104710 unknown :-1 s=NONE pgs=0 cs=0 l=0 rev1=0 crypto rx=0 tx=0 comp rx=0 tx=0).connect
2023-12-14T14:04:14.473 INFO:teuthology.orchestra.run.smithi069.stdout:/usr/bin/ceph: stderr
2023-12-14T14:04:13.679+0000 7f72116d2700 1 -- --> [v2:172.21.15.69:3300/0,v1:172.21.15.69:6789/0] -- mon_getmap magic: 0 v1 -- 0x7f720c079de0 con 0x7f720c104300
2023-12-14T14:04:14.473 INFO:teuthology.orchestra.run.smithi069.stdout:/usr/bin/ceph: stderr
2023-12-14T14:04:13.680+0000 7f720affd700 1 --2- >> [v2:172.21.15.69:3300/0,v1:172.21.15.69:6789/0] conn(0x7f720c104300 0x7f720c104710 unknown :-1 s=BANNER_CONNECTING pgs=0 cs=0 l=0 rev1=0 crypto rx=0 tx=0 comp rx=0 tx=0)._handle_peer_banner_payload supported=3 required=0
2023-12-14T14:04:14.473 INFO:teuthology.orchestra.run.smithi069.stdout:/usr/bin/ceph: stderr
2023-12-14T14:04:13.680+0000 7f720affd700 1 --2- >> [v2:172.21.15.69:3300/0,v1:172.21.15.69:6789/0] conn(0x7f720c104300 0x7f720c104710 unknown :-1 s=HELLO_CONNECTING pgs=0 cs=0 l=0 rev1=1 crypto rx=0 tx=0 comp rx=0 tx=0).handle_hello peer v2:172.21.15.69:3300/0 says I am v2:172.21.15.69:60480/0 (socket says 172.21.15.69:60480)
2023-12-14T14:04:14.473 INFO:teuthology.orchestra.run.smithi069.stdout:/usr/bin/ceph: stderr
2023-12-14T14:04:13.680+0000 7f720affd700 1 -- 172.21.15.69:0/1016674569 learned_addr learned my addr 172.21.15.69:0/1016674569 (peer_addr_for_me v2:172.21.15.69:0/0)
2023-12-14T14:04:14.473 INFO:teuthology.orchestra.run.smithi069.stdout:/usr/bin/ceph: stderr
2023-12-14T14:04:13.680+0000 7f720affd700 1 -- 172.21.15.69:0/1016674569 --> [v2:172.21.15.69:3300/0,v1:172.21.15.69:6789/0] -- mon_subscribe({config=0+,monmap=0+}) v3 -- 0x7f720c104c50 con 0x7f720c104300
2023-12-14T14:04:14.473 INFO:teuthology.orchestra.run.smithi069.stdout:/usr/bin/ceph: stderr
2023-12-14T14:04:13.680+0000 7f720affd700 1 --2- 172.21.15.69:0/1016674569 >> [v2:172.21.15.69:3300/0,v1:172.21.15.69:6789/0] conn(0x7f720c104300 0x7f720c104710 secure :-1 s=READY pgs=72 cs=0 l=1 rev1=1 crypto rx=0x7f72000098a0 tx=0x7f7200009bb0 comp rx=0 tx=0).ready entity=mon.0 client_cookie=9ee7a2a7f7336b1a server_cookie=0 in_seq=0 out_seq=0
2023-12-14T14:04:14.473 INFO:teuthology.orchestra.run.smithi069.stdout:/usr/bin/ceph: stderr
2023-12-14T14:04:13.680+0000 7f7209ffb700 1 -- 172.21.15.69:0/1016674569 <== mon.0 v2:172.21.15.69:3300/0 1 ==== mon_map magic: 0 v1 ==== 205+0+0 (secure 0 0 0) 0x7f7200004160 con 0x7f720c104300
2023-12-14T14:04:14.473 INFO:teuthology.orchestra.run.smithi069.stdout:/usr/bin/ceph: stderr
2023-12-14T14:04:13.680+0000 7f7209ffb700 1 -- 172.21.15.69:0/1016674569 <== mon.0 v2:172.21.15.69:3300/0 2 ==== config(26 keys) v1 ==== 1105+0+0 (secure 0 0 0) 0x7f72000042c0 con 0x7f720c104300
2023-12-14T14:04:14.473 INFO:teuthology.orchestra.run.smithi069.stdout:/usr/bin/ceph: stderr
2023-12-14T14:04:13.680+0000 7f7209ffb700 1 -- 172.21.15.69:0/1016674569 <== mon.0 v2:172.21.15.69:3300/0 3 ==== mon_map magic: 0 v1 ==== 205+0+0 (secure 0 0 0) 0x7f72000119b0 con 0x7f720c104300
2023-12-14T14:04:14.473 INFO:teuthology.orchestra.run.smithi069.stdout:/usr/bin/ceph: stderr
2023-12-14T14:04:13.681+0000 7f72116d2700 1 -- 172.21.15.69:0/1016674569 >> [v2:172.21.15.69:3300/0,v1:172.21.15.69:6789/0] conn(0x7f720c104300 msgr2=0x7f720c104710 secure :-1 s=STATE_CONNECTION_ESTABLISHED l=1).mark_down
2023-12-14T14:04:14.473 INFO:teuthology.orchestra.run.smithi069.stdout:/usr/bin/ceph: stderr
2023-12-14T14:04:13.681+0000 7f72116d2700 1 --2- 172.21.15.69:0/1016674569 >> [v2:172.21.15.69:3300/0,v1:172.21.15.69:6789/0] conn(0x7f720c104300 0x7f720c104710 secure :-1 s=READY pgs=72 cs=0 l=1 rev1=1 crypto rx=0x7f72000098a0 tx=0x7f7200009bb0 comp rx=0 tx=0).stop
2023-12-14T14:04:14.474 INFO:teuthology.orchestra.run.smithi069.stdout:/usr/bin/ceph: stderr
2023-12-14T14:04:13.681+0000 7f72116d2700 1 -- 172.21.15.69:0/1016674569 shutdown_connections
2023-12-14T14:04:14.474 INFO:teuthology.orchestra.run.smithi069.stdout:/usr/bin/ceph: stderr
2023-12-14T14:04:13.681+0000 7f72116d2700 1 --2- 172.21.15.69:0/1016674569 >> [v2:172.21.15.69:3300/0,v1:172.21.15.69:6789/0] conn(0x7f720c104300 0x7f720c104710 unknown :-1 s=CLOSED pgs=72 cs=0 l=1 rev1=1 crypto rx=0 tx=0 comp rx=0 tx=0).stop
2023-12-14T14:04:14.474 INFO:teuthology.orchestra.run.smithi069.stdout:/usr/bin/ceph: stderr
2023-12-14T14:04:13.681+0000 7f72116d2700 1 -- 172.21.15.69:0/1016674569 >> 172.21.15.69:0/1016674569 conn(0x7f720c0ffed0 msgr2=0x7f720c102300 unknown :-1 s=STATE_NONE l=0).mark_down
2023-12-14T14:04:14.474 INFO:teuthology.orchestra.run.smithi069.stdout:/usr/bin/ceph: stderr
2023-12-14T14:04:13.681+0000 7f72116d2700 1 -- 172.21.15.69:0/1016674569 shutdown_connections
2023-12-14T14:04:14.474 INFO:teuthology.orchestra.run.smithi069.stdout:/usr/bin/ceph: stderr
2023-12-14T14:04:13.681+0000 7f72116d2700 1 -- 172.21.15.69:0/1016674569 wait complete.
2023-12-14T14:04:14.474 INFO:teuthology.orchestra.run.smithi069.stdout:/usr/bin/ceph: stderr
2023-12-14T14:04:13.681+0000 7f72116d2700 1 Processor -- start
2023-12-14T14:04:14.474 INFO:teuthology.orchestra.run.smithi069.stdout:/usr/bin/ceph: stderr
2023-12-14T14:04:13.682+0000 7f72116d2700 1 -- start start
2023-12-14T14:04:14.474 INFO:teuthology.orchestra.run.smithi069.stdout:/usr/bin/ceph: stderr
2023-12-14T14:04:13.682+0000 7f72116d2700 1 --2- >> [v2:172.21.15.69:3300/0,v1:172.21.15.69:6789/0] conn(0x7f720c104300 0x7f720c19b990 unknown :-1 s=NONE pgs=0 cs=0 l=1 rev1=0 crypto rx=0 tx=0 comp rx=0 tx=0).connect
2023-12-14T14:04:14.474 INFO:teuthology.orchestra.run.smithi069.stdout:/usr/bin/ceph: stderr
2023-12-14T14:04:13.682+0000 7f72116d2700 1 -- --> [v2:172.21.15.69:3300/0,v1:172.21.15.69:6789/0] -- mon_getmap magic: 0 v1 -- 0x7f720c19bed0 con 0x7f720c104300
2023-12-14T14:04:14.474 INFO:teuthology.orchestra.run.smithi069.stdout:/usr/bin/ceph: stderr
2023-12-14T14:04:13.682+0000 7f720affd700 1 --2- >> [v2:172.21.15.69:3300/0,v1:172.21.15.69:6789/0] conn(0x7f720c104300 0x7f720c19b990 unknown :-1 s=BANNER_CONNECTING pgs=0 cs=0 l=1 rev1=0 crypto rx=0 tx=0 comp rx=0 tx=0)._handle_peer_banner_payload supported=3 required=0
2023-12-14T14:04:14.474 INFO:teuthology.orchestra.run.smithi069.stdout:/usr/bin/ceph: stderr
2023-12-14T14:04:13.682+0000 7f720affd700 1 --2- >> [v2:172.21.15.69:3300/0,v1:172.21.15.69:6789/0] conn(0x7f720c104300 0x7f720c19b990 unknown :-1 s=HELLO_CONNECTING pgs=0 cs=0 l=1 rev1=1 crypto rx=0 tx=0 comp rx=0 tx=0).handle_hello peer v2:172.21.15.69:3300/0 says I am v2:172.21.15.69:60496/0 (socket says 172.21.15.69:60496)
2023-12-14T14:04:14.474 INFO:teuthology.orchestra.run.smithi069.stdout:/usr/bin/ceph: stderr
2023-12-14T14:04:13.682+0000 7f720affd700 1 -- 172.21.15.69:0/1597657303 learned_addr learned my addr 172.21.15.69:0/1597657303 (peer_addr_for_me v2:172.21.15.69:0/0)
2023-12-14T14:04:14.474 INFO:teuthology.orchestra.run.smithi069.stdout:/usr/bin/ceph: stderr
2023-12-14T14:04:13.682+0000 7f720affd700 1 -- 172.21.15.69:0/1597657303 --> [v2:172.21.15.69:3300/0,v1:172.21.15.69:6789/0] -- mon_subscribe({config=0+,monmap=0+}) v3 -- 0x7f7200009550 con 0x7f720c104300
2023-12-14T14:04:14.474 INFO:teuthology.orchestra.run.smithi069.stdout:/usr/bin/ceph: stderr
2023-12-14T14:04:13.682+0000 7f720affd700 1 --2- 172.21.15.69:0/1597657303 >> [v2:172.21.15.69:3300/0,v1:172.21.15.69:6789/0] conn(0x7f720c104300 0x7f720c19b990 secure :-1 s=READY pgs=73 cs=0 l=1 rev1=1 crypto rx=0x7f7200011980 tx=0x7f7200011a60 comp rx=0 tx=0).ready entity=mon.0 client_cookie=0 server_cookie=0 in_seq=0 out_seq=0
2023-12-14T14:04:14.475 INFO:teuthology.orchestra.run.smithi069.stdout:/usr/bin/ceph: stderr
2023-12-14T14:04:13.683+0000 7f71f3fff700 1 -- 172.21.15.69:0/1597657303 <== mon.0 v2:172.21.15.69:3300/0 1 ==== mon_map magic: 0 v1 ==== 205+0+0 (secure 0 0 0) 0x7f7200003a60 con 0x7f720c104300
2023-12-14T14:04:14.475 INFO:teuthology.orchestra.run.smithi069.stdout:/usr/bin/ceph: stderr
2023-12-14T14:04:13.683+0000 7f72116d2700 1 -- 172.21.15.69:0/1597657303 --> [v2:172.21.15.69:3300/0,v1:172.21.15.69:6789/0] -- mon_subscribe({mgrmap=0+}) v3 -- 0x7f720c105c90 con 0x7f720c104300
2023-12-14T14:04:14.475 INFO:teuthology.orchestra.run.smithi069.stdout:/usr/bin/ceph: stderr
2023-12-14T14:04:13.683+0000 7f71f3fff700 1 -- 172.21.15.69:0/1597657303 <== mon.0 v2:172.21.15.69:3300/0 2 ==== config(26 keys) v1 ==== 1105+0+0 (secure 0 0 0) 0x7f7200003bc0 con 0x7f720c104300
2023-12-14T14:04:14.475 INFO:teuthology.orchestra.run.smithi069.stdout:/usr/bin/ceph: stderr
2023-12-14T14:04:13.683+0000 7f71f3fff700 1 -- 172.21.15.69:0/1597657303 <== mon.0 v2:172.21.15.69:3300/0 3 ==== mon_map magic: 0 v1 ==== 205+0+0 (secure 0 0 0) 0x7f720001a670 con 0x7f720c104300
2023-12-14T14:04:14.475 INFO:teuthology.orchestra.run.smithi069.stdout:/usr/bin/ceph: stderr
2023-12-14T14:04:13.683+0000 7f72116d2700 1 -- 172.21.15.69:0/1597657303 --> [v2:172.21.15.69:3300/0,v1:172.21.15.69:6789/0] -- mon_subscribe({osdmap=0}) v3 -- 0x7f720c105b00 con 0x7f720c104300
2023-12-14T14:04:14.475 INFO:teuthology.orchestra.run.smithi069.stdout:/usr/bin/ceph: stderr
2023-12-14T14:04:13.683+0000 7f71f3fff700 1 -- 172.21.15.69:0/1597657303 <== mon.0 v2:172.21.15.69:3300/0 4 ==== mgrmap(e 12) v1 ==== 45496+0+0 (secure 0 0 0) 0x7f7200024a00 con 0x7f720c104300
2023-12-14T14:04:14.475 INFO:teuthology.orchestra.run.smithi069.stdout:/usr/bin/ceph: stderr
2023-12-14T14:04:13.684+0000 7f72116d2700 1 -- 172.21.15.69:0/1597657303 --> [v2:172.21.15.69:3300/0,v1:172.21.15.69:6789/0] -- mon_command({"prefix": "get_command_descriptions"} v 0) v1 -- 0x7f720c105e20 con 0x7f720c104300
2023-12-14T14:04:14.475 INFO:teuthology.orchestra.run.smithi069.stdout:/usr/bin/ceph: stderr
2023-12-14T14:04:13.684+0000 7f71f3fff700 1 --2- 172.21.15.69:0/1597657303 >> [v2:172.21.15.69:6800/933503151,v1:172.21.15.69:6801/933503151] conn(0x7f71f4038760 0x7f71f403ac10 unknown :-1 s=NONE pgs=0 cs=0 l=1 rev1=0 crypto rx=0 tx=0 comp rx=0 tx=0).connect
2023-12-14T14:04:14.475 INFO:teuthology.orchestra.run.smithi069.stdout:/usr/bin/ceph: stderr
2023-12-14T14:04:13.684+0000 7f71f3fff700 1 -- 172.21.15.69:0/1597657303 <== mon.0 v2:172.21.15.69:3300/0 5 ==== osd_map(3..3 src has 1..3) v4 ==== 1155+0+0 (secure 0 0 0) 0x7f720004ca50 con 0x7f720c104300
2023-12-14T14:04:14.475 INFO:teuthology.orchestra.run.smithi069.stdout:/usr/bin/ceph: stderr
2023-12-14T14:04:13.684+0000 7f720a7fc700 1 --2- 172.21.15.69:0/1597657303 >> [v2:172.21.15.69:6800/933503151,v1:172.21.15.69:6801/933503151] conn(0x7f71f4038760 0x7f71f403ac10 unknown :-1 s=BANNER_CONNECTING pgs=0 cs=0 l=1 rev1=0 crypto rx=0 tx=0 comp rx=0 tx=0)._handle_peer_banner_payload supported=3 required=0
2023-12-14T14:04:14.475 INFO:teuthology.orchestra.run.smithi069.stdout:/usr/bin/ceph: stderr
2023-12-14T14:04:13.684+0000 7f720a7fc700 1 --2- 172.21.15.69:0/1597657303 >> [v2:172.21.15.69:6800/933503151,v1:172.21.15.69:6801/933503151] conn(0x7f71f4038760 0x7f71f403ac10 secure :-1 s=READY pgs=8 cs=0 l=1 rev1=1 crypto rx=0x7f71fc006fd0 tx=0x7f71fc006e40 comp rx=0 tx=0).ready entity=mgr.14152 client_cookie=0 server_cookie=0 in_seq=0 out_seq=0
2023-12-14T14:04:14.475 INFO:teuthology.orchestra.run.smithi069.stdout:/usr/bin/ceph: stderr
2023-12-14T14:04:13.689+0000 7f71f3fff700 1 -- 172.21.15.69:0/1597657303 <== mon.0 v2:172.21.15.69:3300/0 6 ==== mon_command_ack([{"prefix": "get_command_descriptions"}]=0 v0) v1 ==== 72+0+177948 (secure 0 0 0) 0x7f72000189a0 con 0x7f720c104300
2023-12-14T14:04:14.475 INFO:teuthology.orchestra.run.smithi069.stdout:/usr/bin/ceph: stderr
2023-12-14T14:04:13.894+0000 7f72116d2700 1 -- 172.21.15.69:0/1597657303 --> [v2:172.21.15.69:6800/933503151,v1:172.21.15.69:6801/933503151] -- mgr_command(tid 0: {"prefix": "dashboard ac-user-create", "username": "admin", "rolename": "administrator", "force_password": true, "pwd_update_required": true, "target": ["mon-mgr", ""]}) v1 -- 0x7f720c19c410 con 0x7f71f4038760
2023-12-14T14:04:14.475 INFO:teuthology.orchestra.run.smithi069.stdout:/usr/bin/ceph: stderr
2023-12-14T14:04:14.112+0000 7f71f3fff700 1 -- 172.21.15.69:0/1597657303 <== mgr.14152 v2:172.21.15.69:6800/933503151 1 ==== mgr_command_reply(tid 0: 0 ) v1 ==== 8+0+252 (secure 0 0 0) 0x7f720c19c410 con 0x7f71f4038760
2023-12-14T14:04:14.475 INFO:teuthology.orchestra.run.smithi069.stdout:/usr/bin/ceph: stderr
2023-12-14T14:04:14.114+0000 7f72116d2700 1 -- 172.21.15.69:0/1597657303 >> [v2:172.21.15.69:6800/933503151,v1:172.21.15.69:6801/933503151] conn(0x7f71f4038760 msgr2=0x7f71f403ac10 secure :-1 s=STATE_CONNECTION_ESTABLISHED l=1).mark_down
2023-12-14T14:04:14.476 INFO:teuthology.orchestra.run.smithi069.stdout:/usr/bin/ceph: stderr
2023-12-14T14:04:14.114+0000 7f72116d2700 1 --2- 172.21.15.69:0/1597657303 >> [v2:172.21.15.69:6800/933503151,v1:172.21.15.69:6801/933503151] conn(0x7f71f4038760 0x7f71f403ac10 secure :-1 s=READY pgs=8 cs=0 l=1 rev1=1 crypto rx=0x7f71fc006fd0 tx=0x7f71fc006e40 comp rx=0 tx=0).stop
2023-12-14T14:04:14.476 INFO:teuthology.orchestra.run.smithi069.stdout:/usr/bin/ceph: stderr
2023-12-14T14:04:14.114+0000 7f72116d2700 1 -- 172.21.15.69:0/1597657303 >> [v2:172.21.15.69:3300/0,v1:172.21.15.69:6789/0] conn(0x7f720c104300 msgr2=0x7f720c19b990 secure :-1 s=STATE_CONNECTION_ESTABLISHED l=1).mark_down
2023-12-14T14:04:14.476 INFO:teuthology.orchestra.run.smithi069.stdout:/usr/bin/ceph: stderr
2023-12-14T14:04:14.114+0000 7f72116d2700 1 --2- 172.21.15.69:0/1597657303 >> [v2:172.21.15.69:3300/0,v1:172.21.15.69:6789/0] conn(0x7f720c104300 0x7f720c19b990 secure :-1 s=READY pgs=73 cs=0 l=1 rev1=1 crypto rx=0x7f7200011980 tx=0x7f7200011a60 comp rx=0 tx=0).stop
2023-12-14T14:04:14.476 INFO:teuthology.orchestra.run.smithi069.stdout:/usr/bin/ceph: stderr
2023-12-14T14:04:14.115+0000 7f72116d2700 1 -- 172.21.15.69:0/1597657303 shutdown_connections
2023-12-14T14:04:14.476 INFO:teuthology.orchestra.run.smithi069.stdout:/usr/bin/ceph: stderr
2023-12-14T14:04:14.115+0000 7f72116d2700 1 --2- 172.21.15.69:0/1597657303 >> [v2:172.21.15.69:6800/933503151,v1:172.21.15.69:6801/933503151] conn(0x7f71f4038760 0x7f71f403ac10 unknown :-1 s=CLOSED pgs=8 cs=0 l=1 rev1=1 crypto rx=0 tx=0 comp rx=0 tx=0).stop
2023-12-14T14:04:14.476 INFO:teuthology.orchestra.run.smithi069.stdout:/usr/bin/ceph: stderr
2023-12-14T14:04:14.115+0000 7f72116d2700 1 --2- 172.21.15.69:0/1597657303 >> [v2:172.21.15.69:3300/0,v1:172.21.15.69:6789/0] conn(0x7f720c104300 0x7f720c19b990 unknown :-1 s=CLOSED pgs=73 cs=0 l=1 rev1=1 crypto rx=0 tx=0 comp rx=0 tx=0).stop
2023-12-14T14:04:14.476 INFO:teuthology.orchestra.run.smithi069.stdout:/usr/bin/ceph: stderr
2023-12-14T14:04:14.115+0000 7f72116d2700 1 -- 172.21.15.69:0/1597657303 >> 172.21.15.69:0/1597657303 conn(0x7f720c0ffed0 msgr2=0x7f720c18fee0 unknown :-1 s=STATE_NONE l=0).mark_down
2023-12-14T14:04:14.476 INFO:teuthology.orchestra.run.smithi069.stdout:/usr/bin/ceph: stderr
2023-12-14T14:04:14.115+0000 7f72116d2700 1 -- 172.21.15.69:0/1597657303 shutdown_connections
2023-12-14T14:04:14.476 INFO:teuthology.orchestra.run.smithi069.stdout:/usr/bin/ceph: stderr
2023-12-14T14:04:14.115+0000 7f72116d2700 1 -- 172.21.15.69:0/1597657303 wait complete.
2023-12-14T14:04:14.476 INFO:teuthology.orchestra.run.smithi069.stdout:Fetching dashboard port number...
2023-12-14T14:04:15.056 INFO:journalctl@ceph.mon.a.smithi069.stdout:Dec 14 14:04:14 smithi069 ceph-mon[42034]: from='client.14166 -' entity='client.admin' cmd=[{"prefix": "dashboard ac-user-create", "username": "admin", "rolename": "administrator", "force_password": true, "pwd_update_required": true, "target": ["mon-mgr", ""]}]: dispatch
2023-12-14T14:04:15.056 INFO:journalctl@ceph.mon.a.smithi069.stdout:Dec 14 14:04:14 smithi069 ceph-mon[42034]: from='mgr.14152 172.21.15.69:0/840012020' entity='mgr.x'
2023-12-14T14:04:15.347 INFO:teuthology.orchestra.run.smithi069.stdout:/usr/bin/ceph: stdout 8443
2023-12-14T14:04:15.347 INFO:teuthology.orchestra.run.smithi069.stdout:/usr/bin/ceph: stderr
2023-12-14T14:04:14.835+0000 7f0348ffc700 1 Processor -- start
2023-12-14T14:04:15.348 INFO:teuthology.orchestra.run.smithi069.stdout:/usr/bin/ceph: stderr
2023-12-14T14:04:14.835+0000 7f0348ffc700 1 -- start start
2023-12-14T14:04:15.348 INFO:teuthology.orchestra.run.smithi069.stdout:/usr/bin/ceph: stderr
2023-12-14T14:04:14.835+0000 7f0348ffc700 1 --2- >> [v2:172.21.15.69:3300/0,v1:172.21.15.69:6789/0] conn(0x7f0344103d10 0x7f0344104120 unknown :-1 s=NONE pgs=0 cs=0 l=0 rev1=0 crypto rx=0 tx=0 comp rx=0 tx=0).connect
2023-12-14T14:04:15.348 INFO:teuthology.orchestra.run.smithi069.stdout:/usr/bin/ceph: stderr
2023-12-14T14:04:14.835+0000 7f0348ffc700 1 -- --> [v2:172.21.15.69:3300/0,v1:172.21.15.69:6789/0] -- mon_getmap magic: 0 v1 -- 0x7f03441046f0 con 0x7f0344103d10
2023-12-14T14:04:15.348 INFO:teuthology.orchestra.run.smithi069.stdout:/usr/bin/ceph: stderr
2023-12-14T14:04:14.836+0000 7f034259c700 1 --2- >> [v2:172.21.15.69:3300/0,v1:172.21.15.69:6789/0] conn(0x7f0344103d10 0x7f0344104120 unknown :-1 s=BANNER_CONNECTING pgs=0 cs=0 l=0 rev1=0 crypto rx=0 tx=0 comp rx=0 tx=0)._handle_peer_banner_payload supported=3 required=0
2023-12-14T14:04:15.348 INFO:teuthology.orchestra.run.smithi069.stdout:/usr/bin/ceph: stderr
2023-12-14T14:04:14.836+0000 7f034259c700 1 --2- >> [v2:172.21.15.69:3300/0,v1:172.21.15.69:6789/0] conn(0x7f0344103d10 0x7f0344104120 unknown :-1 s=HELLO_CONNECTING pgs=0 cs=0 l=0 rev1=1 crypto rx=0 tx=0 comp rx=0 tx=0).handle_hello peer v2:172.21.15.69:3300/0 says I am v2:172.21.15.69:60506/0 (socket says 172.21.15.69:60506)
2023-12-14T14:04:15.348 INFO:teuthology.orchestra.run.smithi069.stdout:/usr/bin/ceph: stderr
2023-12-14T14:04:14.836+0000 7f034259c700 1 -- 172.21.15.69:0/4216152113 learned_addr learned my addr 172.21.15.69:0/4216152113 (peer_addr_for_me v2:172.21.15.69:0/0)
2023-12-14T14:04:15.348 INFO:teuthology.orchestra.run.smithi069.stdout:/usr/bin/ceph: stderr
2023-12-14T14:04:14.836+0000 7f034259c700 1 -- 172.21.15.69:0/4216152113 --> [v2:172.21.15.69:3300/0,v1:172.21.15.69:6789/0] -- mon_subscribe({config=0+,monmap=0+}) v3 -- 0x7f0344106ca0 con 0x7f0344103d10
2023-12-14T14:04:15.348 INFO:teuthology.orchestra.run.smithi069.stdout:/usr/bin/ceph: stderr
2023-12-14T14:04:14.836+0000 7f034259c700 1 --2- 172.21.15.69:0/4216152113 >> [v2:172.21.15.69:3300/0,v1:172.21.15.69:6789/0] conn(0x7f0344103d10 0x7f0344104120 secure :-1 s=READY pgs=74 cs=0 l=1 rev1=1 crypto rx=0x7f03380098a0 tx=0x7f0338009bb0 comp rx=0 tx=0).ready entity=mon.0 client_cookie=5f26cc2ddbb3f77f server_cookie=0 in_seq=0 out_seq=0
2023-12-14T14:04:15.348 INFO:teuthology.orchestra.run.smithi069.stdout:/usr/bin/ceph: stderr
2023-12-14T14:04:14.836+0000 7f034159a700 1 -- 172.21.15.69:0/4216152113 <== mon.0 v2:172.21.15.69:3300/0 1 ==== mon_map magic: 0 v1 ==== 205+0+0 (secure 0 0 0) 0x7f0338004160 con 0x7f0344103d10
2023-12-14T14:04:15.348 INFO:teuthology.orchestra.run.smithi069.stdout:/usr/bin/ceph: stderr
2023-12-14T14:04:14.836+0000 7f034159a700 1 -- 172.21.15.69:0/4216152113 <== mon.0 v2:172.21.15.69:3300/0 2 ==== config(26 keys) v1 ==== 1105+0+0 (secure 0 0 0) 0x7f03380042c0 con 0x7f0344103d10
2023-12-14T14:04:15.348 INFO:teuthology.orchestra.run.smithi069.stdout:/usr/bin/ceph: stderr
2023-12-14T14:04:14.836+0000 7f034159a700 1 -- 172.21.15.69:0/4216152113 <== mon.0 v2:172.21.15.69:3300/0 3 ==== mon_map magic: 0 v1 ==== 205+0+0 (secure 0 0 0) 0x7f03380119b0 con 0x7f0344103d10
2023-12-14T14:04:15.349 INFO:teuthology.orchestra.run.smithi069.stdout:/usr/bin/ceph: stderr
2023-12-14T14:04:14.837+0000 7f0348ffc700 1 -- 172.21.15.69:0/4216152113 >> [v2:172.21.15.69:3300/0,v1:172.21.15.69:6789/0] conn(0x7f0344103d10 msgr2=0x7f0344104120 secure :-1 s=STATE_CONNECTION_ESTABLISHED l=1).mark_down
2023-12-14T14:04:15.349 INFO:teuthology.orchestra.run.smithi069.stdout:/usr/bin/ceph: stderr
2023-12-14T14:04:14.837+0000 7f0348ffc700 1 --2- 172.21.15.69:0/4216152113 >> [v2:172.21.15.69:3300/0,v1:172.21.15.69:6789/0] conn(0x7f0344103d10 0x7f0344104120 secure :-1 s=READY pgs=74 cs=0 l=1 rev1=1 crypto rx=0x7f03380098a0 tx=0x7f0338009bb0 comp rx=0 tx=0).stop
2023-12-14T14:04:15.349 INFO:teuthology.orchestra.run.smithi069.stdout:/usr/bin/ceph: stderr
2023-12-14T14:04:14.837+0000 7f0348ffc700 1 -- 172.21.15.69:0/4216152113 shutdown_connections
2023-12-14T14:04:15.349 INFO:teuthology.orchestra.run.smithi069.stdout:/usr/bin/ceph: stderr
2023-12-14T14:04:14.837+0000 7f0348ffc700 1 --2- 172.21.15.69:0/4216152113 >> [v2:172.21.15.69:3300/0,v1:172.21.15.69:6789/0] conn(0x7f0344103d10 0x7f0344104120 unknown :-1 s=CLOSED pgs=74 cs=0 l=1 rev1=1 crypto rx=0 tx=0 comp rx=0 tx=0).stop
2023-12-14T14:04:15.349 INFO:teuthology.orchestra.run.smithi069.stdout:/usr/bin/ceph: stderr
2023-12-14T14:04:14.837+0000 7f0348ffc700 1 -- 172.21.15.69:0/4216152113 >> 172.21.15.69:0/4216152113 conn(0x7f03440ff650 msgr2=0x7f0344101a80 unknown :-1 s=STATE_NONE l=0).mark_down
2023-12-14T14:04:15.349 INFO:teuthology.orchestra.run.smithi069.stdout:/usr/bin/ceph: stderr
2023-12-14T14:04:14.837+0000 7f0348ffc700 1 -- 172.21.15.69:0/4216152113 shutdown_connections
2023-12-14T14:04:15.349 INFO:teuthology.orchestra.run.smithi069.stdout:/usr/bin/ceph: stderr
2023-12-14T14:04:14.837+0000 7f0348ffc700 1 -- 172.21.15.69:0/4216152113 wait complete.
2023-12-14T14:04:15.349 INFO:teuthology.orchestra.run.smithi069.stdout:/usr/bin/ceph: stderr
2023-12-14T14:04:14.837+0000 7f0348ffc700 1 Processor -- start
2023-12-14T14:04:15.349 INFO:teuthology.orchestra.run.smithi069.stdout:/usr/bin/ceph: stderr
2023-12-14T14:04:14.838+0000 7f0348ffc700 1 -- start start
2023-12-14T14:04:15.349 INFO:teuthology.orchestra.run.smithi069.stdout:/usr/bin/ceph: stderr
2023-12-14T14:04:14.838+0000 7f0348ffc700 1 --2- >> [v2:172.21.15.69:3300/0,v1:172.21.15.69:6789/0] conn(0x7f0344103d10 0x7f0344106600 unknown :-1 s=NONE pgs=0 cs=0 l=1 rev1=0 crypto rx=0 tx=0 comp rx=0 tx=0).connect
2023-12-14T14:04:15.349 INFO:teuthology.orchestra.run.smithi069.stdout:/usr/bin/ceph: stderr
2023-12-14T14:04:14.838+0000 7f0348ffc700 1 -- --> [v2:172.21.15.69:3300/0,v1:172.21.15.69:6789/0] -- mon_getmap magic: 0 v1 -- 0x7f0344106b40 con 0x7f0344103d10
2023-12-14T14:04:15.350 INFO:teuthology.orchestra.run.smithi069.stdout:/usr/bin/ceph: stderr
2023-12-14T14:04:14.838+0000 7f034259c700 1 --2- >> [v2:172.21.15.69:3300/0,v1:172.21.15.69:6789/0] conn(0x7f0344103d10 0x7f0344106600 unknown :-1 s=BANNER_CONNECTING pgs=0 cs=0 l=1 rev1=0 crypto rx=0 tx=0 comp rx=0 tx=0)._handle_peer_banner_payload supported=3 required=0
2023-12-14T14:04:15.350 INFO:teuthology.orchestra.run.smithi069.stdout:/usr/bin/ceph: stderr
2023-12-14T14:04:14.838+0000 7f034259c700 1 --2- >> [v2:172.21.15.69:3300/0,v1:172.21.15.69:6789/0] conn(0x7f0344103d10 0x7f0344106600 unknown :-1 s=HELLO_CONNECTING pgs=0 cs=0 l=1 rev1=1 crypto rx=0 tx=0 comp rx=0 tx=0).handle_hello peer v2:172.21.15.69:3300/0 says I am v2:172.21.15.69:60522/0 (socket says 172.21.15.69:60522)
2023-12-14T14:04:15.350 INFO:teuthology.orchestra.run.smithi069.stdout:/usr/bin/ceph: stderr
2023-12-14T14:04:14.838+0000 7f034259c700 1 -- 172.21.15.69:0/3745670735 learned_addr learned my addr 172.21.15.69:0/3745670735 (peer_addr_for_me v2:172.21.15.69:0/0)
2023-12-14T14:04:15.350 INFO:teuthology.orchestra.run.smithi069.stdout:/usr/bin/ceph: stderr
2023-12-14T14:04:14.838+0000 7f034259c700 1 -- 172.21.15.69:0/3745670735 --> [v2:172.21.15.69:3300/0,v1:172.21.15.69:6789/0] -- mon_subscribe({config=0+,monmap=0+}) v3 -- 0x7f0338009550 con 0x7f0344103d10
2023-12-14T14:04:15.350 INFO:teuthology.orchestra.run.smithi069.stdout:/usr/bin/ceph: stderr
2023-12-14T14:04:14.838+0000 7f034259c700 1 --2- 172.21.15.69:0/3745670735 >> [v2:172.21.15.69:3300/0,v1:172.21.15.69:6789/0] conn(0x7f0344103d10 0x7f0344106600 secure :-1 s=READY pgs=75 cs=0 l=1 rev1=1 crypto rx=0x7f0338003e60 tx=0x7f0338011aa0 comp rx=0 tx=0).ready entity=mon.0 client_cookie=0 server_cookie=0 in_seq=0 out_seq=0
2023-12-14T14:04:15.350 INFO:teuthology.orchestra.run.smithi069.stdout:/usr/bin/ceph: stderr
2023-12-14T14:04:14.838+0000 7f03337fe700 1 -- 172.21.15.69:0/3745670735 <== mon.0 v2:172.21.15.69:3300/0 1 ==== mon_map magic: 0 v1 ==== 205+0+0 (secure 0 0 0) 0x7f0338003970 con 0x7f0344103d10
2023-12-14T14:04:15.350 INFO:teuthology.orchestra.run.smithi069.stdout:/usr/bin/ceph: stderr
2023-12-14T14:04:14.838+0000 7f03337fe700 1 -- 172.21.15.69:0/3745670735 <== mon.0 v2:172.21.15.69:3300/0 2 ==== config(26 keys) v1 ==== 1105+0+0 (secure 0 0 0) 0x7f0338003ad0 con 0x7f0344103d10
2023-12-14T14:04:15.350 INFO:teuthology.orchestra.run.smithi069.stdout:/usr/bin/ceph: stderr
2023-12-14T14:04:14.838+0000 7f0348ffc700 1 -- 172.21.15.69:0/3745670735 --> [v2:172.21.15.69:3300/0,v1:172.21.15.69:6789/0] -- mon_subscribe({mgrmap=0+}) v3 -- 0x7f034410a060 con 0x7f0344103d10
2023-12-14T14:04:15.350 INFO:teuthology.orchestra.run.smithi069.stdout:/usr/bin/ceph: stderr
2023-12-14T14:04:14.838+0000 7f03337fe700 1 -- 172.21.15.69:0/3745670735 <== mon.0 v2:172.21.15.69:3300/0 3 ==== mon_map magic: 0 v1 ==== 205+0+0 (secure 0 0 0) 0x7f03380195e0 con 0x7f0344103d10
2023-12-14T14:04:15.350 INFO:teuthology.orchestra.run.smithi069.stdout:/usr/bin/ceph: stderr
2023-12-14T14:04:14.838+0000 7f0348ffc700 1 -- 172.21.15.69:0/3745670735 --> [v2:172.21.15.69:3300/0,v1:172.21.15.69:6789/0] -- mon_subscribe({osdmap=0}) v3 -- 0x7f0344109ed0 con 0x7f0344103d10
2023-12-14T14:04:15.350 INFO:teuthology.orchestra.run.smithi069.stdout:/usr/bin/ceph: stderr
2023-12-14T14:04:14.839+0000 7f03337fe700 1 -- 172.21.15.69:0/3745670735 <== mon.0 v2:172.21.15.69:3300/0 4 ==== mgrmap(e 12) v1 ==== 45496+0+0 (secure 0 0 0) 0x7f03380198a0 con 0x7f0344103d10
2023-12-14T14:04:15.350 INFO:teuthology.orchestra.run.smithi069.stdout:/usr/bin/ceph: stderr
2023-12-14T14:04:14.839+0000 7f0348ffc700 1 -- 172.21.15.69:0/3745670735 --> [v2:172.21.15.69:3300/0,v1:172.21.15.69:6789/0] -- mon_command({"prefix": "get_command_descriptions"} v 0) v1 -- 0x7f0344062120 con 0x7f0344103d10
2023-12-14T14:04:15.350 INFO:teuthology.orchestra.run.smithi069.stdout:/usr/bin/ceph: stderr
2023-12-14T14:04:14.839+0000 7f03337fe700 1 --2- 172.21.15.69:0/3745670735 >> [v2:172.21.15.69:6800/933503151,v1:172.21.15.69:6801/933503151] conn(0x7f032c038710 0x7f032c03abc0 unknown :-1 s=NONE pgs=0 cs=0 l=1 rev1=0 crypto rx=0 tx=0 comp rx=0 tx=0).connect
2023-12-14T14:04:15.351 INFO:teuthology.orchestra.run.smithi069.stdout:/usr/bin/ceph: stderr
2023-12-14T14:04:14.840+0000 7f03337fe700 1 -- 172.21.15.69:0/3745670735 <== mon.0 v2:172.21.15.69:3300/0 5 ==== osd_map(3..3 src has 1..3) v4 ==== 1155+0+0 (secure 0 0 0) 0x7f033804cbf0 con 0x7f0344103d10
2023-12-14T14:04:15.351 INFO:teuthology.orchestra.run.smithi069.stdout:/usr/bin/ceph: stderr
2023-12-14T14:04:14.840+0000 7f0341d9b700 1 --2- 172.21.15.69:0/3745670735 >> [v2:172.21.15.69:6800/933503151,v1:172.21.15.69:6801/933503151] conn(0x7f032c038710 0x7f032c03abc0 unknown :-1 s=BANNER_CONNECTING pgs=0 cs=0 l=1 rev1=0 crypto rx=0 tx=0 comp rx=0 tx=0)._handle_peer_banner_payload supported=3 required=0
2023-12-14T14:04:15.351 INFO:teuthology.orchestra.run.smithi069.stdout:/usr/bin/ceph: stderr
2023-12-14T14:04:14.840+0000 7f0341d9b700 1 --2- 172.21.15.69:0/3745670735 >> [v2:172.21.15.69:6800/933503151,v1:172.21.15.69:6801/933503151] conn(0x7f032c038710 0x7f032c03abc0 secure :-1 s=READY pgs=9 cs=0 l=1 rev1=1 crypto rx=0x7f0334006fd0 tx=0x7f0334006e40 comp rx=0 tx=0).ready entity=mgr.14152 client_cookie=0 server_cookie=0 in_seq=0 out_seq=0
2023-12-14T14:04:15.351 INFO:teuthology.orchestra.run.smithi069.stdout:/usr/bin/ceph: stderr
2023-12-14T14:04:14.844+0000 7f03337fe700 1 -- 172.21.15.69:0/3745670735 <== mon.0 v2:172.21.15.69:3300/0 6 ==== mon_command_ack([{"prefix": "get_command_descriptions"}]=0 v0) v1 ==== 72+0+177948 (secure 0 0 0) 0x7f033802b340 con 0x7f0344103d10
2023-12-14T14:04:15.351 INFO:teuthology.orchestra.run.smithi069.stdout:/usr/bin/ceph: stderr
