2023-12-14T18:19:04.147+0000 7fb831077700 1 --2- 172.21.15.93:0/2122577146 >> [v2:172.21.15.93:6800/1555415520,v1:172.21.15.93:6801/1555415520] conn(0x7fb818038670 0x7fb81803ab20 unknown :-1 s=BANNER_CONNECTING pgs=0 cs=0 l=1 rev1=0 crypto rx=0 tx=0 comp rx=0 tx=0)._handle_peer_banner_payload supported=3 required=0
2023-12-14T18:19:06.502 INFO:teuthology.orchestra.run.smithi093.stdout:/usr/bin/ceph: stderr
2023-12-14T18:19:04.147+0000 7fb831077700 1 --2- 172.21.15.93:0/2122577146 >> [v2:172.21.15.93:6800/1555415520,v1:172.21.15.93:6801/1555415520] conn(0x7fb818038670 0x7fb81803ab20 secure :-1 s=READY pgs=6 cs=0 l=1 rev1=1 crypto rx=0x7fb828006fd0 tx=0x7fb828006e40 comp rx=0 tx=0).ready entity=mgr.14100 client_cookie=0 server_cookie=0 in_seq=0 out_seq=0
2023-12-14T18:19:06.502 INFO:teuthology.orchestra.run.smithi093.stdout:/usr/bin/ceph: stderr
2023-12-14T18:19:04.151+0000 7fb81effd700 1 -- 172.21.15.93:0/2122577146 <== mon.0 v2:172.21.15.93:3300/0 6 ==== mon_command_ack([{"prefix": "get_command_descriptions"}]=0 v0) v1 ==== 72+0+177948 (secure 0 0 0) 0x7fb820019b80 con 0x7fb82c1064d0
2023-12-14T18:19:06.502 INFO:teuthology.orchestra.run.smithi093.stdout:/usr/bin/ceph: stderr
2023-12-14T18:19:04.416+0000 7fb833adc700 1 -- 172.21.15.93:0/2122577146 --> [v2:172.21.15.93:3300/0,v1:172.21.15.93:6789/0] -- mon_command({"prefix": "status", "format": "json-pretty"} v 0) v1 -- 0x7fb82c19a450 con 0x7fb82c1064d0
2023-12-14T18:19:06.502 INFO:teuthology.orchestra.run.smithi093.stdout:/usr/bin/ceph: stderr
2023-12-14T18:19:04.416+0000 7fb81effd700 1 -- 172.21.15.93:0/2122577146 <== mon.0 v2:172.21.15.93:3300/0 7 ==== mon_command_ack([{"prefix": "status", "format": "json-pretty"}]=0 v0) v1 ==== 79+0+1238 (secure 0 0 0) 0x7fb820018350 con 0x7fb82c1064d0
2023-12-14T18:19:06.502 INFO:teuthology.orchestra.run.smithi093.stdout:/usr/bin/ceph: stderr
2023-12-14T18:19:04.418+0000 7fb833adc700 1 -- 172.21.15.93:0/2122577146 >> [v2:172.21.15.93:6800/1555415520,v1:172.21.15.93:6801/1555415520] conn(0x7fb818038670 msgr2=0x7fb81803ab20 secure :-1 s=STATE_CONNECTION_ESTABLISHED l=1).mark_down
2023-12-14T18:19:06.502 INFO:teuthology.orchestra.run.smithi093.stdout:/usr/bin/ceph: stderr
2023-12-14T18:19:04.418+0000 7fb833adc700 1 --2- 172.21.15.93:0/2122577146 >> [v2:172.21.15.93:6800/1555415520,v1:172.21.15.93:6801/1555415520] conn(0x7fb818038670 0x7fb81803ab20 secure :-1 s=READY pgs=6 cs=0 l=1 rev1=1 crypto rx=0x7fb828006fd0 tx=0x7fb828006e40 comp rx=0 tx=0).stop
2023-12-14T18:19:06.502 INFO:teuthology.orchestra.run.smithi093.stdout:/usr/bin/ceph: stderr
2023-12-14T18:19:04.418+0000 7fb833adc700 1 -- 172.21.15.93:0/2122577146 >> [v2:172.21.15.93:3300/0,v1:172.21.15.93:6789/0] conn(0x7fb82c1064d0 msgr2=0x7fb82c199780 secure :-1 s=STATE_CONNECTION_ESTABLISHED l=1).mark_down
2023-12-14T18:19:06.502 INFO:teuthology.orchestra.run.smithi093.stdout:/usr/bin/ceph: stderr
2023-12-14T18:19:04.418+0000 7fb833adc700 1 --2- 172.21.15.93:0/2122577146 >> [v2:172.21.15.93:3300/0,v1:172.21.15.93:6789/0] conn(0x7fb82c1064d0 0x7fb82c199780 secure :-1 s=READY pgs=19 cs=0 l=1 rev1=1 crypto rx=0x7fb820009fb0 tx=0x7fb820011ad0 comp rx=0 tx=0).stop
2023-12-14T18:19:06.502 INFO:teuthology.orchestra.run.smithi093.stdout:/usr/bin/ceph: stderr
2023-12-14T18:19:04.418+0000 7fb833adc700 1 -- 172.21.15.93:0/2122577146 shutdown_connections
2023-12-14T18:19:06.502 INFO:teuthology.orchestra.run.smithi093.stdout:/usr/bin/ceph: stderr
2023-12-14T18:19:04.418+0000 7fb833adc700 1 --2- 172.21.15.93:0/2122577146 >> [v2:172.21.15.93:6800/1555415520,v1:172.21.15.93:6801/1555415520] conn(0x7fb818038670 0x7fb81803ab20 unknown :-1 s=CLOSED pgs=6 cs=0 l=1 rev1=1 crypto rx=0 tx=0 comp rx=0 tx=0).stop
2023-12-14T18:19:06.502 INFO:teuthology.orchestra.run.smithi093.stdout:/usr/bin/ceph: stderr
2023-12-14T18:19:04.418+0000 7fb833adc700 1 --2- 172.21.15.93:0/2122577146 >> [v2:172.21.15.93:3300/0,v1:172.21.15.93:6789/0] conn(0x7fb82c1064d0 0x7fb82c199780 unknown :-1 s=CLOSED pgs=19 cs=0 l=1 rev1=1 crypto rx=0 tx=0 comp rx=0 tx=0).stop
2023-12-14T18:19:06.502 INFO:teuthology.orchestra.run.smithi093.stdout:/usr/bin/ceph: stderr
2023-12-14T18:19:04.418+0000 7fb833adc700 1 -- 172.21.15.93:0/2122577146 >> 172.21.15.93:0/2122577146 conn(0x7fb82c0ffed0 msgr2=0x7fb82c101530 unknown :-1 s=STATE_NONE l=0).mark_down
2023-12-14T18:19:06.502 INFO:teuthology.orchestra.run.smithi093.stdout:/usr/bin/ceph: stderr
2023-12-14T18:19:04.419+0000 7fb833adc700 1 -- 172.21.15.93:0/2122577146 shutdown_connections
2023-12-14T18:19:06.502 INFO:teuthology.orchestra.run.smithi093.stdout:/usr/bin/ceph: stderr
2023-12-14T18:19:04.419+0000 7fb833adc700 1 -- 172.21.15.93:0/2122577146 wait complete.
2023-12-14T18:19:06.502 INFO:teuthology.orchestra.run.smithi093.stdout:mgr is available
2023-12-14T18:19:07.703 INFO:journalctl@ceph.mon.a.smithi093.stdout:Dec 14 18:19:07 smithi093 ceph-mon[42070]: from='client.? 172.21.15.93:0/2512511253' entity='client.admin' cmd=[{"prefix": "config assimilate-conf"}]: dispatch
2023-12-14T18:19:07.742 INFO:teuthology.orchestra.run.smithi093.stdout:/usr/bin/ceph: stdout
2023-12-14T18:19:07.750 INFO:teuthology.orchestra.run.smithi093.stdout:/usr/bin/ceph: stdout [global]
2023-12-14T18:19:07.750 INFO:teuthology.orchestra.run.smithi093.stdout:/usr/bin/ceph: stdout fsid = 1c5ac00e-9aad-11ee-95a5-87774f69a715
2023-12-14T18:19:07.750 INFO:teuthology.orchestra.run.smithi093.stdout:/usr/bin/ceph: stdout mon_osd_allow_pg_remap = true
2023-12-14T18:19:07.750 INFO:teuthology.orchestra.run.smithi093.stdout:/usr/bin/ceph: stdout mon_osd_allow_primary_affinity = true
2023-12-14T18:19:07.750 INFO:teuthology.orchestra.run.smithi093.stdout:/usr/bin/ceph: stdout mon_warn_on_no_sortbitwise = false
2023-12-14T18:19:07.750 INFO:teuthology.orchestra.run.smithi093.stdout:/usr/bin/ceph: stdout osd_crush_chooseleaf_type = 0
2023-12-14T18:19:07.750 INFO:teuthology.orchestra.run.smithi093.stdout:/usr/bin/ceph: stdout
2023-12-14T18:19:07.750 INFO:teuthology.orchestra.run.smithi093.stdout:/usr/bin/ceph: stdout [mgr]
2023-12-14T18:19:07.750 INFO:teuthology.orchestra.run.smithi093.stdout:/usr/bin/ceph: stdout mgr/telemetry/nag = false
2023-12-14T18:19:07.751 INFO:teuthology.orchestra.run.smithi093.stdout:/usr/bin/ceph: stdout
2023-12-14T18:19:07.751 INFO:teuthology.orchestra.run.smithi093.stdout:/usr/bin/ceph: stdout [osd]
2023-12-14T18:19:07.751 INFO:teuthology.orchestra.run.smithi093.stdout:/usr/bin/ceph: stdout mon_osd_backfillfull_ratio = 0.85
2023-12-14T18:19:07.751 INFO:teuthology.orchestra.run.smithi093.stdout:/usr/bin/ceph: stdout mon_osd_full_ratio = 0.9
2023-12-14T18:19:07.751 INFO:teuthology.orchestra.run.smithi093.stdout:/usr/bin/ceph: stdout mon_osd_nearfull_ratio = 0.8
2023-12-14T18:19:07.751 INFO:teuthology.orchestra.run.smithi093.stdout:/usr/bin/ceph: stdout osd_map_max_advance = 10
2023-12-14T18:19:07.751 INFO:teuthology.orchestra.run.smithi093.stdout:/usr/bin/ceph: stdout osd_sloppy_crc = true
2023-12-14T18:19:07.751 INFO:teuthology.orchestra.run.smithi093.stdout:/usr/bin/ceph: stderr
2023-12-14T18:19:07.191+0000 7f35b17ae700 1 Processor -- start
2023-12-14T18:19:07.751 INFO:teuthology.orchestra.run.smithi093.stdout:/usr/bin/ceph: stderr
2023-12-14T18:19:07.191+0000 7f35b17ae700 1 -- start start
2023-12-14T18:19:07.751 INFO:teuthology.orchestra.run.smithi093.stdout:/usr/bin/ceph: stderr
2023-12-14T18:19:07.191+0000 7f35b17ae700 1 --2- >> [v2:172.21.15.93:3300/0,v1:172.21.15.93:6789/0] conn(0x7f35ac104300 0x7f35ac104710 unknown :-1 s=NONE pgs=0 cs=0 l=0 rev1=0 crypto rx=0 tx=0 comp rx=0 tx=0).connect
2023-12-14T18:19:07.751 INFO:teuthology.orchestra.run.smithi093.stdout:/usr/bin/ceph: stderr
2023-12-14T18:19:07.191+0000 7f35b17ae700 1 -- --> [v2:172.21.15.93:3300/0,v1:172.21.15.93:6789/0] -- mon_getmap magic: 0 v1 -- 0x7f35ac079de0 con 0x7f35ac104300
2023-12-14T18:19:07.751 INFO:teuthology.orchestra.run.smithi093.stdout:/usr/bin/ceph: stderr
2023-12-14T18:19:07.191+0000 7f35aaffd700 1 --2- >> [v2:172.21.15.93:3300/0,v1:172.21.15.93:6789/0] conn(0x7f35ac104300 0x7f35ac104710 unknown :-1 s=BANNER_CONNECTING pgs=0 cs=0 l=0 rev1=0 crypto rx=0 tx=0 comp rx=0 tx=0)._handle_peer_banner_payload supported=3 required=0
2023-12-14T18:19:07.751 INFO:teuthology.orchestra.run.smithi093.stdout:/usr/bin/ceph: stderr
2023-12-14T18:19:07.191+0000 7f35aaffd700 1 --2- >> [v2:172.21.15.93:3300/0,v1:172.21.15.93:6789/0] conn(0x7f35ac104300 0x7f35ac104710 unknown :-1 s=HELLO_CONNECTING pgs=0 cs=0 l=0 rev1=1 crypto rx=0 tx=0 comp rx=0 tx=0).handle_hello peer v2:172.21.15.93:3300/0 says I am v2:172.21.15.93:33942/0 (socket says 172.21.15.93:33942)
2023-12-14T18:19:07.751 INFO:teuthology.orchestra.run.smithi093.stdout:/usr/bin/ceph: stderr
2023-12-14T18:19:07.191+0000 7f35aaffd700 1 -- 172.21.15.93:0/2569833339 learned_addr learned my addr 172.21.15.93:0/2569833339 (peer_addr_for_me v2:172.21.15.93:0/0)
2023-12-14T18:19:07.752 INFO:teuthology.orchestra.run.smithi093.stdout:/usr/bin/ceph: stderr
2023-12-14T18:19:07.191+0000 7f35aaffd700 1 -- 172.21.15.93:0/2569833339 --> [v2:172.21.15.93:3300/0,v1:172.21.15.93:6789/0] -- mon_subscribe({config=0+,monmap=0+}) v3 -- 0x7f35ac104c50 con 0x7f35ac104300
2023-12-14T18:19:07.752 INFO:teuthology.orchestra.run.smithi093.stdout:/usr/bin/ceph: stderr
2023-12-14T18:19:07.192+0000 7f35aaffd700 1 --2- 172.21.15.93:0/2569833339 >> [v2:172.21.15.93:3300/0,v1:172.21.15.93:6789/0] conn(0x7f35ac104300 0x7f35ac104710 secure :-1 s=READY pgs=20 cs=0 l=1 rev1=1 crypto rx=0x7f359c0098a0 tx=0x7f359c009bb0 comp rx=0 tx=0).ready entity=mon.0 client_cookie=b52e81bdabd881f6 server_cookie=0 in_seq=0 out_seq=0
2023-12-14T18:19:07.752 INFO:teuthology.orchestra.run.smithi093.stdout:/usr/bin/ceph: stderr
2023-12-14T18:19:07.192+0000 7f35a9ffb700 1 -- 172.21.15.93:0/2569833339 <== mon.0 v2:172.21.15.93:3300/0 1 ==== mon_map magic: 0 v1 ==== 205+0+0 (secure 0 0 0) 0x7f359c004160 con 0x7f35ac104300
2023-12-14T18:19:07.752 INFO:teuthology.orchestra.run.smithi093.stdout:/usr/bin/ceph: stderr
2023-12-14T18:19:07.192+0000 7f35a9ffb700 1 -- 172.21.15.93:0/2569833339 <== mon.0 v2:172.21.15.93:3300/0 2 ==== config(26 keys) v1 ==== 1074+0+0 (secure 0 0 0) 0x7f359c0042c0 con 0x7f35ac104300
2023-12-14T18:19:07.752 INFO:teuthology.orchestra.run.smithi093.stdout:/usr/bin/ceph: stderr
2023-12-14T18:19:07.192+0000 7f35a9ffb700 1 -- 172.21.15.93:0/2569833339 <== mon.0 v2:172.21.15.93:3300/0 3 ==== mon_map magic: 0 v1 ==== 205+0+0 (secure 0 0 0) 0x7f359c011a00 con 0x7f35ac104300
2023-12-14T18:19:07.752 INFO:teuthology.orchestra.run.smithi093.stdout:/usr/bin/ceph: stderr
2023-12-14T18:19:07.192+0000 7f35b17ae700 1 -- 172.21.15.93:0/2569833339 >> [v2:172.21.15.93:3300/0,v1:172.21.15.93:6789/0] conn(0x7f35ac104300 msgr2=0x7f35ac104710 secure :-1 s=STATE_CONNECTION_ESTABLISHED l=1).mark_down
2023-12-14T18:19:07.752 INFO:teuthology.orchestra.run.smithi093.stdout:/usr/bin/ceph: stderr
2023-12-14T18:19:07.192+0000 7f35b17ae700 1 --2- 172.21.15.93:0/2569833339 >> [v2:172.21.15.93:3300/0,v1:172.21.15.93:6789/0] conn(0x7f35ac104300 0x7f35ac104710 secure :-1 s=READY pgs=20 cs=0 l=1 rev1=1 crypto rx=0x7f359c0098a0 tx=0x7f359c009bb0 comp rx=0 tx=0).stop
2023-12-14T18:19:07.752 INFO:teuthology.orchestra.run.smithi093.stdout:/usr/bin/ceph: stderr
2023-12-14T18:19:07.192+0000 7f35b17ae700 1 -- 172.21.15.93:0/2569833339 shutdown_connections
2023-12-14T18:19:07.752 INFO:teuthology.orchestra.run.smithi093.stdout:/usr/bin/ceph: stderr
2023-12-14T18:19:07.192+0000 7f35b17ae700 1 --2- 172.21.15.93:0/2569833339 >> [v2:172.21.15.93:3300/0,v1:172.21.15.93:6789/0] conn(0x7f35ac104300 0x7f35ac104710 unknown :-1 s=CLOSED pgs=20 cs=0 l=1 rev1=1 crypto rx=0 tx=0 comp rx=0 tx=0).stop
2023-12-14T18:19:07.752 INFO:teuthology.orchestra.run.smithi093.stdout:/usr/bin/ceph: stderr
2023-12-14T18:19:07.192+0000 7f35b17ae700 1 -- 172.21.15.93:0/2569833339 >> 172.21.15.93:0/2569833339 conn(0x7f35ac0ffed0 msgr2=0x7f35ac102300 unknown :-1 s=STATE_NONE l=0).mark_down
2023-12-14T18:19:07.752 INFO:teuthology.orchestra.run.smithi093.stdout:/usr/bin/ceph: stderr
2023-12-14T18:19:07.192+0000 7f35b17ae700 1 -- 172.21.15.93:0/2569833339 shutdown_connections
2023-12-14T18:19:07.752 INFO:teuthology.orchestra.run.smithi093.stdout:/usr/bin/ceph: stderr
2023-12-14T18:19:07.192+0000 7f35b17ae700 1 -- 172.21.15.93:0/2569833339 wait complete.
2023-12-14T18:19:07.753 INFO:teuthology.orchestra.run.smithi093.stdout:/usr/bin/ceph: stderr
2023-12-14T18:19:07.193+0000 7f35b17ae700 1 Processor -- start
2023-12-14T18:19:07.753 INFO:teuthology.orchestra.run.smithi093.stdout:/usr/bin/ceph: stderr
2023-12-14T18:19:07.193+0000 7f35b17ae700 1 -- start start
2023-12-14T18:19:07.753 INFO:teuthology.orchestra.run.smithi093.stdout:/usr/bin/ceph: stderr
2023-12-14T18:19:07.193+0000 7f35b17ae700 1 --2- >> [v2:172.21.15.93:3300/0,v1:172.21.15.93:6789/0] conn(0x7f35ac104300 0x7f35ac19b9a0 unknown :-1 s=NONE pgs=0 cs=0 l=1 rev1=0 crypto rx=0 tx=0 comp rx=0 tx=0).connect
2023-12-14T18:19:07.753 INFO:teuthology.orchestra.run.smithi093.stdout:/usr/bin/ceph: stderr
2023-12-14T18:19:07.193+0000 7f35b17ae700 1 -- --> [v2:172.21.15.93:3300/0,v1:172.21.15.93:6789/0] -- mon_getmap magic: 0 v1 -- 0x7f35ac19bee0 con 0x7f35ac104300
2023-12-14T18:19:07.753 INFO:teuthology.orchestra.run.smithi093.stdout:/usr/bin/ceph: stderr
2023-12-14T18:19:07.193+0000 7f35aaffd700 1 --2- >> [v2:172.21.15.93:3300/0,v1:172.21.15.93:6789/0] conn(0x7f35ac104300 0x7f35ac19b9a0 unknown :-1 s=BANNER_CONNECTING pgs=0 cs=0 l=1 rev1=0 crypto rx=0 tx=0 comp rx=0 tx=0)._handle_peer_banner_payload supported=3 required=0
2023-12-14T18:19:07.753 INFO:teuthology.orchestra.run.smithi093.stdout:/usr/bin/ceph: stderr
2023-12-14T18:19:07.193+0000 7f35aaffd700 1 --2- >> [v2:172.21.15.93:3300/0,v1:172.21.15.93:6789/0] conn(0x7f35ac104300 0x7f35ac19b9a0 unknown :-1 s=HELLO_CONNECTING pgs=0 cs=0 l=1 rev1=1 crypto rx=0 tx=0 comp rx=0 tx=0).handle_hello peer v2:172.21.15.93:3300/0 says I am v2:172.21.15.93:33950/0 (socket says 172.21.15.93:33950)
2023-12-14T18:19:07.753 INFO:teuthology.orchestra.run.smithi093.stdout:/usr/bin/ceph: stderr
2023-12-14T18:19:07.193+0000 7f35aaffd700 1 -- 172.21.15.93:0/2512511253 learned_addr learned my addr 172.21.15.93:0/2512511253 (peer_addr_for_me v2:172.21.15.93:0/0)
2023-12-14T18:19:07.753 INFO:teuthology.orchestra.run.smithi093.stdout:/usr/bin/ceph: stderr
2023-12-14T18:19:07.194+0000 7f35aaffd700 1 -- 172.21.15.93:0/2512511253 --> [v2:172.21.15.93:3300/0,v1:172.21.15.93:6789/0] -- mon_subscribe({config=0+,monmap=0+}) v3 -- 0x7f359c009550 con 0x7f35ac104300
2023-12-14T18:19:07.753 INFO:teuthology.orchestra.run.smithi093.stdout:/usr/bin/ceph: stderr
2023-12-14T18:19:07.194+0000 7f35aaffd700 1 --2- 172.21.15.93:0/2512511253 >> [v2:172.21.15.93:3300/0,v1:172.21.15.93:6789/0] conn(0x7f35ac104300 0x7f35ac19b9a0 secure :-1 s=READY pgs=21 cs=0 l=1 rev1=1 crypto rx=0x7f359c009fb0 tx=0x7f359c011ad0 comp rx=0 tx=0).ready entity=mon.0 client_cookie=0 server_cookie=0 in_seq=0 out_seq=0
2023-12-14T18:19:07.753 INFO:teuthology.orchestra.run.smithi093.stdout:/usr/bin/ceph: stderr
2023-12-14T18:19:07.194+0000 7f3593fff700 1 -- 172.21.15.93:0/2512511253 <== mon.0 v2:172.21.15.93:3300/0 1 ==== mon_map magic: 0 v1 ==== 205+0+0 (secure 0 0 0) 0x7f359c003930 con 0x7f35ac104300
2023-12-14T18:19:07.753 INFO:teuthology.orchestra.run.smithi093.stdout:/usr/bin/ceph: stderr
2023-12-14T18:19:07.194+0000 7f35b17ae700 1 -- 172.21.15.93:0/2512511253 --> [v2:172.21.15.93:3300/0,v1:172.21.15.93:6789/0] -- mon_subscribe({mgrmap=0+}) v3 -- 0x7f35ac105c50 con 0x7f35ac104300
2023-12-14T18:19:07.753 INFO:teuthology.orchestra.run.smithi093.stdout:/usr/bin/ceph: stderr
2023-12-14T18:19:07.194+0000 7f3593fff700 1 -- 172.21.15.93:0/2512511253 <== mon.0 v2:172.21.15.93:3300/0 2 ==== config(26 keys) v1 ==== 1074+0+0 (secure 0 0 0) 0x7f359c003a90 con 0x7f35ac104300
2023-12-14T18:19:07.753 INFO:teuthology.orchestra.run.smithi093.stdout:/usr/bin/ceph: stderr
2023-12-14T18:19:07.194+0000 7f3593fff700 1 -- 172.21.15.93:0/2512511253 <== mon.0 v2:172.21.15.93:3300/0 3 ==== mon_map magic: 0 v1 ==== 205+0+0 (secure 0 0 0) 0x7f359c019610 con 0x7f35ac104300
2023-12-14T18:19:07.754 INFO:teuthology.orchestra.run.smithi093.stdout:/usr/bin/ceph: stderr
2023-12-14T18:19:07.194+0000 7f35b17ae700 1 -- 172.21.15.93:0/2512511253 --> [v2:172.21.15.93:3300/0,v1:172.21.15.93:6789/0] -- mon_subscribe({osdmap=0}) v3 -- 0x7f35ac105ac0 con 0x7f35ac104300
2023-12-14T18:19:07.754 INFO:teuthology.orchestra.run.smithi093.stdout:/usr/bin/ceph: stderr
2023-12-14T18:19:07.195+0000 7f3593fff700 1 -- 172.21.15.93:0/2512511253 <== mon.0 v2:172.21.15.93:3300/0 4 ==== mgrmap(e 4) v1 ==== 45472+0+0 (secure 0 0 0) 0x7f359c0198d0 con 0x7f35ac104300
2023-12-14T18:19:07.754 INFO:teuthology.orchestra.run.smithi093.stdout:/usr/bin/ceph: stderr
2023-12-14T18:19:07.195+0000 7f3593fff700 1 --2- 172.21.15.93:0/2512511253 >> [v2:172.21.15.93:6800/1555415520,v1:172.21.15.93:6801/1555415520] conn(0x7f3594038670 0x7f359403ab20 unknown :-1 s=NONE pgs=0 cs=0 l=1 rev1=0 crypto rx=0 tx=0 comp rx=0 tx=0).connect
2023-12-14T18:19:07.754 INFO:teuthology.orchestra.run.smithi093.stdout:/usr/bin/ceph: stderr
2023-12-14T18:19:07.195+0000 7f35b17ae700 1 -- 172.21.15.93:0/2512511253 --> [v2:172.21.15.93:3300/0,v1:172.21.15.93:6789/0] -- mon_command({"prefix": "get_command_descriptions"} v 0) v1 -- 0x7f35ac195250 con 0x7f35ac104300
2023-12-14T18:19:07.754 INFO:teuthology.orchestra.run.smithi093.stdout:/usr/bin/ceph: stderr
2023-12-14T18:19:07.195+0000 7f3593fff700 1 -- 172.21.15.93:0/2512511253 <== mon.0 v2:172.21.15.93:3300/0 5 ==== osd_map(1..1 src has 1..1) v4 ==== 725+0+0 (secure 0 0 0) 0x7f359c04c620 con 0x7f35ac104300
2023-12-14T18:19:07.754 INFO:teuthology.orchestra.run.smithi093.stdout:/usr/bin/ceph: stderr
2023-12-14T18:19:07.195+0000 7f35aa7fc700 1 --2- 172.21.15.93:0/2512511253 >> [v2:172.21.15.93:6800/1555415520,v1:172.21.15.93:6801/1555415520] conn(0x7f3594038670 0x7f359403ab20 unknown :-1 s=BANNER_CONNECTING pgs=0 cs=0 l=1 rev1=0 crypto rx=0 tx=0 comp rx=0 tx=0)._handle_peer_banner_payload supported=3 required=0
2023-12-14T18:19:07.754 INFO:teuthology.orchestra.run.smithi093.stdout:/usr/bin/ceph: stderr
2023-12-14T18:19:07.196+0000 7f35aa7fc700 1 --2- 172.21.15.93:0/2512511253 >> [v2:172.21.15.93:6800/1555415520,v1:172.21.15.93:6801/1555415520] conn(0x7f3594038670 0x7f359403ab20 secure :-1 s=READY pgs=7 cs=0 l=1 rev1=1 crypto rx=0x7f35a0006fd0 tx=0x7f35a0006e40 comp rx=0 tx=0).ready entity=mgr.14100 client_cookie=0 server_cookie=0 in_seq=0 out_seq=0
2023-12-14T18:19:07.754 INFO:teuthology.orchestra.run.smithi093.stdout:/usr/bin/ceph: stderr
2023-12-14T18:19:07.200+0000 7f3593fff700 1 -- 172.21.15.93:0/2512511253 <== mon.0 v2:172.21.15.93:3300/0 6 ==== mon_command_ack([{"prefix": "get_command_descriptions"}]=0 v0) v1 ==== 72+0+177948 (secure 0 0 0) 0x7f359c019b80 con 0x7f35ac104300
2023-12-14T18:19:07.754 INFO:teuthology.orchestra.run.smithi093.stdout:/usr/bin/ceph: stderr
2023-12-14T18:19:07.384+0000 7f35b17ae700 1 -- 172.21.15.93:0/2512511253 --> [v2:172.21.15.93:3300/0,v1:172.21.15.93:6789/0] -- mon_command({"prefix": "config assimilate-conf"} v 0) v1 -- 0x7f35ac19c4d0 con 0x7f35ac104300
2023-12-14T18:19:07.754 INFO:teuthology.orchestra.run.smithi093.stdout:/usr/bin/ceph: stderr
2023-12-14T18:19:07.385+0000 7f3593fff700 1 -- 172.21.15.93:0/2512511253 <== mon.0 v2:172.21.15.93:3300/0 7 ==== mon_command_ack([{"prefix": "config assimilate-conf"}]=0 v3) v1 ==== 70+0+373 (secure 0 0 0) 0x7f359c018350 con 0x7f35ac104300
2023-12-14T18:19:07.754 INFO:teuthology.orchestra.run.smithi093.stdout:/usr/bin/ceph: stderr
2023-12-14T18:19:07.387+0000 7f35b17ae700 1 -- 172.21.15.93:0/2512511253 >> [v2:172.21.15.93:6800/1555415520,v1:172.21.15.93:6801/1555415520] conn(0x7f3594038670 msgr2=0x7f359403ab20 secure :-1 s=STATE_CONNECTION_ESTABLISHED l=1).mark_down
2023-12-14T18:19:07.755 INFO:teuthology.orchestra.run.smithi093.stdout:/usr/bin/ceph: stderr
2023-12-14T18:19:07.387+0000 7f35b17ae700 1 --2- 172.21.15.93:0/2512511253 >> [v2:172.21.15.93:6800/1555415520,v1:172.21.15.93:6801/1555415520] conn(0x7f3594038670 0x7f359403ab20 secure :-1 s=READY pgs=7 cs=0 l=1 rev1=1 crypto rx=0x7f35a0006fd0 tx=0x7f35a0006e40 comp rx=0 tx=0).stop
2023-12-14T18:19:07.755 INFO:teuthology.orchestra.run.smithi093.stdout:/usr/bin/ceph: stderr
2023-12-14T18:19:07.387+0000 7f35b17ae700 1 -- 172.21.15.93:0/2512511253 >> [v2:172.21.15.93:3300/0,v1:172.21.15.93:6789/0] conn(0x7f35ac104300 msgr2=0x7f35ac19b9a0 secure :-1 s=STATE_CONNECTION_ESTABLISHED l=1).mark_down
2023-12-14T18:19:07.755 INFO:teuthology.orchestra.run.smithi093.stdout:/usr/bin/ceph: stderr
2023-12-14T18:19:07.387+0000 7f35b17ae700 1 --2- 172.21.15.93:0/2512511253 >> [v2:172.21.15.93:3300/0,v1:172.21.15.93:6789/0] conn(0x7f35ac104300 0x7f35ac19b9a0 secure :-1 s=READY pgs=21 cs=0 l=1 rev1=1 crypto rx=0x7f359c009fb0 tx=0x7f359c011ad0 comp rx=0 tx=0).stop
2023-12-14T18:19:07.755 INFO:teuthology.orchestra.run.smithi093.stdout:/usr/bin/ceph: stderr
2023-12-14T18:19:07.387+0000 7f35b17ae700 1 -- 172.21.15.93:0/2512511253 shutdown_connections
2023-12-14T18:19:07.755 INFO:teuthology.orchestra.run.smithi093.stdout:/usr/bin/ceph: stderr
2023-12-14T18:19:07.387+0000 7f35b17ae700 1 --2- 172.21.15.93:0/2512511253 >> [v2:172.21.15.93:6800/1555415520,v1:172.21.15.93:6801/1555415520] conn(0x7f3594038670 0x7f359403ab20 unknown :-1 s=CLOSED pgs=7 cs=0 l=1 rev1=1 crypto rx=0 tx=0 comp rx=0 tx=0).stop
2023-12-14T18:19:07.755 INFO:teuthology.orchestra.run.smithi093.stdout:/usr/bin/ceph: stderr
2023-12-14T18:19:07.387+0000 7f35b17ae700 1 --2- 172.21.15.93:0/2512511253 >> [v2:172.21.15.93:3300/0,v1:172.21.15.93:6789/0] conn(0x7f35ac104300 0x7f35ac19b9a0 unknown :-1 s=CLOSED pgs=21 cs=0 l=1 rev1=1 crypto rx=0 tx=0 comp rx=0 tx=0).stop
2023-12-14T18:19:07.755 INFO:teuthology.orchestra.run.smithi093.stdout:/usr/bin/ceph: stderr
2023-12-14T18:19:07.387+0000 7f35b17ae700 1 -- 172.21.15.93:0/2512511253 >> 172.21.15.93:0/2512511253 conn(0x7f35ac0ffed0 msgr2=0x7f35ac18fec0 unknown :-1 s=STATE_NONE l=0).mark_down
2023-12-14T18:19:07.755 INFO:teuthology.orchestra.run.smithi093.stdout:/usr/bin/ceph: stderr
2023-12-14T18:19:07.387+0000 7f35b17ae700 1 -- 172.21.15.93:0/2512511253 shutdown_connections
2023-12-14T18:19:07.755 INFO:teuthology.orchestra.run.smithi093.stdout:/usr/bin/ceph: stderr
2023-12-14T18:19:07.387+0000 7f35b17ae700 1 -- 172.21.15.93:0/2512511253 wait complete.
2023-12-14T18:19:07.755 INFO:teuthology.orchestra.run.smithi093.stdout:Enabling cephadm module...
2023-12-14T18:19:08.744 INFO:journalctl@ceph.mon.a.smithi093.stdout:Dec 14 18:19:08 smithi093 ceph-mon[42070]: from='client.? 172.21.15.93:0/3254623753' entity='client.admin' cmd=[{"prefix": "mgr module enable", "module": "cephadm"}]: dispatch
2023-12-14T18:19:08.745 INFO:journalctl@ceph.mgr.x.smithi093.stdout:Dec 14 18:19:08 smithi093 ceph-1c5ac00e-9aad-11ee-95a5-87774f69a715-mgr-x[42324]: ignoring --setuser ceph since I am not root
2023-12-14T18:19:08.745 INFO:journalctl@ceph.mgr.x.smithi093.stdout:Dec 14 18:19:08 smithi093 ceph-1c5ac00e-9aad-11ee-95a5-87774f69a715-mgr-x[42324]: ignoring --setgroup ceph since I am not root
2023-12-14T18:19:08.814 INFO:teuthology.orchestra.run.smithi093.stdout:/usr/bin/ceph: stderr
2023-12-14T18:19:08.073+0000 7fe0b339e700 1 Processor -- start
2023-12-14T18:19:08.814 INFO:teuthology.orchestra.run.smithi093.stdout:/usr/bin/ceph: stderr
2023-12-14T18:19:08.073+0000 7fe0b339e700 1 -- start start
2023-12-14T18:19:08.814 INFO:teuthology.orchestra.run.smithi093.stdout:/usr/bin/ceph: stderr
2023-12-14T18:19:08.073+0000 7fe0b339e700 1 --2- >> [v2:172.21.15.93:3300/0,v1:172.21.15.93:6789/0] conn(0x7fe0ac106430 0x7fe0ac108810 unknown :-1 s=NONE pgs=0 cs=0 l=0 rev1=0 crypto rx=0 tx=0 comp rx=0 tx=0).connect
2023-12-14T18:19:08.814 INFO:teuthology.orchestra.run.smithi093.stdout:/usr/bin/ceph: stderr
2023-12-14T18:19:08.073+0000 7fe0b339e700 1 -- --> [v2:172.21.15.93:3300/0,v1:172.21.15.93:6789/0] -- mon_getmap magic: 0 v1 -- 0x7fe0ac079cd0 con 0x7fe0ac106430
2023-12-14T18:19:08.814 INFO:teuthology.orchestra.run.smithi093.stdout:/usr/bin/ceph: stderr
2023-12-14T18:19:08.073+0000 7fe0b239c700 1 --2- >> [v2:172.21.15.93:3300/0,v1:172.21.15.93:6789/0] conn(0x7fe0ac106430 0x7fe0ac108810 unknown :-1 s=BANNER_CONNECTING pgs=0 cs=0 l=0 rev1=0 crypto rx=0 tx=0 comp rx=0 tx=0)._handle_peer_banner_payload supported=3 required=0
2023-12-14T18:19:08.814 INFO:teuthology.orchestra.run.smithi093.stdout:/usr/bin/ceph: stderr
2023-12-14T18:19:08.073+0000 7fe0b239c700 1 --2- >> [v2:172.21.15.93:3300/0,v1:172.21.15.93:6789/0] conn(0x7fe0ac106430 0x7fe0ac108810 unknown :-1 s=HELLO_CONNECTING pgs=0 cs=0 l=0 rev1=1 crypto rx=0 tx=0 comp rx=0 tx=0).handle_hello peer v2:172.21.15.93:3300/0 says I am v2:172.21.15.93:33954/0 (socket says 172.21.15.93:33954)
2023-12-14T18:19:08.814 INFO:teuthology.orchestra.run.smithi093.stdout:/usr/bin/ceph: stderr
2023-12-14T18:19:08.073+0000 7fe0b239c700 1 -- 172.21.15.93:0/1868067206 learned_addr learned my addr 172.21.15.93:0/1868067206 (peer_addr_for_me v2:172.21.15.93:0/0)
2023-12-14T18:19:08.815 INFO:teuthology.orchestra.run.smithi093.stdout:/usr/bin/ceph: stderr
2023-12-14T18:19:08.074+0000 7fe0b239c700 1 -- 172.21.15.93:0/1868067206 --> [v2:172.21.15.93:3300/0,v1:172.21.15.93:6789/0] -- mon_subscribe({config=0+,monmap=0+}) v3 -- 0x7fe0ac079e10 con 0x7fe0ac106430
2023-12-14T18:19:08.815 INFO:teuthology.orchestra.run.smithi093.stdout:/usr/bin/ceph: stderr
2023-12-14T18:19:08.074+0000 7fe0b239c700 1 --2- 172.21.15.93:0/1868067206 >> [v2:172.21.15.93:3300/0,v1:172.21.15.93:6789/0] conn(0x7fe0ac106430 0x7fe0ac108810 secure :-1 s=READY pgs=22 cs=0 l=1 rev1=1 crypto rx=0x7fe0a80098a0 tx=0x7fe0a8009bb0 comp rx=0 tx=0).ready entity=mon.0 client_cookie=89823e9265ad6671 server_cookie=0 in_seq=0 out_seq=0
2023-12-14T18:19:08.815 INFO:teuthology.orchestra.run.smithi093.stdout:/usr/bin/ceph: stderr
2023-12-14T18:19:08.074+0000 7fe0b139a700 1 -- 172.21.15.93:0/1868067206 <== mon.0 v2:172.21.15.93:3300/0 1 ==== mon_map magic: 0 v1 ==== 205+0+0 (secure 0 0 0) 0x7fe0a8004160 con 0x7fe0ac106430
2023-12-14T18:19:08.815 INFO:teuthology.orchestra.run.smithi093.stdout:/usr/bin/ceph: stderr
2023-12-14T18:19:08.074+0000 7fe0b139a700 1 -- 172.21.15.93:0/1868067206 <== mon.0 v2:172.21.15.93:3300/0 2 ==== config(26 keys) v1 ==== 1074+0+0 (secure 0 0 0) 0x7fe0a80042c0 con 0x7fe0ac106430
2023-12-14T18:19:08.815 INFO:teuthology.orchestra.run.smithi093.stdout:/usr/bin/ceph: stderr
2023-12-14T18:19:08.074+0000 7fe0b139a700 1 -- 172.21.15.93:0/1868067206 <== mon.0 v2:172.21.15.93:3300/0 3 ==== mon_map magic: 0 v1 ==== 205+0+0 (secure 0 0 0) 0x7fe0a8011a00 con 0x7fe0ac106430
2023-12-14T18:19:08.815 INFO:teuthology.orchestra.run.smithi093.stdout:/usr/bin/ceph: stderr
2023-12-14T18:19:08.074+0000 7fe0b339e700 1 -- 172.21.15.93:0/1868067206 >> [v2:172.21.15.93:3300/0,v1:172.21.15.93:6789/0] conn(0x7fe0ac106430 msgr2=0x7fe0ac108810 secure :-1 s=STATE_CONNECTION_ESTABLISHED l=1).mark_down
2023-12-14T18:19:08.815 INFO:teuthology.orchestra.run.smithi093.stdout:/usr/bin/ceph: stderr
2023-12-14T18:19:08.074+0000 7fe0b339e700 1 --2- 172.21.15.93:0/1868067206 >> [v2:172.21.15.93:3300/0,v1:172.21.15.93:6789/0] conn(0x7fe0ac106430 0x7fe0ac108810 secure :-1 s=READY pgs=22 cs=0 l=1 rev1=1 crypto rx=0x7fe0a80098a0 tx=0x7fe0a8009bb0 comp rx=0 tx=0).stop
2023-12-14T18:19:08.815 INFO:teuthology.orchestra.run.smithi093.stdout:/usr/bin/ceph: stderr
2023-12-14T18:19:08.074+0000 7fe0b339e700 1 -- 172.21.15.93:0/1868067206 shutdown_connections
2023-12-14T18:19:08.815 INFO:teuthology.orchestra.run.smithi093.stdout:/usr/bin/ceph: stderr
2023-12-14T18:19:08.074+0000 7fe0b339e700 1 --2- 172.21.15.93:0/1868067206 >> [v2:172.21.15.93:3300/0,v1:172.21.15.93:6789/0] conn(0x7fe0ac106430 0x7fe0ac108810 unknown :-1 s=CLOSED pgs=22 cs=0 l=1 rev1=1 crypto rx=0 tx=0 comp rx=0 tx=0).stop
2023-12-14T18:19:08.815 INFO:teuthology.orchestra.run.smithi093.stdout:/usr/bin/ceph: stderr
2023-12-14T18:19:08.075+0000 7fe0b339e700 1 -- 172.21.15.93:0/1868067206 >> 172.21.15.93:0/1868067206 conn(0x7fe0ac0ffe30 msgr2=0x7fe0ac102240 unknown :-1 s=STATE_NONE l=0).mark_down
2023-12-14T18:19:08.815 INFO:teuthology.orchestra.run.smithi093.stdout:/usr/bin/ceph: stderr
2023-12-14T18:19:08.075+0000 7fe0b339e700 1 -- 172.21.15.93:0/1868067206 shutdown_connections
2023-12-14T18:19:08.815 INFO:teuthology.orchestra.run.smithi093.stdout:/usr/bin/ceph: stderr
2023-12-14T18:19:08.075+0000 7fe0b339e700 1 -- 172.21.15.93:0/1868067206 wait complete.
2023-12-14T18:19:08.815 INFO:teuthology.orchestra.run.smithi093.stdout:/usr/bin/ceph: stderr
2023-12-14T18:19:08.075+0000 7fe0b339e700 1 Processor -- start
2023-12-14T18:19:08.815 INFO:teuthology.orchestra.run.smithi093.stdout:/usr/bin/ceph: stderr
2023-12-14T18:19:08.075+0000 7fe0b339e700 1 -- start start
2023-12-14T18:19:08.816 INFO:teuthology.orchestra.run.smithi093.stdout:/usr/bin/ceph: stderr
2023-12-14T18:19:08.075+0000 7fe0b339e700 1 --2- >> [v2:172.21.15.93:3300/0,v1:172.21.15.93:6789/0] conn(0x7fe0ac106430 0x7fe0ac199930 unknown :-1 s=NONE pgs=0 cs=0 l=1 rev1=0 crypto rx=0 tx=0 comp rx=0 tx=0).connect
2023-12-14T18:19:08.816 INFO:teuthology.orchestra.run.smithi093.stdout:/usr/bin/ceph: stderr
2023-12-14T18:19:08.075+0000 7fe0b339e700 1 -- --> [v2:172.21.15.93:3300/0,v1:172.21.15.93:6789/0] -- mon_getmap magic: 0 v1 -- 0x7fe0ac199e70 con 0x7fe0ac106430
2023-12-14T18:19:08.816 INFO:teuthology.orchestra.run.smithi093.stdout:/usr/bin/ceph: stderr
2023-12-14T18:19:08.076+0000 7fe0b239c700 1 --2- >> [v2:172.21.15.93:3300/0,v1:172.21.15.93:6789/0] conn(0x7fe0ac106430 0x7fe0ac199930 unknown :-1 s=BANNER_CONNECTING pgs=0 cs=0 l=1 rev1=0 crypto rx=0 tx=0 comp rx=0 tx=0)._handle_peer_banner_payload supported=3 required=0
2023-12-14T18:19:08.816 INFO:teuthology.orchestra.run.smithi093.stdout:/usr/bin/ceph: stderr
2023-12-14T18:19:08.076+0000 7fe0b239c700 1 --2- >> [v2:172.21.15.93:3300/0,v1:172.21.15.93:6789/0] conn(0x7fe0ac106430 0x7fe0ac199930 unknown :-1 s=HELLO_CONNECTING pgs=0 cs=0 l=1 rev1=1 crypto rx=0 tx=0 comp rx=0 tx=0).handle_hello peer v2:172.21.15.93:3300/0 says I am v2:172.21.15.93:33964/0 (socket says 172.21.15.93:33964)
2023-12-14T18:19:08.816 INFO:teuthology.orchestra.run.smithi093.stdout:/usr/bin/ceph: stderr
2023-12-14T18:19:08.076+0000 7fe0b239c700 1 -- 172.21.15.93:0/3254623753 learned_addr learned my addr 172.21.15.93:0/3254623753 (peer_addr_for_me v2:172.21.15.93:0/0)
2023-12-14T18:19:08.816 INFO:teuthology.orchestra.run.smithi093.stdout:/usr/bin/ceph: stderr
2023-12-14T18:19:08.076+0000 7fe0b239c700 1 -- 172.21.15.93:0/3254623753 --> [v2:172.21.15.93:3300/0,v1:172.21.15.93:6789/0] -- mon_subscribe({config=0+,monmap=0+}) v3 -- 0x7fe0a8009550 con 0x7fe0ac106430
2023-12-14T18:19:08.816 INFO:teuthology.orchestra.run.smithi093.stdout:/usr/bin/ceph: stderr
2023-12-14T18:19:08.076+0000 7fe0b239c700 1 --2- 172.21.15.93:0/3254623753 >> [v2:172.21.15.93:3300/0,v1:172.21.15.93:6789/0] conn(0x7fe0ac106430 0x7fe0ac199930 secure :-1 s=READY pgs=23 cs=0 l=1 rev1=1 crypto rx=0x7fe0a8009fb0 tx=0x7fe0a8011ad0 comp rx=0 tx=0).ready entity=mon.0 client_cookie=0 server_cookie=0 in_seq=0 out_seq=0
2023-12-14T18:19:08.816 INFO:teuthology.orchestra.run.smithi093.stdout:/usr/bin/ceph: stderr
2023-12-14T18:19:08.076+0000 7fe0a37fe700 1 -- 172.21.15.93:0/3254623753 <== mon.0 v2:172.21.15.93:3300/0 1 ==== mon_map magic: 0 v1 ==== 205+0+0 (secure 0 0 0) 0x7fe0a8003a40 con 0x7fe0ac106430
2023-12-14T18:19:08.816 INFO:teuthology.orchestra.run.smithi093.stdout:/usr/bin/ceph: stderr
2023-12-14T18:19:08.076+0000 7fe0b339e700 1 -- 172.21.15.93:0/3254623753 --> [v2:172.21.15.93:3300/0,v1:172.21.15.93:6789/0] -- mon_subscribe({mgrmap=0+}) v3 -- 0x7fe0ac109b50 con 0x7fe0ac106430
2023-12-14T18:19:08.816 INFO:teuthology.orchestra.run.smithi093.stdout:/usr/bin/ceph: stderr
2023-12-14T18:19:08.076+0000 7fe0a37fe700 1 -- 172.21.15.93:0/3254623753 <== mon.0 v2:172.21.15.93:3300/0 2 ==== config(26 keys) v1 ==== 1074+0+0 (secure 0 0 0) 0x7fe0a8003ba0 con 0x7fe0ac106430
2023-12-14T18:19:08.816 INFO:teuthology.orchestra.run.smithi093.stdout:/usr/bin/ceph: stderr
2023-12-14T18:19:08.076+0000 7fe0a37fe700 1 -- 172.21.15.93:0/3254623753 <== mon.0 v2:172.21.15.93:3300/0 3 ==== mon_map magic: 0 v1 ==== 205+0+0 (secure 0 0 0) 0x7fe0a801a750 con 0x7fe0ac106430
2023-12-14T18:19:08.816 INFO:teuthology.orchestra.run.smithi093.stdout:/usr/bin/ceph: stderr
2023-12-14T18:19:08.076+0000 7fe0b339e700 1 -- 172.21.15.93:0/3254623753 --> [v2:172.21.15.93:3300/0,v1:172.21.15.93:6789/0] -- mon_subscribe({osdmap=0}) v3 -- 0x7fe0ac1099c0 con 0x7fe0ac106430
2023-12-14T18:19:08.816 INFO:teuthology.orchestra.run.smithi093.stdout:/usr/bin/ceph: stderr
2023-12-14T18:19:08.077+0000 7fe0b339e700 1 -- 172.21.15.93:0/3254623753 --> [v2:172.21.15.93:3300/0,v1:172.21.15.93:6789/0] -- mon_command({"prefix": "get_command_descriptions"} v 0) v1 -- 0x7fe0ac193630 con 0x7fe0ac106430
2023-12-14T18:19:08.817 INFO:teuthology.orchestra.run.smithi093.stdout:/usr/bin/ceph: stderr
2023-12-14T18:19:08.078+0000 7fe0a37fe700 1 -- 172.21.15.93:0/3254623753 <== mon.0 v2:172.21.15.93:3300/0 4 ==== mgrmap(e 4) v1 ==== 45472+0+0 (secure 0 0 0) 0x7fe0a8024b60 con 0x7fe0ac106430
2023-12-14T18:19:08.817 INFO:teuthology.orchestra.run.smithi093.stdout:/usr/bin/ceph: stderr
2023-12-14T18:19:08.078+0000 7fe0a37fe700 1 --2- 172.21.15.93:0/3254623753 >> [v2:172.21.15.93:6800/1555415520,v1:172.21.15.93:6801/1555415520] conn(0x7fe098038670 0x7fe09803ab20 unknown :-1 s=NONE pgs=0 cs=0 l=1 rev1=0 crypto rx=0 tx=0 comp rx=0 tx=0).connect
2023-12-14T18:19:08.817 INFO:teuthology.orchestra.run.smithi093.stdout:/usr/bin/ceph: stderr
2023-12-14T18:19:08.078+0000 7fe0a37fe700 1 -- 172.21.15.93:0/3254623753 <== mon.0 v2:172.21.15.93:3300/0 5 ==== osd_map(1..1 src has 1..1) v4 ==== 725+0+0 (secure 0 0 0) 0x7fe0a804c6c0 con 0x7fe0ac106430
2023-12-14T18:19:08.817 INFO:teuthology.orchestra.run.smithi093.stdout:/usr/bin/ceph: stderr
2023-12-14T18:19:08.078+0000 7fe0b1b9b700 1 --2- 172.21.15.93:0/3254623753 >> [v2:172.21.15.93:6800/1555415520,v1:172.21.15.93:6801/1555415520] conn(0x7fe098038670 0x7fe09803ab20 unknown :-1 s=BANNER_CONNECTING pgs=0 cs=0 l=1 rev1=0 crypto rx=0 tx=0 comp rx=0 tx=0)._handle_peer_banner_payload supported=3 required=0
2023-12-14T18:19:08.817 INFO:teuthology.orchestra.run.smithi093.stdout:/usr/bin/ceph: stderr
2023-12-14T18:19:08.078+0000 7fe0b1b9b700 1 --2- 172.21.15.93:0/3254623753 >> [v2:172.21.15.93:6800/1555415520,v1:172.21.15.93:6801/1555415520] conn(0x7fe098038670 0x7fe09803ab20 secure :-1 s=READY pgs=8 cs=0 l=1 rev1=1 crypto rx=0x7fe09c006fd0 tx=0x7fe09c006e40 comp rx=0 tx=0).ready entity=mgr.14100 client_cookie=0 server_cookie=0 in_seq=0 out_seq=0
2023-12-14T18:19:08.817 INFO:teuthology.orchestra.run.smithi093.stdout:/usr/bin/ceph: stderr
2023-12-14T18:19:08.082+0000 7fe0a37fe700 1 -- 172.21.15.93:0/3254623753 <== mon.0 v2:172.21.15.93:3300/0 6 ==== mon_command_ack([{"prefix": "get_command_descriptions"}]=0 v0) v1 ==== 72+0+177948 (secure 0 0 0) 0x7fe0a8018b40 con 0x7fe0ac106430
2023-12-14T18:19:08.817 INFO:teuthology.orchestra.run.smithi093.stdout:/usr/bin/ceph: stderr
2023-12-14T18:19:08.321+0000 7fe0b339e700 1 -- 172.21.15.93:0/3254623753 --> [v2:172.21.15.93:3300/0,v1:172.21.15.93:6789/0] -- mon_command({"prefix": "mgr module enable", "module": "cephadm"} v 0) v1 -- 0x7fe0ac074390 con 0x7fe0ac106430
2023-12-14T18:19:08.817 INFO:teuthology.orchestra.run.smithi093.stdout:/usr/bin/ceph: stderr
2023-12-14T18:19:08.442+0000 7fe0a37fe700 1 -- 172.21.15.93:0/3254623753 <== mon.0 v2:172.21.15.93:3300/0 7 ==== mgrmap(e 5) v1 ==== 45483+0+0 (secure 0 0 0) 0x7fe0a804b840 con 0x7fe0ac106430
2023-12-14T18:19:08.817 INFO:teuthology.orchestra.run.smithi093.stdout:/usr/bin/ceph: stderr
2023-12-14T18:19:08.444+0000 7fe0a37fe700 1 -- 172.21.15.93:0/3254623753 <== mon.0 v2:172.21.15.93:3300/0 8 ==== mon_command_ack([{"prefix": "mgr module enable", "module": "cephadm"}]=0 v5) v1 ==== 86+0+0 (secure 0 0 0) 0x7fe0a804bbc0 con 0x7fe0ac106430
2023-12-14T18:19:08.817 INFO:teuthology.orchestra.run.smithi093.stdout:/usr/bin/ceph: stderr
2023-12-14T18:19:08.447+0000 7fe0b339e700 1 -- 172.21.15.93:0/3254623753 >> [v2:172.21.15.93:6800/1555415520,v1:172.21.15.93:6801/1555415520] conn(0x7fe098038670 msgr2=0x7fe09803ab20 secure :-1 s=STATE_CONNECTION_ESTABLISHED l=1).mark_down
2023-12-14T18:19:08.817 INFO:teuthology.orchestra.run.smithi093.stdout:/usr/bin/ceph: stderr
2023-12-14T18:19:08.447+0000 7fe0b339e700 1 --2- 172.21.15.93:0/3254623753 >> [v2:172.21.15.93:6800/1555415520,v1:172.21.15.93:6801/1555415520] conn(0x7fe098038670 0x7fe09803ab20 secure :-1 s=READY pgs=8 cs=0 l=1 rev1=1 crypto rx=0x7fe09c006fd0 tx=0x7fe09c006e40 comp rx=0 tx=0).stop
2023-12-14T18:19:08.817 INFO:teuthology.orchestra.run.smithi093.stdout:/usr/bin/ceph: stderr
2023-12-14T18:19:08.447+0000 7fe0b339e700 1 -- 172.21.15.93:0/3254623753 >> [v2:172.21.15.93:3300/0,v1:172.21.15.93:6789/0] conn(0x7fe0ac106430 msgr2=0x7fe0ac199930 secure :-1 s=STATE_CONNECTION_ESTABLISHED l=1).mark_down
2023-12-14T18:19:08.818 INFO:teuthology.orchestra.run.smithi093.stdout:/usr/bin/ceph: stderr
2023-12-14T18:19:08.447+0000 7fe0b339e700 1 --2- 172.21.15.93:0/3254623753 >> [v2:172.21.15.93:3300/0,v1:172.21.15.93:6789/0] conn(0x7fe0ac106430 0x7fe0ac199930 secure :-1 s=READY pgs=23 cs=0 l=1 rev1=1 crypto rx=0x7fe0a8009fb0 tx=0x7fe0a8011ad0 comp rx=0 tx=0).stop
2023-12-14T18:19:08.818 INFO:teuthology.orchestra.run.smithi093.stdout:/usr/bin/ceph: stderr
2023-12-14T18:19:08.447+0000 7fe0b339e700 1 -- 172.21.15.93:0/3254623753 shutdown_connections
2023-12-14T18:19:08.818 INFO:teuthology.orchestra.run.smithi093.stdout:/usr/bin/ceph: stderr
2023-12-14T18:19:08.447+0000 7fe0b339e700 1 --2- 172.21.15.93:0/3254623753 >> [v2:172.21.15.93:6800/1555415520,v1:172.21.15.93:6801/1555415520] conn(0x7fe098038670 0x7fe09803ab20 unknown :-1 s=CLOSED pgs=8 cs=0 l=1 rev1=1 crypto rx=0 tx=0 comp rx=0 tx=0).stop
2023-12-14T18:19:08.818 INFO:teuthology.orchestra.run.smithi093.stdout:/usr/bin/ceph: stderr
2023-12-14T18:19:08.447+0000 7fe0b339e700 1 --2- 172.21.15.93:0/3254623753 >> [v2:172.21.15.93:3300/0,v1:172.21.15.93:6789/0] conn(0x7fe0ac106430 0x7fe0ac199930 unknown :-1 s=CLOSED pgs=23 cs=0 l=1 rev1=1 crypto rx=0 tx=0 comp rx=0 tx=0).stop
2023-12-14T18:19:08.818 INFO:teuthology.orchestra.run.smithi093.stdout:/usr/bin/ceph: stderr
2023-12-14T18:19:08.447+0000 7fe0b339e700 1 -- 172.21.15.93:0/3254623753 >> 172.21.15.93:0/3254623753 conn(0x7fe0ac0ffe30 msgr2=0x7fe0ac102160 unknown :-1 s=STATE_NONE l=0).mark_down
2023-12-14T18:19:08.818 INFO:teuthology.orchestra.run.smithi093.stdout:/usr/bin/ceph: stderr
2023-12-14T18:19:08.447+0000 7fe0b339e700 1 -- 172.21.15.93:0/3254623753 shutdown_connections
2023-12-14T18:19:08.818 INFO:teuthology.orchestra.run.smithi093.stdout:/usr/bin/ceph: stderr
2023-12-14T18:19:08.447+0000 7fe0b339e700 1 -- 172.21.15.93:0/3254623753 wait complete.
2023-12-14T18:19:09.011 INFO:journalctl@ceph.mgr.x.smithi093.stdout:Dec 14 18:19:08 smithi093 ceph-1c5ac00e-9aad-11ee-95a5-87774f69a715-mgr-x[42324]:
2023-12-14T18:19:08.809+0000 7f101d043200 -1 mgr[py] Module prometheus has missing NOTIFY_TYPES member
2023-12-14T18:19:09.011 INFO:journalctl@ceph.mgr.x.smithi093.stdout:Dec 14 18:19:08 smithi093 ceph-1c5ac00e-9aad-11ee-95a5-87774f69a715-mgr-x[42324]:
2023-12-14T18:19:08.919+0000 7f101d043200 -1 mgr[py] Module alerts has missing NOTIFY_TYPES member
2023-12-14T18:19:09.314 INFO:journalctl@ceph.mgr.x.smithi093.stdout:Dec 14 18:19:09 smithi093 ceph-1c5ac00e-9aad-11ee-95a5-87774f69a715-mgr-x[42324]:
2023-12-14T18:19:09.010+0000 7f101d043200 -1 mgr[py] Module osd_perf_query has missing NOTIFY_TYPES member
2023-12-14T18:19:09.314 INFO:journalctl@ceph.mgr.x.smithi093.stdout:Dec 14 18:19:09 smithi093 ceph-1c5ac00e-9aad-11ee-95a5-87774f69a715-mgr-x[42324]:
2023-12-14T18:19:09.097+0000 7f101d043200 -1 mgr[py] Module progress has missing NOTIFY_TYPES member
2023-12-14T18:19:09.738 INFO:teuthology.orchestra.run.smithi093.stdout:/usr/bin/ceph: stdout {
2023-12-14T18:19:09.738 INFO:teuthology.orchestra.run.smithi093.stdout:/usr/bin/ceph: stdout "epoch": 5,
2023-12-14T18:19:09.738 INFO:teuthology.orchestra.run.smithi093.stdout:/usr/bin/ceph: stdout "available": true,
2023-12-14T18:19:09.738 INFO:teuthology.orchestra.run.smithi093.stdout:/usr/bin/ceph: stdout "active_name": "x",
2023-12-14T18:19:09.739 INFO:teuthology.orchestra.run.smithi093.stdout:/usr/bin/ceph: stdout "num_standby": 0
2023-12-14T18:19:09.739 INFO:teuthology.orchestra.run.smithi093.stdout:/usr/bin/ceph: stdout }
2023-12-14T18:19:09.739 INFO:teuthology.orchestra.run.smithi093.stdout:/usr/bin/ceph: stderr
2023-12-14T18:19:09.150+0000 7f93830a8700 1 Processor -- start
2023-12-14T18:19:09.739 INFO:teuthology.orchestra.run.smithi093.stdout:/usr/bin/ceph: stderr
2023-12-14T18:19:09.150+0000 7f93830a8700 1 -- start start
2023-12-14T18:19:09.739 INFO:teuthology.orchestra.run.smithi093.stdout:/usr/bin/ceph: stderr
2023-12-14T18:19:09.150+0000 7f93830a8700 1 --2- >> [v2:172.21.15.93:3300/0,v1:172.21.15.93:6789/0] conn(0x7f937c105ac0 0x7f937c105ed0 unknown :-1 s=NONE pgs=0 cs=0 l=0 rev1=0 crypto rx=0 tx=0 comp rx=0 tx=0).connect
2023-12-14T18:19:09.739 INFO:teuthology.orchestra.run.smithi093.stdout:/usr/bin/ceph: stderr
2023-12-14T18:19:09.150+0000 7f93830a8700 1 -- --> [v2:172.21.15.93:3300/0,v1:172.21.15.93:6789/0] -- mon_getmap magic: 0 v1 -- 0x7f937c106410 con 0x7f937c105ac0
2023-12-14T18:19:09.739 INFO:teuthology.orchestra.run.smithi093.stdout:/usr/bin/ceph: stderr
2023-12-14T18:19:09.151+0000 7f9380e44700 1 --2- >> [v2:172.21.15.93:3300/0,v1:172.21.15.93:6789/0] conn(0x7f937c105ac0 0x7f937c105ed0 unknown :-1 s=BANNER_CONNECTING pgs=0 cs=0 l=0 rev1=0 crypto rx=0 tx=0 comp rx=0 tx=0)._handle_peer_banner_payload supported=3 required=0
2023-12-14T18:19:09.739 INFO:teuthology.orchestra.run.smithi093.stdout:/usr/bin/ceph: stderr
2023-12-14T18:19:09.151+0000 7f9380e44700 1 --2- >> [v2:172.21.15.93:3300/0,v1:172.21.15.93:6789/0] conn(0x7f937c105ac0 0x7f937c105ed0 unknown :-1 s=HELLO_CONNECTING pgs=0 cs=0 l=0 rev1=1 crypto rx=0 tx=0 comp rx=0 tx=0).handle_hello peer v2:172.21.15.93:3300/0 says I am v2:172.21.15.93:33978/0 (socket says 172.21.15.93:33978)
2023-12-14T18:19:09.739 INFO:teuthology.orchestra.run.smithi093.stdout:/usr/bin/ceph: stderr
2023-12-14T18:19:09.151+0000 7f9380e44700 1 -- 172.21.15.93:0/2215799457 learned_addr learned my addr 172.21.15.93:0/2215799457 (peer_addr_for_me v2:172.21.15.93:0/0)
2023-12-14T18:19:09.739 INFO:teuthology.orchestra.run.smithi093.stdout:/usr/bin/ceph: stderr
2023-12-14T18:19:09.151+0000 7f9380e44700 1 -- 172.21.15.93:0/2215799457 --> [v2:172.21.15.93:3300/0,v1:172.21.15.93:6789/0] -- mon_subscribe({config=0+,monmap=0+}) v3 -- 0x7f937c106550 con 0x7f937c105ac0
2023-12-14T18:19:09.739 INFO:teuthology.orchestra.run.smithi093.stdout:/usr/bin/ceph: stderr
2023-12-14T18:19:09.151+0000 7f9380e44700 1 --2- 172.21.15.93:0/2215799457 >> [v2:172.21.15.93:3300/0,v1:172.21.15.93:6789/0] conn(0x7f937c105ac0 0x7f937c105ed0 secure :-1 s=READY pgs=26 cs=0 l=1 rev1=1 crypto rx=0x7f93700098a0 tx=0x7f9370009bb0 comp rx=0 tx=0).ready entity=mon.0 client_cookie=4a58ade6dea0cca2 server_cookie=0 in_seq=0 out_seq=0
2023-12-14T18:19:09.739 INFO:teuthology.orchestra.run.smithi093.stdout:/usr/bin/ceph: stderr
2023-12-14T18:19:09.151+0000 7f937b7fe700 1 -- 172.21.15.93:0/2215799457 <== mon.0 v2:172.21.15.93:3300/0 1 ==== mon_map magic: 0 v1 ==== 205+0+0 (secure 0 0 0) 0x7f9370004160 con 0x7f937c105ac0
2023-12-14T18:19:09.739 INFO:teuthology.orchestra.run.smithi093.stdout:/usr/bin/ceph: stderr
2023-12-14T18:19:09.151+0000 7f937b7fe700 1 -- 172.21.15.93:0/2215799457 <== mon.0 v2:172.21.15.93:3300/0 2 ==== config(26 keys) v1 ==== 1074+0+0 (secure 0 0 0) 0x7f93700042c0 con 0x7f937c105ac0
2023-12-14T18:19:09.739 INFO:teuthology.orchestra.run.smithi093.stdout:/usr/bin/ceph: stderr
2023-12-14T18:19:09.151+0000 7f937b7fe700 1 -- 172.21.15.93:0/2215799457 <== mon.0 v2:172.21.15.93:3300/0 3 ==== mon_map magic: 0 v1 ==== 205+0+0 (secure 0 0 0) 0x7f9370011a00 con 0x7f937c105ac0
2023-12-14T18:19:09.740 INFO:teuthology.orchestra.run.smithi093.stdout:/usr/bin/ceph: stderr
2023-12-14T18:19:09.152+0000 7f93830a8700 1 -- 172.21.15.93:0/2215799457 >> [v2:172.21.15.93:3300/0,v1:172.21.15.93:6789/0] conn(0x7f937c105ac0 msgr2=0x7f937c105ed0 secure :-1 s=STATE_CONNECTION_ESTABLISHED l=1).mark_down
2023-12-14T18:19:09.740 INFO:teuthology.orchestra.run.smithi093.stdout:/usr/bin/ceph: stderr
2023-12-14T18:19:09.152+0000 7f93830a8700 1 --2- 172.21.15.93:0/2215799457 >> [v2:172.21.15.93:3300/0,v1:172.21.15.93:6789/0] conn(0x7f937c105ac0 0x7f937c105ed0 secure :-1 s=READY pgs=26 cs=0 l=1 rev1=1 crypto rx=0x7f93700098a0 tx=0x7f9370009bb0 comp rx=0 tx=0).stop
2023-12-14T18:19:09.740 INFO:teuthology.orchestra.run.smithi093.stdout:/usr/bin/ceph: stderr
2023-12-14T18:19:09.152+0000 7f93830a8700 1 -- 172.21.15.93:0/2215799457 shutdown_connections
2023-12-14T18:19:09.740 INFO:teuthology.orchestra.run.smithi093.stdout:/usr/bin/ceph: stderr
2023-12-14T18:19:09.152+0000 7f93830a8700 1 --2- 172.21.15.93:0/2215799457 >> [v2:172.21.15.93:3300/0,v1:172.21.15.93:6789/0] conn(0x7f937c105ac0 0x7f937c105ed0 unknown :-1 s=CLOSED pgs=26 cs=0 l=1 rev1=1 crypto rx=0 tx=0 comp rx=0 tx=0).stop
2023-12-14T18:19:09.740 INFO:teuthology.orchestra.run.smithi093.stdout:/usr/bin/ceph: stderr
2023-12-14T18:19:09.152+0000 7f93830a8700 1 -- 172.21.15.93:0/2215799457 >> 172.21.15.93:0/2215799457 conn(0x7f937c101170 msgr2=0x7f937c103580 unknown :-1 s=STATE_NONE l=0).mark_down
2023-12-14T18:19:09.740 INFO:teuthology.orchestra.run.smithi093.stdout:/usr/bin/ceph: stderr
2023-12-14T18:19:09.152+0000 7f93830a8700 1 -- 172.21.15.93:0/2215799457 shutdown_connections
2023-12-14T18:19:09.740 INFO:teuthology.orchestra.run.smithi093.stdout:/usr/bin/ceph: stderr
2023-12-14T18:19:09.152+0000 7f93830a8700 1 -- 172.21.15.93:0/2215799457 wait complete.
2023-12-14T18:19:09.740 INFO:teuthology.orchestra.run.smithi093.stdout:/usr/bin/ceph: stderr
2023-12-14T18:19:09.153+0000 7f93830a8700 1 Processor -- start
2023-12-14T18:19:09.740 INFO:teuthology.orchestra.run.smithi093.stdout:/usr/bin/ceph: stderr
2023-12-14T18:19:09.153+0000 7f93830a8700 1 -- start start
2023-12-14T18:19:09.740 INFO:teuthology.orchestra.run.smithi093.stdout:/usr/bin/ceph: stderr
2023-12-14T18:19:09.153+0000 7f93830a8700 1 --2- >> [v2:172.21.15.93:3300/0,v1:172.21.15.93:6789/0] conn(0x7f937c105ac0 0x7f937c199820 unknown :-1 s=NONE pgs=0 cs=0 l=1 rev1=0 crypto rx=0 tx=0 comp rx=0 tx=0).connect
2023-12-14T18:19:09.740 INFO:teuthology.orchestra.run.smithi093.stdout:/usr/bin/ceph: stderr
2023-12-14T18:19:09.154+0000 7f93830a8700 1 -- --> [v2:172.21.15.93:3300/0,v1:172.21.15.93:6789/0] -- mon_getmap magic: 0 v1 -- 0x7f937c199d60 con 0x7f937c105ac0
2023-12-14T18:19:09.740 INFO:teuthology.orchestra.run.smithi093.stdout:/usr/bin/ceph: stderr
2023-12-14T18:19:09.154+0000 7f9380e44700 1 --2- >> [v2:172.21.15.93:3300/0,v1:172.21.15.93:6789/0] conn(0x7f937c105ac0 0x7f937c199820 unknown :-1 s=BANNER_CONNECTING pgs=0 cs=0 l=1 rev1=0 crypto rx=0 tx=0 comp rx=0 tx=0)._handle_peer_banner_payload supported=3 required=0
2023-12-14T18:19:09.740 INFO:teuthology.orchestra.run.smithi093.stdout:/usr/bin/ceph: stderr
2023-12-14T18:19:09.154+0000 7f9380e44700 1 --2- >> [v2:172.21.15.93:3300/0,v1:172.21.15.93:6789/0] conn(0x7f937c105ac0 0x7f937c199820 unknown :-1 s=HELLO_CONNECTING pgs=0 cs=0 l=1 rev1=1 crypto rx=0 tx=0 comp rx=0 tx=0).handle_hello peer v2:172.21.15.93:3300/0 says I am v2:172.21.15.93:33984/0 (socket says 172.21.15.93:33984)
2023-12-14T18:19:09.740 INFO:teuthology.orchestra.run.smithi093.stdout:/usr/bin/ceph: stderr
2023-12-14T18:19:09.154+0000 7f9380e44700 1 -- 172.21.15.93:0/1084124979 learned_addr learned my addr 172.21.15.93:0/1084124979 (peer_addr_for_me v2:172.21.15.93:0/0)
2023-12-14T18:19:09.741 INFO:teuthology.orchestra.run.smithi093.stdout:/usr/bin/ceph: stderr
2023-12-14T18:19:09.154+0000 7f9380e44700 1 -- 172.21.15.93:0/1084124979 --> [v2:172.21.15.93:3300/0,v1:172.21.15.93:6789/0] -- mon_subscribe({config=0+,monmap=0+}) v3 -- 0x7f9370009550 con 0x7f937c105ac0
2023-12-14T18:19:09.741 INFO:teuthology.orchestra.run.smithi093.stdout:/usr/bin/ceph: stderr
2023-12-14T18:19:09.154+0000 7f9380e44700 1 --2- 172.21.15.93:0/1084124979 >> [v2:172.21.15.93:3300/0,v1:172.21.15.93:6789/0] conn(0x7f937c105ac0 0x7f937c199820 secure :-1 s=READY pgs=27 cs=0 l=1 rev1=1 crypto rx=0x7f9370006af0 tx=0x7f9370011ad0 comp rx=0 tx=0).ready entity=mon.0 client_cookie=0 server_cookie=0 in_seq=0 out_seq=0
2023-12-14T18:19:09.741 INFO:teuthology.orchestra.run.smithi093.stdout:/usr/bin/ceph: stderr
2023-12-14T18:19:09.154+0000 7f9379ffb700 1 -- 172.21.15.93:0/1084124979 <== mon.0 v2:172.21.15.93:3300/0 1 ==== mon_map magic: 0 v1 ==== 205+0+0 (secure 0 0 0) 0x7f9370003a40 con 0x7f937c105ac0
2023-12-14T18:19:09.741 INFO:teuthology.orchestra.run.smithi093.stdout:/usr/bin/ceph: stderr
2023-12-14T18:19:09.154+0000 7f9379ffb700 1 -- 172.21.15.93:0/1084124979 <== mon.0 v2:172.21.15.93:3300/0 2 ==== config(26 keys) v1 ==== 1074+0+0 (secure 0 0 0) 0x7f9370003ba0 con 0x7f937c105ac0
2023-12-14T18:19:09.741 INFO:teuthology.orchestra.run.smithi093.stdout:/usr/bin/ceph: stderr
2023-12-14T18:19:09.154+0000 7f93830a8700 1 -- 172.21.15.93:0/1084124979 --> [v2:172.21.15.93:3300/0,v1:172.21.15.93:6789/0] -- mon_subscribe({mgrmap=0+}) v3 -- 0x7f937c107b10 con 0x7f937c105ac0
2023-12-14T18:19:09.741 INFO:teuthology.orchestra.run.smithi093.stdout:/usr/bin/ceph: stderr
2023-12-14T18:19:09.154+0000 7f9379ffb700 1 -- 172.21.15.93:0/1084124979 <== mon.0 v2:172.21.15.93:3300/0 3 ==== mon_map magic: 0 v1 ==== 205+0+0 (secure 0 0 0) 0x7f937001a6e0 con 0x7f937c105ac0
2023-12-14T18:19:09.741 INFO:teuthology.orchestra.run.smithi093.stdout:/usr/bin/ceph: stderr
2023-12-14T18:19:09.154+0000 7f93830a8700 1 -- 172.21.15.93:0/1084124979 --> [v2:172.21.15.93:3300/0,v1:172.21.15.93:6789/0] -- mon_subscribe({osdmap=0}) v3 -- 0x7f937c107980 con 0x7f937c105ac0
