2023-12-14T18:19:37.256 INFO:teuthology.orchestra.run.smithi093.stdout:/usr/bin/ceph: stderr
2023-12-14T18:19:36.887+0000 7fa31a7fc700 1 --2- 172.21.15.93:0/3119595624 >> [v2:172.21.15.93:6800/3802499407,v1:172.21.15.93:6801/3802499407] conn(0x7fa30403bff0 0x7fa30403e3d0 unknown :-1 s=BANNER_CONNECTING pgs=0 cs=0 l=1 rev1=0 crypto rx=0 tx=0 comp rx=0 tx=0)._handle_peer_banner_payload supported=3 required=0
2023-12-14T18:19:37.256 INFO:teuthology.orchestra.run.smithi093.stdout:/usr/bin/ceph: stderr
2023-12-14T18:19:36.888+0000 7fa31a7fc700 1 --2- 172.21.15.93:0/3119595624 >> [v2:172.21.15.93:6800/3802499407,v1:172.21.15.93:6801/3802499407] conn(0x7fa30403bff0 0x7fa30403e3d0 secure :-1 s=READY pgs=1 cs=0 l=1 rev1=1 crypto rx=0x7fa310003a10 tx=0x7fa3100092b0 comp rx=0 tx=0).ready entity=mgr.14152 client_cookie=0 server_cookie=0 in_seq=0 out_seq=0
2023-12-14T18:19:37.256 INFO:teuthology.orchestra.run.smithi093.stdout:/usr/bin/ceph: stderr
2023-12-14T18:19:36.888+0000 7fa303fff700 1 -- 172.21.15.93:0/3119595624 <== mgr.14152 v2:172.21.15.93:6800/3802499407 1 ==== command_reply(tid 0: 0 ) v1 ==== 8+0+6910 (secure 0 0 0) 0x7fa30403b2d0 con 0x7fa30403bff0
2023-12-14T18:19:37.257 INFO:teuthology.orchestra.run.smithi093.stdout:/usr/bin/ceph: stderr
2023-12-14T18:19:36.896+0000 7fa32174f700 1 -- 172.21.15.93:0/3119595624 --> [v2:172.21.15.93:6800/3802499407,v1:172.21.15.93:6801/3802499407] -- command(tid 1: {"prefix": "mgr_status"}) v1 -- 0x7fa31c19aac0 con 0x7fa30403bff0
2023-12-14T18:19:37.257 INFO:teuthology.orchestra.run.smithi093.stdout:/usr/bin/ceph: stderr
2023-12-14T18:19:36.896+0000 7fa303fff700 1 -- 172.21.15.93:0/3119595624 <== mgr.14152 v2:172.21.15.93:6800/3802499407 2 ==== command_reply(tid 1: 0 ) v1 ==== 8+0+52 (secure 0 0 0) 0x7fa31c19aac0 con 0x7fa30403bff0
2023-12-14T18:19:37.257 INFO:teuthology.orchestra.run.smithi093.stdout:/usr/bin/ceph: stderr
2023-12-14T18:19:36.896+0000 7fa32174f700 1 -- 172.21.15.93:0/3119595624 >> [v2:172.21.15.93:6800/3802499407,v1:172.21.15.93:6801/3802499407] conn(0x7fa30403bff0 msgr2=0x7fa30403e3d0 secure :-1 s=STATE_CONNECTION_ESTABLISHED l=1).mark_down
2023-12-14T18:19:37.257 INFO:teuthology.orchestra.run.smithi093.stdout:/usr/bin/ceph: stderr
2023-12-14T18:19:36.896+0000 7fa32174f700 1 --2- 172.21.15.93:0/3119595624 >> [v2:172.21.15.93:6800/3802499407,v1:172.21.15.93:6801/3802499407] conn(0x7fa30403bff0 0x7fa30403e3d0 secure :-1 s=READY pgs=1 cs=0 l=1 rev1=1 crypto rx=0x7fa310003a10 tx=0x7fa3100092b0 comp rx=0 tx=0).stop
2023-12-14T18:19:37.257 INFO:teuthology.orchestra.run.smithi093.stdout:/usr/bin/ceph: stderr
2023-12-14T18:19:36.896+0000 7fa32174f700 1 -- 172.21.15.93:0/3119595624 >> [v2:172.21.15.93:3300/0,v1:172.21.15.93:6789/0] conn(0x7fa31c106490 msgr2=0x7fa31c199780 secure :-1 s=STATE_CONNECTION_ESTABLISHED l=1).mark_down
2023-12-14T18:19:37.257 INFO:teuthology.orchestra.run.smithi093.stdout:/usr/bin/ceph: stderr
2023-12-14T18:19:36.896+0000 7fa32174f700 1 --2- 172.21.15.93:0/3119595624 >> [v2:172.21.15.93:3300/0,v1:172.21.15.93:6789/0] conn(0x7fa31c106490 0x7fa31c199780 secure :-1 s=READY pgs=62 cs=0 l=1 rev1=1 crypto rx=0x7fa30c003e60 tx=0x7fa30c011aa0 comp rx=0 tx=0).stop
2023-12-14T18:19:37.257 INFO:teuthology.orchestra.run.smithi093.stdout:/usr/bin/ceph: stderr
2023-12-14T18:19:36.896+0000 7fa32174f700 1 -- 172.21.15.93:0/3119595624 shutdown_connections
2023-12-14T18:19:37.257 INFO:teuthology.orchestra.run.smithi093.stdout:/usr/bin/ceph: stderr
2023-12-14T18:19:36.896+0000 7fa32174f700 1 --2- 172.21.15.93:0/3119595624 >> [v2:172.21.15.93:6800/3802499407,v1:172.21.15.93:6801/3802499407] conn(0x7fa30403bff0 0x7fa30403e3d0 unknown :-1 s=CLOSED pgs=1 cs=0 l=1 rev1=1 crypto rx=0 tx=0 comp rx=0 tx=0).stop
2023-12-14T18:19:37.257 INFO:teuthology.orchestra.run.smithi093.stdout:/usr/bin/ceph: stderr
2023-12-14T18:19:36.896+0000 7fa32174f700 1 --2- 172.21.15.93:0/3119595624 >> [v2:172.21.15.93:3300/0,v1:172.21.15.93:6789/0] conn(0x7fa31c106490 0x7fa31c199780 unknown :-1 s=CLOSED pgs=62 cs=0 l=1 rev1=1 crypto rx=0 tx=0 comp rx=0 tx=0).stop
2023-12-14T18:19:37.257 INFO:teuthology.orchestra.run.smithi093.stdout:/usr/bin/ceph: stderr
2023-12-14T18:19:36.896+0000 7fa32174f700 1 --2- 172.21.15.93:0/3119595624 >> [v2:172.21.15.93:6800/2647964405,v1:172.21.15.93:6801/2647964405] conn(0x7fa304038710 0x7fa30403abc0 unknown :-1 s=CLOSED pgs=0 cs=0 l=1 rev1=0 crypto rx=0 tx=0 comp rx=0 tx=0).stop
2023-12-14T18:19:37.257 INFO:teuthology.orchestra.run.smithi093.stdout:/usr/bin/ceph: stderr
2023-12-14T18:19:36.896+0000 7fa32174f700 1 -- 172.21.15.93:0/3119595624 >> 172.21.15.93:0/3119595624 conn(0x7fa31c0ffed0 msgr2=0x7fa31c100cc0 unknown :-1 s=STATE_NONE l=0).mark_down
2023-12-14T18:19:37.257 INFO:teuthology.orchestra.run.smithi093.stdout:/usr/bin/ceph: stderr
2023-12-14T18:19:36.897+0000 7fa32174f700 1 -- 172.21.15.93:0/3119595624 shutdown_connections
2023-12-14T18:19:37.257 INFO:teuthology.orchestra.run.smithi093.stdout:/usr/bin/ceph: stderr
2023-12-14T18:19:36.897+0000 7fa32174f700 1 -- 172.21.15.93:0/3119595624 wait complete.
2023-12-14T18:19:37.257 INFO:teuthology.orchestra.run.smithi093.stdout:mgr epoch 9 is available
2023-12-14T18:19:37.257 INFO:teuthology.orchestra.run.smithi093.stdout:Generating a dashboard self-signed certificate...
2023-12-14T18:19:38.145 INFO:journalctl@ceph.mon.a.smithi093.stdout:Dec 14 18:19:37 smithi093 ceph-mon[42070]: [14/Dec/2023:18:19:36] ENGINE Bus STARTING
2023-12-14T18:19:38.145 INFO:journalctl@ceph.mon.a.smithi093.stdout:Dec 14 18:19:37 smithi093 ceph-mon[42070]: [14/Dec/2023:18:19:36] ENGINE Serving on https://172.21.15.93:7150
2023-12-14T18:19:38.145 INFO:journalctl@ceph.mon.a.smithi093.stdout:Dec 14 18:19:37 smithi093 ceph-mon[42070]: [14/Dec/2023:18:19:36] ENGINE Serving on http://172.21.15.93:8765
2023-12-14T18:19:38.145 INFO:journalctl@ceph.mon.a.smithi093.stdout:Dec 14 18:19:37 smithi093 ceph-mon[42070]: [14/Dec/2023:18:19:36] ENGINE Bus STARTED
2023-12-14T18:19:38.145 INFO:journalctl@ceph.mon.a.smithi093.stdout:Dec 14 18:19:37 smithi093 ceph-mon[42070]: from='mgr.14152 172.21.15.93:0/379536810' entity='mgr.x'
2023-12-14T18:19:38.145 INFO:journalctl@ceph.mon.a.smithi093.stdout:Dec 14 18:19:37 smithi093 ceph-mon[42070]: from='client.14156 -' entity='client.admin' cmd=[{"prefix": "get_command_descriptions"}]: dispatch
2023-12-14T18:19:38.145 INFO:journalctl@ceph.mon.a.smithi093.stdout:Dec 14 18:19:37 smithi093 ceph-mon[42070]: mgrmap e11: x(active, since 1.00584s)
2023-12-14T18:19:38.145 INFO:journalctl@ceph.mon.a.smithi093.stdout:Dec 14 18:19:37 smithi093 ceph-mon[42070]: from='client.14156 -' entity='client.admin' cmd=[{"prefix": "mgr_status"}]: dispatch
2023-12-14T18:19:38.145 INFO:journalctl@ceph.mon.a.smithi093.stdout:Dec 14 18:19:37 smithi093 ceph-mon[42070]: from='mgr.14152 172.21.15.93:0/379536810' entity='mgr.x'
2023-12-14T18:19:38.294 INFO:teuthology.orchestra.run.smithi093.stdout:/usr/bin/ceph: stdout Self-signed certificate created
2023-12-14T18:19:38.294 INFO:teuthology.orchestra.run.smithi093.stdout:/usr/bin/ceph: stderr
2023-12-14T18:19:37.666+0000 7ffbc4889700 1 Processor -- start
2023-12-14T18:19:38.294 INFO:teuthology.orchestra.run.smithi093.stdout:/usr/bin/ceph: stderr
2023-12-14T18:19:37.667+0000 7ffbc4889700 1 -- start start
2023-12-14T18:19:38.294 INFO:teuthology.orchestra.run.smithi093.stdout:/usr/bin/ceph: stderr
2023-12-14T18:19:37.667+0000 7ffbc4889700 1 --2- >> [v2:172.21.15.93:3300/0,v1:172.21.15.93:6789/0] conn(0x7ffbc0103d00 0x7ffbc0104110 unknown :-1 s=NONE pgs=0 cs=0 l=0 rev1=0 crypto rx=0 tx=0 comp rx=0 tx=0).connect
2023-12-14T18:19:38.294 INFO:teuthology.orchestra.run.smithi093.stdout:/usr/bin/ceph: stderr
2023-12-14T18:19:37.667+0000 7ffbc4889700 1 -- --> [v2:172.21.15.93:3300/0,v1:172.21.15.93:6789/0] -- mon_getmap magic: 0 v1 -- 0x7ffbc01046e0 con 0x7ffbc0103d00
2023-12-14T18:19:38.294 INFO:teuthology.orchestra.run.smithi093.stdout:/usr/bin/ceph: stderr
2023-12-14T18:19:37.667+0000 7ffbbe59c700 1 --2- >> [v2:172.21.15.93:3300/0,v1:172.21.15.93:6789/0] conn(0x7ffbc0103d00 0x7ffbc0104110 unknown :-1 s=BANNER_CONNECTING pgs=0 cs=0 l=0 rev1=0 crypto rx=0 tx=0 comp rx=0 tx=0)._handle_peer_banner_payload supported=3 required=0
2023-12-14T18:19:38.294 INFO:teuthology.orchestra.run.smithi093.stdout:/usr/bin/ceph: stderr
2023-12-14T18:19:37.667+0000 7ffbbe59c700 1 --2- >> [v2:172.21.15.93:3300/0,v1:172.21.15.93:6789/0] conn(0x7ffbc0103d00 0x7ffbc0104110 unknown :-1 s=HELLO_CONNECTING pgs=0 cs=0 l=0 rev1=1 crypto rx=0 tx=0 comp rx=0 tx=0).handle_hello peer v2:172.21.15.93:3300/0 says I am v2:172.21.15.93:41312/0 (socket says 172.21.15.93:41312)
2023-12-14T18:19:38.294 INFO:teuthology.orchestra.run.smithi093.stdout:/usr/bin/ceph: stderr
2023-12-14T18:19:37.667+0000 7ffbbe59c700 1 -- 172.21.15.93:0/1225154864 learned_addr learned my addr 172.21.15.93:0/1225154864 (peer_addr_for_me v2:172.21.15.93:0/0)
2023-12-14T18:19:38.295 INFO:teuthology.orchestra.run.smithi093.stdout:/usr/bin/ceph: stderr
2023-12-14T18:19:37.667+0000 7ffbbe59c700 1 -- 172.21.15.93:0/1225154864 --> [v2:172.21.15.93:3300/0,v1:172.21.15.93:6789/0] -- mon_subscribe({config=0+,monmap=0+}) v3 -- 0x7ffbc0104820 con 0x7ffbc0103d00
2023-12-14T18:19:38.295 INFO:teuthology.orchestra.run.smithi093.stdout:/usr/bin/ceph: stderr
2023-12-14T18:19:37.667+0000 7ffbbe59c700 1 --2- 172.21.15.93:0/1225154864 >> [v2:172.21.15.93:3300/0,v1:172.21.15.93:6789/0] conn(0x7ffbc0103d00 0x7ffbc0104110 secure :-1 s=READY pgs=70 cs=0 l=1 rev1=1 crypto rx=0x7ffbb00098a0 tx=0x7ffbb0009bb0 comp rx=0 tx=0).ready entity=mon.0 client_cookie=8d6b1cc7b0b2c4c5 server_cookie=0 in_seq=0 out_seq=0
2023-12-14T18:19:38.295 INFO:teuthology.orchestra.run.smithi093.stdout:/usr/bin/ceph: stderr
2023-12-14T18:19:37.668+0000 7ffbbd59a700 1 -- 172.21.15.93:0/1225154864 <== mon.0 v2:172.21.15.93:3300/0 1 ==== mon_map magic: 0 v1 ==== 205+0+0 (secure 0 0 0) 0x7ffbb0004160 con 0x7ffbc0103d00
2023-12-14T18:19:38.295 INFO:teuthology.orchestra.run.smithi093.stdout:/usr/bin/ceph: stderr
2023-12-14T18:19:37.668+0000 7ffbbd59a700 1 -- 172.21.15.93:0/1225154864 <== mon.0 v2:172.21.15.93:3300/0 2 ==== config(26 keys) v1 ==== 1105+0+0 (secure 0 0 0) 0x7ffbb00042c0 con 0x7ffbc0103d00
2023-12-14T18:19:38.295 INFO:teuthology.orchestra.run.smithi093.stdout:/usr/bin/ceph: stderr
2023-12-14T18:19:37.668+0000 7ffbbd59a700 1 -- 172.21.15.93:0/1225154864 <== mon.0 v2:172.21.15.93:3300/0 3 ==== mon_map magic: 0 v1 ==== 205+0+0 (secure 0 0 0) 0x7ffbb00119b0 con 0x7ffbc0103d00
2023-12-14T18:19:38.295 INFO:teuthology.orchestra.run.smithi093.stdout:/usr/bin/ceph: stderr
2023-12-14T18:19:37.668+0000 7ffbc4889700 1 -- 172.21.15.93:0/1225154864 >> [v2:172.21.15.93:3300/0,v1:172.21.15.93:6789/0] conn(0x7ffbc0103d00 msgr2=0x7ffbc0104110 secure :-1 s=STATE_CONNECTION_ESTABLISHED l=1).mark_down
2023-12-14T18:19:38.295 INFO:teuthology.orchestra.run.smithi093.stdout:/usr/bin/ceph: stderr
2023-12-14T18:19:37.668+0000 7ffbc4889700 1 --2- 172.21.15.93:0/1225154864 >> [v2:172.21.15.93:3300/0,v1:172.21.15.93:6789/0] conn(0x7ffbc0103d00 0x7ffbc0104110 secure :-1 s=READY pgs=70 cs=0 l=1 rev1=1 crypto rx=0x7ffbb00098a0 tx=0x7ffbb0009bb0 comp rx=0 tx=0).stop
2023-12-14T18:19:38.295 INFO:teuthology.orchestra.run.smithi093.stdout:/usr/bin/ceph: stderr
2023-12-14T18:19:37.669+0000 7ffbc4889700 1 -- 172.21.15.93:0/1225154864 shutdown_connections
2023-12-14T18:19:38.295 INFO:teuthology.orchestra.run.smithi093.stdout:/usr/bin/ceph: stderr
2023-12-14T18:19:37.669+0000 7ffbc4889700 1 --2- 172.21.15.93:0/1225154864 >> [v2:172.21.15.93:3300/0,v1:172.21.15.93:6789/0] conn(0x7ffbc0103d00 0x7ffbc0104110 unknown :-1 s=CLOSED pgs=70 cs=0 l=1 rev1=1 crypto rx=0 tx=0 comp rx=0 tx=0).stop
2023-12-14T18:19:38.295 INFO:teuthology.orchestra.run.smithi093.stdout:/usr/bin/ceph: stderr
2023-12-14T18:19:37.669+0000 7ffbc4889700 1 -- 172.21.15.93:0/1225154864 >> 172.21.15.93:0/1225154864 conn(0x7ffbc00ff650 msgr2=0x7ffbc0101a80 unknown :-1 s=STATE_NONE l=0).mark_down
2023-12-14T18:19:38.295 INFO:teuthology.orchestra.run.smithi093.stdout:/usr/bin/ceph: stderr
2023-12-14T18:19:37.669+0000 7ffbc4889700 1 -- 172.21.15.93:0/1225154864 shutdown_connections
2023-12-14T18:19:38.295 INFO:teuthology.orchestra.run.smithi093.stdout:/usr/bin/ceph: stderr
2023-12-14T18:19:37.669+0000 7ffbc4889700 1 -- 172.21.15.93:0/1225154864 wait complete.
2023-12-14T18:19:38.295 INFO:teuthology.orchestra.run.smithi093.stdout:/usr/bin/ceph: stderr
2023-12-14T18:19:37.669+0000 7ffbc4889700 1 Processor -- start
2023-12-14T18:19:38.295 INFO:teuthology.orchestra.run.smithi093.stdout:/usr/bin/ceph: stderr
2023-12-14T18:19:37.669+0000 7ffbc4889700 1 -- start start
2023-12-14T18:19:38.295 INFO:teuthology.orchestra.run.smithi093.stdout:/usr/bin/ceph: stderr
2023-12-14T18:19:37.670+0000 7ffbc4889700 1 --2- >> [v2:172.21.15.93:3300/0,v1:172.21.15.93:6789/0] conn(0x7ffbc0103d00 0x7ffbc01066e0 unknown :-1 s=NONE pgs=0 cs=0 l=1 rev1=0 crypto rx=0 tx=0 comp rx=0 tx=0).connect
2023-12-14T18:19:38.295 INFO:teuthology.orchestra.run.smithi093.stdout:/usr/bin/ceph: stderr
2023-12-14T18:19:37.670+0000 7ffbc4889700 1 -- --> [v2:172.21.15.93:3300/0,v1:172.21.15.93:6789/0] -- mon_getmap magic: 0 v1 -- 0x7ffbc0106c20 con 0x7ffbc0103d00
2023-12-14T18:19:38.296 INFO:teuthology.orchestra.run.smithi093.stdout:/usr/bin/ceph: stderr
2023-12-14T18:19:37.670+0000 7ffbbe59c700 1 --2- >> [v2:172.21.15.93:3300/0,v1:172.21.15.93:6789/0] conn(0x7ffbc0103d00 0x7ffbc01066e0 unknown :-1 s=BANNER_CONNECTING pgs=0 cs=0 l=1 rev1=0 crypto rx=0 tx=0 comp rx=0 tx=0)._handle_peer_banner_payload supported=3 required=0
2023-12-14T18:19:38.296 INFO:teuthology.orchestra.run.smithi093.stdout:/usr/bin/ceph: stderr
2023-12-14T18:19:37.670+0000 7ffbbe59c700 1 --2- >> [v2:172.21.15.93:3300/0,v1:172.21.15.93:6789/0] conn(0x7ffbc0103d00 0x7ffbc01066e0 unknown :-1 s=HELLO_CONNECTING pgs=0 cs=0 l=1 rev1=1 crypto rx=0 tx=0 comp rx=0 tx=0).handle_hello peer v2:172.21.15.93:3300/0 says I am v2:172.21.15.93:41328/0 (socket says 172.21.15.93:41328)
2023-12-14T18:19:38.296 INFO:teuthology.orchestra.run.smithi093.stdout:/usr/bin/ceph: stderr
2023-12-14T18:19:37.670+0000 7ffbbe59c700 1 -- 172.21.15.93:0/493550624 learned_addr learned my addr 172.21.15.93:0/493550624 (peer_addr_for_me v2:172.21.15.93:0/0)
2023-12-14T18:19:38.296 INFO:teuthology.orchestra.run.smithi093.stdout:/usr/bin/ceph: stderr
2023-12-14T18:19:37.670+0000 7ffbbe59c700 1 -- 172.21.15.93:0/493550624 --> [v2:172.21.15.93:3300/0,v1:172.21.15.93:6789/0] -- mon_subscribe({config=0+,monmap=0+}) v3 -- 0x7ffbb0009550 con 0x7ffbc0103d00
2023-12-14T18:19:38.296 INFO:teuthology.orchestra.run.smithi093.stdout:/usr/bin/ceph: stderr
2023-12-14T18:19:37.670+0000 7ffbbe59c700 1 --2- 172.21.15.93:0/493550624 >> [v2:172.21.15.93:3300/0,v1:172.21.15.93:6789/0] conn(0x7ffbc0103d00 0x7ffbc01066e0 secure :-1 s=READY pgs=71 cs=0 l=1 rev1=1 crypto rx=0x7ffbb0000c00 tx=0x7ffbb0011a30 comp rx=0 tx=0).ready entity=mon.0 client_cookie=0 server_cookie=0 in_seq=0 out_seq=0
2023-12-14T18:19:38.296 INFO:teuthology.orchestra.run.smithi093.stdout:/usr/bin/ceph: stderr
2023-12-14T18:19:37.670+0000 7ffbaf7fe700 1 -- 172.21.15.93:0/493550624 <== mon.0 v2:172.21.15.93:3300/0 1 ==== mon_map magic: 0 v1 ==== 205+0+0 (secure 0 0 0) 0x7ffbb00039f0 con 0x7ffbc0103d00
2023-12-14T18:19:38.296 INFO:teuthology.orchestra.run.smithi093.stdout:/usr/bin/ceph: stderr
2023-12-14T18:19:37.670+0000 7ffbaf7fe700 1 -- 172.21.15.93:0/493550624 <== mon.0 v2:172.21.15.93:3300/0 2 ==== config(26 keys) v1 ==== 1105+0+0 (secure 0 0 0) 0x7ffbb0003b50 con 0x7ffbc0103d00
2023-12-14T18:19:38.296 INFO:teuthology.orchestra.run.smithi093.stdout:/usr/bin/ceph: stderr
2023-12-14T18:19:37.670+0000 7ffbc4889700 1 -- 172.21.15.93:0/493550624 --> [v2:172.21.15.93:3300/0,v1:172.21.15.93:6789/0] -- mon_subscribe({mgrmap=0+}) v3 -- 0x7ffbc0107b60 con 0x7ffbc0103d00
2023-12-14T18:19:38.296 INFO:teuthology.orchestra.run.smithi093.stdout:/usr/bin/ceph: stderr
2023-12-14T18:19:37.670+0000 7ffbaf7fe700 1 -- 172.21.15.93:0/493550624 <== mon.0 v2:172.21.15.93:3300/0 3 ==== mon_map magic: 0 v1 ==== 205+0+0 (secure 0 0 0) 0x7ffbb001a780 con 0x7ffbc0103d00
2023-12-14T18:19:38.296 INFO:teuthology.orchestra.run.smithi093.stdout:/usr/bin/ceph: stderr
2023-12-14T18:19:37.670+0000 7ffbc4889700 1 -- 172.21.15.93:0/493550624 --> [v2:172.21.15.93:3300/0,v1:172.21.15.93:6789/0] -- mon_subscribe({osdmap=0}) v3 -- 0x7ffbc01079d0 con 0x7ffbc0103d00
2023-12-14T18:19:38.296 INFO:teuthology.orchestra.run.smithi093.stdout:/usr/bin/ceph: stderr
2023-12-14T18:19:37.671+0000 7ffbaf7fe700 1 -- 172.21.15.93:0/493550624 <== mon.0 v2:172.21.15.93:3300/0 4 ==== mgrmap(e 11) v1 ==== 45390+0+0 (secure 0 0 0) 0x7ffbb001aa40 con 0x7ffbc0103d00
2023-12-14T18:19:38.296 INFO:teuthology.orchestra.run.smithi093.stdout:/usr/bin/ceph: stderr
2023-12-14T18:19:37.671+0000 7ffbaf7fe700 1 --2- 172.21.15.93:0/493550624 >> [v2:172.21.15.93:6800/3802499407,v1:172.21.15.93:6801/3802499407] conn(0x7ffba8038630 0x7ffba803aae0 unknown :-1 s=NONE pgs=0 cs=0 l=1 rev1=0 crypto rx=0 tx=0 comp rx=0 tx=0).connect
2023-12-14T18:19:38.296 INFO:teuthology.orchestra.run.smithi093.stdout:/usr/bin/ceph: stderr
2023-12-14T18:19:37.671+0000 7ffbaf7fe700 1 -- 172.21.15.93:0/493550624 <== mon.0 v2:172.21.15.93:3300/0 5 ==== osd_map(3..3 src has 1..3) v4 ==== 1155+0+0 (secure 0 0 0) 0x7ffbb004c710 con 0x7ffbc0103d00
2023-12-14T18:19:38.296 INFO:teuthology.orchestra.run.smithi093.stdout:/usr/bin/ceph: stderr
2023-12-14T18:19:37.671+0000 7ffbc4889700 1 -- 172.21.15.93:0/493550624 --> [v2:172.21.15.93:3300/0,v1:172.21.15.93:6789/0] -- mon_command({"prefix": "get_command_descriptions"} v 0) v1 -- 0x7ffbc0062120 con 0x7ffbc0103d00
2023-12-14T18:19:38.296 INFO:teuthology.orchestra.run.smithi093.stdout:/usr/bin/ceph: stderr
2023-12-14T18:19:37.671+0000 7ffbbdd9b700 1 --2- 172.21.15.93:0/493550624 >> [v2:172.21.15.93:6800/3802499407,v1:172.21.15.93:6801/3802499407] conn(0x7ffba8038630 0x7ffba803aae0 unknown :-1 s=BANNER_CONNECTING pgs=0 cs=0 l=1 rev1=0 crypto rx=0 tx=0 comp rx=0 tx=0)._handle_peer_banner_payload supported=3 required=0
2023-12-14T18:19:38.297 INFO:teuthology.orchestra.run.smithi093.stdout:/usr/bin/ceph: stderr
2023-12-14T18:19:37.672+0000 7ffbbdd9b700 1 --2- 172.21.15.93:0/493550624 >> [v2:172.21.15.93:6800/3802499407,v1:172.21.15.93:6801/3802499407] conn(0x7ffba8038630 0x7ffba803aae0 secure :-1 s=READY pgs=7 cs=0 l=1 rev1=1 crypto rx=0x7ffbb4006fd0 tx=0x7ffbb4006e40 comp rx=0 tx=0).ready entity=mgr.14152 client_cookie=0 server_cookie=0 in_seq=0 out_seq=0
2023-12-14T18:19:38.297 INFO:teuthology.orchestra.run.smithi093.stdout:/usr/bin/ceph: stderr
2023-12-14T18:19:37.676+0000 7ffbaf7fe700 1 -- 172.21.15.93:0/493550624 <== mon.0 v2:172.21.15.93:3300/0 6 ==== mon_command_ack([{"prefix": "get_command_descriptions"}]=0 v0) v1 ==== 72+0+177948 (secure 0 0 0) 0x7ffbb001ad40 con 0x7ffbc0103d00
2023-12-14T18:19:38.297 INFO:teuthology.orchestra.run.smithi093.stdout:/usr/bin/ceph: stderr
2023-12-14T18:19:37.883+0000 7ffbc4889700 1 -- 172.21.15.93:0/493550624 --> [v2:172.21.15.93:6800/3802499407,v1:172.21.15.93:6801/3802499407] -- mgr_command(tid 0: {"prefix": "dashboard create-self-signed-cert", "target": ["mon-mgr", ""]}) v1 -- 0x7ffbc0105490 con 0x7ffba8038630
2023-12-14T18:19:38.297 INFO:teuthology.orchestra.run.smithi093.stdout:/usr/bin/ceph: stderr
2023-12-14T18:19:37.963+0000 7ffbaf7fe700 1 -- 172.21.15.93:0/493550624 <== mgr.14152 v2:172.21.15.93:6800/3802499407 1 ==== mgr_command_reply(tid 0: 0 ) v1 ==== 8+0+32 (secure 0 0 0) 0x7ffbc0105490 con 0x7ffba8038630
2023-12-14T18:19:38.297 INFO:teuthology.orchestra.run.smithi093.stdout:/usr/bin/ceph: stderr
2023-12-14T18:19:37.966+0000 7ffbc4889700 1 -- 172.21.15.93:0/493550624 >> [v2:172.21.15.93:6800/3802499407,v1:172.21.15.93:6801/3802499407] conn(0x7ffba8038630 msgr2=0x7ffba803aae0 secure :-1 s=STATE_CONNECTION_ESTABLISHED l=1).mark_down
2023-12-14T18:19:38.297 INFO:teuthology.orchestra.run.smithi093.stdout:/usr/bin/ceph: stderr
2023-12-14T18:19:37.966+0000 7ffbc4889700 1 --2- 172.21.15.93:0/493550624 >> [v2:172.21.15.93:6800/3802499407,v1:172.21.15.93:6801/3802499407] conn(0x7ffba8038630 0x7ffba803aae0 secure :-1 s=READY pgs=7 cs=0 l=1 rev1=1 crypto rx=0x7ffbb4006fd0 tx=0x7ffbb4006e40 comp rx=0 tx=0).stop
2023-12-14T18:19:38.297 INFO:teuthology.orchestra.run.smithi093.stdout:/usr/bin/ceph: stderr
2023-12-14T18:19:37.966+0000 7ffbc4889700 1 -- 172.21.15.93:0/493550624 >> [v2:172.21.15.93:3300/0,v1:172.21.15.93:6789/0] conn(0x7ffbc0103d00 msgr2=0x7ffbc01066e0 secure :-1 s=STATE_CONNECTION_ESTABLISHED l=1).mark_down
2023-12-14T18:19:38.297 INFO:teuthology.orchestra.run.smithi093.stdout:/usr/bin/ceph: stderr
2023-12-14T18:19:37.966+0000 7ffbc4889700 1 --2- 172.21.15.93:0/493550624 >> [v2:172.21.15.93:3300/0,v1:172.21.15.93:6789/0] conn(0x7ffbc0103d00 0x7ffbc01066e0 secure :-1 s=READY pgs=71 cs=0 l=1 rev1=1 crypto rx=0x7ffbb0000c00 tx=0x7ffbb0011a30 comp rx=0 tx=0).stop
2023-12-14T18:19:38.297 INFO:teuthology.orchestra.run.smithi093.stdout:/usr/bin/ceph: stderr
2023-12-14T18:19:37.966+0000 7ffbc4889700 1 -- 172.21.15.93:0/493550624 shutdown_connections
2023-12-14T18:19:38.297 INFO:teuthology.orchestra.run.smithi093.stdout:/usr/bin/ceph: stderr
2023-12-14T18:19:37.966+0000 7ffbc4889700 1 --2- 172.21.15.93:0/493550624 >> [v2:172.21.15.93:6800/3802499407,v1:172.21.15.93:6801/3802499407] conn(0x7ffba8038630 0x7ffba803aae0 unknown :-1 s=CLOSED pgs=7 cs=0 l=1 rev1=1 crypto rx=0 tx=0 comp rx=0 tx=0).stop
2023-12-14T18:19:38.297 INFO:teuthology.orchestra.run.smithi093.stdout:/usr/bin/ceph: stderr
2023-12-14T18:19:37.966+0000 7ffbc4889700 1 --2- 172.21.15.93:0/493550624 >> [v2:172.21.15.93:3300/0,v1:172.21.15.93:6789/0] conn(0x7ffbc0103d00 0x7ffbc01066e0 unknown :-1 s=CLOSED pgs=71 cs=0 l=1 rev1=1 crypto rx=0 tx=0 comp rx=0 tx=0).stop
2023-12-14T18:19:38.297 INFO:teuthology.orchestra.run.smithi093.stdout:/usr/bin/ceph: stderr
2023-12-14T18:19:37.966+0000 7ffbc4889700 1 -- 172.21.15.93:0/493550624 >> 172.21.15.93:0/493550624 conn(0x7ffbc00ff650 msgr2=0x7ffbc0100d30 unknown :-1 s=STATE_NONE l=0).mark_down
2023-12-14T18:19:38.297 INFO:teuthology.orchestra.run.smithi093.stdout:/usr/bin/ceph: stderr
2023-12-14T18:19:37.966+0000 7ffbc4889700 1 -- 172.21.15.93:0/493550624 shutdown_connections
2023-12-14T18:19:38.297 INFO:teuthology.orchestra.run.smithi093.stdout:/usr/bin/ceph: stderr
2023-12-14T18:19:37.966+0000 7ffbc4889700 1 -- 172.21.15.93:0/493550624 wait complete.
2023-12-14T18:19:38.297 INFO:teuthology.orchestra.run.smithi093.stdout:Creating initial admin user...
2023-12-14T18:19:39.064 INFO:journalctl@ceph.mon.a.smithi093.stdout:Dec 14 18:19:38 smithi093 ceph-mon[42070]: from='client.14164 -' entity='client.admin' cmd=[{"prefix": "dashboard create-self-signed-cert", "target": ["mon-mgr", ""]}]: dispatch
2023-12-14T18:19:39.064 INFO:journalctl@ceph.mon.a.smithi093.stdout:Dec 14 18:19:38 smithi093 ceph-mon[42070]: from='mgr.14152 172.21.15.93:0/379536810' entity='mgr.x'
2023-12-14T18:19:39.065 INFO:journalctl@ceph.mon.a.smithi093.stdout:Dec 14 18:19:38 smithi093 ceph-mon[42070]: from='mgr.14152 172.21.15.93:0/379536810' entity='mgr.x'
2023-12-14T18:19:39.065 INFO:journalctl@ceph.mon.a.smithi093.stdout:Dec 14 18:19:38 smithi093 ceph-mon[42070]: mgrmap e12: x(active, since 2s)
2023-12-14T18:19:39.759 INFO:teuthology.orchestra.run.smithi093.stdout:/usr/bin/ceph: stdout {"username": "admin", "password": "$2b$12$Abmwa0j6UqBKi8kxa47OJeazrVWRTOsCJPP8NsHVqQ5L6V4CHLMdK", "roles": ["administrator"], "name": null, "email": null, "lastUpdate": 1702577979, "enabled": true, "pwdExpirationDate": null, "pwdUpdateRequired": true}
2023-12-14T18:19:39.760 INFO:teuthology.orchestra.run.smithi093.stdout:/usr/bin/ceph: stderr
2023-12-14T18:19:38.666+0000 7f124aa62700 1 Processor -- start
2023-12-14T18:19:39.760 INFO:teuthology.orchestra.run.smithi093.stdout:/usr/bin/ceph: stderr
2023-12-14T18:19:38.666+0000 7f124aa62700 1 -- start start
2023-12-14T18:19:39.760 INFO:teuthology.orchestra.run.smithi093.stdout:/usr/bin/ceph: stderr
2023-12-14T18:19:38.666+0000 7f124aa62700 1 --2- >> [v2:172.21.15.93:3300/0,v1:172.21.15.93:6789/0] conn(0x7f1244105fa0 0x7f12441063b0 unknown :-1 s=NONE pgs=0 cs=0 l=0 rev1=0 crypto rx=0 tx=0 comp rx=0 tx=0).connect
2023-12-14T18:19:39.760 INFO:teuthology.orchestra.run.smithi093.stdout:/usr/bin/ceph: stderr
2023-12-14T18:19:38.666+0000 7f124aa62700 1 -- --> [v2:172.21.15.93:3300/0,v1:172.21.15.93:6789/0] -- mon_getmap magic: 0 v1 -- 0x7f1244106980 con 0x7f1244105fa0
2023-12-14T18:19:39.760 INFO:teuthology.orchestra.run.smithi093.stdout:/usr/bin/ceph: stderr
2023-12-14T18:19:38.667+0000 7f1243fff700 1 --2- >> [v2:172.21.15.93:3300/0,v1:172.21.15.93:6789/0] conn(0x7f1244105fa0 0x7f12441063b0 unknown :-1 s=BANNER_CONNECTING pgs=0 cs=0 l=0 rev1=0 crypto rx=0 tx=0 comp rx=0 tx=0)._handle_peer_banner_payload supported=3 required=0
2023-12-14T18:19:39.760 INFO:teuthology.orchestra.run.smithi093.stdout:/usr/bin/ceph: stderr
2023-12-14T18:19:38.667+0000 7f1243fff700 1 --2- >> [v2:172.21.15.93:3300/0,v1:172.21.15.93:6789/0] conn(0x7f1244105fa0 0x7f12441063b0 unknown :-1 s=HELLO_CONNECTING pgs=0 cs=0 l=0 rev1=1 crypto rx=0 tx=0 comp rx=0 tx=0).handle_hello peer v2:172.21.15.93:3300/0 says I am v2:172.21.15.93:41334/0 (socket says 172.21.15.93:41334)
2023-12-14T18:19:39.760 INFO:teuthology.orchestra.run.smithi093.stdout:/usr/bin/ceph: stderr
2023-12-14T18:19:38.667+0000 7f1243fff700 1 -- 172.21.15.93:0/2348618411 learned_addr learned my addr 172.21.15.93:0/2348618411 (peer_addr_for_me v2:172.21.15.93:0/0)
2023-12-14T18:19:39.760 INFO:teuthology.orchestra.run.smithi093.stdout:/usr/bin/ceph: stderr
2023-12-14T18:19:38.667+0000 7f1243fff700 1 -- 172.21.15.93:0/2348618411 --> [v2:172.21.15.93:3300/0,v1:172.21.15.93:6789/0] -- mon_subscribe({config=0+,monmap=0+}) v3 -- 0x7f1244106ac0 con 0x7f1244105fa0
2023-12-14T18:19:39.760 INFO:teuthology.orchestra.run.smithi093.stdout:/usr/bin/ceph: stderr
2023-12-14T18:19:38.667+0000 7f1243fff700 1 --2- 172.21.15.93:0/2348618411 >> [v2:172.21.15.93:3300/0,v1:172.21.15.93:6789/0] conn(0x7f1244105fa0 0x7f12441063b0 secure :-1 s=READY pgs=72 cs=0 l=1 rev1=1 crypto rx=0x7f122c0098a0 tx=0x7f122c009bb0 comp rx=0 tx=0).ready entity=mon.0 client_cookie=c894935b025d878a server_cookie=0 in_seq=0 out_seq=0
2023-12-14T18:19:39.760 INFO:teuthology.orchestra.run.smithi093.stdout:/usr/bin/ceph: stderr
2023-12-14T18:19:38.667+0000 7f1242ffd700 1 -- 172.21.15.93:0/2348618411 <== mon.0 v2:172.21.15.93:3300/0 1 ==== mon_map magic: 0 v1 ==== 205+0+0 (secure 0 0 0) 0x7f122c004160 con 0x7f1244105fa0
2023-12-14T18:19:39.760 INFO:teuthology.orchestra.run.smithi093.stdout:/usr/bin/ceph: stderr
2023-12-14T18:19:38.667+0000 7f1242ffd700 1 -- 172.21.15.93:0/2348618411 <== mon.0 v2:172.21.15.93:3300/0 2 ==== config(26 keys) v1 ==== 1105+0+0 (secure 0 0 0) 0x7f122c0042c0 con 0x7f1244105fa0
2023-12-14T18:19:39.760 INFO:teuthology.orchestra.run.smithi093.stdout:/usr/bin/ceph: stderr
2023-12-14T18:19:38.667+0000 7f1242ffd700 1 -- 172.21.15.93:0/2348618411 <== mon.0 v2:172.21.15.93:3300/0 3 ==== mon_map magic: 0 v1 ==== 205+0+0 (secure 0 0 0) 0x7f122c0119b0 con 0x7f1244105fa0
2023-12-14T18:19:39.760 INFO:teuthology.orchestra.run.smithi093.stdout:/usr/bin/ceph: stderr
2023-12-14T18:19:38.668+0000 7f124aa62700 1 -- 172.21.15.93:0/2348618411 >> [v2:172.21.15.93:3300/0,v1:172.21.15.93:6789/0] conn(0x7f1244105fa0 msgr2=0x7f12441063b0 secure :-1 s=STATE_CONNECTION_ESTABLISHED l=1).mark_down
2023-12-14T18:19:39.760 INFO:teuthology.orchestra.run.smithi093.stdout:/usr/bin/ceph: stderr
2023-12-14T18:19:38.668+0000 7f124aa62700 1 --2- 172.21.15.93:0/2348618411 >> [v2:172.21.15.93:3300/0,v1:172.21.15.93:6789/0] conn(0x7f1244105fa0 0x7f12441063b0 secure :-1 s=READY pgs=72 cs=0 l=1 rev1=1 crypto rx=0x7f122c0098a0 tx=0x7f122c009bb0 comp rx=0 tx=0).stop
2023-12-14T18:19:39.761 INFO:teuthology.orchestra.run.smithi093.stdout:/usr/bin/ceph: stderr
2023-12-14T18:19:38.668+0000 7f124aa62700 1 -- 172.21.15.93:0/2348618411 shutdown_connections
2023-12-14T18:19:39.761 INFO:teuthology.orchestra.run.smithi093.stdout:/usr/bin/ceph: stderr
2023-12-14T18:19:38.668+0000 7f124aa62700 1 --2- 172.21.15.93:0/2348618411 >> [v2:172.21.15.93:3300/0,v1:172.21.15.93:6789/0] conn(0x7f1244105fa0 0x7f12441063b0 unknown :-1 s=CLOSED pgs=72 cs=0 l=1 rev1=1 crypto rx=0 tx=0 comp rx=0 tx=0).stop
2023-12-14T18:19:39.761 INFO:teuthology.orchestra.run.smithi093.stdout:/usr/bin/ceph: stderr
2023-12-14T18:19:38.668+0000 7f124aa62700 1 -- 172.21.15.93:0/2348618411 >> 172.21.15.93:0/2348618411 conn(0x7f12440ff650 msgr2=0x7f1244101a80 unknown :-1 s=STATE_NONE l=0).mark_down
2023-12-14T18:19:39.761 INFO:teuthology.orchestra.run.smithi093.stdout:/usr/bin/ceph: stderr
2023-12-14T18:19:38.668+0000 7f124aa62700 1 -- 172.21.15.93:0/2348618411 shutdown_connections
2023-12-14T18:19:39.761 INFO:teuthology.orchestra.run.smithi093.stdout:/usr/bin/ceph: stderr
2023-12-14T18:19:38.668+0000 7f124aa62700 1 -- 172.21.15.93:0/2348618411 wait complete.
2023-12-14T18:19:39.761 INFO:teuthology.orchestra.run.smithi093.stdout:/usr/bin/ceph: stderr
2023-12-14T18:19:38.669+0000 7f124aa62700 1 Processor -- start
2023-12-14T18:19:39.761 INFO:teuthology.orchestra.run.smithi093.stdout:/usr/bin/ceph: stderr
2023-12-14T18:19:38.669+0000 7f124aa62700 1 -- start start
2023-12-14T18:19:39.761 INFO:teuthology.orchestra.run.smithi093.stdout:/usr/bin/ceph: stderr
2023-12-14T18:19:38.669+0000 7f124aa62700 1 --2- >> [v2:172.21.15.93:3300/0,v1:172.21.15.93:6789/0] conn(0x7f1244105fa0 0x7f124419b900 unknown :-1 s=NONE pgs=0 cs=0 l=1 rev1=0 crypto rx=0 tx=0 comp rx=0 tx=0).connect
2023-12-14T18:19:39.761 INFO:teuthology.orchestra.run.smithi093.stdout:/usr/bin/ceph: stderr
2023-12-14T18:19:38.669+0000 7f124aa62700 1 -- --> [v2:172.21.15.93:3300/0,v1:172.21.15.93:6789/0] -- mon_getmap magic: 0 v1 -- 0x7f124419be40 con 0x7f1244105fa0
2023-12-14T18:19:39.761 INFO:teuthology.orchestra.run.smithi093.stdout:/usr/bin/ceph: stderr
2023-12-14T18:19:38.669+0000 7f1243fff700 1 --2- >> [v2:172.21.15.93:3300/0,v1:172.21.15.93:6789/0] conn(0x7f1244105fa0 0x7f124419b900 unknown :-1 s=BANNER_CONNECTING pgs=0 cs=0 l=1 rev1=0 crypto rx=0 tx=0 comp rx=0 tx=0)._handle_peer_banner_payload supported=3 required=0
2023-12-14T18:19:39.761 INFO:teuthology.orchestra.run.smithi093.stdout:/usr/bin/ceph: stderr
2023-12-14T18:19:38.669+0000 7f1243fff700 1 --2- >> [v2:172.21.15.93:3300/0,v1:172.21.15.93:6789/0] conn(0x7f1244105fa0 0x7f124419b900 unknown :-1 s=HELLO_CONNECTING pgs=0 cs=0 l=1 rev1=1 crypto rx=0 tx=0 comp rx=0 tx=0).handle_hello peer v2:172.21.15.93:3300/0 says I am v2:172.21.15.93:41338/0 (socket says 172.21.15.93:41338)
2023-12-14T18:19:39.761 INFO:teuthology.orchestra.run.smithi093.stdout:/usr/bin/ceph: stderr
2023-12-14T18:19:38.669+0000 7f1243fff700 1 -- 172.21.15.93:0/788610131 learned_addr learned my addr 172.21.15.93:0/788610131 (peer_addr_for_me v2:172.21.15.93:0/0)
2023-12-14T18:19:39.761 INFO:teuthology.orchestra.run.smithi093.stdout:/usr/bin/ceph: stderr
2023-12-14T18:19:38.670+0000 7f1243fff700 1 -- 172.21.15.93:0/788610131 --> [v2:172.21.15.93:3300/0,v1:172.21.15.93:6789/0] -- mon_subscribe({config=0+,monmap=0+}) v3 -- 0x7f122c009550 con 0x7f1244105fa0
2023-12-14T18:19:39.761 INFO:teuthology.orchestra.run.smithi093.stdout:/usr/bin/ceph: stderr
2023-12-14T18:19:38.670+0000 7f1243fff700 1 --2- 172.21.15.93:0/788610131 >> [v2:172.21.15.93:3300/0,v1:172.21.15.93:6789/0] conn(0x7f1244105fa0 0x7f124419b900 secure :-1 s=READY pgs=73 cs=0 l=1 rev1=1 crypto rx=0x7f122c003e60 tx=0x7f122c011aa0 comp rx=0 tx=0).ready entity=mon.0 client_cookie=0 server_cookie=0 in_seq=0 out_seq=0
2023-12-14T18:19:39.761 INFO:teuthology.orchestra.run.smithi093.stdout:/usr/bin/ceph: stderr
2023-12-14T18:19:38.670+0000 7f12417fa700 1 -- 172.21.15.93:0/788610131 <== mon.0 v2:172.21.15.93:3300/0 1 ==== mon_map magic: 0 v1 ==== 205+0+0 (secure 0 0 0) 0x7f122c003970 con 0x7f1244105fa0
2023-12-14T18:19:39.761 INFO:teuthology.orchestra.run.smithi093.stdout:/usr/bin/ceph: stderr
2023-12-14T18:19:38.670+0000 7f12417fa700 1 -- 172.21.15.93:0/788610131 <== mon.0 v2:172.21.15.93:3300/0 2 ==== config(26 keys) v1 ==== 1105+0+0 (secure 0 0 0) 0x7f122c003ad0 con 0x7f1244105fa0
2023-12-14T18:19:39.762 INFO:teuthology.orchestra.run.smithi093.stdout:/usr/bin/ceph: stderr
2023-12-14T18:19:38.670+0000 7f124aa62700 1 -- 172.21.15.93:0/788610131 --> [v2:172.21.15.93:3300/0,v1:172.21.15.93:6789/0] -- mon_subscribe({mgrmap=0+}) v3 -- 0x7f12441048e0 con 0x7f1244105fa0
2023-12-14T18:19:39.762 INFO:teuthology.orchestra.run.smithi093.stdout:/usr/bin/ceph: stderr
2023-12-14T18:19:38.670+0000 7f12417fa700 1 -- 172.21.15.93:0/788610131 <== mon.0 v2:172.21.15.93:3300/0 3 ==== mon_map magic: 0 v1 ==== 205+0+0 (secure 0 0 0) 0x7f122c019590 con 0x7f1244105fa0
2023-12-14T18:19:39.762 INFO:teuthology.orchestra.run.smithi093.stdout:/usr/bin/ceph: stderr
2023-12-14T18:19:38.670+0000 7f124aa62700 1 -- 172.21.15.93:0/788610131 --> [v2:172.21.15.93:3300/0,v1:172.21.15.93:6789/0] -- mon_subscribe({osdmap=0}) v3 -- 0x7f1244104750 con 0x7f1244105fa0
2023-12-14T18:19:39.762 INFO:teuthology.orchestra.run.smithi093.stdout:/usr/bin/ceph: stderr
2023-12-14T18:19:38.671+0000 7f124aa62700 1 -- 172.21.15.93:0/788610131 --> [v2:172.21.15.93:3300/0,v1:172.21.15.93:6789/0] -- mon_command({"prefix": "get_command_descriptions"} v 0) v1 -- 0x7f1244104a70 con 0x7f1244105fa0
2023-12-14T18:19:39.762 INFO:teuthology.orchestra.run.smithi093.stdout:/usr/bin/ceph: stderr
2023-12-14T18:19:38.671+0000 7f12417fa700 1 -- 172.21.15.93:0/788610131 <== mon.0 v2:172.21.15.93:3300/0 4 ==== mgrmap(e 11) v1 ==== 45390+0+0 (secure 0 0 0) 0x7f122c019850 con 0x7f1244105fa0
2023-12-14T18:19:39.762 INFO:teuthology.orchestra.run.smithi093.stdout:/usr/bin/ceph: stderr
2023-12-14T18:19:38.672+0000 7f12417fa700 1 --2- 172.21.15.93:0/788610131 >> [v2:172.21.15.93:6800/3802499407,v1:172.21.15.93:6801/3802499407] conn(0x7f12300385d0 0x7f123003aa80 unknown :-1 s=NONE pgs=0 cs=0 l=1 rev1=0 crypto rx=0 tx=0 comp rx=0 tx=0).connect
2023-12-14T18:19:39.762 INFO:teuthology.orchestra.run.smithi093.stdout:/usr/bin/ceph: stderr
2023-12-14T18:19:38.672+0000 7f12417fa700 1 -- 172.21.15.93:0/788610131 <== mon.0 v2:172.21.15.93:3300/0 5 ==== osd_map(3..3 src has 1..3) v4 ==== 1155+0+0 (secure 0 0 0) 0x7f122c04cc60 con 0x7f1244105fa0
2023-12-14T18:19:39.762 INFO:teuthology.orchestra.run.smithi093.stdout:/usr/bin/ceph: stderr
2023-12-14T18:19:38.672+0000 7f12437fe700 1 --2- 172.21.15.93:0/788610131 >> [v2:172.21.15.93:6800/3802499407,v1:172.21.15.93:6801/3802499407] conn(0x7f12300385d0 0x7f123003aa80 unknown :-1 s=BANNER_CONNECTING pgs=0 cs=0 l=1 rev1=0 crypto rx=0 tx=0 comp rx=0 tx=0)._handle_peer_banner_payload supported=3 required=0
2023-12-14T18:19:39.762 INFO:teuthology.orchestra.run.smithi093.stdout:/usr/bin/ceph: stderr
2023-12-14T18:19:38.672+0000 7f12437fe700 1 --2- 172.21.15.93:0/788610131 >> [v2:172.21.15.93:6800/3802499407,v1:172.21.15.93:6801/3802499407] conn(0x7f12300385d0 0x7f123003aa80 secure :-1 s=READY pgs=8 cs=0 l=1 rev1=1 crypto rx=0x7f1234006fd0 tx=0x7f1234006e40 comp rx=0 tx=0).ready entity=mgr.14152 client_cookie=0 server_cookie=0 in_seq=0 out_seq=0
2023-12-14T18:19:39.762 INFO:teuthology.orchestra.run.smithi093.stdout:/usr/bin/ceph: stderr
2023-12-14T18:19:38.676+0000 7f12417fa700 1 -- 172.21.15.93:0/788610131 <== mon.0 v2:172.21.15.93:3300/0 6 ==== mon_command_ack([{"prefix": "get_command_descriptions"}]=0 v0) v1 ==== 72+0+177948 (secure 0 0 0) 0x7f122c003c40 con 0x7f1244105fa0
2023-12-14T18:19:39.762 INFO:teuthology.orchestra.run.smithi093.stdout:/usr/bin/ceph: stderr
2023-12-14T18:19:38.850+0000 7f12417fa700 1 -- 172.21.15.93:0/788610131 <== mon.0 v2:172.21.15.93:3300/0 7 ==== mgrmap(e 12) v1 ==== 45496+0+0 (secure 0 0 0) 0x7f122c04ba90 con 0x7f1244105fa0
2023-12-14T18:19:39.762 INFO:teuthology.orchestra.run.smithi093.stdout:/usr/bin/ceph: stderr
2023-12-14T18:19:38.893+0000 7f124aa62700 1 -- 172.21.15.93:0/788610131 --> [v2:172.21.15.93:6800/3802499407,v1:172.21.15.93:6801/3802499407] -- mgr_command(tid 0: {"prefix": "dashboard ac-user-create", "username": "admin", "rolename": "administrator", "force_password": true, "pwd_update_required": true, "target": ["mon-mgr", ""]}) v1 -- 0x7f1244061f40 con 0x7f12300385d0
2023-12-14T18:19:39.762 INFO:teuthology.orchestra.run.smithi093.stdout:/usr/bin/ceph: stderr
2023-12-14T18:19:39.117+0000 7f12417fa700 1 -- 172.21.15.93:0/788610131 <== mgr.14152 v2:172.21.15.93:6800/3802499407 1 ==== mgr_command_reply(tid 0: 0 ) v1 ==== 8+0+252 (secure 0 0 0) 0x7f1244061f40 con 0x7f12300385d0
2023-12-14T18:19:39.762 INFO:teuthology.orchestra.run.smithi093.stdout:/usr/bin/ceph: stderr
2023-12-14T18:19:39.119+0000 7f124aa62700 1 -- 172.21.15.93:0/788610131 >> [v2:172.21.15.93:6800/3802499407,v1:172.21.15.93:6801/3802499407] conn(0x7f12300385d0 msgr2=0x7f123003aa80 secure :-1 s=STATE_CONNECTION_ESTABLISHED l=1).mark_down
2023-12-14T18:19:39.763 INFO:teuthology.orchestra.run.smithi093.stdout:/usr/bin/ceph: stderr
2023-12-14T18:19:39.119+0000 7f124aa62700 1 --2- 172.21.15.93:0/788610131 >> [v2:172.21.15.93:6800/3802499407,v1:172.21.15.93:6801/3802499407] conn(0x7f12300385d0 0x7f123003aa80 secure :-1 s=READY pgs=8 cs=0 l=1 rev1=1 crypto rx=0x7f1234006fd0 tx=0x7f1234006e40 comp rx=0 tx=0).stop
2023-12-14T18:19:39.763 INFO:teuthology.orchestra.run.smithi093.stdout:/usr/bin/ceph: stderr
2023-12-14T18:19:39.119+0000 7f124aa62700 1 -- 172.21.15.93:0/788610131 >> [v2:172.21.15.93:3300/0,v1:172.21.15.93:6789/0] conn(0x7f1244105fa0 msgr2=0x7f124419b900 secure :-1 s=STATE_CONNECTION_ESTABLISHED l=1).mark_down
2023-12-14T18:19:39.763 INFO:teuthology.orchestra.run.smithi093.stdout:/usr/bin/ceph: stderr
2023-12-14T18:19:39.119+0000 7f124aa62700 1 --2- 172.21.15.93:0/788610131 >> [v2:172.21.15.93:3300/0,v1:172.21.15.93:6789/0] conn(0x7f1244105fa0 0x7f124419b900 secure :-1 s=READY pgs=73 cs=0 l=1 rev1=1 crypto rx=0x7f122c003e60 tx=0x7f122c011aa0 comp rx=0 tx=0).stop
2023-12-14T18:19:39.763 INFO:teuthology.orchestra.run.smithi093.stdout:/usr/bin/ceph: stderr
2023-12-14T18:19:39.119+0000 7f124aa62700 1 -- 172.21.15.93:0/788610131 shutdown_connections
2023-12-14T18:19:39.763 INFO:teuthology.orchestra.run.smithi093.stdout:/usr/bin/ceph: stderr
2023-12-14T18:19:39.119+0000 7f124aa62700 1 --2- 172.21.15.93:0/788610131 >> [v2:172.21.15.93:6800/3802499407,v1:172.21.15.93:6801/3802499407] conn(0x7f12300385d0 0x7f123003aa80 unknown :-1 s=CLOSED pgs=8 cs=0 l=1 rev1=1 crypto rx=0 tx=0 comp rx=0 tx=0).stop
2023-12-14T18:19:39.763 INFO:teuthology.orchestra.run.smithi093.stdout:/usr/bin/ceph: stderr
2023-12-14T18:19:39.119+0000 7f124aa62700 1 --2- 172.21.15.93:0/788610131 >> [v2:172.21.15.93:3300/0,v1:172.21.15.93:6789/0] conn(0x7f1244105fa0 0x7f124419b900 unknown :-1 s=CLOSED pgs=73 cs=0 l=1 rev1=1 crypto rx=0 tx=0 comp rx=0 tx=0).stop
2023-12-14T18:19:39.763 INFO:teuthology.orchestra.run.smithi093.stdout:/usr/bin/ceph: stderr
2023-12-14T18:19:39.119+0000 7f124aa62700 1 -- 172.21.15.93:0/788610131 >> 172.21.15.93:0/788610131 conn(0x7f12440ff650 msgr2=0x7f1244192740 unknown :-1 s=STATE_NONE l=0).mark_down
2023-12-14T18:19:39.763 INFO:teuthology.orchestra.run.smithi093.stdout:/usr/bin/ceph: stderr
2023-12-14T18:19:39.119+0000 7f124aa62700 1 -- 172.21.15.93:0/788610131 shutdown_connections
2023-12-14T18:19:39.763 INFO:teuthology.orchestra.run.smithi093.stdout:/usr/bin/ceph: stderr
2023-12-14T18:19:39.119+0000 7f124aa62700 1 -- 172.21.15.93:0/788610131 wait complete.
2023-12-14T18:19:39.763 INFO:teuthology.orchestra.run.smithi093.stdout:Fetching dashboard port number...
2023-12-14T18:19:40.461 INFO:journalctl@ceph.mon.a.smithi093.stdout:Dec 14 18:19:40 smithi093 ceph-mon[42070]: from='client.14166 -' entity='client.admin' cmd=[{"prefix": "dashboard ac-user-create", "username": "admin", "rolename": "administrator", "force_password": true, "pwd_update_required": true, "target": ["mon-mgr", ""]}]: dispatch
2023-12-14T18:19:40.461 INFO:journalctl@ceph.mon.a.smithi093.stdout:Dec 14 18:19:40 smithi093 ceph-mon[42070]: from='mgr.14152 172.21.15.93:0/379536810' entity='mgr.x'
2023-12-14T18:19:40.661 INFO:teuthology.orchestra.run.smithi093.stdout:/usr/bin/ceph: stdout 8443
2023-12-14T18:19:40.661 INFO:teuthology.orchestra.run.smithi093.stdout:/usr/bin/ceph: stderr
2023-12-14T18:19:40.102+0000 7f7a69759700 1 Processor -- start
2023-12-14T18:19:40.661 INFO:teuthology.orchestra.run.smithi093.stdout:/usr/bin/ceph: stderr
2023-12-14T18:19:40.102+0000 7f7a69759700 1 -- start start
2023-12-14T18:19:40.661 INFO:teuthology.orchestra.run.smithi093.stdout:/usr/bin/ceph: stderr
2023-12-14T18:19:40.102+0000 7f7a69759700 1 --2- >> [v2:172.21.15.93:3300/0,v1:172.21.15.93:6789/0] conn(0x7f7a64105a20 0x7f7a64105e30 unknown :-1 s=NONE pgs=0 cs=0 l=0 rev1=0 crypto rx=0 tx=0 comp rx=0 tx=0).connect
2023-12-14T18:19:40.661 INFO:teuthology.orchestra.run.smithi093.stdout:/usr/bin/ceph: stderr
2023-12-14T18:19:40.102+0000 7f7a69759700 1 -- --> [v2:172.21.15.93:3300/0,v1:172.21.15.93:6789/0] -- mon_getmap magic: 0 v1 -- 0x7f7a64106400 con 0x7f7a64105a20
2023-12-14T18:19:40.661 INFO:teuthology.orchestra.run.smithi093.stdout:/usr/bin/ceph: stderr
2023-12-14T18:19:40.102+0000 7f7a62ffd700 1 --2- >> [v2:172.21.15.93:3300/0,v1:172.21.15.93:6789/0] conn(0x7f7a64105a20 0x7f7a64105e30 unknown :-1 s=BANNER_CONNECTING pgs=0 cs=0 l=0 rev1=0 crypto rx=0 tx=0 comp rx=0 tx=0)._handle_peer_banner_payload supported=3 required=0
2023-12-14T18:19:40.661 INFO:teuthology.orchestra.run.smithi093.stdout:/usr/bin/ceph: stderr
2023-12-14T18:19:40.102+0000 7f7a62ffd700 1 --2- >> [v2:172.21.15.93:3300/0,v1:172.21.15.93:6789/0] conn(0x7f7a64105a20 0x7f7a64105e30 unknown :-1 s=HELLO_CONNECTING pgs=0 cs=0 l=0 rev1=1 crypto rx=0 tx=0 comp rx=0 tx=0).handle_hello peer v2:172.21.15.93:3300/0 says I am v2:172.21.15.93:41350/0 (socket says 172.21.15.93:41350)
2023-12-14T18:19:40.662 INFO:teuthology.orchestra.run.smithi093.stdout:/usr/bin/ceph: stderr
2023-12-14T18:19:40.102+0000 7f7a62ffd700 1 -- 172.21.15.93:0/1696336221 learned_addr learned my addr 172.21.15.93:0/1696336221 (peer_addr_for_me v2:172.21.15.93:0/0)
2023-12-14T18:19:40.662 INFO:teuthology.orchestra.run.smithi093.stdout:/usr/bin/ceph: stderr
2023-12-14T18:19:40.103+0000 7f7a62ffd700 1 -- 172.21.15.93:0/1696336221 --> [v2:172.21.15.93:3300/0,v1:172.21.15.93:6789/0] -- mon_subscribe({config=0+,monmap=0+}) v3 -- 0x7f7a64106c20 con 0x7f7a64105a20
2023-12-14T18:19:40.662 INFO:teuthology.orchestra.run.smithi093.stdout:/usr/bin/ceph: stderr
2023-12-14T18:19:40.103+0000 7f7a62ffd700 1 --2- 172.21.15.93:0/1696336221 >> [v2:172.21.15.93:3300/0,v1:172.21.15.93:6789/0] conn(0x7f7a64105a20 0x7f7a64105e30 secure :-1 s=READY pgs=74 cs=0 l=1 rev1=1 crypto rx=0x7f7a580098a0 tx=0x7f7a58009bb0 comp rx=0 tx=0).ready entity=mon.0 client_cookie=5b049027a5178786 server_cookie=0 in_seq=0 out_seq=0
2023-12-14T18:19:40.662 INFO:teuthology.orchestra.run.smithi093.stdout:/usr/bin/ceph: stderr
2023-12-14T18:19:40.103+0000 7f7a61ffb700 1 -- 172.21.15.93:0/1696336221 <== mon.0 v2:172.21.15.93:3300/0 1 ==== mon_map magic: 0 v1 ==== 205+0+0 (secure 0 0 0) 0x7f7a58004160 con 0x7f7a64105a20
2023-12-14T18:19:40.662 INFO:teuthology.orchestra.run.smithi093.stdout:/usr/bin/ceph: stderr
2023-12-14T18:19:40.103+0000 7f7a61ffb700 1 -- 172.21.15.93:0/1696336221 <== mon.0 v2:172.21.15.93:3300/0 2 ==== config(26 keys) v1 ==== 1105+0+0 (secure 0 0 0) 0x7f7a580042c0 con 0x7f7a64105a20
2023-12-14T18:19:40.662 INFO:teuthology.orchestra.run.smithi093.stdout:/usr/bin/ceph: stderr
2023-12-14T18:19:40.103+0000 7f7a61ffb700 1 -- 172.21.15.93:0/1696336221 <== mon.0 v2:172.21.15.93:3300/0 3 ==== mon_map magic: 0 v1 ==== 205+0+0 (secure 0 0 0) 0x7f7a580119b0 con 0x7f7a64105a20
2023-12-14T18:19:40.662 INFO:teuthology.orchestra.run.smithi093.stdout:/usr/bin/ceph: stderr
2023-12-14T18:19:40.103+0000 7f7a69759700 1 -- 172.21.15.93:0/1696336221 >> [v2:172.21.15.93:3300/0,v1:172.21.15.93:6789/0] conn(0x7f7a64105a20 msgr2=0x7f7a64105e30 secure :-1 s=STATE_CONNECTION_ESTABLISHED l=1).mark_down
2023-12-14T18:19:40.662 INFO:teuthology.orchestra.run.smithi093.stdout:/usr/bin/ceph: stderr
2023-12-14T18:19:40.103+0000 7f7a69759700 1 --2- 172.21.15.93:0/1696336221 >> [v2:172.21.15.93:3300/0,v1:172.21.15.93:6789/0] conn(0x7f7a64105a20 0x7f7a64105e30 secure :-1 s=READY pgs=74 cs=0 l=1 rev1=1 crypto rx=0x7f7a580098a0 tx=0x7f7a58009bb0 comp rx=0 tx=0).stop
2023-12-14T18:19:40.662 INFO:teuthology.orchestra.run.smithi093.stdout:/usr/bin/ceph: stderr
2023-12-14T18:19:40.103+0000 7f7a69759700 1 -- 172.21.15.93:0/1696336221 shutdown_connections
2023-12-14T18:19:40.662 INFO:teuthology.orchestra.run.smithi093.stdout:/usr/bin/ceph: stderr
2023-12-14T18:19:40.104+0000 7f7a69759700 1 --2- 172.21.15.93:0/1696336221 >> [v2:172.21.15.93:3300/0,v1:172.21.15.93:6789/0] conn(0x7f7a64105a20 0x7f7a64105e30 unknown :-1 s=CLOSED pgs=74 cs=0 l=1 rev1=1 crypto rx=0 tx=0 comp rx=0 tx=0).stop
2023-12-14T18:19:40.662 INFO:teuthology.orchestra.run.smithi093.stdout:/usr/bin/ceph: stderr
2023-12-14T18:19:40.104+0000 7f7a69759700 1 -- 172.21.15.93:0/1696336221 >> 172.21.15.93:0/1696336221 conn(0x7f7a64100fd0 msgr2=0x7f7a64103400 unknown :-1 s=STATE_NONE l=0).mark_down
2023-12-14T18:19:40.663 INFO:teuthology.orchestra.run.smithi093.stdout:/usr/bin/ceph: stderr
2023-12-14T18:19:40.104+0000 7f7a69759700 1 -- 172.21.15.93:0/1696336221 shutdown_connections
2023-12-14T18:19:40.663 INFO:teuthology.orchestra.run.smithi093.stdout:/usr/bin/ceph: stderr
2023-12-14T18:19:40.104+0000 7f7a69759700 1 -- 172.21.15.93:0/1696336221 wait complete.
2023-12-14T18:19:40.663 INFO:teuthology.orchestra.run.smithi093.stdout:/usr/bin/ceph: stderr
2023-12-14T18:19:40.104+0000 7f7a69759700 1 Processor -- start
2023-12-14T18:19:40.663 INFO:teuthology.orchestra.run.smithi093.stdout:/usr/bin/ceph: stderr
2023-12-14T18:19:40.104+0000 7f7a69759700 1 -- start start
2023-12-14T18:19:40.663 INFO:teuthology.orchestra.run.smithi093.stdout:/usr/bin/ceph: stderr
2023-12-14T18:19:40.104+0000 7f7a69759700 1 --2- >> [v2:172.21.15.93:3300/0,v1:172.21.15.93:6789/0] conn(0x7f7a64105a20 0x7f7a6407bc00 unknown :-1 s=NONE pgs=0 cs=0 l=1 rev1=0 crypto rx=0 tx=0 comp rx=0 tx=0).connect
2023-12-14T18:19:40.663 INFO:teuthology.orchestra.run.smithi093.stdout:/usr/bin/ceph: stderr
2023-12-14T18:19:40.104+0000 7f7a69759700 1 -- --> [v2:172.21.15.93:3300/0,v1:172.21.15.93:6789/0] -- mon_getmap magic: 0 v1 -- 0x7f7a6407c140 con 0x7f7a64105a20
2023-12-14T18:19:40.663 INFO:teuthology.orchestra.run.smithi093.stdout:/usr/bin/ceph: stderr
2023-12-14T18:19:40.105+0000 7f7a62ffd700 1 --2- >> [v2:172.21.15.93:3300/0,v1:172.21.15.93:6789/0] conn(0x7f7a64105a20 0x7f7a6407bc00 unknown :-1 s=BANNER_CONNECTING pgs=0 cs=0 l=1 rev1=0 crypto rx=0 tx=0 comp rx=0 tx=0)._handle_peer_banner_payload supported=3 required=0
2023-12-14T18:19:40.663 INFO:teuthology.orchestra.run.smithi093.stdout:/usr/bin/ceph: stderr
2023-12-14T18:19:40.105+0000 7f7a62ffd700 1 --2- >> [v2:172.21.15.93:3300/0,v1:172.21.15.93:6789/0] conn(0x7f7a64105a20 0x7f7a6407bc00 unknown :-1 s=HELLO_CONNECTING pgs=0 cs=0 l=1 rev1=1 crypto rx=0 tx=0 comp rx=0 tx=0).handle_hello peer v2:172.21.15.93:3300/0 says I am v2:172.21.15.93:41354/0 (socket says 172.21.15.93:41354)
2023-12-14T18:19:40.663 INFO:teuthology.orchestra.run.smithi093.stdout:/usr/bin/ceph: stderr
2023-12-14T18:19:40.105+0000 7f7a62ffd700 1 -- 172.21.15.93:0/3265319264 learned_addr learned my addr 172.21.15.93:0/3265319264 (peer_addr_for_me v2:172.21.15.93:0/0)
2023-12-14T18:19:40.663 INFO:teuthology.orchestra.run.smithi093.stdout:/usr/bin/ceph: stderr
2023-12-14T18:19:40.105+0000 7f7a62ffd700 1 -- 172.21.15.93:0/3265319264 --> [v2:172.21.15.93:3300/0,v1:172.21.15.93:6789/0] -- mon_subscribe({config=0+,monmap=0+}) v3 -- 0x7f7a58009550 con 0x7f7a64105a20
2023-12-14T18:19:40.663 INFO:teuthology.orchestra.run.smithi093.stdout:/usr/bin/ceph: stderr
2023-12-14T18:19:40.105+0000 7f7a62ffd700 1 --2- 172.21.15.93:0/3265319264 >> [v2:172.21.15.93:3300/0,v1:172.21.15.93:6789/0] conn(0x7f7a64105a20 0x7f7a6407bc00 secure :-1 s=READY pgs=75 cs=0 l=1 rev1=1 crypto rx=0x7f7a58000c00 tx=0x7f7a58011a30 comp rx=0 tx=0).ready entity=mon.0 client_cookie=0 server_cookie=0 in_seq=0 out_seq=0
2023-12-14T18:19:40.664 INFO:teuthology.orchestra.run.smithi093.stdout:/usr/bin/ceph: stderr
2023-12-14T18:19:40.105+0000 7f7a4bfff700 1 -- 172.21.15.93:0/3265319264 <== mon.0 v2:172.21.15.93:3300/0 1 ==== mon_map magic: 0 v1 ==== 205+0+0 (secure 0 0 0) 0x7f7a580039f0 con 0x7f7a64105a20
2023-12-14T18:19:40.664 INFO:teuthology.orchestra.run.smithi093.stdout:/usr/bin/ceph: stderr
2023-12-14T18:19:40.105+0000 7f7a4bfff700 1 -- 172.21.15.93:0/3265319264 <== mon.0 v2:172.21.15.93:3300/0 2 ==== config(26 keys) v1 ==== 1105+0+0 (secure 0 0 0) 0x7f7a58003b50 con 0x7f7a64105a20
2023-12-14T18:19:40.664 INFO:teuthology.orchestra.run.smithi093.stdout:/usr/bin/ceph: stderr
2023-12-14T18:19:40.105+0000 7f7a69759700 1 -- 172.21.15.93:0/3265319264 --> [v2:172.21.15.93:3300/0,v1:172.21.15.93:6789/0] -- mon_subscribe({mgrmap=0+}) v3 -- 0x7f7a64109fe0 con 0x7f7a64105a20
2023-12-14T18:19:40.664 INFO:teuthology.orchestra.run.smithi093.stdout:/usr/bin/ceph: stderr
2023-12-14T18:19:40.105+0000 7f7a4bfff700 1 -- 172.21.15.93:0/3265319264 <== mon.0 v2:172.21.15.93:3300/0 3 ==== mon_map magic: 0 v1 ==== 205+0+0 (secure 0 0 0) 0x7f7a5801a780 con 0x7f7a64105a20
2023-12-14T18:19:40.664 INFO:teuthology.orchestra.run.smithi093.stdout:/usr/bin/ceph: stderr
2023-12-14T18:19:40.105+0000 7f7a69759700 1 -- 172.21.15.93:0/3265319264 --> [v2:172.21.15.93:3300/0,v1:172.21.15.93:6789/0] -- mon_subscribe({osdmap=0}) v3 -- 0x7f7a64109e50 con 0x7f7a64105a20
2023-12-14T18:19:40.664 INFO:teuthology.orchestra.run.smithi093.stdout:/usr/bin/ceph: stderr
2023-12-14T18:19:40.106+0000 7f7a4bfff700 1 -- 172.21.15.93:0/3265319264 <== mon.0 v2:172.21.15.93:3300/0 4 ==== mgrmap(e 12) v1 ==== 45496+0+0 (secure 0 0 0) 0x7f7a58024440 con 0x7f7a64105a20
2023-12-14T18:19:40.664 INFO:teuthology.orchestra.run.smithi093.stdout:/usr/bin/ceph: stderr
