2024-01-03T15:08:26.501 INFO:teuthology.orchestra.run.smithi002.stdout:/usr/bin/ceph: stderr
2024-01-03T15:08:26.090+0000 7f041cd14700 1 --2- 172.21.15.2:0/378561567 >> [v2:172.21.15.2:3300/0,v1:172.21.15.2:6789/0] conn(0x7f0418106440 0x7f04181994d0 secure :-1 s=READY pgs=44 cs=0 l=1 rev1=1 crypto rx=0x7f0408009fb0 tx=0x7f0408011ad0 comp rx=0 tx=0).stop
2024-01-03T15:08:26.502 INFO:teuthology.orchestra.run.smithi002.stdout:/usr/bin/ceph: stderr
2024-01-03T15:08:26.090+0000 7f041cd14700 1 -- 172.21.15.2:0/378561567 shutdown_connections
2024-01-03T15:08:26.502 INFO:teuthology.orchestra.run.smithi002.stdout:/usr/bin/ceph: stderr
2024-01-03T15:08:26.090+0000 7f041cd14700 1 --2- 172.21.15.2:0/378561567 >> [v2:172.21.15.2:6800/569479476,v1:172.21.15.2:6801/569479476] conn(0x7f0400038780 0x7f040003ac30 unknown :-1 s=CLOSED pgs=10 cs=0 l=1 rev1=1 crypto rx=0 tx=0 comp rx=0 tx=0).stop
2024-01-03T15:08:26.502 INFO:teuthology.orchestra.run.smithi002.stdout:/usr/bin/ceph: stderr
2024-01-03T15:08:26.090+0000 7f041cd14700 1 --2- 172.21.15.2:0/378561567 >> [v2:172.21.15.2:3300/0,v1:172.21.15.2:6789/0] conn(0x7f0418106440 0x7f04181994d0 unknown :-1 s=CLOSED pgs=44 cs=0 l=1 rev1=1 crypto rx=0 tx=0 comp rx=0 tx=0).stop
2024-01-03T15:08:26.502 INFO:teuthology.orchestra.run.smithi002.stdout:/usr/bin/ceph: stderr
2024-01-03T15:08:26.090+0000 7f041cd14700 1 -- 172.21.15.2:0/378561567 >> 172.21.15.2:0/378561567 conn(0x7f04180ffe40 msgr2=0x7f0418100b00 unknown :-1 s=STATE_NONE l=0).mark_down
2024-01-03T15:08:26.502 INFO:teuthology.orchestra.run.smithi002.stdout:/usr/bin/ceph: stderr
2024-01-03T15:08:26.090+0000 7f041cd14700 1 -- 172.21.15.2:0/378561567 shutdown_connections
2024-01-03T15:08:26.502 INFO:teuthology.orchestra.run.smithi002.stdout:/usr/bin/ceph: stderr
2024-01-03T15:08:26.090+0000 7f041cd14700 1 -- 172.21.15.2:0/378561567 wait complete.
2024-01-03T15:08:26.502 INFO:teuthology.orchestra.run.smithi002.stdout:Wrote public SSH key to /home/ubuntu/cephtest/ceph.pub
2024-01-03T15:08:26.502 INFO:teuthology.orchestra.run.smithi002.stdout:Adding key to root@localhost authorized_keys...
2024-01-03T15:08:26.502 INFO:teuthology.orchestra.run.smithi002.stdout:Adding host smithi002...
2024-01-03T15:08:27.354 INFO:journalctl@ceph.mon.a.smithi002.stdout:Jan 03 15:08:27 smithi002 ceph-mon[42153]: from='client.14138 -' entity='client.admin' cmd=[{"prefix": "cephadm get-pub-key", "target": ["mon-mgr", ""]}]: dispatch
2024-01-03T15:08:28.298 INFO:journalctl@ceph.mon.a.smithi002.stdout:Jan 03 15:08:28 smithi002 ceph-mon[42153]: from='client.14140 -' entity='client.admin' cmd=[{"prefix": "orch host add", "hostname": "smithi002", "addr": "172.21.15.2", "target": ["mon-mgr", ""]}]: dispatch
2024-01-03T15:08:29.363 INFO:journalctl@ceph.mon.a.smithi002.stdout:Jan 03 15:08:29 smithi002 ceph-mon[42153]: Deploying cephadm binary to smithi002
2024-01-03T15:08:29.518 INFO:teuthology.orchestra.run.smithi002.stdout:/usr/bin/ceph: stdout Added host 'smithi002' with addr '172.21.15.2'
2024-01-03T15:08:29.518 INFO:teuthology.orchestra.run.smithi002.stdout:/usr/bin/ceph: stderr
2024-01-03T15:08:26.839+0000 7f5a56f61700 1 Processor -- start
2024-01-03T15:08:29.518 INFO:teuthology.orchestra.run.smithi002.stdout:/usr/bin/ceph: stderr
2024-01-03T15:08:26.839+0000 7f5a56f61700 1 -- start start
2024-01-03T15:08:29.518 INFO:teuthology.orchestra.run.smithi002.stdout:/usr/bin/ceph: stderr
2024-01-03T15:08:26.839+0000 7f5a56f61700 1 --2- >> [v2:172.21.15.2:3300/0,v1:172.21.15.2:6789/0] conn(0x7f5a50106460 0x7f5a50108840 unknown :-1 s=NONE pgs=0 cs=0 l=0 rev1=0 crypto rx=0 tx=0 comp rx=0 tx=0).connect
2024-01-03T15:08:29.518 INFO:teuthology.orchestra.run.smithi002.stdout:/usr/bin/ceph: stderr
2024-01-03T15:08:26.839+0000 7f5a56f61700 1 -- --> [v2:172.21.15.2:3300/0,v1:172.21.15.2:6789/0] -- mon_getmap magic: 0 v1 -- 0x7f5a50079d40 con 0x7f5a50106460
2024-01-03T15:08:29.518 INFO:teuthology.orchestra.run.smithi002.stdout:/usr/bin/ceph: stderr
2024-01-03T15:08:26.839+0000 7f5a54cfd700 1 --2- >> [v2:172.21.15.2:3300/0,v1:172.21.15.2:6789/0] conn(0x7f5a50106460 0x7f5a50108840 unknown :-1 s=BANNER_CONNECTING pgs=0 cs=0 l=0 rev1=0 crypto rx=0 tx=0 comp rx=0 tx=0)._handle_peer_banner_payload supported=3 required=0
2024-01-03T15:08:29.518 INFO:teuthology.orchestra.run.smithi002.stdout:/usr/bin/ceph: stderr
2024-01-03T15:08:26.839+0000 7f5a54cfd700 1 --2- >> [v2:172.21.15.2:3300/0,v1:172.21.15.2:6789/0] conn(0x7f5a50106460 0x7f5a50108840 unknown :-1 s=HELLO_CONNECTING pgs=0 cs=0 l=0 rev1=1 crypto rx=0 tx=0 comp rx=0 tx=0).handle_hello peer v2:172.21.15.2:3300/0 says I am v2:172.21.15.2:44870/0 (socket says 172.21.15.2:44870)
2024-01-03T15:08:29.518 INFO:teuthology.orchestra.run.smithi002.stdout:/usr/bin/ceph: stderr
2024-01-03T15:08:26.840+0000 7f5a54cfd700 1 -- 172.21.15.2:0/3044195370 learned_addr learned my addr 172.21.15.2:0/3044195370 (peer_addr_for_me v2:172.21.15.2:0/0)
2024-01-03T15:08:29.518 INFO:teuthology.orchestra.run.smithi002.stdout:/usr/bin/ceph: stderr
2024-01-03T15:08:26.840+0000 7f5a54cfd700 1 -- 172.21.15.2:0/3044195370 --> [v2:172.21.15.2:3300/0,v1:172.21.15.2:6789/0] -- mon_subscribe({config=0+,monmap=0+}) v3 -- 0x7f5a50079e80 con 0x7f5a50106460
2024-01-03T15:08:29.518 INFO:teuthology.orchestra.run.smithi002.stdout:/usr/bin/ceph: stderr
2024-01-03T15:08:26.840+0000 7f5a54cfd700 1 --2- 172.21.15.2:0/3044195370 >> [v2:172.21.15.2:3300/0,v1:172.21.15.2:6789/0] conn(0x7f5a50106460 0x7f5a50108840 secure :-1 s=READY pgs=45 cs=0 l=1 rev1=1 crypto rx=0x7f5a440098a0 tx=0x7f5a44009bb0 comp rx=0 tx=0).ready entity=mon.0 client_cookie=9995ff93a72705de server_cookie=0 in_seq=0 out_seq=0
2024-01-03T15:08:29.518 INFO:teuthology.orchestra.run.smithi002.stdout:/usr/bin/ceph: stderr
2024-01-03T15:08:26.840+0000 7f5a4f7fe700 1 -- 172.21.15.2:0/3044195370 <== mon.0 v2:172.21.15.2:3300/0 1 ==== mon_map magic: 0 v1 ==== 205+0+0 (secure 0 0 0) 0x7f5a44004160 con 0x7f5a50106460
2024-01-03T15:08:29.519 INFO:teuthology.orchestra.run.smithi002.stdout:/usr/bin/ceph: stderr
2024-01-03T15:08:26.840+0000 7f5a4f7fe700 1 -- 172.21.15.2:0/3044195370 <== mon.0 v2:172.21.15.2:3300/0 2 ==== config(26 keys) v1 ==== 1074+0+0 (secure 0 0 0) 0x7f5a440042c0 con 0x7f5a50106460
2024-01-03T15:08:29.519 INFO:teuthology.orchestra.run.smithi002.stdout:/usr/bin/ceph: stderr
2024-01-03T15:08:26.840+0000 7f5a4f7fe700 1 -- 172.21.15.2:0/3044195370 <== mon.0 v2:172.21.15.2:3300/0 3 ==== mon_map magic: 0 v1 ==== 205+0+0 (secure 0 0 0) 0x7f5a44011a00 con 0x7f5a50106460
2024-01-03T15:08:29.519 INFO:teuthology.orchestra.run.smithi002.stdout:/usr/bin/ceph: stderr
2024-01-03T15:08:26.841+0000 7f5a56f61700 1 -- 172.21.15.2:0/3044195370 >> [v2:172.21.15.2:3300/0,v1:172.21.15.2:6789/0] conn(0x7f5a50106460 msgr2=0x7f5a50108840 secure :-1 s=STATE_CONNECTION_ESTABLISHED l=1).mark_down
2024-01-03T15:08:29.519 INFO:teuthology.orchestra.run.smithi002.stdout:/usr/bin/ceph: stderr
2024-01-03T15:08:26.841+0000 7f5a56f61700 1 --2- 172.21.15.2:0/3044195370 >> [v2:172.21.15.2:3300/0,v1:172.21.15.2:6789/0] conn(0x7f5a50106460 0x7f5a50108840 secure :-1 s=READY pgs=45 cs=0 l=1 rev1=1 crypto rx=0x7f5a440098a0 tx=0x7f5a44009bb0 comp rx=0 tx=0).stop
2024-01-03T15:08:29.519 INFO:teuthology.orchestra.run.smithi002.stdout:/usr/bin/ceph: stderr
2024-01-03T15:08:26.841+0000 7f5a56f61700 1 -- 172.21.15.2:0/3044195370 shutdown_connections
2024-01-03T15:08:29.519 INFO:teuthology.orchestra.run.smithi002.stdout:/usr/bin/ceph: stderr
2024-01-03T15:08:26.841+0000 7f5a56f61700 1 --2- 172.21.15.2:0/3044195370 >> [v2:172.21.15.2:3300/0,v1:172.21.15.2:6789/0] conn(0x7f5a50106460 0x7f5a50108840 unknown :-1 s=CLOSED pgs=45 cs=0 l=1 rev1=1 crypto rx=0 tx=0 comp rx=0 tx=0).stop
2024-01-03T15:08:29.519 INFO:teuthology.orchestra.run.smithi002.stdout:/usr/bin/ceph: stderr
2024-01-03T15:08:26.841+0000 7f5a56f61700 1 -- 172.21.15.2:0/3044195370 >> 172.21.15.2:0/3044195370 conn(0x7f5a500ffe80 msgr2=0x7f5a50102290 unknown :-1 s=STATE_NONE l=0).mark_down
2024-01-03T15:08:29.519 INFO:teuthology.orchestra.run.smithi002.stdout:/usr/bin/ceph: stderr
2024-01-03T15:08:26.841+0000 7f5a56f61700 1 -- 172.21.15.2:0/3044195370 shutdown_connections
2024-01-03T15:08:29.519 INFO:teuthology.orchestra.run.smithi002.stdout:/usr/bin/ceph: stderr
2024-01-03T15:08:26.841+0000 7f5a56f61700 1 -- 172.21.15.2:0/3044195370 wait complete.
2024-01-03T15:08:29.519 INFO:teuthology.orchestra.run.smithi002.stdout:/usr/bin/ceph: stderr
2024-01-03T15:08:26.841+0000 7f5a56f61700 1 Processor -- start
2024-01-03T15:08:29.519 INFO:teuthology.orchestra.run.smithi002.stdout:/usr/bin/ceph: stderr
2024-01-03T15:08:26.842+0000 7f5a56f61700 1 -- start start
2024-01-03T15:08:29.519 INFO:teuthology.orchestra.run.smithi002.stdout:/usr/bin/ceph: stderr
2024-01-03T15:08:26.842+0000 7f5a56f61700 1 --2- >> [v2:172.21.15.2:3300/0,v1:172.21.15.2:6789/0] conn(0x7f5a50106460 0x7f5a50199570 unknown :-1 s=NONE pgs=0 cs=0 l=1 rev1=0 crypto rx=0 tx=0 comp rx=0 tx=0).connect
2024-01-03T15:08:29.519 INFO:teuthology.orchestra.run.smithi002.stdout:/usr/bin/ceph: stderr
2024-01-03T15:08:26.842+0000 7f5a56f61700 1 -- --> [v2:172.21.15.2:3300/0,v1:172.21.15.2:6789/0] -- mon_getmap magic: 0 v1 -- 0x7f5a50199ab0 con 0x7f5a50106460
2024-01-03T15:08:29.519 INFO:teuthology.orchestra.run.smithi002.stdout:/usr/bin/ceph: stderr
2024-01-03T15:08:26.842+0000 7f5a54cfd700 1 --2- >> [v2:172.21.15.2:3300/0,v1:172.21.15.2:6789/0] conn(0x7f5a50106460 0x7f5a50199570 unknown :-1 s=BANNER_CONNECTING pgs=0 cs=0 l=1 rev1=0 crypto rx=0 tx=0 comp rx=0 tx=0)._handle_peer_banner_payload supported=3 required=0
2024-01-03T15:08:29.520 INFO:teuthology.orchestra.run.smithi002.stdout:/usr/bin/ceph: stderr
2024-01-03T15:08:26.842+0000 7f5a54cfd700 1 --2- >> [v2:172.21.15.2:3300/0,v1:172.21.15.2:6789/0] conn(0x7f5a50106460 0x7f5a50199570 unknown :-1 s=HELLO_CONNECTING pgs=0 cs=0 l=1 rev1=1 crypto rx=0 tx=0 comp rx=0 tx=0).handle_hello peer v2:172.21.15.2:3300/0 says I am v2:172.21.15.2:44872/0 (socket says 172.21.15.2:44872)
2024-01-03T15:08:29.520 INFO:teuthology.orchestra.run.smithi002.stdout:/usr/bin/ceph: stderr
2024-01-03T15:08:26.842+0000 7f5a54cfd700 1 -- 172.21.15.2:0/1707257827 learned_addr learned my addr 172.21.15.2:0/1707257827 (peer_addr_for_me v2:172.21.15.2:0/0)
2024-01-03T15:08:29.520 INFO:teuthology.orchestra.run.smithi002.stdout:/usr/bin/ceph: stderr
2024-01-03T15:08:26.842+0000 7f5a54cfd700 1 -- 172.21.15.2:0/1707257827 --> [v2:172.21.15.2:3300/0,v1:172.21.15.2:6789/0] -- mon_subscribe({config=0+,monmap=0+}) v3 -- 0x7f5a44009550 con 0x7f5a50106460
2024-01-03T15:08:29.520 INFO:teuthology.orchestra.run.smithi002.stdout:/usr/bin/ceph: stderr
2024-01-03T15:08:26.842+0000 7f5a54cfd700 1 --2- 172.21.15.2:0/1707257827 >> [v2:172.21.15.2:3300/0,v1:172.21.15.2:6789/0] conn(0x7f5a50106460 0x7f5a50199570 secure :-1 s=READY pgs=46 cs=0 l=1 rev1=1 crypto rx=0x7f5a44009fb0 tx=0x7f5a44011ad0 comp rx=0 tx=0).ready entity=mon.0 client_cookie=0 server_cookie=0 in_seq=0 out_seq=0
2024-01-03T15:08:29.520 INFO:teuthology.orchestra.run.smithi002.stdout:/usr/bin/ceph: stderr
2024-01-03T15:08:26.842+0000 7f5a4dffb700 1 -- 172.21.15.2:0/1707257827 <== mon.0 v2:172.21.15.2:3300/0 1 ==== mon_map magic: 0 v1 ==== 205+0+0 (secure 0 0 0) 0x7f5a44003a40 con 0x7f5a50106460
2024-01-03T15:08:29.520 INFO:teuthology.orchestra.run.smithi002.stdout:/usr/bin/ceph: stderr
2024-01-03T15:08:26.842+0000 7f5a4dffb700 1 -- 172.21.15.2:0/1707257827 <== mon.0 v2:172.21.15.2:3300/0 2 ==== config(26 keys) v1 ==== 1074+0+0 (secure 0 0 0) 0x7f5a44003ba0 con 0x7f5a50106460
2024-01-03T15:08:29.520 INFO:teuthology.orchestra.run.smithi002.stdout:/usr/bin/ceph: stderr
2024-01-03T15:08:26.843+0000 7f5a56f61700 1 -- 172.21.15.2:0/1707257827 --> [v2:172.21.15.2:3300/0,v1:172.21.15.2:6789/0] -- mon_subscribe({mgrmap=0+}) v3 -- 0x7f5a50109b10 con 0x7f5a50106460
2024-01-03T15:08:29.520 INFO:teuthology.orchestra.run.smithi002.stdout:/usr/bin/ceph: stderr
2024-01-03T15:08:26.843+0000 7f5a4dffb700 1 -- 172.21.15.2:0/1707257827 <== mon.0 v2:172.21.15.2:3300/0 3 ==== mon_map magic: 0 v1 ==== 205+0+0 (secure 0 0 0) 0x7f5a4401a750 con 0x7f5a50106460
2024-01-03T15:08:29.520 INFO:teuthology.orchestra.run.smithi002.stdout:/usr/bin/ceph: stderr
2024-01-03T15:08:26.843+0000 7f5a56f61700 1 -- 172.21.15.2:0/1707257827 --> [v2:172.21.15.2:3300/0,v1:172.21.15.2:6789/0] -- mon_subscribe({osdmap=0}) v3 -- 0x7f5a50109980 con 0x7f5a50106460
2024-01-03T15:08:29.520 INFO:teuthology.orchestra.run.smithi002.stdout:/usr/bin/ceph: stderr
2024-01-03T15:08:26.844+0000 7f5a4dffb700 1 -- 172.21.15.2:0/1707257827 <== mon.0 v2:172.21.15.2:3300/0 4 ==== mgrmap(e 8) v1 ==== 45483+0+0 (secure 0 0 0) 0x7f5a4401a980 con 0x7f5a50106460
2024-01-03T15:08:29.520 INFO:teuthology.orchestra.run.smithi002.stdout:/usr/bin/ceph: stderr
2024-01-03T15:08:26.844+0000 7f5a56f61700 1 -- 172.21.15.2:0/1707257827 --> [v2:172.21.15.2:3300/0,v1:172.21.15.2:6789/0] -- mon_command({"prefix": "get_command_descriptions"} v 0) v1 -- 0x7f5a50062120 con 0x7f5a50106460
2024-01-03T15:08:29.520 INFO:teuthology.orchestra.run.smithi002.stdout:/usr/bin/ceph: stderr
2024-01-03T15:08:26.844+0000 7f5a4dffb700 1 --2- 172.21.15.2:0/1707257827 >> [v2:172.21.15.2:6800/569479476,v1:172.21.15.2:6801/569479476] conn(0x7f5a400387d0 0x7f5a4003ac80 unknown :-1 s=NONE pgs=0 cs=0 l=1 rev1=0 crypto rx=0 tx=0 comp rx=0 tx=0).connect
2024-01-03T15:08:29.520 INFO:teuthology.orchestra.run.smithi002.stdout:/usr/bin/ceph: stderr
2024-01-03T15:08:26.844+0000 7f5a4dffb700 1 -- 172.21.15.2:0/1707257827 <== mon.0 v2:172.21.15.2:3300/0 5 ==== osd_map(2..2 src has 1..2) v4 ==== 940+0+0 (secure 0 0 0) 0x7f5a4404c840 con 0x7f5a50106460
2024-01-03T15:08:29.520 INFO:teuthology.orchestra.run.smithi002.stdout:/usr/bin/ceph: stderr
2024-01-03T15:08:26.844+0000 7f5a4ffff700 1 --2- 172.21.15.2:0/1707257827 >> [v2:172.21.15.2:6800/569479476,v1:172.21.15.2:6801/569479476] conn(0x7f5a400387d0 0x7f5a4003ac80 unknown :-1 s=BANNER_CONNECTING pgs=0 cs=0 l=1 rev1=0 crypto rx=0 tx=0 comp rx=0 tx=0)._handle_peer_banner_payload supported=3 required=0
2024-01-03T15:08:29.521 INFO:teuthology.orchestra.run.smithi002.stdout:/usr/bin/ceph: stderr
2024-01-03T15:08:26.844+0000 7f5a4ffff700 1 --2- 172.21.15.2:0/1707257827 >> [v2:172.21.15.2:6800/569479476,v1:172.21.15.2:6801/569479476] conn(0x7f5a400387d0 0x7f5a4003ac80 secure :-1 s=READY pgs=11 cs=0 l=1 rev1=1 crypto rx=0x7f5a3c006fd0 tx=0x7f5a3c006e40 comp rx=0 tx=0).ready entity=mgr.14120 client_cookie=0 server_cookie=0 in_seq=0 out_seq=0
2024-01-03T15:08:29.521 INFO:teuthology.orchestra.run.smithi002.stdout:/usr/bin/ceph: stderr
2024-01-03T15:08:26.849+0000 7f5a4dffb700 1 -- 172.21.15.2:0/1707257827 <== mon.0 v2:172.21.15.2:3300/0 6 ==== mon_command_ack([{"prefix": "get_command_descriptions"}]=0 v0) v1 ==== 72+0+177948 (secure 0 0 0) 0x7f5a4401ac30 con 0x7f5a50106460
2024-01-03T15:08:29.521 INFO:teuthology.orchestra.run.smithi002.stdout:/usr/bin/ceph: stderr
2024-01-03T15:08:27.065+0000 7f5a56f61700 1 -- 172.21.15.2:0/1707257827 --> [v2:172.21.15.2:6800/569479476,v1:172.21.15.2:6801/569479476] -- mgr_command(tid 0: {"prefix": "orch host add", "hostname": "smithi002", "addr": "172.21.15.2", "target": ["mon-mgr", ""]}) v1 -- 0x7f5a501012c0 con 0x7f5a400387d0
2024-01-03T15:08:29.521 INFO:teuthology.orchestra.run.smithi002.stdout:/usr/bin/ceph: stderr
2024-01-03T15:08:29.212+0000 7f5a4dffb700 1 -- 172.21.15.2:0/1707257827 <== mgr.14120 v2:172.21.15.2:6800/569479476 1 ==== mgr_command_reply(tid 0: 0 ) v1 ==== 8+0+47 (secure 0 0 0) 0x7f5a501012c0 con 0x7f5a400387d0
2024-01-03T15:08:29.521 INFO:teuthology.orchestra.run.smithi002.stdout:/usr/bin/ceph: stderr
2024-01-03T15:08:29.215+0000 7f5a56f61700 1 -- 172.21.15.2:0/1707257827 >> [v2:172.21.15.2:6800/569479476,v1:172.21.15.2:6801/569479476] conn(0x7f5a400387d0 msgr2=0x7f5a4003ac80 secure :-1 s=STATE_CONNECTION_ESTABLISHED l=1).mark_down
2024-01-03T15:08:29.521 INFO:teuthology.orchestra.run.smithi002.stdout:/usr/bin/ceph: stderr
2024-01-03T15:08:29.215+0000 7f5a56f61700 1 --2- 172.21.15.2:0/1707257827 >> [v2:172.21.15.2:6800/569479476,v1:172.21.15.2:6801/569479476] conn(0x7f5a400387d0 0x7f5a4003ac80 secure :-1 s=READY pgs=11 cs=0 l=1 rev1=1 crypto rx=0x7f5a3c006fd0 tx=0x7f5a3c006e40 comp rx=0 tx=0).stop
2024-01-03T15:08:29.521 INFO:teuthology.orchestra.run.smithi002.stdout:/usr/bin/ceph: stderr
2024-01-03T15:08:29.215+0000 7f5a56f61700 1 -- 172.21.15.2:0/1707257827 >> [v2:172.21.15.2:3300/0,v1:172.21.15.2:6789/0] conn(0x7f5a50106460 msgr2=0x7f5a50199570 secure :-1 s=STATE_CONNECTION_ESTABLISHED l=1).mark_down
2024-01-03T15:08:29.521 INFO:teuthology.orchestra.run.smithi002.stdout:/usr/bin/ceph: stderr
2024-01-03T15:08:29.215+0000 7f5a56f61700 1 --2- 172.21.15.2:0/1707257827 >> [v2:172.21.15.2:3300/0,v1:172.21.15.2:6789/0] conn(0x7f5a50106460 0x7f5a50199570 secure :-1 s=READY pgs=46 cs=0 l=1 rev1=1 crypto rx=0x7f5a44009fb0 tx=0x7f5a44011ad0 comp rx=0 tx=0).stop
2024-01-03T15:08:29.521 INFO:teuthology.orchestra.run.smithi002.stdout:/usr/bin/ceph: stderr
2024-01-03T15:08:29.215+0000 7f5a56f61700 1 -- 172.21.15.2:0/1707257827 shutdown_connections
2024-01-03T15:08:29.521 INFO:teuthology.orchestra.run.smithi002.stdout:/usr/bin/ceph: stderr
2024-01-03T15:08:29.215+0000 7f5a56f61700 1 --2- 172.21.15.2:0/1707257827 >> [v2:172.21.15.2:6800/569479476,v1:172.21.15.2:6801/569479476] conn(0x7f5a400387d0 0x7f5a4003ac80 unknown :-1 s=CLOSED pgs=11 cs=0 l=1 rev1=1 crypto rx=0 tx=0 comp rx=0 tx=0).stop
2024-01-03T15:08:29.521 INFO:teuthology.orchestra.run.smithi002.stdout:/usr/bin/ceph: stderr
2024-01-03T15:08:29.215+0000 7f5a56f61700 1 --2- 172.21.15.2:0/1707257827 >> [v2:172.21.15.2:3300/0,v1:172.21.15.2:6789/0] conn(0x7f5a50106460 0x7f5a50199570 unknown :-1 s=CLOSED pgs=46 cs=0 l=1 rev1=1 crypto rx=0 tx=0 comp rx=0 tx=0).stop
2024-01-03T15:08:29.521 INFO:teuthology.orchestra.run.smithi002.stdout:/usr/bin/ceph: stderr
2024-01-03T15:08:29.215+0000 7f5a56f61700 1 -- 172.21.15.2:0/1707257827 >> 172.21.15.2:0/1707257827 conn(0x7f5a500ffe80 msgr2=0x7f5a50100bb0 unknown :-1 s=STATE_NONE l=0).mark_down
2024-01-03T15:08:29.521 INFO:teuthology.orchestra.run.smithi002.stdout:/usr/bin/ceph: stderr
2024-01-03T15:08:29.215+0000 7f5a56f61700 1 -- 172.21.15.2:0/1707257827 shutdown_connections
2024-01-03T15:08:29.522 INFO:teuthology.orchestra.run.smithi002.stdout:/usr/bin/ceph: stderr
2024-01-03T15:08:29.215+0000 7f5a56f61700 1 -- 172.21.15.2:0/1707257827 wait complete.
2024-01-03T15:08:29.522 INFO:teuthology.orchestra.run.smithi002.stdout:Deploying unmanaged mon service...
2024-01-03T15:08:30.519 INFO:teuthology.orchestra.run.smithi002.stdout:/usr/bin/ceph: stdout Scheduled mon update...
2024-01-03T15:08:30.519 INFO:teuthology.orchestra.run.smithi002.stdout:/usr/bin/ceph: stderr
2024-01-03T15:08:29.888+0000 7efdab6ac700 1 Processor -- start
2024-01-03T15:08:30.519 INFO:teuthology.orchestra.run.smithi002.stdout:/usr/bin/ceph: stderr
2024-01-03T15:08:29.888+0000 7efdab6ac700 1 -- start start
2024-01-03T15:08:30.519 INFO:teuthology.orchestra.run.smithi002.stdout:/usr/bin/ceph: stderr
2024-01-03T15:08:29.888+0000 7efdab6ac700 1 --2- >> [v2:172.21.15.2:3300/0,v1:172.21.15.2:6789/0] conn(0x7efda407bde0 0x7efda407a2e0 unknown :-1 s=NONE pgs=0 cs=0 l=0 rev1=0 crypto rx=0 tx=0 comp rx=0 tx=0).connect
2024-01-03T15:08:30.519 INFO:teuthology.orchestra.run.smithi002.stdout:/usr/bin/ceph: stderr
2024-01-03T15:08:29.888+0000 7efdab6ac700 1 -- --> [v2:172.21.15.2:3300/0,v1:172.21.15.2:6789/0] -- mon_getmap magic: 0 v1 -- 0x7efda407a820 con 0x7efda407bde0
2024-01-03T15:08:30.519 INFO:teuthology.orchestra.run.smithi002.stdout:/usr/bin/ceph: stderr
2024-01-03T15:08:29.889+0000 7efda9448700 1 --2- >> [v2:172.21.15.2:3300/0,v1:172.21.15.2:6789/0] conn(0x7efda407bde0 0x7efda407a2e0 unknown :-1 s=BANNER_CONNECTING pgs=0 cs=0 l=0 rev1=0 crypto rx=0 tx=0 comp rx=0 tx=0)._handle_peer_banner_payload supported=3 required=0
2024-01-03T15:08:30.519 INFO:teuthology.orchestra.run.smithi002.stdout:/usr/bin/ceph: stderr
2024-01-03T15:08:29.889+0000 7efda9448700 1 --2- >> [v2:172.21.15.2:3300/0,v1:172.21.15.2:6789/0] conn(0x7efda407bde0 0x7efda407a2e0 unknown :-1 s=HELLO_CONNECTING pgs=0 cs=0 l=0 rev1=1 crypto rx=0 tx=0 comp rx=0 tx=0).handle_hello peer v2:172.21.15.2:3300/0 says I am v2:172.21.15.2:36600/0 (socket says 172.21.15.2:36600)
2024-01-03T15:08:30.520 INFO:teuthology.orchestra.run.smithi002.stdout:/usr/bin/ceph: stderr
2024-01-03T15:08:29.889+0000 7efda9448700 1 -- 172.21.15.2:0/92205515 learned_addr learned my addr 172.21.15.2:0/92205515 (peer_addr_for_me v2:172.21.15.2:0/0)
2024-01-03T15:08:30.520 INFO:teuthology.orchestra.run.smithi002.stdout:/usr/bin/ceph: stderr
2024-01-03T15:08:29.889+0000 7efda9448700 1 -- 172.21.15.2:0/92205515 --> [v2:172.21.15.2:3300/0,v1:172.21.15.2:6789/0] -- mon_subscribe({config=0+,monmap=0+}) v3 -- 0x7efda407a960 con 0x7efda407bde0
2024-01-03T15:08:30.520 INFO:teuthology.orchestra.run.smithi002.stdout:/usr/bin/ceph: stderr
2024-01-03T15:08:29.889+0000 7efda9448700 1 --2- 172.21.15.2:0/92205515 >> [v2:172.21.15.2:3300/0,v1:172.21.15.2:6789/0] conn(0x7efda407bde0 0x7efda407a2e0 secure :-1 s=READY pgs=47 cs=0 l=1 rev1=1 crypto rx=0x7efd940098a0 tx=0x7efd94009bb0 comp rx=0 tx=0).ready entity=mon.0 client_cookie=8ad337c33699414f server_cookie=0 in_seq=0 out_seq=0
2024-01-03T15:08:30.520 INFO:teuthology.orchestra.run.smithi002.stdout:/usr/bin/ceph: stderr
2024-01-03T15:08:29.890+0000 7efd9bfff700 1 -- 172.21.15.2:0/92205515 <== mon.0 v2:172.21.15.2:3300/0 1 ==== mon_map magic: 0 v1 ==== 205+0+0 (secure 0 0 0) 0x7efd94004160 con 0x7efda407bde0
2024-01-03T15:08:30.520 INFO:teuthology.orchestra.run.smithi002.stdout:/usr/bin/ceph: stderr
2024-01-03T15:08:29.890+0000 7efd9bfff700 1 -- 172.21.15.2:0/92205515 <== mon.0 v2:172.21.15.2:3300/0 2 ==== config(26 keys) v1 ==== 1074+0+0 (secure 0 0 0) 0x7efd940042c0 con 0x7efda407bde0
2024-01-03T15:08:30.520 INFO:teuthology.orchestra.run.smithi002.stdout:/usr/bin/ceph: stderr
2024-01-03T15:08:29.890+0000 7efd9bfff700 1 -- 172.21.15.2:0/92205515 <== mon.0 v2:172.21.15.2:3300/0 3 ==== mon_map magic: 0 v1 ==== 205+0+0 (secure 0 0 0) 0x7efd94011a00 con 0x7efda407bde0
2024-01-03T15:08:30.520 INFO:teuthology.orchestra.run.smithi002.stdout:/usr/bin/ceph: stderr
2024-01-03T15:08:29.890+0000 7efdab6ac700 1 -- 172.21.15.2:0/92205515 >> [v2:172.21.15.2:3300/0,v1:172.21.15.2:6789/0] conn(0x7efda407bde0 msgr2=0x7efda407a2e0 secure :-1 s=STATE_CONNECTION_ESTABLISHED l=1).mark_down
2024-01-03T15:08:30.520 INFO:teuthology.orchestra.run.smithi002.stdout:/usr/bin/ceph: stderr
2024-01-03T15:08:29.890+0000 7efdab6ac700 1 --2- 172.21.15.2:0/92205515 >> [v2:172.21.15.2:3300/0,v1:172.21.15.2:6789/0] conn(0x7efda407bde0 0x7efda407a2e0 secure :-1 s=READY pgs=47 cs=0 l=1 rev1=1 crypto rx=0x7efd940098a0 tx=0x7efd94009bb0 comp rx=0 tx=0).stop
2024-01-03T15:08:30.520 INFO:teuthology.orchestra.run.smithi002.stdout:/usr/bin/ceph: stderr
2024-01-03T15:08:29.890+0000 7efdab6ac700 1 -- 172.21.15.2:0/92205515 shutdown_connections
2024-01-03T15:08:30.520 INFO:teuthology.orchestra.run.smithi002.stdout:/usr/bin/ceph: stderr
2024-01-03T15:08:29.890+0000 7efdab6ac700 1 --2- 172.21.15.2:0/92205515 >> [v2:172.21.15.2:3300/0,v1:172.21.15.2:6789/0] conn(0x7efda407bde0 0x7efda407a2e0 unknown :-1 s=CLOSED pgs=47 cs=0 l=1 rev1=1 crypto rx=0 tx=0 comp rx=0 tx=0).stop
2024-01-03T15:08:30.520 INFO:teuthology.orchestra.run.smithi002.stdout:/usr/bin/ceph: stderr
2024-01-03T15:08:29.890+0000 7efdab6ac700 1 -- 172.21.15.2:0/92205515 >> 172.21.15.2:0/92205515 conn(0x7efda4100fb0 msgr2=0x7efda41033c0 unknown :-1 s=STATE_NONE l=0).mark_down
2024-01-03T15:08:30.520 INFO:teuthology.orchestra.run.smithi002.stdout:/usr/bin/ceph: stderr
2024-01-03T15:08:29.890+0000 7efdab6ac700 1 -- 172.21.15.2:0/92205515 shutdown_connections
2024-01-03T15:08:30.520 INFO:teuthology.orchestra.run.smithi002.stdout:/usr/bin/ceph: stderr
2024-01-03T15:08:29.890+0000 7efdab6ac700 1 -- 172.21.15.2:0/92205515 wait complete.
2024-01-03T15:08:30.520 INFO:teuthology.orchestra.run.smithi002.stdout:/usr/bin/ceph: stderr
2024-01-03T15:08:29.891+0000 7efdab6ac700 1 Processor -- start
2024-01-03T15:08:30.521 INFO:teuthology.orchestra.run.smithi002.stdout:/usr/bin/ceph: stderr
2024-01-03T15:08:29.891+0000 7efdab6ac700 1 -- start start
2024-01-03T15:08:30.521 INFO:teuthology.orchestra.run.smithi002.stdout:/usr/bin/ceph: stderr
2024-01-03T15:08:29.892+0000 7efdab6ac700 1 --2- >> [v2:172.21.15.2:3300/0,v1:172.21.15.2:6789/0] conn(0x7efda407bde0 0x7efda419b7a0 unknown :-1 s=NONE pgs=0 cs=0 l=1 rev1=0 crypto rx=0 tx=0 comp rx=0 tx=0).connect
2024-01-03T15:08:30.521 INFO:teuthology.orchestra.run.smithi002.stdout:/usr/bin/ceph: stderr
2024-01-03T15:08:29.892+0000 7efdab6ac700 1 -- --> [v2:172.21.15.2:3300/0,v1:172.21.15.2:6789/0] -- mon_getmap magic: 0 v1 -- 0x7efda419bce0 con 0x7efda407bde0
2024-01-03T15:08:30.521 INFO:teuthology.orchestra.run.smithi002.stdout:/usr/bin/ceph: stderr
2024-01-03T15:08:29.892+0000 7efda9448700 1 --2- >> [v2:172.21.15.2:3300/0,v1:172.21.15.2:6789/0] conn(0x7efda407bde0 0x7efda419b7a0 unknown :-1 s=BANNER_CONNECTING pgs=0 cs=0 l=1 rev1=0 crypto rx=0 tx=0 comp rx=0 tx=0)._handle_peer_banner_payload supported=3 required=0
2024-01-03T15:08:30.521 INFO:teuthology.orchestra.run.smithi002.stdout:/usr/bin/ceph: stderr
2024-01-03T15:08:29.892+0000 7efda9448700 1 --2- >> [v2:172.21.15.2:3300/0,v1:172.21.15.2:6789/0] conn(0x7efda407bde0 0x7efda419b7a0 unknown :-1 s=HELLO_CONNECTING pgs=0 cs=0 l=1 rev1=1 crypto rx=0 tx=0 comp rx=0 tx=0).handle_hello peer v2:172.21.15.2:3300/0 says I am v2:172.21.15.2:36606/0 (socket says 172.21.15.2:36606)
2024-01-03T15:08:30.521 INFO:teuthology.orchestra.run.smithi002.stdout:/usr/bin/ceph: stderr
2024-01-03T15:08:29.892+0000 7efda9448700 1 -- 172.21.15.2:0/2237624294 learned_addr learned my addr 172.21.15.2:0/2237624294 (peer_addr_for_me v2:172.21.15.2:0/0)
2024-01-03T15:08:30.521 INFO:teuthology.orchestra.run.smithi002.stdout:/usr/bin/ceph: stderr
2024-01-03T15:08:29.892+0000 7efda9448700 1 -- 172.21.15.2:0/2237624294 --> [v2:172.21.15.2:3300/0,v1:172.21.15.2:6789/0] -- mon_subscribe({config=0+,monmap=0+}) v3 -- 0x7efd94009550 con 0x7efda407bde0
2024-01-03T15:08:30.521 INFO:teuthology.orchestra.run.smithi002.stdout:/usr/bin/ceph: stderr
2024-01-03T15:08:29.892+0000 7efda9448700 1 --2- 172.21.15.2:0/2237624294 >> [v2:172.21.15.2:3300/0,v1:172.21.15.2:6789/0] conn(0x7efda407bde0 0x7efda419b7a0 secure :-1 s=READY pgs=48 cs=0 l=1 rev1=1 crypto rx=0x7efd94009fb0 tx=0x7efd94011ad0 comp rx=0 tx=0).ready entity=mon.0 client_cookie=0 server_cookie=0 in_seq=0 out_seq=0
2024-01-03T15:08:30.521 INFO:teuthology.orchestra.run.smithi002.stdout:/usr/bin/ceph: stderr
2024-01-03T15:08:29.892+0000 7efd9a7fc700 1 -- 172.21.15.2:0/2237624294 <== mon.0 v2:172.21.15.2:3300/0 1 ==== mon_map magic: 0 v1 ==== 205+0+0 (secure 0 0 0) 0x7efd94003930 con 0x7efda407bde0
2024-01-03T15:08:30.521 INFO:teuthology.orchestra.run.smithi002.stdout:/usr/bin/ceph: stderr
2024-01-03T15:08:29.892+0000 7efd9a7fc700 1 -- 172.21.15.2:0/2237624294 <== mon.0 v2:172.21.15.2:3300/0 2 ==== config(26 keys) v1 ==== 1074+0+0 (secure 0 0 0) 0x7efd94003a90 con 0x7efda407bde0
2024-01-03T15:08:30.521 INFO:teuthology.orchestra.run.smithi002.stdout:/usr/bin/ceph: stderr
2024-01-03T15:08:29.892+0000 7efdab6ac700 1 -- 172.21.15.2:0/2237624294 --> [v2:172.21.15.2:3300/0,v1:172.21.15.2:6789/0] -- mon_subscribe({mgrmap=0+}) v3 -- 0x7efda410bdf0 con 0x7efda407bde0
2024-01-03T15:08:30.521 INFO:teuthology.orchestra.run.smithi002.stdout:/usr/bin/ceph: stderr
2024-01-03T15:08:29.892+0000 7efd9a7fc700 1 -- 172.21.15.2:0/2237624294 <== mon.0 v2:172.21.15.2:3300/0 3 ==== mon_map magic: 0 v1 ==== 205+0+0 (secure 0 0 0) 0x7efd940195e0 con 0x7efda407bde0
2024-01-03T15:08:30.521 INFO:teuthology.orchestra.run.smithi002.stdout:/usr/bin/ceph: stderr
2024-01-03T15:08:29.892+0000 7efdab6ac700 1 -- 172.21.15.2:0/2237624294 --> [v2:172.21.15.2:3300/0,v1:172.21.15.2:6789/0] -- mon_subscribe({osdmap=0}) v3 -- 0x7efda410bc60 con 0x7efda407bde0
2024-01-03T15:08:30.522 INFO:teuthology.orchestra.run.smithi002.stdout:/usr/bin/ceph: stderr
2024-01-03T15:08:29.893+0000 7efd9a7fc700 1 -- 172.21.15.2:0/2237624294 <== mon.0 v2:172.21.15.2:3300/0 4 ==== mgrmap(e 8) v1 ==== 45483+0+0 (secure 0 0 0) 0x7efd9401a430 con 0x7efda407bde0
2024-01-03T15:08:30.522 INFO:teuthology.orchestra.run.smithi002.stdout:/usr/bin/ceph: stderr
2024-01-03T15:08:29.893+0000 7efdab6ac700 1 -- 172.21.15.2:0/2237624294 --> [v2:172.21.15.2:3300/0,v1:172.21.15.2:6789/0] -- mon_command({"prefix": "get_command_descriptions"} v 0) v1 -- 0x7efda4062120 con 0x7efda407bde0
2024-01-03T15:08:30.522 INFO:teuthology.orchestra.run.smithi002.stdout:/usr/bin/ceph: stderr
2024-01-03T15:08:29.894+0000 7efd9a7fc700 1 --2- 172.21.15.2:0/2237624294 >> [v2:172.21.15.2:6800/569479476,v1:172.21.15.2:6801/569479476] conn(0x7efd90038780 0x7efd9003ac30 unknown :-1 s=NONE pgs=0 cs=0 l=1 rev1=0 crypto rx=0 tx=0 comp rx=0 tx=0).connect
2024-01-03T15:08:30.522 INFO:teuthology.orchestra.run.smithi002.stdout:/usr/bin/ceph: stderr
2024-01-03T15:08:29.894+0000 7efd9a7fc700 1 -- 172.21.15.2:0/2237624294 <== mon.0 v2:172.21.15.2:3300/0 5 ==== osd_map(2..2 src has 1..2) v4 ==== 940+0+0 (secure 0 0 0) 0x7efd9404c830 con 0x7efda407bde0
2024-01-03T15:08:30.522 INFO:teuthology.orchestra.run.smithi002.stdout:/usr/bin/ceph: stderr
2024-01-03T15:08:29.894+0000 7efda8c47700 1 --2- 172.21.15.2:0/2237624294 >> [v2:172.21.15.2:6800/569479476,v1:172.21.15.2:6801/569479476] conn(0x7efd90038780 0x7efd9003ac30 unknown :-1 s=BANNER_CONNECTING pgs=0 cs=0 l=1 rev1=0 crypto rx=0 tx=0 comp rx=0 tx=0)._handle_peer_banner_payload supported=3 required=0
2024-01-03T15:08:30.522 INFO:teuthology.orchestra.run.smithi002.stdout:/usr/bin/ceph: stderr
2024-01-03T15:08:29.894+0000 7efda8c47700 1 --2- 172.21.15.2:0/2237624294 >> [v2:172.21.15.2:6800/569479476,v1:172.21.15.2:6801/569479476] conn(0x7efd90038780 0x7efd9003ac30 secure :-1 s=READY pgs=12 cs=0 l=1 rev1=1 crypto rx=0x7efda0006fd0 tx=0x7efda0006e40 comp rx=0 tx=0).ready entity=mgr.14120 client_cookie=0 server_cookie=0 in_seq=0 out_seq=0
2024-01-03T15:08:30.522 INFO:teuthology.orchestra.run.smithi002.stdout:/usr/bin/ceph: stderr
2024-01-03T15:08:29.899+0000 7efd9a7fc700 1 -- 172.21.15.2:0/2237624294 <== mon.0 v2:172.21.15.2:3300/0 6 ==== mon_command_ack([{"prefix": "get_command_descriptions"}]=0 v0) v1 ==== 72+0+177948 (secure 0 0 0) 0x7efd94023b80 con 0x7efda407bde0
2024-01-03T15:08:30.522 INFO:teuthology.orchestra.run.smithi002.stdout:/usr/bin/ceph: stderr
2024-01-03T15:08:30.123+0000 7efdab6ac700 1 -- 172.21.15.2:0/2237624294 --> [v2:172.21.15.2:6800/569479476,v1:172.21.15.2:6801/569479476] -- mgr_command(tid 0: {"prefix": "orch apply", "service_type": "mon", "unmanaged": true, "target": ["mon-mgr", ""]}) v1 -- 0x7efda41023b0 con 0x7efd90038780
2024-01-03T15:08:30.522 INFO:teuthology.orchestra.run.smithi002.stdout:/usr/bin/ceph: stderr
2024-01-03T15:08:30.128+0000 7efd9a7fc700 1 -- 172.21.15.2:0/2237624294 <== mgr.14120 v2:172.21.15.2:6800/569479476 1 ==== mgr_command_reply(tid 0: 0 ) v1 ==== 8+0+24 (secure 0 0 0) 0x7efda41023b0 con 0x7efd90038780
2024-01-03T15:08:30.522 INFO:teuthology.orchestra.run.smithi002.stdout:/usr/bin/ceph: stderr
2024-01-03T15:08:30.130+0000 7efdab6ac700 1 -- 172.21.15.2:0/2237624294 >> [v2:172.21.15.2:6800/569479476,v1:172.21.15.2:6801/569479476] conn(0x7efd90038780 msgr2=0x7efd9003ac30 secure :-1 s=STATE_CONNECTION_ESTABLISHED l=1).mark_down
2024-01-03T15:08:30.522 INFO:teuthology.orchestra.run.smithi002.stdout:/usr/bin/ceph: stderr
2024-01-03T15:08:30.130+0000 7efdab6ac700 1 --2- 172.21.15.2:0/2237624294 >> [v2:172.21.15.2:6800/569479476,v1:172.21.15.2:6801/569479476] conn(0x7efd90038780 0x7efd9003ac30 secure :-1 s=READY pgs=12 cs=0 l=1 rev1=1 crypto rx=0x7efda0006fd0 tx=0x7efda0006e40 comp rx=0 tx=0).stop
2024-01-03T15:08:30.522 INFO:teuthology.orchestra.run.smithi002.stdout:/usr/bin/ceph: stderr
2024-01-03T15:08:30.130+0000 7efdab6ac700 1 -- 172.21.15.2:0/2237624294 >> [v2:172.21.15.2:3300/0,v1:172.21.15.2:6789/0] conn(0x7efda407bde0 msgr2=0x7efda419b7a0 secure :-1 s=STATE_CONNECTION_ESTABLISHED l=1).mark_down
2024-01-03T15:08:30.522 INFO:teuthology.orchestra.run.smithi002.stdout:/usr/bin/ceph: stderr
2024-01-03T15:08:30.130+0000 7efdab6ac700 1 --2- 172.21.15.2:0/2237624294 >> [v2:172.21.15.2:3300/0,v1:172.21.15.2:6789/0] conn(0x7efda407bde0 0x7efda419b7a0 secure :-1 s=READY pgs=48 cs=0 l=1 rev1=1 crypto rx=0x7efd94009fb0 tx=0x7efd94011ad0 comp rx=0 tx=0).stop
2024-01-03T15:08:30.522 INFO:teuthology.orchestra.run.smithi002.stdout:/usr/bin/ceph: stderr
2024-01-03T15:08:30.130+0000 7efdab6ac700 1 -- 172.21.15.2:0/2237624294 shutdown_connections
2024-01-03T15:08:30.523 INFO:teuthology.orchestra.run.smithi002.stdout:/usr/bin/ceph: stderr
2024-01-03T15:08:30.130+0000 7efdab6ac700 1 --2- 172.21.15.2:0/2237624294 >> [v2:172.21.15.2:6800/569479476,v1:172.21.15.2:6801/569479476] conn(0x7efd90038780 0x7efd9003ac30 unknown :-1 s=CLOSED pgs=12 cs=0 l=1 rev1=1 crypto rx=0 tx=0 comp rx=0 tx=0).stop
2024-01-03T15:08:30.523 INFO:teuthology.orchestra.run.smithi002.stdout:/usr/bin/ceph: stderr
2024-01-03T15:08:30.130+0000 7efdab6ac700 1 --2- 172.21.15.2:0/2237624294 >> [v2:172.21.15.2:3300/0,v1:172.21.15.2:6789/0] conn(0x7efda407bde0 0x7efda419b7a0 unknown :-1 s=CLOSED pgs=48 cs=0 l=1 rev1=1 crypto rx=0 tx=0 comp rx=0 tx=0).stop
2024-01-03T15:08:30.523 INFO:teuthology.orchestra.run.smithi002.stdout:/usr/bin/ceph: stderr
2024-01-03T15:08:30.130+0000 7efdab6ac700 1 -- 172.21.15.2:0/2237624294 >> 172.21.15.2:0/2237624294 conn(0x7efda4100fb0 msgr2=0x7efda4101ca0 unknown :-1 s=STATE_NONE l=0).mark_down
2024-01-03T15:08:30.523 INFO:teuthology.orchestra.run.smithi002.stdout:/usr/bin/ceph: stderr
2024-01-03T15:08:30.130+0000 7efdab6ac700 1 -- 172.21.15.2:0/2237624294 shutdown_connections
2024-01-03T15:08:30.523 INFO:teuthology.orchestra.run.smithi002.stdout:/usr/bin/ceph: stderr
2024-01-03T15:08:30.130+0000 7efdab6ac700 1 -- 172.21.15.2:0/2237624294 wait complete.
2024-01-03T15:08:30.523 INFO:teuthology.orchestra.run.smithi002.stdout:Deploying unmanaged mgr service...
2024-01-03T15:08:30.547 INFO:journalctl@ceph.mon.a.smithi002.stdout:Jan 03 15:08:30 smithi002 ceph-mon[42153]: from='mgr.14120 172.21.15.2:0/3569086272' entity='mgr.x'
2024-01-03T15:08:30.548 INFO:journalctl@ceph.mon.a.smithi002.stdout:Jan 03 15:08:30 smithi002 ceph-mon[42153]: Added host smithi002
2024-01-03T15:08:30.548 INFO:journalctl@ceph.mon.a.smithi002.stdout:Jan 03 15:08:30 smithi002 ceph-mon[42153]: from='mgr.14120 172.21.15.2:0/3569086272' entity='mgr.x' cmd=[{"prefix": "config dump", "format": "json"}]: dispatch
2024-01-03T15:08:30.548 INFO:journalctl@ceph.mon.a.smithi002.stdout:Jan 03 15:08:30 smithi002 ceph-mon[42153]: from='mgr.14120 172.21.15.2:0/3569086272' entity='mgr.x'
2024-01-03T15:08:31.548 INFO:journalctl@ceph.mon.a.smithi002.stdout:Jan 03 15:08:31 smithi002 ceph-mon[42153]: from='client.14142 -' entity='client.admin' cmd=[{"prefix": "orch apply", "service_type": "mon", "unmanaged": true, "target": ["mon-mgr", ""]}]: dispatch
2024-01-03T15:08:31.548 INFO:journalctl@ceph.mon.a.smithi002.stdout:Jan 03 15:08:31 smithi002 ceph-mon[42153]: Saving service mon spec with placement count:5
2024-01-03T15:08:31.548 INFO:journalctl@ceph.mon.a.smithi002.stdout:Jan 03 15:08:31 smithi002 ceph-mon[42153]: from='mgr.14120 172.21.15.2:0/3569086272' entity='mgr.x'
2024-01-03T15:08:31.762 INFO:teuthology.orchestra.run.smithi002.stdout:/usr/bin/ceph: stdout Scheduled mgr update...
2024-01-03T15:08:31.762 INFO:teuthology.orchestra.run.smithi002.stdout:/usr/bin/ceph: stderr
2024-01-03T15:08:31.158+0000 7fc8b1922700 1 Processor -- start
2024-01-03T15:08:31.762 INFO:teuthology.orchestra.run.smithi002.stdout:/usr/bin/ceph: stderr
2024-01-03T15:08:31.158+0000 7fc8b1922700 1 -- start start
2024-01-03T15:08:31.762 INFO:teuthology.orchestra.run.smithi002.stdout:/usr/bin/ceph: stderr
2024-01-03T15:08:31.159+0000 7fc8b1922700 1 --2- >> [v2:172.21.15.2:3300/0,v1:172.21.15.2:6789/0] conn(0x7fc8ac106420 0x7fc8ac108800 unknown :-1 s=NONE pgs=0 cs=0 l=0 rev1=0 crypto rx=0 tx=0 comp rx=0 tx=0).connect
2024-01-03T15:08:31.762 INFO:teuthology.orchestra.run.smithi002.stdout:/usr/bin/ceph: stderr
2024-01-03T15:08:31.159+0000 7fc8b1922700 1 -- --> [v2:172.21.15.2:3300/0,v1:172.21.15.2:6789/0] -- mon_getmap magic: 0 v1 -- 0x7fc8ac079d80 con 0x7fc8ac106420
2024-01-03T15:08:31.762 INFO:teuthology.orchestra.run.smithi002.stdout:/usr/bin/ceph: stderr
2024-01-03T15:08:31.159+0000 7fc8aaffd700 1 --2- >> [v2:172.21.15.2:3300/0,v1:172.21.15.2:6789/0] conn(0x7fc8ac106420 0x7fc8ac108800 unknown :-1 s=BANNER_CONNECTING pgs=0 cs=0 l=0 rev1=0 crypto rx=0 tx=0 comp rx=0 tx=0)._handle_peer_banner_payload supported=3 required=0
2024-01-03T15:08:31.762 INFO:teuthology.orchestra.run.smithi002.stdout:/usr/bin/ceph: stderr
2024-01-03T15:08:31.159+0000 7fc8aaffd700 1 --2- >> [v2:172.21.15.2:3300/0,v1:172.21.15.2:6789/0] conn(0x7fc8ac106420 0x7fc8ac108800 unknown :-1 s=HELLO_CONNECTING pgs=0 cs=0 l=0 rev1=1 crypto rx=0 tx=0 comp rx=0 tx=0).handle_hello peer v2:172.21.15.2:3300/0 says I am v2:172.21.15.2:36622/0 (socket says 172.21.15.2:36622)
2024-01-03T15:08:31.762 INFO:teuthology.orchestra.run.smithi002.stdout:/usr/bin/ceph: stderr
2024-01-03T15:08:31.159+0000 7fc8aaffd700 1 -- 172.21.15.2:0/1748543767 learned_addr learned my addr 172.21.15.2:0/1748543767 (peer_addr_for_me v2:172.21.15.2:0/0)
2024-01-03T15:08:31.763 INFO:teuthology.orchestra.run.smithi002.stdout:/usr/bin/ceph: stderr
2024-01-03T15:08:31.159+0000 7fc8aaffd700 1 -- 172.21.15.2:0/1748543767 --> [v2:172.21.15.2:3300/0,v1:172.21.15.2:6789/0] -- mon_subscribe({config=0+,monmap=0+}) v3 -- 0x7fc8ac079ec0 con 0x7fc8ac106420
2024-01-03T15:08:31.763 INFO:teuthology.orchestra.run.smithi002.stdout:/usr/bin/ceph: stderr
2024-01-03T15:08:31.159+0000 7fc8aaffd700 1 --2- 172.21.15.2:0/1748543767 >> [v2:172.21.15.2:3300/0,v1:172.21.15.2:6789/0] conn(0x7fc8ac106420 0x7fc8ac108800 secure :-1 s=READY pgs=49 cs=0 l=1 rev1=1 crypto rx=0x7fc89c0098a0 tx=0x7fc89c009bb0 comp rx=0 tx=0).ready entity=mon.0 client_cookie=c8a7af28cf1db984 server_cookie=0 in_seq=0 out_seq=0
2024-01-03T15:08:31.763 INFO:teuthology.orchestra.run.smithi002.stdout:/usr/bin/ceph: stderr
2024-01-03T15:08:31.159+0000 7fc8a9ffb700 1 -- 172.21.15.2:0/1748543767 <== mon.0 v2:172.21.15.2:3300/0 1 ==== mon_map magic: 0 v1 ==== 205+0+0 (secure 0 0 0) 0x7fc89c004160 con 0x7fc8ac106420
2024-01-03T15:08:31.763 INFO:teuthology.orchestra.run.smithi002.stdout:/usr/bin/ceph: stderr
2024-01-03T15:08:31.160+0000 7fc8a9ffb700 1 -- 172.21.15.2:0/1748543767 <== mon.0 v2:172.21.15.2:3300/0 2 ==== config(26 keys) v1 ==== 1105+0+0 (secure 0 0 0) 0x7fc89c0042c0 con 0x7fc8ac106420
2024-01-03T15:08:31.763 INFO:teuthology.orchestra.run.smithi002.stdout:/usr/bin/ceph: stderr
2024-01-03T15:08:31.160+0000 7fc8a9ffb700 1 -- 172.21.15.2:0/1748543767 <== mon.0 v2:172.21.15.2:3300/0 3 ==== mon_map magic: 0 v1 ==== 205+0+0 (secure 0 0 0) 0x7fc89c0119b0 con 0x7fc8ac106420
2024-01-03T15:08:31.763 INFO:teuthology.orchestra.run.smithi002.stdout:/usr/bin/ceph: stderr
2024-01-03T15:08:31.160+0000 7fc8b1922700 1 -- 172.21.15.2:0/1748543767 >> [v2:172.21.15.2:3300/0,v1:172.21.15.2:6789/0] conn(0x7fc8ac106420 msgr2=0x7fc8ac108800 secure :-1 s=STATE_CONNECTION_ESTABLISHED l=1).mark_down
2024-01-03T15:08:31.763 INFO:teuthology.orchestra.run.smithi002.stdout:/usr/bin/ceph: stderr
2024-01-03T15:08:31.160+0000 7fc8b1922700 1 --2- 172.21.15.2:0/1748543767 >> [v2:172.21.15.2:3300/0,v1:172.21.15.2:6789/0] conn(0x7fc8ac106420 0x7fc8ac108800 secure :-1 s=READY pgs=49 cs=0 l=1 rev1=1 crypto rx=0x7fc89c0098a0 tx=0x7fc89c009bb0 comp rx=0 tx=0).stop
2024-01-03T15:08:31.763 INFO:teuthology.orchestra.run.smithi002.stdout:/usr/bin/ceph: stderr
2024-01-03T15:08:31.160+0000 7fc8b1922700 1 -- 172.21.15.2:0/1748543767 shutdown_connections
2024-01-03T15:08:31.763 INFO:teuthology.orchestra.run.smithi002.stdout:/usr/bin/ceph: stderr
2024-01-03T15:08:31.160+0000 7fc8b1922700 1 --2- 172.21.15.2:0/1748543767 >> [v2:172.21.15.2:3300/0,v1:172.21.15.2:6789/0] conn(0x7fc8ac106420 0x7fc8ac108800 unknown :-1 s=CLOSED pgs=49 cs=0 l=1 rev1=1 crypto rx=0 tx=0 comp rx=0 tx=0).stop
2024-01-03T15:08:31.763 INFO:teuthology.orchestra.run.smithi002.stdout:/usr/bin/ceph: stderr
2024-01-03T15:08:31.160+0000 7fc8b1922700 1 -- 172.21.15.2:0/1748543767 >> 172.21.15.2:0/1748543767 conn(0x7fc8ac0ffe80 msgr2=0x7fc8ac102290 unknown :-1 s=STATE_NONE l=0).mark_down
2024-01-03T15:08:31.763 INFO:teuthology.orchestra.run.smithi002.stdout:/usr/bin/ceph: stderr
2024-01-03T15:08:31.160+0000 7fc8b1922700 1 -- 172.21.15.2:0/1748543767 shutdown_connections
2024-01-03T15:08:31.764 INFO:teuthology.orchestra.run.smithi002.stdout:/usr/bin/ceph: stderr
2024-01-03T15:08:31.160+0000 7fc8b1922700 1 -- 172.21.15.2:0/1748543767 wait complete.
2024-01-03T15:08:31.764 INFO:teuthology.orchestra.run.smithi002.stdout:/usr/bin/ceph: stderr
2024-01-03T15:08:31.161+0000 7fc8b1922700 1 Processor -- start
2024-01-03T15:08:31.764 INFO:teuthology.orchestra.run.smithi002.stdout:/usr/bin/ceph: stderr
2024-01-03T15:08:31.161+0000 7fc8b1922700 1 -- start start
2024-01-03T15:08:31.764 INFO:teuthology.orchestra.run.smithi002.stdout:/usr/bin/ceph: stderr
2024-01-03T15:08:31.162+0000 7fc8b1922700 1 --2- >> [v2:172.21.15.2:3300/0,v1:172.21.15.2:6789/0] conn(0x7fc8ac106420 0x7fc8ac1995d0 unknown :-1 s=NONE pgs=0 cs=0 l=1 rev1=0 crypto rx=0 tx=0 comp rx=0 tx=0).connect
2024-01-03T15:08:31.764 INFO:teuthology.orchestra.run.smithi002.stdout:/usr/bin/ceph: stderr
2024-01-03T15:08:31.162+0000 7fc8b1922700 1 -- --> [v2:172.21.15.2:3300/0,v1:172.21.15.2:6789/0] -- mon_getmap magic: 0 v1 -- 0x7fc8ac199b10 con 0x7fc8ac106420
2024-01-03T15:08:31.764 INFO:teuthology.orchestra.run.smithi002.stdout:/usr/bin/ceph: stderr
2024-01-03T15:08:31.162+0000 7fc8aaffd700 1 --2- >> [v2:172.21.15.2:3300/0,v1:172.21.15.2:6789/0] conn(0x7fc8ac106420 0x7fc8ac1995d0 unknown :-1 s=BANNER_CONNECTING pgs=0 cs=0 l=1 rev1=0 crypto rx=0 tx=0 comp rx=0 tx=0)._handle_peer_banner_payload supported=3 required=0
2024-01-03T15:08:31.764 INFO:teuthology.orchestra.run.smithi002.stdout:/usr/bin/ceph: stderr
2024-01-03T15:08:31.162+0000 7fc8aaffd700 1 --2- >> [v2:172.21.15.2:3300/0,v1:172.21.15.2:6789/0] conn(0x7fc8ac106420 0x7fc8ac1995d0 unknown :-1 s=HELLO_CONNECTING pgs=0 cs=0 l=1 rev1=1 crypto rx=0 tx=0 comp rx=0 tx=0).handle_hello peer v2:172.21.15.2:3300/0 says I am v2:172.21.15.2:36634/0 (socket says 172.21.15.2:36634)
2024-01-03T15:08:31.764 INFO:teuthology.orchestra.run.smithi002.stdout:/usr/bin/ceph: stderr
2024-01-03T15:08:31.162+0000 7fc8aaffd700 1 -- 172.21.15.2:0/315497244 learned_addr learned my addr 172.21.15.2:0/315497244 (peer_addr_for_me v2:172.21.15.2:0/0)
2024-01-03T15:08:31.764 INFO:teuthology.orchestra.run.smithi002.stdout:/usr/bin/ceph: stderr
2024-01-03T15:08:31.162+0000 7fc8aaffd700 1 -- 172.21.15.2:0/315497244 --> [v2:172.21.15.2:3300/0,v1:172.21.15.2:6789/0] -- mon_subscribe({config=0+,monmap=0+}) v3 -- 0x7fc89c009550 con 0x7fc8ac106420
2024-01-03T15:08:31.764 INFO:teuthology.orchestra.run.smithi002.stdout:/usr/bin/ceph: stderr
2024-01-03T15:08:31.162+0000 7fc8aaffd700 1 --2- 172.21.15.2:0/315497244 >> [v2:172.21.15.2:3300/0,v1:172.21.15.2:6789/0] conn(0x7fc8ac106420 0x7fc8ac1995d0 secure :-1 s=READY pgs=50 cs=0 l=1 rev1=1 crypto rx=0x7fc89c006af0 tx=0x7fc89c011a10 comp rx=0 tx=0).ready entity=mon.0 client_cookie=0 server_cookie=0 in_seq=0 out_seq=0
2024-01-03T15:08:31.764 INFO:teuthology.orchestra.run.smithi002.stdout:/usr/bin/ceph: stderr
2024-01-03T15:08:31.163+0000 7fc8b0920700 1 -- 172.21.15.2:0/315497244 <== mon.0 v2:172.21.15.2:3300/0 1 ==== mon_map magic: 0 v1 ==== 205+0+0 (secure 0 0 0) 0x7fc89c003a40 con 0x7fc8ac106420
2024-01-03T15:08:31.765 INFO:teuthology.orchestra.run.smithi002.stdout:/usr/bin/ceph: stderr
2024-01-03T15:08:31.163+0000 7fc8b1922700 1 -- 172.21.15.2:0/315497244 --> [v2:172.21.15.2:3300/0,v1:172.21.15.2:6789/0] -- mon_subscribe({mgrmap=0+}) v3 -- 0x7fc8ac109be0 con 0x7fc8ac106420
2024-01-03T15:08:31.765 INFO:teuthology.orchestra.run.smithi002.stdout:/usr/bin/ceph: stderr
2024-01-03T15:08:31.163+0000 7fc8b0920700 1 -- 172.21.15.2:0/315497244 <== mon.0 v2:172.21.15.2:3300/0 2 ==== config(26 keys) v1 ==== 1105+0+0 (secure 0 0 0) 0x7fc89c003ba0 con 0x7fc8ac106420
2024-01-03T15:08:31.765 INFO:teuthology.orchestra.run.smithi002.stdout:/usr/bin/ceph: stderr
2024-01-03T15:08:31.163+0000 7fc8b0920700 1 -- 172.21.15.2:0/315497244 <== mon.0 v2:172.21.15.2:3300/0 3 ==== mon_map magic: 0 v1 ==== 205+0+0 (secure 0 0 0) 0x7fc89c019690 con 0x7fc8ac106420
2024-01-03T15:08:31.765 INFO:teuthology.orchestra.run.smithi002.stdout:/usr/bin/ceph: stderr
2024-01-03T15:08:31.163+0000 7fc8b1922700 1 -- 172.21.15.2:0/315497244 --> [v2:172.21.15.2:3300/0,v1:172.21.15.2:6789/0] -- mon_subscribe({osdmap=0}) v3 -- 0x7fc8ac109a50 con 0x7fc8ac106420
2024-01-03T15:08:31.765 INFO:teuthology.orchestra.run.smithi002.stdout:/usr/bin/ceph: stderr
2024-01-03T15:08:31.164+0000 7fc8b1922700 1 -- 172.21.15.2:0/315497244 --> [v2:172.21.15.2:3300/0,v1:172.21.15.2:6789/0] -- mon_command({"prefix": "get_command_descriptions"} v 0) v1 -- 0x7fc8ac109d70 con 0x7fc8ac106420
2024-01-03T15:08:31.765 INFO:teuthology.orchestra.run.smithi002.stdout:/usr/bin/ceph: stderr
2024-01-03T15:08:31.165+0000 7fc8b0920700 1 -- 172.21.15.2:0/315497244 <== mon.0 v2:172.21.15.2:3300/0 4 ==== mgrmap(e 8) v1 ==== 45483+0+0 (secure 0 0 0) 0x7fc89c01aa60 con 0x7fc8ac106420
2024-01-03T15:08:31.765 INFO:teuthology.orchestra.run.smithi002.stdout:/usr/bin/ceph: stderr
2024-01-03T15:08:31.165+0000 7fc8b0920700 1 --2- 172.21.15.2:0/315497244 >> [v2:172.21.15.2:6800/569479476,v1:172.21.15.2:6801/569479476] conn(0x7fc894038780 0x7fc89403ac30 unknown :-1 s=NONE pgs=0 cs=0 l=1 rev1=0 crypto rx=0 tx=0 comp rx=0 tx=0).connect
2024-01-03T15:08:31.765 INFO:teuthology.orchestra.run.smithi002.stdout:/usr/bin/ceph: stderr
2024-01-03T15:08:31.165+0000 7fc8b0920700 1 -- 172.21.15.2:0/315497244 <== mon.0 v2:172.21.15.2:3300/0 5 ==== osd_map(2..2 src has 1..2) v4 ==== 940+0+0 (secure 0 0 0) 0x7fc89c04cbf0 con 0x7fc8ac106420
2024-01-03T15:08:31.765 INFO:teuthology.orchestra.run.smithi002.stdout:/usr/bin/ceph: stderr
2024-01-03T15:08:31.165+0000 7fc8aa7fc700 1 --2- 172.21.15.2:0/315497244 >> [v2:172.21.15.2:6800/569479476,v1:172.21.15.2:6801/569479476] conn(0x7fc894038780 0x7fc89403ac30 unknown :-1 s=BANNER_CONNECTING pgs=0 cs=0 l=1 rev1=0 crypto rx=0 tx=0 comp rx=0 tx=0)._handle_peer_banner_payload supported=3 required=0
2024-01-03T15:08:31.765 INFO:teuthology.orchestra.run.smithi002.stdout:/usr/bin/ceph: stderr
2024-01-03T15:08:31.165+0000 7fc8aa7fc700 1 --2- 172.21.15.2:0/315497244 >> [v2:172.21.15.2:6800/569479476,v1:172.21.15.2:6801/569479476] conn(0x7fc894038780 0x7fc89403ac30 secure :-1 s=READY pgs=13 cs=0 l=1 rev1=1 crypto rx=0x7fc8a0006fd0 tx=0x7fc8a0006e40 comp rx=0 tx=0).ready entity=mgr.14120 client_cookie=0 server_cookie=0 in_seq=0 out_seq=0
2024-01-03T15:08:31.765 INFO:teuthology.orchestra.run.smithi002.stdout:/usr/bin/ceph: stderr
2024-01-03T15:08:31.170+0000 7fc8b0920700 1 -- 172.21.15.2:0/315497244 <== mon.0 v2:172.21.15.2:3300/0 6 ==== mon_command_ack([{"prefix": "get_command_descriptions"}]=0 v0) v1 ==== 72+0+177948 (secure 0 0 0) 0x7fc89c023750 con 0x7fc8ac106420
2024-01-03T15:08:31.765 INFO:teuthology.orchestra.run.smithi002.stdout:/usr/bin/ceph: stderr
2024-01-03T15:08:31.394+0000 7fc8b1922700 1 -- 172.21.15.2:0/315497244 --> [v2:172.21.15.2:6800/569479476,v1:172.21.15.2:6801/569479476] -- mgr_command(tid 0: {"prefix": "orch apply", "service_type": "mgr", "unmanaged": true, "target": ["mon-mgr", ""]}) v1 -- 0x7fc8ac1012b0 con 0x7fc894038780
2024-01-03T15:08:31.766 INFO:teuthology.orchestra.run.smithi002.stdout:/usr/bin/ceph: stderr
2024-01-03T15:08:31.399+0000 7fc8b0920700 1 -- 172.21.15.2:0/315497244 <== mgr.14120 v2:172.21.15.2:6800/569479476 1 ==== mgr_command_reply(tid 0: 0 ) v1 ==== 8+0+24 (secure 0 0 0) 0x7fc8ac1012b0 con 0x7fc894038780
2024-01-03T15:08:31.766 INFO:teuthology.orchestra.run.smithi002.stdout:/usr/bin/ceph: stderr
2024-01-03T15:08:31.402+0000 7fc8b1922700 1 -- 172.21.15.2:0/315497244 >> [v2:172.21.15.2:6800/569479476,v1:172.21.15.2:6801/569479476] conn(0x7fc894038780 msgr2=0x7fc89403ac30 secure :-1 s=STATE_CONNECTION_ESTABLISHED l=1).mark_down
2024-01-03T15:08:31.766 INFO:teuthology.orchestra.run.smithi002.stdout:/usr/bin/ceph: stderr
2024-01-03T15:08:31.402+0000 7fc8b1922700 1 --2- 172.21.15.2:0/315497244 >> [v2:172.21.15.2:6800/569479476,v1:172.21.15.2:6801/569479476] conn(0x7fc894038780 0x7fc89403ac30 secure :-1 s=READY pgs=13 cs=0 l=1 rev1=1 crypto rx=0x7fc8a0006fd0 tx=0x7fc8a0006e40 comp rx=0 tx=0).stop
2024-01-03T15:08:31.766 INFO:teuthology.orchestra.run.smithi002.stdout:/usr/bin/ceph: stderr
2024-01-03T15:08:31.402+0000 7fc8b1922700 1 -- 172.21.15.2:0/315497244 >> [v2:172.21.15.2:3300/0,v1:172.21.15.2:6789/0] conn(0x7fc8ac106420 msgr2=0x7fc8ac1995d0 secure :-1 s=STATE_CONNECTION_ESTABLISHED l=1).mark_down
2024-01-03T15:08:31.766 INFO:teuthology.orchestra.run.smithi002.stdout:/usr/bin/ceph: stderr
2024-01-03T15:08:31.402+0000 7fc8b1922700 1 --2- 172.21.15.2:0/315497244 >> [v2:172.21.15.2:3300/0,v1:172.21.15.2:6789/0] conn(0x7fc8ac106420 0x7fc8ac1995d0 secure :-1 s=READY pgs=50 cs=0 l=1 rev1=1 crypto rx=0x7fc89c006af0 tx=0x7fc89c011a10 comp rx=0 tx=0).stop
2024-01-03T15:08:31.766 INFO:teuthology.orchestra.run.smithi002.stdout:/usr/bin/ceph: stderr
2024-01-03T15:08:31.402+0000 7fc8b1922700 1 -- 172.21.15.2:0/315497244 shutdown_connections
2024-01-03T15:08:31.766 INFO:teuthology.orchestra.run.smithi002.stdout:/usr/bin/ceph: stderr
2024-01-03T15:08:31.402+0000 7fc8b1922700 1 --2- 172.21.15.2:0/315497244 >> [v2:172.21.15.2:6800/569479476,v1:172.21.15.2:6801/569479476] conn(0x7fc894038780 0x7fc89403ac30 unknown :-1 s=CLOSED pgs=13 cs=0 l=1 rev1=1 crypto rx=0 tx=0 comp rx=0 tx=0).stop
2024-01-03T15:08:31.766 INFO:teuthology.orchestra.run.smithi002.stdout:/usr/bin/ceph: stderr
