2022-07-06T12:30:11.146 INFO:teuthology.orchestra.run.smithi050.stderr:/usr/bin/ceph:
2022-07-06T12:30:11.122+0000 7f22f3d55700 1 -- 172.21.15.50:0/2274406819 wait complete.
2022-07-06T12:30:11.146 INFO:teuthology.orchestra.run.smithi050.stderr:/usr/bin/ceph:
2022-07-06T12:30:11.123+0000 7f22f3d55700 1 Processor -- start
2022-07-06T12:30:11.146 INFO:teuthology.orchestra.run.smithi050.stderr:/usr/bin/ceph:
2022-07-06T12:30:11.123+0000 7f22f3d55700 1 -- start start
2022-07-06T12:30:11.146 INFO:teuthology.orchestra.run.smithi050.stderr:/usr/bin/ceph:
2022-07-06T12:30:11.123+0000 7f22f3d55700 1 --2- >> [v2:172.21.15.50:3300/0,v1:172.21.15.50:6789/0] conn(0x7f22ec06fc20 0x7f22ec10a950 unknown :-1 s=NONE pgs=0 cs=0 l=1 rev1=0 rx=0 tx=0).connect
2022-07-06T12:30:11.147 INFO:teuthology.orchestra.run.smithi050.stderr:/usr/bin/ceph:
2022-07-06T12:30:11.123+0000 7f22f3d55700 1 -- --> [v2:172.21.15.50:3300/0,v1:172.21.15.50:6789/0] -- mon_getmap magic: 0 v1 -- 0x7f22ec10ae40 con 0x7f22ec06fc20
2022-07-06T12:30:11.147 INFO:teuthology.orchestra.run.smithi050.stderr:/usr/bin/ceph:
2022-07-06T12:30:11.124+0000 7f22f1af1700 1 --2- >> [v2:172.21.15.50:3300/0,v1:172.21.15.50:6789/0] conn(0x7f22ec06fc20 0x7f22ec10a950 unknown :-1 s=BANNER_CONNECTING pgs=0 cs=0 l=1 rev1=0 rx=0 tx=0)._handle_peer_banner_payload supported=1 required=0
2022-07-06T12:30:11.147 INFO:teuthology.orchestra.run.smithi050.stderr:/usr/bin/ceph:
2022-07-06T12:30:11.124+0000 7f22f1af1700 1 --2- >> [v2:172.21.15.50:3300/0,v1:172.21.15.50:6789/0] conn(0x7f22ec06fc20 0x7f22ec10a950 unknown :-1 s=HELLO_CONNECTING pgs=0 cs=0 l=1 rev1=1 rx=0 tx=0).handle_hello peer v2:172.21.15.50:3300/0 says I am v2:172.21.15.50:41650/0 (socket says 172.21.15.50:41650)
2022-07-06T12:30:11.147 INFO:teuthology.orchestra.run.smithi050.stderr:/usr/bin/ceph:
2022-07-06T12:30:11.124+0000 7f22f1af1700 1 -- 172.21.15.50:0/4212111102 learned_addr learned my addr 172.21.15.50:0/4212111102 (peer_addr_for_me v2:172.21.15.50:0/0)
2022-07-06T12:30:11.147 INFO:teuthology.orchestra.run.smithi050.stderr:/usr/bin/ceph:
2022-07-06T12:30:11.124+0000 7f22f1af1700 1 -- 172.21.15.50:0/4212111102 --> [v2:172.21.15.50:3300/0,v1:172.21.15.50:6789/0] -- mon_subscribe({config=0+,monmap=0+}) v3 -- 0x7f22dc00b200 con 0x7f22ec06fc20
2022-07-06T12:30:11.148 INFO:teuthology.orchestra.run.smithi050.stderr:/usr/bin/ceph:
2022-07-06T12:30:11.124+0000 7f22f1af1700 1 --2- 172.21.15.50:0/4212111102 >> [v2:172.21.15.50:3300/0,v1:172.21.15.50:6789/0] conn(0x7f22ec06fc20 0x7f22ec10a950 secure :-1 s=READY pgs=67 cs=0 l=1 rev1=1 rx=0x7f22dc011de0 tx=0x7f22dc006ee0).ready entity=mon.0 client_cookie=0 server_cookie=0 in_seq=0 out_seq=0
2022-07-06T12:30:11.148 INFO:teuthology.orchestra.run.smithi050.stderr:/usr/bin/ceph:
2022-07-06T12:30:11.124+0000 7f22da7fc700 1 -- 172.21.15.50:0/4212111102 <== mon.0 v2:172.21.15.50:3300/0 1 ==== mon_map magic: 0 v1 ==== 229+0+0 (secure 0 0 0) 0x7f22dc00dec0 con 0x7f22ec06fc20
2022-07-06T12:30:11.148 INFO:teuthology.orchestra.run.smithi050.stderr:/usr/bin/ceph:
2022-07-06T12:30:11.124+0000 7f22da7fc700 1 -- 172.21.15.50:0/4212111102 <== mon.0 v2:172.21.15.50:3300/0 2 ==== config(25 keys) v1 ==== 1045+0+0 (secure 0 0 0) 0x7f22dc01b8a0 con 0x7f22ec06fc20
2022-07-06T12:30:11.148 INFO:teuthology.orchestra.run.smithi050.stderr:/usr/bin/ceph:
2022-07-06T12:30:11.124+0000 7f22f3d55700 1 -- 172.21.15.50:0/4212111102 --> [v2:172.21.15.50:3300/0,v1:172.21.15.50:6789/0] -- mon_subscribe({mgrmap=0+}) v3 -- 0x7f22ec10b040 con 0x7f22ec06fc20
2022-07-06T12:30:11.148 INFO:teuthology.orchestra.run.smithi050.stderr:/usr/bin/ceph:
2022-07-06T12:30:11.124+0000 7f22da7fc700 1 -- 172.21.15.50:0/4212111102 <== mon.0 v2:172.21.15.50:3300/0 3 ==== mon_map magic: 0 v1 ==== 229+0+0 (secure 0 0 0) 0x7f22dc01a760 con 0x7f22ec06fc20
2022-07-06T12:30:11.149 INFO:teuthology.orchestra.run.smithi050.stderr:/usr/bin/ceph:
2022-07-06T12:30:11.124+0000 7f22f3d55700 1 -- 172.21.15.50:0/4212111102 --> [v2:172.21.15.50:3300/0,v1:172.21.15.50:6789/0] -- mon_subscribe({osdmap=0}) v3 -- 0x7f22ec10b4d0 con 0x7f22ec06fc20
2022-07-06T12:30:11.149 INFO:teuthology.orchestra.run.smithi050.stderr:/usr/bin/ceph:
2022-07-06T12:30:11.125+0000 7f22da7fc700 1 -- 172.21.15.50:0/4212111102 <== mon.0 v2:172.21.15.50:3300/0 4 ==== mgrmap(e 11) v1 ==== 36195+0+0 (secure 0 0 0) 0x7f22dc02b070 con 0x7f22ec06fc20
2022-07-06T12:30:11.149 INFO:teuthology.orchestra.run.smithi050.stderr:/usr/bin/ceph:
2022-07-06T12:30:11.125+0000 7f22f3d55700 1 -- 172.21.15.50:0/4212111102 --> [v2:172.21.15.50:3300/0,v1:172.21.15.50:6789/0] -- mon_command({"prefix": "get_command_descriptions"} v 0) v1 -- 0x7f22ec045ad0 con 0x7f22ec06fc20
2022-07-06T12:30:11.149 INFO:teuthology.orchestra.run.smithi050.stderr:/usr/bin/ceph:
2022-07-06T12:30:11.125+0000 7f22da7fc700 1 --2- 172.21.15.50:0/4212111102 >> [v2:172.21.15.50:6800/3126808970,v1:172.21.15.50:6801/3126808970] conn(0x7f22d402fe60 0x7f22d4032320 unknown :-1 s=NONE pgs=0 cs=0 l=1 rev1=0 rx=0 tx=0).connect
2022-07-06T12:30:11.150 INFO:teuthology.orchestra.run.smithi050.stderr:/usr/bin/ceph:
2022-07-06T12:30:11.125+0000 7f22da7fc700 1 -- 172.21.15.50:0/4212111102 <== mon.0 v2:172.21.15.50:3300/0 5 ==== osd_map(3..3 src has 1..3) v4 ==== 1065+0+0 (secure 0 0 0) 0x7f22dc041620 con 0x7f22ec06fc20
2022-07-06T12:30:11.150 INFO:teuthology.orchestra.run.smithi050.stderr:/usr/bin/ceph:
2022-07-06T12:30:11.125+0000 7f22f12f0700 1 --2- 172.21.15.50:0/4212111102 >> [v2:172.21.15.50:6800/3126808970,v1:172.21.15.50:6801/3126808970] conn(0x7f22d402fe60 0x7f22d4032320 unknown :-1 s=BANNER_CONNECTING pgs=0 cs=0 l=1 rev1=0 rx=0 tx=0)._handle_peer_banner_payload supported=1 required=0
2022-07-06T12:30:11.150 INFO:teuthology.orchestra.run.smithi050.stderr:/usr/bin/ceph:
2022-07-06T12:30:11.126+0000 7f22f12f0700 1 --2- 172.21.15.50:0/4212111102 >> [v2:172.21.15.50:6800/3126808970,v1:172.21.15.50:6801/3126808970] conn(0x7f22d402fe60 0x7f22d4032320 secure :-1 s=READY pgs=11 cs=0 l=1 rev1=1 rx=0x7f22e80096a0 tx=0x7f22e8006b40).ready entity=mgr.14142 client_cookie=0 server_cookie=0 in_seq=0 out_seq=0
2022-07-06T12:30:11.150 INFO:teuthology.orchestra.run.smithi050.stderr:/usr/bin/ceph:
2022-07-06T12:30:11.129+0000 7f22da7fc700 1 -- 172.21.15.50:0/4212111102 <== mon.0 v2:172.21.15.50:3300/0 6 ==== mon_command_ack([{"prefix": "get_command_descriptions"}]=0 v0) v1 ==== 72+0+152212 (secure 0 0 0) 0x7f22dc01b410 con 0x7f22ec06fc20
2022-07-06T12:30:11.334 INFO:teuthology.orchestra.run.smithi050.stderr:/usr/bin/ceph:
2022-07-06T12:30:11.329+0000 7f22f3d55700 1 -- 172.21.15.50:0/4212111102 --> [v2:172.21.15.50:3300/0,v1:172.21.15.50:6789/0] -- mon_command({"prefix": "mgr module enable", "module": "dashboard"} v 0) v1 -- 0x7f22ec0ffc30 con 0x7f22ec06fc20
2022-07-06T12:30:11.591 INFO:journalctl@ceph.mon.smithi050.smithi050.stdout:Jul 06 12:30:11 smithi050 ceph-23d0b070-fd27-11ec-842d-001a4aab830c-mon.smithi050[98511]: audit
2022-07-06T12:30:10.284558+0000 mon.smithi050 (mon.0) 86 : audit [INF] from='client.? 172.21.15.50:0/3449895037' entity='client.admin'
2022-07-06T12:30:12.287 INFO:teuthology.orchestra.run.smithi050.stderr:/usr/bin/ceph:
2022-07-06T12:30:12.285+0000 7f22da7fc700 1 -- 172.21.15.50:0/4212111102 <== mon.0 v2:172.21.15.50:3300/0 7 ==== mgrmap(e 12) v1 ==== 36208+0+0 (secure 0 0 0) 0x7f22dc00f070 con 0x7f22ec06fc20
2022-07-06T12:30:12.289 INFO:teuthology.orchestra.run.smithi050.stderr:/usr/bin/ceph:
2022-07-06T12:30:12.287+0000 7f22da7fc700 1 -- 172.21.15.50:0/4212111102 <== mon.0 v2:172.21.15.50:3300/0 8 ==== mon_command_ack([{"prefix": "mgr module enable", "module": "dashboard"}]=0 v12) v1 ==== 88+0+0 (secure 0 0 0) 0x7f22dc02b300 con 0x7f22ec06fc20
2022-07-06T12:30:12.293 INFO:teuthology.orchestra.run.smithi050.stderr:/usr/bin/ceph:
2022-07-06T12:30:12.290+0000 7f22f3d55700 1 -- 172.21.15.50:0/4212111102 >> [v2:172.21.15.50:6800/3126808970,v1:172.21.15.50:6801/3126808970] conn(0x7f22d402fe60 msgr2=0x7f22d4032320 secure :-1 s=STATE_CONNECTION_ESTABLISHED l=1).mark_down
2022-07-06T12:30:12.294 INFO:teuthology.orchestra.run.smithi050.stderr:/usr/bin/ceph:
2022-07-06T12:30:12.290+0000 7f22f3d55700 1 --2- 172.21.15.50:0/4212111102 >> [v2:172.21.15.50:6800/3126808970,v1:172.21.15.50:6801/3126808970] conn(0x7f22d402fe60 0x7f22d4032320 secure :-1 s=READY pgs=11 cs=0 l=1 rev1=1 rx=0x7f22e80096a0 tx=0x7f22e8006b40).stop
2022-07-06T12:30:12.294 INFO:teuthology.orchestra.run.smithi050.stderr:/usr/bin/ceph:
2022-07-06T12:30:12.290+0000 7f22f3d55700 1 -- 172.21.15.50:0/4212111102 >> [v2:172.21.15.50:3300/0,v1:172.21.15.50:6789/0] conn(0x7f22ec06fc20 msgr2=0x7f22ec10a950 secure :-1 s=STATE_CONNECTION_ESTABLISHED l=1).mark_down
2022-07-06T12:30:12.295 INFO:teuthology.orchestra.run.smithi050.stderr:/usr/bin/ceph:
2022-07-06T12:30:12.290+0000 7f22f3d55700 1 --2- 172.21.15.50:0/4212111102 >> [v2:172.21.15.50:3300/0,v1:172.21.15.50:6789/0] conn(0x7f22ec06fc20 0x7f22ec10a950 secure :-1 s=READY pgs=67 cs=0 l=1 rev1=1 rx=0x7f22dc011de0 tx=0x7f22dc006ee0).stop
2022-07-06T12:30:12.295 INFO:teuthology.orchestra.run.smithi050.stderr:/usr/bin/ceph:
2022-07-06T12:30:12.290+0000 7f22f3d55700 1 -- 172.21.15.50:0/4212111102 shutdown_connections
2022-07-06T12:30:12.296 INFO:teuthology.orchestra.run.smithi050.stderr:/usr/bin/ceph:
2022-07-06T12:30:12.290+0000 7f22f3d55700 1 --2- 172.21.15.50:0/4212111102 >> [v2:172.21.15.50:6800/3126808970,v1:172.21.15.50:6801/3126808970] conn(0x7f22d402fe60 0x7f22d4032320 unknown :-1 s=CLOSED pgs=11 cs=0 l=1 rev1=1 rx=0 tx=0).stop
2022-07-06T12:30:12.296 INFO:teuthology.orchestra.run.smithi050.stderr:/usr/bin/ceph:
2022-07-06T12:30:12.290+0000 7f22f3d55700 1 --2- 172.21.15.50:0/4212111102 >> [v2:172.21.15.50:3300/0,v1:172.21.15.50:6789/0] conn(0x7f22ec06fc20 0x7f22ec10a950 unknown :-1 s=CLOSED pgs=67 cs=0 l=1 rev1=1 rx=0 tx=0).stop
2022-07-06T12:30:12.297 INFO:teuthology.orchestra.run.smithi050.stderr:/usr/bin/ceph:
2022-07-06T12:30:12.290+0000 7f22f3d55700 1 -- 172.21.15.50:0/4212111102 >> 172.21.15.50:0/4212111102 conn(0x7f22ec0f62a0 msgr2=0x7f22ec0f7dd0 unknown :-1 s=STATE_NONE l=0).mark_down
2022-07-06T12:30:12.297 INFO:teuthology.orchestra.run.smithi050.stderr:/usr/bin/ceph:
2022-07-06T12:30:12.290+0000 7f22f3d55700 1 -- 172.21.15.50:0/4212111102 shutdown_connections
2022-07-06T12:30:12.298 INFO:teuthology.orchestra.run.smithi050.stderr:/usr/bin/ceph:
2022-07-06T12:30:12.290+0000 7f22f3d55700 1 -- 172.21.15.50:0/4212111102 wait complete.
2022-07-06T12:30:12.592 INFO:journalctl@ceph.mon.smithi050.smithi050.stdout:Jul 06 12:30:12 smithi050 ceph-23d0b070-fd27-11ec-842d-001a4aab830c-mon.smithi050[98511]: audit
2022-07-06T12:30:11.330206+0000 mon.smithi050 (mon.0) 87 : audit [INF] from='client.? 172.21.15.50:0/4212111102' entity='client.admin' cmd=[{"prefix": "mgr module enable", "module": "dashboard"}]: dispatch
2022-07-06T12:30:12.702 INFO:teuthology.orchestra.run.smithi050.stderr:Running command: /bin/podman run --rm --ipc=host --no-hosts --net=host --entrypoint /usr/bin/ceph --init -e CONTAINER_IMAGE=quay.io/ceph/ceph:v16.2.4 -e NODE_NAME=smithi050 -e CEPH_USE_RANDOM_NONCE=1 -v /var/log/ceph/23d0b070-fd27-11ec-842d-001a4aab830c:/var/log/ceph:z -v /tmp/ceph-tmpfsz_fpkc:/etc/ceph/ceph.client.admin.keyring:z -v /tmp/ceph-tmpglw24jw4:/etc/ceph/ceph.conf:z quay.io/ceph/ceph:v16.2.4 mgr stat
2022-07-06T12:30:13.158 INFO:teuthology.orchestra.run.smithi050.stderr:/usr/bin/ceph:
2022-07-06T12:30:13.153+0000 7fbc3ea41700 1 Processor -- start
2022-07-06T12:30:13.159 INFO:teuthology.orchestra.run.smithi050.stderr:/usr/bin/ceph:
2022-07-06T12:30:13.153+0000 7fbc3ea41700 1 -- start start
2022-07-06T12:30:13.159 INFO:teuthology.orchestra.run.smithi050.stderr:/usr/bin/ceph:
2022-07-06T12:30:13.154+0000 7fbc3ea41700 1 --2- >> [v2:172.21.15.50:3300/0,v1:172.21.15.50:6789/0] conn(0x7fbc3806fb80 0x7fbc380fe820 unknown :-1 s=NONE pgs=0 cs=0 l=0 rev1=0 rx=0 tx=0).connect
2022-07-06T12:30:13.159 INFO:teuthology.orchestra.run.smithi050.stderr:/usr/bin/ceph:
2022-07-06T12:30:13.154+0000 7fbc3ea41700 1 -- --> [v2:172.21.15.50:3300/0,v1:172.21.15.50:6789/0] -- mon_getmap magic: 0 v1 -- 0x7fbc380fed10 con 0x7fbc3806fb80
2022-07-06T12:30:13.160 INFO:teuthology.orchestra.run.smithi050.stderr:/usr/bin/ceph:
2022-07-06T12:30:13.154+0000 7fbc37fff700 1 --2- >> [v2:172.21.15.50:3300/0,v1:172.21.15.50:6789/0] conn(0x7fbc3806fb80 0x7fbc380fe820 unknown :-1 s=BANNER_CONNECTING pgs=0 cs=0 l=0 rev1=0 rx=0 tx=0)._handle_peer_banner_payload supported=1 required=0
2022-07-06T12:30:13.160 INFO:teuthology.orchestra.run.smithi050.stderr:/usr/bin/ceph:
2022-07-06T12:30:13.154+0000 7fbc37fff700 1 --2- >> [v2:172.21.15.50:3300/0,v1:172.21.15.50:6789/0] conn(0x7fbc3806fb80 0x7fbc380fe820 unknown :-1 s=HELLO_CONNECTING pgs=0 cs=0 l=0 rev1=1 rx=0 tx=0).handle_hello peer v2:172.21.15.50:3300/0 says I am v2:172.21.15.50:41664/0 (socket says 172.21.15.50:41664)
2022-07-06T12:30:13.160 INFO:teuthology.orchestra.run.smithi050.stderr:/usr/bin/ceph:
2022-07-06T12:30:13.154+0000 7fbc37fff700 1 -- 172.21.15.50:0/2479100182 learned_addr learned my addr 172.21.15.50:0/2479100182 (peer_addr_for_me v2:172.21.15.50:0/0)
2022-07-06T12:30:13.160 INFO:teuthology.orchestra.run.smithi050.stderr:/usr/bin/ceph:
2022-07-06T12:30:13.154+0000 7fbc37fff700 1 -- 172.21.15.50:0/2479100182 --> [v2:172.21.15.50:3300/0,v1:172.21.15.50:6789/0] -- mon_subscribe({config=0+,monmap=0+}) v3 -- 0x7fbc380fee50 con 0x7fbc3806fb80
2022-07-06T12:30:13.161 INFO:teuthology.orchestra.run.smithi050.stderr:/usr/bin/ceph:
2022-07-06T12:30:13.154+0000 7fbc37fff700 1 --2- 172.21.15.50:0/2479100182 >> [v2:172.21.15.50:3300/0,v1:172.21.15.50:6789/0] conn(0x7fbc3806fb80 0x7fbc380fe820 secure :-1 s=READY pgs=70 cs=0 l=1 rev1=1 rx=0x7fbc2800b5f0 tx=0x7fbc28006ee0).ready entity=mon.0 client_cookie=ede20c9eefd0c91b server_cookie=0 in_seq=0 out_seq=0
2022-07-06T12:30:13.161 INFO:teuthology.orchestra.run.smithi050.stderr:/usr/bin/ceph:
2022-07-06T12:30:13.154+0000 7fbc36ffd700 1 -- 172.21.15.50:0/2479100182 <== mon.0 v2:172.21.15.50:3300/0 1 ==== mon_map magic: 0 v1 ==== 229+0+0 (secure 0 0 0) 0x7fbc2800d600 con 0x7fbc3806fb80
2022-07-06T12:30:13.161 INFO:teuthology.orchestra.run.smithi050.stderr:/usr/bin/ceph:
2022-07-06T12:30:13.154+0000 7fbc36ffd700 1 -- 172.21.15.50:0/2479100182 <== mon.0 v2:172.21.15.50:3300/0 2 ==== config(25 keys) v1 ==== 1045+0+0 (secure 0 0 0) 0x7fbc2800dbf0 con 0x7fbc3806fb80
2022-07-06T12:30:13.161 INFO:teuthology.orchestra.run.smithi050.stderr:/usr/bin/ceph:
2022-07-06T12:30:13.154+0000 7fbc36ffd700 1 -- 172.21.15.50:0/2479100182 <== mon.0 v2:172.21.15.50:3300/0 3 ==== mon_map magic: 0 v1 ==== 229+0+0 (secure 0 0 0) 0x7fbc28011c20 con 0x7fbc3806fb80
2022-07-06T12:30:13.162 INFO:teuthology.orchestra.run.smithi050.stderr:/usr/bin/ceph:
2022-07-06T12:30:13.155+0000 7fbc3ea41700 1 -- 172.21.15.50:0/2479100182 >> [v2:172.21.15.50:3300/0,v1:172.21.15.50:6789/0] conn(0x7fbc3806fb80 msgr2=0x7fbc380fe820 secure :-1 s=STATE_CONNECTION_ESTABLISHED l=1).mark_down
2022-07-06T12:30:13.163 INFO:teuthology.orchestra.run.smithi050.stderr:/usr/bin/ceph:
2022-07-06T12:30:13.155+0000 7fbc3ea41700 1 --2- 172.21.15.50:0/2479100182 >> [v2:172.21.15.50:3300/0,v1:172.21.15.50:6789/0] conn(0x7fbc3806fb80 0x7fbc380fe820 secure :-1 s=READY pgs=70 cs=0 l=1 rev1=1 rx=0x7fbc2800b5f0 tx=0x7fbc28006ee0).stop
2022-07-06T12:30:13.163 INFO:teuthology.orchestra.run.smithi050.stderr:/usr/bin/ceph:
2022-07-06T12:30:13.155+0000 7fbc3ea41700 1 -- 172.21.15.50:0/2479100182 shutdown_connections
2022-07-06T12:30:13.163 INFO:teuthology.orchestra.run.smithi050.stderr:/usr/bin/ceph:
2022-07-06T12:30:13.155+0000 7fbc3ea41700 1 --2- 172.21.15.50:0/2479100182 >> [v2:172.21.15.50:3300/0,v1:172.21.15.50:6789/0] conn(0x7fbc3806fb80 0x7fbc380fe820 unknown :-1 s=CLOSED pgs=70 cs=0 l=1 rev1=1 rx=0 tx=0).stop
2022-07-06T12:30:13.163 INFO:teuthology.orchestra.run.smithi050.stderr:/usr/bin/ceph:
2022-07-06T12:30:13.155+0000 7fbc3ea41700 1 -- 172.21.15.50:0/2479100182 >> 172.21.15.50:0/2479100182 conn(0x7fbc380f6260 msgr2=0x7fbc380f86a0 unknown :-1 s=STATE_NONE l=0).mark_down
2022-07-06T12:30:13.164 INFO:teuthology.orchestra.run.smithi050.stderr:/usr/bin/ceph:
2022-07-06T12:30:13.156+0000 7fbc3ea41700 1 -- 172.21.15.50:0/2479100182 shutdown_connections
2022-07-06T12:30:13.164 INFO:teuthology.orchestra.run.smithi050.stderr:/usr/bin/ceph:
2022-07-06T12:30:13.156+0000 7fbc3ea41700 1 -- 172.21.15.50:0/2479100182 wait complete.
2022-07-06T12:30:13.164 INFO:teuthology.orchestra.run.smithi050.stderr:/usr/bin/ceph:
2022-07-06T12:30:13.157+0000 7fbc3ea41700 1 Processor -- start
2022-07-06T12:30:13.165 INFO:teuthology.orchestra.run.smithi050.stderr:/usr/bin/ceph:
2022-07-06T12:30:13.157+0000 7fbc3ea41700 1 -- start start
2022-07-06T12:30:13.165 INFO:teuthology.orchestra.run.smithi050.stderr:/usr/bin/ceph:
2022-07-06T12:30:13.157+0000 7fbc3ea41700 1 --2- >> [v2:172.21.15.50:3300/0,v1:172.21.15.50:6789/0] conn(0x7fbc3806fb80 0x7fbc380fc2a0 unknown :-1 s=NONE pgs=0 cs=0 l=1 rev1=0 rx=0 tx=0).connect
2022-07-06T12:30:13.165 INFO:teuthology.orchestra.run.smithi050.stderr:/usr/bin/ceph:
2022-07-06T12:30:13.157+0000 7fbc3ea41700 1 -- --> [v2:172.21.15.50:3300/0,v1:172.21.15.50:6789/0] -- mon_getmap magic: 0 v1 -- 0x7fbc380fa720 con 0x7fbc3806fb80
2022-07-06T12:30:13.166 INFO:teuthology.orchestra.run.smithi050.stderr:/usr/bin/ceph:
2022-07-06T12:30:13.157+0000 7fbc37fff700 1 --2- >> [v2:172.21.15.50:3300/0,v1:172.21.15.50:6789/0] conn(0x7fbc3806fb80 0x7fbc380fc2a0 unknown :-1 s=BANNER_CONNECTING pgs=0 cs=0 l=1 rev1=0 rx=0 tx=0)._handle_peer_banner_payload supported=1 required=0
2022-07-06T12:30:13.166 INFO:teuthology.orchestra.run.smithi050.stderr:/usr/bin/ceph:
2022-07-06T12:30:13.157+0000 7fbc37fff700 1 --2- >> [v2:172.21.15.50:3300/0,v1:172.21.15.50:6789/0] conn(0x7fbc3806fb80 0x7fbc380fc2a0 unknown :-1 s=HELLO_CONNECTING pgs=0 cs=0 l=1 rev1=1 rx=0 tx=0).handle_hello peer v2:172.21.15.50:3300/0 says I am v2:172.21.15.50:41666/0 (socket says 172.21.15.50:41666)
2022-07-06T12:30:13.166 INFO:teuthology.orchestra.run.smithi050.stderr:/usr/bin/ceph:
2022-07-06T12:30:13.157+0000 7fbc37fff700 1 -- 172.21.15.50:0/3236385734 learned_addr learned my addr 172.21.15.50:0/3236385734 (peer_addr_for_me v2:172.21.15.50:0/0)
2022-07-06T12:30:13.167 INFO:teuthology.orchestra.run.smithi050.stderr:/usr/bin/ceph:
2022-07-06T12:30:13.158+0000 7fbc37fff700 1 -- 172.21.15.50:0/3236385734 --> [v2:172.21.15.50:3300/0,v1:172.21.15.50:6789/0] -- mon_subscribe({config=0+,monmap=0+}) v3 -- 0x7fbc2800b200 con 0x7fbc3806fb80
2022-07-06T12:30:13.167 INFO:teuthology.orchestra.run.smithi050.stderr:/usr/bin/ceph:
2022-07-06T12:30:13.158+0000 7fbc37fff700 1 --2- 172.21.15.50:0/3236385734 >> [v2:172.21.15.50:3300/0,v1:172.21.15.50:6789/0] conn(0x7fbc3806fb80 0x7fbc380fc2a0 secure :-1 s=READY pgs=71 cs=0 l=1 rev1=1 rx=0x7fbc28006800 tx=0x7fbc28006ee0).ready entity=mon.0 client_cookie=0 server_cookie=0 in_seq=0 out_seq=0
2022-07-06T12:30:13.167 INFO:teuthology.orchestra.run.smithi050.stderr:/usr/bin/ceph:
2022-07-06T12:30:13.158+0000 7fbc34ff9700 1 -- 172.21.15.50:0/3236385734 <== mon.0 v2:172.21.15.50:3300/0 1 ==== mon_map magic: 0 v1 ==== 229+0+0 (secure 0 0 0) 0x7fbc2801b570 con 0x7fbc3806fb80
2022-07-06T12:30:13.167 INFO:teuthology.orchestra.run.smithi050.stderr:/usr/bin/ceph:
2022-07-06T12:30:13.158+0000 7fbc3ea41700 1 -- 172.21.15.50:0/3236385734 --> [v2:172.21.15.50:3300/0,v1:172.21.15.50:6789/0] -- mon_subscribe({mgrmap=0+}) v3 -- 0x7fbc380fa8c0 con 0x7fbc3806fb80
2022-07-06T12:30:13.167 INFO:teuthology.orchestra.run.smithi050.stderr:/usr/bin/ceph:
2022-07-06T12:30:13.158+0000 7fbc34ff9700 1 -- 172.21.15.50:0/3236385734 <== mon.0 v2:172.21.15.50:3300/0 2 ==== config(25 keys) v1 ==== 1045+0+0 (secure 0 0 0) 0x7fbc2801bb60 con 0x7fbc3806fb80
2022-07-06T12:30:13.168 INFO:teuthology.orchestra.run.smithi050.stderr:/usr/bin/ceph:
2022-07-06T12:30:13.158+0000 7fbc34ff9700 1 -- 172.21.15.50:0/3236385734 <== mon.0 v2:172.21.15.50:3300/0 3 ==== mon_map magic: 0 v1 ==== 229+0+0 (secure 0 0 0) 0x7fbc2801a860 con 0x7fbc3806fb80
2022-07-06T12:30:13.168 INFO:teuthology.orchestra.run.smithi050.stderr:/usr/bin/ceph:
2022-07-06T12:30:13.158+0000 7fbc3ea41700 1 -- 172.21.15.50:0/3236385734 --> [v2:172.21.15.50:3300/0,v1:172.21.15.50:6789/0] -- mon_subscribe({osdmap=0}) v3 -- 0x7fbc380fad50 con 0x7fbc3806fb80
2022-07-06T12:30:13.168 INFO:teuthology.orchestra.run.smithi050.stderr:/usr/bin/ceph:
2022-07-06T12:30:13.159+0000 7fbc34ff9700 1 -- 172.21.15.50:0/3236385734 <== mon.0 v2:172.21.15.50:3300/0 4 ==== mgrmap(e 12) v1 ==== 36208+0+0 (secure 0 0 0) 0x7fbc2802b070 con 0x7fbc3806fb80
2022-07-06T12:30:13.168 INFO:teuthology.orchestra.run.smithi050.stderr:/usr/bin/ceph:
2022-07-06T12:30:13.159+0000 7fbc34ff9700 1 --2- 172.21.15.50:0/3236385734 >> [v2:172.21.15.50:6800/3126808970,v1:172.21.15.50:6801/3126808970] conn(0x7fbc2402feb0 0x7fbc24032370 unknown :-1 s=NONE pgs=0 cs=0 l=1 rev1=0 rx=0 tx=0).connect
2022-07-06T12:30:13.169 INFO:teuthology.orchestra.run.smithi050.stderr:/usr/bin/ceph:
2022-07-06T12:30:13.159+0000 7fbc34ff9700 1 -- 172.21.15.50:0/3236385734 <== mon.0 v2:172.21.15.50:3300/0 5 ==== osd_map(3..3 src has 1..3) v4 ==== 1065+0+0 (secure 0 0 0) 0x7fbc28042740 con 0x7fbc3806fb80
2022-07-06T12:30:13.169 INFO:teuthology.orchestra.run.smithi050.stderr:/usr/bin/ceph:
2022-07-06T12:30:13.159+0000 7fbc377fe700 1 -- 172.21.15.50:0/3236385734 >> [v2:172.21.15.50:6800/3126808970,v1:172.21.15.50:6801/3126808970] conn(0x7fbc2402feb0 msgr2=0x7fbc24032370 unknown :-1 s=STATE_CONNECTING_RE l=1).process reconnect failed to v2:172.21.15.50:6800/3126808970
2022-07-06T12:30:13.169 INFO:teuthology.orchestra.run.smithi050.stderr:/usr/bin/ceph:
2022-07-06T12:30:13.159+0000 7fbc377fe700 1 --2- 172.21.15.50:0/3236385734 >> [v2:172.21.15.50:6800/3126808970,v1:172.21.15.50:6801/3126808970] conn(0x7fbc2402feb0 0x7fbc24032370 unknown :-1 s=START_CONNECT pgs=0 cs=0 l=1 rev1=0 rx=0 tx=0)._fault waiting 0.200000
2022-07-06T12:30:13.169 INFO:teuthology.orchestra.run.smithi050.stderr:/usr/bin/ceph:
2022-07-06T12:30:13.159+0000 7fbc3ea41700 1 -- 172.21.15.50:0/3236385734 --> [v2:172.21.15.50:3300/0,v1:172.21.15.50:6789/0] -- mon_command({"prefix": "get_command_descriptions"} v 0) v1 -- 0x7fbc38059100 con 0x7fbc3806fb80
2022-07-06T12:30:13.172 INFO:teuthology.orchestra.run.smithi050.stderr:/usr/bin/ceph:
2022-07-06T12:30:13.164+0000 7fbc34ff9700 1 -- 172.21.15.50:0/3236385734 <== mon.0 v2:172.21.15.50:3300/0 6 ==== mon_command_ack([{"prefix": "get_command_descriptions"}]=0 v0) v1 ==== 72+0+152212 (secure 0 0 0) 0x7fbc28016070 con 0x7fbc3806fb80
2022-07-06T12:30:13.365 INFO:teuthology.orchestra.run.smithi050.stderr:/usr/bin/ceph:
2022-07-06T12:30:13.360+0000 7fbc377fe700 1 -- 172.21.15.50:0/3236385734 >> [v2:172.21.15.50:6800/3126808970,v1:172.21.15.50:6801/3126808970] conn(0x7fbc2402feb0 msgr2=0x7fbc24032370 unknown :-1 s=STATE_CONNECTING_RE l=1).process reconnect failed to v2:172.21.15.50:6800/3126808970
2022-07-06T12:30:13.366 INFO:teuthology.orchestra.run.smithi050.stderr:/usr/bin/ceph:
2022-07-06T12:30:13.360+0000 7fbc377fe700 1 --2- 172.21.15.50:0/3236385734 >> [v2:172.21.15.50:6800/3126808970,v1:172.21.15.50:6801/3126808970] conn(0x7fbc2402feb0 0x7fbc24032370 unknown :-1 s=START_CONNECT pgs=0 cs=0 l=1 rev1=0 rx=0 tx=0)._fault waiting 0.400000
2022-07-06T12:30:13.366 INFO:teuthology.orchestra.run.smithi050.stderr:/usr/bin/ceph:
2022-07-06T12:30:13.361+0000 7fbc3ea41700 1 -- 172.21.15.50:0/3236385734 --> [v2:172.21.15.50:3300/0,v1:172.21.15.50:6789/0] -- mon_command({"prefix": "mgr stat"} v 0) v1 -- 0x7fbc38104810 con 0x7fbc3806fb80
2022-07-06T12:30:13.372 INFO:teuthology.orchestra.run.smithi050.stderr:/usr/bin/ceph:
2022-07-06T12:30:13.361+0000 7fbc34ff9700 1 -- 172.21.15.50:0/3236385734 <== mon.0 v2:172.21.15.50:3300/0 7 ==== mon_command_ack([{"prefix": "mgr stat"}]=0 v12) v1 ==== 56+0+104 (secure 0 0 0) 0x7fbc2801f030 con 0x7fbc3806fb80
2022-07-06T12:30:13.373 INFO:teuthology.orchestra.run.smithi050.stderr:/usr/bin/ceph: {
2022-07-06T12:30:13.374 INFO:teuthology.orchestra.run.smithi050.stderr:/usr/bin/ceph: "epoch": 12,
2022-07-06T12:30:13.374 INFO:teuthology.orchestra.run.smithi050.stderr:/usr/bin/ceph: "available": true,
2022-07-06T12:30:13.374 INFO:teuthology.orchestra.run.smithi050.stderr:/usr/bin/ceph: "active_name": "smithi050.dpuniq",
2022-07-06T12:30:13.375 INFO:teuthology.orchestra.run.smithi050.stderr:/usr/bin/ceph: "num_standby": 0
2022-07-06T12:30:13.375 INFO:teuthology.orchestra.run.smithi050.stderr:/usr/bin/ceph: }
2022-07-06T12:30:13.376 INFO:teuthology.orchestra.run.smithi050.stderr:/usr/bin/ceph:
2022-07-06T12:30:13.363+0000 7fbc3ea41700 1 -- 172.21.15.50:0/3236385734 >> [v2:172.21.15.50:6800/3126808970,v1:172.21.15.50:6801/3126808970] conn(0x7fbc2402feb0 msgr2=0x7fbc24032370 unknown :-1 s=STATE_CONNECTING l=1).mark_down
2022-07-06T12:30:13.376 INFO:teuthology.orchestra.run.smithi050.stderr:/usr/bin/ceph:
2022-07-06T12:30:13.363+0000 7fbc3ea41700 1 --2- 172.21.15.50:0/3236385734 >> [v2:172.21.15.50:6800/3126808970,v1:172.21.15.50:6801/3126808970] conn(0x7fbc2402feb0 0x7fbc24032370 unknown :-1 s=START_CONNECT pgs=0 cs=0 l=1 rev1=0 rx=0 tx=0).stop
2022-07-06T12:30:13.377 INFO:teuthology.orchestra.run.smithi050.stderr:/usr/bin/ceph:
2022-07-06T12:30:13.363+0000 7fbc3ea41700 1 -- 172.21.15.50:0/3236385734 >> [v2:172.21.15.50:3300/0,v1:172.21.15.50:6789/0] conn(0x7fbc3806fb80 msgr2=0x7fbc380fc2a0 secure :-1 s=STATE_CONNECTION_ESTABLISHED l=1).mark_down
2022-07-06T12:30:13.377 INFO:teuthology.orchestra.run.smithi050.stderr:/usr/bin/ceph:
2022-07-06T12:30:13.363+0000 7fbc3ea41700 1 --2- 172.21.15.50:0/3236385734 >> [v2:172.21.15.50:3300/0,v1:172.21.15.50:6789/0] conn(0x7fbc3806fb80 0x7fbc380fc2a0 secure :-1 s=READY pgs=71 cs=0 l=1 rev1=1 rx=0x7fbc28006800 tx=0x7fbc28006ee0).stop
2022-07-06T12:30:13.378 INFO:teuthology.orchestra.run.smithi050.stderr:/usr/bin/ceph:
2022-07-06T12:30:13.363+0000 7fbc3ea41700 1 -- 172.21.15.50:0/3236385734 shutdown_connections
2022-07-06T12:30:13.378 INFO:teuthology.orchestra.run.smithi050.stderr:/usr/bin/ceph:
2022-07-06T12:30:13.363+0000 7fbc3ea41700 1 --2- 172.21.15.50:0/3236385734 >> [v2:172.21.15.50:6800/3126808970,v1:172.21.15.50:6801/3126808970] conn(0x7fbc2402feb0 0x7fbc24032370 unknown :-1 s=CLOSED pgs=0 cs=0 l=1 rev1=0 rx=0 tx=0).stop
2022-07-06T12:30:13.379 INFO:teuthology.orchestra.run.smithi050.stderr:/usr/bin/ceph:
2022-07-06T12:30:13.363+0000 7fbc3ea41700 1 --2- 172.21.15.50:0/3236385734 >> [v2:172.21.15.50:3300/0,v1:172.21.15.50:6789/0] conn(0x7fbc3806fb80 0x7fbc380fc2a0 unknown :-1 s=CLOSED pgs=71 cs=0 l=1 rev1=1 rx=0 tx=0).stop
2022-07-06T12:30:13.379 INFO:teuthology.orchestra.run.smithi050.stderr:/usr/bin/ceph:
2022-07-06T12:30:13.363+0000 7fbc3ea41700 1 -- 172.21.15.50:0/3236385734 >> 172.21.15.50:0/3236385734 conn(0x7fbc380f6260 msgr2=0x7fbc380f7c70 unknown :-1 s=STATE_NONE l=0).mark_down
2022-07-06T12:30:13.380 INFO:teuthology.orchestra.run.smithi050.stderr:/usr/bin/ceph:
2022-07-06T12:30:13.363+0000 7fbc3ea41700 1 -- 172.21.15.50:0/3236385734 shutdown_connections
2022-07-06T12:30:13.381 INFO:teuthology.orchestra.run.smithi050.stderr:/usr/bin/ceph:
2022-07-06T12:30:13.363+0000 7fbc3ea41700 1 -- 172.21.15.50:0/3236385734 wait complete.
2022-07-06T12:30:13.593 INFO:journalctl@ceph.mon.smithi050.smithi050.stdout:Jul 06 12:30:13 smithi050 ceph-23d0b070-fd27-11ec-842d-001a4aab830c-mon.smithi050[98511]: audit
2022-07-06T12:30:12.288569+0000 mon.smithi050 (mon.0) 88 : audit [INF] from='client.? 172.21.15.50:0/4212111102' entity='client.admin' cmd='[{"prefix": "mgr module enable", "module": "dashboard"}]': finished
2022-07-06T12:30:13.594 INFO:journalctl@ceph.mon.smithi050.smithi050.stdout:Jul 06 12:30:13 smithi050 ceph-23d0b070-fd27-11ec-842d-001a4aab830c-mon.smithi050[98511]: cluster
2022-07-06T12:30:12.288670+0000 mon.smithi050 (mon.0) 89 : cluster [DBG] mgrmap e12: smithi050.dpuniq(active, since 9s)
2022-07-06T12:30:13.744 INFO:teuthology.orchestra.run.smithi050.stderr:Waiting for the mgr to restart...
2022-07-06T12:30:13.744 INFO:teuthology.orchestra.run.smithi050.stderr:Waiting for mgr epoch 12...
2022-07-06T12:30:13.744 INFO:teuthology.orchestra.run.smithi050.stderr:Running command: /bin/podman run --rm --ipc=host --no-hosts --net=host --entrypoint /usr/bin/ceph --init -e CONTAINER_IMAGE=quay.io/ceph/ceph:v16.2.4 -e NODE_NAME=smithi050 -e CEPH_USE_RANDOM_NONCE=1 -v /var/log/ceph/23d0b070-fd27-11ec-842d-001a4aab830c:/var/log/ceph:z -v /tmp/ceph-tmpfsz_fpkc:/etc/ceph/ceph.client.admin.keyring:z -v /tmp/ceph-tmpglw24jw4:/etc/ceph/ceph.conf:z quay.io/ceph/ceph:v16.2.4 tell mgr mgr_status
2022-07-06T12:30:14.258 INFO:teuthology.orchestra.run.smithi050.stderr:/usr/bin/ceph:
2022-07-06T12:30:14.247+0000 7f6d4079f700 1 Processor -- start
2022-07-06T12:30:14.259 INFO:teuthology.orchestra.run.smithi050.stderr:/usr/bin/ceph:
2022-07-06T12:30:14.247+0000 7f6d4079f700 1 -- start start
2022-07-06T12:30:14.259 INFO:teuthology.orchestra.run.smithi050.stderr:/usr/bin/ceph:
2022-07-06T12:30:14.247+0000 7f6d4079f700 1 --2- >> [v2:172.21.15.50:3300/0,v1:172.21.15.50:6789/0] conn(0x7f6d380faa80 0x7f6d380faea0 unknown :-1 s=NONE pgs=0 cs=0 l=0 rev1=0 rx=0 tx=0).connect
2022-07-06T12:30:14.259 INFO:teuthology.orchestra.run.smithi050.stderr:/usr/bin/ceph:
2022-07-06T12:30:14.247+0000 7f6d4079f700 1 -- --> [v2:172.21.15.50:3300/0,v1:172.21.15.50:6789/0] -- mon_getmap magic: 0 v1 -- 0x7f6d380fb390 con 0x7f6d380faa80
2022-07-06T12:30:14.260 INFO:teuthology.orchestra.run.smithi050.stderr:/usr/bin/ceph:
2022-07-06T12:30:14.248+0000 7f6d3e53b700 1 --2- >> [v2:172.21.15.50:3300/0,v1:172.21.15.50:6789/0] conn(0x7f6d380faa80 0x7f6d380faea0 unknown :-1 s=BANNER_CONNECTING pgs=0 cs=0 l=0 rev1=0 rx=0 tx=0)._handle_peer_banner_payload supported=1 required=0
2022-07-06T12:30:14.260 INFO:teuthology.orchestra.run.smithi050.stderr:/usr/bin/ceph:
2022-07-06T12:30:14.248+0000 7f6d3e53b700 1 --2- >> [v2:172.21.15.50:3300/0,v1:172.21.15.50:6789/0] conn(0x7f6d380faa80 0x7f6d380faea0 unknown :-1 s=HELLO_CONNECTING pgs=0 cs=0 l=0 rev1=1 rx=0 tx=0).handle_hello peer v2:172.21.15.50:3300/0 says I am v2:172.21.15.50:41674/0 (socket says 172.21.15.50:41674)
2022-07-06T12:30:14.261 INFO:teuthology.orchestra.run.smithi050.stderr:/usr/bin/ceph:
2022-07-06T12:30:14.248+0000 7f6d3e53b700 1 -- 172.21.15.50:0/2034487578 learned_addr learned my addr 172.21.15.50:0/2034487578 (peer_addr_for_me v2:172.21.15.50:0/0)
2022-07-06T12:30:14.261 INFO:teuthology.orchestra.run.smithi050.stderr:/usr/bin/ceph:
2022-07-06T12:30:14.248+0000 7f6d3e53b700 1 -- 172.21.15.50:0/2034487578 --> [v2:172.21.15.50:3300/0,v1:172.21.15.50:6789/0] -- mon_subscribe({config=0+,monmap=0+}) v3 -- 0x7f6d380fb4d0 con 0x7f6d380faa80
2022-07-06T12:30:14.262 INFO:teuthology.orchestra.run.smithi050.stderr:/usr/bin/ceph:
2022-07-06T12:30:14.248+0000 7f6d3e53b700 1 --2- 172.21.15.50:0/2034487578 >> [v2:172.21.15.50:3300/0,v1:172.21.15.50:6789/0] conn(0x7f6d380faa80 0x7f6d380faea0 secure :-1 s=READY pgs=72 cs=0 l=1 rev1=1 rx=0x7f6d3400b870 tx=0x7f6d34006f70).ready entity=mon.0 client_cookie=eefd233e9e38f2d8 server_cookie=0 in_seq=0 out_seq=0
2022-07-06T12:30:14.262 INFO:teuthology.orchestra.run.smithi050.stderr:/usr/bin/ceph:
2022-07-06T12:30:14.248+0000 7f6d3d539700 1 -- 172.21.15.50:0/2034487578 <== mon.0 v2:172.21.15.50:3300/0 1 ==== mon_map magic: 0 v1 ==== 229+0+0 (secure 0 0 0) 0x7f6d3400da20 con 0x7f6d380faa80
2022-07-06T12:30:14.263 INFO:teuthology.orchestra.run.smithi050.stderr:/usr/bin/ceph:
2022-07-06T12:30:14.248+0000 7f6d3d539700 1 -- 172.21.15.50:0/2034487578 <== mon.0 v2:172.21.15.50:3300/0 2 ==== config(25 keys) v1 ==== 1045+0+0 (secure 0 0 0) 0x7f6d34010470 con 0x7f6d380faa80
2022-07-06T12:30:14.263 INFO:teuthology.orchestra.run.smithi050.stderr:/usr/bin/ceph:
2022-07-06T12:30:14.248+0000 7f6d3d539700 1 -- 172.21.15.50:0/2034487578 <== mon.0 v2:172.21.15.50:3300/0 3 ==== mon_map magic: 0 v1 ==== 229+0+0 (secure 0 0 0) 0x7f6d3400f5b0 con 0x7f6d380faa80
2022-07-06T12:30:14.263 INFO:teuthology.orchestra.run.smithi050.stderr:/usr/bin/ceph:
2022-07-06T12:30:14.249+0000 7f6d4079f700 1 -- 172.21.15.50:0/2034487578 >> [v2:172.21.15.50:3300/0,v1:172.21.15.50:6789/0] conn(0x7f6d380faa80 msgr2=0x7f6d380faea0 secure :-1 s=STATE_CONNECTION_ESTABLISHED l=1).mark_down
2022-07-06T12:30:14.263 INFO:teuthology.orchestra.run.smithi050.stderr:/usr/bin/ceph:
2022-07-06T12:30:14.249+0000 7f6d4079f700 1 --2- 172.21.15.50:0/2034487578 >> [v2:172.21.15.50:3300/0,v1:172.21.15.50:6789/0] conn(0x7f6d380faa80 0x7f6d380faea0 secure :-1 s=READY pgs=72 cs=0 l=1 rev1=1 rx=0x7f6d3400b870 tx=0x7f6d34006f70).stop
2022-07-06T12:30:14.263 INFO:teuthology.orchestra.run.smithi050.stderr:/usr/bin/ceph:
2022-07-06T12:30:14.249+0000 7f6d4079f700 1 -- 172.21.15.50:0/2034487578 shutdown_connections
2022-07-06T12:30:14.264 INFO:teuthology.orchestra.run.smithi050.stderr:/usr/bin/ceph:
2022-07-06T12:30:14.249+0000 7f6d4079f700 1 --2- 172.21.15.50:0/2034487578 >> [v2:172.21.15.50:3300/0,v1:172.21.15.50:6789/0] conn(0x7f6d380faa80 0x7f6d380faea0 unknown :-1 s=CLOSED pgs=72 cs=0 l=1 rev1=1 rx=0 tx=0).stop
2022-07-06T12:30:14.264 INFO:teuthology.orchestra.run.smithi050.stderr:/usr/bin/ceph:
2022-07-06T12:30:14.249+0000 7f6d4079f700 1 -- 172.21.15.50:0/2034487578 >> 172.21.15.50:0/2034487578 conn(0x7f6d380f6260 msgr2=0x7f6d380f86a0 unknown :-1 s=STATE_NONE l=0).mark_down
2022-07-06T12:30:14.264 INFO:teuthology.orchestra.run.smithi050.stderr:/usr/bin/ceph:
2022-07-06T12:30:14.249+0000 7f6d4079f700 1 -- 172.21.15.50:0/2034487578 shutdown_connections
2022-07-06T12:30:14.264 INFO:teuthology.orchestra.run.smithi050.stderr:/usr/bin/ceph:
2022-07-06T12:30:14.249+0000 7f6d4079f700 1 -- 172.21.15.50:0/2034487578 wait complete.
2022-07-06T12:30:14.264 INFO:teuthology.orchestra.run.smithi050.stderr:/usr/bin/ceph:
2022-07-06T12:30:14.250+0000 7f6d4079f700 1 Processor -- start
2022-07-06T12:30:14.265 INFO:teuthology.orchestra.run.smithi050.stderr:/usr/bin/ceph:
2022-07-06T12:30:14.250+0000 7f6d4079f700 1 -- start start
2022-07-06T12:30:14.265 INFO:teuthology.orchestra.run.smithi050.stderr:/usr/bin/ceph:
2022-07-06T12:30:14.250+0000 7f6d4079f700 1 --2- >> [v2:172.21.15.50:3300/0,v1:172.21.15.50:6789/0] conn(0x7f6d380faa80 0x7f6d3810cb20 unknown :-1 s=NONE pgs=0 cs=0 l=1 rev1=0 rx=0 tx=0).connect
2022-07-06T12:30:14.265 INFO:teuthology.orchestra.run.smithi050.stderr:/usr/bin/ceph:
2022-07-06T12:30:14.250+0000 7f6d4079f700 1 -- --> [v2:172.21.15.50:3300/0,v1:172.21.15.50:6789/0] -- mon_getmap magic: 0 v1 -- 0x7f6d3810d010 con 0x7f6d380faa80
2022-07-06T12:30:14.265 INFO:teuthology.orchestra.run.smithi050.stderr:/usr/bin/ceph:
2022-07-06T12:30:14.250+0000 7f6d3e53b700 1 --2- >> [v2:172.21.15.50:3300/0,v1:172.21.15.50:6789/0] conn(0x7f6d380faa80 0x7f6d3810cb20 unknown :-1 s=BANNER_CONNECTING pgs=0 cs=0 l=1 rev1=0 rx=0 tx=0)._handle_peer_banner_payload supported=1 required=0
2022-07-06T12:30:14.266 INFO:teuthology.orchestra.run.smithi050.stderr:/usr/bin/ceph:
2022-07-06T12:30:14.250+0000 7f6d3e53b700 1 --2- >> [v2:172.21.15.50:3300/0,v1:172.21.15.50:6789/0] conn(0x7f6d380faa80 0x7f6d3810cb20 unknown :-1 s=HELLO_CONNECTING pgs=0 cs=0 l=1 rev1=1 rx=0 tx=0).handle_hello peer v2:172.21.15.50:3300/0 says I am v2:172.21.15.50:41676/0 (socket says 172.21.15.50:41676)
2022-07-06T12:30:14.266 INFO:teuthology.orchestra.run.smithi050.stderr:/usr/bin/ceph:
2022-07-06T12:30:14.250+0000 7f6d3e53b700 1 -- 172.21.15.50:0/2931899617 learned_addr learned my addr 172.21.15.50:0/2931899617 (peer_addr_for_me v2:172.21.15.50:0/0)
2022-07-06T12:30:14.267 INFO:teuthology.orchestra.run.smithi050.stderr:/usr/bin/ceph:
2022-07-06T12:30:14.250+0000 7f6d3e53b700 1 -- 172.21.15.50:0/2931899617 --> [v2:172.21.15.50:3300/0,v1:172.21.15.50:6789/0] -- mon_subscribe({config=0+,monmap=0+}) v3 -- 0x7f6d3400b480 con 0x7f6d380faa80
2022-07-06T12:30:14.267 INFO:teuthology.orchestra.run.smithi050.stderr:/usr/bin/ceph:
2022-07-06T12:30:14.250+0000 7f6d3e53b700 1 --2- 172.21.15.50:0/2931899617 >> [v2:172.21.15.50:3300/0,v1:172.21.15.50:6789/0] conn(0x7f6d380faa80 0x7f6d3810cb20 secure :-1 s=READY pgs=73 cs=0 l=1 rev1=1 rx=0x7f6d34006800 tx=0x7f6d34006f70).ready entity=mon.0 client_cookie=0 server_cookie=0 in_seq=0 out_seq=0
2022-07-06T12:30:14.267 INFO:teuthology.orchestra.run.smithi050.stderr:/usr/bin/ceph:
2022-07-06T12:30:14.251+0000 7f6d26ffd700 1 -- 172.21.15.50:0/2931899617 <== mon.0 v2:172.21.15.50:3300/0 1 ==== mon_map magic: 0 v1 ==== 229+0+0 (secure 0 0 0) 0x7f6d3400de80 con 0x7f6d380faa80
2022-07-06T12:30:14.267 INFO:teuthology.orchestra.run.smithi050.stderr:/usr/bin/ceph:
2022-07-06T12:30:14.251+0000 7f6d26ffd700 1 -- 172.21.15.50:0/2931899617 <== mon.0 v2:172.21.15.50:3300/0 2 ==== config(25 keys) v1 ==== 1045+0+0 (secure 0 0 0) 0x7f6d3400fcb0 con 0x7f6d380faa80
2022-07-06T12:30:14.268 INFO:teuthology.orchestra.run.smithi050.stderr:/usr/bin/ceph:
2022-07-06T12:30:14.251+0000 7f6d4079f700 1 -- 172.21.15.50:0/2931899617 --> [v2:172.21.15.50:3300/0,v1:172.21.15.50:6789/0] -- mon_subscribe({mgrmap=0+}) v3 -- 0x7f6d3810d210 con 0x7f6d380faa80
2022-07-06T12:30:14.268 INFO:teuthology.orchestra.run.smithi050.stderr:/usr/bin/ceph:
2022-07-06T12:30:14.251+0000 7f6d26ffd700 1 -- 172.21.15.50:0/2931899617 <== mon.0 v2:172.21.15.50:3300/0 3 ==== mon_map magic: 0 v1 ==== 229+0+0 (secure 0 0 0) 0x7f6d34019ca0 con 0x7f6d380faa80
2022-07-06T12:30:14.268 INFO:teuthology.orchestra.run.smithi050.stderr:/usr/bin/ceph:
2022-07-06T12:30:14.251+0000 7f6d4079f700 1 -- 172.21.15.50:0/2931899617 --> [v2:172.21.15.50:3300/0,v1:172.21.15.50:6789/0] -- mon_subscribe({osdmap=0}) v3 -- 0x7f6d3810d6a0 con 0x7f6d380faa80
2022-07-06T12:30:14.268 INFO:teuthology.orchestra.run.smithi050.stderr:/usr/bin/ceph:
2022-07-06T12:30:14.251+0000 7f6d26ffd700 1 -- 172.21.15.50:0/2931899617 <== mon.0 v2:172.21.15.50:3300/0 4 ==== mgrmap(e 12) v1 ==== 36208+0+0 (secure 0 0 0) 0x7f6d34016030 con 0x7f6d380faa80
2022-07-06T12:30:14.269 INFO:teuthology.orchestra.run.smithi050.stderr:/usr/bin/ceph:
2022-07-06T12:30:14.252+0000 7f6d26ffd700 1 --2- 172.21.15.50:0/2931899617 >> [v2:172.21.15.50:6800/3126808970,v1:172.21.15.50:6801/3126808970] conn(0x7f6d2002ff00 0x7f6d200323c0 unknown :-1 s=NONE pgs=0 cs=0 l=1 rev1=0 rx=0 tx=0).connect
2022-07-06T12:30:14.270 INFO:teuthology.orchestra.run.smithi050.stderr:/usr/bin/ceph:
2022-07-06T12:30:14.252+0000 7f6d26ffd700 1 -- 172.21.15.50:0/2931899617 <== mon.0 v2:172.21.15.50:3300/0 5 ==== osd_map(3..3 src has 1..3) v4 ==== 1065+0+0 (secure 0 0 0) 0x7f6d34042d50 con 0x7f6d380faa80
2022-07-06T12:30:14.270 INFO:teuthology.orchestra.run.smithi050.stderr:/usr/bin/ceph:
2022-07-06T12:30:14.252+0000 7f6d3dd3a700 1 -- 172.21.15.50:0/2931899617 >> [v2:172.21.15.50:6800/3126808970,v1:172.21.15.50:6801/3126808970] conn(0x7f6d2002ff00 msgr2=0x7f6d200323c0 unknown :-1 s=STATE_CONNECTING_RE l=1).process reconnect failed to v2:172.21.15.50:6800/3126808970
2022-07-06T12:30:14.270 INFO:teuthology.orchestra.run.smithi050.stderr:/usr/bin/ceph:
2022-07-06T12:30:14.252+0000 7f6d3dd3a700 1 --2- 172.21.15.50:0/2931899617 >> [v2:172.21.15.50:6800/3126808970,v1:172.21.15.50:6801/3126808970] conn(0x7f6d2002ff00 0x7f6d200323c0 unknown :-1 s=START_CONNECT pgs=0 cs=0 l=1 rev1=0 rx=0 tx=0)._fault waiting 0.200000
2022-07-06T12:30:14.271 INFO:teuthology.orchestra.run.smithi050.stderr:/usr/bin/ceph:
2022-07-06T12:30:14.252+0000 7f6d4079f700 1 -- 172.21.15.50:0/2931899617 --> [v2:172.21.15.50:6800/3126808970,v1:172.21.15.50:6801/3126808970] -- command(tid 0: {"prefix": "get_command_descriptions"}) v1 -- 0x7f6d38059100 con 0x7f6d2002ff00
2022-07-06T12:30:14.455 INFO:teuthology.orchestra.run.smithi050.stderr:/usr/bin/ceph:
2022-07-06T12:30:14.453+0000 7f6d3dd3a700 1 -- 172.21.15.50:0/2931899617 >> [v2:172.21.15.50:6800/3126808970,v1:172.21.15.50:6801/3126808970] conn(0x7f6d2002ff00 msgr2=0x7f6d200323c0 unknown :-1 s=STATE_CONNECTING_RE l=1).process reconnect failed to v2:172.21.15.50:6800/3126808970
2022-07-06T12:30:14.455 INFO:teuthology.orchestra.run.smithi050.stderr:/usr/bin/ceph:
2022-07-06T12:30:14.453+0000 7f6d3dd3a700 1 --2- 172.21.15.50:0/2931899617 >> [v2:172.21.15.50:6800/3126808970,v1:172.21.15.50:6801/3126808970] conn(0x7f6d2002ff00 0x7f6d200323c0 unknown :-1 s=START_CONNECT pgs=0 cs=0 l=1 rev1=0 rx=0 tx=0)._fault waiting 0.400000
2022-07-06T12:30:14.592 INFO:journalctl@ceph.mon.smithi050.smithi050.stdout:Jul 06 12:30:14 smithi050 ceph-23d0b070-fd27-11ec-842d-001a4aab830c-mon.smithi050[98511]: audit
2022-07-06T12:30:13.363110+0000 mon.smithi050 (mon.0) 90 : audit [DBG] from='client.? 172.21.15.50:0/3236385734' entity='client.admin' cmd=[{"prefix": "mgr stat"}]: dispatch
2022-07-06T12:30:14.856 INFO:teuthology.orchestra.run.smithi050.stderr:/usr/bin/ceph:
2022-07-06T12:30:14.854+0000 7f6d3dd3a700 1 -- 172.21.15.50:0/2931899617 >> [v2:172.21.15.50:6800/3126808970,v1:172.21.15.50:6801/3126808970] conn(0x7f6d2002ff00 msgr2=0x7f6d200323c0 unknown :-1 s=STATE_CONNECTING_RE l=1).process reconnect failed to v2:172.21.15.50:6800/3126808970
2022-07-06T12:30:14.856 INFO:teuthology.orchestra.run.smithi050.stderr:/usr/bin/ceph:
2022-07-06T12:30:14.854+0000 7f6d3dd3a700 1 --2- 172.21.15.50:0/2931899617 >> [v2:172.21.15.50:6800/3126808970,v1:172.21.15.50:6801/3126808970] conn(0x7f6d2002ff00 0x7f6d200323c0 unknown :-1 s=START_CONNECT pgs=0 cs=0 l=1 rev1=0 rx=0 tx=0)._fault waiting 0.800000
2022-07-06T12:30:15.657 INFO:teuthology.orchestra.run.smithi050.stderr:/usr/bin/ceph:
2022-07-06T12:30:15.655+0000 7f6d3dd3a700 1 -- 172.21.15.50:0/2931899617 >> [v2:172.21.15.50:6800/3126808970,v1:172.21.15.50:6801/3126808970] conn(0x7f6d2002ff00 msgr2=0x7f6d200323c0 unknown :-1 s=STATE_CONNECTING_RE l=1).process reconnect failed to v2:172.21.15.50:6800/3126808970
2022-07-06T12:30:15.658 INFO:teuthology.orchestra.run.smithi050.stderr:/usr/bin/ceph:
2022-07-06T12:30:15.655+0000 7f6d3dd3a700 1 --2- 172.21.15.50:0/2931899617 >> [v2:172.21.15.50:6800/3126808970,v1:172.21.15.50:6801/3126808970] conn(0x7f6d2002ff00 0x7f6d200323c0 unknown :-1 s=START_CONNECT pgs=0 cs=0 l=1 rev1=0 rx=0 tx=0)._fault waiting 1.600000
2022-07-06T12:30:17.263 INFO:teuthology.orchestra.run.smithi050.stderr:/usr/bin/ceph:
2022-07-06T12:30:17.256+0000 7f6d3dd3a700 1 -- 172.21.15.50:0/2931899617 >> [v2:172.21.15.50:6800/3126808970,v1:172.21.15.50:6801/3126808970] conn(0x7f6d2002ff00 msgr2=0x7f6d200323c0 unknown :-1 s=STATE_CONNECTING_RE l=1).process reconnect failed to v2:172.21.15.50:6800/3126808970
2022-07-06T12:30:17.263 INFO:teuthology.orchestra.run.smithi050.stderr:/usr/bin/ceph:
2022-07-06T12:30:17.256+0000 7f6d3dd3a700 1 --2- 172.21.15.50:0/2931899617 >> [v2:172.21.15.50:6800/3126808970,v1:172.21.15.50:6801/3126808970] conn(0x7f6d2002ff00 0x7f6d200323c0 unknown :-1 s=START_CONNECT pgs=0 cs=0 l=1 rev1=0 rx=0 tx=0)._fault waiting 3.200000
2022-07-06T12:30:18.442 INFO:teuthology.orchestra.run.smithi050.stderr:/usr/bin/ceph:
2022-07-06T12:30:18.439+0000 7f6d26ffd700 1 -- 172.21.15.50:0/2931899617 <== mon.0 v2:172.21.15.50:3300/0 6 ==== mgrmap(e 13) v1 ==== 35997+0+0 (secure 0 0 0) 0x7f6d340194e0 con 0x7f6d380faa80
2022-07-06T12:30:18.442 INFO:teuthology.orchestra.run.smithi050.stderr:/usr/bin/ceph:
2022-07-06T12:30:18.439+0000 7f6d26ffd700 1 -- 172.21.15.50:0/2931899617 >> [v2:172.21.15.50:6800/3126808970,v1:172.21.15.50:6801/3126808970] conn(0x7f6d2002ff00 msgr2=0x7f6d200323c0 unknown :-1 s=STATE_CONNECTING l=1).mark_down
2022-07-06T12:30:18.443 INFO:teuthology.orchestra.run.smithi050.stderr:/usr/bin/ceph:
2022-07-06T12:30:18.439+0000 7f6d26ffd700 1 --2- 172.21.15.50:0/2931899617 >> [v2:172.21.15.50:6800/3126808970,v1:172.21.15.50:6801/3126808970] conn(0x7f6d2002ff00 0x7f6d200323c0 unknown :-1 s=START_CONNECT pgs=0 cs=0 l=1 rev1=0 rx=0 tx=0).stop
2022-07-06T12:30:18.842 INFO:journalctl@ceph.mon.smithi050.smithi050.stdout:Jul 06 12:30:18 smithi050 ceph-23d0b070-fd27-11ec-842d-001a4aab830c-mon.smithi050[98511]: cluster
2022-07-06T12:30:17.494463+0000 mon.smithi050 (mon.0) 91 : cluster [INF] Active manager daemon smithi050.dpuniq restarted
2022-07-06T12:30:18.843 INFO:journalctl@ceph.mon.smithi050.smithi050.stdout:Jul 06 12:30:18 smithi050 ceph-23d0b070-fd27-11ec-842d-001a4aab830c-mon.smithi050[98511]: cluster
2022-07-06T12:30:17.494866+0000 mon.smithi050 (mon.0) 92 : cluster [INF] Activating manager daemon smithi050.dpuniq
2022-07-06T12:30:18.843 INFO:journalctl@ceph.mon.smithi050.smithi050.stdout:Jul 06 12:30:18 smithi050 ceph-23d0b070-fd27-11ec-842d-001a4aab830c-mon.smithi050[98511]: cluster
2022-07-06T12:30:17.496448+0000 mon.smithi050 (mon.0) 93 : cluster [DBG] osdmap e4: 0 total, 0 up, 0 in
2022-07-06T12:30:18.843 INFO:journalctl@ceph.mon.smithi050.smithi050.stdout:Jul 06 12:30:18 smithi050 ceph-23d0b070-fd27-11ec-842d-001a4aab830c-mon.smithi050[98511]: cluster
2022-07-06T12:30:18.442394+0000 mon.smithi050 (mon.0) 94 : cluster [DBG] mgrmap e13: smithi050.dpuniq(active, starting, since 0.947607s)
2022-07-06T12:30:18.843 INFO:journalctl@ceph.mon.smithi050.smithi050.stdout:Jul 06 12:30:18 smithi050 ceph-23d0b070-fd27-11ec-842d-001a4aab830c-mon.smithi050[98511]: audit
2022-07-06T12:30:18.443470+0000 mon.smithi050 (mon.0) 95 : audit [DBG] from='mgr.14162 172.21.15.50:0/1353486951' entity='mgr.smithi050.dpuniq' cmd=[{"prefix": "mon metadata", "id": "smithi050"}]: dispatch
2022-07-06T12:30:18.844 INFO:journalctl@ceph.mon.smithi050.smithi050.stdout:Jul 06 12:30:18 smithi050 ceph-23d0b070-fd27-11ec-842d-001a4aab830c-mon.smithi050[98511]: audit
2022-07-06T12:30:18.444268+0000 mon.smithi050 (mon.0) 96 : audit [DBG] from='mgr.14162 172.21.15.50:0/1353486951' entity='mgr.smithi050.dpuniq' cmd=[{"prefix": "mgr metadata", "who": "smithi050.dpuniq", "id": "smithi050.dpuniq"}]: dispatch
2022-07-06T12:30:18.844 INFO:journalctl@ceph.mon.smithi050.smithi050.stdout:Jul 06 12:30:18 smithi050 ceph-23d0b070-fd27-11ec-842d-001a4aab830c-mon.smithi050[98511]: audit
2022-07-06T12:30:18.445412+0000 mon.smithi050 (mon.0) 97 : audit [DBG] from='mgr.14162 172.21.15.50:0/1353486951' entity='mgr.smithi050.dpuniq' cmd=[{"prefix": "mds metadata"}]: dispatch
2022-07-06T12:30:18.844 INFO:journalctl@ceph.mon.smithi050.smithi050.stdout:Jul 06 12:30:18 smithi050 ceph-23d0b070-fd27-11ec-842d-001a4aab830c-mon.smithi050[98511]: audit
2022-07-06T12:30:18.445609+0000 mon.smithi050 (mon.0) 98 : audit [DBG] from='mgr.14162 172.21.15.50:0/1353486951' entity='mgr.smithi050.dpuniq' cmd=[{"prefix": "osd metadata"}]: dispatch
2022-07-06T12:30:18.844 INFO:journalctl@ceph.mon.smithi050.smithi050.stdout:Jul 06 12:30:18 smithi050 ceph-23d0b070-fd27-11ec-842d-001a4aab830c-mon.smithi050[98511]: audit
2022-07-06T12:30:18.445808+0000 mon.smithi050 (mon.0) 99 : audit [DBG] from='mgr.14162 172.21.15.50:0/1353486951' entity='mgr.smithi050.dpuniq' cmd=[{"prefix": "mon metadata"}]: dispatch
2022-07-06T12:30:18.844 INFO:journalctl@ceph.mon.smithi050.smithi050.stdout:Jul 06 12:30:18 smithi050 ceph-23d0b070-fd27-11ec-842d-001a4aab830c-mon.smithi050[98511]: cluster
2022-07-06T12:30:18.460215+0000 mon.smithi050 (mon.0) 100 : cluster [INF] Manager daemon smithi050.dpuniq is now available
2022-07-06T12:30:19.443 INFO:teuthology.orchestra.run.smithi050.stderr:/usr/bin/ceph:
2022-07-06T12:30:19.440+0000 7f6d26ffd700 1 -- 172.21.15.50:0/2931899617 <== mon.0 v2:172.21.15.50:3300/0 7 ==== mgrmap(e 14) v1 ==== 36067+0+0 (secure 0 0 0) 0x7f6d340162c0 con 0x7f6d380faa80
2022-07-06T12:30:19.444 INFO:teuthology.orchestra.run.smithi050.stderr:/usr/bin/ceph:
2022-07-06T12:30:19.440+0000 7f6d26ffd700 1 --2- 172.21.15.50:0/2931899617 >> [v2:172.21.15.50:6800/2960416888,v1:172.21.15.50:6801/2960416888] conn(0x7f6d20033970 0x7f6d20035d60 unknown :-1 s=NONE pgs=0 cs=0 l=1 rev1=0 rx=0 tx=0).connect
2022-07-06T12:30:19.445 INFO:teuthology.orchestra.run.smithi050.stderr:/usr/bin/ceph:
2022-07-06T12:30:19.440+0000 7f6d26ffd700 1 -- 172.21.15.50:0/2931899617 --> [v2:172.21.15.50:6800/2960416888,v1:172.21.15.50:6801/2960416888] -- command(tid 0: {"prefix": "get_command_descriptions"}) v1 -- 0x7f6d38059100 con 0x7f6d20033970
2022-07-06T12:30:19.445 INFO:teuthology.orchestra.run.smithi050.stderr:/usr/bin/ceph:
2022-07-06T12:30:19.440+0000 7f6d3dd3a700 1 --2- 172.21.15.50:0/2931899617 >> [v2:172.21.15.50:6800/2960416888,v1:172.21.15.50:6801/2960416888] conn(0x7f6d20033970 0x7f6d20035d60 unknown :-1 s=BANNER_CONNECTING pgs=0 cs=0 l=1 rev1=0 rx=0 tx=0)._handle_peer_banner_payload supported=1 required=0
2022-07-06T12:30:19.445 INFO:teuthology.orchestra.run.smithi050.stderr:/usr/bin/ceph:
2022-07-06T12:30:19.441+0000 7f6d3dd3a700 1 --2- 172.21.15.50:0/2931899617 >> [v2:172.21.15.50:6800/2960416888,v1:172.21.15.50:6801/2960416888] conn(0x7f6d20033970 0x7f6d20035d60 secure :-1 s=READY pgs=1 cs=0 l=1 rev1=1 rx=0x7f6d28006fd0 tx=0x7f6d28006d70).ready entity=mgr.14162 client_cookie=0 server_cookie=0 in_seq=0 out_seq=0
2022-07-06T12:30:19.446 INFO:teuthology.orchestra.run.smithi050.stderr:/usr/bin/ceph:
2022-07-06T12:30:19.442+0000 7f6d26ffd700 1 -- 172.21.15.50:0/2931899617 <== mgr.14162 v2:172.21.15.50:6800/2960416888 1 ==== command_reply(tid 0: 0 ) v1 ==== 8+0+6438 (secure 0 0 0) 0x7f6d38059100 con 0x7f6d20033970
2022-07-06T12:30:19.451 INFO:teuthology.orchestra.run.smithi050.stderr:/usr/bin/ceph:
2022-07-06T12:30:19.448+0000 7f6d4079f700 1 -- 172.21.15.50:0/2931899617 --> [v2:172.21.15.50:6800/2960416888,v1:172.21.15.50:6801/2960416888] -- command(tid 1: {"prefix": "mgr_status"}) v1 -- 0x7f6d38045ad0 con 0x7f6d20033970
2022-07-06T12:30:19.472 INFO:teuthology.orchestra.run.smithi050.stderr:/usr/bin/ceph:
2022-07-06T12:30:19.448+0000 7f6d26ffd700 1 -- 172.21.15.50:0/2931899617 <== mgr.14162 v2:172.21.15.50:6800/2960416888 2 ==== command_reply(tid 1: 0 ) v1 ==== 8+0+52 (secure 0 0 0) 0x7f6d38045ad0 con 0x7f6d20033970
2022-07-06T12:30:19.473 INFO:teuthology.orchestra.run.smithi050.stderr:/usr/bin/ceph: {
2022-07-06T12:30:19.474 INFO:teuthology.orchestra.run.smithi050.stderr:/usr/bin/ceph: "mgrmap_epoch": 14,
2022-07-06T12:30:19.475 INFO:teuthology.orchestra.run.smithi050.stderr:/usr/bin/ceph: "initialized": true
