2022-07-06T12:29:41.359 INFO:teuthology.orchestra.run.smithi050.stderr:/usr/bin/ceph:
2022-07-06T12:29:41.260+0000 7ff8a4a07700 1 -- 172.21.15.50:0/2764243607 >> [v2:172.21.15.50:3300/0,v1:172.21.15.50:6789/0] conn(0x7ff8a006fb60 msgr2=0x7ff8a0100c40 secure :-1 s=STATE_CONNECTION_ESTABLISHED l=1).mark_down
2022-07-06T12:29:41.360 INFO:teuthology.orchestra.run.smithi050.stderr:/usr/bin/ceph:
2022-07-06T12:29:41.260+0000 7ff8a4a07700 1 --2- 172.21.15.50:0/2764243607 >> [v2:172.21.15.50:3300/0,v1:172.21.15.50:6789/0] conn(0x7ff8a006fb60 0x7ff8a0100c40 secure :-1 s=READY pgs=20 cs=0 l=1 rev1=1 rx=0x7ff89000b5f0 tx=0x7ff890006ee0).stop
2022-07-06T12:29:41.360 INFO:teuthology.orchestra.run.smithi050.stderr:/usr/bin/ceph:
2022-07-06T12:29:41.260+0000 7ff8a4a07700 1 -- 172.21.15.50:0/2764243607 shutdown_connections
2022-07-06T12:29:41.361 INFO:teuthology.orchestra.run.smithi050.stderr:/usr/bin/ceph:
2022-07-06T12:29:41.260+0000 7ff8a4a07700 1 --2- 172.21.15.50:0/2764243607 >> [v2:172.21.15.50:3300/0,v1:172.21.15.50:6789/0] conn(0x7ff8a006fb60 0x7ff8a0100c40 unknown :-1 s=CLOSED pgs=20 cs=0 l=1 rev1=1 rx=0 tx=0).stop
2022-07-06T12:29:41.361 INFO:teuthology.orchestra.run.smithi050.stderr:/usr/bin/ceph:
2022-07-06T12:29:41.260+0000 7ff8a4a07700 1 -- 172.21.15.50:0/2764243607 >> 172.21.15.50:0/2764243607 conn(0x7ff8a00f6260 msgr2=0x7ff8a00f86a0 unknown :-1 s=STATE_NONE l=0).mark_down
2022-07-06T12:29:41.362 INFO:teuthology.orchestra.run.smithi050.stderr:/usr/bin/ceph:
2022-07-06T12:29:41.260+0000 7ff8a4a07700 1 -- 172.21.15.50:0/2764243607 shutdown_connections
2022-07-06T12:29:41.362 INFO:teuthology.orchestra.run.smithi050.stderr:/usr/bin/ceph:
2022-07-06T12:29:41.260+0000 7ff8a4a07700 1 -- 172.21.15.50:0/2764243607 wait complete.
2022-07-06T12:29:41.362 INFO:teuthology.orchestra.run.smithi050.stderr:/usr/bin/ceph:
2022-07-06T12:29:41.260+0000 7ff8a4a07700 1 Processor -- start
2022-07-06T12:29:41.363 INFO:teuthology.orchestra.run.smithi050.stderr:/usr/bin/ceph:
2022-07-06T12:29:41.261+0000 7ff8a4a07700 1 -- start start
2022-07-06T12:29:41.363 INFO:teuthology.orchestra.run.smithi050.stderr:/usr/bin/ceph:
2022-07-06T12:29:41.261+0000 7ff8a4a07700 1 --2- >> [v2:172.21.15.50:3300/0,v1:172.21.15.50:6789/0] conn(0x7ff8a006fb60 0x7ff8a010cab0 unknown :-1 s=NONE pgs=0 cs=0 l=1 rev1=0 rx=0 tx=0).connect
2022-07-06T12:29:41.370 INFO:teuthology.orchestra.run.smithi050.stderr:/usr/bin/ceph:
2022-07-06T12:29:41.261+0000 7ff8a4a07700 1 -- --> [v2:172.21.15.50:3300/0,v1:172.21.15.50:6789/0] -- mon_getmap magic: 0 v1 -- 0x7ff8a010cfa0 con 0x7ff8a006fb60
2022-07-06T12:29:41.370 INFO:teuthology.orchestra.run.smithi050.stderr:/usr/bin/ceph:
2022-07-06T12:29:41.261+0000 7ff89e59c700 1 --2- >> [v2:172.21.15.50:3300/0,v1:172.21.15.50:6789/0] conn(0x7ff8a006fb60 0x7ff8a010cab0 unknown :-1 s=BANNER_CONNECTING pgs=0 cs=0 l=1 rev1=0 rx=0 tx=0)._handle_peer_banner_payload supported=1 required=0
2022-07-06T12:29:41.371 INFO:teuthology.orchestra.run.smithi050.stderr:/usr/bin/ceph:
2022-07-06T12:29:41.261+0000 7ff89e59c700 1 --2- >> [v2:172.21.15.50:3300/0,v1:172.21.15.50:6789/0] conn(0x7ff8a006fb60 0x7ff8a010cab0 unknown :-1 s=HELLO_CONNECTING pgs=0 cs=0 l=1 rev1=1 rx=0 tx=0).handle_hello peer v2:172.21.15.50:3300/0 says I am v2:172.21.15.50:41456/0 (socket says 172.21.15.50:41456)
2022-07-06T12:29:41.371 INFO:teuthology.orchestra.run.smithi050.stderr:/usr/bin/ceph:
2022-07-06T12:29:41.261+0000 7ff89e59c700 1 -- 172.21.15.50:0/532475512 learned_addr learned my addr 172.21.15.50:0/532475512 (peer_addr_for_me v2:172.21.15.50:0/0)
2022-07-06T12:29:41.372 INFO:teuthology.orchestra.run.smithi050.stderr:/usr/bin/ceph:
2022-07-06T12:29:41.261+0000 7ff89e59c700 1 -- 172.21.15.50:0/532475512 --> [v2:172.21.15.50:3300/0,v1:172.21.15.50:6789/0] -- mon_subscribe({config=0+,monmap=0+}) v3 -- 0x7ff89000b200 con 0x7ff8a006fb60
2022-07-06T12:29:41.372 INFO:teuthology.orchestra.run.smithi050.stderr:/usr/bin/ceph:
2022-07-06T12:29:41.261+0000 7ff89e59c700 1 --2- 172.21.15.50:0/532475512 >> [v2:172.21.15.50:3300/0,v1:172.21.15.50:6789/0] conn(0x7ff8a006fb60 0x7ff8a010cab0 secure :-1 s=READY pgs=21 cs=0 l=1 rev1=1 rx=0x7ff890006970 tx=0x7ff890006ee0).ready entity=mon.0 client_cookie=0 server_cookie=0 in_seq=0 out_seq=0
2022-07-06T12:29:41.372 INFO:teuthology.orchestra.run.smithi050.stderr:/usr/bin/ceph:
2022-07-06T12:29:41.261+0000 7ff88effd700 1 -- 172.21.15.50:0/532475512 <== mon.0 v2:172.21.15.50:3300/0 1 ==== mon_map magic: 0 v1 ==== 229+0+0 (secure 0 0 0) 0x7ff89001b570 con 0x7ff8a006fb60
2022-07-06T12:29:41.373 INFO:teuthology.orchestra.run.smithi050.stderr:/usr/bin/ceph:
2022-07-06T12:29:41.261+0000 7ff8a4a07700 1 -- 172.21.15.50:0/532475512 --> [v2:172.21.15.50:3300/0,v1:172.21.15.50:6789/0] -- mon_subscribe({mgrmap=0+}) v3 -- 0x7ff8a010d1a0 con 0x7ff8a006fb60
2022-07-06T12:29:41.373 INFO:teuthology.orchestra.run.smithi050.stderr:/usr/bin/ceph:
2022-07-06T12:29:41.261+0000 7ff88effd700 1 -- 172.21.15.50:0/532475512 <== mon.0 v2:172.21.15.50:3300/0 2 ==== config(25 keys) v1 ==== 981+0+0 (secure 0 0 0) 0x7ff89001bb20 con 0x7ff8a006fb60
2022-07-06T12:29:41.374 INFO:teuthology.orchestra.run.smithi050.stderr:/usr/bin/ceph:
2022-07-06T12:29:41.261+0000 7ff88effd700 1 -- 172.21.15.50:0/532475512 <== mon.0 v2:172.21.15.50:3300/0 3 ==== mon_map magic: 0 v1 ==== 229+0+0 (secure 0 0 0) 0x7ff89001a920 con 0x7ff8a006fb60
2022-07-06T12:29:41.374 INFO:teuthology.orchestra.run.smithi050.stderr:/usr/bin/ceph:
2022-07-06T12:29:41.262+0000 7ff8a4a07700 1 -- 172.21.15.50:0/532475512 --> [v2:172.21.15.50:3300/0,v1:172.21.15.50:6789/0] -- mon_subscribe({osdmap=0}) v3 -- 0x7ff8a010d630 con 0x7ff8a006fb60
2022-07-06T12:29:41.375 INFO:teuthology.orchestra.run.smithi050.stderr:/usr/bin/ceph:
2022-07-06T12:29:41.262+0000 7ff88effd700 1 -- 172.21.15.50:0/532475512 <== mon.0 v2:172.21.15.50:3300/0 4 ==== mgrmap(e 4) v1 ==== 36120+0+0 (secure 0 0 0) 0x7ff89000f070 con 0x7ff8a006fb60
2022-07-06T12:29:41.375 INFO:teuthology.orchestra.run.smithi050.stderr:/usr/bin/ceph:
2022-07-06T12:29:41.262+0000 7ff8a4a07700 1 -- 172.21.15.50:0/532475512 --> [v2:172.21.15.50:3300/0,v1:172.21.15.50:6789/0] -- mon_command({"prefix": "get_command_descriptions"} v 0) v1 -- 0x7ff8a0045ad0 con 0x7ff8a006fb60
2022-07-06T12:29:41.376 INFO:teuthology.orchestra.run.smithi050.stderr:/usr/bin/ceph:
2022-07-06T12:29:41.263+0000 7ff88effd700 1 --2- 172.21.15.50:0/532475512 >> [v2:172.21.15.50:6800/2749603341,v1:172.21.15.50:6801/2749603341] conn(0x7ff88402fd50 0x7ff884032210 unknown :-1 s=NONE pgs=0 cs=0 l=1 rev1=0 rx=0 tx=0).connect
2022-07-06T12:29:41.376 INFO:teuthology.orchestra.run.smithi050.stderr:/usr/bin/ceph:
2022-07-06T12:29:41.263+0000 7ff88effd700 1 -- 172.21.15.50:0/532475512 <== mon.0 v2:172.21.15.50:3300/0 5 ==== osd_map(1..1 src has 1..1) v4 ==== 721+0+0 (secure 0 0 0) 0x7ff890041420 con 0x7ff8a006fb60
2022-07-06T12:29:41.377 INFO:teuthology.orchestra.run.smithi050.stderr:/usr/bin/ceph:
2022-07-06T12:29:41.263+0000 7ff89dd9b700 1 -- 172.21.15.50:0/532475512 >> [v2:172.21.15.50:6800/2749603341,v1:172.21.15.50:6801/2749603341] conn(0x7ff88402fd50 msgr2=0x7ff884032210 unknown :-1 s=STATE_CONNECTING_RE l=1).process reconnect failed to v2:172.21.15.50:6800/2749603341
2022-07-06T12:29:41.377 INFO:teuthology.orchestra.run.smithi050.stderr:/usr/bin/ceph:
2022-07-06T12:29:41.263+0000 7ff89dd9b700 1 --2- 172.21.15.50:0/532475512 >> [v2:172.21.15.50:6800/2749603341,v1:172.21.15.50:6801/2749603341] conn(0x7ff88402fd50 0x7ff884032210 unknown :-1 s=START_CONNECT pgs=0 cs=0 l=1 rev1=0 rx=0 tx=0)._fault waiting 0.200000
2022-07-06T12:29:41.377 INFO:teuthology.orchestra.run.smithi050.stderr:/usr/bin/ceph:
2022-07-06T12:29:41.267+0000 7ff88effd700 1 -- 172.21.15.50:0/532475512 <== mon.0 v2:172.21.15.50:3300/0 6 ==== mon_command_ack([{"prefix": "get_command_descriptions"}]=0 v0) v1 ==== 72+0+152212 (secure 0 0 0) 0x7ff890022900 con 0x7ff8a006fb60
2022-07-06T12:29:41.466 INFO:teuthology.orchestra.run.smithi050.stderr:/usr/bin/ceph:
2022-07-06T12:29:41.464+0000 7ff89dd9b700 1 -- 172.21.15.50:0/532475512 >> [v2:172.21.15.50:6800/2749603341,v1:172.21.15.50:6801/2749603341] conn(0x7ff88402fd50 msgr2=0x7ff884032210 unknown :-1 s=STATE_CONNECTING_RE l=1).process reconnect failed to v2:172.21.15.50:6800/2749603341
2022-07-06T12:29:41.466 INFO:teuthology.orchestra.run.smithi050.stderr:/usr/bin/ceph:
2022-07-06T12:29:41.464+0000 7ff89dd9b700 1 --2- 172.21.15.50:0/532475512 >> [v2:172.21.15.50:6800/2749603341,v1:172.21.15.50:6801/2749603341] conn(0x7ff88402fd50 0x7ff884032210 unknown :-1 s=START_CONNECT pgs=0 cs=0 l=1 rev1=0 rx=0 tx=0)._fault waiting 0.400000
2022-07-06T12:29:41.484 INFO:teuthology.orchestra.run.smithi050.stderr:/usr/bin/ceph:
2022-07-06T12:29:41.471+0000 7ff8a4a07700 1 -- 172.21.15.50:0/532475512 --> [v2:172.21.15.50:3300/0,v1:172.21.15.50:6789/0] -- mon_command({"prefix": "mgr stat"} v 0) v1 -- 0x7ff8a010e660 con 0x7ff8a006fb60
2022-07-06T12:29:41.485 INFO:teuthology.orchestra.run.smithi050.stderr:/usr/bin/ceph:
2022-07-06T12:29:41.472+0000 7ff88effd700 1 -- 172.21.15.50:0/532475512 <== mon.0 v2:172.21.15.50:3300/0 7 ==== mon_command_ack([{"prefix": "mgr stat"}]=0 v4) v1 ==== 56+0+103 (secure 0 0 0) 0x7ff890016070 con 0x7ff8a006fb60
2022-07-06T12:29:41.485 INFO:teuthology.orchestra.run.smithi050.stderr:/usr/bin/ceph: {
2022-07-06T12:29:41.485 INFO:teuthology.orchestra.run.smithi050.stderr:/usr/bin/ceph: "epoch": 4,
2022-07-06T12:29:41.486 INFO:teuthology.orchestra.run.smithi050.stderr:/usr/bin/ceph: "available": true,
2022-07-06T12:29:41.487 INFO:teuthology.orchestra.run.smithi050.stderr:/usr/bin/ceph: "active_name": "smithi050.dpuniq",
2022-07-06T12:29:41.487 INFO:teuthology.orchestra.run.smithi050.stderr:/usr/bin/ceph: "num_standby": 0
2022-07-06T12:29:41.488 INFO:teuthology.orchestra.run.smithi050.stderr:/usr/bin/ceph: }
2022-07-06T12:29:41.488 INFO:teuthology.orchestra.run.smithi050.stderr:/usr/bin/ceph:
2022-07-06T12:29:41.474+0000 7ff8a4a07700 1 -- 172.21.15.50:0/532475512 >> [v2:172.21.15.50:6800/2749603341,v1:172.21.15.50:6801/2749603341] conn(0x7ff88402fd50 msgr2=0x7ff884032210 unknown :-1 s=STATE_CONNECTING l=1).mark_down
2022-07-06T12:29:41.489 INFO:teuthology.orchestra.run.smithi050.stderr:/usr/bin/ceph:
2022-07-06T12:29:41.474+0000 7ff8a4a07700 1 --2- 172.21.15.50:0/532475512 >> [v2:172.21.15.50:6800/2749603341,v1:172.21.15.50:6801/2749603341] conn(0x7ff88402fd50 0x7ff884032210 unknown :-1 s=START_CONNECT pgs=0 cs=0 l=1 rev1=0 rx=0 tx=0).stop
2022-07-06T12:29:41.489 INFO:teuthology.orchestra.run.smithi050.stderr:/usr/bin/ceph:
2022-07-06T12:29:41.474+0000 7ff8a4a07700 1 -- 172.21.15.50:0/532475512 >> [v2:172.21.15.50:3300/0,v1:172.21.15.50:6789/0] conn(0x7ff8a006fb60 msgr2=0x7ff8a010cab0 secure :-1 s=STATE_CONNECTION_ESTABLISHED l=1).mark_down
2022-07-06T12:29:41.490 INFO:teuthology.orchestra.run.smithi050.stderr:/usr/bin/ceph:
2022-07-06T12:29:41.474+0000 7ff8a4a07700 1 --2- 172.21.15.50:0/532475512 >> [v2:172.21.15.50:3300/0,v1:172.21.15.50:6789/0] conn(0x7ff8a006fb60 0x7ff8a010cab0 secure :-1 s=READY pgs=21 cs=0 l=1 rev1=1 rx=0x7ff890006970 tx=0x7ff890006ee0).stop
2022-07-06T12:29:41.491 INFO:teuthology.orchestra.run.smithi050.stderr:/usr/bin/ceph:
2022-07-06T12:29:41.474+0000 7ff8a4a07700 1 -- 172.21.15.50:0/532475512 shutdown_connections
2022-07-06T12:29:41.491 INFO:teuthology.orchestra.run.smithi050.stderr:/usr/bin/ceph:
2022-07-06T12:29:41.474+0000 7ff8a4a07700 1 --2- 172.21.15.50:0/532475512 >> [v2:172.21.15.50:6800/2749603341,v1:172.21.15.50:6801/2749603341] conn(0x7ff88402fd50 0x7ff884032210 unknown :-1 s=CLOSED pgs=0 cs=0 l=1 rev1=0 rx=0 tx=0).stop
2022-07-06T12:29:41.492 INFO:teuthology.orchestra.run.smithi050.stderr:/usr/bin/ceph:
2022-07-06T12:29:41.474+0000 7ff8a4a07700 1 --2- 172.21.15.50:0/532475512 >> [v2:172.21.15.50:3300/0,v1:172.21.15.50:6789/0] conn(0x7ff8a006fb60 0x7ff8a010cab0 unknown :-1 s=CLOSED pgs=21 cs=0 l=1 rev1=1 rx=0 tx=0).stop
2022-07-06T12:29:41.492 INFO:teuthology.orchestra.run.smithi050.stderr:/usr/bin/ceph:
2022-07-06T12:29:41.474+0000 7ff8a4a07700 1 -- 172.21.15.50:0/532475512 >> 172.21.15.50:0/532475512 conn(0x7ff8a00f6260 msgr2=0x7ff8a00f7d10 unknown :-1 s=STATE_NONE l=0).mark_down
2022-07-06T12:29:41.493 INFO:teuthology.orchestra.run.smithi050.stderr:/usr/bin/ceph:
2022-07-06T12:29:41.475+0000 7ff8a4a07700 1 -- 172.21.15.50:0/532475512 shutdown_connections
2022-07-06T12:29:41.493 INFO:teuthology.orchestra.run.smithi050.stderr:/usr/bin/ceph:
2022-07-06T12:29:41.475+0000 7ff8a4a07700 1 -- 172.21.15.50:0/532475512 wait complete.
2022-07-06T12:29:41.841 INFO:journalctl@ceph.mon.smithi050.smithi050.stdout:Jul 06 12:29:41 smithi050 ceph-23d0b070-fd27-11ec-842d-001a4aab830c-mon.smithi050[98511]: audit
2022-07-06T12:29:41.473357+0000 mon.smithi050 (mon.0) 27 : audit [DBG] from='client.? 172.21.15.50:0/532475512' entity='client.admin' cmd=[{"prefix": "mgr stat"}]: dispatch
2022-07-06T12:29:43.592 INFO:journalctl@ceph.mon.smithi050.smithi050.stdout:Jul 06 12:29:43 smithi050 ceph-23d0b070-fd27-11ec-842d-001a4aab830c-mon.smithi050[98511]: cluster
2022-07-06T12:29:42.321022+0000 mon.smithi050 (mon.0) 28 : cluster [INF] Active manager daemon smithi050.dpuniq restarted
2022-07-06T12:29:43.592 INFO:journalctl@ceph.mon.smithi050.smithi050.stdout:Jul 06 12:29:43 smithi050 ceph-23d0b070-fd27-11ec-842d-001a4aab830c-mon.smithi050[98511]: cluster
2022-07-06T12:29:42.321549+0000 mon.smithi050 (mon.0) 29 : cluster [INF] Activating manager daemon smithi050.dpuniq
2022-07-06T12:29:43.592 INFO:journalctl@ceph.mon.smithi050.smithi050.stdout:Jul 06 12:29:43 smithi050 ceph-23d0b070-fd27-11ec-842d-001a4aab830c-mon.smithi050[98511]: cluster
2022-07-06T12:29:42.323296+0000 mon.smithi050 (mon.0) 30 : cluster [DBG] osdmap e2: 0 total, 0 up, 0 in
2022-07-06T12:29:43.593 INFO:journalctl@ceph.mon.smithi050.smithi050.stdout:Jul 06 12:29:43 smithi050 ceph-23d0b070-fd27-11ec-842d-001a4aab830c-mon.smithi050[98511]: cluster
2022-07-06T12:29:42.526488+0000 mon.smithi050 (mon.0) 31 : cluster [DBG] mgrmap e5: smithi050.dpuniq(active, starting, since 0.205055s)
2022-07-06T12:29:43.593 INFO:journalctl@ceph.mon.smithi050.smithi050.stdout:Jul 06 12:29:43 smithi050 ceph-23d0b070-fd27-11ec-842d-001a4aab830c-mon.smithi050[98511]: audit
2022-07-06T12:29:42.527619+0000 mon.smithi050 (mon.0) 32 : audit [DBG] from='mgr.14114 172.21.15.50:0/302198534' entity='mgr.smithi050.dpuniq' cmd=[{"prefix": "mon metadata", "id": "smithi050"}]: dispatch
2022-07-06T12:29:43.593 INFO:journalctl@ceph.mon.smithi050.smithi050.stdout:Jul 06 12:29:43 smithi050 ceph-23d0b070-fd27-11ec-842d-001a4aab830c-mon.smithi050[98511]: audit
2022-07-06T12:29:42.528453+0000 mon.smithi050 (mon.0) 33 : audit [DBG] from='mgr.14114 172.21.15.50:0/302198534' entity='mgr.smithi050.dpuniq' cmd=[{"prefix": "mgr metadata", "who": "smithi050.dpuniq", "id": "smithi050.dpuniq"}]: dispatch
2022-07-06T12:29:43.593 INFO:journalctl@ceph.mon.smithi050.smithi050.stdout:Jul 06 12:29:43 smithi050 ceph-23d0b070-fd27-11ec-842d-001a4aab830c-mon.smithi050[98511]: audit
2022-07-06T12:29:42.529202+0000 mon.smithi050 (mon.0) 34 : audit [DBG] from='mgr.14114 172.21.15.50:0/302198534' entity='mgr.smithi050.dpuniq' cmd=[{"prefix": "mds metadata"}]: dispatch
2022-07-06T12:29:43.594 INFO:journalctl@ceph.mon.smithi050.smithi050.stdout:Jul 06 12:29:43 smithi050 ceph-23d0b070-fd27-11ec-842d-001a4aab830c-mon.smithi050[98511]: audit
2022-07-06T12:29:42.529414+0000 mon.smithi050 (mon.0) 35 : audit [DBG] from='mgr.14114 172.21.15.50:0/302198534' entity='mgr.smithi050.dpuniq' cmd=[{"prefix": "osd metadata"}]: dispatch
2022-07-06T12:29:43.594 INFO:journalctl@ceph.mon.smithi050.smithi050.stdout:Jul 06 12:29:43 smithi050 ceph-23d0b070-fd27-11ec-842d-001a4aab830c-mon.smithi050[98511]: audit
2022-07-06T12:29:42.529576+0000 mon.smithi050 (mon.0) 36 : audit [DBG] from='mgr.14114 172.21.15.50:0/302198534' entity='mgr.smithi050.dpuniq' cmd=[{"prefix": "mon metadata"}]: dispatch
2022-07-06T12:29:43.594 INFO:journalctl@ceph.mon.smithi050.smithi050.stdout:Jul 06 12:29:43 smithi050 ceph-23d0b070-fd27-11ec-842d-001a4aab830c-mon.smithi050[98511]: cluster
2022-07-06T12:29:42.542794+0000 mon.smithi050 (mon.0) 37 : cluster [INF] Manager daemon smithi050.dpuniq is now available
2022-07-06T12:29:43.594 INFO:journalctl@ceph.mon.smithi050.smithi050.stdout:Jul 06 12:29:43 smithi050 ceph-23d0b070-fd27-11ec-842d-001a4aab830c-mon.smithi050[98511]: audit
2022-07-06T12:29:42.557396+0000 mon.smithi050 (mon.0) 38 : audit [INF] from='mgr.14114 172.21.15.50:0/302198534' entity='mgr.smithi050.dpuniq'
2022-07-06T12:29:43.595 INFO:journalctl@ceph.mon.smithi050.smithi050.stdout:Jul 06 12:29:43 smithi050 ceph-23d0b070-fd27-11ec-842d-001a4aab830c-mon.smithi050[98511]: audit
2022-07-06T12:29:42.560326+0000 mon.smithi050 (mon.0) 39 : audit [INF] from='mgr.14114 172.21.15.50:0/302198534' entity='mgr.smithi050.dpuniq'
2022-07-06T12:29:43.595 INFO:journalctl@ceph.mon.smithi050.smithi050.stdout:Jul 06 12:29:43 smithi050 ceph-23d0b070-fd27-11ec-842d-001a4aab830c-mon.smithi050[98511]: audit
2022-07-06T12:29:42.563011+0000 mon.smithi050 (mon.0) 40 : audit [INF] from='mgr.14114 172.21.15.50:0/302198534' entity='mgr.smithi050.dpuniq'
2022-07-06T12:29:43.595 INFO:journalctl@ceph.mon.smithi050.smithi050.stdout:Jul 06 12:29:43 smithi050 ceph-23d0b070-fd27-11ec-842d-001a4aab830c-mon.smithi050[98511]: audit
2022-07-06T12:29:42.658844+0000 mon.smithi050 (mon.0) 41 : audit [INF] from='mgr.14114 172.21.15.50:0/302198534' entity='mgr.smithi050.dpuniq'
2022-07-06T12:29:43.595 INFO:journalctl@ceph.mon.smithi050.smithi050.stdout:Jul 06 12:29:43 smithi050 ceph-23d0b070-fd27-11ec-842d-001a4aab830c-mon.smithi050[98511]: audit
2022-07-06T12:29:42.659583+0000 mon.smithi050 (mon.0) 42 : audit [DBG] from='mgr.14114 172.21.15.50:0/302198534' entity='mgr.smithi050.dpuniq' cmd=[{"prefix": "config dump", "format": "json"}]: dispatch
2022-07-06T12:29:43.596 INFO:journalctl@ceph.mon.smithi050.smithi050.stdout:Jul 06 12:29:43 smithi050 ceph-23d0b070-fd27-11ec-842d-001a4aab830c-mon.smithi050[98511]: audit
2022-07-06T12:29:42.661424+0000 mon.smithi050 (mon.0) 43 : audit [DBG] from='mgr.14114 172.21.15.50:0/302198534' entity='mgr.smithi050.dpuniq' cmd=[{"prefix": "config dump", "format": "json"}]: dispatch
2022-07-06T12:29:43.596 INFO:journalctl@ceph.mon.smithi050.smithi050.stdout:Jul 06 12:29:43 smithi050 ceph-23d0b070-fd27-11ec-842d-001a4aab830c-mon.smithi050[98511]: audit
2022-07-06T12:29:42.662994+0000 mon.smithi050 (mon.0) 44 : audit [DBG] from='mgr.14114 172.21.15.50:0/302198534' entity='mgr.smithi050.dpuniq' cmd=[{"prefix": "config dump", "format": "json"}]: dispatch
2022-07-06T12:29:43.596 INFO:journalctl@ceph.mon.smithi050.smithi050.stdout:Jul 06 12:29:43 smithi050 ceph-23d0b070-fd27-11ec-842d-001a4aab830c-mon.smithi050[98511]: audit
2022-07-06T12:29:42.673472+0000 mon.smithi050 (mon.0) 45 : audit [INF] from='mgr.14114 172.21.15.50:0/302198534' entity='mgr.smithi050.dpuniq' cmd=[{"prefix":"config rm","who":"mgr","name":"mgr/rbd_support/smithi050.dpuniq/mirror_snapshot_schedule"}]: dispatch
2022-07-06T12:29:43.596 INFO:journalctl@ceph.mon.smithi050.smithi050.stdout:Jul 06 12:29:43 smithi050 ceph-23d0b070-fd27-11ec-842d-001a4aab830c-mon.smithi050[98511]: audit
2022-07-06T12:29:42.674739+0000 mon.smithi050 (mon.0) 46 : audit [INF] from='mgr.14114 172.21.15.50:0/302198534' entity='mgr.smithi050.dpuniq' cmd=[{"prefix":"config rm","who":"mgr","name":"mgr/rbd_support/smithi050.dpuniq/trash_purge_schedule"}]: dispatch
2022-07-06T12:29:43.828 INFO:teuthology.orchestra.run.smithi050.stderr:Waiting for the mgr to restart...
2022-07-06T12:29:43.829 INFO:teuthology.orchestra.run.smithi050.stderr:Waiting for mgr epoch 4...
2022-07-06T12:29:43.829 INFO:teuthology.orchestra.run.smithi050.stderr:Running command: /bin/podman run --rm --ipc=host --no-hosts --net=host --entrypoint /usr/bin/ceph --init -e CONTAINER_IMAGE=quay.io/ceph/ceph:v16.2.4 -e NODE_NAME=smithi050 -e CEPH_USE_RANDOM_NONCE=1 -v /var/log/ceph/23d0b070-fd27-11ec-842d-001a4aab830c:/var/log/ceph:z -v /tmp/ceph-tmpfsz_fpkc:/etc/ceph/ceph.client.admin.keyring:z -v /tmp/ceph-tmpglw24jw4:/etc/ceph/ceph.conf:z quay.io/ceph/ceph:v16.2.4 tell mgr mgr_status
2022-07-06T12:29:44.799 INFO:journalctl@ceph.mon.smithi050.smithi050.stdout:Jul 06 12:29:44 smithi050 ceph-23d0b070-fd27-11ec-842d-001a4aab830c-mon.smithi050[98511]: cluster
2022-07-06T12:29:43.529341+0000 mon.smithi050 (mon.0) 47 : cluster [DBG] mgrmap e6: smithi050.dpuniq(active, since 1.20789s)
2022-07-06T12:29:45.407 INFO:teuthology.orchestra.run.smithi050.stderr:/usr/bin/ceph:
2022-07-06T12:29:45.271+0000 7fcb19bb8700 1 Processor -- start
2022-07-06T12:29:45.408 INFO:teuthology.orchestra.run.smithi050.stderr:/usr/bin/ceph:
2022-07-06T12:29:45.272+0000 7fcb19bb8700 1 -- start start
2022-07-06T12:29:45.408 INFO:teuthology.orchestra.run.smithi050.stderr:/usr/bin/ceph:
2022-07-06T12:29:45.272+0000 7fcb19bb8700 1 --2- >> [v2:172.21.15.50:3300/0,v1:172.21.15.50:6789/0] conn(0x7fcb140fc080 0x7fcb140fc4a0 unknown :-1 s=NONE pgs=0 cs=0 l=0 rev1=0 rx=0 tx=0).connect
2022-07-06T12:29:45.409 INFO:teuthology.orchestra.run.smithi050.stderr:/usr/bin/ceph:
2022-07-06T12:29:45.272+0000 7fcb19bb8700 1 -- --> [v2:172.21.15.50:3300/0,v1:172.21.15.50:6789/0] -- mon_getmap magic: 0 v1 -- 0x7fcb140fc990 con 0x7fcb140fc080
2022-07-06T12:29:45.409 INFO:teuthology.orchestra.run.smithi050.stderr:/usr/bin/ceph:
2022-07-06T12:29:45.272+0000 7fcb137fe700 1 --2- >> [v2:172.21.15.50:3300/0,v1:172.21.15.50:6789/0] conn(0x7fcb140fc080 0x7fcb140fc4a0 unknown :-1 s=BANNER_CONNECTING pgs=0 cs=0 l=0 rev1=0 rx=0 tx=0)._handle_peer_banner_payload supported=1 required=0
2022-07-06T12:29:45.410 INFO:teuthology.orchestra.run.smithi050.stderr:/usr/bin/ceph:
2022-07-06T12:29:45.272+0000 7fcb137fe700 1 --2- >> [v2:172.21.15.50:3300/0,v1:172.21.15.50:6789/0] conn(0x7fcb140fc080 0x7fcb140fc4a0 unknown :-1 s=HELLO_CONNECTING pgs=0 cs=0 l=0 rev1=1 rx=0 tx=0).handle_hello peer v2:172.21.15.50:3300/0 says I am v2:172.21.15.50:41484/0 (socket says 172.21.15.50:41484)
2022-07-06T12:29:45.411 INFO:teuthology.orchestra.run.smithi050.stderr:/usr/bin/ceph:
2022-07-06T12:29:45.272+0000 7fcb137fe700 1 -- 172.21.15.50:0/672944009 learned_addr learned my addr 172.21.15.50:0/672944009 (peer_addr_for_me v2:172.21.15.50:0/0)
2022-07-06T12:29:45.411 INFO:teuthology.orchestra.run.smithi050.stderr:/usr/bin/ceph:
2022-07-06T12:29:45.272+0000 7fcb137fe700 1 -- 172.21.15.50:0/672944009 --> [v2:172.21.15.50:3300/0,v1:172.21.15.50:6789/0] -- mon_subscribe({config=0+,monmap=0+}) v3 -- 0x7fcb140fcad0 con 0x7fcb140fc080
2022-07-06T12:29:45.412 INFO:teuthology.orchestra.run.smithi050.stderr:/usr/bin/ceph:
2022-07-06T12:29:45.272+0000 7fcb137fe700 1 --2- 172.21.15.50:0/672944009 >> [v2:172.21.15.50:3300/0,v1:172.21.15.50:6789/0] conn(0x7fcb140fc080 0x7fcb140fc4a0 secure :-1 s=READY pgs=27 cs=0 l=1 rev1=1 rx=0x7fcb0800b870 tx=0x7fcb08006f70).ready entity=mon.0 client_cookie=3111f07b5d3f6bd5 server_cookie=0 in_seq=0 out_seq=0
2022-07-06T12:29:45.412 INFO:teuthology.orchestra.run.smithi050.stderr:/usr/bin/ceph:
2022-07-06T12:29:45.273+0000 7fcb127fc700 1 -- 172.21.15.50:0/672944009 <== mon.0 v2:172.21.15.50:3300/0 1 ==== mon_map magic: 0 v1 ==== 229+0+0 (secure 0 0 0) 0x7fcb0800da20 con 0x7fcb140fc080
2022-07-06T12:29:45.413 INFO:teuthology.orchestra.run.smithi050.stderr:/usr/bin/ceph:
2022-07-06T12:29:45.273+0000 7fcb127fc700 1 -- 172.21.15.50:0/672944009 <== mon.0 v2:172.21.15.50:3300/0 2 ==== config(25 keys) v1 ==== 981+0+0 (secure 0 0 0) 0x7fcb08010470 con 0x7fcb140fc080
2022-07-06T12:29:45.413 INFO:teuthology.orchestra.run.smithi050.stderr:/usr/bin/ceph:
2022-07-06T12:29:45.273+0000 7fcb127fc700 1 -- 172.21.15.50:0/672944009 <== mon.0 v2:172.21.15.50:3300/0 3 ==== mon_map magic: 0 v1 ==== 229+0+0 (secure 0 0 0) 0x7fcb0800f5b0 con 0x7fcb140fc080
2022-07-06T12:29:45.414 INFO:teuthology.orchestra.run.smithi050.stderr:/usr/bin/ceph:
2022-07-06T12:29:45.273+0000 7fcb19bb8700 1 -- 172.21.15.50:0/672944009 >> [v2:172.21.15.50:3300/0,v1:172.21.15.50:6789/0] conn(0x7fcb140fc080 msgr2=0x7fcb140fc4a0 secure :-1 s=STATE_CONNECTION_ESTABLISHED l=1).mark_down
2022-07-06T12:29:45.414 INFO:teuthology.orchestra.run.smithi050.stderr:/usr/bin/ceph:
2022-07-06T12:29:45.273+0000 7fcb19bb8700 1 --2- 172.21.15.50:0/672944009 >> [v2:172.21.15.50:3300/0,v1:172.21.15.50:6789/0] conn(0x7fcb140fc080 0x7fcb140fc4a0 secure :-1 s=READY pgs=27 cs=0 l=1 rev1=1 rx=0x7fcb0800b870 tx=0x7fcb08006f70).stop
2022-07-06T12:29:45.415 INFO:teuthology.orchestra.run.smithi050.stderr:/usr/bin/ceph:
2022-07-06T12:29:45.273+0000 7fcb19bb8700 1 -- 172.21.15.50:0/672944009 shutdown_connections
2022-07-06T12:29:45.415 INFO:teuthology.orchestra.run.smithi050.stderr:/usr/bin/ceph:
2022-07-06T12:29:45.273+0000 7fcb19bb8700 1 --2- 172.21.15.50:0/672944009 >> [v2:172.21.15.50:3300/0,v1:172.21.15.50:6789/0] conn(0x7fcb140fc080 0x7fcb140fc4a0 unknown :-1 s=CLOSED pgs=27 cs=0 l=1 rev1=1 rx=0 tx=0).stop
2022-07-06T12:29:45.415 INFO:teuthology.orchestra.run.smithi050.stderr:/usr/bin/ceph:
2022-07-06T12:29:45.273+0000 7fcb19bb8700 1 -- 172.21.15.50:0/672944009 >> 172.21.15.50:0/672944009 conn(0x7fcb140f5a60 msgr2=0x7fcb140f7e80 unknown :-1 s=STATE_NONE l=0).mark_down
2022-07-06T12:29:45.416 INFO:teuthology.orchestra.run.smithi050.stderr:/usr/bin/ceph:
2022-07-06T12:29:45.273+0000 7fcb19bb8700 1 -- 172.21.15.50:0/672944009 shutdown_connections
2022-07-06T12:29:45.416 INFO:teuthology.orchestra.run.smithi050.stderr:/usr/bin/ceph:
2022-07-06T12:29:45.273+0000 7fcb19bb8700 1 -- 172.21.15.50:0/672944009 wait complete.
2022-07-06T12:29:45.417 INFO:teuthology.orchestra.run.smithi050.stderr:/usr/bin/ceph:
2022-07-06T12:29:45.274+0000 7fcb19bb8700 1 Processor -- start
2022-07-06T12:29:45.417 INFO:teuthology.orchestra.run.smithi050.stderr:/usr/bin/ceph:
2022-07-06T12:29:45.274+0000 7fcb19bb8700 1 -- start start
2022-07-06T12:29:45.418 INFO:teuthology.orchestra.run.smithi050.stderr:/usr/bin/ceph:
2022-07-06T12:29:45.274+0000 7fcb19bb8700 1 --2- >> [v2:172.21.15.50:3300/0,v1:172.21.15.50:6789/0] conn(0x7fcb140fc080 0x7fcb14108740 unknown :-1 s=NONE pgs=0 cs=0 l=1 rev1=0 rx=0 tx=0).connect
2022-07-06T12:29:45.418 INFO:teuthology.orchestra.run.smithi050.stderr:/usr/bin/ceph:
2022-07-06T12:29:45.274+0000 7fcb19bb8700 1 -- --> [v2:172.21.15.50:3300/0,v1:172.21.15.50:6789/0] -- mon_getmap magic: 0 v1 -- 0x7fcb14108c30 con 0x7fcb140fc080
2022-07-06T12:29:45.419 INFO:teuthology.orchestra.run.smithi050.stderr:/usr/bin/ceph:
2022-07-06T12:29:45.274+0000 7fcb137fe700 1 --2- >> [v2:172.21.15.50:3300/0,v1:172.21.15.50:6789/0] conn(0x7fcb140fc080 0x7fcb14108740 unknown :-1 s=BANNER_CONNECTING pgs=0 cs=0 l=1 rev1=0 rx=0 tx=0)._handle_peer_banner_payload supported=1 required=0
2022-07-06T12:29:45.419 INFO:teuthology.orchestra.run.smithi050.stderr:/usr/bin/ceph:
2022-07-06T12:29:45.274+0000 7fcb137fe700 1 --2- >> [v2:172.21.15.50:3300/0,v1:172.21.15.50:6789/0] conn(0x7fcb140fc080 0x7fcb14108740 unknown :-1 s=HELLO_CONNECTING pgs=0 cs=0 l=1 rev1=1 rx=0 tx=0).handle_hello peer v2:172.21.15.50:3300/0 says I am v2:172.21.15.50:41486/0 (socket says 172.21.15.50:41486)
2022-07-06T12:29:45.419 INFO:teuthology.orchestra.run.smithi050.stderr:/usr/bin/ceph:
2022-07-06T12:29:45.274+0000 7fcb137fe700 1 -- 172.21.15.50:0/870981816 learned_addr learned my addr 172.21.15.50:0/870981816 (peer_addr_for_me v2:172.21.15.50:0/0)
2022-07-06T12:29:45.420 INFO:teuthology.orchestra.run.smithi050.stderr:/usr/bin/ceph:
2022-07-06T12:29:45.275+0000 7fcb137fe700 1 -- 172.21.15.50:0/870981816 --> [v2:172.21.15.50:3300/0,v1:172.21.15.50:6789/0] -- mon_subscribe({config=0+,monmap=0+}) v3 -- 0x7fcb0800b480 con 0x7fcb140fc080
2022-07-06T12:29:45.420 INFO:teuthology.orchestra.run.smithi050.stderr:/usr/bin/ceph:
2022-07-06T12:29:45.275+0000 7fcb137fe700 1 --2- 172.21.15.50:0/870981816 >> [v2:172.21.15.50:3300/0,v1:172.21.15.50:6789/0] conn(0x7fcb140fc080 0x7fcb14108740 secure :-1 s=READY pgs=28 cs=0 l=1 rev1=1 rx=0x7fcb080109c0 tx=0x7fcb08006f70).ready entity=mon.0 client_cookie=0 server_cookie=0 in_seq=0 out_seq=0
2022-07-06T12:29:45.422 INFO:teuthology.orchestra.run.smithi050.stderr:/usr/bin/ceph:
2022-07-06T12:29:45.275+0000 7fcafbfff700 1 -- 172.21.15.50:0/870981816 <== mon.0 v2:172.21.15.50:3300/0 1 ==== mon_map magic: 0 v1 ==== 229+0+0 (secure 0 0 0) 0x7fcb0800f3d0 con 0x7fcb140fc080
2022-07-06T12:29:45.423 INFO:teuthology.orchestra.run.smithi050.stderr:/usr/bin/ceph:
2022-07-06T12:29:45.275+0000 7fcafbfff700 1 -- 172.21.15.50:0/870981816 <== mon.0 v2:172.21.15.50:3300/0 2 ==== config(25 keys) v1 ==== 981+0+0 (secure 0 0 0) 0x7fcb0800fed0 con 0x7fcb140fc080
2022-07-06T12:29:45.423 INFO:teuthology.orchestra.run.smithi050.stderr:/usr/bin/ceph:
2022-07-06T12:29:45.275+0000 7fcb19bb8700 1 -- 172.21.15.50:0/870981816 --> [v2:172.21.15.50:3300/0,v1:172.21.15.50:6789/0] -- mon_subscribe({mgrmap=0+}) v3 -- 0x7fcb14108e30 con 0x7fcb140fc080
2022-07-06T12:29:45.423 INFO:teuthology.orchestra.run.smithi050.stderr:/usr/bin/ceph:
2022-07-06T12:29:45.275+0000 7fcafbfff700 1 -- 172.21.15.50:0/870981816 <== mon.0 v2:172.21.15.50:3300/0 3 ==== mon_map magic: 0 v1 ==== 229+0+0 (secure 0 0 0) 0x7fcb08019c50 con 0x7fcb140fc080
2022-07-06T12:29:45.424 INFO:teuthology.orchestra.run.smithi050.stderr:/usr/bin/ceph:
2022-07-06T12:29:45.275+0000 7fcb19bb8700 1 -- 172.21.15.50:0/870981816 --> [v2:172.21.15.50:3300/0,v1:172.21.15.50:6789/0] -- mon_subscribe({osdmap=0}) v3 -- 0x7fcb141092c0 con 0x7fcb140fc080
2022-07-06T12:29:45.424 INFO:teuthology.orchestra.run.smithi050.stderr:/usr/bin/ceph:
2022-07-06T12:29:45.275+0000 7fcafbfff700 1 -- 172.21.15.50:0/870981816 <== mon.0 v2:172.21.15.50:3300/0 4 ==== mgrmap(e 7) v1 ==== 36120+0+0 (secure 0 0 0) 0x7fcb0802b060 con 0x7fcb140fc080
2022-07-06T12:29:45.425 INFO:teuthology.orchestra.run.smithi050.stderr:/usr/bin/ceph:
2022-07-06T12:29:45.276+0000 7fcafbfff700 1 --2- 172.21.15.50:0/870981816 >> [v2:172.21.15.50:6800/2569096461,v1:172.21.15.50:6801/2569096461] conn(0x7fcb0002fd50 0x7fcb00032210 unknown :-1 s=NONE pgs=0 cs=0 l=1 rev1=0 rx=0 tx=0).connect
2022-07-06T12:29:45.425 INFO:teuthology.orchestra.run.smithi050.stderr:/usr/bin/ceph:
2022-07-06T12:29:45.276+0000 7fcb19bb8700 1 -- 172.21.15.50:0/870981816 --> [v2:172.21.15.50:6800/2569096461,v1:172.21.15.50:6801/2569096461] -- command(tid 0: {"prefix": "get_command_descriptions"}) v1 -- 0x7fcb14059100 con 0x7fcb0002fd50
2022-07-06T12:29:45.425 INFO:teuthology.orchestra.run.smithi050.stderr:/usr/bin/ceph:
2022-07-06T12:29:45.276+0000 7fcafbfff700 1 -- 172.21.15.50:0/870981816 <== mon.0 v2:172.21.15.50:3300/0 5 ==== osd_map(2..2 src has 1..2) v4 ==== 893+0+0 (secure 0 0 0) 0x7fcb080194a0 con 0x7fcb140fc080
2022-07-06T12:29:45.426 INFO:teuthology.orchestra.run.smithi050.stderr:/usr/bin/ceph:
2022-07-06T12:29:45.276+0000 7fcb12ffd700 1 --2- 172.21.15.50:0/870981816 >> [v2:172.21.15.50:6800/2569096461,v1:172.21.15.50:6801/2569096461] conn(0x7fcb0002fd50 0x7fcb00032210 unknown :-1 s=BANNER_CONNECTING pgs=0 cs=0 l=1 rev1=0 rx=0 tx=0)._handle_peer_banner_payload supported=1 required=0
2022-07-06T12:29:45.426 INFO:teuthology.orchestra.run.smithi050.stderr:/usr/bin/ceph:
2022-07-06T12:29:45.276+0000 7fcb12ffd700 1 --2- 172.21.15.50:0/870981816 >> [v2:172.21.15.50:6800/2569096461,v1:172.21.15.50:6801/2569096461] conn(0x7fcb0002fd50 0x7fcb00032210 secure :-1 s=READY pgs=5 cs=0 l=1 rev1=1 rx=0x7fcb040096a0 tx=0x7fcb04006b40).ready entity=mgr.14114 client_cookie=0 server_cookie=0 in_seq=0 out_seq=0
2022-07-06T12:29:45.427 INFO:teuthology.orchestra.run.smithi050.stderr:/usr/bin/ceph:
2022-07-06T12:29:45.277+0000 7fcafbfff700 1 -- 172.21.15.50:0/870981816 <== mgr.14114 v2:172.21.15.50:6800/2569096461 1 ==== command_reply(tid 0: 0 ) v1 ==== 8+0+6438 (secure 0 0 0) 0x7fcb14059100 con 0x7fcb0002fd50
2022-07-06T12:29:45.427 INFO:teuthology.orchestra.run.smithi050.stderr:/usr/bin/ceph:
2022-07-06T12:29:45.282+0000 7fcb19bb8700 1 -- 172.21.15.50:0/870981816 --> [v2:172.21.15.50:6800/2569096461,v1:172.21.15.50:6801/2569096461] -- command(tid 1: {"prefix": "mgr_status"}) v1 -- 0x7fcb14045ad0 con 0x7fcb0002fd50
2022-07-06T12:29:45.427 INFO:teuthology.orchestra.run.smithi050.stderr:/usr/bin/ceph:
2022-07-06T12:29:45.282+0000 7fcafbfff700 1 -- 172.21.15.50:0/870981816 <== mgr.14114 v2:172.21.15.50:6800/2569096461 2 ==== command_reply(tid 1: 0 ) v1 ==== 8+0+51 (secure 0 0 0) 0x7fcb14045ad0 con 0x7fcb0002fd50
2022-07-06T12:29:45.429 INFO:teuthology.orchestra.run.smithi050.stderr:/usr/bin/ceph:
2022-07-06T12:29:45.283+0000 7fcb19bb8700 1 -- 172.21.15.50:0/870981816 >> [v2:172.21.15.50:6800/2569096461,v1:172.21.15.50:6801/2569096461] conn(0x7fcb0002fd50 msgr2=0x7fcb00032210 secure :-1 s=STATE_CONNECTION_ESTABLISHED l=1).mark_down
2022-07-06T12:29:45.430 INFO:teuthology.orchestra.run.smithi050.stderr:/usr/bin/ceph:
2022-07-06T12:29:45.283+0000 7fcb19bb8700 1 --2- 172.21.15.50:0/870981816 >> [v2:172.21.15.50:6800/2569096461,v1:172.21.15.50:6801/2569096461] conn(0x7fcb0002fd50 0x7fcb00032210 secure :-1 s=READY pgs=5 cs=0 l=1 rev1=1 rx=0x7fcb040096a0 tx=0x7fcb04006b40).stop
2022-07-06T12:29:45.430 INFO:teuthology.orchestra.run.smithi050.stderr:/usr/bin/ceph:
2022-07-06T12:29:45.283+0000 7fcb19bb8700 1 -- 172.21.15.50:0/870981816 >> [v2:172.21.15.50:3300/0,v1:172.21.15.50:6789/0] conn(0x7fcb140fc080 msgr2=0x7fcb14108740 secure :-1 s=STATE_CONNECTION_ESTABLISHED l=1).mark_down
2022-07-06T12:29:45.431 INFO:teuthology.orchestra.run.smithi050.stderr:/usr/bin/ceph:
2022-07-06T12:29:45.283+0000 7fcb19bb8700 1 --2- 172.21.15.50:0/870981816 >> [v2:172.21.15.50:3300/0,v1:172.21.15.50:6789/0] conn(0x7fcb140fc080 0x7fcb14108740 secure :-1 s=READY pgs=28 cs=0 l=1 rev1=1 rx=0x7fcb080109c0 tx=0x7fcb08006f70).stop
2022-07-06T12:29:45.431 INFO:teuthology.orchestra.run.smithi050.stderr:/usr/bin/ceph:
2022-07-06T12:29:45.283+0000 7fcb19bb8700 1 -- 172.21.15.50:0/870981816 shutdown_connections
2022-07-06T12:29:45.433 INFO:teuthology.orchestra.run.smithi050.stderr:/usr/bin/ceph:
2022-07-06T12:29:45.283+0000 7fcb19bb8700 1 --2- 172.21.15.50:0/870981816 >> [v2:172.21.15.50:6800/2569096461,v1:172.21.15.50:6801/2569096461] conn(0x7fcb0002fd50 0x7fcb00032210 unknown :-1 s=CLOSED pgs=5 cs=0 l=1 rev1=1 rx=0 tx=0).stop
2022-07-06T12:29:45.436 INFO:teuthology.orchestra.run.smithi050.stderr:/usr/bin/ceph:
2022-07-06T12:29:45.283+0000 7fcb19bb8700 1 --2- 172.21.15.50:0/870981816 >> [v2:172.21.15.50:3300/0,v1:172.21.15.50:6789/0] conn(0x7fcb140fc080 0x7fcb14108740 unknown :-1 s=CLOSED pgs=28 cs=0 l=1 rev1=1 rx=0 tx=0).stop
2022-07-06T12:29:45.436 INFO:teuthology.orchestra.run.smithi050.stderr:/usr/bin/ceph:
2022-07-06T12:29:45.283+0000 7fcb19bb8700 1 -- 172.21.15.50:0/870981816 >> 172.21.15.50:0/870981816 conn(0x7fcb140f5a60 msgr2=0x7fcb140ff8d0 unknown :-1 s=STATE_NONE l=0).mark_down
2022-07-06T12:29:45.437 INFO:teuthology.orchestra.run.smithi050.stderr:/usr/bin/ceph:
2022-07-06T12:29:45.283+0000 7fcb19bb8700 1 -- 172.21.15.50:0/870981816 shutdown_connections
2022-07-06T12:29:45.444 INFO:teuthology.orchestra.run.smithi050.stderr:/usr/bin/ceph:
2022-07-06T12:29:45.283+0000 7fcb19bb8700 1 -- 172.21.15.50:0/870981816 wait complete.
2022-07-06T12:29:45.445 INFO:teuthology.orchestra.run.smithi050.stderr:/usr/bin/ceph: {
2022-07-06T12:29:45.445 INFO:teuthology.orchestra.run.smithi050.stderr:/usr/bin/ceph: "mgrmap_epoch": 7,
2022-07-06T12:29:45.465 INFO:teuthology.orchestra.run.smithi050.stderr:/usr/bin/ceph: "initialized": true
2022-07-06T12:29:45.470 INFO:teuthology.orchestra.run.smithi050.stderr:/usr/bin/ceph: }
2022-07-06T12:29:45.592 INFO:journalctl@ceph.mon.smithi050.smithi050.stdout:Jul 06 12:29:45 smithi050 ceph-23d0b070-fd27-11ec-842d-001a4aab830c-mon.smithi050[98511]: cluster
2022-07-06T12:29:44.530185+0000 mon.smithi050 (mon.0) 48 : cluster [DBG] mgrmap e7: smithi050.dpuniq(active, since 2s)
2022-07-06T12:29:46.084 INFO:teuthology.orchestra.run.smithi050.stderr:mgr epoch 4 is available
2022-07-06T12:29:46.085 INFO:teuthology.orchestra.run.smithi050.stderr:Setting orchestrator backend to cephadm...
2022-07-06T12:29:46.086 INFO:teuthology.orchestra.run.smithi050.stderr:Running command: /bin/podman run --rm --ipc=host --no-hosts --net=host --entrypoint /usr/bin/ceph --init -e CONTAINER_IMAGE=quay.io/ceph/ceph:v16.2.4 -e NODE_NAME=smithi050 -e CEPH_USE_RANDOM_NONCE=1 -v /var/log/ceph/23d0b070-fd27-11ec-842d-001a4aab830c:/var/log/ceph:z -v /tmp/ceph-tmpfsz_fpkc:/etc/ceph/ceph.client.admin.keyring:z -v /tmp/ceph-tmpglw24jw4:/etc/ceph/ceph.conf:z quay.io/ceph/ceph:v16.2.4 orch set backend cephadm
2022-07-06T12:29:46.536 INFO:teuthology.orchestra.run.smithi050.stderr:/usr/bin/ceph:
2022-07-06T12:29:46.525+0000 7fea32489700 1 Processor -- start
2022-07-06T12:29:46.537 INFO:teuthology.orchestra.run.smithi050.stderr:/usr/bin/ceph:
2022-07-06T12:29:46.525+0000 7fea32489700 1 -- start start
2022-07-06T12:29:46.537 INFO:teuthology.orchestra.run.smithi050.stderr:/usr/bin/ceph:
2022-07-06T12:29:46.525+0000 7fea32489700 1 --2- >> [v2:172.21.15.50:3300/0,v1:172.21.15.50:6789/0] conn(0x7fea2c06fc60 0x7fea2c0fe800 unknown :-1 s=NONE pgs=0 cs=0 l=0 rev1=0 rx=0 tx=0).connect
2022-07-06T12:29:46.538 INFO:teuthology.orchestra.run.smithi050.stderr:/usr/bin/ceph:
2022-07-06T12:29:46.525+0000 7fea32489700 1 -- --> [v2:172.21.15.50:3300/0,v1:172.21.15.50:6789/0] -- mon_getmap magic: 0 v1 -- 0x7fea2c0fed80 con 0x7fea2c06fc60
2022-07-06T12:29:46.558 INFO:teuthology.orchestra.run.smithi050.stderr:/usr/bin/ceph:
2022-07-06T12:29:46.525+0000 7fea2bfff700 1 --2- >> [v2:172.21.15.50:3300/0,v1:172.21.15.50:6789/0] conn(0x7fea2c06fc60 0x7fea2c0fe800 unknown :-1 s=BANNER_CONNECTING pgs=0 cs=0 l=0 rev1=0 rx=0 tx=0)._handle_peer_banner_payload supported=1 required=0
2022-07-06T12:29:46.558 INFO:teuthology.orchestra.run.smithi050.stderr:/usr/bin/ceph:
2022-07-06T12:29:46.525+0000 7fea2bfff700 1 --2- >> [v2:172.21.15.50:3300/0,v1:172.21.15.50:6789/0] conn(0x7fea2c06fc60 0x7fea2c0fe800 unknown :-1 s=HELLO_CONNECTING pgs=0 cs=0 l=0 rev1=1 rx=0 tx=0).handle_hello peer v2:172.21.15.50:3300/0 says I am v2:172.21.15.50:41490/0 (socket says 172.21.15.50:41490)
2022-07-06T12:29:46.559 INFO:teuthology.orchestra.run.smithi050.stderr:/usr/bin/ceph:
2022-07-06T12:29:46.525+0000 7fea2bfff700 1 -- 172.21.15.50:0/2621219530 learned_addr learned my addr 172.21.15.50:0/2621219530 (peer_addr_for_me v2:172.21.15.50:0/0)
2022-07-06T12:29:46.559 INFO:teuthology.orchestra.run.smithi050.stderr:/usr/bin/ceph:
2022-07-06T12:29:46.525+0000 7fea2bfff700 1 -- 172.21.15.50:0/2621219530 --> [v2:172.21.15.50:3300/0,v1:172.21.15.50:6789/0] -- mon_subscribe({config=0+,monmap=0+}) v3 -- 0x7fea2c0feec0 con 0x7fea2c06fc60
2022-07-06T12:29:46.560 INFO:teuthology.orchestra.run.smithi050.stderr:/usr/bin/ceph:
2022-07-06T12:29:46.525+0000 7fea2bfff700 1 --2- 172.21.15.50:0/2621219530 >> [v2:172.21.15.50:3300/0,v1:172.21.15.50:6789/0] conn(0x7fea2c06fc60 0x7fea2c0fe800 secure :-1 s=READY pgs=29 cs=0 l=1 rev1=1 rx=0x7fea1c00b5f0 tx=0x7fea1c006ee0).ready entity=mon.0 client_cookie=a0f04d2efcf80edc server_cookie=0 in_seq=0 out_seq=0
2022-07-06T12:29:46.560 INFO:teuthology.orchestra.run.smithi050.stderr:/usr/bin/ceph:
2022-07-06T12:29:46.526+0000 7fea2affd700 1 -- 172.21.15.50:0/2621219530 <== mon.0 v2:172.21.15.50:3300/0 1 ==== mon_map magic: 0 v1 ==== 229+0+0 (secure 0 0 0) 0x7fea1c00d600 con 0x7fea2c06fc60
2022-07-06T12:29:46.561 INFO:teuthology.orchestra.run.smithi050.stderr:/usr/bin/ceph:
2022-07-06T12:29:46.526+0000 7fea2affd700 1 -- 172.21.15.50:0/2621219530 <== mon.0 v2:172.21.15.50:3300/0 2 ==== config(25 keys) v1 ==== 981+0+0 (secure 0 0 0) 0x7fea1c00dbb0 con 0x7fea2c06fc60
2022-07-06T12:29:46.561 INFO:teuthology.orchestra.run.smithi050.stderr:/usr/bin/ceph:
2022-07-06T12:29:46.526+0000 7fea2affd700 1 -- 172.21.15.50:0/2621219530 <== mon.0 v2:172.21.15.50:3300/0 3 ==== mon_map magic: 0 v1 ==== 229+0+0 (secure 0 0 0) 0x7fea1c011bb0 con 0x7fea2c06fc60
2022-07-06T12:29:46.561 INFO:teuthology.orchestra.run.smithi050.stderr:/usr/bin/ceph:
2022-07-06T12:29:46.526+0000 7fea32489700 1 -- 172.21.15.50:0/2621219530 >> [v2:172.21.15.50:3300/0,v1:172.21.15.50:6789/0] conn(0x7fea2c06fc60 msgr2=0x7fea2c0fe800 secure :-1 s=STATE_CONNECTION_ESTABLISHED l=1).mark_down
2022-07-06T12:29:46.562 INFO:teuthology.orchestra.run.smithi050.stderr:/usr/bin/ceph:
2022-07-06T12:29:46.526+0000 7fea32489700 1 --2- 172.21.15.50:0/2621219530 >> [v2:172.21.15.50:3300/0,v1:172.21.15.50:6789/0] conn(0x7fea2c06fc60 0x7fea2c0fe800 secure :-1 s=READY pgs=29 cs=0 l=1 rev1=1 rx=0x7fea1c00b5f0 tx=0x7fea1c006ee0).stop
2022-07-06T12:29:46.562 INFO:teuthology.orchestra.run.smithi050.stderr:/usr/bin/ceph:
2022-07-06T12:29:46.526+0000 7fea32489700 1 -- 172.21.15.50:0/2621219530 shutdown_connections
2022-07-06T12:29:46.563 INFO:teuthology.orchestra.run.smithi050.stderr:/usr/bin/ceph:
2022-07-06T12:29:46.526+0000 7fea32489700 1 --2- 172.21.15.50:0/2621219530 >> [v2:172.21.15.50:3300/0,v1:172.21.15.50:6789/0] conn(0x7fea2c06fc60 0x7fea2c0fe800 unknown :-1 s=CLOSED pgs=29 cs=0 l=1 rev1=1 rx=0 tx=0).stop
2022-07-06T12:29:46.563 INFO:teuthology.orchestra.run.smithi050.stderr:/usr/bin/ceph:
2022-07-06T12:29:46.526+0000 7fea32489700 1 -- 172.21.15.50:0/2621219530 >> 172.21.15.50:0/2621219530 conn(0x7fea2c0f62a0 msgr2=0x7fea2c0f86c0 unknown :-1 s=STATE_NONE l=0).mark_down
2022-07-06T12:29:46.564 INFO:teuthology.orchestra.run.smithi050.stderr:/usr/bin/ceph:
2022-07-06T12:29:46.526+0000 7fea32489700 1 -- 172.21.15.50:0/2621219530 shutdown_connections
2022-07-06T12:29:46.564 INFO:teuthology.orchestra.run.smithi050.stderr:/usr/bin/ceph:
2022-07-06T12:29:46.526+0000 7fea32489700 1 -- 172.21.15.50:0/2621219530 wait complete.
2022-07-06T12:29:46.565 INFO:teuthology.orchestra.run.smithi050.stderr:/usr/bin/ceph:
2022-07-06T12:29:46.527+0000 7fea32489700 1 Processor -- start
2022-07-06T12:29:46.565 INFO:teuthology.orchestra.run.smithi050.stderr:/usr/bin/ceph:
2022-07-06T12:29:46.527+0000 7fea32489700 1 -- start start
2022-07-06T12:29:46.565 INFO:teuthology.orchestra.run.smithi050.stderr:/usr/bin/ceph:
2022-07-06T12:29:46.527+0000 7fea32489700 1 --2- >> [v2:172.21.15.50:3300/0,v1:172.21.15.50:6789/0] conn(0x7fea2c06fc60 0x7fea2c10a910 unknown :-1 s=NONE pgs=0 cs=0 l=1 rev1=0 rx=0 tx=0).connect
2022-07-06T12:29:46.566 INFO:teuthology.orchestra.run.smithi050.stderr:/usr/bin/ceph:
2022-07-06T12:29:46.527+0000 7fea32489700 1 -- --> [v2:172.21.15.50:3300/0,v1:172.21.15.50:6789/0] -- mon_getmap magic: 0 v1 -- 0x7fea2c10ae00 con 0x7fea2c06fc60
2022-07-06T12:29:46.566 INFO:teuthology.orchestra.run.smithi050.stderr:/usr/bin/ceph:
2022-07-06T12:29:46.527+0000 7fea2bfff700 1 --2- >> [v2:172.21.15.50:3300/0,v1:172.21.15.50:6789/0] conn(0x7fea2c06fc60 0x7fea2c10a910 unknown :-1 s=BANNER_CONNECTING pgs=0 cs=0 l=1 rev1=0 rx=0 tx=0)._handle_peer_banner_payload supported=1 required=0
2022-07-06T12:29:46.566 INFO:teuthology.orchestra.run.smithi050.stderr:/usr/bin/ceph:
2022-07-06T12:29:46.527+0000 7fea2bfff700 1 --2- >> [v2:172.21.15.50:3300/0,v1:172.21.15.50:6789/0] conn(0x7fea2c06fc60 0x7fea2c10a910 unknown :-1 s=HELLO_CONNECTING pgs=0 cs=0 l=1 rev1=1 rx=0 tx=0).handle_hello peer v2:172.21.15.50:3300/0 says I am v2:172.21.15.50:41492/0 (socket says 172.21.15.50:41492)
2022-07-06T12:29:46.567 INFO:teuthology.orchestra.run.smithi050.stderr:/usr/bin/ceph:
2022-07-06T12:29:46.527+0000 7fea2bfff700 1 -- 172.21.15.50:0/1252820800 learned_addr learned my addr 172.21.15.50:0/1252820800 (peer_addr_for_me v2:172.21.15.50:0/0)
2022-07-06T12:29:46.567 INFO:teuthology.orchestra.run.smithi050.stderr:/usr/bin/ceph:
2022-07-06T12:29:46.528+0000 7fea2bfff700 1 -- 172.21.15.50:0/1252820800 --> [v2:172.21.15.50:3300/0,v1:172.21.15.50:6789/0] -- mon_subscribe({config=0+,monmap=0+}) v3 -- 0x7fea1c00b200 con 0x7fea2c06fc60
2022-07-06T12:29:46.567 INFO:teuthology.orchestra.run.smithi050.stderr:/usr/bin/ceph:
2022-07-06T12:29:46.528+0000 7fea2bfff700 1 --2- 172.21.15.50:0/1252820800 >> [v2:172.21.15.50:3300/0,v1:172.21.15.50:6789/0] conn(0x7fea2c06fc60 0x7fea2c10a910 secure :-1 s=READY pgs=30 cs=0 l=1 rev1=1 rx=0x7fea1c003000 tx=0x7fea1c006ee0).ready entity=mon.0 client_cookie=0 server_cookie=0 in_seq=0 out_seq=0
2022-07-06T12:29:46.567 INFO:teuthology.orchestra.run.smithi050.stderr:/usr/bin/ceph:
2022-07-06T12:29:46.528+0000 7fea28ff9700 1 -- 172.21.15.50:0/1252820800 <== mon.0 v2:172.21.15.50:3300/0 1 ==== mon_map magic: 0 v1 ==== 229+0+0 (secure 0 0 0) 0x7fea1c011e30 con 0x7fea2c06fc60
2022-07-06T12:29:46.568 INFO:teuthology.orchestra.run.smithi050.stderr:/usr/bin/ceph:
2022-07-06T12:29:46.528+0000 7fea28ff9700 1 -- 172.21.15.50:0/1252820800 <== mon.0 v2:172.21.15.50:3300/0 2 ==== config(25 keys) v1 ==== 981+0+0 (secure 0 0 0) 0x7fea1c00d9c0 con 0x7fea2c06fc60
2022-07-06T12:29:46.568 INFO:teuthology.orchestra.run.smithi050.stderr:/usr/bin/ceph:
2022-07-06T12:29:46.528+0000 7fea32489700 1 -- 172.21.15.50:0/1252820800 --> [v2:172.21.15.50:3300/0,v1:172.21.15.50:6789/0] -- mon_subscribe({mgrmap=0+}) v3 -- 0x7fea2c10b000 con 0x7fea2c06fc60
2022-07-06T12:29:46.568 INFO:teuthology.orchestra.run.smithi050.stderr:/usr/bin/ceph:
2022-07-06T12:29:46.528+0000 7fea28ff9700 1 -- 172.21.15.50:0/1252820800 <== mon.0 v2:172.21.15.50:3300/0 3 ==== mon_map magic: 0 v1 ==== 229+0+0 (secure 0 0 0) 0x7fea1c01b740 con 0x7fea2c06fc60
2022-07-06T12:29:46.568 INFO:teuthology.orchestra.run.smithi050.stderr:/usr/bin/ceph:
2022-07-06T12:29:46.528+0000 7fea32489700 1 -- 172.21.15.50:0/1252820800 --> [v2:172.21.15.50:3300/0,v1:172.21.15.50:6789/0] -- mon_subscribe({osdmap=0}) v3 -- 0x7fea2c10b490 con 0x7fea2c06fc60
2022-07-06T12:29:46.569 INFO:teuthology.orchestra.run.smithi050.stderr:/usr/bin/ceph:
2022-07-06T12:29:46.529+0000 7fea28ff9700 1 -- 172.21.15.50:0/1252820800 <== mon.0 v2:172.21.15.50:3300/0 4 ==== mgrmap(e 7) v1 ==== 36120+0+0 (secure 0 0 0) 0x7fea1c00f070 con 0x7fea2c06fc60
2022-07-06T12:29:46.569 INFO:teuthology.orchestra.run.smithi050.stderr:/usr/bin/ceph:
2022-07-06T12:29:46.529+0000 7fea28ff9700 1 --2- 172.21.15.50:0/1252820800 >> [v2:172.21.15.50:6800/2569096461,v1:172.21.15.50:6801/2569096461] conn(0x7fea1802fdb0 0x7fea18032270 unknown :-1 s=NONE pgs=0 cs=0 l=1 rev1=0 rx=0 tx=0).connect
2022-07-06T12:29:46.569 INFO:teuthology.orchestra.run.smithi050.stderr:/usr/bin/ceph:
2022-07-06T12:29:46.529+0000 7fea32489700 1 -- 172.21.15.50:0/1252820800 --> [v2:172.21.15.50:3300/0,v1:172.21.15.50:6789/0] -- mon_command({"prefix": "get_command_descriptions"} v 0) v1 -- 0x7fea2c045ad0 con 0x7fea2c06fc60
2022-07-06T12:29:46.569 INFO:teuthology.orchestra.run.smithi050.stderr:/usr/bin/ceph:
2022-07-06T12:29:46.529+0000 7fea28ff9700 1 -- 172.21.15.50:0/1252820800 <== mon.0 v2:172.21.15.50:3300/0 5 ==== osd_map(2..2 src has 1..2) v4 ==== 893+0+0 (secure 0 0 0) 0x7fea1c040fe0 con 0x7fea2c06fc60
2022-07-06T12:29:46.570 INFO:teuthology.orchestra.run.smithi050.stderr:/usr/bin/ceph:
2022-07-06T12:29:46.529+0000 7fea2b7fe700 1 --2- 172.21.15.50:0/1252820800 >> [v2:172.21.15.50:6800/2569096461,v1:172.21.15.50:6801/2569096461] conn(0x7fea1802fdb0 0x7fea18032270 unknown :-1 s=BANNER_CONNECTING pgs=0 cs=0 l=1 rev1=0 rx=0 tx=0)._handle_peer_banner_payload supported=1 required=0
2022-07-06T12:29:46.570 INFO:teuthology.orchestra.run.smithi050.stderr:/usr/bin/ceph:
2022-07-06T12:29:46.530+0000 7fea2b7fe700 1 --2- 172.21.15.50:0/1252820800 >> [v2:172.21.15.50:6800/2569096461,v1:172.21.15.50:6801/2569096461] conn(0x7fea1802fdb0 0x7fea18032270 secure :-1 s=READY pgs=6 cs=0 l=1 rev1=1 rx=0x7fea200096a0 tx=0x7fea20006b40).ready entity=mgr.14114 client_cookie=0 server_cookie=0 in_seq=0 out_seq=0
2022-07-06T12:29:46.571 INFO:teuthology.orchestra.run.smithi050.stderr:/usr/bin/ceph:
2022-07-06T12:29:46.534+0000 7fea28ff9700 1 -- 172.21.15.50:0/1252820800 <== mon.0 v2:172.21.15.50:3300/0 6 ==== mon_command_ack([{"prefix": "get_command_descriptions"}]=0 v0) v1 ==== 72+0+152212 (secure 0 0 0) 0x7fea1c010360 con 0x7fea2c06fc60
2022-07-06T12:29:46.735 INFO:teuthology.orchestra.run.smithi050.stderr:/usr/bin/ceph:
2022-07-06T12:29:46.723+0000 7fea32489700 1 -- 172.21.15.50:0/1252820800 --> [v2:172.21.15.50:6800/2569096461,v1:172.21.15.50:6801/2569096461] -- mgr_command(tid 0: {"prefix": "orch set backend", "module_name": "cephadm", "target": ["mon-mgr", ""]}) v1 -- 0x7fea2c10bcf0 con 0x7fea1802fdb0
2022-07-06T12:29:46.735 INFO:teuthology.orchestra.run.smithi050.stderr:/usr/bin/ceph:
2022-07-06T12:29:46.728+0000 7fea28ff9700 1 -- 172.21.15.50:0/1252820800 <== mgr.14114 v2:172.21.15.50:6800/2569096461 1 ==== mgr_command_reply(tid 0: 0 ) v1 ==== 8+0+0 (secure 0 0 0) 0x7fea2c10bcf0 con 0x7fea1802fdb0
2022-07-06T12:29:46.736 INFO:teuthology.orchestra.run.smithi050.stderr:/usr/bin/ceph:
2022-07-06T12:29:46.730+0000 7fea32489700 1 -- 172.21.15.50:0/1252820800 >> [v2:172.21.15.50:6800/2569096461,v1:172.21.15.50:6801/2569096461] conn(0x7fea1802fdb0 msgr2=0x7fea18032270 secure :-1 s=STATE_CONNECTION_ESTABLISHED l=1).mark_down
2022-07-06T12:29:46.736 INFO:teuthology.orchestra.run.smithi050.stderr:/usr/bin/ceph:
2022-07-06T12:29:46.730+0000 7fea32489700 1 --2- 172.21.15.50:0/1252820800 >> [v2:172.21.15.50:6800/2569096461,v1:172.21.15.50:6801/2569096461] conn(0x7fea1802fdb0 0x7fea18032270 secure :-1 s=READY pgs=6 cs=0 l=1 rev1=1 rx=0x7fea200096a0 tx=0x7fea20006b40).stop
2022-07-06T12:29:46.737 INFO:teuthology.orchestra.run.smithi050.stderr:/usr/bin/ceph:
2022-07-06T12:29:46.730+0000 7fea32489700 1 -- 172.21.15.50:0/1252820800 >> [v2:172.21.15.50:3300/0,v1:172.21.15.50:6789/0] conn(0x7fea2c06fc60 msgr2=0x7fea2c10a910 secure :-1 s=STATE_CONNECTION_ESTABLISHED l=1).mark_down
2022-07-06T12:29:46.737 INFO:teuthology.orchestra.run.smithi050.stderr:/usr/bin/ceph:
2022-07-06T12:29:46.730+0000 7fea32489700 1 --2- 172.21.15.50:0/1252820800 >> [v2:172.21.15.50:3300/0,v1:172.21.15.50:6789/0] conn(0x7fea2c06fc60 0x7fea2c10a910 secure :-1 s=READY pgs=30 cs=0 l=1 rev1=1 rx=0x7fea1c003000 tx=0x7fea1c006ee0).stop
2022-07-06T12:29:46.745 INFO:teuthology.orchestra.run.smithi050.stderr:/usr/bin/ceph:
2022-07-06T12:29:46.730+0000 7fea32489700 1 -- 172.21.15.50:0/1252820800 shutdown_connections
