2024-04-10T06:57:12.085 INFO:teuthology.orchestra.run.smithi031.stdout:/usr/bin/ceph: stderr
2024-04-10T06:57:06.831+0000 7f04d7da3700 1 --2- >> [v2:172.21.15.31:3300/0,v1:172.21.15.31:6789/0] conn(0x7f04d01079f0 0x7f04d019b8e0 unknown :-1 s=NONE pgs=0 cs=0 l=1 rev1=0 crypto rx=0 tx=0 comp rx=0 tx=0).connect
2024-04-10T06:57:12.085 INFO:teuthology.orchestra.run.smithi031.stdout:/usr/bin/ceph: stderr
2024-04-10T06:57:06.831+0000 7f04d7da3700 1 -- --> [v2:172.21.15.31:3300/0,v1:172.21.15.31:6789/0] -- mon_getmap magic: 0 -- 0x7f04d010bf00 con 0x7f04d01079f0
2024-04-10T06:57:12.085 INFO:teuthology.orchestra.run.smithi031.stdout:/usr/bin/ceph: stderr
2024-04-10T06:57:06.831+0000 7f04d5b3f700 1 --2- >> [v2:172.21.15.31:3300/0,v1:172.21.15.31:6789/0] conn(0x7f04d01079f0 0x7f04d019b8e0 unknown :-1 s=BANNER_CONNECTING pgs=0 cs=0 l=1 rev1=0 crypto rx=0 tx=0 comp rx=0 tx=0)._handle_peer_banner_payload supported=3 required=0
2024-04-10T06:57:12.085 INFO:teuthology.orchestra.run.smithi031.stdout:/usr/bin/ceph: stderr
2024-04-10T06:57:06.831+0000 7f04d5b3f700 1 --2- >> [v2:172.21.15.31:3300/0,v1:172.21.15.31:6789/0] conn(0x7f04d01079f0 0x7f04d019b8e0 unknown :-1 s=HELLO_CONNECTING pgs=0 cs=0 l=1 rev1=1 crypto rx=0 tx=0 comp rx=0 tx=0).handle_hello peer v2:172.21.15.31:3300/0 says I am v2:172.21.15.31:45752/0 (socket says 172.21.15.31:45752)
2024-04-10T06:57:12.086 INFO:teuthology.orchestra.run.smithi031.stdout:/usr/bin/ceph: stderr
2024-04-10T06:57:06.831+0000 7f04d5b3f700 1 -- 172.21.15.31:0/3195411248 learned_addr learned my addr 172.21.15.31:0/3195411248 (peer_addr_for_me v2:172.21.15.31:0/0)
2024-04-10T06:57:12.086 INFO:teuthology.orchestra.run.smithi031.stdout:/usr/bin/ceph: stderr
2024-04-10T06:57:06.831+0000 7f04d5b3f700 1 -- 172.21.15.31:0/3195411248 --> [v2:172.21.15.31:3300/0,v1:172.21.15.31:6789/0] -- mon_subscribe({config=0+,monmap=0+}) -- 0x7f04d019be20 con 0x7f04d01079f0
2024-04-10T06:57:12.086 INFO:teuthology.orchestra.run.smithi031.stdout:/usr/bin/ceph: stderr
2024-04-10T06:57:06.831+0000 7f04d5b3f700 1 --2- 172.21.15.31:0/3195411248 >> [v2:172.21.15.31:3300/0,v1:172.21.15.31:6789/0] conn(0x7f04d01079f0 0x7f04d019b8e0 secure :-1 s=READY pgs=46 cs=0 l=1 rev1=1 crypto rx=0x7f04cc000c00 tx=0x7f04cc004290 comp rx=0 tx=0).ready entity=mon.0 client_cookie=0 server_cookie=0 in_seq=0 out_seq=0
2024-04-10T06:57:12.086 INFO:teuthology.orchestra.run.smithi031.stdout:/usr/bin/ceph: stderr
2024-04-10T06:57:06.832+0000 7f04c6ffd700 1 -- 172.21.15.31:0/3195411248 <== mon.0 v2:172.21.15.31:3300/0 1 ==== mon_map magic: 0 ==== 205+0+0 (secure 0 0 0) 0x7f04cc0039c0 con 0x7f04d01079f0
2024-04-10T06:57:12.086 INFO:teuthology.orchestra.run.smithi031.stdout:/usr/bin/ceph: stderr
2024-04-10T06:57:06.832+0000 7f04c6ffd700 1 -- 172.21.15.31:0/3195411248 <== mon.0 v2:172.21.15.31:3300/0 2 ==== config(26 keys) ==== 1071+0+0 (secure 0 0 0) 0x7f04cc003b60 con 0x7f04d01079f0
2024-04-10T06:57:12.086 INFO:teuthology.orchestra.run.smithi031.stdout:/usr/bin/ceph: stderr
2024-04-10T06:57:06.832+0000 7f04d7da3700 1 -- 172.21.15.31:0/3195411248 --> [v2:172.21.15.31:3300/0,v1:172.21.15.31:6789/0] -- mon_subscribe({mgrmap=0+}) -- 0x7f04d019c0b0 con 0x7f04d01079f0
2024-04-10T06:57:12.086 INFO:teuthology.orchestra.run.smithi031.stdout:/usr/bin/ceph: stderr
2024-04-10T06:57:06.832+0000 7f04c6ffd700 1 -- 172.21.15.31:0/3195411248 <== mon.0 v2:172.21.15.31:3300/0 3 ==== mon_map magic: 0 ==== 205+0+0 (secure 0 0 0) 0x7f04cc01a6f0 con 0x7f04d01079f0
2024-04-10T06:57:12.086 INFO:teuthology.orchestra.run.smithi031.stdout:/usr/bin/ceph: stderr
2024-04-10T06:57:06.832+0000 7f04d7da3700 1 -- 172.21.15.31:0/3195411248 --> [v2:172.21.15.31:3300/0,v1:172.21.15.31:6789/0] -- mon_subscribe({osdmap=0}) -- 0x7f04d019eda0 con 0x7f04d01079f0
2024-04-10T06:57:12.086 INFO:teuthology.orchestra.run.smithi031.stdout:/usr/bin/ceph: stderr
2024-04-10T06:57:06.833+0000 7f04c6ffd700 1 -- 172.21.15.31:0/3195411248 <== mon.0 v2:172.21.15.31:3300/0 4 ==== mgrmap(e 8) ==== 46558+0+0 (secure 0 0 0) 0x7f04cc024440 con 0x7f04d01079f0
2024-04-10T06:57:12.086 INFO:teuthology.orchestra.run.smithi031.stdout:/usr/bin/ceph: stderr
2024-04-10T06:57:06.833+0000 7f04d7da3700 1 -- 172.21.15.31:0/3195411248 --> [v2:172.21.15.31:3300/0,v1:172.21.15.31:6789/0] -- mon_command({"prefix": "get_command_descriptions"} v 0) -- 0x7f04d0064110 con 0x7f04d01079f0
2024-04-10T06:57:12.086 INFO:teuthology.orchestra.run.smithi031.stdout:/usr/bin/ceph: stderr
2024-04-10T06:57:06.833+0000 7f04c6ffd700 1 --2- 172.21.15.31:0/3195411248 >> [v2:172.21.15.31:6800/3319590448,v1:172.21.15.31:6801/3319590448] conn(0x7f04bc039600 0x7f04bc03bac0 unknown :-1 s=NONE pgs=0 cs=0 l=1 rev1=0 crypto rx=0 tx=0 comp rx=0 tx=0).connect
2024-04-10T06:57:12.086 INFO:teuthology.orchestra.run.smithi031.stdout:/usr/bin/ceph: stderr
2024-04-10T06:57:06.833+0000 7f04c6ffd700 1 -- 172.21.15.31:0/3195411248 <== mon.0 v2:172.21.15.31:3300/0 5 ==== osd_map(2..2 src has 1..2) ==== 940+0+0 (secure 0 0 0) 0x7f04cc04d990 con 0x7f04d01079f0
2024-04-10T06:57:12.087 INFO:teuthology.orchestra.run.smithi031.stdout:/usr/bin/ceph: stderr
2024-04-10T06:57:06.833+0000 7f04d533e700 1 --2- 172.21.15.31:0/3195411248 >> [v2:172.21.15.31:6800/3319590448,v1:172.21.15.31:6801/3319590448] conn(0x7f04bc039600 0x7f04bc03bac0 unknown :-1 s=BANNER_CONNECTING pgs=0 cs=0 l=1 rev1=0 crypto rx=0 tx=0 comp rx=0 tx=0)._handle_peer_banner_payload supported=3 required=0
2024-04-10T06:57:12.087 INFO:teuthology.orchestra.run.smithi031.stdout:/usr/bin/ceph: stderr
2024-04-10T06:57:06.833+0000 7f04d533e700 1 --2- 172.21.15.31:0/3195411248 >> [v2:172.21.15.31:6800/3319590448,v1:172.21.15.31:6801/3319590448] conn(0x7f04bc039600 0x7f04bc03bac0 secure :-1 s=READY pgs=11 cs=0 l=1 rev1=1 crypto rx=0x7f04c0006fd0 tx=0x7f04c0006e40 comp rx=0 tx=0).ready entity=mgr.14120 client_cookie=0 server_cookie=0 in_seq=0 out_seq=0
2024-04-10T06:57:12.087 INFO:teuthology.orchestra.run.smithi031.stdout:/usr/bin/ceph: stderr
2024-04-10T06:57:06.838+0000 7f04c6ffd700 1 -- 172.21.15.31:0/3195411248 <== mon.0 v2:172.21.15.31:3300/0 6 ==== mon_command_ack([{"prefix": "get_command_descriptions"}]=0 v0) ==== 72+0+188297 (secure 0 0 0) 0x7f04cc0247e0 con 0x7f04d01079f0
2024-04-10T06:57:12.087 INFO:teuthology.orchestra.run.smithi031.stdout:/usr/bin/ceph: stderr
2024-04-10T06:57:07.051+0000 7f04d7da3700 1 -- 172.21.15.31:0/3195411248 --> [v2:172.21.15.31:6800/3319590448,v1:172.21.15.31:6801/3319590448] -- mgr_command(tid 0: {"prefix": "orch host add", "hostname": "smithi031", "addr": "172.21.15.31", "target": ["mon-mgr", ""]}) -- 0x7f04d0104220 con 0x7f04bc039600
2024-04-10T06:57:12.087 INFO:teuthology.orchestra.run.smithi031.stdout:/usr/bin/ceph: stderr
2024-04-10T06:57:11.512+0000 7f04c6ffd700 1 -- 172.21.15.31:0/3195411248 <== mgr.14120 v2:172.21.15.31:6800/3319590448 1 ==== mgr_command_reply(tid 0: 0 ) ==== 8+0+48 (secure 0 0 0) 0x7f04d0104220 con 0x7f04bc039600
2024-04-10T06:57:12.087 INFO:teuthology.orchestra.run.smithi031.stdout:/usr/bin/ceph: stderr
2024-04-10T06:57:11.515+0000 7f04d7da3700 1 -- 172.21.15.31:0/3195411248 >> [v2:172.21.15.31:6800/3319590448,v1:172.21.15.31:6801/3319590448] conn(0x7f04bc039600 msgr2=0x7f04bc03bac0 secure :-1 s=STATE_CONNECTION_ESTABLISHED l=1).mark_down
2024-04-10T06:57:12.087 INFO:teuthology.orchestra.run.smithi031.stdout:/usr/bin/ceph: stderr
2024-04-10T06:57:11.515+0000 7f04d7da3700 1 --2- 172.21.15.31:0/3195411248 >> [v2:172.21.15.31:6800/3319590448,v1:172.21.15.31:6801/3319590448] conn(0x7f04bc039600 0x7f04bc03bac0 secure :-1 s=READY pgs=11 cs=0 l=1 rev1=1 crypto rx=0x7f04c0006fd0 tx=0x7f04c0006e40 comp rx=0 tx=0).stop
2024-04-10T06:57:12.087 INFO:teuthology.orchestra.run.smithi031.stdout:/usr/bin/ceph: stderr
2024-04-10T06:57:11.515+0000 7f04d7da3700 1 -- 172.21.15.31:0/3195411248 >> [v2:172.21.15.31:3300/0,v1:172.21.15.31:6789/0] conn(0x7f04d01079f0 msgr2=0x7f04d019b8e0 secure :-1 s=STATE_CONNECTION_ESTABLISHED l=1).mark_down
2024-04-10T06:57:12.087 INFO:teuthology.orchestra.run.smithi031.stdout:/usr/bin/ceph: stderr
2024-04-10T06:57:11.515+0000 7f04d7da3700 1 --2- 172.21.15.31:0/3195411248 >> [v2:172.21.15.31:3300/0,v1:172.21.15.31:6789/0] conn(0x7f04d01079f0 0x7f04d019b8e0 secure :-1 s=READY pgs=46 cs=0 l=1 rev1=1 crypto rx=0x7f04cc000c00 tx=0x7f04cc004290 comp rx=0 tx=0).stop
2024-04-10T06:57:12.087 INFO:teuthology.orchestra.run.smithi031.stdout:/usr/bin/ceph: stderr
2024-04-10T06:57:11.515+0000 7f04d7da3700 1 -- 172.21.15.31:0/3195411248 shutdown_connections
2024-04-10T06:57:12.087 INFO:teuthology.orchestra.run.smithi031.stdout:/usr/bin/ceph: stderr
2024-04-10T06:57:11.515+0000 7f04d7da3700 1 --2- 172.21.15.31:0/3195411248 >> [v2:172.21.15.31:6800/3319590448,v1:172.21.15.31:6801/3319590448] conn(0x7f04bc039600 0x7f04bc03bac0 unknown :-1 s=CLOSED pgs=11 cs=0 l=1 rev1=1 crypto rx=0 tx=0 comp rx=0 tx=0).stop
2024-04-10T06:57:12.087 INFO:teuthology.orchestra.run.smithi031.stdout:/usr/bin/ceph: stderr
2024-04-10T06:57:11.515+0000 7f04d7da3700 1 --2- 172.21.15.31:0/3195411248 >> [v2:172.21.15.31:3300/0,v1:172.21.15.31:6789/0] conn(0x7f04d01079f0 0x7f04d019b8e0 unknown :-1 s=CLOSED pgs=46 cs=0 l=1 rev1=1 crypto rx=0 tx=0 comp rx=0 tx=0).stop
2024-04-10T06:57:12.088 INFO:teuthology.orchestra.run.smithi031.stdout:/usr/bin/ceph: stderr
2024-04-10T06:57:11.515+0000 7f04d7da3700 1 -- 172.21.15.31:0/3195411248 >> 172.21.15.31:0/3195411248 conn(0x7f04d0102fb0 msgr2=0x7f04d0103b10 unknown :-1 s=STATE_NONE l=0).mark_down
2024-04-10T06:57:12.088 INFO:teuthology.orchestra.run.smithi031.stdout:/usr/bin/ceph: stderr
2024-04-10T06:57:11.515+0000 7f04d7da3700 1 -- 172.21.15.31:0/3195411248 shutdown_connections
2024-04-10T06:57:12.088 INFO:teuthology.orchestra.run.smithi031.stdout:/usr/bin/ceph: stderr
2024-04-10T06:57:11.515+0000 7f04d7da3700 1 -- 172.21.15.31:0/3195411248 wait complete.
2024-04-10T06:57:12.088 INFO:teuthology.orchestra.run.smithi031.stdout:Deploying unmanaged mon service...
2024-04-10T06:57:12.716 INFO:journalctl@ceph.mon.a.smithi031.stdout:Apr 10 06:57:12 smithi031 ceph-mon[29756]: from='mgr.14120 172.21.15.31:0/3895419017' entity='mgr.x'
2024-04-10T06:57:12.716 INFO:journalctl@ceph.mon.a.smithi031.stdout:Apr 10 06:57:12 smithi031 ceph-mon[29756]: Added host smithi031
2024-04-10T06:57:12.716 INFO:journalctl@ceph.mon.a.smithi031.stdout:Apr 10 06:57:12 smithi031 ceph-mon[29756]: from='mgr.14120 172.21.15.31:0/3895419017' entity='mgr.x' cmd=[{"prefix": "config dump", "format": "json"}]: dispatch
2024-04-10T06:57:13.839 INFO:teuthology.orchestra.run.smithi031.stdout:/usr/bin/ceph: stdout Scheduled mon update...
2024-04-10T06:57:13.839 INFO:teuthology.orchestra.run.smithi031.stdout:/usr/bin/ceph: stderr
2024-04-10T06:57:12.551+0000 7f4f4c3da700 1 Processor -- start
2024-04-10T06:57:13.839 INFO:teuthology.orchestra.run.smithi031.stdout:/usr/bin/ceph: stderr
2024-04-10T06:57:12.551+0000 7f4f4c3da700 1 -- start start
2024-04-10T06:57:13.839 INFO:teuthology.orchestra.run.smithi031.stdout:/usr/bin/ceph: stderr
2024-04-10T06:57:12.551+0000 7f4f4c3da700 1 --2- >> [v2:172.21.15.31:3300/0,v1:172.21.15.31:6789/0] conn(0x7f4f44107990 0x7f4f44107db0 unknown :-1 s=NONE pgs=0 cs=0 l=0 rev1=0 crypto rx=0 tx=0 comp rx=0 tx=0).connect
2024-04-10T06:57:13.840 INFO:teuthology.orchestra.run.smithi031.stdout:/usr/bin/ceph: stderr
2024-04-10T06:57:12.551+0000 7f4f4c3da700 1 -- --> [v2:172.21.15.31:3300/0,v1:172.21.15.31:6789/0] -- mon_getmap magic: 0 -- 0x7f4f44108380 con 0x7f4f44107990
2024-04-10T06:57:13.840 INFO:teuthology.orchestra.run.smithi031.stdout:/usr/bin/ceph: stderr
2024-04-10T06:57:12.552+0000 7f4f4a176700 1 --2- >> [v2:172.21.15.31:3300/0,v1:172.21.15.31:6789/0] conn(0x7f4f44107990 0x7f4f44107db0 unknown :-1 s=BANNER_CONNECTING pgs=0 cs=0 l=0 rev1=0 crypto rx=0 tx=0 comp rx=0 tx=0)._handle_peer_banner_payload supported=3 required=0
2024-04-10T06:57:13.840 INFO:teuthology.orchestra.run.smithi031.stdout:/usr/bin/ceph: stderr
2024-04-10T06:57:12.552+0000 7f4f4a176700 1 --2- >> [v2:172.21.15.31:3300/0,v1:172.21.15.31:6789/0] conn(0x7f4f44107990 0x7f4f44107db0 unknown :-1 s=HELLO_CONNECTING pgs=0 cs=0 l=0 rev1=1 crypto rx=0 tx=0 comp rx=0 tx=0).handle_hello peer v2:172.21.15.31:3300/0 says I am v2:172.21.15.31:45754/0 (socket says 172.21.15.31:45754)
2024-04-10T06:57:13.840 INFO:teuthology.orchestra.run.smithi031.stdout:/usr/bin/ceph: stderr
2024-04-10T06:57:12.552+0000 7f4f4a176700 1 -- 172.21.15.31:0/3076284986 learned_addr learned my addr 172.21.15.31:0/3076284986 (peer_addr_for_me v2:172.21.15.31:0/0)
2024-04-10T06:57:13.840 INFO:teuthology.orchestra.run.smithi031.stdout:/usr/bin/ceph: stderr
2024-04-10T06:57:12.552+0000 7f4f4a176700 1 -- 172.21.15.31:0/3076284986 --> [v2:172.21.15.31:3300/0,v1:172.21.15.31:6789/0] -- mon_subscribe({config=0+,monmap=0+}) -- 0x7f4f44108b40 con 0x7f4f44107990
2024-04-10T06:57:13.840 INFO:teuthology.orchestra.run.smithi031.stdout:/usr/bin/ceph: stderr
2024-04-10T06:57:12.552+0000 7f4f4a176700 1 --2- 172.21.15.31:0/3076284986 >> [v2:172.21.15.31:3300/0,v1:172.21.15.31:6789/0] conn(0x7f4f44107990 0x7f4f44107db0 secure :-1 s=READY pgs=47 cs=0 l=1 rev1=1 crypto rx=0x7f4f400098a0 tx=0x7f4f40009bb0 comp rx=0 tx=0).ready entity=mon.0 client_cookie=84c0c59d04da888 server_cookie=0 in_seq=0 out_seq=0
2024-04-10T06:57:13.840 INFO:teuthology.orchestra.run.smithi031.stdout:/usr/bin/ceph: stderr
2024-04-10T06:57:12.552+0000 7f4f49174700 1 -- 172.21.15.31:0/3076284986 <== mon.0 v2:172.21.15.31:3300/0 1 ==== mon_map magic: 0 ==== 205+0+0 (secure 0 0 0) 0x7f4f40004160 con 0x7f4f44107990
2024-04-10T06:57:13.840 INFO:teuthology.orchestra.run.smithi031.stdout:/usr/bin/ceph: stderr
2024-04-10T06:57:12.552+0000 7f4f49174700 1 -- 172.21.15.31:0/3076284986 <== mon.0 v2:172.21.15.31:3300/0 2 ==== config(26 keys) ==== 1071+0+0 (secure 0 0 0) 0x7f4f40004300 con 0x7f4f44107990
2024-04-10T06:57:13.840 INFO:teuthology.orchestra.run.smithi031.stdout:/usr/bin/ceph: stderr
2024-04-10T06:57:12.552+0000 7f4f49174700 1 -- 172.21.15.31:0/3076284986 <== mon.0 v2:172.21.15.31:3300/0 3 ==== mon_map magic: 0 ==== 205+0+0 (secure 0 0 0) 0x7f4f40011a80 con 0x7f4f44107990
2024-04-10T06:57:13.840 INFO:teuthology.orchestra.run.smithi031.stdout:/usr/bin/ceph: stderr
2024-04-10T06:57:12.553+0000 7f4f4c3da700 1 -- 172.21.15.31:0/3076284986 >> [v2:172.21.15.31:3300/0,v1:172.21.15.31:6789/0] conn(0x7f4f44107990 msgr2=0x7f4f44107db0 secure :-1 s=STATE_CONNECTION_ESTABLISHED l=1).mark_down
2024-04-10T06:57:13.840 INFO:teuthology.orchestra.run.smithi031.stdout:/usr/bin/ceph: stderr
2024-04-10T06:57:12.553+0000 7f4f4c3da700 1 --2- 172.21.15.31:0/3076284986 >> [v2:172.21.15.31:3300/0,v1:172.21.15.31:6789/0] conn(0x7f4f44107990 0x7f4f44107db0 secure :-1 s=READY pgs=47 cs=0 l=1 rev1=1 crypto rx=0x7f4f400098a0 tx=0x7f4f40009bb0 comp rx=0 tx=0).stop
2024-04-10T06:57:13.840 INFO:teuthology.orchestra.run.smithi031.stdout:/usr/bin/ceph: stderr
2024-04-10T06:57:12.553+0000 7f4f4c3da700 1 -- 172.21.15.31:0/3076284986 shutdown_connections
2024-04-10T06:57:13.840 INFO:teuthology.orchestra.run.smithi031.stdout:/usr/bin/ceph: stderr
2024-04-10T06:57:12.553+0000 7f4f4c3da700 1 --2- 172.21.15.31:0/3076284986 >> [v2:172.21.15.31:3300/0,v1:172.21.15.31:6789/0] conn(0x7f4f44107990 0x7f4f44107db0 unknown :-1 s=CLOSED pgs=47 cs=0 l=1 rev1=1 crypto rx=0 tx=0 comp rx=0 tx=0).stop
2024-04-10T06:57:13.841 INFO:teuthology.orchestra.run.smithi031.stdout:/usr/bin/ceph: stderr
2024-04-10T06:57:12.553+0000 7f4f4c3da700 1 -- 172.21.15.31:0/3076284986 >> 172.21.15.31:0/3076284986 conn(0x7f4f44102f70 msgr2=0x7f4f44105390 unknown :-1 s=STATE_NONE l=0).mark_down
2024-04-10T06:57:13.841 INFO:teuthology.orchestra.run.smithi031.stdout:/usr/bin/ceph: stderr
2024-04-10T06:57:12.553+0000 7f4f4c3da700 1 -- 172.21.15.31:0/3076284986 shutdown_connections
2024-04-10T06:57:13.841 INFO:teuthology.orchestra.run.smithi031.stdout:/usr/bin/ceph: stderr
2024-04-10T06:57:12.553+0000 7f4f4c3da700 1 -- 172.21.15.31:0/3076284986 wait complete.
2024-04-10T06:57:13.841 INFO:teuthology.orchestra.run.smithi031.stdout:/usr/bin/ceph: stderr
2024-04-10T06:57:12.554+0000 7f4f4c3da700 1 Processor -- start
2024-04-10T06:57:13.841 INFO:teuthology.orchestra.run.smithi031.stdout:/usr/bin/ceph: stderr
2024-04-10T06:57:12.554+0000 7f4f4c3da700 1 -- start start
2024-04-10T06:57:13.841 INFO:teuthology.orchestra.run.smithi031.stdout:/usr/bin/ceph: stderr
2024-04-10T06:57:12.554+0000 7f4f4c3da700 1 --2- >> [v2:172.21.15.31:3300/0,v1:172.21.15.31:6789/0] conn(0x7f4f44107990 0x7f4f4419b8f0 unknown :-1 s=NONE pgs=0 cs=0 l=1 rev1=0 crypto rx=0 tx=0 comp rx=0 tx=0).connect
2024-04-10T06:57:13.841 INFO:teuthology.orchestra.run.smithi031.stdout:/usr/bin/ceph: stderr
2024-04-10T06:57:12.554+0000 7f4f4c3da700 1 -- --> [v2:172.21.15.31:3300/0,v1:172.21.15.31:6789/0] -- mon_getmap magic: 0 -- 0x7f4f4410bef0 con 0x7f4f44107990
2024-04-10T06:57:13.842 INFO:teuthology.orchestra.run.smithi031.stdout:/usr/bin/ceph: stderr
2024-04-10T06:57:12.554+0000 7f4f4a176700 1 --2- >> [v2:172.21.15.31:3300/0,v1:172.21.15.31:6789/0] conn(0x7f4f44107990 0x7f4f4419b8f0 unknown :-1 s=BANNER_CONNECTING pgs=0 cs=0 l=1 rev1=0 crypto rx=0 tx=0 comp rx=0 tx=0)._handle_peer_banner_payload supported=3 required=0
2024-04-10T06:57:13.842 INFO:teuthology.orchestra.run.smithi031.stdout:/usr/bin/ceph: stderr
2024-04-10T06:57:12.554+0000 7f4f4a176700 1 --2- >> [v2:172.21.15.31:3300/0,v1:172.21.15.31:6789/0] conn(0x7f4f44107990 0x7f4f4419b8f0 unknown :-1 s=HELLO_CONNECTING pgs=0 cs=0 l=1 rev1=1 crypto rx=0 tx=0 comp rx=0 tx=0).handle_hello peer v2:172.21.15.31:3300/0 says I am v2:172.21.15.31:45756/0 (socket says 172.21.15.31:45756)
2024-04-10T06:57:13.842 INFO:teuthology.orchestra.run.smithi031.stdout:/usr/bin/ceph: stderr
2024-04-10T06:57:12.554+0000 7f4f4a176700 1 -- 172.21.15.31:0/1596562427 learned_addr learned my addr 172.21.15.31:0/1596562427 (peer_addr_for_me v2:172.21.15.31:0/0)
2024-04-10T06:57:13.842 INFO:teuthology.orchestra.run.smithi031.stdout:/usr/bin/ceph: stderr
2024-04-10T06:57:12.554+0000 7f4f4a176700 1 -- 172.21.15.31:0/1596562427 --> [v2:172.21.15.31:3300/0,v1:172.21.15.31:6789/0] -- mon_subscribe({config=0+,monmap=0+}) -- 0x7f4f4419be30 con 0x7f4f44107990
2024-04-10T06:57:13.842 INFO:teuthology.orchestra.run.smithi031.stdout:/usr/bin/ceph: stderr
2024-04-10T06:57:12.554+0000 7f4f4a176700 1 --2- 172.21.15.31:0/1596562427 >> [v2:172.21.15.31:3300/0,v1:172.21.15.31:6789/0] conn(0x7f4f44107990 0x7f4f4419b8f0 secure :-1 s=READY pgs=48 cs=0 l=1 rev1=1 crypto rx=0x7f4f40000c00 tx=0x7f4f40004290 comp rx=0 tx=0).ready entity=mon.0 client_cookie=0 server_cookie=0 in_seq=0 out_seq=0
2024-04-10T06:57:13.842 INFO:teuthology.orchestra.run.smithi031.stdout:/usr/bin/ceph: stderr
2024-04-10T06:57:12.555+0000 7f4f3b7fe700 1 -- 172.21.15.31:0/1596562427 <== mon.0 v2:172.21.15.31:3300/0 1 ==== mon_map magic: 0 ==== 205+0+0 (secure 0 0 0) 0x7f4f400039c0 con 0x7f4f44107990
2024-04-10T06:57:13.842 INFO:teuthology.orchestra.run.smithi031.stdout:/usr/bin/ceph: stderr
2024-04-10T06:57:12.555+0000 7f4f3b7fe700 1 -- 172.21.15.31:0/1596562427 <== mon.0 v2:172.21.15.31:3300/0 2 ==== config(26 keys) ==== 1071+0+0 (secure 0 0 0) 0x7f4f40003b60 con 0x7f4f44107990
2024-04-10T06:57:13.842 INFO:teuthology.orchestra.run.smithi031.stdout:/usr/bin/ceph: stderr
2024-04-10T06:57:12.555+0000 7f4f4c3da700 1 -- 172.21.15.31:0/1596562427 --> [v2:172.21.15.31:3300/0,v1:172.21.15.31:6789/0] -- mon_subscribe({mgrmap=0+}) -- 0x7f4f4419c0c0 con 0x7f4f44107990
2024-04-10T06:57:13.842 INFO:teuthology.orchestra.run.smithi031.stdout:/usr/bin/ceph: stderr
2024-04-10T06:57:12.555+0000 7f4f3b7fe700 1 -- 172.21.15.31:0/1596562427 <== mon.0 v2:172.21.15.31:3300/0 3 ==== mon_map magic: 0 ==== 205+0+0 (secure 0 0 0) 0x7f4f4001a6f0 con 0x7f4f44107990
2024-04-10T06:57:13.842 INFO:teuthology.orchestra.run.smithi031.stdout:/usr/bin/ceph: stderr
2024-04-10T06:57:12.555+0000 7f4f4c3da700 1 -- 172.21.15.31:0/1596562427 --> [v2:172.21.15.31:3300/0,v1:172.21.15.31:6789/0] -- mon_subscribe({osdmap=0}) -- 0x7f4f4419edb0 con 0x7f4f44107990
2024-04-10T06:57:13.842 INFO:teuthology.orchestra.run.smithi031.stdout:/usr/bin/ceph: stderr
2024-04-10T06:57:12.555+0000 7f4f3b7fe700 1 -- 172.21.15.31:0/1596562427 <== mon.0 v2:172.21.15.31:3300/0 4 ==== mgrmap(e 8) ==== 46558+0+0 (secure 0 0 0) 0x7f4f4001a9a0 con 0x7f4f44107990
2024-04-10T06:57:13.842 INFO:teuthology.orchestra.run.smithi031.stdout:/usr/bin/ceph: stderr
2024-04-10T06:57:12.556+0000 7f4f3b7fe700 1 --2- 172.21.15.31:0/1596562427 >> [v2:172.21.15.31:6800/3319590448,v1:172.21.15.31:6801/3319590448] conn(0x7f4f300395b0 0x7f4f3003ba70 unknown :-1 s=NONE pgs=0 cs=0 l=1 rev1=0 crypto rx=0 tx=0 comp rx=0 tx=0).connect
2024-04-10T06:57:13.843 INFO:teuthology.orchestra.run.smithi031.stdout:/usr/bin/ceph: stderr
2024-04-10T06:57:12.556+0000 7f4f3b7fe700 1 -- 172.21.15.31:0/1596562427 <== mon.0 v2:172.21.15.31:3300/0 5 ==== osd_map(2..2 src has 1..2) ==== 940+0+0 (secure 0 0 0) 0x7f4f4004db00 con 0x7f4f44107990
2024-04-10T06:57:13.843 INFO:teuthology.orchestra.run.smithi031.stdout:/usr/bin/ceph: stderr
2024-04-10T06:57:12.556+0000 7f4f4c3da700 1 -- 172.21.15.31:0/1596562427 --> [v2:172.21.15.31:3300/0,v1:172.21.15.31:6789/0] -- mon_command({"prefix": "get_command_descriptions"} v 0) -- 0x7f4f44064110 con 0x7f4f44107990
2024-04-10T06:57:13.843 INFO:teuthology.orchestra.run.smithi031.stdout:/usr/bin/ceph: stderr
2024-04-10T06:57:12.556+0000 7f4f49975700 1 --2- 172.21.15.31:0/1596562427 >> [v2:172.21.15.31:6800/3319590448,v1:172.21.15.31:6801/3319590448] conn(0x7f4f300395b0 0x7f4f3003ba70 unknown :-1 s=BANNER_CONNECTING pgs=0 cs=0 l=1 rev1=0 crypto rx=0 tx=0 comp rx=0 tx=0)._handle_peer_banner_payload supported=3 required=0
2024-04-10T06:57:13.843 INFO:teuthology.orchestra.run.smithi031.stdout:/usr/bin/ceph: stderr
2024-04-10T06:57:12.556+0000 7f4f49975700 1 --2- 172.21.15.31:0/1596562427 >> [v2:172.21.15.31:6800/3319590448,v1:172.21.15.31:6801/3319590448] conn(0x7f4f300395b0 0x7f4f3003ba70 secure :-1 s=READY pgs=12 cs=0 l=1 rev1=1 crypto rx=0x7f4f3400ad30 tx=0x7f4f340093f0 comp rx=0 tx=0).ready entity=mgr.14120 client_cookie=0 server_cookie=0 in_seq=0 out_seq=0
2024-04-10T06:57:13.843 INFO:teuthology.orchestra.run.smithi031.stdout:/usr/bin/ceph: stderr
2024-04-10T06:57:12.561+0000 7f4f3b7fe700 1 -- 172.21.15.31:0/1596562427 <== mon.0 v2:172.21.15.31:3300/0 6 ==== mon_command_ack([{"prefix": "get_command_descriptions"}]=0 v0) ==== 72+0+188297 (secure 0 0 0) 0x7f4f40020240 con 0x7f4f44107990
2024-04-10T06:57:13.843 INFO:teuthology.orchestra.run.smithi031.stdout:/usr/bin/ceph: stderr
2024-04-10T06:57:12.785+0000 7f4f4c3da700 1 -- 172.21.15.31:0/1596562427 --> [v2:172.21.15.31:6800/3319590448,v1:172.21.15.31:6801/3319590448] -- mgr_command(tid 0: {"prefix": "orch apply", "service_type": "mon", "unmanaged": true, "target": ["mon-mgr", ""]}) -- 0x7f4f441041c0 con 0x7f4f300395b0
2024-04-10T06:57:13.843 INFO:teuthology.orchestra.run.smithi031.stdout:/usr/bin/ceph: stderr
2024-04-10T06:57:12.792+0000 7f4f3b7fe700 1 -- 172.21.15.31:0/1596562427 <== mgr.14120 v2:172.21.15.31:6800/3319590448 1 ==== mgr_command_reply(tid 0: 0 ) ==== 8+0+24 (secure 0 0 0) 0x7f4f441041c0 con 0x7f4f300395b0
2024-04-10T06:57:13.843 INFO:teuthology.orchestra.run.smithi031.stdout:/usr/bin/ceph: stderr
2024-04-10T06:57:12.794+0000 7f4f4c3da700 1 -- 172.21.15.31:0/1596562427 >> [v2:172.21.15.31:6800/3319590448,v1:172.21.15.31:6801/3319590448] conn(0x7f4f300395b0 msgr2=0x7f4f3003ba70 secure :-1 s=STATE_CONNECTION_ESTABLISHED l=1).mark_down
2024-04-10T06:57:13.843 INFO:teuthology.orchestra.run.smithi031.stdout:/usr/bin/ceph: stderr
2024-04-10T06:57:12.794+0000 7f4f4c3da700 1 --2- 172.21.15.31:0/1596562427 >> [v2:172.21.15.31:6800/3319590448,v1:172.21.15.31:6801/3319590448] conn(0x7f4f300395b0 0x7f4f3003ba70 secure :-1 s=READY pgs=12 cs=0 l=1 rev1=1 crypto rx=0x7f4f3400ad30 tx=0x7f4f340093f0 comp rx=0 tx=0).stop
2024-04-10T06:57:13.843 INFO:teuthology.orchestra.run.smithi031.stdout:/usr/bin/ceph: stderr
2024-04-10T06:57:12.795+0000 7f4f4c3da700 1 -- 172.21.15.31:0/1596562427 >> [v2:172.21.15.31:3300/0,v1:172.21.15.31:6789/0] conn(0x7f4f44107990 msgr2=0x7f4f4419b8f0 secure :-1 s=STATE_CONNECTION_ESTABLISHED l=1).mark_down
2024-04-10T06:57:13.843 INFO:teuthology.orchestra.run.smithi031.stdout:/usr/bin/ceph: stderr
2024-04-10T06:57:12.795+0000 7f4f4c3da700 1 --2- 172.21.15.31:0/1596562427 >> [v2:172.21.15.31:3300/0,v1:172.21.15.31:6789/0] conn(0x7f4f44107990 0x7f4f4419b8f0 secure :-1 s=READY pgs=48 cs=0 l=1 rev1=1 crypto rx=0x7f4f40000c00 tx=0x7f4f40004290 comp rx=0 tx=0).stop
2024-04-10T06:57:13.843 INFO:teuthology.orchestra.run.smithi031.stdout:/usr/bin/ceph: stderr
2024-04-10T06:57:12.795+0000 7f4f4c3da700 1 -- 172.21.15.31:0/1596562427 shutdown_connections
2024-04-10T06:57:13.844 INFO:teuthology.orchestra.run.smithi031.stdout:/usr/bin/ceph: stderr
2024-04-10T06:57:12.795+0000 7f4f4c3da700 1 --2- 172.21.15.31:0/1596562427 >> [v2:172.21.15.31:6800/3319590448,v1:172.21.15.31:6801/3319590448] conn(0x7f4f300395b0 0x7f4f3003ba70 unknown :-1 s=CLOSED pgs=12 cs=0 l=1 rev1=1 crypto rx=0 tx=0 comp rx=0 tx=0).stop
2024-04-10T06:57:13.844 INFO:teuthology.orchestra.run.smithi031.stdout:/usr/bin/ceph: stderr
2024-04-10T06:57:12.795+0000 7f4f4c3da700 1 --2- 172.21.15.31:0/1596562427 >> [v2:172.21.15.31:3300/0,v1:172.21.15.31:6789/0] conn(0x7f4f44107990 0x7f4f4419b8f0 unknown :-1 s=CLOSED pgs=48 cs=0 l=1 rev1=1 crypto rx=0 tx=0 comp rx=0 tx=0).stop
2024-04-10T06:57:13.844 INFO:teuthology.orchestra.run.smithi031.stdout:/usr/bin/ceph: stderr
2024-04-10T06:57:12.795+0000 7f4f4c3da700 1 -- 172.21.15.31:0/1596562427 >> 172.21.15.31:0/1596562427 conn(0x7f4f44102f70 msgr2=0x7f4f44103ab0 unknown :-1 s=STATE_NONE l=0).mark_down
2024-04-10T06:57:13.844 INFO:teuthology.orchestra.run.smithi031.stdout:/usr/bin/ceph: stderr
2024-04-10T06:57:12.795+0000 7f4f4c3da700 1 -- 172.21.15.31:0/1596562427 shutdown_connections
2024-04-10T06:57:13.844 INFO:teuthology.orchestra.run.smithi031.stdout:/usr/bin/ceph: stderr
2024-04-10T06:57:12.795+0000 7f4f4c3da700 1 -- 172.21.15.31:0/1596562427 wait complete.
2024-04-10T06:57:13.844 INFO:teuthology.orchestra.run.smithi031.stdout:Deploying unmanaged mgr service...
2024-04-10T06:57:14.065 INFO:journalctl@ceph.mon.a.smithi031.stdout:Apr 10 06:57:13 smithi031 ceph-mon[29756]: from='client.14142 -' entity='client.admin' cmd=[{"prefix": "orch apply", "service_type": "mon", "unmanaged": true, "target": ["mon-mgr", ""]}]: dispatch
2024-04-10T06:57:14.065 INFO:journalctl@ceph.mon.a.smithi031.stdout:Apr 10 06:57:13 smithi031 ceph-mon[29756]: Saving service mon spec with placement count:5
2024-04-10T06:57:14.065 INFO:journalctl@ceph.mon.a.smithi031.stdout:Apr 10 06:57:13 smithi031 ceph-mon[29756]: from='mgr.14120 172.21.15.31:0/3895419017' entity='mgr.x'
2024-04-10T06:57:15.356 INFO:teuthology.orchestra.run.smithi031.stdout:/usr/bin/ceph: stdout Scheduled mgr update...
2024-04-10T06:57:15.356 INFO:teuthology.orchestra.run.smithi031.stdout:/usr/bin/ceph: stderr
2024-04-10T06:57:14.274+0000 7f361f4d5700 1 Processor -- start
2024-04-10T06:57:15.356 INFO:teuthology.orchestra.run.smithi031.stdout:/usr/bin/ceph: stderr
2024-04-10T06:57:14.274+0000 7f361f4d5700 1 -- start start
2024-04-10T06:57:15.356 INFO:teuthology.orchestra.run.smithi031.stdout:/usr/bin/ceph: stderr
2024-04-10T06:57:14.275+0000 7f361f4d5700 1 --2- >> [v2:172.21.15.31:3300/0,v1:172.21.15.31:6789/0] conn(0x7f36181079f0 0x7f3618107e10 unknown :-1 s=NONE pgs=0 cs=0 l=0 rev1=0 crypto rx=0 tx=0 comp rx=0 tx=0).connect
2024-04-10T06:57:15.356 INFO:teuthology.orchestra.run.smithi031.stdout:/usr/bin/ceph: stderr
2024-04-10T06:57:14.275+0000 7f361f4d5700 1 -- --> [v2:172.21.15.31:3300/0,v1:172.21.15.31:6789/0] -- mon_getmap magic: 0 -- 0x7f36181083e0 con 0x7f36181079f0
2024-04-10T06:57:15.357 INFO:teuthology.orchestra.run.smithi031.stdout:/usr/bin/ceph: stderr
2024-04-10T06:57:14.275+0000 7f361d271700 1 --2- >> [v2:172.21.15.31:3300/0,v1:172.21.15.31:6789/0] conn(0x7f36181079f0 0x7f3618107e10 unknown :-1 s=BANNER_CONNECTING pgs=0 cs=0 l=0 rev1=0 crypto rx=0 tx=0 comp rx=0 tx=0)._handle_peer_banner_payload supported=3 required=0
2024-04-10T06:57:15.357 INFO:teuthology.orchestra.run.smithi031.stdout:/usr/bin/ceph: stderr
2024-04-10T06:57:14.275+0000 7f361d271700 1 --2- >> [v2:172.21.15.31:3300/0,v1:172.21.15.31:6789/0] conn(0x7f36181079f0 0x7f3618107e10 unknown :-1 s=HELLO_CONNECTING pgs=0 cs=0 l=0 rev1=1 crypto rx=0 tx=0 comp rx=0 tx=0).handle_hello peer v2:172.21.15.31:3300/0 says I am v2:172.21.15.31:45770/0 (socket says 172.21.15.31:45770)
2024-04-10T06:57:15.357 INFO:teuthology.orchestra.run.smithi031.stdout:/usr/bin/ceph: stderr
2024-04-10T06:57:14.275+0000 7f361d271700 1 -- 172.21.15.31:0/4124775394 learned_addr learned my addr 172.21.15.31:0/4124775394 (peer_addr_for_me v2:172.21.15.31:0/0)
2024-04-10T06:57:15.357 INFO:teuthology.orchestra.run.smithi031.stdout:/usr/bin/ceph: stderr
2024-04-10T06:57:14.275+0000 7f361d271700 1 -- 172.21.15.31:0/4124775394 --> [v2:172.21.15.31:3300/0,v1:172.21.15.31:6789/0] -- mon_subscribe({config=0+,monmap=0+}) -- 0x7f3618108b50 con 0x7f36181079f0
2024-04-10T06:57:15.357 INFO:teuthology.orchestra.run.smithi031.stdout:/usr/bin/ceph: stderr
2024-04-10T06:57:14.275+0000 7f361d271700 1 --2- 172.21.15.31:0/4124775394 >> [v2:172.21.15.31:3300/0,v1:172.21.15.31:6789/0] conn(0x7f36181079f0 0x7f3618107e10 secure :-1 s=READY pgs=49 cs=0 l=1 rev1=1 crypto rx=0x7f36140098a0 tx=0x7f3614009bb0 comp rx=0 tx=0).ready entity=mon.0 client_cookie=6725c8aea69efffd server_cookie=0 in_seq=0 out_seq=0
2024-04-10T06:57:15.357 INFO:teuthology.orchestra.run.smithi031.stdout:/usr/bin/ceph: stderr
2024-04-10T06:57:14.275+0000 7f360ffff700 1 -- 172.21.15.31:0/4124775394 <== mon.0 v2:172.21.15.31:3300/0 1 ==== mon_map magic: 0 ==== 205+0+0 (secure 0 0 0) 0x7f3614004160 con 0x7f36181079f0
2024-04-10T06:57:15.357 INFO:teuthology.orchestra.run.smithi031.stdout:/usr/bin/ceph: stderr
2024-04-10T06:57:14.276+0000 7f360ffff700 1 -- 172.21.15.31:0/4124775394 <== mon.0 v2:172.21.15.31:3300/0 2 ==== config(26 keys) ==== 1071+0+0 (secure 0 0 0) 0x7f3614004300 con 0x7f36181079f0
2024-04-10T06:57:15.357 INFO:teuthology.orchestra.run.smithi031.stdout:/usr/bin/ceph: stderr
2024-04-10T06:57:14.276+0000 7f360ffff700 1 -- 172.21.15.31:0/4124775394 <== mon.0 v2:172.21.15.31:3300/0 3 ==== mon_map magic: 0 ==== 205+0+0 (secure 0 0 0) 0x7f3614011a80 con 0x7f36181079f0
2024-04-10T06:57:15.357 INFO:teuthology.orchestra.run.smithi031.stdout:/usr/bin/ceph: stderr
2024-04-10T06:57:14.276+0000 7f361f4d5700 1 -- 172.21.15.31:0/4124775394 >> [v2:172.21.15.31:3300/0,v1:172.21.15.31:6789/0] conn(0x7f36181079f0 msgr2=0x7f3618107e10 secure :-1 s=STATE_CONNECTION_ESTABLISHED l=1).mark_down
2024-04-10T06:57:15.357 INFO:teuthology.orchestra.run.smithi031.stdout:/usr/bin/ceph: stderr
2024-04-10T06:57:14.276+0000 7f361f4d5700 1 --2- 172.21.15.31:0/4124775394 >> [v2:172.21.15.31:3300/0,v1:172.21.15.31:6789/0] conn(0x7f36181079f0 0x7f3618107e10 secure :-1 s=READY pgs=49 cs=0 l=1 rev1=1 crypto rx=0x7f36140098a0 tx=0x7f3614009bb0 comp rx=0 tx=0).stop
2024-04-10T06:57:15.357 INFO:teuthology.orchestra.run.smithi031.stdout:/usr/bin/ceph: stderr
2024-04-10T06:57:14.276+0000 7f361f4d5700 1 -- 172.21.15.31:0/4124775394 shutdown_connections
2024-04-10T06:57:15.357 INFO:teuthology.orchestra.run.smithi031.stdout:/usr/bin/ceph: stderr
2024-04-10T06:57:14.276+0000 7f361f4d5700 1 --2- 172.21.15.31:0/4124775394 >> [v2:172.21.15.31:3300/0,v1:172.21.15.31:6789/0] conn(0x7f36181079f0 0x7f3618107e10 unknown :-1 s=CLOSED pgs=49 cs=0 l=1 rev1=1 crypto rx=0 tx=0 comp rx=0 tx=0).stop
2024-04-10T06:57:15.357 INFO:teuthology.orchestra.run.smithi031.stdout:/usr/bin/ceph: stderr
2024-04-10T06:57:14.276+0000 7f361f4d5700 1 -- 172.21.15.31:0/4124775394 >> 172.21.15.31:0/4124775394 conn(0x7f3618102fb0 msgr2=0x7f36181053d0 unknown :-1 s=STATE_NONE l=0).mark_down
2024-04-10T06:57:15.357 INFO:teuthology.orchestra.run.smithi031.stdout:/usr/bin/ceph: stderr
2024-04-10T06:57:14.276+0000 7f361f4d5700 1 -- 172.21.15.31:0/4124775394 shutdown_connections
2024-04-10T06:57:15.358 INFO:teuthology.orchestra.run.smithi031.stdout:/usr/bin/ceph: stderr
2024-04-10T06:57:14.276+0000 7f361f4d5700 1 -- 172.21.15.31:0/4124775394 wait complete.
2024-04-10T06:57:15.358 INFO:teuthology.orchestra.run.smithi031.stdout:/usr/bin/ceph: stderr
2024-04-10T06:57:14.277+0000 7f361f4d5700 1 Processor -- start
2024-04-10T06:57:15.358 INFO:teuthology.orchestra.run.smithi031.stdout:/usr/bin/ceph: stderr
2024-04-10T06:57:14.277+0000 7f361f4d5700 1 -- start start
2024-04-10T06:57:15.358 INFO:teuthology.orchestra.run.smithi031.stdout:/usr/bin/ceph: stderr
2024-04-10T06:57:14.277+0000 7f361f4d5700 1 --2- >> [v2:172.21.15.31:3300/0,v1:172.21.15.31:6789/0] conn(0x7f36181079f0 0x7f361819b8e0 unknown :-1 s=NONE pgs=0 cs=0 l=1 rev1=0 crypto rx=0 tx=0 comp rx=0 tx=0).connect
2024-04-10T06:57:15.358 INFO:teuthology.orchestra.run.smithi031.stdout:/usr/bin/ceph: stderr
2024-04-10T06:57:14.277+0000 7f361f4d5700 1 -- --> [v2:172.21.15.31:3300/0,v1:172.21.15.31:6789/0] -- mon_getmap magic: 0 -- 0x7f361810bf00 con 0x7f36181079f0
2024-04-10T06:57:15.358 INFO:teuthology.orchestra.run.smithi031.stdout:/usr/bin/ceph: stderr
2024-04-10T06:57:14.277+0000 7f361d271700 1 --2- >> [v2:172.21.15.31:3300/0,v1:172.21.15.31:6789/0] conn(0x7f36181079f0 0x7f361819b8e0 unknown :-1 s=BANNER_CONNECTING pgs=0 cs=0 l=1 rev1=0 crypto rx=0 tx=0 comp rx=0 tx=0)._handle_peer_banner_payload supported=3 required=0
2024-04-10T06:57:15.358 INFO:teuthology.orchestra.run.smithi031.stdout:/usr/bin/ceph: stderr
2024-04-10T06:57:14.277+0000 7f361d271700 1 --2- >> [v2:172.21.15.31:3300/0,v1:172.21.15.31:6789/0] conn(0x7f36181079f0 0x7f361819b8e0 unknown :-1 s=HELLO_CONNECTING pgs=0 cs=0 l=1 rev1=1 crypto rx=0 tx=0 comp rx=0 tx=0).handle_hello peer v2:172.21.15.31:3300/0 says I am v2:172.21.15.31:45774/0 (socket says 172.21.15.31:45774)
2024-04-10T06:57:15.358 INFO:teuthology.orchestra.run.smithi031.stdout:/usr/bin/ceph: stderr
2024-04-10T06:57:14.277+0000 7f361d271700 1 -- 172.21.15.31:0/2692636505 learned_addr learned my addr 172.21.15.31:0/2692636505 (peer_addr_for_me v2:172.21.15.31:0/0)
2024-04-10T06:57:15.358 INFO:teuthology.orchestra.run.smithi031.stdout:/usr/bin/ceph: stderr
2024-04-10T06:57:14.277+0000 7f361d271700 1 -- 172.21.15.31:0/2692636505 --> [v2:172.21.15.31:3300/0,v1:172.21.15.31:6789/0] -- mon_subscribe({config=0+,monmap=0+}) -- 0x7f361819be20 con 0x7f36181079f0
2024-04-10T06:57:15.358 INFO:teuthology.orchestra.run.smithi031.stdout:/usr/bin/ceph: stderr
2024-04-10T06:57:14.277+0000 7f361d271700 1 --2- 172.21.15.31:0/2692636505 >> [v2:172.21.15.31:3300/0,v1:172.21.15.31:6789/0] conn(0x7f36181079f0 0x7f361819b8e0 secure :-1 s=READY pgs=50 cs=0 l=1 rev1=1 crypto rx=0x7f3614006af0 tx=0x7f3614011b70 comp rx=0 tx=0).ready entity=mon.0 client_cookie=0 server_cookie=0 in_seq=0 out_seq=0
2024-04-10T06:57:15.358 INFO:teuthology.orchestra.run.smithi031.stdout:/usr/bin/ceph: stderr
2024-04-10T06:57:14.278+0000 7f360e7fc700 1 -- 172.21.15.31:0/2692636505 <== mon.0 v2:172.21.15.31:3300/0 1 ==== mon_map magic: 0 ==== 205+0+0 (secure 0 0 0) 0x7f3614003930 con 0x7f36181079f0
2024-04-10T06:57:15.358 INFO:teuthology.orchestra.run.smithi031.stdout:/usr/bin/ceph: stderr
2024-04-10T06:57:14.278+0000 7f360e7fc700 1 -- 172.21.15.31:0/2692636505 <== mon.0 v2:172.21.15.31:3300/0 2 ==== config(26 keys) ==== 1071+0+0 (secure 0 0 0) 0x7f3614003ad0 con 0x7f36181079f0
2024-04-10T06:57:15.359 INFO:teuthology.orchestra.run.smithi031.stdout:/usr/bin/ceph: stderr
2024-04-10T06:57:14.278+0000 7f360e7fc700 1 -- 172.21.15.31:0/2692636505 <== mon.0 v2:172.21.15.31:3300/0 3 ==== mon_map magic: 0 ==== 205+0+0 (secure 0 0 0) 0x7f36140195e0 con 0x7f36181079f0
2024-04-10T06:57:15.359 INFO:teuthology.orchestra.run.smithi031.stdout:/usr/bin/ceph: stderr
2024-04-10T06:57:14.278+0000 7f361f4d5700 1 -- 172.21.15.31:0/2692636505 --> [v2:172.21.15.31:3300/0,v1:172.21.15.31:6789/0] -- mon_subscribe({mgrmap=0+}) -- 0x7f361819c0b0 con 0x7f36181079f0
2024-04-10T06:57:15.359 INFO:teuthology.orchestra.run.smithi031.stdout:/usr/bin/ceph: stderr
2024-04-10T06:57:14.278+0000 7f361f4d5700 1 -- 172.21.15.31:0/2692636505 --> [v2:172.21.15.31:3300/0,v1:172.21.15.31:6789/0] -- mon_subscribe({osdmap=0}) -- 0x7f361819eda0 con 0x7f36181079f0
2024-04-10T06:57:15.359 INFO:teuthology.orchestra.run.smithi031.stdout:/usr/bin/ceph: stderr
2024-04-10T06:57:14.279+0000 7f361f4d5700 1 -- 172.21.15.31:0/2692636505 --> [v2:172.21.15.31:3300/0,v1:172.21.15.31:6789/0] -- mon_command({"prefix": "get_command_descriptions"} v 0) -- 0x7f3618064110 con 0x7f36181079f0
2024-04-10T06:57:15.359 INFO:teuthology.orchestra.run.smithi031.stdout:/usr/bin/ceph: stderr
2024-04-10T06:57:14.279+0000 7f360e7fc700 1 -- 172.21.15.31:0/2692636505 <== mon.0 v2:172.21.15.31:3300/0 4 ==== mgrmap(e 8) ==== 46558+0+0 (secure 0 0 0) 0x7f3614019780 con 0x7f36181079f0
2024-04-10T06:57:15.359 INFO:teuthology.orchestra.run.smithi031.stdout:/usr/bin/ceph: stderr
2024-04-10T06:57:14.279+0000 7f360e7fc700 1 --2- 172.21.15.31:0/2692636505 >> [v2:172.21.15.31:6800/3319590448,v1:172.21.15.31:6801/3319590448] conn(0x7f36040395b0 0x7f360403ba70 unknown :-1 s=NONE pgs=0 cs=0 l=1 rev1=0 crypto rx=0 tx=0 comp rx=0 tx=0).connect
2024-04-10T06:57:15.359 INFO:teuthology.orchestra.run.smithi031.stdout:/usr/bin/ceph: stderr
2024-04-10T06:57:14.279+0000 7f360e7fc700 1 -- 172.21.15.31:0/2692636505 <== mon.0 v2:172.21.15.31:3300/0 5 ==== osd_map(2..2 src has 1..2) ==== 940+0+0 (secure 0 0 0) 0x7f361404dbb0 con 0x7f36181079f0
2024-04-10T06:57:15.359 INFO:teuthology.orchestra.run.smithi031.stdout:/usr/bin/ceph: stderr
2024-04-10T06:57:14.279+0000 7f361ca70700 1 --2- 172.21.15.31:0/2692636505 >> [v2:172.21.15.31:6800/3319590448,v1:172.21.15.31:6801/3319590448] conn(0x7f36040395b0 0x7f360403ba70 unknown :-1 s=BANNER_CONNECTING pgs=0 cs=0 l=1 rev1=0 crypto rx=0 tx=0 comp rx=0 tx=0)._handle_peer_banner_payload supported=3 required=0
2024-04-10T06:57:15.359 INFO:teuthology.orchestra.run.smithi031.stdout:/usr/bin/ceph: stderr
2024-04-10T06:57:14.280+0000 7f361ca70700 1 --2- 172.21.15.31:0/2692636505 >> [v2:172.21.15.31:6800/3319590448,v1:172.21.15.31:6801/3319590448] conn(0x7f36040395b0 0x7f360403ba70 secure :-1 s=READY pgs=13 cs=0 l=1 rev1=1 crypto rx=0x7f3608006fd0 tx=0x7f3608006e40 comp rx=0 tx=0).ready entity=mgr.14120 client_cookie=0 server_cookie=0 in_seq=0 out_seq=0
2024-04-10T06:57:15.359 INFO:teuthology.orchestra.run.smithi031.stdout:/usr/bin/ceph: stderr
2024-04-10T06:57:14.284+0000 7f360e7fc700 1 -- 172.21.15.31:0/2692636505 <== mon.0 v2:172.21.15.31:3300/0 6 ==== mon_command_ack([{"prefix": "get_command_descriptions"}]=0 v0) ==== 72+0+188297 (secure 0 0 0) 0x7f361400fda0 con 0x7f36181079f0
2024-04-10T06:57:15.359 INFO:teuthology.orchestra.run.smithi031.stdout:/usr/bin/ceph: stderr
2024-04-10T06:57:14.510+0000 7f361f4d5700 1 -- 172.21.15.31:0/2692636505 --> [v2:172.21.15.31:6800/3319590448,v1:172.21.15.31:6801/3319590448] -- mgr_command(tid 0: {"prefix": "orch apply", "service_type": "mgr", "unmanaged": true, "target": ["mon-mgr", ""]}) -- 0x7f3618104220 con 0x7f36040395b0
2024-04-10T06:57:15.359 INFO:teuthology.orchestra.run.smithi031.stdout:/usr/bin/ceph: stderr
2024-04-10T06:57:14.515+0000 7f360e7fc700 1 -- 172.21.15.31:0/2692636505 <== mgr.14120 v2:172.21.15.31:6800/3319590448 1 ==== mgr_command_reply(tid 0: 0 ) ==== 8+0+24 (secure 0 0 0) 0x7f3618104220 con 0x7f36040395b0
2024-04-10T06:57:15.359 INFO:teuthology.orchestra.run.smithi031.stdout:/usr/bin/ceph: stderr
2024-04-10T06:57:14.517+0000 7f361f4d5700 1 -- 172.21.15.31:0/2692636505 >> [v2:172.21.15.31:6800/3319590448,v1:172.21.15.31:6801/3319590448] conn(0x7f36040395b0 msgr2=0x7f360403ba70 secure :-1 s=STATE_CONNECTION_ESTABLISHED l=1).mark_down
2024-04-10T06:57:15.359 INFO:teuthology.orchestra.run.smithi031.stdout:/usr/bin/ceph: stderr
2024-04-10T06:57:14.517+0000 7f361f4d5700 1 --2- 172.21.15.31:0/2692636505 >> [v2:172.21.15.31:6800/3319590448,v1:172.21.15.31:6801/3319590448] conn(0x7f36040395b0 0x7f360403ba70 secure :-1 s=READY pgs=13 cs=0 l=1 rev1=1 crypto rx=0x7f3608006fd0 tx=0x7f3608006e40 comp rx=0 tx=0).stop
2024-04-10T06:57:15.359 INFO:teuthology.orchestra.run.smithi031.stdout:/usr/bin/ceph: stderr
2024-04-10T06:57:14.517+0000 7f361f4d5700 1 -- 172.21.15.31:0/2692636505 >> [v2:172.21.15.31:3300/0,v1:172.21.15.31:6789/0] conn(0x7f36181079f0 msgr2=0x7f361819b8e0 secure :-1 s=STATE_CONNECTION_ESTABLISHED l=1).mark_down
2024-04-10T06:57:15.360 INFO:teuthology.orchestra.run.smithi031.stdout:/usr/bin/ceph: stderr
2024-04-10T06:57:14.517+0000 7f361f4d5700 1 --2- 172.21.15.31:0/2692636505 >> [v2:172.21.15.31:3300/0,v1:172.21.15.31:6789/0] conn(0x7f36181079f0 0x7f361819b8e0 secure :-1 s=READY pgs=50 cs=0 l=1 rev1=1 crypto rx=0x7f3614006af0 tx=0x7f3614011b70 comp rx=0 tx=0).stop
2024-04-10T06:57:15.360 INFO:teuthology.orchestra.run.smithi031.stdout:/usr/bin/ceph: stderr
2024-04-10T06:57:14.517+0000 7f361f4d5700 1 -- 172.21.15.31:0/2692636505 shutdown_connections
2024-04-10T06:57:15.360 INFO:teuthology.orchestra.run.smithi031.stdout:/usr/bin/ceph: stderr
2024-04-10T06:57:14.517+0000 7f361f4d5700 1 --2- 172.21.15.31:0/2692636505 >> [v2:172.21.15.31:6800/3319590448,v1:172.21.15.31:6801/3319590448] conn(0x7f36040395b0 0x7f360403ba70 unknown :-1 s=CLOSED pgs=13 cs=0 l=1 rev1=1 crypto rx=0 tx=0 comp rx=0 tx=0).stop
2024-04-10T06:57:15.360 INFO:teuthology.orchestra.run.smithi031.stdout:/usr/bin/ceph: stderr
2024-04-10T06:57:14.517+0000 7f361f4d5700 1 --2- 172.21.15.31:0/2692636505 >> [v2:172.21.15.31:3300/0,v1:172.21.15.31:6789/0] conn(0x7f36181079f0 0x7f361819b8e0 unknown :-1 s=CLOSED pgs=50 cs=0 l=1 rev1=1 crypto rx=0 tx=0 comp rx=0 tx=0).stop
2024-04-10T06:57:15.360 INFO:teuthology.orchestra.run.smithi031.stdout:/usr/bin/ceph: stderr
2024-04-10T06:57:14.517+0000 7f361f4d5700 1 -- 172.21.15.31:0/2692636505 >> 172.21.15.31:0/2692636505 conn(0x7f3618102fb0 msgr2=0x7f3618103b10 unknown :-1 s=STATE_NONE l=0).mark_down
2024-04-10T06:57:15.360 INFO:teuthology.orchestra.run.smithi031.stdout:/usr/bin/ceph: stderr
2024-04-10T06:57:14.517+0000 7f361f4d5700 1 -- 172.21.15.31:0/2692636505 shutdown_connections
2024-04-10T06:57:15.360 INFO:teuthology.orchestra.run.smithi031.stdout:/usr/bin/ceph: stderr
2024-04-10T06:57:14.517+0000 7f361f4d5700 1 -- 172.21.15.31:0/2692636505 wait complete.
2024-04-10T06:57:15.602 INFO:journalctl@ceph.mon.a.smithi031.stdout:Apr 10 06:57:15 smithi031 ceph-mon[29756]: from='client.14144 -' entity='client.admin' cmd=[{"prefix": "orch apply", "service_type": "mgr", "unmanaged": true, "target": ["mon-mgr", ""]}]: dispatch
2024-04-10T06:57:15.603 INFO:journalctl@ceph.mon.a.smithi031.stdout:Apr 10 06:57:15 smithi031 ceph-mon[29756]: Saving service mgr spec with placement count:2
2024-04-10T06:57:15.603 INFO:journalctl@ceph.mon.a.smithi031.stdout:Apr 10 06:57:15 smithi031 ceph-mon[29756]: from='mgr.14120 172.21.15.31:0/3895419017' entity='mgr.x'
2024-04-10T06:57:15.603 INFO:journalctl@ceph.mon.a.smithi031.stdout:Apr 10 06:57:15 smithi031 ceph-mon[29756]: from='mgr.14120 172.21.15.31:0/3895419017' entity='mgr.x'
2024-04-10T06:57:15.603 INFO:journalctl@ceph.mon.a.smithi031.stdout:Apr 10 06:57:15 smithi031 ceph-mon[29756]: from='mgr.14120 172.21.15.31:0/3895419017' entity='mgr.x'
2024-04-10T06:57:17.075 INFO:teuthology.orchestra.run.smithi031.stdout:/usr/bin/ceph: stderr
2024-04-10T06:57:15.863+0000 7ff451e1b700 1 Processor -- start
2024-04-10T06:57:17.075 INFO:teuthology.orchestra.run.smithi031.stdout:/usr/bin/ceph: stderr
2024-04-10T06:57:15.863+0000 7ff451e1b700 1 -- start start
2024-04-10T06:57:17.075 INFO:teuthology.orchestra.run.smithi031.stdout:/usr/bin/ceph: stderr
2024-04-10T06:57:15.863+0000 7ff451e1b700 1 --2- >> [v2:172.21.15.31:3300/0,v1:172.21.15.31:6789/0] conn(0x7ff44c106840 0x7ff44c106c60 unknown :-1 s=NONE pgs=0 cs=0 l=0 rev1=0 crypto rx=0 tx=0 comp rx=0 tx=0).connect
2024-04-10T06:57:17.075 INFO:teuthology.orchestra.run.smithi031.stdout:/usr/bin/ceph: stderr
2024-04-10T06:57:15.863+0000 7ff451e1b700 1 -- --> [v2:172.21.15.31:3300/0,v1:172.21.15.31:6789/0] -- mon_getmap magic: 0 -- 0x7ff44c107230 con 0x7ff44c106840
2024-04-10T06:57:17.075 INFO:teuthology.orchestra.run.smithi031.stdout:/usr/bin/ceph: stderr
2024-04-10T06:57:15.863+0000 7ff44b7fe700 1 --2- >> [v2:172.21.15.31:3300/0,v1:172.21.15.31:6789/0] conn(0x7ff44c106840 0x7ff44c106c60 unknown :-1 s=BANNER_CONNECTING pgs=0 cs=0 l=0 rev1=0 crypto rx=0 tx=0 comp rx=0 tx=0)._handle_peer_banner_payload supported=3 required=0
2024-04-10T06:57:17.075 INFO:teuthology.orchestra.run.smithi031.stdout:/usr/bin/ceph: stderr
2024-04-10T06:57:15.863+0000 7ff44b7fe700 1 --2- >> [v2:172.21.15.31:3300/0,v1:172.21.15.31:6789/0] conn(0x7ff44c106840 0x7ff44c106c60 unknown :-1 s=HELLO_CONNECTING pgs=0 cs=0 l=0 rev1=1 crypto rx=0 tx=0 comp rx=0 tx=0).handle_hello peer v2:172.21.15.31:3300/0 says I am v2:172.21.15.31:34096/0 (socket says 172.21.15.31:34096)
2024-04-10T06:57:17.076 INFO:teuthology.orchestra.run.smithi031.stdout:/usr/bin/ceph: stderr
2024-04-10T06:57:15.863+0000 7ff44b7fe700 1 -- 172.21.15.31:0/1461068445 learned_addr learned my addr 172.21.15.31:0/1461068445 (peer_addr_for_me v2:172.21.15.31:0/0)
2024-04-10T06:57:17.076 INFO:teuthology.orchestra.run.smithi031.stdout:/usr/bin/ceph: stderr
2024-04-10T06:57:15.864+0000 7ff44b7fe700 1 -- 172.21.15.31:0/1461068445 --> [v2:172.21.15.31:3300/0,v1:172.21.15.31:6789/0] -- mon_subscribe({config=0+,monmap=0+}) -- 0x7ff44c107a40 con 0x7ff44c106840
2024-04-10T06:57:17.076 INFO:teuthology.orchestra.run.smithi031.stdout:/usr/bin/ceph: stderr
2024-04-10T06:57:15.864+0000 7ff44b7fe700 1 --2- 172.21.15.31:0/1461068445 >> [v2:172.21.15.31:3300/0,v1:172.21.15.31:6789/0] conn(0x7ff44c106840 0x7ff44c106c60 secure :-1 s=READY pgs=51 cs=0 l=1 rev1=1 crypto rx=0x7ff4340098a0 tx=0x7ff434009bb0 comp rx=0 tx=0).ready entity=mon.0 client_cookie=6bc0b3adc1a76f6c server_cookie=0 in_seq=0 out_seq=0
2024-04-10T06:57:17.076 INFO:teuthology.orchestra.run.smithi031.stdout:/usr/bin/ceph: stderr
2024-04-10T06:57:15.864+0000 7ff44a7fc700 1 -- 172.21.15.31:0/1461068445 <== mon.0 v2:172.21.15.31:3300/0 1 ==== mon_map magic: 0 ==== 205+0+0 (secure 0 0 0) 0x7ff434004160 con 0x7ff44c106840
2024-04-10T06:57:17.076 INFO:teuthology.orchestra.run.smithi031.stdout:/usr/bin/ceph: stderr
2024-04-10T06:57:15.864+0000 7ff44a7fc700 1 -- 172.21.15.31:0/1461068445 <== mon.0 v2:172.21.15.31:3300/0 2 ==== config(26 keys) ==== 1102+0+0 (secure 0 0 0) 0x7ff434004300 con 0x7ff44c106840
2024-04-10T06:57:17.076 INFO:teuthology.orchestra.run.smithi031.stdout:/usr/bin/ceph: stderr
2024-04-10T06:57:15.864+0000 7ff44a7fc700 1 -- 172.21.15.31:0/1461068445 <== mon.0 v2:172.21.15.31:3300/0 3 ==== mon_map magic: 0 ==== 205+0+0 (secure 0 0 0) 0x7ff434011a50 con 0x7ff44c106840
2024-04-10T06:57:17.076 INFO:teuthology.orchestra.run.smithi031.stdout:/usr/bin/ceph: stderr
2024-04-10T06:57:15.865+0000 7ff451e1b700 1 -- 172.21.15.31:0/1461068445 >> [v2:172.21.15.31:3300/0,v1:172.21.15.31:6789/0] conn(0x7ff44c106840 msgr2=0x7ff44c106c60 secure :-1 s=STATE_CONNECTION_ESTABLISHED l=1).mark_down
2024-04-10T06:57:17.076 INFO:teuthology.orchestra.run.smithi031.stdout:/usr/bin/ceph: stderr
2024-04-10T06:57:15.865+0000 7ff451e1b700 1 --2- 172.21.15.31:0/1461068445 >> [v2:172.21.15.31:3300/0,v1:172.21.15.31:6789/0] conn(0x7ff44c106840 0x7ff44c106c60 secure :-1 s=READY pgs=51 cs=0 l=1 rev1=1 crypto rx=0x7ff4340098a0 tx=0x7ff434009bb0 comp rx=0 tx=0).stop
2024-04-10T06:57:17.076 INFO:teuthology.orchestra.run.smithi031.stdout:/usr/bin/ceph: stderr
2024-04-10T06:57:15.865+0000 7ff451e1b700 1 -- 172.21.15.31:0/1461068445 shutdown_connections
2024-04-10T06:57:17.076 INFO:teuthology.orchestra.run.smithi031.stdout:/usr/bin/ceph: stderr
2024-04-10T06:57:15.865+0000 7ff451e1b700 1 --2- 172.21.15.31:0/1461068445 >> [v2:172.21.15.31:3300/0,v1:172.21.15.31:6789/0] conn(0x7ff44c106840 0x7ff44c106c60 unknown :-1 s=CLOSED pgs=51 cs=0 l=1 rev1=1 crypto rx=0 tx=0 comp rx=0 tx=0).stop
2024-04-10T06:57:17.076 INFO:teuthology.orchestra.run.smithi031.stdout:/usr/bin/ceph: stderr
2024-04-10T06:57:15.865+0000 7ff451e1b700 1 -- 172.21.15.31:0/1461068445 >> 172.21.15.31:0/1461068445 conn(0x7ff44c101e00 msgr2=0x7ff44c104220 unknown :-1 s=STATE_NONE l=0).mark_down
2024-04-10T06:57:17.076 INFO:teuthology.orchestra.run.smithi031.stdout:/usr/bin/ceph: stderr
2024-04-10T06:57:15.865+0000 7ff451e1b700 1 -- 172.21.15.31:0/1461068445 shutdown_connections
2024-04-10T06:57:17.076 INFO:teuthology.orchestra.run.smithi031.stdout:/usr/bin/ceph: stderr
2024-04-10T06:57:15.865+0000 7ff451e1b700 1 -- 172.21.15.31:0/1461068445 wait complete.
2024-04-10T06:57:17.076 INFO:teuthology.orchestra.run.smithi031.stdout:/usr/bin/ceph: stderr
2024-04-10T06:57:15.865+0000 7ff451e1b700 1 Processor -- start
2024-04-10T06:57:17.076 INFO:teuthology.orchestra.run.smithi031.stdout:/usr/bin/ceph: stderr
2024-04-10T06:57:15.866+0000 7ff451e1b700 1 -- start start
2024-04-10T06:57:17.077 INFO:teuthology.orchestra.run.smithi031.stdout:/usr/bin/ceph: stderr
2024-04-10T06:57:15.866+0000 7ff451e1b700 1 --2- >> [v2:172.21.15.31:3300/0,v1:172.21.15.31:6789/0] conn(0x7ff44c106840 0x7ff44c191960 unknown :-1 s=NONE pgs=0 cs=0 l=1 rev1=0 crypto rx=0 tx=0 comp rx=0 tx=0).connect
2024-04-10T06:57:17.077 INFO:teuthology.orchestra.run.smithi031.stdout:/usr/bin/ceph: stderr
2024-04-10T06:57:15.866+0000 7ff451e1b700 1 -- --> [v2:172.21.15.31:3300/0,v1:172.21.15.31:6789/0] -- mon_getmap magic: 0 -- 0x7ff44c10adf0 con 0x7ff44c106840
2024-04-10T06:57:17.077 INFO:teuthology.orchestra.run.smithi031.stdout:/usr/bin/ceph: stderr
2024-04-10T06:57:15.866+0000 7ff44b7fe700 1 --2- >> [v2:172.21.15.31:3300/0,v1:172.21.15.31:6789/0] conn(0x7ff44c106840 0x7ff44c191960 unknown :-1 s=BANNER_CONNECTING pgs=0 cs=0 l=1 rev1=0 crypto rx=0 tx=0 comp rx=0 tx=0)._handle_peer_banner_payload supported=3 required=0
2024-04-10T06:57:17.077 INFO:teuthology.orchestra.run.smithi031.stdout:/usr/bin/ceph: stderr
