2024-04-10T06:56:51.356 INFO:teuthology.orchestra.run.smithi031.stdout:/usr/bin/ceph: stderr
2024-04-10T06:56:50.704+0000 7fd8bffff700 1 -- 172.21.15.31:0/684040970 --> [v2:172.21.15.31:3300/0,v1:172.21.15.31:6789/0] -- mon_subscribe({config=0+,monmap=0+}) -- 0x7fd8c019beb0 con 0x7fd8c0106860
2024-04-10T06:56:51.356 INFO:teuthology.orchestra.run.smithi031.stdout:/usr/bin/ceph: stderr
2024-04-10T06:56:50.704+0000 7fd8bffff700 1 --2- 172.21.15.31:0/684040970 >> [v2:172.21.15.31:3300/0,v1:172.21.15.31:6789/0] conn(0x7fd8c0106860 0x7fd8c019b970 secure :-1 s=READY pgs=21 cs=0 l=1 rev1=1 crypto rx=0x7fd8a8006af0 tx=0x7fd8a8011b70 comp rx=0 tx=0).ready entity=mon.0 client_cookie=0 server_cookie=0 in_seq=0 out_seq=0
2024-04-10T06:56:51.356 INFO:teuthology.orchestra.run.smithi031.stdout:/usr/bin/ceph: stderr
2024-04-10T06:56:50.704+0000 7fd8bd7fa700 1 -- 172.21.15.31:0/684040970 <== mon.0 v2:172.21.15.31:3300/0 1 ==== mon_map magic: 0 ==== 205+0+0 (secure 0 0 0) 0x7fd8a8003930 con 0x7fd8c0106860
2024-04-10T06:56:51.356 INFO:teuthology.orchestra.run.smithi031.stdout:/usr/bin/ceph: stderr
2024-04-10T06:56:50.704+0000 7fd8bd7fa700 1 -- 172.21.15.31:0/684040970 <== mon.0 v2:172.21.15.31:3300/0 2 ==== config(26 keys) ==== 1071+0+0 (secure 0 0 0) 0x7fd8a8003ad0 con 0x7fd8c0106860
2024-04-10T06:56:51.356 INFO:teuthology.orchestra.run.smithi031.stdout:/usr/bin/ceph: stderr
2024-04-10T06:56:50.704+0000 7fd8c684e700 1 -- 172.21.15.31:0/684040970 --> [v2:172.21.15.31:3300/0,v1:172.21.15.31:6789/0] -- mon_subscribe({mgrmap=0+}) -- 0x7fd8c019c140 con 0x7fd8c0106860
2024-04-10T06:56:51.356 INFO:teuthology.orchestra.run.smithi031.stdout:/usr/bin/ceph: stderr
2024-04-10T06:56:50.704+0000 7fd8bd7fa700 1 -- 172.21.15.31:0/684040970 <== mon.0 v2:172.21.15.31:3300/0 3 ==== mon_map magic: 0 ==== 205+0+0 (secure 0 0 0) 0x7fd8a80195e0 con 0x7fd8c0106860
2024-04-10T06:56:51.356 INFO:teuthology.orchestra.run.smithi031.stdout:/usr/bin/ceph: stderr
2024-04-10T06:56:50.705+0000 7fd8c684e700 1 -- 172.21.15.31:0/684040970 --> [v2:172.21.15.31:3300/0,v1:172.21.15.31:6789/0] -- mon_subscribe({osdmap=0}) -- 0x7fd8c019ee30 con 0x7fd8c0106860
2024-04-10T06:56:51.356 INFO:teuthology.orchestra.run.smithi031.stdout:/usr/bin/ceph: stderr
2024-04-10T06:56:50.705+0000 7fd8bd7fa700 1 -- 172.21.15.31:0/684040970 <== mon.0 v2:172.21.15.31:3300/0 4 ==== mgrmap(e 4) ==== 46547+0+0 (secure 0 0 0) 0x7fd8a80198e0 con 0x7fd8c0106860
2024-04-10T06:56:51.357 INFO:teuthology.orchestra.run.smithi031.stdout:/usr/bin/ceph: stderr
2024-04-10T06:56:50.705+0000 7fd8bd7fa700 1 --2- 172.21.15.31:0/684040970 >> [v2:172.21.15.31:6800/2511405250,v1:172.21.15.31:6801/2511405250] conn(0x7fd8ac039510 0x7fd8ac03b9d0 unknown :-1 s=NONE pgs=0 cs=0 l=1 rev1=0 crypto rx=0 tx=0 comp rx=0 tx=0).connect
2024-04-10T06:56:51.357 INFO:teuthology.orchestra.run.smithi031.stdout:/usr/bin/ceph: stderr
2024-04-10T06:56:50.706+0000 7fd8bd7fa700 1 -- 172.21.15.31:0/684040970 <== mon.0 v2:172.21.15.31:3300/0 5 ==== osd_map(1..1 src has 1..1) ==== 725+0+0 (secure 0 0 0) 0x7fd8a804db90 con 0x7fd8c0106860
2024-04-10T06:56:51.357 INFO:teuthology.orchestra.run.smithi031.stdout:/usr/bin/ceph: stderr
2024-04-10T06:56:50.706+0000 7fd8bf7fe700 1 --2- 172.21.15.31:0/684040970 >> [v2:172.21.15.31:6800/2511405250,v1:172.21.15.31:6801/2511405250] conn(0x7fd8ac039510 0x7fd8ac03b9d0 unknown :-1 s=BANNER_CONNECTING pgs=0 cs=0 l=1 rev1=0 crypto rx=0 tx=0 comp rx=0 tx=0)._handle_peer_banner_payload supported=3 required=0
2024-04-10T06:56:51.357 INFO:teuthology.orchestra.run.smithi031.stdout:/usr/bin/ceph: stderr
2024-04-10T06:56:50.706+0000 7fd8c684e700 1 -- 172.21.15.31:0/684040970 --> [v2:172.21.15.31:3300/0,v1:172.21.15.31:6789/0] -- mon_command({"prefix": "get_command_descriptions"} v 0) -- 0x7fd8c0064110 con 0x7fd8c0106860
2024-04-10T06:56:51.357 INFO:teuthology.orchestra.run.smithi031.stdout:/usr/bin/ceph: stderr
2024-04-10T06:56:50.706+0000 7fd8bf7fe700 1 --2- 172.21.15.31:0/684040970 >> [v2:172.21.15.31:6800/2511405250,v1:172.21.15.31:6801/2511405250] conn(0x7fd8ac039510 0x7fd8ac03b9d0 secure :-1 s=READY pgs=7 cs=0 l=1 rev1=1 crypto rx=0x7fd8b0006fd0 tx=0x7fd8b0006e40 comp rx=0 tx=0).ready entity=mgr.14100 client_cookie=0 server_cookie=0 in_seq=0 out_seq=0
2024-04-10T06:56:51.357 INFO:teuthology.orchestra.run.smithi031.stdout:/usr/bin/ceph: stderr
2024-04-10T06:56:50.711+0000 7fd8bd7fa700 1 -- 172.21.15.31:0/684040970 <== mon.0 v2:172.21.15.31:3300/0 6 ==== mon_command_ack([{"prefix": "get_command_descriptions"}]=0 v0) ==== 72+0+188297 (secure 0 0 0) 0x7fd8a804d5b0 con 0x7fd8c0106860
2024-04-10T06:56:51.357 INFO:teuthology.orchestra.run.smithi031.stdout:/usr/bin/ceph: stderr
2024-04-10T06:56:50.916+0000 7fd8c684e700 1 -- 172.21.15.31:0/684040970 --> [v2:172.21.15.31:3300/0,v1:172.21.15.31:6789/0] -- mon_command({"prefix": "config assimilate-conf"} v 0) -- 0x7fd8c002e1d0 con 0x7fd8c0106860
2024-04-10T06:56:51.357 INFO:teuthology.orchestra.run.smithi031.stdout:/usr/bin/ceph: stderr
2024-04-10T06:56:50.917+0000 7fd8bd7fa700 1 -- 172.21.15.31:0/684040970 <== mon.0 v2:172.21.15.31:3300/0 7 ==== mon_command_ack([{"prefix": "config assimilate-conf"}]=0 v3) ==== 70+0+282 (secure 0 0 0) 0x7fd8a800fda0 con 0x7fd8c0106860
2024-04-10T06:56:51.357 INFO:teuthology.orchestra.run.smithi031.stdout:/usr/bin/ceph: stderr
2024-04-10T06:56:50.919+0000 7fd8c684e700 1 -- 172.21.15.31:0/684040970 >> [v2:172.21.15.31:6800/2511405250,v1:172.21.15.31:6801/2511405250] conn(0x7fd8ac039510 msgr2=0x7fd8ac03b9d0 secure :-1 s=STATE_CONNECTION_ESTABLISHED l=1).mark_down
2024-04-10T06:56:51.357 INFO:teuthology.orchestra.run.smithi031.stdout:/usr/bin/ceph: stderr
2024-04-10T06:56:50.919+0000 7fd8c684e700 1 --2- 172.21.15.31:0/684040970 >> [v2:172.21.15.31:6800/2511405250,v1:172.21.15.31:6801/2511405250] conn(0x7fd8ac039510 0x7fd8ac03b9d0 secure :-1 s=READY pgs=7 cs=0 l=1 rev1=1 crypto rx=0x7fd8b0006fd0 tx=0x7fd8b0006e40 comp rx=0 tx=0).stop
2024-04-10T06:56:51.357 INFO:teuthology.orchestra.run.smithi031.stdout:/usr/bin/ceph: stderr
2024-04-10T06:56:50.919+0000 7fd8c684e700 1 -- 172.21.15.31:0/684040970 >> [v2:172.21.15.31:3300/0,v1:172.21.15.31:6789/0] conn(0x7fd8c0106860 msgr2=0x7fd8c019b970 secure :-1 s=STATE_CONNECTION_ESTABLISHED l=1).mark_down
2024-04-10T06:56:51.357 INFO:teuthology.orchestra.run.smithi031.stdout:/usr/bin/ceph: stderr
2024-04-10T06:56:50.919+0000 7fd8c684e700 1 --2- 172.21.15.31:0/684040970 >> [v2:172.21.15.31:3300/0,v1:172.21.15.31:6789/0] conn(0x7fd8c0106860 0x7fd8c019b970 secure :-1 s=READY pgs=21 cs=0 l=1 rev1=1 crypto rx=0x7fd8a8006af0 tx=0x7fd8a8011b70 comp rx=0 tx=0).stop
2024-04-10T06:56:51.357 INFO:teuthology.orchestra.run.smithi031.stdout:/usr/bin/ceph: stderr
2024-04-10T06:56:50.919+0000 7fd8c684e700 1 -- 172.21.15.31:0/684040970 shutdown_connections
2024-04-10T06:56:51.357 INFO:teuthology.orchestra.run.smithi031.stdout:/usr/bin/ceph: stderr
2024-04-10T06:56:50.919+0000 7fd8c684e700 1 --2- 172.21.15.31:0/684040970 >> [v2:172.21.15.31:6800/2511405250,v1:172.21.15.31:6801/2511405250] conn(0x7fd8ac039510 0x7fd8ac03b9d0 unknown :-1 s=CLOSED pgs=7 cs=0 l=1 rev1=1 crypto rx=0 tx=0 comp rx=0 tx=0).stop
2024-04-10T06:56:51.358 INFO:teuthology.orchestra.run.smithi031.stdout:/usr/bin/ceph: stderr
2024-04-10T06:56:50.919+0000 7fd8c684e700 1 --2- 172.21.15.31:0/684040970 >> [v2:172.21.15.31:3300/0,v1:172.21.15.31:6789/0] conn(0x7fd8c0106860 0x7fd8c019b970 unknown :-1 s=CLOSED pgs=21 cs=0 l=1 rev1=1 crypto rx=0 tx=0 comp rx=0 tx=0).stop
2024-04-10T06:56:51.358 INFO:teuthology.orchestra.run.smithi031.stdout:/usr/bin/ceph: stderr
2024-04-10T06:56:50.919+0000 7fd8c684e700 1 -- 172.21.15.31:0/684040970 >> 172.21.15.31:0/684040970 conn(0x7fd8c0101e60 msgr2=0x7fd8c0102d70 unknown :-1 s=STATE_NONE l=0).mark_down
2024-04-10T06:56:51.358 INFO:teuthology.orchestra.run.smithi031.stdout:/usr/bin/ceph: stderr
2024-04-10T06:56:50.919+0000 7fd8c684e700 1 -- 172.21.15.31:0/684040970 shutdown_connections
2024-04-10T06:56:51.358 INFO:teuthology.orchestra.run.smithi031.stdout:/usr/bin/ceph: stderr
2024-04-10T06:56:50.919+0000 7fd8c684e700 1 -- 172.21.15.31:0/684040970 wait complete.
2024-04-10T06:56:51.358 INFO:teuthology.orchestra.run.smithi031.stdout:Enabling cephadm module...
2024-04-10T06:56:52.355 INFO:journalctl@ceph.mon.a.smithi031.stdout:Apr 10 06:56:52 smithi031 ceph-mon[29756]: from='client.? 172.21.15.31:0/1610353135' entity='client.admin' cmd=[{"prefix": "mgr module enable", "module": "cephadm"}]: dispatch
2024-04-10T06:56:52.355 INFO:journalctl@ceph.mgr.x.smithi031.stdout:Apr 10 06:56:52 smithi031 ceph-57e90e8a-f707-11ee-b64a-cb9ed24678a4-mgr-x[29989]: ignoring --setuser ceph since I am not root
2024-04-10T06:56:52.355 INFO:journalctl@ceph.mgr.x.smithi031.stdout:Apr 10 06:56:52 smithi031 ceph-57e90e8a-f707-11ee-b64a-cb9ed24678a4-mgr-x[29989]: ignoring --setgroup ceph since I am not root
2024-04-10T06:56:53.092 INFO:journalctl@ceph.mgr.x.smithi031.stdout:Apr 10 06:56:52 smithi031 ceph-57e90e8a-f707-11ee-b64a-cb9ed24678a4-mgr-x[29989]:
2024-04-10T06:56:52.706+0000 7f8368249200 -1 mgr[py] Module osd_perf_query has missing NOTIFY_TYPES member
2024-04-10T06:56:53.092 INFO:journalctl@ceph.mgr.x.smithi031.stdout:Apr 10 06:56:52 smithi031 ceph-57e90e8a-f707-11ee-b64a-cb9ed24678a4-mgr-x[29989]:
2024-04-10T06:56:52.802+0000 7f8368249200 -1 mgr[py] Module snap_schedule has missing NOTIFY_TYPES member
2024-04-10T06:56:53.351 INFO:journalctl@ceph.mon.a.smithi031.stdout:Apr 10 06:56:53 smithi031 ceph-mon[29756]: from='client.? 172.21.15.31:0/1610353135' entity='client.admin' cmd='[{"prefix": "mgr module enable", "module": "cephadm"}]': finished
2024-04-10T06:56:53.351 INFO:journalctl@ceph.mon.a.smithi031.stdout:Apr 10 06:56:53 smithi031 ceph-mon[29756]: mgrmap e5: x(active, since 13s)
2024-04-10T06:56:53.358 INFO:teuthology.orchestra.run.smithi031.stdout:/usr/bin/ceph: stderr
2024-04-10T06:56:51.805+0000 7f8f40c12700 1 Processor -- start
2024-04-10T06:56:53.358 INFO:teuthology.orchestra.run.smithi031.stdout:/usr/bin/ceph: stderr
2024-04-10T06:56:51.805+0000 7f8f40c12700 1 -- start start
2024-04-10T06:56:53.358 INFO:teuthology.orchestra.run.smithi031.stdout:/usr/bin/ceph: stderr
2024-04-10T06:56:51.806+0000 7f8f40c12700 1 --2- >> [v2:172.21.15.31:3300/0,v1:172.21.15.31:6789/0] conn(0x7f8f3c106850 0x7f8f3c106c70 unknown :-1 s=NONE pgs=0 cs=0 l=0 rev1=0 crypto rx=0 tx=0 comp rx=0 tx=0).connect
2024-04-10T06:56:53.359 INFO:teuthology.orchestra.run.smithi031.stdout:/usr/bin/ceph: stderr
2024-04-10T06:56:51.806+0000 7f8f40c12700 1 -- --> [v2:172.21.15.31:3300/0,v1:172.21.15.31:6789/0] -- mon_getmap magic: 0 -- 0x7f8f3c107240 con 0x7f8f3c106850
2024-04-10T06:56:53.359 INFO:teuthology.orchestra.run.smithi031.stdout:/usr/bin/ceph: stderr
2024-04-10T06:56:51.806+0000 7f8f3a59c700 1 --2- >> [v2:172.21.15.31:3300/0,v1:172.21.15.31:6789/0] conn(0x7f8f3c106850 0x7f8f3c106c70 unknown :-1 s=BANNER_CONNECTING pgs=0 cs=0 l=0 rev1=0 crypto rx=0 tx=0 comp rx=0 tx=0)._handle_peer_banner_payload supported=3 required=0
2024-04-10T06:56:53.359 INFO:teuthology.orchestra.run.smithi031.stdout:/usr/bin/ceph: stderr
2024-04-10T06:56:51.806+0000 7f8f3a59c700 1 --2- >> [v2:172.21.15.31:3300/0,v1:172.21.15.31:6789/0] conn(0x7f8f3c106850 0x7f8f3c106c70 unknown :-1 s=HELLO_CONNECTING pgs=0 cs=0 l=0 rev1=1 crypto rx=0 tx=0 comp rx=0 tx=0).handle_hello peer v2:172.21.15.31:3300/0 says I am v2:172.21.15.31:43238/0 (socket says 172.21.15.31:43238)
2024-04-10T06:56:53.359 INFO:teuthology.orchestra.run.smithi031.stdout:/usr/bin/ceph: stderr
2024-04-10T06:56:51.806+0000 7f8f3a59c700 1 -- 172.21.15.31:0/2137429054 learned_addr learned my addr 172.21.15.31:0/2137429054 (peer_addr_for_me v2:172.21.15.31:0/0)
2024-04-10T06:56:53.359 INFO:teuthology.orchestra.run.smithi031.stdout:/usr/bin/ceph: stderr
2024-04-10T06:56:51.806+0000 7f8f3a59c700 1 -- 172.21.15.31:0/2137429054 --> [v2:172.21.15.31:3300/0,v1:172.21.15.31:6789/0] -- mon_subscribe({config=0+,monmap=0+}) -- 0x7f8f3c107a50 con 0x7f8f3c106850
2024-04-10T06:56:53.359 INFO:teuthology.orchestra.run.smithi031.stdout:/usr/bin/ceph: stderr
2024-04-10T06:56:51.806+0000 7f8f3a59c700 1 --2- 172.21.15.31:0/2137429054 >> [v2:172.21.15.31:3300/0,v1:172.21.15.31:6789/0] conn(0x7f8f3c106850 0x7f8f3c106c70 secure :-1 s=READY pgs=22 cs=0 l=1 rev1=1 crypto rx=0x7f8f2c0098a0 tx=0x7f8f2c009bb0 comp rx=0 tx=0).ready entity=mon.0 client_cookie=f97b21e51ff40ee2 server_cookie=0 in_seq=0 out_seq=0
2024-04-10T06:56:53.359 INFO:teuthology.orchestra.run.smithi031.stdout:/usr/bin/ceph: stderr
2024-04-10T06:56:51.807+0000 7f8f3959a700 1 -- 172.21.15.31:0/2137429054 <== mon.0 v2:172.21.15.31:3300/0 1 ==== mon_map magic: 0 ==== 205+0+0 (secure 0 0 0) 0x7f8f2c004160 con 0x7f8f3c106850
2024-04-10T06:56:53.359 INFO:teuthology.orchestra.run.smithi031.stdout:/usr/bin/ceph: stderr
2024-04-10T06:56:51.807+0000 7f8f3959a700 1 -- 172.21.15.31:0/2137429054 <== mon.0 v2:172.21.15.31:3300/0 2 ==== config(26 keys) ==== 1071+0+0 (secure 0 0 0) 0x7f8f2c004300 con 0x7f8f3c106850
2024-04-10T06:56:53.359 INFO:teuthology.orchestra.run.smithi031.stdout:/usr/bin/ceph: stderr
2024-04-10T06:56:51.807+0000 7f8f3959a700 1 -- 172.21.15.31:0/2137429054 <== mon.0 v2:172.21.15.31:3300/0 3 ==== mon_map magic: 0 ==== 205+0+0 (secure 0 0 0) 0x7f8f2c011a80 con 0x7f8f3c106850
2024-04-10T06:56:53.359 INFO:teuthology.orchestra.run.smithi031.stdout:/usr/bin/ceph: stderr
2024-04-10T06:56:51.807+0000 7f8f40c12700 1 -- 172.21.15.31:0/2137429054 >> [v2:172.21.15.31:3300/0,v1:172.21.15.31:6789/0] conn(0x7f8f3c106850 msgr2=0x7f8f3c106c70 secure :-1 s=STATE_CONNECTION_ESTABLISHED l=1).mark_down
2024-04-10T06:56:53.359 INFO:teuthology.orchestra.run.smithi031.stdout:/usr/bin/ceph: stderr
2024-04-10T06:56:51.807+0000 7f8f40c12700 1 --2- 172.21.15.31:0/2137429054 >> [v2:172.21.15.31:3300/0,v1:172.21.15.31:6789/0] conn(0x7f8f3c106850 0x7f8f3c106c70 secure :-1 s=READY pgs=22 cs=0 l=1 rev1=1 crypto rx=0x7f8f2c0098a0 tx=0x7f8f2c009bb0 comp rx=0 tx=0).stop
2024-04-10T06:56:53.359 INFO:teuthology.orchestra.run.smithi031.stdout:/usr/bin/ceph: stderr
2024-04-10T06:56:51.807+0000 7f8f40c12700 1 -- 172.21.15.31:0/2137429054 shutdown_connections
2024-04-10T06:56:53.359 INFO:teuthology.orchestra.run.smithi031.stdout:/usr/bin/ceph: stderr
2024-04-10T06:56:51.807+0000 7f8f40c12700 1 --2- 172.21.15.31:0/2137429054 >> [v2:172.21.15.31:3300/0,v1:172.21.15.31:6789/0] conn(0x7f8f3c106850 0x7f8f3c106c70 unknown :-1 s=CLOSED pgs=22 cs=0 l=1 rev1=1 crypto rx=0 tx=0 comp rx=0 tx=0).stop
2024-04-10T06:56:53.359 INFO:teuthology.orchestra.run.smithi031.stdout:/usr/bin/ceph: stderr
2024-04-10T06:56:51.807+0000 7f8f40c12700 1 -- 172.21.15.31:0/2137429054 >> 172.21.15.31:0/2137429054 conn(0x7f8f3c101dd0 msgr2=0x7f8f3c104230 unknown :-1 s=STATE_NONE l=0).mark_down
2024-04-10T06:56:53.360 INFO:teuthology.orchestra.run.smithi031.stdout:/usr/bin/ceph: stderr
2024-04-10T06:56:51.807+0000 7f8f40c12700 1 -- 172.21.15.31:0/2137429054 shutdown_connections
2024-04-10T06:56:53.360 INFO:teuthology.orchestra.run.smithi031.stdout:/usr/bin/ceph: stderr
2024-04-10T06:56:51.807+0000 7f8f40c12700 1 -- 172.21.15.31:0/2137429054 wait complete.
2024-04-10T06:56:53.360 INFO:teuthology.orchestra.run.smithi031.stdout:/usr/bin/ceph: stderr
2024-04-10T06:56:51.808+0000 7f8f40c12700 1 Processor -- start
2024-04-10T06:56:53.360 INFO:teuthology.orchestra.run.smithi031.stdout:/usr/bin/ceph: stderr
2024-04-10T06:56:51.808+0000 7f8f40c12700 1 -- start start
2024-04-10T06:56:53.360 INFO:teuthology.orchestra.run.smithi031.stdout:/usr/bin/ceph: stderr
2024-04-10T06:56:51.808+0000 7f8f40c12700 1 --2- >> [v2:172.21.15.31:3300/0,v1:172.21.15.31:6789/0] conn(0x7f8f3c106850 0x7f8f3c1919c0 unknown :-1 s=NONE pgs=0 cs=0 l=1 rev1=0 crypto rx=0 tx=0 comp rx=0 tx=0).connect
2024-04-10T06:56:53.360 INFO:teuthology.orchestra.run.smithi031.stdout:/usr/bin/ceph: stderr
2024-04-10T06:56:51.808+0000 7f8f40c12700 1 -- --> [v2:172.21.15.31:3300/0,v1:172.21.15.31:6789/0] -- mon_getmap magic: 0 -- 0x7f8f3c10ae00 con 0x7f8f3c106850
2024-04-10T06:56:53.360 INFO:teuthology.orchestra.run.smithi031.stdout:/usr/bin/ceph: stderr
2024-04-10T06:56:51.808+0000 7f8f3a59c700 1 --2- >> [v2:172.21.15.31:3300/0,v1:172.21.15.31:6789/0] conn(0x7f8f3c106850 0x7f8f3c1919c0 unknown :-1 s=BANNER_CONNECTING pgs=0 cs=0 l=1 rev1=0 crypto rx=0 tx=0 comp rx=0 tx=0)._handle_peer_banner_payload supported=3 required=0
2024-04-10T06:56:53.360 INFO:teuthology.orchestra.run.smithi031.stdout:/usr/bin/ceph: stderr
2024-04-10T06:56:51.808+0000 7f8f3a59c700 1 --2- >> [v2:172.21.15.31:3300/0,v1:172.21.15.31:6789/0] conn(0x7f8f3c106850 0x7f8f3c1919c0 unknown :-1 s=HELLO_CONNECTING pgs=0 cs=0 l=1 rev1=1 crypto rx=0 tx=0 comp rx=0 tx=0).handle_hello peer v2:172.21.15.31:3300/0 says I am v2:172.21.15.31:43248/0 (socket says 172.21.15.31:43248)
2024-04-10T06:56:53.360 INFO:teuthology.orchestra.run.smithi031.stdout:/usr/bin/ceph: stderr
2024-04-10T06:56:51.808+0000 7f8f3a59c700 1 -- 172.21.15.31:0/1610353135 learned_addr learned my addr 172.21.15.31:0/1610353135 (peer_addr_for_me v2:172.21.15.31:0/0)
2024-04-10T06:56:53.360 INFO:teuthology.orchestra.run.smithi031.stdout:/usr/bin/ceph: stderr
2024-04-10T06:56:51.809+0000 7f8f3a59c700 1 -- 172.21.15.31:0/1610353135 --> [v2:172.21.15.31:3300/0,v1:172.21.15.31:6789/0] -- mon_subscribe({config=0+,monmap=0+}) -- 0x7f8f3c191f00 con 0x7f8f3c106850
2024-04-10T06:56:53.360 INFO:teuthology.orchestra.run.smithi031.stdout:/usr/bin/ceph: stderr
2024-04-10T06:56:51.809+0000 7f8f3a59c700 1 --2- 172.21.15.31:0/1610353135 >> [v2:172.21.15.31:3300/0,v1:172.21.15.31:6789/0] conn(0x7f8f3c106850 0x7f8f3c1919c0 secure :-1 s=READY pgs=23 cs=0 l=1 rev1=1 crypto rx=0x7f8f2c000c00 tx=0x7f8f2c004290 comp rx=0 tx=0).ready entity=mon.0 client_cookie=0 server_cookie=0 in_seq=0 out_seq=0
2024-04-10T06:56:53.360 INFO:teuthology.orchestra.run.smithi031.stdout:/usr/bin/ceph: stderr
2024-04-10T06:56:51.809+0000 7f8f337fe700 1 -- 172.21.15.31:0/1610353135 <== mon.0 v2:172.21.15.31:3300/0 1 ==== mon_map magic: 0 ==== 205+0+0 (secure 0 0 0) 0x7f8f2c0039c0 con 0x7f8f3c106850
2024-04-10T06:56:53.360 INFO:teuthology.orchestra.run.smithi031.stdout:/usr/bin/ceph: stderr
2024-04-10T06:56:51.809+0000 7f8f337fe700 1 -- 172.21.15.31:0/1610353135 <== mon.0 v2:172.21.15.31:3300/0 2 ==== config(26 keys) ==== 1071+0+0 (secure 0 0 0) 0x7f8f2c003b60 con 0x7f8f3c106850
2024-04-10T06:56:53.360 INFO:teuthology.orchestra.run.smithi031.stdout:/usr/bin/ceph: stderr
2024-04-10T06:56:51.809+0000 7f8f40c12700 1 -- 172.21.15.31:0/1610353135 --> [v2:172.21.15.31:3300/0,v1:172.21.15.31:6789/0] -- mon_subscribe({mgrmap=0+}) -- 0x7f8f3c1900f0 con 0x7f8f3c106850
2024-04-10T06:56:53.361 INFO:teuthology.orchestra.run.smithi031.stdout:/usr/bin/ceph: stderr
2024-04-10T06:56:51.809+0000 7f8f337fe700 1 -- 172.21.15.31:0/1610353135 <== mon.0 v2:172.21.15.31:3300/0 3 ==== mon_map magic: 0 ==== 205+0+0 (secure 0 0 0) 0x7f8f2c01a6f0 con 0x7f8f3c106850
2024-04-10T06:56:53.361 INFO:teuthology.orchestra.run.smithi031.stdout:/usr/bin/ceph: stderr
2024-04-10T06:56:51.809+0000 7f8f40c12700 1 -- 172.21.15.31:0/1610353135 --> [v2:172.21.15.31:3300/0,v1:172.21.15.31:6789/0] -- mon_subscribe({osdmap=0}) -- 0x7f8f3c190630 con 0x7f8f3c106850
2024-04-10T06:56:53.361 INFO:teuthology.orchestra.run.smithi031.stdout:/usr/bin/ceph: stderr
2024-04-10T06:56:51.810+0000 7f8f337fe700 1 -- 172.21.15.31:0/1610353135 <== mon.0 v2:172.21.15.31:3300/0 4 ==== mgrmap(e 4) ==== 46547+0+0 (secure 0 0 0) 0x7f8f2c01a890 con 0x7f8f3c106850
2024-04-10T06:56:53.361 INFO:teuthology.orchestra.run.smithi031.stdout:/usr/bin/ceph: stderr
2024-04-10T06:56:51.810+0000 7f8f337fe700 1 --2- 172.21.15.31:0/1610353135 >> [v2:172.21.15.31:6800/2511405250,v1:172.21.15.31:6801/2511405250] conn(0x7f8f280395b0 0x7f8f2803ba70 unknown :-1 s=NONE pgs=0 cs=0 l=1 rev1=0 crypto rx=0 tx=0 comp rx=0 tx=0).connect
2024-04-10T06:56:53.361 INFO:teuthology.orchestra.run.smithi031.stdout:/usr/bin/ceph: stderr
2024-04-10T06:56:51.810+0000 7f8f337fe700 1 -- 172.21.15.31:0/1610353135 <== mon.0 v2:172.21.15.31:3300/0 5 ==== osd_map(1..1 src has 1..1) ==== 725+0+0 (secure 0 0 0) 0x7f8f2c04dc50 con 0x7f8f3c106850
2024-04-10T06:56:53.361 INFO:teuthology.orchestra.run.smithi031.stdout:/usr/bin/ceph: stderr
2024-04-10T06:56:51.810+0000 7f8f39d9b700 1 --2- 172.21.15.31:0/1610353135 >> [v2:172.21.15.31:6800/2511405250,v1:172.21.15.31:6801/2511405250] conn(0x7f8f280395b0 0x7f8f2803ba70 unknown :-1 s=BANNER_CONNECTING pgs=0 cs=0 l=1 rev1=0 crypto rx=0 tx=0 comp rx=0 tx=0)._handle_peer_banner_payload supported=3 required=0
2024-04-10T06:56:53.361 INFO:teuthology.orchestra.run.smithi031.stdout:/usr/bin/ceph: stderr
2024-04-10T06:56:51.810+0000 7f8f40c12700 1 -- 172.21.15.31:0/1610353135 --> [v2:172.21.15.31:3300/0,v1:172.21.15.31:6789/0] -- mon_command({"prefix": "get_command_descriptions"} v 0) -- 0x7f8f3c064110 con 0x7f8f3c106850
2024-04-10T06:56:53.361 INFO:teuthology.orchestra.run.smithi031.stdout:/usr/bin/ceph: stderr
2024-04-10T06:56:51.811+0000 7f8f39d9b700 1 --2- 172.21.15.31:0/1610353135 >> [v2:172.21.15.31:6800/2511405250,v1:172.21.15.31:6801/2511405250] conn(0x7f8f280395b0 0x7f8f2803ba70 secure :-1 s=READY pgs=8 cs=0 l=1 rev1=1 crypto rx=0x7f8f24006fd0 tx=0x7f8f24006e40 comp rx=0 tx=0).ready entity=mgr.14100 client_cookie=0 server_cookie=0 in_seq=0 out_seq=0
2024-04-10T06:56:53.361 INFO:teuthology.orchestra.run.smithi031.stdout:/usr/bin/ceph: stderr
2024-04-10T06:56:51.815+0000 7f8f337fe700 1 -- 172.21.15.31:0/1610353135 <== mon.0 v2:172.21.15.31:3300/0 6 ==== mon_command_ack([{"prefix": "get_command_descriptions"}]=0 v0) ==== 72+0+188297 (secure 0 0 0) 0x7f8f2c020240 con 0x7f8f3c106850
2024-04-10T06:56:53.361 INFO:teuthology.orchestra.run.smithi031.stdout:/usr/bin/ceph: stderr
2024-04-10T06:56:52.079+0000 7f8f40c12700 1 -- 172.21.15.31:0/1610353135 --> [v2:172.21.15.31:3300/0,v1:172.21.15.31:6789/0] -- mon_command({"prefix": "mgr module enable", "module": "cephadm"} v 0) -- 0x7f8f3c195620 con 0x7f8f3c106850
2024-04-10T06:56:53.361 INFO:teuthology.orchestra.run.smithi031.stdout:/usr/bin/ceph: stderr
2024-04-10T06:56:52.131+0000 7f8f337fe700 1 -- 172.21.15.31:0/1610353135 <== mon.0 v2:172.21.15.31:3300/0 7 ==== mon_command_ack([{"prefix": "mgr module enable", "module": "cephadm"}]=0 v5) ==== 86+0+0 (secure 0 0 0) 0x7f8f2c00fdd0 con 0x7f8f3c106850
2024-04-10T06:56:53.361 INFO:teuthology.orchestra.run.smithi031.stdout:/usr/bin/ceph: stderr
2024-04-10T06:56:52.132+0000 7f8f337fe700 1 -- 172.21.15.31:0/1610353135 <== mon.0 v2:172.21.15.31:3300/0 8 ==== mgrmap(e 5) ==== 46558+0+0 (secure 0 0 0) 0x7f8f2c02d910 con 0x7f8f3c106850
2024-04-10T06:56:53.361 INFO:teuthology.orchestra.run.smithi031.stdout:/usr/bin/ceph: stderr
2024-04-10T06:56:52.134+0000 7f8f40c12700 1 -- 172.21.15.31:0/1610353135 >> [v2:172.21.15.31:6800/2511405250,v1:172.21.15.31:6801/2511405250] conn(0x7f8f280395b0 msgr2=0x7f8f2803ba70 secure :-1 s=STATE_CONNECTION_ESTABLISHED l=1).mark_down
2024-04-10T06:56:53.362 INFO:teuthology.orchestra.run.smithi031.stdout:/usr/bin/ceph: stderr
2024-04-10T06:56:52.134+0000 7f8f40c12700 1 --2- 172.21.15.31:0/1610353135 >> [v2:172.21.15.31:6800/2511405250,v1:172.21.15.31:6801/2511405250] conn(0x7f8f280395b0 0x7f8f2803ba70 secure :-1 s=READY pgs=8 cs=0 l=1 rev1=1 crypto rx=0x7f8f24006fd0 tx=0x7f8f24006e40 comp rx=0 tx=0).stop
2024-04-10T06:56:53.362 INFO:teuthology.orchestra.run.smithi031.stdout:/usr/bin/ceph: stderr
2024-04-10T06:56:52.134+0000 7f8f40c12700 1 -- 172.21.15.31:0/1610353135 >> [v2:172.21.15.31:3300/0,v1:172.21.15.31:6789/0] conn(0x7f8f3c106850 msgr2=0x7f8f3c1919c0 secure :-1 s=STATE_CONNECTION_ESTABLISHED l=1).mark_down
2024-04-10T06:56:53.362 INFO:teuthology.orchestra.run.smithi031.stdout:/usr/bin/ceph: stderr
2024-04-10T06:56:52.134+0000 7f8f40c12700 1 --2- 172.21.15.31:0/1610353135 >> [v2:172.21.15.31:3300/0,v1:172.21.15.31:6789/0] conn(0x7f8f3c106850 0x7f8f3c1919c0 secure :-1 s=READY pgs=23 cs=0 l=1 rev1=1 crypto rx=0x7f8f2c000c00 tx=0x7f8f2c004290 comp rx=0 tx=0).stop
2024-04-10T06:56:53.362 INFO:teuthology.orchestra.run.smithi031.stdout:/usr/bin/ceph: stderr
2024-04-10T06:56:52.134+0000 7f8f40c12700 1 -- 172.21.15.31:0/1610353135 shutdown_connections
2024-04-10T06:56:53.362 INFO:teuthology.orchestra.run.smithi031.stdout:/usr/bin/ceph: stderr
2024-04-10T06:56:52.134+0000 7f8f40c12700 1 --2- 172.21.15.31:0/1610353135 >> [v2:172.21.15.31:6800/2511405250,v1:172.21.15.31:6801/2511405250] conn(0x7f8f280395b0 0x7f8f2803ba70 unknown :-1 s=CLOSED pgs=8 cs=0 l=1 rev1=1 crypto rx=0 tx=0 comp rx=0 tx=0).stop
2024-04-10T06:56:53.362 INFO:teuthology.orchestra.run.smithi031.stdout:/usr/bin/ceph: stderr
2024-04-10T06:56:52.134+0000 7f8f40c12700 1 --2- 172.21.15.31:0/1610353135 >> [v2:172.21.15.31:3300/0,v1:172.21.15.31:6789/0] conn(0x7f8f3c106850 0x7f8f3c1919c0 unknown :-1 s=CLOSED pgs=23 cs=0 l=1 rev1=1 crypto rx=0 tx=0 comp rx=0 tx=0).stop
2024-04-10T06:56:53.362 INFO:teuthology.orchestra.run.smithi031.stdout:/usr/bin/ceph: stderr
2024-04-10T06:56:52.134+0000 7f8f40c12700 1 -- 172.21.15.31:0/1610353135 >> 172.21.15.31:0/1610353135 conn(0x7f8f3c101dd0 msgr2=0x7f8f3c102d40 unknown :-1 s=STATE_NONE l=0).mark_down
2024-04-10T06:56:53.362 INFO:teuthology.orchestra.run.smithi031.stdout:/usr/bin/ceph: stderr
2024-04-10T06:56:52.134+0000 7f8f40c12700 1 -- 172.21.15.31:0/1610353135 shutdown_connections
2024-04-10T06:56:53.362 INFO:teuthology.orchestra.run.smithi031.stdout:/usr/bin/ceph: stderr
2024-04-10T06:56:52.134+0000 7f8f40c12700 1 -- 172.21.15.31:0/1610353135 wait complete.
2024-04-10T06:56:53.605 INFO:journalctl@ceph.mgr.x.smithi031.stdout:Apr 10 06:56:53 smithi031 ceph-57e90e8a-f707-11ee-b64a-cb9ed24678a4-mgr-x[29989]:
2024-04-10T06:56:53.469+0000 7f8368249200 -1 mgr[py] Module zabbix has missing NOTIFY_TYPES member
2024-04-10T06:56:53.605 INFO:journalctl@ceph.mgr.x.smithi031.stdout:Apr 10 06:56:53 smithi031 ceph-57e90e8a-f707-11ee-b64a-cb9ed24678a4-mgr-x[29989]:
2024-04-10T06:56:53.566+0000 7f8368249200 -1 mgr[py] Module balancer has missing NOTIFY_TYPES member
2024-04-10T06:56:54.018 INFO:journalctl@ceph.mgr.x.smithi031.stdout:Apr 10 06:56:53 smithi031 ceph-57e90e8a-f707-11ee-b64a-cb9ed24678a4-mgr-x[29989]:
2024-04-10T06:56:53.714+0000 7f8368249200 -1 mgr[py] Module influx has missing NOTIFY_TYPES member
2024-04-10T06:56:54.019 INFO:journalctl@ceph.mgr.x.smithi031.stdout:Apr 10 06:56:53 smithi031 ceph-57e90e8a-f707-11ee-b64a-cb9ed24678a4-mgr-x[29989]:
2024-04-10T06:56:53.815+0000 7f8368249200 -1 mgr[py] Module alerts has missing NOTIFY_TYPES member
2024-04-10T06:56:54.019 INFO:journalctl@ceph.mgr.x.smithi031.stdout:Apr 10 06:56:53 smithi031 ceph-57e90e8a-f707-11ee-b64a-cb9ed24678a4-mgr-x[29989]:
2024-04-10T06:56:53.905+0000 7f8368249200 -1 mgr[py] Module iostat has missing NOTIFY_TYPES member
2024-04-10T06:56:54.289 INFO:journalctl@ceph.mon.a.smithi031.stdout:Apr 10 06:56:54 smithi031 ceph-mon[29756]: from='client.? 172.21.15.31:0/1969820826' entity='client.admin' cmd=[{"prefix": "mgr stat"}]: dispatch
2024-04-10T06:56:54.290 INFO:journalctl@ceph.mgr.x.smithi031.stdout:Apr 10 06:56:54 smithi031 ceph-57e90e8a-f707-11ee-b64a-cb9ed24678a4-mgr-x[29989]:
2024-04-10T06:56:54.179+0000 7f8368249200 -1 mgr[py] Module rgw has missing NOTIFY_TYPES member
2024-04-10T06:56:54.290 INFO:journalctl@ceph.mgr.x.smithi031.stdout:Apr 10 06:56:54 smithi031 ceph-57e90e8a-f707-11ee-b64a-cb9ed24678a4-mgr-x[29989]:
2024-04-10T06:56:54.292+0000 7f8368249200 -1 mgr[py] Module rbd_support has missing NOTIFY_TYPES member
2024-04-10T06:56:54.605 INFO:journalctl@ceph.mgr.x.smithi031.stdout:Apr 10 06:56:54 smithi031 ceph-57e90e8a-f707-11ee-b64a-cb9ed24678a4-mgr-x[29989]:
2024-04-10T06:56:54.382+0000 7f8368249200 -1 mgr[py] Module progress has missing NOTIFY_TYPES member
2024-04-10T06:56:54.605 INFO:journalctl@ceph.mgr.x.smithi031.stdout:Apr 10 06:56:54 smithi031 ceph-57e90e8a-f707-11ee-b64a-cb9ed24678a4-mgr-x[29989]:
2024-04-10T06:56:54.480+0000 7f8368249200 -1 mgr[py] Module pg_autoscaler has missing NOTIFY_TYPES member
2024-04-10T06:56:54.633 INFO:teuthology.orchestra.run.smithi031.stdout:/usr/bin/ceph: stdout {
2024-04-10T06:56:54.633 INFO:teuthology.orchestra.run.smithi031.stdout:/usr/bin/ceph: stdout "epoch": 5,
2024-04-10T06:56:54.634 INFO:teuthology.orchestra.run.smithi031.stdout:/usr/bin/ceph: stdout "available": true,
2024-04-10T06:56:54.634 INFO:teuthology.orchestra.run.smithi031.stdout:/usr/bin/ceph: stdout "active_name": "x",
2024-04-10T06:56:54.634 INFO:teuthology.orchestra.run.smithi031.stdout:/usr/bin/ceph: stdout "num_standby": 0
2024-04-10T06:56:54.634 INFO:teuthology.orchestra.run.smithi031.stdout:/usr/bin/ceph: stdout }
2024-04-10T06:56:54.634 INFO:teuthology.orchestra.run.smithi031.stdout:/usr/bin/ceph: stderr
2024-04-10T06:56:53.815+0000 7f1a8ab63700 1 Processor -- start
2024-04-10T06:56:54.634 INFO:teuthology.orchestra.run.smithi031.stdout:/usr/bin/ceph: stderr
2024-04-10T06:56:53.815+0000 7f1a8ab63700 1 -- start start
2024-04-10T06:56:54.634 INFO:teuthology.orchestra.run.smithi031.stdout:/usr/bin/ceph: stderr
2024-04-10T06:56:53.816+0000 7f1a8ab63700 1 --2- >> [v2:172.21.15.31:3300/0,v1:172.21.15.31:6789/0] conn(0x7f1a84108420 0x7f1a8410a810 unknown :-1 s=NONE pgs=0 cs=0 l=0 rev1=0 crypto rx=0 tx=0 comp rx=0 tx=0).connect
2024-04-10T06:56:54.634 INFO:teuthology.orchestra.run.smithi031.stdout:/usr/bin/ceph: stderr
2024-04-10T06:56:53.816+0000 7f1a8ab63700 1 -- --> [v2:172.21.15.31:3300/0,v1:172.21.15.31:6789/0] -- mon_getmap magic: 0 -- 0x7f1a8407b6f0 con 0x7f1a84108420
2024-04-10T06:56:54.634 INFO:teuthology.orchestra.run.smithi031.stdout:/usr/bin/ceph: stderr
2024-04-10T06:56:53.816+0000 7f1a888ff700 1 --2- >> [v2:172.21.15.31:3300/0,v1:172.21.15.31:6789/0] conn(0x7f1a84108420 0x7f1a8410a810 unknown :-1 s=BANNER_CONNECTING pgs=0 cs=0 l=0 rev1=0 crypto rx=0 tx=0 comp rx=0 tx=0)._handle_peer_banner_payload supported=3 required=0
2024-04-10T06:56:54.634 INFO:teuthology.orchestra.run.smithi031.stdout:/usr/bin/ceph: stderr
2024-04-10T06:56:53.816+0000 7f1a888ff700 1 --2- >> [v2:172.21.15.31:3300/0,v1:172.21.15.31:6789/0] conn(0x7f1a84108420 0x7f1a8410a810 unknown :-1 s=HELLO_CONNECTING pgs=0 cs=0 l=0 rev1=1 crypto rx=0 tx=0 comp rx=0 tx=0).handle_hello peer v2:172.21.15.31:3300/0 says I am v2:172.21.15.31:43278/0 (socket says 172.21.15.31:43278)
2024-04-10T06:56:54.634 INFO:teuthology.orchestra.run.smithi031.stdout:/usr/bin/ceph: stderr
2024-04-10T06:56:53.816+0000 7f1a888ff700 1 -- 172.21.15.31:0/1940187400 learned_addr learned my addr 172.21.15.31:0/1940187400 (peer_addr_for_me v2:172.21.15.31:0/0)
2024-04-10T06:56:54.634 INFO:teuthology.orchestra.run.smithi031.stdout:/usr/bin/ceph: stderr
2024-04-10T06:56:53.816+0000 7f1a888ff700 1 -- 172.21.15.31:0/1940187400 --> [v2:172.21.15.31:3300/0,v1:172.21.15.31:6789/0] -- mon_subscribe({config=0+,monmap=0+}) -- 0x7f1a8410ad50 con 0x7f1a84108420
2024-04-10T06:56:54.635 INFO:teuthology.orchestra.run.smithi031.stdout:/usr/bin/ceph: stderr
2024-04-10T06:56:53.816+0000 7f1a888ff700 1 --2- 172.21.15.31:0/1940187400 >> [v2:172.21.15.31:3300/0,v1:172.21.15.31:6789/0] conn(0x7f1a84108420 0x7f1a8410a810 secure :-1 s=READY pgs=26 cs=0 l=1 rev1=1 crypto rx=0x7f1a780098a0 tx=0x7f1a78009bb0 comp rx=0 tx=0).ready entity=mon.0 client_cookie=ef44ae17cef46281 server_cookie=0 in_seq=0 out_seq=0
2024-04-10T06:56:54.635 INFO:teuthology.orchestra.run.smithi031.stdout:/usr/bin/ceph: stderr
2024-04-10T06:56:53.816+0000 7f1a837fe700 1 -- 172.21.15.31:0/1940187400 <== mon.0 v2:172.21.15.31:3300/0 1 ==== mon_map magic: 0 ==== 205+0+0 (secure 0 0 0) 0x7f1a78004160 con 0x7f1a84108420
2024-04-10T06:56:54.635 INFO:teuthology.orchestra.run.smithi031.stdout:/usr/bin/ceph: stderr
2024-04-10T06:56:53.816+0000 7f1a837fe700 1 -- 172.21.15.31:0/1940187400 <== mon.0 v2:172.21.15.31:3300/0 2 ==== config(26 keys) ==== 1071+0+0 (secure 0 0 0) 0x7f1a78004300 con 0x7f1a84108420
2024-04-10T06:56:54.635 INFO:teuthology.orchestra.run.smithi031.stdout:/usr/bin/ceph: stderr
2024-04-10T06:56:53.816+0000 7f1a837fe700 1 -- 172.21.15.31:0/1940187400 <== mon.0 v2:172.21.15.31:3300/0 3 ==== mon_map magic: 0 ==== 205+0+0 (secure 0 0 0) 0x7f1a78011a80 con 0x7f1a84108420
2024-04-10T06:56:54.635 INFO:teuthology.orchestra.run.smithi031.stdout:/usr/bin/ceph: stderr
2024-04-10T06:56:53.817+0000 7f1a8ab63700 1 -- 172.21.15.31:0/1940187400 >> [v2:172.21.15.31:3300/0,v1:172.21.15.31:6789/0] conn(0x7f1a84108420 msgr2=0x7f1a8410a810 secure :-1 s=STATE_CONNECTION_ESTABLISHED l=1).mark_down
2024-04-10T06:56:54.635 INFO:teuthology.orchestra.run.smithi031.stdout:/usr/bin/ceph: stderr
2024-04-10T06:56:53.817+0000 7f1a8ab63700 1 --2- 172.21.15.31:0/1940187400 >> [v2:172.21.15.31:3300/0,v1:172.21.15.31:6789/0] conn(0x7f1a84108420 0x7f1a8410a810 secure :-1 s=READY pgs=26 cs=0 l=1 rev1=1 crypto rx=0x7f1a780098a0 tx=0x7f1a78009bb0 comp rx=0 tx=0).stop
2024-04-10T06:56:54.635 INFO:teuthology.orchestra.run.smithi031.stdout:/usr/bin/ceph: stderr
2024-04-10T06:56:53.817+0000 7f1a8ab63700 1 -- 172.21.15.31:0/1940187400 shutdown_connections
2024-04-10T06:56:54.635 INFO:teuthology.orchestra.run.smithi031.stdout:/usr/bin/ceph: stderr
2024-04-10T06:56:53.817+0000 7f1a8ab63700 1 --2- 172.21.15.31:0/1940187400 >> [v2:172.21.15.31:3300/0,v1:172.21.15.31:6789/0] conn(0x7f1a84108420 0x7f1a8410a810 unknown :-1 s=CLOSED pgs=26 cs=0 l=1 rev1=1 crypto rx=0 tx=0 comp rx=0 tx=0).stop
2024-04-10T06:56:54.635 INFO:teuthology.orchestra.run.smithi031.stdout:/usr/bin/ceph: stderr
2024-04-10T06:56:53.817+0000 7f1a8ab63700 1 -- 172.21.15.31:0/1940187400 >> 172.21.15.31:0/1940187400 conn(0x7f1a84101dd0 msgr2=0x7f1a84104230 unknown :-1 s=STATE_NONE l=0).mark_down
2024-04-10T06:56:54.635 INFO:teuthology.orchestra.run.smithi031.stdout:/usr/bin/ceph: stderr
2024-04-10T06:56:53.817+0000 7f1a8ab63700 1 -- 172.21.15.31:0/1940187400 shutdown_connections
2024-04-10T06:56:54.635 INFO:teuthology.orchestra.run.smithi031.stdout:/usr/bin/ceph: stderr
2024-04-10T06:56:53.817+0000 7f1a8ab63700 1 -- 172.21.15.31:0/1940187400 wait complete.
2024-04-10T06:56:54.635 INFO:teuthology.orchestra.run.smithi031.stdout:/usr/bin/ceph: stderr
2024-04-10T06:56:53.818+0000 7f1a8ab63700 1 Processor -- start
2024-04-10T06:56:54.635 INFO:teuthology.orchestra.run.smithi031.stdout:/usr/bin/ceph: stderr
2024-04-10T06:56:53.818+0000 7f1a8ab63700 1 -- start start
2024-04-10T06:56:54.636 INFO:teuthology.orchestra.run.smithi031.stdout:/usr/bin/ceph: stderr
2024-04-10T06:56:53.818+0000 7f1a8ab63700 1 --2- >> [v2:172.21.15.31:3300/0,v1:172.21.15.31:6789/0] conn(0x7f1a84108420 0x7f1a8419b920 unknown :-1 s=NONE pgs=0 cs=0 l=1 rev1=0 crypto rx=0 tx=0 comp rx=0 tx=0).connect
2024-04-10T06:56:54.636 INFO:teuthology.orchestra.run.smithi031.stdout:/usr/bin/ceph: stderr
2024-04-10T06:56:53.818+0000 7f1a8ab63700 1 -- --> [v2:172.21.15.31:3300/0,v1:172.21.15.31:6789/0] -- mon_getmap magic: 0 -- 0x7f1a8410bcc0 con 0x7f1a84108420
2024-04-10T06:56:54.636 INFO:teuthology.orchestra.run.smithi031.stdout:/usr/bin/ceph: stderr
2024-04-10T06:56:53.818+0000 7f1a888ff700 1 --2- >> [v2:172.21.15.31:3300/0,v1:172.21.15.31:6789/0] conn(0x7f1a84108420 0x7f1a8419b920 unknown :-1 s=BANNER_CONNECTING pgs=0 cs=0 l=1 rev1=0 crypto rx=0 tx=0 comp rx=0 tx=0)._handle_peer_banner_payload supported=3 required=0
2024-04-10T06:56:54.636 INFO:teuthology.orchestra.run.smithi031.stdout:/usr/bin/ceph: stderr
2024-04-10T06:56:53.818+0000 7f1a888ff700 1 --2- >> [v2:172.21.15.31:3300/0,v1:172.21.15.31:6789/0] conn(0x7f1a84108420 0x7f1a8419b920 unknown :-1 s=HELLO_CONNECTING pgs=0 cs=0 l=1 rev1=1 crypto rx=0 tx=0 comp rx=0 tx=0).handle_hello peer v2:172.21.15.31:3300/0 says I am v2:172.21.15.31:43290/0 (socket says 172.21.15.31:43290)
2024-04-10T06:56:54.636 INFO:teuthology.orchestra.run.smithi031.stdout:/usr/bin/ceph: stderr
2024-04-10T06:56:53.818+0000 7f1a888ff700 1 -- 172.21.15.31:0/1969820826 learned_addr learned my addr 172.21.15.31:0/1969820826 (peer_addr_for_me v2:172.21.15.31:0/0)
2024-04-10T06:56:54.636 INFO:teuthology.orchestra.run.smithi031.stdout:/usr/bin/ceph: stderr
2024-04-10T06:56:53.818+0000 7f1a888ff700 1 -- 172.21.15.31:0/1969820826 --> [v2:172.21.15.31:3300/0,v1:172.21.15.31:6789/0] -- mon_subscribe({config=0+,monmap=0+}) -- 0x7f1a8419be60 con 0x7f1a84108420
2024-04-10T06:56:54.636 INFO:teuthology.orchestra.run.smithi031.stdout:/usr/bin/ceph: stderr
2024-04-10T06:56:53.818+0000 7f1a888ff700 1 --2- 172.21.15.31:0/1969820826 >> [v2:172.21.15.31:3300/0,v1:172.21.15.31:6789/0] conn(0x7f1a84108420 0x7f1a8419b920 secure :-1 s=READY pgs=27 cs=0 l=1 rev1=1 crypto rx=0x7f1a78011a50 tx=0x7f1a78004290 comp rx=0 tx=0).ready entity=mon.0 client_cookie=0 server_cookie=0 in_seq=0 out_seq=0
2024-04-10T06:56:54.636 INFO:teuthology.orchestra.run.smithi031.stdout:/usr/bin/ceph: stderr
2024-04-10T06:56:53.819+0000 7f1a81ffb700 1 -- 172.21.15.31:0/1969820826 <== mon.0 v2:172.21.15.31:3300/0 1 ==== mon_map magic: 0 ==== 205+0+0 (secure 0 0 0) 0x7f1a780039f0 con 0x7f1a84108420
2024-04-10T06:56:54.636 INFO:teuthology.orchestra.run.smithi031.stdout:/usr/bin/ceph: stderr
2024-04-10T06:56:53.819+0000 7f1a8ab63700 1 -- 172.21.15.31:0/1969820826 --> [v2:172.21.15.31:3300/0,v1:172.21.15.31:6789/0] -- mon_subscribe({mgrmap=0+}) -- 0x7f1a8419c0f0 con 0x7f1a84108420
2024-04-10T06:56:54.636 INFO:teuthology.orchestra.run.smithi031.stdout:/usr/bin/ceph: stderr
2024-04-10T06:56:53.819+0000 7f1a81ffb700 1 -- 172.21.15.31:0/1969820826 <== mon.0 v2:172.21.15.31:3300/0 2 ==== config(26 keys) ==== 1071+0+0 (secure 0 0 0) 0x7f1a78003b90 con 0x7f1a84108420
2024-04-10T06:56:54.636 INFO:teuthology.orchestra.run.smithi031.stdout:/usr/bin/ceph: stderr
2024-04-10T06:56:53.819+0000 7f1a81ffb700 1 -- 172.21.15.31:0/1969820826 <== mon.0 v2:172.21.15.31:3300/0 3 ==== mon_map magic: 0 ==== 205+0+0 (secure 0 0 0) 0x7f1a7801a600 con 0x7f1a84108420
2024-04-10T06:56:54.636 INFO:teuthology.orchestra.run.smithi031.stdout:/usr/bin/ceph: stderr
2024-04-10T06:56:53.819+0000 7f1a8ab63700 1 -- 172.21.15.31:0/1969820826 --> [v2:172.21.15.31:3300/0,v1:172.21.15.31:6789/0] -- mon_subscribe({osdmap=0}) -- 0x7f1a8419ede0 con 0x7f1a84108420
2024-04-10T06:56:54.636 INFO:teuthology.orchestra.run.smithi031.stdout:/usr/bin/ceph: stderr
2024-04-10T06:56:53.820+0000 7f1a81ffb700 1 -- 172.21.15.31:0/1969820826 <== mon.0 v2:172.21.15.31:3300/0 4 ==== mgrmap(e 5) ==== 46558+0+0 (secure 0 0 0) 0x7f1a7801a900 con 0x7f1a84108420
2024-04-10T06:56:54.637 INFO:teuthology.orchestra.run.smithi031.stdout:/usr/bin/ceph: stderr
2024-04-10T06:56:53.820+0000 7f1a8ab63700 1 -- 172.21.15.31:0/1969820826 --> [v2:172.21.15.31:3300/0,v1:172.21.15.31:6789/0] -- mon_command({"prefix": "get_command_descriptions"} v 0) -- 0x7f1a84064110 con 0x7f1a84108420
2024-04-10T06:56:54.637 INFO:teuthology.orchestra.run.smithi031.stdout:/usr/bin/ceph: stderr
2024-04-10T06:56:53.820+0000 7f1a81ffb700 1 --2- 172.21.15.31:0/1969820826 >> [v2:172.21.15.31:6800/2511405250,v1:172.21.15.31:6801/2511405250] conn(0x7f1a740395b0 0x7f1a7403ba70 unknown :-1 s=NONE pgs=0 cs=0 l=1 rev1=0 crypto rx=0 tx=0 comp rx=0 tx=0).connect
2024-04-10T06:56:54.637 INFO:teuthology.orchestra.run.smithi031.stdout:/usr/bin/ceph: stderr
2024-04-10T06:56:53.820+0000 7f1a81ffb700 1 -- 172.21.15.31:0/1969820826 <== mon.0 v2:172.21.15.31:3300/0 5 ==== osd_map(1..1 src has 1..1) ==== 725+0+0 (secure 0 0 0) 0x7f1a7804dc70 con 0x7f1a84108420
2024-04-10T06:56:54.637 INFO:teuthology.orchestra.run.smithi031.stdout:/usr/bin/ceph: stderr
2024-04-10T06:56:53.820+0000 7f1a83fff700 1 -- 172.21.15.31:0/1969820826 >> [v2:172.21.15.31:6800/2511405250,v1:172.21.15.31:6801/2511405250] conn(0x7f1a740395b0 msgr2=0x7f1a7403ba70 unknown :-1 s=STATE_CONNECTING_RE l=1).process reconnect failed to v2:172.21.15.31:6800/2511405250
2024-04-10T06:56:54.637 INFO:teuthology.orchestra.run.smithi031.stdout:/usr/bin/ceph: stderr
2024-04-10T06:56:53.820+0000 7f1a83fff700 1 --2- 172.21.15.31:0/1969820826 >> [v2:172.21.15.31:6800/2511405250,v1:172.21.15.31:6801/2511405250] conn(0x7f1a740395b0 0x7f1a7403ba70 unknown :-1 s=START_CONNECT pgs=0 cs=0 l=1 rev1=0 crypto rx=0 tx=0 comp rx=0 tx=0)._fault waiting 0.200000
2024-04-10T06:56:54.637 INFO:teuthology.orchestra.run.smithi031.stdout:/usr/bin/ceph: stderr
2024-04-10T06:56:53.825+0000 7f1a81ffb700 1 -- 172.21.15.31:0/1969820826 <== mon.0 v2:172.21.15.31:3300/0 6 ==== mon_command_ack([{"prefix": "get_command_descriptions"}]=0 v0) ==== 72+0+188297 (secure 0 0 0) 0x7f1a78019c70 con 0x7f1a84108420
2024-04-10T06:56:54.637 INFO:teuthology.orchestra.run.smithi031.stdout:/usr/bin/ceph: stderr
2024-04-10T06:56:54.021+0000 7f1a83fff700 1 -- 172.21.15.31:0/1969820826 >> [v2:172.21.15.31:6800/2511405250,v1:172.21.15.31:6801/2511405250] conn(0x7f1a740395b0 msgr2=0x7f1a7403ba70 unknown :-1 s=STATE_CONNECTING_RE l=1).process reconnect failed to v2:172.21.15.31:6800/2511405250
2024-04-10T06:56:54.637 INFO:teuthology.orchestra.run.smithi031.stdout:/usr/bin/ceph: stderr
2024-04-10T06:56:54.021+0000 7f1a83fff700 1 --2- 172.21.15.31:0/1969820826 >> [v2:172.21.15.31:6800/2511405250,v1:172.21.15.31:6801/2511405250] conn(0x7f1a740395b0 0x7f1a7403ba70 unknown :-1 s=START_CONNECT pgs=0 cs=0 l=1 rev1=0 crypto rx=0 tx=0 comp rx=0 tx=0)._fault waiting 0.400000
2024-04-10T06:56:54.637 INFO:teuthology.orchestra.run.smithi031.stdout:/usr/bin/ceph: stderr
2024-04-10T06:56:54.093+0000 7f1a8ab63700 1 -- 172.21.15.31:0/1969820826 --> [v2:172.21.15.31:3300/0,v1:172.21.15.31:6789/0] -- mon_command({"prefix": "mgr stat"} v 0) -- 0x7f1a8419efb0 con 0x7f1a84108420
2024-04-10T06:56:54.637 INFO:teuthology.orchestra.run.smithi031.stdout:/usr/bin/ceph: stderr
2024-04-10T06:56:54.093+0000 7f1a81ffb700 1 -- 172.21.15.31:0/1969820826 <== mon.0 v2:172.21.15.31:3300/0 7 ==== mon_command_ack([{"prefix": "mgr stat"}]=0 v5) ==== 56+0+88 (secure 0 0 0) 0x7f1a8419efb0 con 0x7f1a84108420
2024-04-10T06:56:54.637 INFO:teuthology.orchestra.run.smithi031.stdout:/usr/bin/ceph: stderr
2024-04-10T06:56:54.095+0000 7f1a8ab63700 1 -- 172.21.15.31:0/1969820826 >> [v2:172.21.15.31:6800/2511405250,v1:172.21.15.31:6801/2511405250] conn(0x7f1a740395b0 msgr2=0x7f1a7403ba70 unknown :-1 s=STATE_CONNECTING l=1).mark_down
2024-04-10T06:56:54.637 INFO:teuthology.orchestra.run.smithi031.stdout:/usr/bin/ceph: stderr
2024-04-10T06:56:54.095+0000 7f1a8ab63700 1 --2- 172.21.15.31:0/1969820826 >> [v2:172.21.15.31:6800/2511405250,v1:172.21.15.31:6801/2511405250] conn(0x7f1a740395b0 0x7f1a7403ba70 unknown :-1 s=START_CONNECT pgs=0 cs=0 l=1 rev1=0 crypto rx=0 tx=0 comp rx=0 tx=0).stop
2024-04-10T06:56:54.637 INFO:teuthology.orchestra.run.smithi031.stdout:/usr/bin/ceph: stderr
2024-04-10T06:56:54.095+0000 7f1a8ab63700 1 -- 172.21.15.31:0/1969820826 >> [v2:172.21.15.31:3300/0,v1:172.21.15.31:6789/0] conn(0x7f1a84108420 msgr2=0x7f1a8419b920 secure :-1 s=STATE_CONNECTION_ESTABLISHED l=1).mark_down
2024-04-10T06:56:54.638 INFO:teuthology.orchestra.run.smithi031.stdout:/usr/bin/ceph: stderr
2024-04-10T06:56:54.095+0000 7f1a8ab63700 1 --2- 172.21.15.31:0/1969820826 >> [v2:172.21.15.31:3300/0,v1:172.21.15.31:6789/0] conn(0x7f1a84108420 0x7f1a8419b920 secure :-1 s=READY pgs=27 cs=0 l=1 rev1=1 crypto rx=0x7f1a78011a50 tx=0x7f1a78004290 comp rx=0 tx=0).stop
2024-04-10T06:56:54.638 INFO:teuthology.orchestra.run.smithi031.stdout:/usr/bin/ceph: stderr
2024-04-10T06:56:54.096+0000 7f1a8ab63700 1 -- 172.21.15.31:0/1969820826 shutdown_connections
2024-04-10T06:56:54.638 INFO:teuthology.orchestra.run.smithi031.stdout:/usr/bin/ceph: stderr
2024-04-10T06:56:54.096+0000 7f1a8ab63700 1 --2- 172.21.15.31:0/1969820826 >> [v2:172.21.15.31:6800/2511405250,v1:172.21.15.31:6801/2511405250] conn(0x7f1a740395b0 0x7f1a7403ba70 unknown :-1 s=CLOSED pgs=0 cs=0 l=1 rev1=0 crypto rx=0 tx=0 comp rx=0 tx=0).stop
2024-04-10T06:56:54.638 INFO:teuthology.orchestra.run.smithi031.stdout:/usr/bin/ceph: stderr
2024-04-10T06:56:54.096+0000 7f1a8ab63700 1 --2- 172.21.15.31:0/1969820826 >> [v2:172.21.15.31:3300/0,v1:172.21.15.31:6789/0] conn(0x7f1a84108420 0x7f1a8419b920 unknown :-1 s=CLOSED pgs=27 cs=0 l=1 rev1=1 crypto rx=0 tx=0 comp rx=0 tx=0).stop
2024-04-10T06:56:54.638 INFO:teuthology.orchestra.run.smithi031.stdout:/usr/bin/ceph: stderr
2024-04-10T06:56:54.096+0000 7f1a8ab63700 1 -- 172.21.15.31:0/1969820826 >> 172.21.15.31:0/1969820826 conn(0x7f1a84101dd0 msgr2=0x7f1a841029a0 unknown :-1 s=STATE_NONE l=0).mark_down
2024-04-10T06:56:54.638 INFO:teuthology.orchestra.run.smithi031.stdout:/usr/bin/ceph: stderr
2024-04-10T06:56:54.096+0000 7f1a8ab63700 1 -- 172.21.15.31:0/1969820826 shutdown_connections
2024-04-10T06:56:54.638 INFO:teuthology.orchestra.run.smithi031.stdout:/usr/bin/ceph: stderr
2024-04-10T06:56:54.096+0000 7f1a8ab63700 1 -- 172.21.15.31:0/1969820826 wait complete.
2024-04-10T06:56:54.638 INFO:teuthology.orchestra.run.smithi031.stdout:Waiting for the mgr to restart...
2024-04-10T06:56:54.638 INFO:teuthology.orchestra.run.smithi031.stdout:Waiting for mgr epoch 5...
2024-04-10T06:56:54.876 INFO:journalctl@ceph.mgr.x.smithi031.stdout:Apr 10 06:56:54 smithi031 ceph-57e90e8a-f707-11ee-b64a-cb9ed24678a4-mgr-x[29989]:
2024-04-10T06:56:54.661+0000 7f8368249200 -1 mgr[py] Module devicehealth has missing NOTIFY_TYPES member
2024-04-10T06:56:56.101 INFO:journalctl@ceph.mgr.x.smithi031.stdout:Apr 10 06:56:55 smithi031 ceph-57e90e8a-f707-11ee-b64a-cb9ed24678a4-mgr-x[29989]:
2024-04-10T06:56:55.663+0000 7f8368249200 -1 mgr[py] Module rook has missing NOTIFY_TYPES member
2024-04-10T06:56:56.101 INFO:journalctl@ceph.mgr.x.smithi031.stdout:Apr 10 06:56:55 smithi031 ceph-57e90e8a-f707-11ee-b64a-cb9ed24678a4-mgr-x[29989]:
2024-04-10T06:56:55.798+0000 7f8368249200 -1 mgr[py] Module diskprediction_local has missing NOTIFY_TYPES member
2024-04-10T06:56:56.355 INFO:journalctl@ceph.mgr.x.smithi031.stdout:Apr 10 06:56:56 smithi031 ceph-57e90e8a-f707-11ee-b64a-cb9ed24678a4-mgr-x[29989]:
2024-04-10T06:56:56.162+0000 7f8368249200 -1 mgr[py] Module selftest has missing NOTIFY_TYPES member
2024-04-10T06:56:56.355 INFO:journalctl@ceph.mgr.x.smithi031.stdout:Apr 10 06:56:56 smithi031 ceph-57e90e8a-f707-11ee-b64a-cb9ed24678a4-mgr-x[29989]:
2024-04-10T06:56:56.254+0000 7f8368249200 -1 mgr[py] Module telegraf has missing NOTIFY_TYPES member
2024-04-10T06:56:56.855 INFO:journalctl@ceph.mgr.x.smithi031.stdout:Apr 10 06:56:56 smithi031 ceph-57e90e8a-f707-11ee-b64a-cb9ed24678a4-mgr-x[29989]:
2024-04-10T06:56:56.458+0000 7f8368249200 -1 mgr[py] Module test_orchestrator has missing NOTIFY_TYPES member
2024-04-10T06:56:56.855 INFO:journalctl@ceph.mgr.x.smithi031.stdout:Apr 10 06:56:56 smithi031 ceph-57e90e8a-f707-11ee-b64a-cb9ed24678a4-mgr-x[29989]:
2024-04-10T06:56:56.650+0000 7f8368249200 -1 mgr[py] Module crash has missing NOTIFY_TYPES member
2024-04-10T06:56:57.204 INFO:journalctl@ceph.mgr.x.smithi031.stdout:Apr 10 06:56:56 smithi031 ceph-57e90e8a-f707-11ee-b64a-cb9ed24678a4-mgr-x[29989]:
2024-04-10T06:56:56.946+0000 7f8368249200 -1 mgr[py] Module orchestrator has missing NOTIFY_TYPES member
2024-04-10T06:56:57.204 INFO:journalctl@ceph.mgr.x.smithi031.stdout:Apr 10 06:56:57 smithi031 ceph-57e90e8a-f707-11ee-b64a-cb9ed24678a4-mgr-x[29989]:
2024-04-10T06:56:57.207+0000 7f8368249200 -1 mgr[py] Module osd_support has missing NOTIFY_TYPES member
2024-04-10T06:56:57.605 INFO:journalctl@ceph.mgr.x.smithi031.stdout:Apr 10 06:56:57 smithi031 ceph-57e90e8a-f707-11ee-b64a-cb9ed24678a4-mgr-x[29989]:
2024-04-10T06:56:57.452+0000 7f8368249200 -1 mgr[py] Module volumes has missing NOTIFY_TYPES member
2024-04-10T06:56:58.605 INFO:journalctl@ceph.mgr.x.smithi031.stdout:Apr 10 06:56:58 smithi031 ceph-57e90e8a-f707-11ee-b64a-cb9ed24678a4-mgr-x[29989]:
2024-04-10T06:56:58.282+0000 7f8368249200 -1 mgr[py] Module telemetry has missing NOTIFY_TYPES member
2024-04-10T06:56:59.185 INFO:journalctl@ceph.mgr.x.smithi031.stdout:Apr 10 06:56:58 smithi031 ceph-57e90e8a-f707-11ee-b64a-cb9ed24678a4-mgr-x[29989]:
2024-04-10T06:56:58.863+0000 7f8368249200 -1 mgr[py] Module prometheus has missing NOTIFY_TYPES member
2024-04-10T06:56:59.185 INFO:journalctl@ceph.mgr.x.smithi031.stdout:Apr 10 06:56:58 smithi031 ceph-57e90e8a-f707-11ee-b64a-cb9ed24678a4-mgr-x[29989]:
2024-04-10T06:56:58.964+0000 7f8368249200 -1 mgr[py] Module status has missing NOTIFY_TYPES member
2024-04-10T06:56:59.185 INFO:journalctl@ceph.mgr.x.smithi031.stdout:Apr 10 06:56:59 smithi031 ceph-57e90e8a-f707-11ee-b64a-cb9ed24678a4-mgr-x[29989]:
2024-04-10T06:56:59.187+0000 7f8368249200 -1 mgr[py] Module nfs has missing NOTIFY_TYPES member
2024-04-10T06:56:59.605 INFO:journalctl@ceph.mon.a.smithi031.stdout:Apr 10 06:56:59 smithi031 ceph-mon[29756]: Active manager daemon x restarted
2024-04-10T06:56:59.605 INFO:journalctl@ceph.mon.a.smithi031.stdout:Apr 10 06:56:59 smithi031 ceph-mon[29756]: Activating manager daemon x
2024-04-10T06:56:59.605 INFO:journalctl@ceph.mon.a.smithi031.stdout:Apr 10 06:56:59 smithi031 ceph-mon[29756]: osdmap e2: 0 total, 0 up, 0 in
2024-04-10T06:56:59.605 INFO:journalctl@ceph.mon.a.smithi031.stdout:Apr 10 06:56:59 smithi031 ceph-mon[29756]: mgrmap e6: x(active, starting, since 0.00327625s)
2024-04-10T06:56:59.605 INFO:journalctl@ceph.mon.a.smithi031.stdout:Apr 10 06:56:59 smithi031 ceph-mon[29756]: from='mgr.14120 172.21.15.31:0/3895419017' entity='mgr.x' cmd=[{"prefix": "mon metadata", "id": "a"}]: dispatch
2024-04-10T06:56:59.605 INFO:journalctl@ceph.mon.a.smithi031.stdout:Apr 10 06:56:59 smithi031 ceph-mon[29756]: from='mgr.14120 172.21.15.31:0/3895419017' entity='mgr.x' cmd=[{"prefix": "mgr metadata", "who": "x", "id": "x"}]: dispatch
2024-04-10T06:56:59.606 INFO:journalctl@ceph.mon.a.smithi031.stdout:Apr 10 06:56:59 smithi031 ceph-mon[29756]: from='mgr.14120 172.21.15.31:0/3895419017' entity='mgr.x' cmd=[{"prefix": "mds metadata"}]: dispatch
2024-04-10T06:56:59.606 INFO:journalctl@ceph.mon.a.smithi031.stdout:Apr 10 06:56:59 smithi031 ceph-mon[29756]: from='mgr.14120 172.21.15.31:0/3895419017' entity='mgr.x' cmd=[{"prefix": "osd metadata"}]: dispatch
2024-04-10T06:56:59.606 INFO:journalctl@ceph.mon.a.smithi031.stdout:Apr 10 06:56:59 smithi031 ceph-mon[29756]: from='mgr.14120 172.21.15.31:0/3895419017' entity='mgr.x' cmd=[{"prefix": "mon metadata"}]: dispatch
