2024-04-10T06:57:29.599+0000 7f8a576b1700 1 -- 172.21.15.31:0/932727051 --> [v2:172.21.15.31:3300/0,v1:172.21.15.31:6789/0] -- mon_subscribe({mgrmap=0+}) -- 0x7f8a5019e220 con 0x7f8a5007d6a0
2024-04-10T06:57:30.578 INFO:teuthology.orchestra.run.smithi031.stdout:/usr/bin/ceph: stderr
2024-04-10T06:57:29.599+0000 7f8a467fc700 1 -- 172.21.15.31:0/932727051 <== mon.0 v2:172.21.15.31:3300/0 3 ==== mon_map magic: 0 ==== 205+0+0 (secure 0 0 0) 0x7f8a4c01a6b0 con 0x7f8a5007d6a0
2024-04-10T06:57:30.578 INFO:teuthology.orchestra.run.smithi031.stdout:/usr/bin/ceph: stderr
2024-04-10T06:57:29.599+0000 7f8a576b1700 1 -- 172.21.15.31:0/932727051 --> [v2:172.21.15.31:3300/0,v1:172.21.15.31:6789/0] -- mon_subscribe({osdmap=0}) -- 0x7f8a501a0f10 con 0x7f8a5007d6a0
2024-04-10T06:57:30.578 INFO:teuthology.orchestra.run.smithi031.stdout:/usr/bin/ceph: stderr
2024-04-10T06:57:29.599+0000 7f8a467fc700 1 -- 172.21.15.31:0/932727051 <== mon.0 v2:172.21.15.31:3300/0 4 ==== mgrmap(e 11) ==== 46465+0+0 (secure 0 0 0) 0x7f8a4c01a960 con 0x7f8a5007d6a0
2024-04-10T06:57:30.578 INFO:teuthology.orchestra.run.smithi031.stdout:/usr/bin/ceph: stderr
2024-04-10T06:57:29.600+0000 7f8a467fc700 1 --2- 172.21.15.31:0/932727051 >> [v2:172.21.15.31:6800/3361908771,v1:172.21.15.31:6801/3361908771] conn(0x7f8a3c0394f0 0x7f8a3c03b9b0 unknown :-1 s=NONE pgs=0 cs=0 l=1 rev1=0 crypto rx=0 tx=0 comp rx=0 tx=0).connect
2024-04-10T06:57:30.578 INFO:teuthology.orchestra.run.smithi031.stdout:/usr/bin/ceph: stderr
2024-04-10T06:57:29.600+0000 7f8a467fc700 1 -- 172.21.15.31:0/932727051 <== mon.0 v2:172.21.15.31:3300/0 5 ==== osd_map(3..3 src has 1..3) ==== 1155+0+0 (secure 0 0 0) 0x7f8a4c04de60 con 0x7f8a5007d6a0
2024-04-10T06:57:30.578 INFO:teuthology.orchestra.run.smithi031.stdout:/usr/bin/ceph: stderr
2024-04-10T06:57:29.600+0000 7f8a54c4c700 1 --2- 172.21.15.31:0/932727051 >> [v2:172.21.15.31:6800/3361908771,v1:172.21.15.31:6801/3361908771] conn(0x7f8a3c0394f0 0x7f8a3c03b9b0 unknown :-1 s=BANNER_CONNECTING pgs=0 cs=0 l=1 rev1=0 crypto rx=0 tx=0 comp rx=0 tx=0)._handle_peer_banner_payload supported=3 required=0
2024-04-10T06:57:30.578 INFO:teuthology.orchestra.run.smithi031.stdout:/usr/bin/ceph: stderr
2024-04-10T06:57:29.600+0000 7f8a576b1700 1 -- 172.21.15.31:0/932727051 --> [v2:172.21.15.31:3300/0,v1:172.21.15.31:6789/0] -- mon_command({"prefix": "get_command_descriptions"} v 0) -- 0x7f8a50064110 con 0x7f8a5007d6a0
2024-04-10T06:57:30.578 INFO:teuthology.orchestra.run.smithi031.stdout:/usr/bin/ceph: stderr
2024-04-10T06:57:29.600+0000 7f8a54c4c700 1 --2- 172.21.15.31:0/932727051 >> [v2:172.21.15.31:6800/3361908771,v1:172.21.15.31:6801/3361908771] conn(0x7f8a3c0394f0 0x7f8a3c03b9b0 secure :-1 s=READY pgs=7 cs=0 l=1 rev1=1 crypto rx=0x7f8a40006fd0 tx=0x7f8a40006e40 comp rx=0 tx=0).ready entity=mgr.14152 client_cookie=0 server_cookie=0 in_seq=0 out_seq=0
2024-04-10T06:57:30.578 INFO:teuthology.orchestra.run.smithi031.stdout:/usr/bin/ceph: stderr
2024-04-10T06:57:29.609+0000 7f8a467fc700 1 -- 172.21.15.31:0/932727051 <== mon.0 v2:172.21.15.31:3300/0 6 ==== mon_command_ack([{"prefix": "get_command_descriptions"}]=0 v0) ==== 72+0+188297 (secure 0 0 0) 0x7f8a4c00ba30 con 0x7f8a5007d6a0
2024-04-10T06:57:30.578 INFO:teuthology.orchestra.run.smithi031.stdout:/usr/bin/ceph: stderr
2024-04-10T06:57:29.822+0000 7f8a467fc700 1 -- 172.21.15.31:0/932727051 <== mon.0 v2:172.21.15.31:3300/0 7 ==== mgrmap(e 12) ==== 46571+0+0 (secure 0 0 0) 0x7f8a4c01aca0 con 0x7f8a5007d6a0
2024-04-10T06:57:30.578 INFO:teuthology.orchestra.run.smithi031.stdout:/usr/bin/ceph: stderr
2024-04-10T06:57:29.830+0000 7f8a576b1700 1 -- 172.21.15.31:0/932727051 --> [v2:172.21.15.31:6800/3361908771,v1:172.21.15.31:6801/3361908771] -- mgr_command(tid 0: {"prefix": "dashboard create-self-signed-cert", "target": ["mon-mgr", ""]}) -- 0x7f8a50104200 con 0x7f8a3c0394f0
2024-04-10T06:57:30.579 INFO:teuthology.orchestra.run.smithi031.stdout:/usr/bin/ceph: stderr
2024-04-10T06:57:29.939+0000 7f8a467fc700 1 -- 172.21.15.31:0/932727051 <== mgr.14152 v2:172.21.15.31:6800/3361908771 1 ==== mgr_command_reply(tid 0: 0 ) ==== 8+0+32 (secure 0 0 0) 0x7f8a50104200 con 0x7f8a3c0394f0
2024-04-10T06:57:30.579 INFO:teuthology.orchestra.run.smithi031.stdout:/usr/bin/ceph: stderr
2024-04-10T06:57:29.941+0000 7f8a576b1700 1 -- 172.21.15.31:0/932727051 >> [v2:172.21.15.31:6800/3361908771,v1:172.21.15.31:6801/3361908771] conn(0x7f8a3c0394f0 msgr2=0x7f8a3c03b9b0 secure :-1 s=STATE_CONNECTION_ESTABLISHED l=1).mark_down
2024-04-10T06:57:30.579 INFO:teuthology.orchestra.run.smithi031.stdout:/usr/bin/ceph: stderr
2024-04-10T06:57:29.941+0000 7f8a576b1700 1 --2- 172.21.15.31:0/932727051 >> [v2:172.21.15.31:6800/3361908771,v1:172.21.15.31:6801/3361908771] conn(0x7f8a3c0394f0 0x7f8a3c03b9b0 secure :-1 s=READY pgs=7 cs=0 l=1 rev1=1 crypto rx=0x7f8a40006fd0 tx=0x7f8a40006e40 comp rx=0 tx=0).stop
2024-04-10T06:57:30.579 INFO:teuthology.orchestra.run.smithi031.stdout:/usr/bin/ceph: stderr
2024-04-10T06:57:29.941+0000 7f8a576b1700 1 -- 172.21.15.31:0/932727051 >> [v2:172.21.15.31:3300/0,v1:172.21.15.31:6789/0] conn(0x7f8a5007d6a0 msgr2=0x7f8a5019da50 secure :-1 s=STATE_CONNECTION_ESTABLISHED l=1).mark_down
2024-04-10T06:57:30.579 INFO:teuthology.orchestra.run.smithi031.stdout:/usr/bin/ceph: stderr
2024-04-10T06:57:29.941+0000 7f8a576b1700 1 --2- 172.21.15.31:0/932727051 >> [v2:172.21.15.31:3300/0,v1:172.21.15.31:6789/0] conn(0x7f8a5007d6a0 0x7f8a5019da50 secure :-1 s=READY pgs=71 cs=0 l=1 rev1=1 crypto rx=0x7f8a4c011a20 tx=0x7f8a4c011b00 comp rx=0 tx=0).stop
2024-04-10T06:57:30.579 INFO:teuthology.orchestra.run.smithi031.stdout:/usr/bin/ceph: stderr
2024-04-10T06:57:29.941+0000 7f8a576b1700 1 -- 172.21.15.31:0/932727051 shutdown_connections
2024-04-10T06:57:30.579 INFO:teuthology.orchestra.run.smithi031.stdout:/usr/bin/ceph: stderr
2024-04-10T06:57:29.941+0000 7f8a576b1700 1 --2- 172.21.15.31:0/932727051 >> [v2:172.21.15.31:6800/3361908771,v1:172.21.15.31:6801/3361908771] conn(0x7f8a3c0394f0 0x7f8a3c03b9b0 unknown :-1 s=CLOSED pgs=7 cs=0 l=1 rev1=1 crypto rx=0 tx=0 comp rx=0 tx=0).stop
2024-04-10T06:57:30.579 INFO:teuthology.orchestra.run.smithi031.stdout:/usr/bin/ceph: stderr
2024-04-10T06:57:29.941+0000 7f8a576b1700 1 --2- 172.21.15.31:0/932727051 >> [v2:172.21.15.31:3300/0,v1:172.21.15.31:6789/0] conn(0x7f8a5007d6a0 0x7f8a5019da50 unknown :-1 s=CLOSED pgs=71 cs=0 l=1 rev1=1 crypto rx=0 tx=0 comp rx=0 tx=0).stop
2024-04-10T06:57:30.579 INFO:teuthology.orchestra.run.smithi031.stdout:/usr/bin/ceph: stderr
2024-04-10T06:57:29.941+0000 7f8a576b1700 1 -- 172.21.15.31:0/932727051 >> 172.21.15.31:0/932727051 conn(0x7f8a50102f30 msgr2=0x7f8a50103af0 unknown :-1 s=STATE_NONE l=0).mark_down
2024-04-10T06:57:30.579 INFO:teuthology.orchestra.run.smithi031.stdout:/usr/bin/ceph: stderr
2024-04-10T06:57:29.941+0000 7f8a576b1700 1 -- 172.21.15.31:0/932727051 shutdown_connections
2024-04-10T06:57:30.579 INFO:teuthology.orchestra.run.smithi031.stdout:/usr/bin/ceph: stderr
2024-04-10T06:57:29.941+0000 7f8a576b1700 1 -- 172.21.15.31:0/932727051 wait complete.
2024-04-10T06:57:30.579 INFO:teuthology.orchestra.run.smithi031.stdout:Creating initial admin user...
2024-04-10T06:57:31.105 INFO:journalctl@ceph.mon.a.smithi031.stdout:Apr 10 06:57:30 smithi031 ceph-mon[29756]: mgrmap e12: x(active, since 2s)
2024-04-10T06:57:31.105 INFO:journalctl@ceph.mon.a.smithi031.stdout:Apr 10 06:57:30 smithi031 ceph-mon[29756]: from='client.14164 -' entity='client.admin' cmd=[{"prefix": "dashboard create-self-signed-cert", "target": ["mon-mgr", ""]}]: dispatch
2024-04-10T06:57:31.105 INFO:journalctl@ceph.mon.a.smithi031.stdout:Apr 10 06:57:30 smithi031 ceph-mon[29756]: from='mgr.14152 172.21.15.31:0/669659610' entity='mgr.x'
2024-04-10T06:57:31.105 INFO:journalctl@ceph.mon.a.smithi031.stdout:Apr 10 06:57:30 smithi031 ceph-mon[29756]: from='mgr.14152 172.21.15.31:0/669659610' entity='mgr.x'
2024-04-10T06:57:31.105 INFO:journalctl@ceph.mon.a.smithi031.stdout:Apr 10 06:57:30 smithi031 ceph-mon[29756]: from='mgr.14152 172.21.15.31:0/669659610' entity='mgr.x'
2024-04-10T06:57:32.106 INFO:journalctl@ceph.mon.a.smithi031.stdout:Apr 10 06:57:31 smithi031 ceph-mon[29756]: from='client.14166 -' entity='client.admin' cmd=[{"prefix": "dashboard ac-user-create", "username": "admin", "rolename": "administrator", "force_password": true, "pwd_update_required": true, "target": ["mon-mgr", ""]}]: dispatch
2024-04-10T06:57:32.106 INFO:journalctl@ceph.mon.a.smithi031.stdout:Apr 10 06:57:31 smithi031 ceph-mon[29756]: from='mgr.14152 172.21.15.31:0/669659610' entity='mgr.x'
2024-04-10T06:57:32.152 INFO:teuthology.orchestra.run.smithi031.stdout:/usr/bin/ceph: stdout {"username": "admin", "password": "$2b$12$BCyeIkH.oEnpFtwWcxe50exko8DDn9jZqobhB5nk0NxYbxK3Ts9km", "roles": ["administrator"], "name": null, "email": null, "lastUpdate": 1712732251, "enabled": true, "pwdExpirationDate": null, "pwdUpdateRequired": true}
2024-04-10T06:57:32.152 INFO:teuthology.orchestra.run.smithi031.stdout:/usr/bin/ceph: stderr
2024-04-10T06:57:30.969+0000 7fa8eee27700 1 Processor -- start
2024-04-10T06:57:32.152 INFO:teuthology.orchestra.run.smithi031.stdout:/usr/bin/ceph: stderr
2024-04-10T06:57:30.969+0000 7fa8eee27700 1 -- start start
2024-04-10T06:57:32.153 INFO:teuthology.orchestra.run.smithi031.stdout:/usr/bin/ceph: stderr
2024-04-10T06:57:30.969+0000 7fa8eee27700 1 --2- >> [v2:172.21.15.31:3300/0,v1:172.21.15.31:6789/0] conn(0x7fa8e807d6c0 0x7fa8e807bbc0 unknown :-1 s=NONE pgs=0 cs=0 l=0 rev1=0 crypto rx=0 tx=0 comp rx=0 tx=0).connect
2024-04-10T06:57:32.153 INFO:teuthology.orchestra.run.smithi031.stdout:/usr/bin/ceph: stderr
2024-04-10T06:57:30.969+0000 7fa8eee27700 1 -- --> [v2:172.21.15.31:3300/0,v1:172.21.15.31:6789/0] -- mon_getmap magic: 0 -- 0x7fa8e807c100 con 0x7fa8e807d6c0
2024-04-10T06:57:32.153 INFO:teuthology.orchestra.run.smithi031.stdout:/usr/bin/ceph: stderr
2024-04-10T06:57:30.970+0000 7fa8ecbc3700 1 --2- >> [v2:172.21.15.31:3300/0,v1:172.21.15.31:6789/0] conn(0x7fa8e807d6c0 0x7fa8e807bbc0 unknown :-1 s=BANNER_CONNECTING pgs=0 cs=0 l=0 rev1=0 crypto rx=0 tx=0 comp rx=0 tx=0)._handle_peer_banner_payload supported=3 required=0
2024-04-10T06:57:32.153 INFO:teuthology.orchestra.run.smithi031.stdout:/usr/bin/ceph: stderr
2024-04-10T06:57:30.970+0000 7fa8ecbc3700 1 --2- >> [v2:172.21.15.31:3300/0,v1:172.21.15.31:6789/0] conn(0x7fa8e807d6c0 0x7fa8e807bbc0 unknown :-1 s=HELLO_CONNECTING pgs=0 cs=0 l=0 rev1=1 crypto rx=0 tx=0 comp rx=0 tx=0).handle_hello peer v2:172.21.15.31:3300/0 says I am v2:172.21.15.31:51118/0 (socket says 172.21.15.31:51118)
2024-04-10T06:57:32.153 INFO:teuthology.orchestra.run.smithi031.stdout:/usr/bin/ceph: stderr
2024-04-10T06:57:30.970+0000 7fa8ecbc3700 1 -- 172.21.15.31:0/1190144519 learned_addr learned my addr 172.21.15.31:0/1190144519 (peer_addr_for_me v2:172.21.15.31:0/0)
2024-04-10T06:57:32.153 INFO:teuthology.orchestra.run.smithi031.stdout:/usr/bin/ceph: stderr
2024-04-10T06:57:30.970+0000 7fa8ecbc3700 1 -- 172.21.15.31:0/1190144519 --> [v2:172.21.15.31:3300/0,v1:172.21.15.31:6789/0] -- mon_subscribe({config=0+,monmap=0+}) -- 0x7fa8e807c280 con 0x7fa8e807d6c0
2024-04-10T06:57:32.153 INFO:teuthology.orchestra.run.smithi031.stdout:/usr/bin/ceph: stderr
2024-04-10T06:57:30.970+0000 7fa8ecbc3700 1 --2- 172.21.15.31:0/1190144519 >> [v2:172.21.15.31:3300/0,v1:172.21.15.31:6789/0] conn(0x7fa8e807d6c0 0x7fa8e807bbc0 secure :-1 s=READY pgs=72 cs=0 l=1 rev1=1 crypto rx=0x7fa8e0009e80 tx=0x7fa8e000b330 comp rx=0 tx=0).ready entity=mon.0 client_cookie=bf00fec3b8aac1c5 server_cookie=0 in_seq=0 out_seq=0
2024-04-10T06:57:32.153 INFO:teuthology.orchestra.run.smithi031.stdout:/usr/bin/ceph: stderr
2024-04-10T06:57:30.970+0000 7fa8e77fe700 1 -- 172.21.15.31:0/1190144519 <== mon.0 v2:172.21.15.31:3300/0 1 ==== mon_map magic: 0 ==== 205+0+0 (secure 0 0 0) 0x7fa8e0017070 con 0x7fa8e807d6c0
2024-04-10T06:57:32.153 INFO:teuthology.orchestra.run.smithi031.stdout:/usr/bin/ceph: stderr
2024-04-10T06:57:30.970+0000 7fa8e77fe700 1 -- 172.21.15.31:0/1190144519 <== mon.0 v2:172.21.15.31:3300/0 2 ==== config(26 keys) ==== 1102+0+0 (secure 0 0 0) 0x7fa8e000b8c0 con 0x7fa8e807d6c0
2024-04-10T06:57:32.153 INFO:teuthology.orchestra.run.smithi031.stdout:/usr/bin/ceph: stderr
2024-04-10T06:57:30.970+0000 7fa8e77fe700 1 -- 172.21.15.31:0/1190144519 <== mon.0 v2:172.21.15.31:3300/0 3 ==== mon_map magic: 0 ==== 205+0+0 (secure 0 0 0) 0x7fa8e0004490 con 0x7fa8e807d6c0
2024-04-10T06:57:32.153 INFO:teuthology.orchestra.run.smithi031.stdout:/usr/bin/ceph: stderr
2024-04-10T06:57:30.971+0000 7fa8eee27700 1 -- 172.21.15.31:0/1190144519 >> [v2:172.21.15.31:3300/0,v1:172.21.15.31:6789/0] conn(0x7fa8e807d6c0 msgr2=0x7fa8e807bbc0 secure :-1 s=STATE_CONNECTION_ESTABLISHED l=1).mark_down
2024-04-10T06:57:32.153 INFO:teuthology.orchestra.run.smithi031.stdout:/usr/bin/ceph: stderr
2024-04-10T06:57:30.971+0000 7fa8eee27700 1 --2- 172.21.15.31:0/1190144519 >> [v2:172.21.15.31:3300/0,v1:172.21.15.31:6789/0] conn(0x7fa8e807d6c0 0x7fa8e807bbc0 secure :-1 s=READY pgs=72 cs=0 l=1 rev1=1 crypto rx=0x7fa8e0009e80 tx=0x7fa8e000b330 comp rx=0 tx=0).stop
2024-04-10T06:57:32.154 INFO:teuthology.orchestra.run.smithi031.stdout:/usr/bin/ceph: stderr
2024-04-10T06:57:30.971+0000 7fa8eee27700 1 -- 172.21.15.31:0/1190144519 shutdown_connections
2024-04-10T06:57:32.154 INFO:teuthology.orchestra.run.smithi031.stdout:/usr/bin/ceph: stderr
2024-04-10T06:57:30.971+0000 7fa8eee27700 1 --2- 172.21.15.31:0/1190144519 >> [v2:172.21.15.31:3300/0,v1:172.21.15.31:6789/0] conn(0x7fa8e807d6c0 0x7fa8e807bbc0 unknown :-1 s=CLOSED pgs=72 cs=0 l=1 rev1=1 crypto rx=0 tx=0 comp rx=0 tx=0).stop
2024-04-10T06:57:32.154 INFO:teuthology.orchestra.run.smithi031.stdout:/usr/bin/ceph: stderr
2024-04-10T06:57:30.971+0000 7fa8eee27700 1 -- 172.21.15.31:0/1190144519 >> 172.21.15.31:0/1190144519 conn(0x7fa8e8102f30 msgr2=0x7fa8e8105390 unknown :-1 s=STATE_NONE l=0).mark_down
2024-04-10T06:57:32.154 INFO:teuthology.orchestra.run.smithi031.stdout:/usr/bin/ceph: stderr
2024-04-10T06:57:30.971+0000 7fa8eee27700 1 -- 172.21.15.31:0/1190144519 shutdown_connections
2024-04-10T06:57:32.154 INFO:teuthology.orchestra.run.smithi031.stdout:/usr/bin/ceph: stderr
2024-04-10T06:57:30.971+0000 7fa8eee27700 1 -- 172.21.15.31:0/1190144519 wait complete.
2024-04-10T06:57:32.154 INFO:teuthology.orchestra.run.smithi031.stdout:/usr/bin/ceph: stderr
2024-04-10T06:57:30.971+0000 7fa8eee27700 1 Processor -- start
2024-04-10T06:57:32.154 INFO:teuthology.orchestra.run.smithi031.stdout:/usr/bin/ceph: stderr
2024-04-10T06:57:30.971+0000 7fa8eee27700 1 -- start start
2024-04-10T06:57:32.154 INFO:teuthology.orchestra.run.smithi031.stdout:/usr/bin/ceph: stderr
2024-04-10T06:57:30.972+0000 7fa8eee27700 1 --2- >> [v2:172.21.15.31:3300/0,v1:172.21.15.31:6789/0] conn(0x7fa8e807d6c0 0x7fa8e819da90 unknown :-1 s=NONE pgs=0 cs=0 l=1 rev1=0 crypto rx=0 tx=0 comp rx=0 tx=0).connect
2024-04-10T06:57:32.154 INFO:teuthology.orchestra.run.smithi031.stdout:/usr/bin/ceph: stderr
2024-04-10T06:57:30.972+0000 7fa8eee27700 1 -- --> [v2:172.21.15.31:3300/0,v1:172.21.15.31:6789/0] -- mon_getmap magic: 0 -- 0x7fa8e810ded0 con 0x7fa8e807d6c0
2024-04-10T06:57:32.154 INFO:teuthology.orchestra.run.smithi031.stdout:/usr/bin/ceph: stderr
2024-04-10T06:57:30.972+0000 7fa8ecbc3700 1 --2- >> [v2:172.21.15.31:3300/0,v1:172.21.15.31:6789/0] conn(0x7fa8e807d6c0 0x7fa8e819da90 unknown :-1 s=BANNER_CONNECTING pgs=0 cs=0 l=1 rev1=0 crypto rx=0 tx=0 comp rx=0 tx=0)._handle_peer_banner_payload supported=3 required=0
2024-04-10T06:57:32.154 INFO:teuthology.orchestra.run.smithi031.stdout:/usr/bin/ceph: stderr
2024-04-10T06:57:30.972+0000 7fa8ecbc3700 1 --2- >> [v2:172.21.15.31:3300/0,v1:172.21.15.31:6789/0] conn(0x7fa8e807d6c0 0x7fa8e819da90 unknown :-1 s=HELLO_CONNECTING pgs=0 cs=0 l=1 rev1=1 crypto rx=0 tx=0 comp rx=0 tx=0).handle_hello peer v2:172.21.15.31:3300/0 says I am v2:172.21.15.31:51132/0 (socket says 172.21.15.31:51132)
2024-04-10T06:57:32.154 INFO:teuthology.orchestra.run.smithi031.stdout:/usr/bin/ceph: stderr
2024-04-10T06:57:30.972+0000 7fa8ecbc3700 1 -- 172.21.15.31:0/2489305785 learned_addr learned my addr 172.21.15.31:0/2489305785 (peer_addr_for_me v2:172.21.15.31:0/0)
2024-04-10T06:57:32.154 INFO:teuthology.orchestra.run.smithi031.stdout:/usr/bin/ceph: stderr
2024-04-10T06:57:30.972+0000 7fa8ecbc3700 1 -- 172.21.15.31:0/2489305785 --> [v2:172.21.15.31:3300/0,v1:172.21.15.31:6789/0] -- mon_subscribe({config=0+,monmap=0+}) -- 0x7fa8e819dfd0 con 0x7fa8e807d6c0
2024-04-10T06:57:32.154 INFO:teuthology.orchestra.run.smithi031.stdout:/usr/bin/ceph: stderr
2024-04-10T06:57:30.972+0000 7fa8ecbc3700 1 --2- 172.21.15.31:0/2489305785 >> [v2:172.21.15.31:3300/0,v1:172.21.15.31:6789/0] conn(0x7fa8e807d6c0 0x7fa8e819da90 secure :-1 s=READY pgs=73 cs=0 l=1 rev1=1 crypto rx=0x7fa8e00072a0 tx=0x7fa8e0003d00 comp rx=0 tx=0).ready entity=mon.0 client_cookie=0 server_cookie=0 in_seq=0 out_seq=0
2024-04-10T06:57:32.155 INFO:teuthology.orchestra.run.smithi031.stdout:/usr/bin/ceph: stderr
2024-04-10T06:57:30.972+0000 7fa8e5ffb700 1 -- 172.21.15.31:0/2489305785 <== mon.0 v2:172.21.15.31:3300/0 1 ==== mon_map magic: 0 ==== 205+0+0 (secure 0 0 0) 0x7fa8e0020020 con 0x7fa8e807d6c0
2024-04-10T06:57:32.155 INFO:teuthology.orchestra.run.smithi031.stdout:/usr/bin/ceph: stderr
2024-04-10T06:57:30.972+0000 7fa8e5ffb700 1 -- 172.21.15.31:0/2489305785 <== mon.0 v2:172.21.15.31:3300/0 2 ==== config(26 keys) ==== 1102+0+0 (secure 0 0 0) 0x7fa8e000bba0 con 0x7fa8e807d6c0
2024-04-10T06:57:32.155 INFO:teuthology.orchestra.run.smithi031.stdout:/usr/bin/ceph: stderr
2024-04-10T06:57:30.972+0000 7fa8eee27700 1 -- 172.21.15.31:0/2489305785 --> [v2:172.21.15.31:3300/0,v1:172.21.15.31:6789/0] -- mon_subscribe({mgrmap=0+}) -- 0x7fa8e819e260 con 0x7fa8e807d6c0
2024-04-10T06:57:32.155 INFO:teuthology.orchestra.run.smithi031.stdout:/usr/bin/ceph: stderr
2024-04-10T06:57:30.972+0000 7fa8e5ffb700 1 -- 172.21.15.31:0/2489305785 <== mon.0 v2:172.21.15.31:3300/0 3 ==== mon_map magic: 0 ==== 205+0+0 (secure 0 0 0) 0x7fa8e0017040 con 0x7fa8e807d6c0
2024-04-10T06:57:32.155 INFO:teuthology.orchestra.run.smithi031.stdout:/usr/bin/ceph: stderr
2024-04-10T06:57:30.972+0000 7fa8eee27700 1 -- 172.21.15.31:0/2489305785 --> [v2:172.21.15.31:3300/0,v1:172.21.15.31:6789/0] -- mon_subscribe({osdmap=0}) -- 0x7fa8e81a0f50 con 0x7fa8e807d6c0
2024-04-10T06:57:32.155 INFO:teuthology.orchestra.run.smithi031.stdout:/usr/bin/ceph: stderr
2024-04-10T06:57:30.973+0000 7fa8e5ffb700 1 -- 172.21.15.31:0/2489305785 <== mon.0 v2:172.21.15.31:3300/0 4 ==== mgrmap(e 12) ==== 46571+0+0 (secure 0 0 0) 0x7fa8e0023020 con 0x7fa8e807d6c0
2024-04-10T06:57:32.155 INFO:teuthology.orchestra.run.smithi031.stdout:/usr/bin/ceph: stderr
2024-04-10T06:57:30.973+0000 7fa8eee27700 1 -- 172.21.15.31:0/2489305785 --> [v2:172.21.15.31:3300/0,v1:172.21.15.31:6789/0] -- mon_command({"prefix": "get_command_descriptions"} v 0) -- 0x7fa8e8064110 con 0x7fa8e807d6c0
2024-04-10T06:57:32.155 INFO:teuthology.orchestra.run.smithi031.stdout:/usr/bin/ceph: stderr
2024-04-10T06:57:30.973+0000 7fa8e5ffb700 1 --2- 172.21.15.31:0/2489305785 >> [v2:172.21.15.31:6800/3361908771,v1:172.21.15.31:6801/3361908771] conn(0x7fa8d4039610 0x7fa8d403bad0 unknown :-1 s=NONE pgs=0 cs=0 l=1 rev1=0 crypto rx=0 tx=0 comp rx=0 tx=0).connect
2024-04-10T06:57:32.155 INFO:teuthology.orchestra.run.smithi031.stdout:/usr/bin/ceph: stderr
2024-04-10T06:57:30.973+0000 7fa8e5ffb700 1 -- 172.21.15.31:0/2489305785 <== mon.0 v2:172.21.15.31:3300/0 5 ==== osd_map(3..3 src has 1..3) ==== 1155+0+0 (secure 0 0 0) 0x7fa8e000f050 con 0x7fa8e807d6c0
2024-04-10T06:57:32.155 INFO:teuthology.orchestra.run.smithi031.stdout:/usr/bin/ceph: stderr
2024-04-10T06:57:30.974+0000 7fa8e7fff700 1 --2- 172.21.15.31:0/2489305785 >> [v2:172.21.15.31:6800/3361908771,v1:172.21.15.31:6801/3361908771] conn(0x7fa8d4039610 0x7fa8d403bad0 unknown :-1 s=BANNER_CONNECTING pgs=0 cs=0 l=1 rev1=0 crypto rx=0 tx=0 comp rx=0 tx=0)._handle_peer_banner_payload supported=3 required=0
2024-04-10T06:57:32.155 INFO:teuthology.orchestra.run.smithi031.stdout:/usr/bin/ceph: stderr
2024-04-10T06:57:30.974+0000 7fa8e7fff700 1 --2- 172.21.15.31:0/2489305785 >> [v2:172.21.15.31:6800/3361908771,v1:172.21.15.31:6801/3361908771] conn(0x7fa8d4039610 0x7fa8d403bad0 secure :-1 s=READY pgs=8 cs=0 l=1 rev1=1 crypto rx=0x7fa8d0006fd0 tx=0x7fa8d0006e40 comp rx=0 tx=0).ready entity=mgr.14152 client_cookie=0 server_cookie=0 in_seq=0 out_seq=0
2024-04-10T06:57:32.155 INFO:teuthology.orchestra.run.smithi031.stdout:/usr/bin/ceph: stderr
2024-04-10T06:57:30.979+0000 7fa8e5ffb700 1 -- 172.21.15.31:0/2489305785 <== mon.0 v2:172.21.15.31:3300/0 6 ==== mon_command_ack([{"prefix": "get_command_descriptions"}]=0 v0) ==== 72+0+188297 (secure 0 0 0) 0x7fa8e002a020 con 0x7fa8e807d6c0
2024-04-10T06:57:32.155 INFO:teuthology.orchestra.run.smithi031.stdout:/usr/bin/ceph: stderr
2024-04-10T06:57:31.222+0000 7fa8eee27700 1 -- 172.21.15.31:0/2489305785 --> [v2:172.21.15.31:6800/3361908771,v1:172.21.15.31:6801/3361908771] -- mgr_command(tid 0: {"prefix": "dashboard ac-user-create", "username": "admin", "rolename": "administrator", "force_password": true, "pwd_update_required": true, "target": ["mon-mgr", ""]}) -- 0x7fa8e8104200 con 0x7fa8d4039610
2024-04-10T06:57:32.156 INFO:teuthology.orchestra.run.smithi031.stdout:/usr/bin/ceph: stderr
2024-04-10T06:57:31.469+0000 7fa8e5ffb700 1 -- 172.21.15.31:0/2489305785 <== mgr.14152 v2:172.21.15.31:6800/3361908771 1 ==== mgr_command_reply(tid 0: 0 ) ==== 8+0+252 (secure 0 0 0) 0x7fa8e8104200 con 0x7fa8d4039610
2024-04-10T06:57:32.156 INFO:teuthology.orchestra.run.smithi031.stdout:/usr/bin/ceph: stderr
2024-04-10T06:57:31.471+0000 7fa8eee27700 1 -- 172.21.15.31:0/2489305785 >> [v2:172.21.15.31:6800/3361908771,v1:172.21.15.31:6801/3361908771] conn(0x7fa8d4039610 msgr2=0x7fa8d403bad0 secure :-1 s=STATE_CONNECTION_ESTABLISHED l=1).mark_down
2024-04-10T06:57:32.156 INFO:teuthology.orchestra.run.smithi031.stdout:/usr/bin/ceph: stderr
2024-04-10T06:57:31.471+0000 7fa8eee27700 1 --2- 172.21.15.31:0/2489305785 >> [v2:172.21.15.31:6800/3361908771,v1:172.21.15.31:6801/3361908771] conn(0x7fa8d4039610 0x7fa8d403bad0 secure :-1 s=READY pgs=8 cs=0 l=1 rev1=1 crypto rx=0x7fa8d0006fd0 tx=0x7fa8d0006e40 comp rx=0 tx=0).stop
2024-04-10T06:57:32.156 INFO:teuthology.orchestra.run.smithi031.stdout:/usr/bin/ceph: stderr
2024-04-10T06:57:31.471+0000 7fa8eee27700 1 -- 172.21.15.31:0/2489305785 >> [v2:172.21.15.31:3300/0,v1:172.21.15.31:6789/0] conn(0x7fa8e807d6c0 msgr2=0x7fa8e819da90 secure :-1 s=STATE_CONNECTION_ESTABLISHED l=1).mark_down
2024-04-10T06:57:32.156 INFO:teuthology.orchestra.run.smithi031.stdout:/usr/bin/ceph: stderr
2024-04-10T06:57:31.471+0000 7fa8eee27700 1 --2- 172.21.15.31:0/2489305785 >> [v2:172.21.15.31:3300/0,v1:172.21.15.31:6789/0] conn(0x7fa8e807d6c0 0x7fa8e819da90 secure :-1 s=READY pgs=73 cs=0 l=1 rev1=1 crypto rx=0x7fa8e00072a0 tx=0x7fa8e0003d00 comp rx=0 tx=0).stop
2024-04-10T06:57:32.156 INFO:teuthology.orchestra.run.smithi031.stdout:/usr/bin/ceph: stderr
2024-04-10T06:57:31.471+0000 7fa8eee27700 1 -- 172.21.15.31:0/2489305785 shutdown_connections
2024-04-10T06:57:32.156 INFO:teuthology.orchestra.run.smithi031.stdout:/usr/bin/ceph: stderr
2024-04-10T06:57:31.471+0000 7fa8eee27700 1 --2- 172.21.15.31:0/2489305785 >> [v2:172.21.15.31:6800/3361908771,v1:172.21.15.31:6801/3361908771] conn(0x7fa8d4039610 0x7fa8d403bad0 unknown :-1 s=CLOSED pgs=8 cs=0 l=1 rev1=1 crypto rx=0 tx=0 comp rx=0 tx=0).stop
2024-04-10T06:57:32.156 INFO:teuthology.orchestra.run.smithi031.stdout:/usr/bin/ceph: stderr
2024-04-10T06:57:31.471+0000 7fa8eee27700 1 --2- 172.21.15.31:0/2489305785 >> [v2:172.21.15.31:3300/0,v1:172.21.15.31:6789/0] conn(0x7fa8e807d6c0 0x7fa8e819da90 unknown :-1 s=CLOSED pgs=73 cs=0 l=1 rev1=1 crypto rx=0 tx=0 comp rx=0 tx=0).stop
2024-04-10T06:57:32.156 INFO:teuthology.orchestra.run.smithi031.stdout:/usr/bin/ceph: stderr
2024-04-10T06:57:31.471+0000 7fa8eee27700 1 -- 172.21.15.31:0/2489305785 >> 172.21.15.31:0/2489305785 conn(0x7fa8e8102f30 msgr2=0x7fa8e8103af0 unknown :-1 s=STATE_NONE l=0).mark_down
2024-04-10T06:57:32.156 INFO:teuthology.orchestra.run.smithi031.stdout:/usr/bin/ceph: stderr
2024-04-10T06:57:31.471+0000 7fa8eee27700 1 -- 172.21.15.31:0/2489305785 shutdown_connections
2024-04-10T06:57:32.156 INFO:teuthology.orchestra.run.smithi031.stdout:/usr/bin/ceph: stderr
2024-04-10T06:57:31.471+0000 7fa8eee27700 1 -- 172.21.15.31:0/2489305785 wait complete.
2024-04-10T06:57:32.156 INFO:teuthology.orchestra.run.smithi031.stdout:Fetching dashboard port number...
2024-04-10T06:57:33.105 INFO:journalctl@ceph.mon.a.smithi031.stdout:Apr 10 06:57:32 smithi031 ceph-mon[29756]: from='client.? 172.21.15.31:0/2812693961' entity='client.admin' cmd=[{"prefix": "config get", "who": "mgr", "key": "mgr/dashboard/ssl_server_port"}]: dispatch
2024-04-10T06:57:33.410 INFO:teuthology.orchestra.run.smithi031.stdout:/usr/bin/ceph: stdout 8443
2024-04-10T06:57:33.410 INFO:teuthology.orchestra.run.smithi031.stdout:/usr/bin/ceph: stderr
2024-04-10T06:57:32.584+0000 7f000f424700 1 Processor -- start
2024-04-10T06:57:33.410 INFO:teuthology.orchestra.run.smithi031.stdout:/usr/bin/ceph: stderr
2024-04-10T06:57:32.585+0000 7f000f424700 1 -- start start
2024-04-10T06:57:33.411 INFO:teuthology.orchestra.run.smithi031.stdout:/usr/bin/ceph: stderr
2024-04-10T06:57:32.585+0000 7f000f424700 1 --2- >> [v2:172.21.15.31:3300/0,v1:172.21.15.31:6789/0] conn(0x7f0008108400 0x7f000810a7f0 unknown :-1 s=NONE pgs=0 cs=0 l=0 rev1=0 crypto rx=0 tx=0 comp rx=0 tx=0).connect
2024-04-10T06:57:33.411 INFO:teuthology.orchestra.run.smithi031.stdout:/usr/bin/ceph: stderr
2024-04-10T06:57:32.585+0000 7f000f424700 1 -- --> [v2:172.21.15.31:3300/0,v1:172.21.15.31:6789/0] -- mon_getmap magic: 0 -- 0x7f000807b710 con 0x7f0008108400
2024-04-10T06:57:33.411 INFO:teuthology.orchestra.run.smithi031.stdout:/usr/bin/ceph: stderr
2024-04-10T06:57:32.585+0000 7f000d1c0700 1 --2- >> [v2:172.21.15.31:3300/0,v1:172.21.15.31:6789/0] conn(0x7f0008108400 0x7f000810a7f0 unknown :-1 s=BANNER_CONNECTING pgs=0 cs=0 l=0 rev1=0 crypto rx=0 tx=0 comp rx=0 tx=0)._handle_peer_banner_payload supported=3 required=0
2024-04-10T06:57:33.411 INFO:teuthology.orchestra.run.smithi031.stdout:/usr/bin/ceph: stderr
2024-04-10T06:57:32.585+0000 7f000d1c0700 1 --2- >> [v2:172.21.15.31:3300/0,v1:172.21.15.31:6789/0] conn(0x7f0008108400 0x7f000810a7f0 unknown :-1 s=HELLO_CONNECTING pgs=0 cs=0 l=0 rev1=1 crypto rx=0 tx=0 comp rx=0 tx=0).handle_hello peer v2:172.21.15.31:3300/0 says I am v2:172.21.15.31:51140/0 (socket says 172.21.15.31:51140)
2024-04-10T06:57:33.411 INFO:teuthology.orchestra.run.smithi031.stdout:/usr/bin/ceph: stderr
2024-04-10T06:57:32.585+0000 7f000d1c0700 1 -- 172.21.15.31:0/2959765838 learned_addr learned my addr 172.21.15.31:0/2959765838 (peer_addr_for_me v2:172.21.15.31:0/0)
2024-04-10T06:57:33.411 INFO:teuthology.orchestra.run.smithi031.stdout:/usr/bin/ceph: stderr
2024-04-10T06:57:32.585+0000 7f000d1c0700 1 -- 172.21.15.31:0/2959765838 --> [v2:172.21.15.31:3300/0,v1:172.21.15.31:6789/0] -- mon_subscribe({config=0+,monmap=0+}) -- 0x7f000810ad30 con 0x7f0008108400
2024-04-10T06:57:33.411 INFO:teuthology.orchestra.run.smithi031.stdout:/usr/bin/ceph: stderr
2024-04-10T06:57:32.586+0000 7f000d1c0700 1 --2- 172.21.15.31:0/2959765838 >> [v2:172.21.15.31:3300/0,v1:172.21.15.31:6789/0] conn(0x7f0008108400 0x7f000810a7f0 secure :-1 s=READY pgs=74 cs=0 l=1 rev1=1 crypto rx=0x7f00040098a0 tx=0x7f0004009bb0 comp rx=0 tx=0).ready entity=mon.0 client_cookie=800604fd964d78a4 server_cookie=0 in_seq=0 out_seq=0
2024-04-10T06:57:33.411 INFO:teuthology.orchestra.run.smithi031.stdout:/usr/bin/ceph: stderr
2024-04-10T06:57:32.586+0000 7efffffff700 1 -- 172.21.15.31:0/2959765838 <== mon.0 v2:172.21.15.31:3300/0 1 ==== mon_map magic: 0 ==== 205+0+0 (secure 0 0 0) 0x7f0004004160 con 0x7f0008108400
2024-04-10T06:57:33.411 INFO:teuthology.orchestra.run.smithi031.stdout:/usr/bin/ceph: stderr
2024-04-10T06:57:32.586+0000 7efffffff700 1 -- 172.21.15.31:0/2959765838 <== mon.0 v2:172.21.15.31:3300/0 2 ==== config(26 keys) ==== 1102+0+0 (secure 0 0 0) 0x7f0004004300 con 0x7f0008108400
2024-04-10T06:57:33.411 INFO:teuthology.orchestra.run.smithi031.stdout:/usr/bin/ceph: stderr
2024-04-10T06:57:32.586+0000 7efffffff700 1 -- 172.21.15.31:0/2959765838 <== mon.0 v2:172.21.15.31:3300/0 3 ==== mon_map magic: 0 ==== 205+0+0 (secure 0 0 0) 0x7f0004011a50 con 0x7f0008108400
2024-04-10T06:57:33.411 INFO:teuthology.orchestra.run.smithi031.stdout:/usr/bin/ceph: stderr
2024-04-10T06:57:32.586+0000 7f000f424700 1 -- 172.21.15.31:0/2959765838 >> [v2:172.21.15.31:3300/0,v1:172.21.15.31:6789/0] conn(0x7f0008108400 msgr2=0x7f000810a7f0 secure :-1 s=STATE_CONNECTION_ESTABLISHED l=1).mark_down
2024-04-10T06:57:33.411 INFO:teuthology.orchestra.run.smithi031.stdout:/usr/bin/ceph: stderr
2024-04-10T06:57:32.586+0000 7f000f424700 1 --2- 172.21.15.31:0/2959765838 >> [v2:172.21.15.31:3300/0,v1:172.21.15.31:6789/0] conn(0x7f0008108400 0x7f000810a7f0 secure :-1 s=READY pgs=74 cs=0 l=1 rev1=1 crypto rx=0x7f00040098a0 tx=0x7f0004009bb0 comp rx=0 tx=0).stop
2024-04-10T06:57:33.411 INFO:teuthology.orchestra.run.smithi031.stdout:/usr/bin/ceph: stderr
2024-04-10T06:57:32.586+0000 7f000f424700 1 -- 172.21.15.31:0/2959765838 shutdown_connections
2024-04-10T06:57:33.412 INFO:teuthology.orchestra.run.smithi031.stdout:/usr/bin/ceph: stderr
2024-04-10T06:57:32.586+0000 7f000f424700 1 --2- 172.21.15.31:0/2959765838 >> [v2:172.21.15.31:3300/0,v1:172.21.15.31:6789/0] conn(0x7f0008108400 0x7f000810a7f0 unknown :-1 s=CLOSED pgs=74 cs=0 l=1 rev1=1 crypto rx=0 tx=0 comp rx=0 tx=0).stop
2024-04-10T06:57:33.412 INFO:teuthology.orchestra.run.smithi031.stdout:/usr/bin/ceph: stderr
2024-04-10T06:57:32.586+0000 7f000f424700 1 -- 172.21.15.31:0/2959765838 >> 172.21.15.31:0/2959765838 conn(0x7f0008101db0 msgr2=0x7f0008104230 unknown :-1 s=STATE_NONE l=0).mark_down
2024-04-10T06:57:33.412 INFO:teuthology.orchestra.run.smithi031.stdout:/usr/bin/ceph: stderr
2024-04-10T06:57:32.586+0000 7f000f424700 1 -- 172.21.15.31:0/2959765838 shutdown_connections
2024-04-10T06:57:33.412 INFO:teuthology.orchestra.run.smithi031.stdout:/usr/bin/ceph: stderr
2024-04-10T06:57:32.586+0000 7f000f424700 1 -- 172.21.15.31:0/2959765838 wait complete.
2024-04-10T06:57:33.412 INFO:teuthology.orchestra.run.smithi031.stdout:/usr/bin/ceph: stderr
2024-04-10T06:57:32.587+0000 7f000f424700 1 Processor -- start
2024-04-10T06:57:33.412 INFO:teuthology.orchestra.run.smithi031.stdout:/usr/bin/ceph: stderr
2024-04-10T06:57:32.587+0000 7f000f424700 1 -- start start
2024-04-10T06:57:33.412 INFO:teuthology.orchestra.run.smithi031.stdout:/usr/bin/ceph: stderr
2024-04-10T06:57:32.587+0000 7f000f424700 1 --2- >> [v2:172.21.15.31:3300/0,v1:172.21.15.31:6789/0] conn(0x7f0008108400 0x7f0008107c80 unknown :-1 s=NONE pgs=0 cs=0 l=1 rev1=0 crypto rx=0 tx=0 comp rx=0 tx=0).connect
2024-04-10T06:57:33.412 INFO:teuthology.orchestra.run.smithi031.stdout:/usr/bin/ceph: stderr
2024-04-10T06:57:32.587+0000 7f000f424700 1 -- --> [v2:172.21.15.31:3300/0,v1:172.21.15.31:6789/0] -- mon_getmap magic: 0 -- 0x7f000810bd30 con 0x7f0008108400
2024-04-10T06:57:33.412 INFO:teuthology.orchestra.run.smithi031.stdout:/usr/bin/ceph: stderr
2024-04-10T06:57:32.587+0000 7f000d1c0700 1 --2- >> [v2:172.21.15.31:3300/0,v1:172.21.15.31:6789/0] conn(0x7f0008108400 0x7f0008107c80 unknown :-1 s=BANNER_CONNECTING pgs=0 cs=0 l=1 rev1=0 crypto rx=0 tx=0 comp rx=0 tx=0)._handle_peer_banner_payload supported=3 required=0
2024-04-10T06:57:33.412 INFO:teuthology.orchestra.run.smithi031.stdout:/usr/bin/ceph: stderr
2024-04-10T06:57:32.587+0000 7f000d1c0700 1 --2- >> [v2:172.21.15.31:3300/0,v1:172.21.15.31:6789/0] conn(0x7f0008108400 0x7f0008107c80 unknown :-1 s=HELLO_CONNECTING pgs=0 cs=0 l=1 rev1=1 crypto rx=0 tx=0 comp rx=0 tx=0).handle_hello peer v2:172.21.15.31:3300/0 says I am v2:172.21.15.31:51144/0 (socket says 172.21.15.31:51144)
2024-04-10T06:57:33.412 INFO:teuthology.orchestra.run.smithi031.stdout:/usr/bin/ceph: stderr
2024-04-10T06:57:32.587+0000 7f000d1c0700 1 -- 172.21.15.31:0/2812693961 learned_addr learned my addr 172.21.15.31:0/2812693961 (peer_addr_for_me v2:172.21.15.31:0/0)
2024-04-10T06:57:33.412 INFO:teuthology.orchestra.run.smithi031.stdout:/usr/bin/ceph: stderr
2024-04-10T06:57:32.588+0000 7f000d1c0700 1 -- 172.21.15.31:0/2812693961 --> [v2:172.21.15.31:3300/0,v1:172.21.15.31:6789/0] -- mon_subscribe({config=0+,monmap=0+}) -- 0x7f00081081c0 con 0x7f0008108400
2024-04-10T06:57:33.412 INFO:teuthology.orchestra.run.smithi031.stdout:/usr/bin/ceph: stderr
2024-04-10T06:57:32.588+0000 7f000d1c0700 1 --2- 172.21.15.31:0/2812693961 >> [v2:172.21.15.31:3300/0,v1:172.21.15.31:6789/0] conn(0x7f0008108400 0x7f0008107c80 secure :-1 s=READY pgs=75 cs=0 l=1 rev1=1 crypto rx=0x7f0004011a00 tx=0x7f0004011ae0 comp rx=0 tx=0).ready entity=mon.0 client_cookie=0 server_cookie=0 in_seq=0 out_seq=0
2024-04-10T06:57:33.412 INFO:teuthology.orchestra.run.smithi031.stdout:/usr/bin/ceph: stderr
2024-04-10T06:57:32.588+0000 7efffe7fc700 1 -- 172.21.15.31:0/2812693961 <== mon.0 v2:172.21.15.31:3300/0 1 ==== mon_map magic: 0 ==== 205+0+0 (secure 0 0 0) 0x7f0004003af0 con 0x7f0008108400
2024-04-10T06:57:33.413 INFO:teuthology.orchestra.run.smithi031.stdout:/usr/bin/ceph: stderr
2024-04-10T06:57:32.588+0000 7efffe7fc700 1 -- 172.21.15.31:0/2812693961 <== mon.0 v2:172.21.15.31:3300/0 2 ==== config(26 keys) ==== 1102+0+0 (secure 0 0 0) 0x7f000401a8e0 con 0x7f0008108400
2024-04-10T06:57:33.413 INFO:teuthology.orchestra.run.smithi031.stdout:/usr/bin/ceph: stderr
2024-04-10T06:57:32.588+0000 7f000f424700 1 -- 172.21.15.31:0/2812693961 --> [v2:172.21.15.31:3300/0,v1:172.21.15.31:6789/0] -- mon_subscribe({mgrmap=0+}) -- 0x7f00081063b0 con 0x7f0008108400
2024-04-10T06:57:33.413 INFO:teuthology.orchestra.run.smithi031.stdout:/usr/bin/ceph: stderr
2024-04-10T06:57:32.588+0000 7efffe7fc700 1 -- 172.21.15.31:0/2812693961 <== mon.0 v2:172.21.15.31:3300/0 3 ==== mon_map magic: 0 ==== 205+0+0 (secure 0 0 0) 0x7f0004024840 con 0x7f0008108400
2024-04-10T06:57:33.413 INFO:teuthology.orchestra.run.smithi031.stdout:/usr/bin/ceph: stderr
2024-04-10T06:57:32.588+0000 7f000f424700 1 -- 172.21.15.31:0/2812693961 --> [v2:172.21.15.31:3300/0,v1:172.21.15.31:6789/0] -- mon_subscribe({osdmap=0}) -- 0x7f00081068f0 con 0x7f0008108400
2024-04-10T06:57:33.413 INFO:teuthology.orchestra.run.smithi031.stdout:/usr/bin/ceph: stderr
2024-04-10T06:57:32.589+0000 7efffe7fc700 1 -- 172.21.15.31:0/2812693961 <== mon.0 v2:172.21.15.31:3300/0 4 ==== mgrmap(e 12) ==== 46571+0+0 (secure 0 0 0) 0x7f0004022020 con 0x7f0008108400
2024-04-10T06:57:33.413 INFO:teuthology.orchestra.run.smithi031.stdout:/usr/bin/ceph: stderr
2024-04-10T06:57:32.589+0000 7f000f424700 1 -- 172.21.15.31:0/2812693961 --> [v2:172.21.15.31:3300/0,v1:172.21.15.31:6789/0] -- mon_command({"prefix": "get_command_descriptions"} v 0) -- 0x7f0008064110 con 0x7f0008108400
2024-04-10T06:57:33.413 INFO:teuthology.orchestra.run.smithi031.stdout:/usr/bin/ceph: stderr
2024-04-10T06:57:32.589+0000 7efffe7fc700 1 --2- 172.21.15.31:0/2812693961 >> [v2:172.21.15.31:6800/3361908771,v1:172.21.15.31:6801/3361908771] conn(0x7efff4039600 0x7efff403bac0 unknown :-1 s=NONE pgs=0 cs=0 l=1 rev1=0 crypto rx=0 tx=0 comp rx=0 tx=0).connect
2024-04-10T06:57:33.413 INFO:teuthology.orchestra.run.smithi031.stdout:/usr/bin/ceph: stderr
2024-04-10T06:57:32.589+0000 7efffe7fc700 1 -- 172.21.15.31:0/2812693961 <== mon.0 v2:172.21.15.31:3300/0 5 ==== osd_map(3..3 src has 1..3) ==== 1155+0+0 (secure 0 0 0) 0x7f000404db70 con 0x7f0008108400
2024-04-10T06:57:33.413 INFO:teuthology.orchestra.run.smithi031.stdout:/usr/bin/ceph: stderr
2024-04-10T06:57:32.589+0000 7f000c9bf700 1 --2- 172.21.15.31:0/2812693961 >> [v2:172.21.15.31:6800/3361908771,v1:172.21.15.31:6801/3361908771] conn(0x7efff4039600 0x7efff403bac0 unknown :-1 s=BANNER_CONNECTING pgs=0 cs=0 l=1 rev1=0 crypto rx=0 tx=0 comp rx=0 tx=0)._handle_peer_banner_payload supported=3 required=0
2024-04-10T06:57:33.413 INFO:teuthology.orchestra.run.smithi031.stdout:/usr/bin/ceph: stderr
2024-04-10T06:57:32.589+0000 7f000c9bf700 1 --2- 172.21.15.31:0/2812693961 >> [v2:172.21.15.31:6800/3361908771,v1:172.21.15.31:6801/3361908771] conn(0x7efff4039600 0x7efff403bac0 secure :-1 s=READY pgs=9 cs=0 l=1 rev1=1 crypto rx=0x7efff8006fd0 tx=0x7efff8006e40 comp rx=0 tx=0).ready entity=mgr.14152 client_cookie=0 server_cookie=0 in_seq=0 out_seq=0
2024-04-10T06:57:33.413 INFO:teuthology.orchestra.run.smithi031.stdout:/usr/bin/ceph: stderr
2024-04-10T06:57:32.594+0000 7efffe7fc700 1 -- 172.21.15.31:0/2812693961 <== mon.0 v2:172.21.15.31:3300/0 6 ==== mon_command_ack([{"prefix": "get_command_descriptions"}]=0 v0) ==== 72+0+188297 (secure 0 0 0) 0x7f000400b3e0 con 0x7f0008108400
2024-04-10T06:57:33.413 INFO:teuthology.orchestra.run.smithi031.stdout:/usr/bin/ceph: stderr
2024-04-10T06:57:32.805+0000 7f000f424700 1 -- 172.21.15.31:0/2812693961 --> [v2:172.21.15.31:3300/0,v1:172.21.15.31:6789/0] -- mon_command({"prefix": "config get", "who": "mgr", "key": "mgr/dashboard/ssl_server_port"} v 0) -- 0x7f0008106b70 con 0x7f0008108400
2024-04-10T06:57:33.413 INFO:teuthology.orchestra.run.smithi031.stdout:/usr/bin/ceph: stderr
2024-04-10T06:57:32.806+0000 7efffe7fc700 1 -- 172.21.15.31:0/2812693961 <== mon.0 v2:172.21.15.31:3300/0 7 ==== mon_command_ack([{"prefix": "config get", "who": "mgr", "key": "mgr/dashboard/ssl_server_port"}]=0 v8) ==== 112+0+5 (secure 0 0 0) 0x7f0004016260 con 0x7f0008108400
2024-04-10T06:57:33.413 INFO:teuthology.orchestra.run.smithi031.stdout:/usr/bin/ceph: stderr
2024-04-10T06:57:32.808+0000 7f000f424700 1 -- 172.21.15.31:0/2812693961 >> [v2:172.21.15.31:6800/3361908771,v1:172.21.15.31:6801/3361908771] conn(0x7efff4039600 msgr2=0x7efff403bac0 secure :-1 s=STATE_CONNECTION_ESTABLISHED l=1).mark_down
2024-04-10T06:57:33.414 INFO:teuthology.orchestra.run.smithi031.stdout:/usr/bin/ceph: stderr
2024-04-10T06:57:32.808+0000 7f000f424700 1 --2- 172.21.15.31:0/2812693961 >> [v2:172.21.15.31:6800/3361908771,v1:172.21.15.31:6801/3361908771] conn(0x7efff4039600 0x7efff403bac0 secure :-1 s=READY pgs=9 cs=0 l=1 rev1=1 crypto rx=0x7efff8006fd0 tx=0x7efff8006e40 comp rx=0 tx=0).stop
2024-04-10T06:57:33.414 INFO:teuthology.orchestra.run.smithi031.stdout:/usr/bin/ceph: stderr
2024-04-10T06:57:32.808+0000 7f000f424700 1 -- 172.21.15.31:0/2812693961 >> [v2:172.21.15.31:3300/0,v1:172.21.15.31:6789/0] conn(0x7f0008108400 msgr2=0x7f0008107c80 secure :-1 s=STATE_CONNECTION_ESTABLISHED l=1).mark_down
2024-04-10T06:57:33.414 INFO:teuthology.orchestra.run.smithi031.stdout:/usr/bin/ceph: stderr
2024-04-10T06:57:32.808+0000 7f000f424700 1 --2- 172.21.15.31:0/2812693961 >> [v2:172.21.15.31:3300/0,v1:172.21.15.31:6789/0] conn(0x7f0008108400 0x7f0008107c80 secure :-1 s=READY pgs=75 cs=0 l=1 rev1=1 crypto rx=0x7f0004011a00 tx=0x7f0004011ae0 comp rx=0 tx=0).stop
2024-04-10T06:57:33.414 INFO:teuthology.orchestra.run.smithi031.stdout:/usr/bin/ceph: stderr
2024-04-10T06:57:32.808+0000 7f000f424700 1 -- 172.21.15.31:0/2812693961 shutdown_connections
2024-04-10T06:57:33.414 INFO:teuthology.orchestra.run.smithi031.stdout:/usr/bin/ceph: stderr
2024-04-10T06:57:32.808+0000 7f000f424700 1 --2- 172.21.15.31:0/2812693961 >> [v2:172.21.15.31:6800/3361908771,v1:172.21.15.31:6801/3361908771] conn(0x7efff4039600 0x7efff403bac0 unknown :-1 s=CLOSED pgs=9 cs=0 l=1 rev1=1 crypto rx=0 tx=0 comp rx=0 tx=0).stop
2024-04-10T06:57:33.414 INFO:teuthology.orchestra.run.smithi031.stdout:/usr/bin/ceph: stderr
2024-04-10T06:57:32.808+0000 7f000f424700 1 --2- 172.21.15.31:0/2812693961 >> [v2:172.21.15.31:3300/0,v1:172.21.15.31:6789/0] conn(0x7f0008108400 0x7f0008107c80 unknown :-1 s=CLOSED pgs=75 cs=0 l=1 rev1=1 crypto rx=0 tx=0 comp rx=0 tx=0).stop
2024-04-10T06:57:33.414 INFO:teuthology.orchestra.run.smithi031.stdout:/usr/bin/ceph: stderr
2024-04-10T06:57:32.808+0000 7f000f424700 1 -- 172.21.15.31:0/2812693961 >> 172.21.15.31:0/2812693961 conn(0x7f0008101db0 msgr2=0x7f00081028d0 unknown :-1 s=STATE_NONE l=0).mark_down
2024-04-10T06:57:33.414 INFO:teuthology.orchestra.run.smithi031.stdout:/usr/bin/ceph: stderr
2024-04-10T06:57:32.808+0000 7f000f424700 1 -- 172.21.15.31:0/2812693961 shutdown_connections
2024-04-10T06:57:33.414 INFO:teuthology.orchestra.run.smithi031.stdout:/usr/bin/ceph: stderr
2024-04-10T06:57:32.808+0000 7f000f424700 1 -- 172.21.15.31:0/2812693961 wait complete.
2024-04-10T06:57:33.417 INFO:teuthology.orchestra.run.smithi031.stdout:Non-zero exit code 1 from systemctl is-enabled firewalld.service
2024-04-10T06:57:33.417 INFO:teuthology.orchestra.run.smithi031.stdout:systemctl: stdout disabled
2024-04-10T06:57:33.424 INFO:teuthology.orchestra.run.smithi031.stdout:Non-zero exit code 3 from systemctl is-active firewalld.service
2024-04-10T06:57:33.424 INFO:teuthology.orchestra.run.smithi031.stdout:systemctl: stdout inactive
2024-04-10T06:57:33.425 INFO:teuthology.orchestra.run.smithi031.stdout:firewalld.service is not enabled
2024-04-10T06:57:33.425 INFO:teuthology.orchestra.run.smithi031.stdout:Not possible to open ports <[8443]>. firewalld.service is not available
2024-04-10T06:57:33.427 INFO:teuthology.orchestra.run.smithi031.stdout:Ceph Dashboard is now available at:
2024-04-10T06:57:33.427 INFO:teuthology.orchestra.run.smithi031.stdout:
2024-04-10T06:57:33.427 INFO:teuthology.orchestra.run.smithi031.stdout: URL: https://smithi031.front.sepia.ceph.com:8443/
2024-04-10T06:57:33.427 INFO:teuthology.orchestra.run.smithi031.stdout: User: admin
2024-04-10T06:57:33.427 INFO:teuthology.orchestra.run.smithi031.stdout: Password: rllyc1wfs7
2024-04-10T06:57:33.427 INFO:teuthology.orchestra.run.smithi031.stdout:
2024-04-10T06:57:33.427 INFO:teuthology.orchestra.run.smithi031.stdout:Saving cluster configuration to /var/lib/ceph/57e90e8a-f707-11ee-b64a-cb9ed24678a4/config directory
2024-04-10T06:57:33.428 INFO:teuthology.orchestra.run.smithi031.stdout:Enabling autotune for osd_memory_target
2024-04-10T06:57:34.650 INFO:teuthology.orchestra.run.smithi031.stdout:/usr/bin/ceph: stderr
2024-04-10T06:57:33.838+0000 7f072dfe8700 1 Processor -- start
2024-04-10T06:57:34.650 INFO:teuthology.orchestra.run.smithi031.stdout:/usr/bin/ceph: stderr
2024-04-10T06:57:33.838+0000 7f072dfe8700 1 -- start start
2024-04-10T06:57:34.650 INFO:teuthology.orchestra.run.smithi031.stdout:/usr/bin/ceph: stderr
2024-04-10T06:57:33.838+0000 7f072dfe8700 1 --2- >> [v2:172.21.15.31:3300/0,v1:172.21.15.31:6789/0] conn(0x7f07281083c0 0x7f072810a7b0 unknown :-1 s=NONE pgs=0 cs=0 l=0 rev1=0 crypto rx=0 tx=0 comp rx=0 tx=0).connect
2024-04-10T06:57:34.650 INFO:teuthology.orchestra.run.smithi031.stdout:/usr/bin/ceph: stderr
2024-04-10T06:57:33.838+0000 7f072dfe8700 1 -- --> [v2:172.21.15.31:3300/0,v1:172.21.15.31:6789/0] -- mon_getmap magic: 0 -- 0x7f072807b750 con 0x7f07281083c0
2024-04-10T06:57:34.650 INFO:teuthology.orchestra.run.smithi031.stdout:/usr/bin/ceph: stderr
2024-04-10T06:57:33.839+0000 7f07277fe700 1 --2- >> [v2:172.21.15.31:3300/0,v1:172.21.15.31:6789/0] conn(0x7f07281083c0 0x7f072810a7b0 unknown :-1 s=BANNER_CONNECTING pgs=0 cs=0 l=0 rev1=0 crypto rx=0 tx=0 comp rx=0 tx=0)._handle_peer_banner_payload supported=3 required=0
2024-04-10T06:57:34.650 INFO:teuthology.orchestra.run.smithi031.stdout:/usr/bin/ceph: stderr
2024-04-10T06:57:33.839+0000 7f07277fe700 1 --2- >> [v2:172.21.15.31:3300/0,v1:172.21.15.31:6789/0] conn(0x7f07281083c0 0x7f072810a7b0 unknown :-1 s=HELLO_CONNECTING pgs=0 cs=0 l=0 rev1=1 crypto rx=0 tx=0 comp rx=0 tx=0).handle_hello peer v2:172.21.15.31:3300/0 says I am v2:172.21.15.31:51154/0 (socket says 172.21.15.31:51154)
2024-04-10T06:57:34.650 INFO:teuthology.orchestra.run.smithi031.stdout:/usr/bin/ceph: stderr
2024-04-10T06:57:33.839+0000 7f07277fe700 1 -- 172.21.15.31:0/2724375631 learned_addr learned my addr 172.21.15.31:0/2724375631 (peer_addr_for_me v2:172.21.15.31:0/0)
2024-04-10T06:57:34.650 INFO:teuthology.orchestra.run.smithi031.stdout:/usr/bin/ceph: stderr
2024-04-10T06:57:33.839+0000 7f07277fe700 1 -- 172.21.15.31:0/2724375631 --> [v2:172.21.15.31:3300/0,v1:172.21.15.31:6789/0] -- mon_subscribe({config=0+,monmap=0+}) -- 0x7f072810acf0 con 0x7f07281083c0
2024-04-10T06:57:34.650 INFO:teuthology.orchestra.run.smithi031.stdout:/usr/bin/ceph: stderr
2024-04-10T06:57:33.839+0000 7f07277fe700 1 --2- 172.21.15.31:0/2724375631 >> [v2:172.21.15.31:3300/0,v1:172.21.15.31:6789/0] conn(0x7f07281083c0 0x7f072810a7b0 secure :-1 s=READY pgs=76 cs=0 l=1 rev1=1 crypto rx=0x7f0718009e80 tx=0x7f071800b330 comp rx=0 tx=0).ready entity=mon.0 client_cookie=4f22602b772766d8 server_cookie=0 in_seq=0 out_seq=0
2024-04-10T06:57:34.651 INFO:teuthology.orchestra.run.smithi031.stdout:/usr/bin/ceph: stderr
2024-04-10T06:57:33.839+0000 7f07267fc700 1 -- 172.21.15.31:0/2724375631 <== mon.0 v2:172.21.15.31:3300/0 1 ==== mon_map magic: 0 ==== 205+0+0 (secure 0 0 0) 0x7f0718017070 con 0x7f07281083c0
2024-04-10T06:57:34.651 INFO:teuthology.orchestra.run.smithi031.stdout:/usr/bin/ceph: stderr
2024-04-10T06:57:33.839+0000 7f07267fc700 1 -- 172.21.15.31:0/2724375631 <== mon.0 v2:172.21.15.31:3300/0 2 ==== config(26 keys) ==== 1102+0+0 (secure 0 0 0) 0x7f071800b8c0 con 0x7f07281083c0
2024-04-10T06:57:34.651 INFO:teuthology.orchestra.run.smithi031.stdout:/usr/bin/ceph: stderr
2024-04-10T06:57:33.839+0000 7f07267fc700 1 -- 172.21.15.31:0/2724375631 <== mon.0 v2:172.21.15.31:3300/0 3 ==== mon_map magic: 0 ==== 205+0+0 (secure 0 0 0) 0x7f0718004490 con 0x7f07281083c0
2024-04-10T06:57:34.651 INFO:teuthology.orchestra.run.smithi031.stdout:/usr/bin/ceph: stderr
2024-04-10T06:57:33.840+0000 7f072dfe8700 1 -- 172.21.15.31:0/2724375631 >> [v2:172.21.15.31:3300/0,v1:172.21.15.31:6789/0] conn(0x7f07281083c0 msgr2=0x7f072810a7b0 secure :-1 s=STATE_CONNECTION_ESTABLISHED l=1).mark_down
2024-04-10T06:57:34.651 INFO:teuthology.orchestra.run.smithi031.stdout:/usr/bin/ceph: stderr
2024-04-10T06:57:33.840+0000 7f072dfe8700 1 --2- 172.21.15.31:0/2724375631 >> [v2:172.21.15.31:3300/0,v1:172.21.15.31:6789/0] conn(0x7f07281083c0 0x7f072810a7b0 secure :-1 s=READY pgs=76 cs=0 l=1 rev1=1 crypto rx=0x7f0718009e80 tx=0x7f071800b330 comp rx=0 tx=0).stop
2024-04-10T06:57:34.651 INFO:teuthology.orchestra.run.smithi031.stdout:/usr/bin/ceph: stderr
2024-04-10T06:57:33.840+0000 7f072dfe8700 1 -- 172.21.15.31:0/2724375631 shutdown_connections
2024-04-10T06:57:34.651 INFO:teuthology.orchestra.run.smithi031.stdout:/usr/bin/ceph: stderr
2024-04-10T06:57:33.840+0000 7f072dfe8700 1 --2- 172.21.15.31:0/2724375631 >> [v2:172.21.15.31:3300/0,v1:172.21.15.31:6789/0] conn(0x7f07281083c0 0x7f072810a7b0 unknown :-1 s=CLOSED pgs=76 cs=0 l=1 rev1=1 crypto rx=0 tx=0 comp rx=0 tx=0).stop
2024-04-10T06:57:34.651 INFO:teuthology.orchestra.run.smithi031.stdout:/usr/bin/ceph: stderr
2024-04-10T06:57:33.840+0000 7f072dfe8700 1 -- 172.21.15.31:0/2724375631 >> 172.21.15.31:0/2724375631 conn(0x7f0728101dd0 msgr2=0x7f0728104230 unknown :-1 s=STATE_NONE l=0).mark_down
2024-04-10T06:57:34.651 INFO:teuthology.orchestra.run.smithi031.stdout:/usr/bin/ceph: stderr
2024-04-10T06:57:33.840+0000 7f072dfe8700 1 -- 172.21.15.31:0/2724375631 shutdown_connections
2024-04-10T06:57:34.651 INFO:teuthology.orchestra.run.smithi031.stdout:/usr/bin/ceph: stderr
2024-04-10T06:57:33.840+0000 7f072dfe8700 1 -- 172.21.15.31:0/2724375631 wait complete.
2024-04-10T06:57:34.651 INFO:teuthology.orchestra.run.smithi031.stdout:/usr/bin/ceph: stderr
2024-04-10T06:57:33.840+0000 7f072dfe8700 1 Processor -- start
2024-04-10T06:57:34.651 INFO:teuthology.orchestra.run.smithi031.stdout:/usr/bin/ceph: stderr
2024-04-10T06:57:33.841+0000 7f072dfe8700 1 -- start start
2024-04-10T06:57:34.651 INFO:teuthology.orchestra.run.smithi031.stdout:/usr/bin/ceph: stderr
2024-04-10T06:57:33.841+0000 7f072dfe8700 1 --2- >> [v2:172.21.15.31:3300/0,v1:172.21.15.31:6789/0] conn(0x7f07281083c0 0x7f0728107c40 unknown :-1 s=NONE pgs=0 cs=0 l=1 rev1=0 crypto rx=0 tx=0 comp rx=0 tx=0).connect
2024-04-10T06:57:34.651 INFO:teuthology.orchestra.run.smithi031.stdout:/usr/bin/ceph: stderr
2024-04-10T06:57:33.841+0000 7f072dfe8700 1 -- --> [v2:172.21.15.31:3300/0,v1:172.21.15.31:6789/0] -- mon_getmap magic: 0 -- 0x7f072810bd00 con 0x7f07281083c0
2024-04-10T06:57:34.652 INFO:teuthology.orchestra.run.smithi031.stdout:/usr/bin/ceph: stderr
2024-04-10T06:57:33.841+0000 7f07277fe700 1 --2- >> [v2:172.21.15.31:3300/0,v1:172.21.15.31:6789/0] conn(0x7f07281083c0 0x7f0728107c40 unknown :-1 s=BANNER_CONNECTING pgs=0 cs=0 l=1 rev1=0 crypto rx=0 tx=0 comp rx=0 tx=0)._handle_peer_banner_payload supported=3 required=0
2024-04-10T06:57:34.652 INFO:teuthology.orchestra.run.smithi031.stdout:/usr/bin/ceph: stderr
2024-04-10T06:57:33.841+0000 7f07277fe700 1 --2- >> [v2:172.21.15.31:3300/0,v1:172.21.15.31:6789/0] conn(0x7f07281083c0 0x7f0728107c40 unknown :-1 s=HELLO_CONNECTING pgs=0 cs=0 l=1 rev1=1 crypto rx=0 tx=0 comp rx=0 tx=0).handle_hello peer v2:172.21.15.31:3300/0 says I am v2:172.21.15.31:51164/0 (socket says 172.21.15.31:51164)
2024-04-10T06:57:34.652 INFO:teuthology.orchestra.run.smithi031.stdout:/usr/bin/ceph: stderr
2024-04-10T06:57:33.841+0000 7f07277fe700 1 -- 172.21.15.31:0/2379352024 learned_addr learned my addr 172.21.15.31:0/2379352024 (peer_addr_for_me v2:172.21.15.31:0/0)
2024-04-10T06:57:34.652 INFO:teuthology.orchestra.run.smithi031.stdout:/usr/bin/ceph: stderr
2024-04-10T06:57:33.841+0000 7f07277fe700 1 -- 172.21.15.31:0/2379352024 --> [v2:172.21.15.31:3300/0,v1:172.21.15.31:6789/0] -- mon_subscribe({config=0+,monmap=0+}) -- 0x7f0728108180 con 0x7f07281083c0
2024-04-10T06:57:34.652 INFO:teuthology.orchestra.run.smithi031.stdout:/usr/bin/ceph: stderr
2024-04-10T06:57:33.841+0000 7f07277fe700 1 --2- 172.21.15.31:0/2379352024 >> [v2:172.21.15.31:3300/0,v1:172.21.15.31:6789/0] conn(0x7f07281083c0 0x7f0728107c40 secure :-1 s=READY pgs=77 cs=0 l=1 rev1=1 crypto rx=0x7f0718004220 tx=0x7f0718003d00 comp rx=0 tx=0).ready entity=mon.0 client_cookie=0 server_cookie=0 in_seq=0 out_seq=0
