2024-04-10T06:57:02.495+0000 7f93216cc700 1 --2- 172.21.15.31:0/3789727772 >> [v2:172.21.15.31:3300/0,v1:172.21.15.31:6789/0] conn(0x7f931c108400 0x7f931c19b860 secure :-1 s=READY pgs=40 cs=0 l=1 rev1=1 crypto rx=0x7f9318011a50 tx=0x7f9318011b30 comp rx=0 tx=0).ready entity=mon.0 client_cookie=0 server_cookie=0 in_seq=0 out_seq=0
2024-04-10T06:57:03.416 INFO:teuthology.orchestra.run.smithi031.stdout:/usr/bin/ceph: stderr
2024-04-10T06:57:02.495+0000 7f93127fc700 1 -- 172.21.15.31:0/3789727772 <== mon.0 v2:172.21.15.31:3300/0 1 ==== mon_map magic: 0 ==== 205+0+0 (secure 0 0 0) 0x7f9318003a80 con 0x7f931c108400
2024-04-10T06:57:03.417 INFO:teuthology.orchestra.run.smithi031.stdout:/usr/bin/ceph: stderr
2024-04-10T06:57:02.495+0000 7f93127fc700 1 -- 172.21.15.31:0/3789727772 <== mon.0 v2:172.21.15.31:3300/0 2 ==== config(26 keys) ==== 1071+0+0 (secure 0 0 0) 0x7f9318003c20 con 0x7f931c108400
2024-04-10T06:57:03.417 INFO:teuthology.orchestra.run.smithi031.stdout:/usr/bin/ceph: stderr
2024-04-10T06:57:02.495+0000 7f9323930700 1 -- 172.21.15.31:0/3789727772 --> [v2:172.21.15.31:3300/0,v1:172.21.15.31:6789/0] -- mon_subscribe({mgrmap=0+}) -- 0x7f931c19c030 con 0x7f931c108400
2024-04-10T06:57:03.417 INFO:teuthology.orchestra.run.smithi031.stdout:/usr/bin/ceph: stderr
2024-04-10T06:57:02.495+0000 7f93127fc700 1 -- 172.21.15.31:0/3789727772 <== mon.0 v2:172.21.15.31:3300/0 3 ==== mon_map magic: 0 ==== 205+0+0 (secure 0 0 0) 0x7f931801a650 con 0x7f931c108400
2024-04-10T06:57:03.417 INFO:teuthology.orchestra.run.smithi031.stdout:/usr/bin/ceph: stderr
2024-04-10T06:57:02.495+0000 7f9323930700 1 -- 172.21.15.31:0/3789727772 --> [v2:172.21.15.31:3300/0,v1:172.21.15.31:6789/0] -- mon_subscribe({osdmap=0}) -- 0x7f931c19ed20 con 0x7f931c108400
2024-04-10T06:57:03.417 INFO:teuthology.orchestra.run.smithi031.stdout:/usr/bin/ceph: stderr
2024-04-10T06:57:02.496+0000 7f93127fc700 1 -- 172.21.15.31:0/3789727772 <== mon.0 v2:172.21.15.31:3300/0 4 ==== mgrmap(e 8) ==== 46558+0+0 (secure 0 0 0) 0x7f931801a920 con 0x7f931c108400
2024-04-10T06:57:03.417 INFO:teuthology.orchestra.run.smithi031.stdout:/usr/bin/ceph: stderr
2024-04-10T06:57:02.496+0000 7f9323930700 1 -- 172.21.15.31:0/3789727772 --> [v2:172.21.15.31:3300/0,v1:172.21.15.31:6789/0] -- mon_command({"prefix": "get_command_descriptions"} v 0) -- 0x7f931c064110 con 0x7f931c108400
2024-04-10T06:57:03.417 INFO:teuthology.orchestra.run.smithi031.stdout:/usr/bin/ceph: stderr
2024-04-10T06:57:02.496+0000 7f93127fc700 1 --2- 172.21.15.31:0/3789727772 >> [v2:172.21.15.31:6800/3319590448,v1:172.21.15.31:6801/3319590448] conn(0x7f9308039600 0x7f930803bac0 unknown :-1 s=NONE pgs=0 cs=0 l=1 rev1=0 crypto rx=0 tx=0 comp rx=0 tx=0).connect
2024-04-10T06:57:03.417 INFO:teuthology.orchestra.run.smithi031.stdout:/usr/bin/ceph: stderr
2024-04-10T06:57:02.496+0000 7f93127fc700 1 -- 172.21.15.31:0/3789727772 <== mon.0 v2:172.21.15.31:3300/0 5 ==== osd_map(2..2 src has 1..2) ==== 940+0+0 (secure 0 0 0) 0x7f931804de30 con 0x7f931c108400
2024-04-10T06:57:03.417 INFO:teuthology.orchestra.run.smithi031.stdout:/usr/bin/ceph: stderr
2024-04-10T06:57:02.496+0000 7f9320ecb700 1 --2- 172.21.15.31:0/3789727772 >> [v2:172.21.15.31:6800/3319590448,v1:172.21.15.31:6801/3319590448] conn(0x7f9308039600 0x7f930803bac0 unknown :-1 s=BANNER_CONNECTING pgs=0 cs=0 l=1 rev1=0 crypto rx=0 tx=0 comp rx=0 tx=0)._handle_peer_banner_payload supported=3 required=0
2024-04-10T06:57:03.417 INFO:teuthology.orchestra.run.smithi031.stdout:/usr/bin/ceph: stderr
2024-04-10T06:57:02.497+0000 7f9320ecb700 1 --2- 172.21.15.31:0/3789727772 >> [v2:172.21.15.31:6800/3319590448,v1:172.21.15.31:6801/3319590448] conn(0x7f9308039600 0x7f930803bac0 secure :-1 s=READY pgs=8 cs=0 l=1 rev1=1 crypto rx=0x7f930c006fd0 tx=0x7f930c006e40 comp rx=0 tx=0).ready entity=mgr.14120 client_cookie=0 server_cookie=0 in_seq=0 out_seq=0
2024-04-10T06:57:03.417 INFO:teuthology.orchestra.run.smithi031.stdout:/usr/bin/ceph: stderr
2024-04-10T06:57:02.501+0000 7f93127fc700 1 -- 172.21.15.31:0/3789727772 <== mon.0 v2:172.21.15.31:3300/0 6 ==== mon_command_ack([{"prefix": "get_command_descriptions"}]=0 v0) ==== 72+0+188297 (secure 0 0 0) 0x7f9318019c70 con 0x7f931c108400
2024-04-10T06:57:03.417 INFO:teuthology.orchestra.run.smithi031.stdout:/usr/bin/ceph: stderr
2024-04-10T06:57:02.710+0000 7f9323930700 1 -- 172.21.15.31:0/3789727772 --> [v2:172.21.15.31:6800/3319590448,v1:172.21.15.31:6801/3319590448] -- mgr_command(tid 0: {"prefix": "cephadm set-user", "user": "root", "target": ["mon-mgr", ""]}) -- 0x7f931c103090 con 0x7f9308039600
2024-04-10T06:57:03.417 INFO:teuthology.orchestra.run.smithi031.stdout:/usr/bin/ceph: stderr
2024-04-10T06:57:02.710+0000 7f93127fc700 1 -- 172.21.15.31:0/3789727772 <== mgr.14120 v2:172.21.15.31:6800/3319590448 1 ==== mgr_command_reply(tid 0: 0 ) ==== 8+0+16 (secure 0 0 0) 0x7f931c103090 con 0x7f9308039600
2024-04-10T06:57:03.417 INFO:teuthology.orchestra.run.smithi031.stdout:/usr/bin/ceph: stderr
2024-04-10T06:57:02.712+0000 7f9323930700 1 -- 172.21.15.31:0/3789727772 >> [v2:172.21.15.31:6800/3319590448,v1:172.21.15.31:6801/3319590448] conn(0x7f9308039600 msgr2=0x7f930803bac0 secure :-1 s=STATE_CONNECTION_ESTABLISHED l=1).mark_down
2024-04-10T06:57:03.418 INFO:teuthology.orchestra.run.smithi031.stdout:/usr/bin/ceph: stderr
2024-04-10T06:57:02.712+0000 7f9323930700 1 --2- 172.21.15.31:0/3789727772 >> [v2:172.21.15.31:6800/3319590448,v1:172.21.15.31:6801/3319590448] conn(0x7f9308039600 0x7f930803bac0 secure :-1 s=READY pgs=8 cs=0 l=1 rev1=1 crypto rx=0x7f930c006fd0 tx=0x7f930c006e40 comp rx=0 tx=0).stop
2024-04-10T06:57:03.418 INFO:teuthology.orchestra.run.smithi031.stdout:/usr/bin/ceph: stderr
2024-04-10T06:57:02.712+0000 7f9323930700 1 -- 172.21.15.31:0/3789727772 >> [v2:172.21.15.31:3300/0,v1:172.21.15.31:6789/0] conn(0x7f931c108400 msgr2=0x7f931c19b860 secure :-1 s=STATE_CONNECTION_ESTABLISHED l=1).mark_down
2024-04-10T06:57:03.418 INFO:teuthology.orchestra.run.smithi031.stdout:/usr/bin/ceph: stderr
2024-04-10T06:57:02.712+0000 7f9323930700 1 --2- 172.21.15.31:0/3789727772 >> [v2:172.21.15.31:3300/0,v1:172.21.15.31:6789/0] conn(0x7f931c108400 0x7f931c19b860 secure :-1 s=READY pgs=40 cs=0 l=1 rev1=1 crypto rx=0x7f9318011a50 tx=0x7f9318011b30 comp rx=0 tx=0).stop
2024-04-10T06:57:03.418 INFO:teuthology.orchestra.run.smithi031.stdout:/usr/bin/ceph: stderr
2024-04-10T06:57:02.712+0000 7f9323930700 1 -- 172.21.15.31:0/3789727772 shutdown_connections
2024-04-10T06:57:03.418 INFO:teuthology.orchestra.run.smithi031.stdout:/usr/bin/ceph: stderr
2024-04-10T06:57:02.712+0000 7f9323930700 1 --2- 172.21.15.31:0/3789727772 >> [v2:172.21.15.31:6800/3319590448,v1:172.21.15.31:6801/3319590448] conn(0x7f9308039600 0x7f930803bac0 unknown :-1 s=CLOSED pgs=8 cs=0 l=1 rev1=1 crypto rx=0 tx=0 comp rx=0 tx=0).stop
2024-04-10T06:57:03.418 INFO:teuthology.orchestra.run.smithi031.stdout:/usr/bin/ceph: stderr
2024-04-10T06:57:02.712+0000 7f9323930700 1 --2- 172.21.15.31:0/3789727772 >> [v2:172.21.15.31:3300/0,v1:172.21.15.31:6789/0] conn(0x7f931c108400 0x7f931c19b860 unknown :-1 s=CLOSED pgs=40 cs=0 l=1 rev1=1 crypto rx=0 tx=0 comp rx=0 tx=0).stop
2024-04-10T06:57:03.418 INFO:teuthology.orchestra.run.smithi031.stdout:/usr/bin/ceph: stderr
2024-04-10T06:57:02.712+0000 7f9323930700 1 -- 172.21.15.31:0/3789727772 >> 172.21.15.31:0/3789727772 conn(0x7f931c101dd0 msgr2=0x7f931c102980 unknown :-1 s=STATE_NONE l=0).mark_down
2024-04-10T06:57:03.418 INFO:teuthology.orchestra.run.smithi031.stdout:/usr/bin/ceph: stderr
2024-04-10T06:57:02.712+0000 7f9323930700 1 -- 172.21.15.31:0/3789727772 shutdown_connections
2024-04-10T06:57:03.418 INFO:teuthology.orchestra.run.smithi031.stdout:/usr/bin/ceph: stderr
2024-04-10T06:57:02.712+0000 7f9323930700 1 -- 172.21.15.31:0/3789727772 wait complete.
2024-04-10T06:57:03.418 INFO:teuthology.orchestra.run.smithi031.stdout:Generating ssh key...
2024-04-10T06:57:04.355 INFO:journalctl@ceph.mon.a.smithi031.stdout:Apr 10 06:57:04 smithi031 ceph-mon[29756]: from='client.14136 -' entity='client.admin' cmd=[{"prefix": "cephadm generate-key", "target": ["mon-mgr", ""]}]: dispatch
2024-04-10T06:57:04.355 INFO:journalctl@ceph.mon.a.smithi031.stdout:Apr 10 06:57:04 smithi031 ceph-mon[29756]: Generating ssh key...
2024-04-10T06:57:04.902 INFO:journalctl@ceph.mgr.x.smithi031.stdout:Apr 10 06:57:04 smithi031 ceph-57e90e8a-f707-11ee-b64a-cb9ed24678a4-mgr-x[29989]: Generating public/private rsa key pair.
2024-04-10T06:57:04.902 INFO:journalctl@ceph.mgr.x.smithi031.stdout:Apr 10 06:57:04 smithi031 ceph-57e90e8a-f707-11ee-b64a-cb9ed24678a4-mgr-x[29989]: Your identification has been saved in /tmp/tmpm_dp3lps/key.
2024-04-10T06:57:04.902 INFO:journalctl@ceph.mgr.x.smithi031.stdout:Apr 10 06:57:04 smithi031 ceph-57e90e8a-f707-11ee-b64a-cb9ed24678a4-mgr-x[29989]: Your public key has been saved in /tmp/tmpm_dp3lps/key.pub.
2024-04-10T06:57:04.902 INFO:journalctl@ceph.mgr.x.smithi031.stdout:Apr 10 06:57:04 smithi031 ceph-57e90e8a-f707-11ee-b64a-cb9ed24678a4-mgr-x[29989]: The key fingerprint is:
2024-04-10T06:57:04.902 INFO:journalctl@ceph.mgr.x.smithi031.stdout:Apr 10 06:57:04 smithi031 ceph-57e90e8a-f707-11ee-b64a-cb9ed24678a4-mgr-x[29989]: SHA256:ix2eLki98iNKEmkajiaXcZy3AHHXXQEsHSOq0LBV0ac ceph-57e90e8a-f707-11ee-b64a-cb9ed24678a4
2024-04-10T06:57:04.902 INFO:journalctl@ceph.mgr.x.smithi031.stdout:Apr 10 06:57:04 smithi031 ceph-57e90e8a-f707-11ee-b64a-cb9ed24678a4-mgr-x[29989]: The key's randomart image is:
2024-04-10T06:57:04.902 INFO:journalctl@ceph.mgr.x.smithi031.stdout:Apr 10 06:57:04 smithi031 ceph-57e90e8a-f707-11ee-b64a-cb9ed24678a4-mgr-x[29989]: +---[RSA 3072]----+
2024-04-10T06:57:04.902 INFO:journalctl@ceph.mgr.x.smithi031.stdout:Apr 10 06:57:04 smithi031 ceph-57e90e8a-f707-11ee-b64a-cb9ed24678a4-mgr-x[29989]: | o o.++.+++o. |
2024-04-10T06:57:04.902 INFO:journalctl@ceph.mgr.x.smithi031.stdout:Apr 10 06:57:04 smithi031 ceph-57e90e8a-f707-11ee-b64a-cb9ed24678a4-mgr-x[29989]: | B . .+.=. |
2024-04-10T06:57:04.903 INFO:journalctl@ceph.mgr.x.smithi031.stdout:Apr 10 06:57:04 smithi031 ceph-57e90e8a-f707-11ee-b64a-cb9ed24678a4-mgr-x[29989]: | + . . + |
2024-04-10T06:57:04.903 INFO:journalctl@ceph.mgr.x.smithi031.stdout:Apr 10 06:57:04 smithi031 ceph-57e90e8a-f707-11ee-b64a-cb9ed24678a4-mgr-x[29989]: | . + o E |
2024-04-10T06:57:04.903 INFO:journalctl@ceph.mgr.x.smithi031.stdout:Apr 10 06:57:04 smithi031 ceph-57e90e8a-f707-11ee-b64a-cb9ed24678a4-mgr-x[29989]: |+.. *.. S |
2024-04-10T06:57:04.903 INFO:journalctl@ceph.mgr.x.smithi031.stdout:Apr 10 06:57:04 smithi031 ceph-57e90e8a-f707-11ee-b64a-cb9ed24678a4-mgr-x[29989]: |=o +.o.= + |
2024-04-10T06:57:04.903 INFO:journalctl@ceph.mgr.x.smithi031.stdout:Apr 10 06:57:04 smithi031 ceph-57e90e8a-f707-11ee-b64a-cb9ed24678a4-mgr-x[29989]: |=o+. .o.= |
2024-04-10T06:57:04.903 INFO:journalctl@ceph.mgr.x.smithi031.stdout:Apr 10 06:57:04 smithi031 ceph-57e90e8a-f707-11ee-b64a-cb9ed24678a4-mgr-x[29989]: |o+ + +. |
2024-04-10T06:57:04.903 INFO:journalctl@ceph.mgr.x.smithi031.stdout:Apr 10 06:57:04 smithi031 ceph-57e90e8a-f707-11ee-b64a-cb9ed24678a4-mgr-x[29989]: | .. +.o. |
2024-04-10T06:57:04.903 INFO:journalctl@ceph.mgr.x.smithi031.stdout:Apr 10 06:57:04 smithi031 ceph-57e90e8a-f707-11ee-b64a-cb9ed24678a4-mgr-x[29989]: +----[SHA256]-----+
2024-04-10T06:57:05.193 INFO:teuthology.orchestra.run.smithi031.stdout:/usr/bin/ceph: stderr
2024-04-10T06:57:03.859+0000 7f1c65f9d700 1 Processor -- start
2024-04-10T06:57:05.193 INFO:teuthology.orchestra.run.smithi031.stdout:/usr/bin/ceph: stderr
2024-04-10T06:57:03.860+0000 7f1c65f9d700 1 -- start start
2024-04-10T06:57:05.193 INFO:teuthology.orchestra.run.smithi031.stdout:/usr/bin/ceph: stderr
2024-04-10T06:57:03.860+0000 7f1c65f9d700 1 --2- >> [v2:172.21.15.31:3300/0,v1:172.21.15.31:6789/0] conn(0x7f1c6007d6c0 0x7f1c6007bbc0 unknown :-1 s=NONE pgs=0 cs=0 l=0 rev1=0 crypto rx=0 tx=0 comp rx=0 tx=0).connect
2024-04-10T06:57:05.193 INFO:teuthology.orchestra.run.smithi031.stdout:/usr/bin/ceph: stderr
2024-04-10T06:57:03.860+0000 7f1c65f9d700 1 -- --> [v2:172.21.15.31:3300/0,v1:172.21.15.31:6789/0] -- mon_getmap magic: 0 -- 0x7f1c6007c100 con 0x7f1c6007d6c0
2024-04-10T06:57:05.193 INFO:teuthology.orchestra.run.smithi031.stdout:/usr/bin/ceph: stderr
2024-04-10T06:57:03.860+0000 7f1c5f7fe700 1 --2- >> [v2:172.21.15.31:3300/0,v1:172.21.15.31:6789/0] conn(0x7f1c6007d6c0 0x7f1c6007bbc0 unknown :-1 s=BANNER_CONNECTING pgs=0 cs=0 l=0 rev1=0 crypto rx=0 tx=0 comp rx=0 tx=0)._handle_peer_banner_payload supported=3 required=0
2024-04-10T06:57:05.194 INFO:teuthology.orchestra.run.smithi031.stdout:/usr/bin/ceph: stderr
2024-04-10T06:57:03.860+0000 7f1c5f7fe700 1 --2- >> [v2:172.21.15.31:3300/0,v1:172.21.15.31:6789/0] conn(0x7f1c6007d6c0 0x7f1c6007bbc0 unknown :-1 s=HELLO_CONNECTING pgs=0 cs=0 l=0 rev1=1 crypto rx=0 tx=0 comp rx=0 tx=0).handle_hello peer v2:172.21.15.31:3300/0 says I am v2:172.21.15.31:43602/0 (socket says 172.21.15.31:43602)
2024-04-10T06:57:05.194 INFO:teuthology.orchestra.run.smithi031.stdout:/usr/bin/ceph: stderr
2024-04-10T06:57:03.860+0000 7f1c5f7fe700 1 -- 172.21.15.31:0/1004599616 learned_addr learned my addr 172.21.15.31:0/1004599616 (peer_addr_for_me v2:172.21.15.31:0/0)
2024-04-10T06:57:05.194 INFO:teuthology.orchestra.run.smithi031.stdout:/usr/bin/ceph: stderr
2024-04-10T06:57:03.860+0000 7f1c5f7fe700 1 -- 172.21.15.31:0/1004599616 --> [v2:172.21.15.31:3300/0,v1:172.21.15.31:6789/0] -- mon_subscribe({config=0+,monmap=0+}) -- 0x7f1c6007c280 con 0x7f1c6007d6c0
2024-04-10T06:57:05.194 INFO:teuthology.orchestra.run.smithi031.stdout:/usr/bin/ceph: stderr
2024-04-10T06:57:03.860+0000 7f1c5f7fe700 1 --2- 172.21.15.31:0/1004599616 >> [v2:172.21.15.31:3300/0,v1:172.21.15.31:6789/0] conn(0x7f1c6007d6c0 0x7f1c6007bbc0 secure :-1 s=READY pgs=41 cs=0 l=1 rev1=1 crypto rx=0x7f1c540098a0 tx=0x7f1c54009bb0 comp rx=0 tx=0).ready entity=mon.0 client_cookie=dfb76f710910c147 server_cookie=0 in_seq=0 out_seq=0
2024-04-10T06:57:05.194 INFO:teuthology.orchestra.run.smithi031.stdout:/usr/bin/ceph: stderr
2024-04-10T06:57:03.861+0000 7f1c5e7fc700 1 -- 172.21.15.31:0/1004599616 <== mon.0 v2:172.21.15.31:3300/0 1 ==== mon_map magic: 0 ==== 205+0+0 (secure 0 0 0) 0x7f1c54004160 con 0x7f1c6007d6c0
2024-04-10T06:57:05.194 INFO:teuthology.orchestra.run.smithi031.stdout:/usr/bin/ceph: stderr
2024-04-10T06:57:03.861+0000 7f1c5e7fc700 1 -- 172.21.15.31:0/1004599616 <== mon.0 v2:172.21.15.31:3300/0 2 ==== config(26 keys) ==== 1071+0+0 (secure 0 0 0) 0x7f1c54004300 con 0x7f1c6007d6c0
2024-04-10T06:57:05.194 INFO:teuthology.orchestra.run.smithi031.stdout:/usr/bin/ceph: stderr
2024-04-10T06:57:03.861+0000 7f1c5e7fc700 1 -- 172.21.15.31:0/1004599616 <== mon.0 v2:172.21.15.31:3300/0 3 ==== mon_map magic: 0 ==== 205+0+0 (secure 0 0 0) 0x7f1c54011a80 con 0x7f1c6007d6c0
2024-04-10T06:57:05.194 INFO:teuthology.orchestra.run.smithi031.stdout:/usr/bin/ceph: stderr
2024-04-10T06:57:03.861+0000 7f1c65f9d700 1 -- 172.21.15.31:0/1004599616 >> [v2:172.21.15.31:3300/0,v1:172.21.15.31:6789/0] conn(0x7f1c6007d6c0 msgr2=0x7f1c6007bbc0 secure :-1 s=STATE_CONNECTION_ESTABLISHED l=1).mark_down
2024-04-10T06:57:05.194 INFO:teuthology.orchestra.run.smithi031.stdout:/usr/bin/ceph: stderr
2024-04-10T06:57:03.861+0000 7f1c65f9d700 1 --2- 172.21.15.31:0/1004599616 >> [v2:172.21.15.31:3300/0,v1:172.21.15.31:6789/0] conn(0x7f1c6007d6c0 0x7f1c6007bbc0 secure :-1 s=READY pgs=41 cs=0 l=1 rev1=1 crypto rx=0x7f1c540098a0 tx=0x7f1c54009bb0 comp rx=0 tx=0).stop
2024-04-10T06:57:05.194 INFO:teuthology.orchestra.run.smithi031.stdout:/usr/bin/ceph: stderr
2024-04-10T06:57:03.861+0000 7f1c65f9d700 1 -- 172.21.15.31:0/1004599616 shutdown_connections
2024-04-10T06:57:05.194 INFO:teuthology.orchestra.run.smithi031.stdout:/usr/bin/ceph: stderr
2024-04-10T06:57:03.861+0000 7f1c65f9d700 1 --2- 172.21.15.31:0/1004599616 >> [v2:172.21.15.31:3300/0,v1:172.21.15.31:6789/0] conn(0x7f1c6007d6c0 0x7f1c6007bbc0 unknown :-1 s=CLOSED pgs=41 cs=0 l=1 rev1=1 crypto rx=0 tx=0 comp rx=0 tx=0).stop
2024-04-10T06:57:05.194 INFO:teuthology.orchestra.run.smithi031.stdout:/usr/bin/ceph: stderr
2024-04-10T06:57:03.861+0000 7f1c65f9d700 1 -- 172.21.15.31:0/1004599616 >> 172.21.15.31:0/1004599616 conn(0x7f1c60102fb0 msgr2=0x7f1c601053d0 unknown :-1 s=STATE_NONE l=0).mark_down
2024-04-10T06:57:05.195 INFO:teuthology.orchestra.run.smithi031.stdout:/usr/bin/ceph: stderr
2024-04-10T06:57:03.861+0000 7f1c65f9d700 1 -- 172.21.15.31:0/1004599616 shutdown_connections
2024-04-10T06:57:05.195 INFO:teuthology.orchestra.run.smithi031.stdout:/usr/bin/ceph: stderr
2024-04-10T06:57:03.861+0000 7f1c65f9d700 1 -- 172.21.15.31:0/1004599616 wait complete.
2024-04-10T06:57:05.195 INFO:teuthology.orchestra.run.smithi031.stdout:/usr/bin/ceph: stderr
2024-04-10T06:57:03.862+0000 7f1c65f9d700 1 Processor -- start
2024-04-10T06:57:05.195 INFO:teuthology.orchestra.run.smithi031.stdout:/usr/bin/ceph: stderr
2024-04-10T06:57:03.862+0000 7f1c65f9d700 1 -- start start
2024-04-10T06:57:05.195 INFO:teuthology.orchestra.run.smithi031.stdout:/usr/bin/ceph: stderr
2024-04-10T06:57:03.862+0000 7f1c65f9d700 1 --2- >> [v2:172.21.15.31:3300/0,v1:172.21.15.31:6789/0] conn(0x7f1c6007d6c0 0x7f1c6019db00 unknown :-1 s=NONE pgs=0 cs=0 l=1 rev1=0 crypto rx=0 tx=0 comp rx=0 tx=0).connect
2024-04-10T06:57:05.195 INFO:teuthology.orchestra.run.smithi031.stdout:/usr/bin/ceph: stderr
2024-04-10T06:57:03.862+0000 7f1c65f9d700 1 -- --> [v2:172.21.15.31:3300/0,v1:172.21.15.31:6789/0] -- mon_getmap magic: 0 -- 0x7f1c6010df20 con 0x7f1c6007d6c0
2024-04-10T06:57:05.195 INFO:teuthology.orchestra.run.smithi031.stdout:/usr/bin/ceph: stderr
2024-04-10T06:57:03.862+0000 7f1c5f7fe700 1 --2- >> [v2:172.21.15.31:3300/0,v1:172.21.15.31:6789/0] conn(0x7f1c6007d6c0 0x7f1c6019db00 unknown :-1 s=BANNER_CONNECTING pgs=0 cs=0 l=1 rev1=0 crypto rx=0 tx=0 comp rx=0 tx=0)._handle_peer_banner_payload supported=3 required=0
2024-04-10T06:57:05.195 INFO:teuthology.orchestra.run.smithi031.stdout:/usr/bin/ceph: stderr
2024-04-10T06:57:03.862+0000 7f1c5f7fe700 1 --2- >> [v2:172.21.15.31:3300/0,v1:172.21.15.31:6789/0] conn(0x7f1c6007d6c0 0x7f1c6019db00 unknown :-1 s=HELLO_CONNECTING pgs=0 cs=0 l=1 rev1=1 crypto rx=0 tx=0 comp rx=0 tx=0).handle_hello peer v2:172.21.15.31:3300/0 says I am v2:172.21.15.31:43618/0 (socket says 172.21.15.31:43618)
2024-04-10T06:57:05.195 INFO:teuthology.orchestra.run.smithi031.stdout:/usr/bin/ceph: stderr
2024-04-10T06:57:03.862+0000 7f1c5f7fe700 1 -- 172.21.15.31:0/3799073245 learned_addr learned my addr 172.21.15.31:0/3799073245 (peer_addr_for_me v2:172.21.15.31:0/0)
2024-04-10T06:57:05.195 INFO:teuthology.orchestra.run.smithi031.stdout:/usr/bin/ceph: stderr
2024-04-10T06:57:03.863+0000 7f1c5f7fe700 1 -- 172.21.15.31:0/3799073245 --> [v2:172.21.15.31:3300/0,v1:172.21.15.31:6789/0] -- mon_subscribe({config=0+,monmap=0+}) -- 0x7f1c6019e040 con 0x7f1c6007d6c0
2024-04-10T06:57:05.195 INFO:teuthology.orchestra.run.smithi031.stdout:/usr/bin/ceph: stderr
2024-04-10T06:57:03.863+0000 7f1c5f7fe700 1 --2- 172.21.15.31:0/3799073245 >> [v2:172.21.15.31:3300/0,v1:172.21.15.31:6789/0] conn(0x7f1c6007d6c0 0x7f1c6019db00 secure :-1 s=READY pgs=42 cs=0 l=1 rev1=1 crypto rx=0x7f1c54006af0 tx=0x7f1c54011b70 comp rx=0 tx=0).ready entity=mon.0 client_cookie=0 server_cookie=0 in_seq=0 out_seq=0
2024-04-10T06:57:05.195 INFO:teuthology.orchestra.run.smithi031.stdout:/usr/bin/ceph: stderr
2024-04-10T06:57:03.863+0000 7f1c5cff9700 1 -- 172.21.15.31:0/3799073245 <== mon.0 v2:172.21.15.31:3300/0 1 ==== mon_map magic: 0 ==== 205+0+0 (secure 0 0 0) 0x7f1c54003930 con 0x7f1c6007d6c0
2024-04-10T06:57:05.195 INFO:teuthology.orchestra.run.smithi031.stdout:/usr/bin/ceph: stderr
2024-04-10T06:57:03.863+0000 7f1c5cff9700 1 -- 172.21.15.31:0/3799073245 <== mon.0 v2:172.21.15.31:3300/0 2 ==== config(26 keys) ==== 1071+0+0 (secure 0 0 0) 0x7f1c54003ad0 con 0x7f1c6007d6c0
2024-04-10T06:57:05.195 INFO:teuthology.orchestra.run.smithi031.stdout:/usr/bin/ceph: stderr
2024-04-10T06:57:03.863+0000 7f1c65f9d700 1 -- 172.21.15.31:0/3799073245 --> [v2:172.21.15.31:3300/0,v1:172.21.15.31:6789/0] -- mon_subscribe({mgrmap=0+}) -- 0x7f1c6019e2d0 con 0x7f1c6007d6c0
2024-04-10T06:57:05.196 INFO:teuthology.orchestra.run.smithi031.stdout:/usr/bin/ceph: stderr
2024-04-10T06:57:03.863+0000 7f1c5cff9700 1 -- 172.21.15.31:0/3799073245 <== mon.0 v2:172.21.15.31:3300/0 3 ==== mon_map magic: 0 ==== 205+0+0 (secure 0 0 0) 0x7f1c540195e0 con 0x7f1c6007d6c0
2024-04-10T06:57:05.196 INFO:teuthology.orchestra.run.smithi031.stdout:/usr/bin/ceph: stderr
2024-04-10T06:57:03.863+0000 7f1c65f9d700 1 -- 172.21.15.31:0/3799073245 --> [v2:172.21.15.31:3300/0,v1:172.21.15.31:6789/0] -- mon_subscribe({osdmap=0}) -- 0x7f1c601a0fc0 con 0x7f1c6007d6c0
2024-04-10T06:57:05.196 INFO:teuthology.orchestra.run.smithi031.stdout:/usr/bin/ceph: stderr
2024-04-10T06:57:03.864+0000 7f1c5cff9700 1 -- 172.21.15.31:0/3799073245 <== mon.0 v2:172.21.15.31:3300/0 4 ==== mgrmap(e 8) ==== 46558+0+0 (secure 0 0 0) 0x7f1c54019890 con 0x7f1c6007d6c0
2024-04-10T06:57:05.196 INFO:teuthology.orchestra.run.smithi031.stdout:/usr/bin/ceph: stderr
2024-04-10T06:57:03.864+0000 7f1c5cff9700 1 --2- 172.21.15.31:0/3799073245 >> [v2:172.21.15.31:6800/3319590448,v1:172.21.15.31:6801/3319590448] conn(0x7f1c48039610 0x7f1c4803bad0 unknown :-1 s=NONE pgs=0 cs=0 l=1 rev1=0 crypto rx=0 tx=0 comp rx=0 tx=0).connect
2024-04-10T06:57:05.196 INFO:teuthology.orchestra.run.smithi031.stdout:/usr/bin/ceph: stderr
2024-04-10T06:57:03.864+0000 7f1c5cff9700 1 -- 172.21.15.31:0/3799073245 <== mon.0 v2:172.21.15.31:3300/0 5 ==== osd_map(2..2 src has 1..2) ==== 940+0+0 (secure 0 0 0) 0x7f1c5404dc80 con 0x7f1c6007d6c0
2024-04-10T06:57:05.196 INFO:teuthology.orchestra.run.smithi031.stdout:/usr/bin/ceph: stderr
2024-04-10T06:57:03.864+0000 7f1c5effd700 1 --2- 172.21.15.31:0/3799073245 >> [v2:172.21.15.31:6800/3319590448,v1:172.21.15.31:6801/3319590448] conn(0x7f1c48039610 0x7f1c4803bad0 unknown :-1 s=BANNER_CONNECTING pgs=0 cs=0 l=1 rev1=0 crypto rx=0 tx=0 comp rx=0 tx=0)._handle_peer_banner_payload supported=3 required=0
2024-04-10T06:57:05.196 INFO:teuthology.orchestra.run.smithi031.stdout:/usr/bin/ceph: stderr
2024-04-10T06:57:03.864+0000 7f1c65f9d700 1 -- 172.21.15.31:0/3799073245 --> [v2:172.21.15.31:3300/0,v1:172.21.15.31:6789/0] -- mon_command({"prefix": "get_command_descriptions"} v 0) -- 0x7f1c60064110 con 0x7f1c6007d6c0
2024-04-10T06:57:05.196 INFO:teuthology.orchestra.run.smithi031.stdout:/usr/bin/ceph: stderr
2024-04-10T06:57:03.865+0000 7f1c5effd700 1 --2- 172.21.15.31:0/3799073245 >> [v2:172.21.15.31:6800/3319590448,v1:172.21.15.31:6801/3319590448] conn(0x7f1c48039610 0x7f1c4803bad0 secure :-1 s=READY pgs=9 cs=0 l=1 rev1=1 crypto rx=0x7f1c50006fd0 tx=0x7f1c50006e40 comp rx=0 tx=0).ready entity=mgr.14120 client_cookie=0 server_cookie=0 in_seq=0 out_seq=0
2024-04-10T06:57:05.196 INFO:teuthology.orchestra.run.smithi031.stdout:/usr/bin/ceph: stderr
2024-04-10T06:57:03.869+0000 7f1c5cff9700 1 -- 172.21.15.31:0/3799073245 <== mon.0 v2:172.21.15.31:3300/0 6 ==== mon_command_ack([{"prefix": "get_command_descriptions"}]=0 v0) ==== 72+0+188297 (secure 0 0 0) 0x7f1c54023390 con 0x7f1c6007d6c0
2024-04-10T06:57:05.196 INFO:teuthology.orchestra.run.smithi031.stdout:/usr/bin/ceph: stderr
2024-04-10T06:57:04.078+0000 7f1c65f9d700 1 -- 172.21.15.31:0/3799073245 --> [v2:172.21.15.31:6800/3319590448,v1:172.21.15.31:6801/3319590448] -- mgr_command(tid 0: {"prefix": "cephadm generate-key", "target": ["mon-mgr", ""]}) -- 0x7f1c60104240 con 0x7f1c48039610
2024-04-10T06:57:05.196 INFO:teuthology.orchestra.run.smithi031.stdout:/usr/bin/ceph: stderr
2024-04-10T06:57:04.613+0000 7f1c5cff9700 1 -- 172.21.15.31:0/3799073245 <== mgr.14120 v2:172.21.15.31:6800/3319590448 1 ==== mgr_command_reply(tid 0: 0 ) ==== 8+0+0 (secure 0 0 0) 0x7f1c60104240 con 0x7f1c48039610
2024-04-10T06:57:05.196 INFO:teuthology.orchestra.run.smithi031.stdout:/usr/bin/ceph: stderr
2024-04-10T06:57:04.615+0000 7f1c65f9d700 1 -- 172.21.15.31:0/3799073245 >> [v2:172.21.15.31:6800/3319590448,v1:172.21.15.31:6801/3319590448] conn(0x7f1c48039610 msgr2=0x7f1c4803bad0 secure :-1 s=STATE_CONNECTION_ESTABLISHED l=1).mark_down
2024-04-10T06:57:05.196 INFO:teuthology.orchestra.run.smithi031.stdout:/usr/bin/ceph: stderr
2024-04-10T06:57:04.615+0000 7f1c65f9d700 1 --2- 172.21.15.31:0/3799073245 >> [v2:172.21.15.31:6800/3319590448,v1:172.21.15.31:6801/3319590448] conn(0x7f1c48039610 0x7f1c4803bad0 secure :-1 s=READY pgs=9 cs=0 l=1 rev1=1 crypto rx=0x7f1c50006fd0 tx=0x7f1c50006e40 comp rx=0 tx=0).stop
2024-04-10T06:57:05.197 INFO:teuthology.orchestra.run.smithi031.stdout:/usr/bin/ceph: stderr
2024-04-10T06:57:04.615+0000 7f1c65f9d700 1 -- 172.21.15.31:0/3799073245 >> [v2:172.21.15.31:3300/0,v1:172.21.15.31:6789/0] conn(0x7f1c6007d6c0 msgr2=0x7f1c6019db00 secure :-1 s=STATE_CONNECTION_ESTABLISHED l=1).mark_down
2024-04-10T06:57:05.197 INFO:teuthology.orchestra.run.smithi031.stdout:/usr/bin/ceph: stderr
2024-04-10T06:57:04.615+0000 7f1c65f9d700 1 --2- 172.21.15.31:0/3799073245 >> [v2:172.21.15.31:3300/0,v1:172.21.15.31:6789/0] conn(0x7f1c6007d6c0 0x7f1c6019db00 secure :-1 s=READY pgs=42 cs=0 l=1 rev1=1 crypto rx=0x7f1c54006af0 tx=0x7f1c54011b70 comp rx=0 tx=0).stop
2024-04-10T06:57:05.197 INFO:teuthology.orchestra.run.smithi031.stdout:/usr/bin/ceph: stderr
2024-04-10T06:57:04.615+0000 7f1c65f9d700 1 -- 172.21.15.31:0/3799073245 shutdown_connections
2024-04-10T06:57:05.197 INFO:teuthology.orchestra.run.smithi031.stdout:/usr/bin/ceph: stderr
2024-04-10T06:57:04.615+0000 7f1c65f9d700 1 --2- 172.21.15.31:0/3799073245 >> [v2:172.21.15.31:6800/3319590448,v1:172.21.15.31:6801/3319590448] conn(0x7f1c48039610 0x7f1c4803bad0 unknown :-1 s=CLOSED pgs=9 cs=0 l=1 rev1=1 crypto rx=0 tx=0 comp rx=0 tx=0).stop
2024-04-10T06:57:05.197 INFO:teuthology.orchestra.run.smithi031.stdout:/usr/bin/ceph: stderr
2024-04-10T06:57:04.615+0000 7f1c65f9d700 1 --2- 172.21.15.31:0/3799073245 >> [v2:172.21.15.31:3300/0,v1:172.21.15.31:6789/0] conn(0x7f1c6007d6c0 0x7f1c6019db00 unknown :-1 s=CLOSED pgs=42 cs=0 l=1 rev1=1 crypto rx=0 tx=0 comp rx=0 tx=0).stop
2024-04-10T06:57:05.197 INFO:teuthology.orchestra.run.smithi031.stdout:/usr/bin/ceph: stderr
2024-04-10T06:57:04.615+0000 7f1c65f9d700 1 -- 172.21.15.31:0/3799073245 >> 172.21.15.31:0/3799073245 conn(0x7f1c60102fb0 msgr2=0x7f1c60103b30 unknown :-1 s=STATE_NONE l=0).mark_down
2024-04-10T06:57:05.197 INFO:teuthology.orchestra.run.smithi031.stdout:/usr/bin/ceph: stderr
2024-04-10T06:57:04.615+0000 7f1c65f9d700 1 -- 172.21.15.31:0/3799073245 shutdown_connections
2024-04-10T06:57:05.197 INFO:teuthology.orchestra.run.smithi031.stdout:/usr/bin/ceph: stderr
2024-04-10T06:57:04.615+0000 7f1c65f9d700 1 -- 172.21.15.31:0/3799073245 wait complete.
2024-04-10T06:57:05.855 INFO:journalctl@ceph.mon.a.smithi031.stdout:Apr 10 06:57:05 smithi031 ceph-mon[29756]: from='mgr.14120 172.21.15.31:0/3895419017' entity='mgr.x'
2024-04-10T06:57:05.855 INFO:journalctl@ceph.mon.a.smithi031.stdout:Apr 10 06:57:05 smithi031 ceph-mon[29756]: from='mgr.14120 172.21.15.31:0/3895419017' entity='mgr.x'
2024-04-10T06:57:06.359 INFO:teuthology.orchestra.run.smithi031.stdout:/usr/bin/ceph: stdout ssh-rsa AAAAB3NzaC1yc2EAAAADAQABAAABgQDEAoCQchbLGCaQ4IXwtjJ2qIpK5+or5Fj8SlvxidMnE6m583BwIAjA2+JWXh6AKl5Q1xMgnmVNhrwfdUAaVB0ynVQR2oxBpNmCdjXoCfl4StIa+teiDL/dj/Md0Lk/Qe/gurWGxqL9SwXrosEUcZpVVo+3RLyDrWDAzBB3NdOw6zoBkgOBC2ZmB3O6o8vm+8s0iv0py6SvuxPpIBPslb0Kl6FwjamEA/EqNI4wxuQ8DIS2Y6JsGcTKYccRAURXo5GplYqcUiHPMJdD+X6Gp+YYi7yCs0A8BfgXBLQU+i0o9oVcNgox8TemTV/Lwz5Ms0qeOarudqJwL64wTVpy94vuh/VeNnOSr78frY2mi6Lyi50+Oci0RlUPGDIiB9nTWsh5xXDDu0GvMLNd6TAv3fPur4BeGDDZWCHFg6faYQE8b+A0KbqgMugDaI3epzPAHFkeQdPwwX6GXbeMjQ1gswgfCVVMkhU6NQcQ+nB/tqW+eZyHv8YovjYiApqNW6fd0lM= ceph-57e90e8a-f707-11ee-b64a-cb9ed24678a4
2024-04-10T06:57:06.359 INFO:teuthology.orchestra.run.smithi031.stdout:/usr/bin/ceph: stderr
2024-04-10T06:57:05.640+0000 7fa33cde9700 1 Processor -- start
2024-04-10T06:57:06.359 INFO:teuthology.orchestra.run.smithi031.stdout:/usr/bin/ceph: stderr
2024-04-10T06:57:05.640+0000 7fa33cde9700 1 -- start start
2024-04-10T06:57:06.359 INFO:teuthology.orchestra.run.smithi031.stdout:/usr/bin/ceph: stderr
2024-04-10T06:57:05.640+0000 7fa33cde9700 1 --2- >> [v2:172.21.15.31:3300/0,v1:172.21.15.31:6789/0] conn(0x7fa338106830 0x7fa338106c50 unknown :-1 s=NONE pgs=0 cs=0 l=0 rev1=0 crypto rx=0 tx=0 comp rx=0 tx=0).connect
2024-04-10T06:57:06.359 INFO:teuthology.orchestra.run.smithi031.stdout:/usr/bin/ceph: stderr
2024-04-10T06:57:05.640+0000 7fa33cde9700 1 -- --> [v2:172.21.15.31:3300/0,v1:172.21.15.31:6789/0] -- mon_getmap magic: 0 -- 0x7fa338107220 con 0x7fa338106830
2024-04-10T06:57:06.359 INFO:teuthology.orchestra.run.smithi031.stdout:/usr/bin/ceph: stderr
2024-04-10T06:57:05.640+0000 7fa33659c700 1 --2- >> [v2:172.21.15.31:3300/0,v1:172.21.15.31:6789/0] conn(0x7fa338106830 0x7fa338106c50 unknown :-1 s=BANNER_CONNECTING pgs=0 cs=0 l=0 rev1=0 crypto rx=0 tx=0 comp rx=0 tx=0)._handle_peer_banner_payload supported=3 required=0
2024-04-10T06:57:06.359 INFO:teuthology.orchestra.run.smithi031.stdout:/usr/bin/ceph: stderr
2024-04-10T06:57:05.640+0000 7fa33659c700 1 --2- >> [v2:172.21.15.31:3300/0,v1:172.21.15.31:6789/0] conn(0x7fa338106830 0x7fa338106c50 unknown :-1 s=HELLO_CONNECTING pgs=0 cs=0 l=0 rev1=1 crypto rx=0 tx=0 comp rx=0 tx=0).handle_hello peer v2:172.21.15.31:3300/0 says I am v2:172.21.15.31:45732/0 (socket says 172.21.15.31:45732)
2024-04-10T06:57:06.359 INFO:teuthology.orchestra.run.smithi031.stdout:/usr/bin/ceph: stderr
2024-04-10T06:57:05.640+0000 7fa33659c700 1 -- 172.21.15.31:0/3499245829 learned_addr learned my addr 172.21.15.31:0/3499245829 (peer_addr_for_me v2:172.21.15.31:0/0)
2024-04-10T06:57:06.359 INFO:teuthology.orchestra.run.smithi031.stdout:/usr/bin/ceph: stderr
2024-04-10T06:57:05.641+0000 7fa33659c700 1 -- 172.21.15.31:0/3499245829 --> [v2:172.21.15.31:3300/0,v1:172.21.15.31:6789/0] -- mon_subscribe({config=0+,monmap=0+}) -- 0x7fa338107a30 con 0x7fa338106830
2024-04-10T06:57:06.359 INFO:teuthology.orchestra.run.smithi031.stdout:/usr/bin/ceph: stderr
2024-04-10T06:57:05.641+0000 7fa33659c700 1 --2- 172.21.15.31:0/3499245829 >> [v2:172.21.15.31:3300/0,v1:172.21.15.31:6789/0] conn(0x7fa338106830 0x7fa338106c50 secure :-1 s=READY pgs=43 cs=0 l=1 rev1=1 crypto rx=0x7fa3280098a0 tx=0x7fa328009bb0 comp rx=0 tx=0).ready entity=mon.0 client_cookie=7968f7a14f10fdf7 server_cookie=0 in_seq=0 out_seq=0
2024-04-10T06:57:06.360 INFO:teuthology.orchestra.run.smithi031.stdout:/usr/bin/ceph: stderr
2024-04-10T06:57:05.641+0000 7fa33559a700 1 -- 172.21.15.31:0/3499245829 <== mon.0 v2:172.21.15.31:3300/0 1 ==== mon_map magic: 0 ==== 205+0+0 (secure 0 0 0) 0x7fa328004160 con 0x7fa338106830
2024-04-10T06:57:06.360 INFO:teuthology.orchestra.run.smithi031.stdout:/usr/bin/ceph: stderr
2024-04-10T06:57:05.641+0000 7fa33559a700 1 -- 172.21.15.31:0/3499245829 <== mon.0 v2:172.21.15.31:3300/0 2 ==== config(26 keys) ==== 1071+0+0 (secure 0 0 0) 0x7fa328004300 con 0x7fa338106830
2024-04-10T06:57:06.360 INFO:teuthology.orchestra.run.smithi031.stdout:/usr/bin/ceph: stderr
2024-04-10T06:57:05.641+0000 7fa33559a700 1 -- 172.21.15.31:0/3499245829 <== mon.0 v2:172.21.15.31:3300/0 3 ==== mon_map magic: 0 ==== 205+0+0 (secure 0 0 0) 0x7fa328011a80 con 0x7fa338106830
2024-04-10T06:57:06.360 INFO:teuthology.orchestra.run.smithi031.stdout:/usr/bin/ceph: stderr
2024-04-10T06:57:05.642+0000 7fa33cde9700 1 -- 172.21.15.31:0/3499245829 >> [v2:172.21.15.31:3300/0,v1:172.21.15.31:6789/0] conn(0x7fa338106830 msgr2=0x7fa338106c50 secure :-1 s=STATE_CONNECTION_ESTABLISHED l=1).mark_down
2024-04-10T06:57:06.360 INFO:teuthology.orchestra.run.smithi031.stdout:/usr/bin/ceph: stderr
2024-04-10T06:57:05.642+0000 7fa33cde9700 1 --2- 172.21.15.31:0/3499245829 >> [v2:172.21.15.31:3300/0,v1:172.21.15.31:6789/0] conn(0x7fa338106830 0x7fa338106c50 secure :-1 s=READY pgs=43 cs=0 l=1 rev1=1 crypto rx=0x7fa3280098a0 tx=0x7fa328009bb0 comp rx=0 tx=0).stop
2024-04-10T06:57:06.360 INFO:teuthology.orchestra.run.smithi031.stdout:/usr/bin/ceph: stderr
2024-04-10T06:57:05.642+0000 7fa33cde9700 1 -- 172.21.15.31:0/3499245829 shutdown_connections
2024-04-10T06:57:06.360 INFO:teuthology.orchestra.run.smithi031.stdout:/usr/bin/ceph: stderr
2024-04-10T06:57:05.642+0000 7fa33cde9700 1 --2- 172.21.15.31:0/3499245829 >> [v2:172.21.15.31:3300/0,v1:172.21.15.31:6789/0] conn(0x7fa338106830 0x7fa338106c50 unknown :-1 s=CLOSED pgs=43 cs=0 l=1 rev1=1 crypto rx=0 tx=0 comp rx=0 tx=0).stop
2024-04-10T06:57:06.360 INFO:teuthology.orchestra.run.smithi031.stdout:/usr/bin/ceph: stderr
2024-04-10T06:57:05.642+0000 7fa33cde9700 1 -- 172.21.15.31:0/3499245829 >> 172.21.15.31:0/3499245829 conn(0x7fa338101e10 msgr2=0x7fa338104230 unknown :-1 s=STATE_NONE l=0).mark_down
2024-04-10T06:57:06.360 INFO:teuthology.orchestra.run.smithi031.stdout:/usr/bin/ceph: stderr
2024-04-10T06:57:05.642+0000 7fa33cde9700 1 -- 172.21.15.31:0/3499245829 shutdown_connections
2024-04-10T06:57:06.360 INFO:teuthology.orchestra.run.smithi031.stdout:/usr/bin/ceph: stderr
2024-04-10T06:57:05.642+0000 7fa33cde9700 1 -- 172.21.15.31:0/3499245829 wait complete.
2024-04-10T06:57:06.360 INFO:teuthology.orchestra.run.smithi031.stdout:/usr/bin/ceph: stderr
2024-04-10T06:57:05.643+0000 7fa33cde9700 1 Processor -- start
2024-04-10T06:57:06.360 INFO:teuthology.orchestra.run.smithi031.stdout:/usr/bin/ceph: stderr
2024-04-10T06:57:05.643+0000 7fa33cde9700 1 -- start start
2024-04-10T06:57:06.361 INFO:teuthology.orchestra.run.smithi031.stdout:/usr/bin/ceph: stderr
2024-04-10T06:57:05.643+0000 7fa33cde9700 1 --2- >> [v2:172.21.15.31:3300/0,v1:172.21.15.31:6789/0] conn(0x7fa338106830 0x7fa33819b990 unknown :-1 s=NONE pgs=0 cs=0 l=1 rev1=0 crypto rx=0 tx=0 comp rx=0 tx=0).connect
2024-04-10T06:57:06.361 INFO:teuthology.orchestra.run.smithi031.stdout:/usr/bin/ceph: stderr
2024-04-10T06:57:05.643+0000 7fa33cde9700 1 -- --> [v2:172.21.15.31:3300/0,v1:172.21.15.31:6789/0] -- mon_getmap magic: 0 -- 0x7fa33810ade0 con 0x7fa338106830
2024-04-10T06:57:06.361 INFO:teuthology.orchestra.run.smithi031.stdout:/usr/bin/ceph: stderr
2024-04-10T06:57:05.643+0000 7fa33659c700 1 --2- >> [v2:172.21.15.31:3300/0,v1:172.21.15.31:6789/0] conn(0x7fa338106830 0x7fa33819b990 unknown :-1 s=BANNER_CONNECTING pgs=0 cs=0 l=1 rev1=0 crypto rx=0 tx=0 comp rx=0 tx=0)._handle_peer_banner_payload supported=3 required=0
2024-04-10T06:57:06.361 INFO:teuthology.orchestra.run.smithi031.stdout:/usr/bin/ceph: stderr
2024-04-10T06:57:05.643+0000 7fa33659c700 1 --2- >> [v2:172.21.15.31:3300/0,v1:172.21.15.31:6789/0] conn(0x7fa338106830 0x7fa33819b990 unknown :-1 s=HELLO_CONNECTING pgs=0 cs=0 l=1 rev1=1 crypto rx=0 tx=0 comp rx=0 tx=0).handle_hello peer v2:172.21.15.31:3300/0 says I am v2:172.21.15.31:45744/0 (socket says 172.21.15.31:45744)
2024-04-10T06:57:06.361 INFO:teuthology.orchestra.run.smithi031.stdout:/usr/bin/ceph: stderr
2024-04-10T06:57:05.643+0000 7fa33659c700 1 -- 172.21.15.31:0/1705864757 learned_addr learned my addr 172.21.15.31:0/1705864757 (peer_addr_for_me v2:172.21.15.31:0/0)
2024-04-10T06:57:06.361 INFO:teuthology.orchestra.run.smithi031.stdout:/usr/bin/ceph: stderr
2024-04-10T06:57:05.643+0000 7fa33659c700 1 -- 172.21.15.31:0/1705864757 --> [v2:172.21.15.31:3300/0,v1:172.21.15.31:6789/0] -- mon_subscribe({config=0+,monmap=0+}) -- 0x7fa33819bed0 con 0x7fa338106830
2024-04-10T06:57:06.361 INFO:teuthology.orchestra.run.smithi031.stdout:/usr/bin/ceph: stderr
2024-04-10T06:57:05.643+0000 7fa33659c700 1 --2- 172.21.15.31:0/1705864757 >> [v2:172.21.15.31:3300/0,v1:172.21.15.31:6789/0] conn(0x7fa338106830 0x7fa33819b990 secure :-1 s=READY pgs=44 cs=0 l=1 rev1=1 crypto rx=0x7fa328000c00 tx=0x7fa328004290 comp rx=0 tx=0).ready entity=mon.0 client_cookie=0 server_cookie=0 in_seq=0 out_seq=0
2024-04-10T06:57:06.361 INFO:teuthology.orchestra.run.smithi031.stdout:/usr/bin/ceph: stderr
2024-04-10T06:57:05.643+0000 7fa3277fe700 1 -- 172.21.15.31:0/1705864757 <== mon.0 v2:172.21.15.31:3300/0 1 ==== mon_map magic: 0 ==== 205+0+0 (secure 0 0 0) 0x7fa3280039c0 con 0x7fa338106830
2024-04-10T06:57:06.361 INFO:teuthology.orchestra.run.smithi031.stdout:/usr/bin/ceph: stderr
2024-04-10T06:57:05.644+0000 7fa3277fe700 1 -- 172.21.15.31:0/1705864757 <== mon.0 v2:172.21.15.31:3300/0 2 ==== config(26 keys) ==== 1071+0+0 (secure 0 0 0) 0x7fa328003b60 con 0x7fa338106830
2024-04-10T06:57:06.361 INFO:teuthology.orchestra.run.smithi031.stdout:/usr/bin/ceph: stderr
2024-04-10T06:57:05.644+0000 7fa33cde9700 1 -- 172.21.15.31:0/1705864757 --> [v2:172.21.15.31:3300/0,v1:172.21.15.31:6789/0] -- mon_subscribe({mgrmap=0+}) -- 0x7fa33819c160 con 0x7fa338106830
2024-04-10T06:57:06.361 INFO:teuthology.orchestra.run.smithi031.stdout:/usr/bin/ceph: stderr
2024-04-10T06:57:05.644+0000 7fa3277fe700 1 -- 172.21.15.31:0/1705864757 <== mon.0 v2:172.21.15.31:3300/0 3 ==== mon_map magic: 0 ==== 205+0+0 (secure 0 0 0) 0x7fa32801a6f0 con 0x7fa338106830
2024-04-10T06:57:06.361 INFO:teuthology.orchestra.run.smithi031.stdout:/usr/bin/ceph: stderr
2024-04-10T06:57:05.644+0000 7fa33cde9700 1 -- 172.21.15.31:0/1705864757 --> [v2:172.21.15.31:3300/0,v1:172.21.15.31:6789/0] -- mon_subscribe({osdmap=0}) -- 0x7fa33819ee00 con 0x7fa338106830
2024-04-10T06:57:06.361 INFO:teuthology.orchestra.run.smithi031.stdout:/usr/bin/ceph: stderr
2024-04-10T06:57:05.645+0000 7fa3277fe700 1 -- 172.21.15.31:0/1705864757 <== mon.0 v2:172.21.15.31:3300/0 4 ==== mgrmap(e 8) ==== 46558+0+0 (secure 0 0 0) 0x7fa328024440 con 0x7fa338106830
2024-04-10T06:57:06.361 INFO:teuthology.orchestra.run.smithi031.stdout:/usr/bin/ceph: stderr
2024-04-10T06:57:05.645+0000 7fa33cde9700 1 -- 172.21.15.31:0/1705864757 --> [v2:172.21.15.31:3300/0,v1:172.21.15.31:6789/0] -- mon_command({"prefix": "get_command_descriptions"} v 0) -- 0x7fa338064110 con 0x7fa338106830
2024-04-10T06:57:06.362 INFO:teuthology.orchestra.run.smithi031.stdout:/usr/bin/ceph: stderr
2024-04-10T06:57:05.645+0000 7fa3277fe700 1 --2- 172.21.15.31:0/1705864757 >> [v2:172.21.15.31:6800/3319590448,v1:172.21.15.31:6801/3319590448] conn(0x7fa320039600 0x7fa32003bac0 unknown :-1 s=NONE pgs=0 cs=0 l=1 rev1=0 crypto rx=0 tx=0 comp rx=0 tx=0).connect
2024-04-10T06:57:06.362 INFO:teuthology.orchestra.run.smithi031.stdout:/usr/bin/ceph: stderr
2024-04-10T06:57:05.645+0000 7fa3277fe700 1 -- 172.21.15.31:0/1705864757 <== mon.0 v2:172.21.15.31:3300/0 5 ==== osd_map(2..2 src has 1..2) ==== 940+0+0 (secure 0 0 0) 0x7fa32804d9c0 con 0x7fa338106830
2024-04-10T06:57:06.362 INFO:teuthology.orchestra.run.smithi031.stdout:/usr/bin/ceph: stderr
2024-04-10T06:57:05.645+0000 7fa335d9b700 1 --2- 172.21.15.31:0/1705864757 >> [v2:172.21.15.31:6800/3319590448,v1:172.21.15.31:6801/3319590448] conn(0x7fa320039600 0x7fa32003bac0 unknown :-1 s=BANNER_CONNECTING pgs=0 cs=0 l=1 rev1=0 crypto rx=0 tx=0 comp rx=0 tx=0)._handle_peer_banner_payload supported=3 required=0
2024-04-10T06:57:06.362 INFO:teuthology.orchestra.run.smithi031.stdout:/usr/bin/ceph: stderr
2024-04-10T06:57:05.645+0000 7fa335d9b700 1 --2- 172.21.15.31:0/1705864757 >> [v2:172.21.15.31:6800/3319590448,v1:172.21.15.31:6801/3319590448] conn(0x7fa320039600 0x7fa32003bac0 secure :-1 s=READY pgs=10 cs=0 l=1 rev1=1 crypto rx=0x7fa32c006fd0 tx=0x7fa32c006e40 comp rx=0 tx=0).ready entity=mgr.14120 client_cookie=0 server_cookie=0 in_seq=0 out_seq=0
2024-04-10T06:57:06.362 INFO:teuthology.orchestra.run.smithi031.stdout:/usr/bin/ceph: stderr
2024-04-10T06:57:05.650+0000 7fa3277fe700 1 -- 172.21.15.31:0/1705864757 <== mon.0 v2:172.21.15.31:3300/0 6 ==== mon_command_ack([{"prefix": "get_command_descriptions"}]=0 v0) ==== 72+0+188297 (secure 0 0 0) 0x7fa3280247e0 con 0x7fa338106830
2024-04-10T06:57:06.362 INFO:teuthology.orchestra.run.smithi031.stdout:/usr/bin/ceph: stderr
2024-04-10T06:57:05.860+0000 7fa33cde9700 1 -- 172.21.15.31:0/1705864757 --> [v2:172.21.15.31:6800/3319590448,v1:172.21.15.31:6801/3319590448] -- mgr_command(tid 0: {"prefix": "cephadm get-pub-key", "target": ["mon-mgr", ""]}) -- 0x7fa3380008d0 con 0x7fa320039600
2024-04-10T06:57:06.362 INFO:teuthology.orchestra.run.smithi031.stdout:/usr/bin/ceph: stderr
2024-04-10T06:57:05.860+0000 7fa3277fe700 1 -- 172.21.15.31:0/1705864757 <== mgr.14120 v2:172.21.15.31:6800/3319590448 1 ==== mgr_command_reply(tid 0: 0 ) ==== 8+0+595 (secure 0 0 0) 0x7fa3380008d0 con 0x7fa320039600
2024-04-10T06:57:06.362 INFO:teuthology.orchestra.run.smithi031.stdout:/usr/bin/ceph: stderr
2024-04-10T06:57:05.862+0000 7fa33cde9700 1 -- 172.21.15.31:0/1705864757 >> [v2:172.21.15.31:6800/3319590448,v1:172.21.15.31:6801/3319590448] conn(0x7fa320039600 msgr2=0x7fa32003bac0 secure :-1 s=STATE_CONNECTION_ESTABLISHED l=1).mark_down
2024-04-10T06:57:06.362 INFO:teuthology.orchestra.run.smithi031.stdout:/usr/bin/ceph: stderr
2024-04-10T06:57:05.862+0000 7fa33cde9700 1 --2- 172.21.15.31:0/1705864757 >> [v2:172.21.15.31:6800/3319590448,v1:172.21.15.31:6801/3319590448] conn(0x7fa320039600 0x7fa32003bac0 secure :-1 s=READY pgs=10 cs=0 l=1 rev1=1 crypto rx=0x7fa32c006fd0 tx=0x7fa32c006e40 comp rx=0 tx=0).stop
2024-04-10T06:57:06.362 INFO:teuthology.orchestra.run.smithi031.stdout:/usr/bin/ceph: stderr
2024-04-10T06:57:05.862+0000 7fa33cde9700 1 -- 172.21.15.31:0/1705864757 >> [v2:172.21.15.31:3300/0,v1:172.21.15.31:6789/0] conn(0x7fa338106830 msgr2=0x7fa33819b990 secure :-1 s=STATE_CONNECTION_ESTABLISHED l=1).mark_down
2024-04-10T06:57:06.362 INFO:teuthology.orchestra.run.smithi031.stdout:/usr/bin/ceph: stderr
2024-04-10T06:57:05.862+0000 7fa33cde9700 1 --2- 172.21.15.31:0/1705864757 >> [v2:172.21.15.31:3300/0,v1:172.21.15.31:6789/0] conn(0x7fa338106830 0x7fa33819b990 secure :-1 s=READY pgs=44 cs=0 l=1 rev1=1 crypto rx=0x7fa328000c00 tx=0x7fa328004290 comp rx=0 tx=0).stop
2024-04-10T06:57:06.362 INFO:teuthology.orchestra.run.smithi031.stdout:/usr/bin/ceph: stderr
2024-04-10T06:57:05.862+0000 7fa33cde9700 1 -- 172.21.15.31:0/1705864757 shutdown_connections
2024-04-10T06:57:06.362 INFO:teuthology.orchestra.run.smithi031.stdout:/usr/bin/ceph: stderr
2024-04-10T06:57:05.862+0000 7fa33cde9700 1 --2- 172.21.15.31:0/1705864757 >> [v2:172.21.15.31:6800/3319590448,v1:172.21.15.31:6801/3319590448] conn(0x7fa320039600 0x7fa32003bac0 unknown :-1 s=CLOSED pgs=10 cs=0 l=1 rev1=1 crypto rx=0 tx=0 comp rx=0 tx=0).stop
2024-04-10T06:57:06.363 INFO:teuthology.orchestra.run.smithi031.stdout:/usr/bin/ceph: stderr
2024-04-10T06:57:05.862+0000 7fa33cde9700 1 --2- 172.21.15.31:0/1705864757 >> [v2:172.21.15.31:3300/0,v1:172.21.15.31:6789/0] conn(0x7fa338106830 0x7fa33819b990 unknown :-1 s=CLOSED pgs=44 cs=0 l=1 rev1=1 crypto rx=0 tx=0 comp rx=0 tx=0).stop
2024-04-10T06:57:06.363 INFO:teuthology.orchestra.run.smithi031.stdout:/usr/bin/ceph: stderr
2024-04-10T06:57:05.862+0000 7fa33cde9700 1 -- 172.21.15.31:0/1705864757 >> 172.21.15.31:0/1705864757 conn(0x7fa338101e10 msgr2=0x7fa338102d60 unknown :-1 s=STATE_NONE l=0).mark_down
2024-04-10T06:57:06.363 INFO:teuthology.orchestra.run.smithi031.stdout:/usr/bin/ceph: stderr
2024-04-10T06:57:05.862+0000 7fa33cde9700 1 -- 172.21.15.31:0/1705864757 shutdown_connections
2024-04-10T06:57:06.363 INFO:teuthology.orchestra.run.smithi031.stdout:/usr/bin/ceph: stderr
2024-04-10T06:57:05.862+0000 7fa33cde9700 1 -- 172.21.15.31:0/1705864757 wait complete.
2024-04-10T06:57:06.363 INFO:teuthology.orchestra.run.smithi031.stdout:Wrote public SSH key to /home/ubuntu/cephtest/ceph.pub
2024-04-10T06:57:06.363 INFO:teuthology.orchestra.run.smithi031.stdout:Adding key to root@localhost authorized_keys...
2024-04-10T06:57:06.363 INFO:teuthology.orchestra.run.smithi031.stdout:Adding host smithi031...
2024-04-10T06:57:07.049 INFO:journalctl@ceph.mon.a.smithi031.stdout:Apr 10 06:57:06 smithi031 ceph-mon[29756]: from='client.14138 -' entity='client.admin' cmd=[{"prefix": "cephadm get-pub-key", "target": ["mon-mgr", ""]}]: dispatch
2024-04-10T06:57:07.855 INFO:journalctl@ceph.mon.a.smithi031.stdout:Apr 10 06:57:07 smithi031 ceph-mon[29756]: from='client.14140 -' entity='client.admin' cmd=[{"prefix": "orch host add", "hostname": "smithi031", "addr": "172.21.15.31", "target": ["mon-mgr", ""]}]: dispatch
2024-04-10T06:57:09.105 INFO:journalctl@ceph.mon.a.smithi031.stdout:Apr 10 06:57:08 smithi031 ceph-mon[29756]: Deploying cephadm binary to smithi031
2024-04-10T06:57:12.083 INFO:teuthology.orchestra.run.smithi031.stdout:/usr/bin/ceph: stdout Added host 'smithi031' with addr '172.21.15.31'
2024-04-10T06:57:12.084 INFO:teuthology.orchestra.run.smithi031.stdout:/usr/bin/ceph: stderr
2024-04-10T06:57:06.828+0000 7f04d7da3700 1 Processor -- start
2024-04-10T06:57:12.084 INFO:teuthology.orchestra.run.smithi031.stdout:/usr/bin/ceph: stderr
2024-04-10T06:57:06.829+0000 7f04d7da3700 1 -- start start
2024-04-10T06:57:12.084 INFO:teuthology.orchestra.run.smithi031.stdout:/usr/bin/ceph: stderr
2024-04-10T06:57:06.829+0000 7f04d7da3700 1 --2- >> [v2:172.21.15.31:3300/0,v1:172.21.15.31:6789/0] conn(0x7f04d01079f0 0x7f04d0107e10 unknown :-1 s=NONE pgs=0 cs=0 l=0 rev1=0 crypto rx=0 tx=0 comp rx=0 tx=0).connect
2024-04-10T06:57:12.084 INFO:teuthology.orchestra.run.smithi031.stdout:/usr/bin/ceph: stderr
2024-04-10T06:57:06.829+0000 7f04d7da3700 1 -- --> [v2:172.21.15.31:3300/0,v1:172.21.15.31:6789/0] -- mon_getmap magic: 0 -- 0x7f04d01083e0 con 0x7f04d01079f0
2024-04-10T06:57:12.084 INFO:teuthology.orchestra.run.smithi031.stdout:/usr/bin/ceph: stderr
2024-04-10T06:57:06.829+0000 7f04d5b3f700 1 --2- >> [v2:172.21.15.31:3300/0,v1:172.21.15.31:6789/0] conn(0x7f04d01079f0 0x7f04d0107e10 unknown :-1 s=BANNER_CONNECTING pgs=0 cs=0 l=0 rev1=0 crypto rx=0 tx=0 comp rx=0 tx=0)._handle_peer_banner_payload supported=3 required=0
2024-04-10T06:57:12.084 INFO:teuthology.orchestra.run.smithi031.stdout:/usr/bin/ceph: stderr
2024-04-10T06:57:06.829+0000 7f04d5b3f700 1 --2- >> [v2:172.21.15.31:3300/0,v1:172.21.15.31:6789/0] conn(0x7f04d01079f0 0x7f04d0107e10 unknown :-1 s=HELLO_CONNECTING pgs=0 cs=0 l=0 rev1=1 crypto rx=0 tx=0 comp rx=0 tx=0).handle_hello peer v2:172.21.15.31:3300/0 says I am v2:172.21.15.31:45748/0 (socket says 172.21.15.31:45748)
2024-04-10T06:57:12.084 INFO:teuthology.orchestra.run.smithi031.stdout:/usr/bin/ceph: stderr
2024-04-10T06:57:06.829+0000 7f04d5b3f700 1 -- 172.21.15.31:0/4252092954 learned_addr learned my addr 172.21.15.31:0/4252092954 (peer_addr_for_me v2:172.21.15.31:0/0)
2024-04-10T06:57:12.084 INFO:teuthology.orchestra.run.smithi031.stdout:/usr/bin/ceph: stderr
2024-04-10T06:57:06.829+0000 7f04d5b3f700 1 -- 172.21.15.31:0/4252092954 --> [v2:172.21.15.31:3300/0,v1:172.21.15.31:6789/0] -- mon_subscribe({config=0+,monmap=0+}) -- 0x7f04d0108b50 con 0x7f04d01079f0
2024-04-10T06:57:12.084 INFO:teuthology.orchestra.run.smithi031.stdout:/usr/bin/ceph: stderr
2024-04-10T06:57:06.829+0000 7f04d5b3f700 1 --2- 172.21.15.31:0/4252092954 >> [v2:172.21.15.31:3300/0,v1:172.21.15.31:6789/0] conn(0x7f04d01079f0 0x7f04d0107e10 secure :-1 s=READY pgs=45 cs=0 l=1 rev1=1 crypto rx=0x7f04cc0098a0 tx=0x7f04cc009bb0 comp rx=0 tx=0).ready entity=mon.0 client_cookie=c65ff3ff719ba254 server_cookie=0 in_seq=0 out_seq=0
2024-04-10T06:57:12.084 INFO:teuthology.orchestra.run.smithi031.stdout:/usr/bin/ceph: stderr
2024-04-10T06:57:06.829+0000 7f04d4b3d700 1 -- 172.21.15.31:0/4252092954 <== mon.0 v2:172.21.15.31:3300/0 1 ==== mon_map magic: 0 ==== 205+0+0 (secure 0 0 0) 0x7f04cc004160 con 0x7f04d01079f0
2024-04-10T06:57:12.084 INFO:teuthology.orchestra.run.smithi031.stdout:/usr/bin/ceph: stderr
2024-04-10T06:57:06.830+0000 7f04d4b3d700 1 -- 172.21.15.31:0/4252092954 <== mon.0 v2:172.21.15.31:3300/0 2 ==== config(26 keys) ==== 1071+0+0 (secure 0 0 0) 0x7f04cc004300 con 0x7f04d01079f0
2024-04-10T06:57:12.085 INFO:teuthology.orchestra.run.smithi031.stdout:/usr/bin/ceph: stderr
2024-04-10T06:57:06.830+0000 7f04d4b3d700 1 -- 172.21.15.31:0/4252092954 <== mon.0 v2:172.21.15.31:3300/0 3 ==== mon_map magic: 0 ==== 205+0+0 (secure 0 0 0) 0x7f04cc011a80 con 0x7f04d01079f0
2024-04-10T06:57:12.085 INFO:teuthology.orchestra.run.smithi031.stdout:/usr/bin/ceph: stderr
2024-04-10T06:57:06.830+0000 7f04d7da3700 1 -- 172.21.15.31:0/4252092954 >> [v2:172.21.15.31:3300/0,v1:172.21.15.31:6789/0] conn(0x7f04d01079f0 msgr2=0x7f04d0107e10 secure :-1 s=STATE_CONNECTION_ESTABLISHED l=1).mark_down
2024-04-10T06:57:12.085 INFO:teuthology.orchestra.run.smithi031.stdout:/usr/bin/ceph: stderr
2024-04-10T06:57:06.830+0000 7f04d7da3700 1 --2- 172.21.15.31:0/4252092954 >> [v2:172.21.15.31:3300/0,v1:172.21.15.31:6789/0] conn(0x7f04d01079f0 0x7f04d0107e10 secure :-1 s=READY pgs=45 cs=0 l=1 rev1=1 crypto rx=0x7f04cc0098a0 tx=0x7f04cc009bb0 comp rx=0 tx=0).stop
2024-04-10T06:57:12.085 INFO:teuthology.orchestra.run.smithi031.stdout:/usr/bin/ceph: stderr
2024-04-10T06:57:06.830+0000 7f04d7da3700 1 -- 172.21.15.31:0/4252092954 shutdown_connections
2024-04-10T06:57:12.085 INFO:teuthology.orchestra.run.smithi031.stdout:/usr/bin/ceph: stderr
2024-04-10T06:57:06.830+0000 7f04d7da3700 1 --2- 172.21.15.31:0/4252092954 >> [v2:172.21.15.31:3300/0,v1:172.21.15.31:6789/0] conn(0x7f04d01079f0 0x7f04d0107e10 unknown :-1 s=CLOSED pgs=45 cs=0 l=1 rev1=1 crypto rx=0 tx=0 comp rx=0 tx=0).stop
2024-04-10T06:57:12.085 INFO:teuthology.orchestra.run.smithi031.stdout:/usr/bin/ceph: stderr
2024-04-10T06:57:06.830+0000 7f04d7da3700 1 -- 172.21.15.31:0/4252092954 >> 172.21.15.31:0/4252092954 conn(0x7f04d0102fb0 msgr2=0x7f04d01053d0 unknown :-1 s=STATE_NONE l=0).mark_down
2024-04-10T06:57:12.085 INFO:teuthology.orchestra.run.smithi031.stdout:/usr/bin/ceph: stderr
2024-04-10T06:57:06.830+0000 7f04d7da3700 1 -- 172.21.15.31:0/4252092954 shutdown_connections
2024-04-10T06:57:12.085 INFO:teuthology.orchestra.run.smithi031.stdout:/usr/bin/ceph: stderr
2024-04-10T06:57:06.830+0000 7f04d7da3700 1 -- 172.21.15.31:0/4252092954 wait complete.
2024-04-10T06:57:12.085 INFO:teuthology.orchestra.run.smithi031.stdout:/usr/bin/ceph: stderr
2024-04-10T06:57:06.831+0000 7f04d7da3700 1 Processor -- start
2024-04-10T06:57:12.085 INFO:teuthology.orchestra.run.smithi031.stdout:/usr/bin/ceph: stderr
2024-04-10T06:57:06.831+0000 7f04d7da3700 1 -- start start
