2024-04-25T09:23:28.363+0000 7fbfbb7fe700 1 -- 172.21.15.137:0/3420827638 <== mon.0 v2:172.21.15.137:3300/0 7 ==== mon_command_ack([{prefix=config set, name=mgr/dashboard/ssl_server_port}]=0 v8)=0 v8) ==== 130+0+0 (secure 0 0 0) 0x7fbfbc018e00 con 0x7fbfcc108e40
2024-04-25T09:23:28.968 INFO:teuthology.orchestra.run.smithi137.stdout:/usr/bin/ceph: stderr
2024-04-25T09:23:28.366+0000 7fbfd0b83700 1 -- 172.21.15.137:0/3420827638 >> [v2:172.21.15.137:6800/303313551,v1:172.21.15.137:6801/303313551] conn(0x7fbfb40395b0 msgr2=0x7fbfb403ba70 secure :-1 s=STATE_CONNECTION_ESTABLISHED l=1).mark_down
2024-04-25T09:23:28.968 INFO:teuthology.orchestra.run.smithi137.stdout:/usr/bin/ceph: stderr
2024-04-25T09:23:28.366+0000 7fbfd0b83700 1 --2- 172.21.15.137:0/3420827638 >> [v2:172.21.15.137:6800/303313551,v1:172.21.15.137:6801/303313551] conn(0x7fbfb40395b0 0x7fbfb403ba70 secure :-1 s=READY pgs=15 cs=0 l=1 rev1=1 crypto rx=0x7fbfc0006fd0 tx=0x7fbfc0006e40 comp rx=0 tx=0).stop
2024-04-25T09:23:28.968 INFO:teuthology.orchestra.run.smithi137.stdout:/usr/bin/ceph: stderr
2024-04-25T09:23:28.366+0000 7fbfd0b83700 1 -- 172.21.15.137:0/3420827638 >> [v2:172.21.15.137:3300/0,v1:172.21.15.137:6789/0] conn(0x7fbfcc108e40 msgr2=0x7fbfcc19c210 secure :-1 s=STATE_CONNECTION_ESTABLISHED l=1).mark_down
2024-04-25T09:23:28.969 INFO:teuthology.orchestra.run.smithi137.stdout:/usr/bin/ceph: stderr
2024-04-25T09:23:28.366+0000 7fbfd0b83700 1 --2- 172.21.15.137:0/3420827638 >> [v2:172.21.15.137:3300/0,v1:172.21.15.137:6789/0] conn(0x7fbfcc108e40 0x7fbfcc19c210 secure :-1 s=READY pgs=54 cs=0 l=1 rev1=1 crypto rx=0x7fbfbc004660 tx=0x7fbfbc011a30 comp rx=0 tx=0).stop
2024-04-25T09:23:28.969 INFO:teuthology.orchestra.run.smithi137.stdout:/usr/bin/ceph: stderr
2024-04-25T09:23:28.366+0000 7fbfd0b83700 1 -- 172.21.15.137:0/3420827638 shutdown_connections
2024-04-25T09:23:28.969 INFO:teuthology.orchestra.run.smithi137.stdout:/usr/bin/ceph: stderr
2024-04-25T09:23:28.366+0000 7fbfd0b83700 1 --2- 172.21.15.137:0/3420827638 >> [v2:172.21.15.137:6800/303313551,v1:172.21.15.137:6801/303313551] conn(0x7fbfb40395b0 0x7fbfb403ba70 unknown :-1 s=CLOSED pgs=15 cs=0 l=1 rev1=1 crypto rx=0 tx=0 comp rx=0 tx=0).stop
2024-04-25T09:23:28.969 INFO:teuthology.orchestra.run.smithi137.stdout:/usr/bin/ceph: stderr
2024-04-25T09:23:28.366+0000 7fbfd0b83700 1 --2- 172.21.15.137:0/3420827638 >> [v2:172.21.15.137:3300/0,v1:172.21.15.137:6789/0] conn(0x7fbfcc108e40 0x7fbfcc19c210 unknown :-1 s=CLOSED pgs=54 cs=0 l=1 rev1=1 crypto rx=0 tx=0 comp rx=0 tx=0).stop
2024-04-25T09:23:28.969 INFO:teuthology.orchestra.run.smithi137.stdout:/usr/bin/ceph: stderr
2024-04-25T09:23:28.366+0000 7fbfd0b83700 1 -- 172.21.15.137:0/3420827638 >> 172.21.15.137:0/3420827638 conn(0x7fbfcc1028b0 msgr2=0x7fbfcc103340 unknown :-1 s=STATE_NONE l=0).mark_down
2024-04-25T09:23:28.969 INFO:teuthology.orchestra.run.smithi137.stdout:/usr/bin/ceph: stderr
2024-04-25T09:23:28.366+0000 7fbfd0b83700 1 -- 172.21.15.137:0/3420827638 shutdown_connections
2024-04-25T09:23:28.970 INFO:teuthology.orchestra.run.smithi137.stdout:/usr/bin/ceph: stderr
2024-04-25T09:23:28.366+0000 7fbfd0b83700 1 -- 172.21.15.137:0/3420827638 wait complete.
2024-04-25T09:23:28.970 INFO:teuthology.orchestra.run.smithi137.stdout:Enabling the dashboard module...
2024-04-25T09:23:30.383 INFO:journalctl@ceph.mon.a.smithi137.stdout:Apr 25 09:23:30 smithi137 ceph-mon[26740]: from='mgr.14120 172.21.15.137:0/2159440994' entity='mgr.x'
2024-04-25T09:23:30.384 INFO:journalctl@ceph.mon.a.smithi137.stdout:Apr 25 09:23:30 smithi137 ceph-mon[26740]: from='client.? 172.21.15.137:0/571821167' entity='client.admin' cmd=[{"prefix": "mgr module enable", "module": "dashboard"}]: dispatch
2024-04-25T09:23:30.384 INFO:journalctl@ceph.mgr.x.smithi137.stdout:Apr 25 09:23:30 smithi137 ceph-405ffafa-02e5-11ef-bc93-c7b262605968-mgr-x[26974]: ignoring --setuser ceph since I am not root
2024-04-25T09:23:30.384 INFO:journalctl@ceph.mgr.x.smithi137.stdout:Apr 25 09:23:30 smithi137 ceph-405ffafa-02e5-11ef-bc93-c7b262605968-mgr-x[26974]: ignoring --setgroup ceph since I am not root
2024-04-25T09:23:30.384 INFO:journalctl@ceph.mgr.x.smithi137.stdout:Apr 25 09:23:30 smithi137 ceph-405ffafa-02e5-11ef-bc93-c7b262605968-mgr-x[26974]:
2024-04-25T09:23:30.216+0000 7f1f98b5c200 -1 mgr[py] Module balancer has missing NOTIFY_TYPES member
2024-04-25T09:23:30.802 INFO:journalctl@ceph.mgr.x.smithi137.stdout:Apr 25 09:23:30 smithi137 ceph-405ffafa-02e5-11ef-bc93-c7b262605968-mgr-x[26974]:
2024-04-25T09:23:30.400+0000 7f1f98b5c200 -1 mgr[py] Module orchestrator has missing NOTIFY_TYPES member
2024-04-25T09:23:30.802 INFO:journalctl@ceph.mgr.x.smithi137.stdout:Apr 25 09:23:30 smithi137 ceph-405ffafa-02e5-11ef-bc93-c7b262605968-mgr-x[26974]:
2024-04-25T09:23:30.505+0000 7f1f98b5c200 -1 mgr[py] Module snap_schedule has missing NOTIFY_TYPES member
2024-04-25T09:23:30.802 INFO:journalctl@ceph.mgr.x.smithi137.stdout:Apr 25 09:23:30 smithi137 ceph-405ffafa-02e5-11ef-bc93-c7b262605968-mgr-x[26974]:
2024-04-25T09:23:30.815+0000 7f1f98b5c200 -1 mgr[py] Module progress has missing NOTIFY_TYPES member
2024-04-25T09:23:31.133 INFO:journalctl@ceph.mgr.x.smithi137.stdout:Apr 25 09:23:30 smithi137 ceph-405ffafa-02e5-11ef-bc93-c7b262605968-mgr-x[26974]:
2024-04-25T09:23:30.901+0000 7f1f98b5c200 -1 mgr[py] Module influx has missing NOTIFY_TYPES member
2024-04-25T09:23:31.133 INFO:journalctl@ceph.mon.a.smithi137.stdout:Apr 25 09:23:31 smithi137 ceph-mon[26740]: from='client.? 172.21.15.137:0/571821167' entity='client.admin' cmd='[{"prefix": "mgr module enable", "module": "dashboard"}]': finished
2024-04-25T09:23:31.133 INFO:journalctl@ceph.mon.a.smithi137.stdout:Apr 25 09:23:31 smithi137 ceph-mon[26740]: mgrmap e9: x(active, since 19s)
2024-04-25T09:23:31.259 INFO:teuthology.orchestra.run.smithi137.stdout:/usr/bin/ceph: stderr
2024-04-25T09:23:29.428+0000 7f1a5f792700 1 Processor -- start
2024-04-25T09:23:31.259 INFO:teuthology.orchestra.run.smithi137.stdout:/usr/bin/ceph: stderr
2024-04-25T09:23:29.428+0000 7f1a5f792700 1 -- start start
2024-04-25T09:23:31.259 INFO:teuthology.orchestra.run.smithi137.stdout:/usr/bin/ceph: stderr
2024-04-25T09:23:29.428+0000 7f1a5f792700 1 --2- >> [v2:172.21.15.137:3300/0,v1:172.21.15.137:6789/0] conn(0x7f1a58106c70 0x7f1a58107090 unknown :-1 s=NONE pgs=0 cs=0 l=0 rev1=0 crypto rx=0 tx=0 comp rx=0 tx=0).connect
2024-04-25T09:23:31.260 INFO:teuthology.orchestra.run.smithi137.stdout:/usr/bin/ceph: stderr
2024-04-25T09:23:29.428+0000 7f1a5f792700 1 -- --> [v2:172.21.15.137:3300/0,v1:172.21.15.137:6789/0] -- mon_getmap magic: 0 -- 0x7f1a5807bf50 con 0x7f1a58106c70
2024-04-25T09:23:31.260 INFO:teuthology.orchestra.run.smithi137.stdout:/usr/bin/ceph: stderr
2024-04-25T09:23:29.428+0000 7f1a5d52e700 1 --2- >> [v2:172.21.15.137:3300/0,v1:172.21.15.137:6789/0] conn(0x7f1a58106c70 0x7f1a58107090 unknown :-1 s=BANNER_CONNECTING pgs=0 cs=0 l=0 rev1=0 crypto rx=0 tx=0 comp rx=0 tx=0)._handle_peer_banner_payload supported=3 required=0
2024-04-25T09:23:31.260 INFO:teuthology.orchestra.run.smithi137.stdout:/usr/bin/ceph: stderr
2024-04-25T09:23:29.428+0000 7f1a5d52e700 1 --2- >> [v2:172.21.15.137:3300/0,v1:172.21.15.137:6789/0] conn(0x7f1a58106c70 0x7f1a58107090 unknown :-1 s=HELLO_CONNECTING pgs=0 cs=0 l=0 rev1=1 crypto rx=0 tx=0 comp rx=0 tx=0).handle_hello peer v2:172.21.15.137:3300/0 says I am v2:172.21.15.137:58098/0 (socket says 172.21.15.137:58098)
2024-04-25T09:23:31.260 INFO:teuthology.orchestra.run.smithi137.stdout:/usr/bin/ceph: stderr
2024-04-25T09:23:29.428+0000 7f1a5d52e700 1 -- 172.21.15.137:0/960009287 learned_addr learned my addr 172.21.15.137:0/960009287 (peer_addr_for_me v2:172.21.15.137:0/0)
2024-04-25T09:23:31.260 INFO:teuthology.orchestra.run.smithi137.stdout:/usr/bin/ceph: stderr
2024-04-25T09:23:29.428+0000 7f1a5d52e700 1 -- 172.21.15.137:0/960009287 --> [v2:172.21.15.137:3300/0,v1:172.21.15.137:6789/0] -- mon_subscribe({config=0+,monmap=0+}) -- 0x7f1a581075d0 con 0x7f1a58106c70
2024-04-25T09:23:31.260 INFO:teuthology.orchestra.run.smithi137.stdout:/usr/bin/ceph: stderr
2024-04-25T09:23:29.429+0000 7f1a5d52e700 1 --2- 172.21.15.137:0/960009287 >> [v2:172.21.15.137:3300/0,v1:172.21.15.137:6789/0] conn(0x7f1a58106c70 0x7f1a58107090 secure :-1 s=READY pgs=55 cs=0 l=1 rev1=1 crypto rx=0x7f1a480098a0 tx=0x7f1a48009bb0 comp rx=0 tx=0).ready entity=mon.0 client_cookie=2e1c7161623e5d48 server_cookie=0 in_seq=0 out_seq=0
2024-04-25T09:23:31.260 INFO:teuthology.orchestra.run.smithi137.stdout:/usr/bin/ceph: stderr
2024-04-25T09:23:29.429+0000 7f1a4ffff700 1 -- 172.21.15.137:0/960009287 <== mon.0 v2:172.21.15.137:3300/0 1 ==== mon_map magic: 0 ==== 205+0+0 (secure 0 0 0) 0x7f1a48004160 con 0x7f1a58106c70
2024-04-25T09:23:31.260 INFO:teuthology.orchestra.run.smithi137.stdout:/usr/bin/ceph: stderr
2024-04-25T09:23:29.429+0000 7f1a4ffff700 1 -- 172.21.15.137:0/960009287 <== mon.0 v2:172.21.15.137:3300/0 2 ==== config(25 keys) ==== 1063+0+0 (secure 0 0 0) 0x7f1a48004300 con 0x7f1a58106c70
2024-04-25T09:23:31.260 INFO:teuthology.orchestra.run.smithi137.stdout:/usr/bin/ceph: stderr
2024-04-25T09:23:29.429+0000 7f1a4ffff700 1 -- 172.21.15.137:0/960009287 <== mon.0 v2:172.21.15.137:3300/0 3 ==== mon_map magic: 0 ==== 205+0+0 (secure 0 0 0) 0x7f1a48011960 con 0x7f1a58106c70
2024-04-25T09:23:31.260 INFO:teuthology.orchestra.run.smithi137.stdout:/usr/bin/ceph: stderr
2024-04-25T09:23:29.430+0000 7f1a5f792700 1 -- 172.21.15.137:0/960009287 >> [v2:172.21.15.137:3300/0,v1:172.21.15.137:6789/0] conn(0x7f1a58106c70 msgr2=0x7f1a58107090 secure :-1 s=STATE_CONNECTION_ESTABLISHED l=1).mark_down
2024-04-25T09:23:31.261 INFO:teuthology.orchestra.run.smithi137.stdout:/usr/bin/ceph: stderr
2024-04-25T09:23:29.430+0000 7f1a5f792700 1 --2- 172.21.15.137:0/960009287 >> [v2:172.21.15.137:3300/0,v1:172.21.15.137:6789/0] conn(0x7f1a58106c70 0x7f1a58107090 secure :-1 s=READY pgs=55 cs=0 l=1 rev1=1 crypto rx=0x7f1a480098a0 tx=0x7f1a48009bb0 comp rx=0 tx=0).stop
2024-04-25T09:23:31.261 INFO:teuthology.orchestra.run.smithi137.stdout:/usr/bin/ceph: stderr
2024-04-25T09:23:29.430+0000 7f1a5f792700 1 -- 172.21.15.137:0/960009287 shutdown_connections
2024-04-25T09:23:31.261 INFO:teuthology.orchestra.run.smithi137.stdout:/usr/bin/ceph: stderr
2024-04-25T09:23:29.430+0000 7f1a5f792700 1 --2- 172.21.15.137:0/960009287 >> [v2:172.21.15.137:3300/0,v1:172.21.15.137:6789/0] conn(0x7f1a58106c70 0x7f1a58107090 unknown :-1 s=CLOSED pgs=55 cs=0 l=1 rev1=1 crypto rx=0 tx=0 comp rx=0 tx=0).stop
2024-04-25T09:23:31.261 INFO:teuthology.orchestra.run.smithi137.stdout:/usr/bin/ceph: stderr
2024-04-25T09:23:29.430+0000 7f1a5f792700 1 -- 172.21.15.137:0/960009287 >> 172.21.15.137:0/960009287 conn(0x7f1a58102870 msgr2=0x7f1a58104c90 unknown :-1 s=STATE_NONE l=0).mark_down
2024-04-25T09:23:31.261 INFO:teuthology.orchestra.run.smithi137.stdout:/usr/bin/ceph: stderr
2024-04-25T09:23:29.430+0000 7f1a5f792700 1 -- 172.21.15.137:0/960009287 shutdown_connections
2024-04-25T09:23:31.261 INFO:teuthology.orchestra.run.smithi137.stdout:/usr/bin/ceph: stderr
2024-04-25T09:23:29.430+0000 7f1a5f792700 1 -- 172.21.15.137:0/960009287 wait complete.
2024-04-25T09:23:31.261 INFO:teuthology.orchestra.run.smithi137.stdout:/usr/bin/ceph: stderr
2024-04-25T09:23:29.430+0000 7f1a5f792700 1 Processor -- start
2024-04-25T09:23:31.261 INFO:teuthology.orchestra.run.smithi137.stdout:/usr/bin/ceph: stderr
2024-04-25T09:23:29.430+0000 7f1a5f792700 1 -- start start
2024-04-25T09:23:31.261 INFO:teuthology.orchestra.run.smithi137.stdout:/usr/bin/ceph: stderr
2024-04-25T09:23:29.431+0000 7f1a5f792700 1 --2- >> [v2:172.21.15.137:3300/0,v1:172.21.15.137:6789/0] conn(0x7f1a58106c70 0x7f1a5819e480 unknown :-1 s=NONE pgs=0 cs=0 l=1 rev1=0 crypto rx=0 tx=0 comp rx=0 tx=0).connect
2024-04-25T09:23:31.261 INFO:teuthology.orchestra.run.smithi137.stdout:/usr/bin/ceph: stderr
2024-04-25T09:23:29.431+0000 7f1a5f792700 1 -- --> [v2:172.21.15.137:3300/0,v1:172.21.15.137:6789/0] -- mon_getmap magic: 0 -- 0x7f1a581085e0 con 0x7f1a58106c70
2024-04-25T09:23:31.261 INFO:teuthology.orchestra.run.smithi137.stdout:/usr/bin/ceph: stderr
2024-04-25T09:23:29.431+0000 7f1a5d52e700 1 --2- >> [v2:172.21.15.137:3300/0,v1:172.21.15.137:6789/0] conn(0x7f1a58106c70 0x7f1a5819e480 unknown :-1 s=BANNER_CONNECTING pgs=0 cs=0 l=1 rev1=0 crypto rx=0 tx=0 comp rx=0 tx=0)._handle_peer_banner_payload supported=3 required=0
2024-04-25T09:23:31.261 INFO:teuthology.orchestra.run.smithi137.stdout:/usr/bin/ceph: stderr
2024-04-25T09:23:29.431+0000 7f1a5d52e700 1 --2- >> [v2:172.21.15.137:3300/0,v1:172.21.15.137:6789/0] conn(0x7f1a58106c70 0x7f1a5819e480 unknown :-1 s=HELLO_CONNECTING pgs=0 cs=0 l=1 rev1=1 crypto rx=0 tx=0 comp rx=0 tx=0).handle_hello peer v2:172.21.15.137:3300/0 says I am v2:172.21.15.137:58108/0 (socket says 172.21.15.137:58108)
2024-04-25T09:23:31.261 INFO:teuthology.orchestra.run.smithi137.stdout:/usr/bin/ceph: stderr
2024-04-25T09:23:29.431+0000 7f1a5d52e700 1 -- 172.21.15.137:0/571821167 learned_addr learned my addr 172.21.15.137:0/571821167 (peer_addr_for_me v2:172.21.15.137:0/0)
2024-04-25T09:23:31.264 INFO:teuthology.orchestra.run.smithi137.stdout:/usr/bin/ceph: stderr
2024-04-25T09:23:29.431+0000 7f1a5d52e700 1 -- 172.21.15.137:0/571821167 --> [v2:172.21.15.137:3300/0,v1:172.21.15.137:6789/0] -- mon_subscribe({config=0+,monmap=0+}) -- 0x7f1a5819e9c0 con 0x7f1a58106c70
2024-04-25T09:23:31.264 INFO:teuthology.orchestra.run.smithi137.stdout:/usr/bin/ceph: stderr
2024-04-25T09:23:29.431+0000 7f1a5d52e700 1 --2- 172.21.15.137:0/571821167 >> [v2:172.21.15.137:3300/0,v1:172.21.15.137:6789/0] conn(0x7f1a58106c70 0x7f1a5819e480 secure :-1 s=READY pgs=56 cs=0 l=1 rev1=1 crypto rx=0x7f1a48011670 tx=0x7f1a48011a30 comp rx=0 tx=0).ready entity=mon.0 client_cookie=0 server_cookie=0 in_seq=0 out_seq=0
2024-04-25T09:23:31.264 INFO:teuthology.orchestra.run.smithi137.stdout:/usr/bin/ceph: stderr
2024-04-25T09:23:29.431+0000 7f1a4e7fc700 1 -- 172.21.15.137:0/571821167 <== mon.0 v2:172.21.15.137:3300/0 1 ==== mon_map magic: 0 ==== 205+0+0 (secure 0 0 0) 0x7f1a4801f070 con 0x7f1a58106c70
2024-04-25T09:23:31.264 INFO:teuthology.orchestra.run.smithi137.stdout:/usr/bin/ceph: stderr
2024-04-25T09:23:29.431+0000 7f1a4e7fc700 1 -- 172.21.15.137:0/571821167 <== mon.0 v2:172.21.15.137:3300/0 2 ==== config(25 keys) ==== 1063+0+0 (secure 0 0 0) 0x7f1a48003b20 con 0x7f1a58106c70
2024-04-25T09:23:31.264 INFO:teuthology.orchestra.run.smithi137.stdout:/usr/bin/ceph: stderr
2024-04-25T09:23:29.431+0000 7f1a5f792700 1 -- 172.21.15.137:0/571821167 --> [v2:172.21.15.137:3300/0,v1:172.21.15.137:6789/0] -- mon_subscribe({mgrmap=0+}) -- 0x7f1a5819ec50 con 0x7f1a58106c70
2024-04-25T09:23:31.264 INFO:teuthology.orchestra.run.smithi137.stdout:/usr/bin/ceph: stderr
2024-04-25T09:23:29.431+0000 7f1a4e7fc700 1 -- 172.21.15.137:0/571821167 <== mon.0 v2:172.21.15.137:3300/0 3 ==== mon_map magic: 0 ==== 205+0+0 (secure 0 0 0) 0x7f1a480195f0 con 0x7f1a58106c70
2024-04-25T09:23:31.264 INFO:teuthology.orchestra.run.smithi137.stdout:/usr/bin/ceph: stderr
2024-04-25T09:23:29.431+0000 7f1a5f792700 1 -- 172.21.15.137:0/571821167 --> [v2:172.21.15.137:3300/0,v1:172.21.15.137:6789/0] -- mon_subscribe({osdmap=0}) -- 0x7f1a581a1940 con 0x7f1a58106c70
2024-04-25T09:23:31.264 INFO:teuthology.orchestra.run.smithi137.stdout:/usr/bin/ceph: stderr
2024-04-25T09:23:29.432+0000 7f1a4e7fc700 1 -- 172.21.15.137:0/571821167 <== mon.0 v2:172.21.15.137:3300/0 4 ==== mgrmap(e 8) ==== 46558+0+0 (secure 0 0 0) 0x7f1a48022070 con 0x7f1a58106c70
2024-04-25T09:23:31.264 INFO:teuthology.orchestra.run.smithi137.stdout:/usr/bin/ceph: stderr
2024-04-25T09:23:29.432+0000 7f1a4e7fc700 1 --2- 172.21.15.137:0/571821167 >> [v2:172.21.15.137:6800/303313551,v1:172.21.15.137:6801/303313551] conn(0x7f1a440395b0 0x7f1a4403ba70 unknown :-1 s=NONE pgs=0 cs=0 l=1 rev1=0 crypto rx=0 tx=0 comp rx=0 tx=0).connect
2024-04-25T09:23:31.264 INFO:teuthology.orchestra.run.smithi137.stdout:/usr/bin/ceph: stderr
2024-04-25T09:23:29.432+0000 7f1a4e7fc700 1 -- 172.21.15.137:0/571821167 <== mon.0 v2:172.21.15.137:3300/0 5 ==== osd_map(2..2 src has 1..2) ==== 940+0+0 (secure 0 0 0) 0x7f1a4804db50 con 0x7f1a58106c70
2024-04-25T09:23:31.264 INFO:teuthology.orchestra.run.smithi137.stdout:/usr/bin/ceph: stderr
2024-04-25T09:23:29.432+0000 7f1a5f792700 1 -- 172.21.15.137:0/571821167 --> [v2:172.21.15.137:3300/0,v1:172.21.15.137:6789/0] -- mon_command({"prefix": "get_command_descriptions"} v 0) -- 0x7f1a58064a80 con 0x7f1a58106c70
2024-04-25T09:23:31.265 INFO:teuthology.orchestra.run.smithi137.stdout:/usr/bin/ceph: stderr
2024-04-25T09:23:29.433+0000 7f1a5cd2d700 1 --2- 172.21.15.137:0/571821167 >> [v2:172.21.15.137:6800/303313551,v1:172.21.15.137:6801/303313551] conn(0x7f1a440395b0 0x7f1a4403ba70 unknown :-1 s=BANNER_CONNECTING pgs=0 cs=0 l=1 rev1=0 crypto rx=0 tx=0 comp rx=0 tx=0)._handle_peer_banner_payload supported=3 required=0
2024-04-25T09:23:31.265 INFO:teuthology.orchestra.run.smithi137.stdout:/usr/bin/ceph: stderr
2024-04-25T09:23:29.433+0000 7f1a5cd2d700 1 --2- 172.21.15.137:0/571821167 >> [v2:172.21.15.137:6800/303313551,v1:172.21.15.137:6801/303313551] conn(0x7f1a440395b0 0x7f1a4403ba70 secure :-1 s=READY pgs=16 cs=0 l=1 rev1=1 crypto rx=0x7f1a54006fd0 tx=0x7f1a54006e40 comp rx=0 tx=0).ready entity=mgr.14120 client_cookie=0 server_cookie=0 in_seq=0 out_seq=0
2024-04-25T09:23:31.265 INFO:teuthology.orchestra.run.smithi137.stdout:/usr/bin/ceph: stderr
2024-04-25T09:23:29.438+0000 7f1a4e7fc700 1 -- 172.21.15.137:0/571821167 <== mon.0 v2:172.21.15.137:3300/0 6 ==== mon_command_ack([{"prefix": "get_command_descriptions"}]=0 v0) ==== 72+0+188370 (secure 0 0 0) 0x7f1a48022520 con 0x7f1a58106c70
2024-04-25T09:23:31.265 INFO:teuthology.orchestra.run.smithi137.stdout:/usr/bin/ceph: stderr
2024-04-25T09:23:29.706+0000 7f1a5f792700 1 -- 172.21.15.137:0/571821167 --> [v2:172.21.15.137:3300/0,v1:172.21.15.137:6789/0] -- mon_command({"prefix": "mgr module enable", "module": "dashboard"} v 0) -- 0x7f1a5802e560 con 0x7f1a58106c70
2024-04-25T09:23:31.265 INFO:teuthology.orchestra.run.smithi137.stdout:/usr/bin/ceph: stderr
2024-04-25T09:23:30.040+0000 7f1a4e7fc700 1 -- 172.21.15.137:0/571821167 <== mon.0 v2:172.21.15.137:3300/0 7 ==== mon_command_ack([{"prefix": "mgr module enable", "module": "dashboard"}]=0 v9) ==== 88+0+0 (secure 0 0 0) 0x7f1a48019d90 con 0x7f1a58106c70
2024-04-25T09:23:31.265 INFO:teuthology.orchestra.run.smithi137.stdout:/usr/bin/ceph: stderr
2024-04-25T09:23:30.042+0000 7f1a4e7fc700 1 -- 172.21.15.137:0/571821167 <== mon.0 v2:172.21.15.137:3300/0 8 ==== mgrmap(e 9) ==== 46571+0+0 (secure 0 0 0) 0x7f1a4801baf0 con 0x7f1a58106c70
2024-04-25T09:23:31.265 INFO:teuthology.orchestra.run.smithi137.stdout:/usr/bin/ceph: stderr
2024-04-25T09:23:30.043+0000 7f1a5f792700 1 -- 172.21.15.137:0/571821167 >> [v2:172.21.15.137:6800/303313551,v1:172.21.15.137:6801/303313551] conn(0x7f1a440395b0 msgr2=0x7f1a4403ba70 secure :-1 s=STATE_CONNECTION_ESTABLISHED l=1).mark_down
2024-04-25T09:23:31.265 INFO:teuthology.orchestra.run.smithi137.stdout:/usr/bin/ceph: stderr
2024-04-25T09:23:30.043+0000 7f1a5f792700 1 --2- 172.21.15.137:0/571821167 >> [v2:172.21.15.137:6800/303313551,v1:172.21.15.137:6801/303313551] conn(0x7f1a440395b0 0x7f1a4403ba70 secure :-1 s=READY pgs=16 cs=0 l=1 rev1=1 crypto rx=0x7f1a54006fd0 tx=0x7f1a54006e40 comp rx=0 tx=0).stop
2024-04-25T09:23:31.265 INFO:teuthology.orchestra.run.smithi137.stdout:/usr/bin/ceph: stderr
2024-04-25T09:23:30.043+0000 7f1a5f792700 1 -- 172.21.15.137:0/571821167 >> [v2:172.21.15.137:3300/0,v1:172.21.15.137:6789/0] conn(0x7f1a58106c70 msgr2=0x7f1a5819e480 secure :-1 s=STATE_CONNECTION_ESTABLISHED l=1).mark_down
2024-04-25T09:23:31.265 INFO:teuthology.orchestra.run.smithi137.stdout:/usr/bin/ceph: stderr
2024-04-25T09:23:30.043+0000 7f1a5f792700 1 --2- 172.21.15.137:0/571821167 >> [v2:172.21.15.137:3300/0,v1:172.21.15.137:6789/0] conn(0x7f1a58106c70 0x7f1a5819e480 secure :-1 s=READY pgs=56 cs=0 l=1 rev1=1 crypto rx=0x7f1a48011670 tx=0x7f1a48011a30 comp rx=0 tx=0).stop
2024-04-25T09:23:31.265 INFO:teuthology.orchestra.run.smithi137.stdout:/usr/bin/ceph: stderr
2024-04-25T09:23:30.043+0000 7f1a5f792700 1 -- 172.21.15.137:0/571821167 shutdown_connections
2024-04-25T09:23:31.265 INFO:teuthology.orchestra.run.smithi137.stdout:/usr/bin/ceph: stderr
2024-04-25T09:23:30.043+0000 7f1a5f792700 1 --2- 172.21.15.137:0/571821167 >> [v2:172.21.15.137:6800/303313551,v1:172.21.15.137:6801/303313551] conn(0x7f1a440395b0 0x7f1a4403ba70 unknown :-1 s=CLOSED pgs=16 cs=0 l=1 rev1=1 crypto rx=0 tx=0 comp rx=0 tx=0).stop
2024-04-25T09:23:31.265 INFO:teuthology.orchestra.run.smithi137.stdout:/usr/bin/ceph: stderr
2024-04-25T09:23:30.043+0000 7f1a5f792700 1 --2- 172.21.15.137:0/571821167 >> [v2:172.21.15.137:3300/0,v1:172.21.15.137:6789/0] conn(0x7f1a58106c70 0x7f1a5819e480 unknown :-1 s=CLOSED pgs=56 cs=0 l=1 rev1=1 crypto rx=0 tx=0 comp rx=0 tx=0).stop
2024-04-25T09:23:31.265 INFO:teuthology.orchestra.run.smithi137.stdout:/usr/bin/ceph: stderr
2024-04-25T09:23:30.043+0000 7f1a5f792700 1 -- 172.21.15.137:0/571821167 >> 172.21.15.137:0/571821167 conn(0x7f1a58102870 msgr2=0x7f1a581950e0 unknown :-1 s=STATE_NONE l=0).mark_down
2024-04-25T09:23:31.266 INFO:teuthology.orchestra.run.smithi137.stdout:/usr/bin/ceph: stderr
2024-04-25T09:23:30.043+0000 7f1a5f792700 1 -- 172.21.15.137:0/571821167 shutdown_connections
2024-04-25T09:23:31.266 INFO:teuthology.orchestra.run.smithi137.stdout:/usr/bin/ceph: stderr
2024-04-25T09:23:30.043+0000 7f1a5f792700 1 -- 172.21.15.137:0/571821167 wait complete.
2024-04-25T09:23:32.286 INFO:journalctl@ceph.mon.a.smithi137.stdout:Apr 25 09:23:32 smithi137 ceph-mon[26740]: from='client.? 172.21.15.137:0/2152814339' entity='client.admin' cmd=[{"prefix": "mgr stat"}]: dispatch
2024-04-25T09:23:32.286 INFO:journalctl@ceph.mgr.x.smithi137.stdout:Apr 25 09:23:32 smithi137 ceph-405ffafa-02e5-11ef-bc93-c7b262605968-mgr-x[26974]:
2024-04-25T09:23:32.146+0000 7f1f98b5c200 -1 mgr[py] Module telegraf has missing NOTIFY_TYPES member
2024-04-25T09:23:32.633 INFO:journalctl@ceph.mgr.x.smithi137.stdout:Apr 25 09:23:32 smithi137 ceph-405ffafa-02e5-11ef-bc93-c7b262605968-mgr-x[26974]:
2024-04-25T09:23:32.326+0000 7f1f98b5c200 -1 mgr[py] Module osd_support has missing NOTIFY_TYPES member
2024-04-25T09:23:32.633 INFO:journalctl@ceph.mgr.x.smithi137.stdout:Apr 25 09:23:32 smithi137 ceph-405ffafa-02e5-11ef-bc93-c7b262605968-mgr-x[26974]:
2024-04-25T09:23:32.506+0000 7f1f98b5c200 -1 mgr[py] Module iostat has missing NOTIFY_TYPES member
2024-04-25T09:23:32.697 INFO:teuthology.orchestra.run.smithi137.stdout:/usr/bin/ceph: stdout {
2024-04-25T09:23:32.697 INFO:teuthology.orchestra.run.smithi137.stdout:/usr/bin/ceph: stdout "epoch": 9,
2024-04-25T09:23:32.697 INFO:teuthology.orchestra.run.smithi137.stdout:/usr/bin/ceph: stdout "available": true,
2024-04-25T09:23:32.697 INFO:teuthology.orchestra.run.smithi137.stdout:/usr/bin/ceph: stdout "active_name": "x",
2024-04-25T09:23:32.697 INFO:teuthology.orchestra.run.smithi137.stdout:/usr/bin/ceph: stdout "num_standby": 0
2024-04-25T09:23:32.697 INFO:teuthology.orchestra.run.smithi137.stdout:/usr/bin/ceph: stdout }
2024-04-25T09:23:32.697 INFO:teuthology.orchestra.run.smithi137.stdout:/usr/bin/ceph: stderr
2024-04-25T09:23:31.737+0000 7ff29237f700 1 Processor -- start
2024-04-25T09:23:32.697 INFO:teuthology.orchestra.run.smithi137.stdout:/usr/bin/ceph: stderr
2024-04-25T09:23:31.738+0000 7ff29237f700 1 -- start start
2024-04-25T09:23:32.697 INFO:teuthology.orchestra.run.smithi137.stdout:/usr/bin/ceph: stderr
2024-04-25T09:23:31.738+0000 7ff29237f700 1 --2- >> [v2:172.21.15.137:3300/0,v1:172.21.15.137:6789/0] conn(0x7ff28c106c70 0x7ff28c107090 unknown :-1 s=NONE pgs=0 cs=0 l=0 rev1=0 crypto rx=0 tx=0 comp rx=0 tx=0).connect
2024-04-25T09:23:32.698 INFO:teuthology.orchestra.run.smithi137.stdout:/usr/bin/ceph: stderr
2024-04-25T09:23:31.738+0000 7ff29237f700 1 -- --> [v2:172.21.15.137:3300/0,v1:172.21.15.137:6789/0] -- mon_getmap magic: 0 -- 0x7ff28c07bf50 con 0x7ff28c106c70
2024-04-25T09:23:32.698 INFO:teuthology.orchestra.run.smithi137.stdout:/usr/bin/ceph: stderr
2024-04-25T09:23:31.738+0000 7ff28bfff700 1 --2- >> [v2:172.21.15.137:3300/0,v1:172.21.15.137:6789/0] conn(0x7ff28c106c70 0x7ff28c107090 unknown :-1 s=BANNER_CONNECTING pgs=0 cs=0 l=0 rev1=0 crypto rx=0 tx=0 comp rx=0 tx=0)._handle_peer_banner_payload supported=3 required=0
2024-04-25T09:23:32.698 INFO:teuthology.orchestra.run.smithi137.stdout:/usr/bin/ceph: stderr
2024-04-25T09:23:31.738+0000 7ff28bfff700 1 --2- >> [v2:172.21.15.137:3300/0,v1:172.21.15.137:6789/0] conn(0x7ff28c106c70 0x7ff28c107090 unknown :-1 s=HELLO_CONNECTING pgs=0 cs=0 l=0 rev1=1 crypto rx=0 tx=0 comp rx=0 tx=0).handle_hello peer v2:172.21.15.137:3300/0 says I am v2:172.21.15.137:49128/0 (socket says 172.21.15.137:49128)
2024-04-25T09:23:32.698 INFO:teuthology.orchestra.run.smithi137.stdout:/usr/bin/ceph: stderr
2024-04-25T09:23:31.738+0000 7ff28bfff700 1 -- 172.21.15.137:0/136796736 learned_addr learned my addr 172.21.15.137:0/136796736 (peer_addr_for_me v2:172.21.15.137:0/0)
2024-04-25T09:23:32.698 INFO:teuthology.orchestra.run.smithi137.stdout:/usr/bin/ceph: stderr
2024-04-25T09:23:31.738+0000 7ff28bfff700 1 -- 172.21.15.137:0/136796736 --> [v2:172.21.15.137:3300/0,v1:172.21.15.137:6789/0] -- mon_subscribe({config=0+,monmap=0+}) -- 0x7ff28c1075d0 con 0x7ff28c106c70
2024-04-25T09:23:32.698 INFO:teuthology.orchestra.run.smithi137.stdout:/usr/bin/ceph: stderr
2024-04-25T09:23:31.738+0000 7ff28bfff700 1 --2- 172.21.15.137:0/136796736 >> [v2:172.21.15.137:3300/0,v1:172.21.15.137:6789/0] conn(0x7ff28c106c70 0x7ff28c107090 secure :-1 s=READY pgs=59 cs=0 l=1 rev1=1 crypto rx=0x7ff27c0098a0 tx=0x7ff27c009bb0 comp rx=0 tx=0).ready entity=mon.0 client_cookie=1d25b0a236489606 server_cookie=0 in_seq=0 out_seq=0
2024-04-25T09:23:32.698 INFO:teuthology.orchestra.run.smithi137.stdout:/usr/bin/ceph: stderr
2024-04-25T09:23:31.739+0000 7ff28affd700 1 -- 172.21.15.137:0/136796736 <== mon.0 v2:172.21.15.137:3300/0 1 ==== mon_map magic: 0 ==== 205+0+0 (secure 0 0 0) 0x7ff27c004160 con 0x7ff28c106c70
2024-04-25T09:23:32.698 INFO:teuthology.orchestra.run.smithi137.stdout:/usr/bin/ceph: stderr
2024-04-25T09:23:31.739+0000 7ff28affd700 1 -- 172.21.15.137:0/136796736 <== mon.0 v2:172.21.15.137:3300/0 2 ==== config(25 keys) ==== 1063+0+0 (secure 0 0 0) 0x7ff27c004300 con 0x7ff28c106c70
2024-04-25T09:23:32.698 INFO:teuthology.orchestra.run.smithi137.stdout:/usr/bin/ceph: stderr
2024-04-25T09:23:31.739+0000 7ff28affd700 1 -- 172.21.15.137:0/136796736 <== mon.0 v2:172.21.15.137:3300/0 3 ==== mon_map magic: 0 ==== 205+0+0 (secure 0 0 0) 0x7ff27c011960 con 0x7ff28c106c70
2024-04-25T09:23:32.698 INFO:teuthology.orchestra.run.smithi137.stdout:/usr/bin/ceph: stderr
2024-04-25T09:23:31.739+0000 7ff29237f700 1 -- 172.21.15.137:0/136796736 >> [v2:172.21.15.137:3300/0,v1:172.21.15.137:6789/0] conn(0x7ff28c106c70 msgr2=0x7ff28c107090 secure :-1 s=STATE_CONNECTION_ESTABLISHED l=1).mark_down
2024-04-25T09:23:32.698 INFO:teuthology.orchestra.run.smithi137.stdout:/usr/bin/ceph: stderr
2024-04-25T09:23:31.739+0000 7ff29237f700 1 --2- 172.21.15.137:0/136796736 >> [v2:172.21.15.137:3300/0,v1:172.21.15.137:6789/0] conn(0x7ff28c106c70 0x7ff28c107090 secure :-1 s=READY pgs=59 cs=0 l=1 rev1=1 crypto rx=0x7ff27c0098a0 tx=0x7ff27c009bb0 comp rx=0 tx=0).stop
2024-04-25T09:23:32.698 INFO:teuthology.orchestra.run.smithi137.stdout:/usr/bin/ceph: stderr
2024-04-25T09:23:31.739+0000 7ff29237f700 1 -- 172.21.15.137:0/136796736 shutdown_connections
2024-04-25T09:23:32.698 INFO:teuthology.orchestra.run.smithi137.stdout:/usr/bin/ceph: stderr
2024-04-25T09:23:31.739+0000 7ff29237f700 1 --2- 172.21.15.137:0/136796736 >> [v2:172.21.15.137:3300/0,v1:172.21.15.137:6789/0] conn(0x7ff28c106c70 0x7ff28c107090 unknown :-1 s=CLOSED pgs=59 cs=0 l=1 rev1=1 crypto rx=0 tx=0 comp rx=0 tx=0).stop
2024-04-25T09:23:32.698 INFO:teuthology.orchestra.run.smithi137.stdout:/usr/bin/ceph: stderr
2024-04-25T09:23:31.739+0000 7ff29237f700 1 -- 172.21.15.137:0/136796736 >> 172.21.15.137:0/136796736 conn(0x7ff28c102870 msgr2=0x7ff28c104c90 unknown :-1 s=STATE_NONE l=0).mark_down
2024-04-25T09:23:32.699 INFO:teuthology.orchestra.run.smithi137.stdout:/usr/bin/ceph: stderr
2024-04-25T09:23:31.739+0000 7ff29237f700 1 -- 172.21.15.137:0/136796736 shutdown_connections
2024-04-25T09:23:32.699 INFO:teuthology.orchestra.run.smithi137.stdout:/usr/bin/ceph: stderr
2024-04-25T09:23:31.739+0000 7ff29237f700 1 -- 172.21.15.137:0/136796736 wait complete.
2024-04-25T09:23:32.699 INFO:teuthology.orchestra.run.smithi137.stdout:/usr/bin/ceph: stderr
2024-04-25T09:23:31.740+0000 7ff29237f700 1 Processor -- start
2024-04-25T09:23:32.699 INFO:teuthology.orchestra.run.smithi137.stdout:/usr/bin/ceph: stderr
2024-04-25T09:23:31.740+0000 7ff29237f700 1 -- start start
2024-04-25T09:23:32.699 INFO:teuthology.orchestra.run.smithi137.stdout:/usr/bin/ceph: stderr
2024-04-25T09:23:31.740+0000 7ff29237f700 1 --2- >> [v2:172.21.15.137:3300/0,v1:172.21.15.137:6789/0] conn(0x7ff28c106c70 0x7ff28c19e480 unknown :-1 s=NONE pgs=0 cs=0 l=1 rev1=0 crypto rx=0 tx=0 comp rx=0 tx=0).connect
2024-04-25T09:23:32.699 INFO:teuthology.orchestra.run.smithi137.stdout:/usr/bin/ceph: stderr
2024-04-25T09:23:31.740+0000 7ff29237f700 1 -- --> [v2:172.21.15.137:3300/0,v1:172.21.15.137:6789/0] -- mon_getmap magic: 0 -- 0x7ff28c1085e0 con 0x7ff28c106c70
2024-04-25T09:23:32.699 INFO:teuthology.orchestra.run.smithi137.stdout:/usr/bin/ceph: stderr
2024-04-25T09:23:31.740+0000 7ff28bfff700 1 --2- >> [v2:172.21.15.137:3300/0,v1:172.21.15.137:6789/0] conn(0x7ff28c106c70 0x7ff28c19e480 unknown :-1 s=BANNER_CONNECTING pgs=0 cs=0 l=1 rev1=0 crypto rx=0 tx=0 comp rx=0 tx=0)._handle_peer_banner_payload supported=3 required=0
2024-04-25T09:23:32.699 INFO:teuthology.orchestra.run.smithi137.stdout:/usr/bin/ceph: stderr
2024-04-25T09:23:31.740+0000 7ff28bfff700 1 --2- >> [v2:172.21.15.137:3300/0,v1:172.21.15.137:6789/0] conn(0x7ff28c106c70 0x7ff28c19e480 unknown :-1 s=HELLO_CONNECTING pgs=0 cs=0 l=1 rev1=1 crypto rx=0 tx=0 comp rx=0 tx=0).handle_hello peer v2:172.21.15.137:3300/0 says I am v2:172.21.15.137:49144/0 (socket says 172.21.15.137:49144)
2024-04-25T09:23:32.699 INFO:teuthology.orchestra.run.smithi137.stdout:/usr/bin/ceph: stderr
2024-04-25T09:23:31.740+0000 7ff28bfff700 1 -- 172.21.15.137:0/2152814339 learned_addr learned my addr 172.21.15.137:0/2152814339 (peer_addr_for_me v2:172.21.15.137:0/0)
2024-04-25T09:23:32.699 INFO:teuthology.orchestra.run.smithi137.stdout:/usr/bin/ceph: stderr
2024-04-25T09:23:31.741+0000 7ff28bfff700 1 -- 172.21.15.137:0/2152814339 --> [v2:172.21.15.137:3300/0,v1:172.21.15.137:6789/0] -- mon_subscribe({config=0+,monmap=0+}) -- 0x7ff28c19e9c0 con 0x7ff28c106c70
2024-04-25T09:23:32.699 INFO:teuthology.orchestra.run.smithi137.stdout:/usr/bin/ceph: stderr
2024-04-25T09:23:31.741+0000 7ff28bfff700 1 --2- 172.21.15.137:0/2152814339 >> [v2:172.21.15.137:3300/0,v1:172.21.15.137:6789/0] conn(0x7ff28c106c70 0x7ff28c19e480 secure :-1 s=READY pgs=60 cs=0 l=1 rev1=1 crypto rx=0x7ff27c011670 tx=0x7ff27c011a30 comp rx=0 tx=0).ready entity=mon.0 client_cookie=0 server_cookie=0 in_seq=0 out_seq=0
2024-04-25T09:23:32.699 INFO:teuthology.orchestra.run.smithi137.stdout:/usr/bin/ceph: stderr
2024-04-25T09:23:31.741+0000 7ff2897fa700 1 -- 172.21.15.137:0/2152814339 <== mon.0 v2:172.21.15.137:3300/0 1 ==== mon_map magic: 0 ==== 205+0+0 (secure 0 0 0) 0x7ff27c01f070 con 0x7ff28c106c70
2024-04-25T09:23:32.699 INFO:teuthology.orchestra.run.smithi137.stdout:/usr/bin/ceph: stderr
2024-04-25T09:23:31.741+0000 7ff2897fa700 1 -- 172.21.15.137:0/2152814339 <== mon.0 v2:172.21.15.137:3300/0 2 ==== config(25 keys) ==== 1063+0+0 (secure 0 0 0) 0x7ff27c003b20 con 0x7ff28c106c70
2024-04-25T09:23:32.699 INFO:teuthology.orchestra.run.smithi137.stdout:/usr/bin/ceph: stderr
2024-04-25T09:23:31.741+0000 7ff29237f700 1 -- 172.21.15.137:0/2152814339 --> [v2:172.21.15.137:3300/0,v1:172.21.15.137:6789/0] -- mon_subscribe({mgrmap=0+}) -- 0x7ff28c19ec50 con 0x7ff28c106c70
2024-04-25T09:23:32.700 INFO:teuthology.orchestra.run.smithi137.stdout:/usr/bin/ceph: stderr
2024-04-25T09:23:31.741+0000 7ff2897fa700 1 -- 172.21.15.137:0/2152814339 <== mon.0 v2:172.21.15.137:3300/0 3 ==== mon_map magic: 0 ==== 205+0+0 (secure 0 0 0) 0x7ff27c0195f0 con 0x7ff28c106c70
2024-04-25T09:23:32.700 INFO:teuthology.orchestra.run.smithi137.stdout:/usr/bin/ceph: stderr
2024-04-25T09:23:31.741+0000 7ff29237f700 1 -- 172.21.15.137:0/2152814339 --> [v2:172.21.15.137:3300/0,v1:172.21.15.137:6789/0] -- mon_subscribe({osdmap=0}) -- 0x7ff28c1a1940 con 0x7ff28c106c70
2024-04-25T09:23:32.700 INFO:teuthology.orchestra.run.smithi137.stdout:/usr/bin/ceph: stderr
2024-04-25T09:23:31.742+0000 7ff2897fa700 1 -- 172.21.15.137:0/2152814339 <== mon.0 v2:172.21.15.137:3300/0 4 ==== mgrmap(e 9) ==== 46571+0+0 (secure 0 0 0) 0x7ff27c022070 con 0x7ff28c106c70
2024-04-25T09:23:32.700 INFO:teuthology.orchestra.run.smithi137.stdout:/usr/bin/ceph: stderr
2024-04-25T09:23:31.742+0000 7ff2897fa700 1 --2- 172.21.15.137:0/2152814339 >> [v2:172.21.15.137:6800/303313551,v1:172.21.15.137:6801/303313551] conn(0x7ff274039660 0x7ff27403bb20 unknown :-1 s=NONE pgs=0 cs=0 l=1 rev1=0 crypto rx=0 tx=0 comp rx=0 tx=0).connect
2024-04-25T09:23:32.700 INFO:teuthology.orchestra.run.smithi137.stdout:/usr/bin/ceph: stderr
2024-04-25T09:23:31.742+0000 7ff2897fa700 1 -- 172.21.15.137:0/2152814339 <== mon.0 v2:172.21.15.137:3300/0 5 ==== osd_map(2..2 src has 1..2) ==== 940+0+0 (secure 0 0 0) 0x7ff27c04db40 con 0x7ff28c106c70
2024-04-25T09:23:32.700 INFO:teuthology.orchestra.run.smithi137.stdout:/usr/bin/ceph: stderr
2024-04-25T09:23:31.742+0000 7ff28b7fe700 1 -- 172.21.15.137:0/2152814339 >> [v2:172.21.15.137:6800/303313551,v1:172.21.15.137:6801/303313551] conn(0x7ff274039660 msgr2=0x7ff27403bb20 unknown :-1 s=STATE_CONNECTING_RE l=1).process reconnect failed to v2:172.21.15.137:6800/303313551
2024-04-25T09:23:32.700 INFO:teuthology.orchestra.run.smithi137.stdout:/usr/bin/ceph: stderr
2024-04-25T09:23:31.742+0000 7ff28b7fe700 1 --2- 172.21.15.137:0/2152814339 >> [v2:172.21.15.137:6800/303313551,v1:172.21.15.137:6801/303313551] conn(0x7ff274039660 0x7ff27403bb20 unknown :-1 s=START_CONNECT pgs=0 cs=0 l=1 rev1=0 crypto rx=0 tx=0 comp rx=0 tx=0)._fault waiting 0.200000
2024-04-25T09:23:32.700 INFO:teuthology.orchestra.run.smithi137.stdout:/usr/bin/ceph: stderr
2024-04-25T09:23:31.742+0000 7ff29237f700 1 -- 172.21.15.137:0/2152814339 --> [v2:172.21.15.137:3300/0,v1:172.21.15.137:6789/0] -- mon_command({"prefix": "get_command_descriptions"} v 0) -- 0x7ff28c064a80 con 0x7ff28c106c70
2024-04-25T09:23:32.700 INFO:teuthology.orchestra.run.smithi137.stdout:/usr/bin/ceph: stderr
2024-04-25T09:23:31.747+0000 7ff2897fa700 1 -- 172.21.15.137:0/2152814339 <== mon.0 v2:172.21.15.137:3300/0 6 ==== mon_command_ack([{"prefix": "get_command_descriptions"}]=0 v0) ==== 72+0+188370 (secure 0 0 0) 0x7ff27c022520 con 0x7ff28c106c70
2024-04-25T09:23:32.700 INFO:teuthology.orchestra.run.smithi137.stdout:/usr/bin/ceph: stderr
2024-04-25T09:23:31.943+0000 7ff28b7fe700 1 -- 172.21.15.137:0/2152814339 >> [v2:172.21.15.137:6800/303313551,v1:172.21.15.137:6801/303313551] conn(0x7ff274039660 msgr2=0x7ff27403bb20 unknown :-1 s=STATE_CONNECTING_RE l=1).process reconnect failed to v2:172.21.15.137:6800/303313551
2024-04-25T09:23:32.700 INFO:teuthology.orchestra.run.smithi137.stdout:/usr/bin/ceph: stderr
2024-04-25T09:23:31.943+0000 7ff28b7fe700 1 --2- 172.21.15.137:0/2152814339 >> [v2:172.21.15.137:6800/303313551,v1:172.21.15.137:6801/303313551] conn(0x7ff274039660 0x7ff27403bb20 unknown :-1 s=START_CONNECT pgs=0 cs=0 l=1 rev1=0 crypto rx=0 tx=0 comp rx=0 tx=0)._fault waiting 0.400000
2024-04-25T09:23:32.700 INFO:teuthology.orchestra.run.smithi137.stdout:/usr/bin/ceph: stderr
2024-04-25T09:23:32.024+0000 7ff29237f700 1 -- 172.21.15.137:0/2152814339 --> [v2:172.21.15.137:3300/0,v1:172.21.15.137:6789/0] -- mon_command({"prefix": "mgr stat"} v 0) -- 0x7ff28c02e490 con 0x7ff28c106c70
2024-04-25T09:23:32.700 INFO:teuthology.orchestra.run.smithi137.stdout:/usr/bin/ceph: stderr
2024-04-25T09:23:32.024+0000 7ff2897fa700 1 -- 172.21.15.137:0/2152814339 <== mon.0 v2:172.21.15.137:3300/0 7 ==== mon_command_ack([{"prefix": "mgr stat"}]=0 v9) ==== 56+0+88 (secure 0 0 0) 0x7ff27c02ad20 con 0x7ff28c106c70
2024-04-25T09:23:32.700 INFO:teuthology.orchestra.run.smithi137.stdout:/usr/bin/ceph: stderr
2024-04-25T09:23:32.027+0000 7ff29237f700 1 -- 172.21.15.137:0/2152814339 >> [v2:172.21.15.137:6800/303313551,v1:172.21.15.137:6801/303313551] conn(0x7ff274039660 msgr2=0x7ff27403bb20 unknown :-1 s=STATE_CONNECTING l=1).mark_down
2024-04-25T09:23:32.700 INFO:teuthology.orchestra.run.smithi137.stdout:/usr/bin/ceph: stderr
2024-04-25T09:23:32.027+0000 7ff29237f700 1 --2- 172.21.15.137:0/2152814339 >> [v2:172.21.15.137:6800/303313551,v1:172.21.15.137:6801/303313551] conn(0x7ff274039660 0x7ff27403bb20 unknown :-1 s=START_CONNECT pgs=0 cs=0 l=1 rev1=0 crypto rx=0 tx=0 comp rx=0 tx=0).stop
2024-04-25T09:23:32.701 INFO:teuthology.orchestra.run.smithi137.stdout:/usr/bin/ceph: stderr
2024-04-25T09:23:32.027+0000 7ff29237f700 1 -- 172.21.15.137:0/2152814339 >> [v2:172.21.15.137:3300/0,v1:172.21.15.137:6789/0] conn(0x7ff28c106c70 msgr2=0x7ff28c19e480 secure :-1 s=STATE_CONNECTION_ESTABLISHED l=1).mark_down
2024-04-25T09:23:32.701 INFO:teuthology.orchestra.run.smithi137.stdout:/usr/bin/ceph: stderr
2024-04-25T09:23:32.027+0000 7ff29237f700 1 --2- 172.21.15.137:0/2152814339 >> [v2:172.21.15.137:3300/0,v1:172.21.15.137:6789/0] conn(0x7ff28c106c70 0x7ff28c19e480 secure :-1 s=READY pgs=60 cs=0 l=1 rev1=1 crypto rx=0x7ff27c011670 tx=0x7ff27c011a30 comp rx=0 tx=0).stop
2024-04-25T09:23:32.701 INFO:teuthology.orchestra.run.smithi137.stdout:/usr/bin/ceph: stderr
2024-04-25T09:23:32.027+0000 7ff29237f700 1 -- 172.21.15.137:0/2152814339 shutdown_connections
2024-04-25T09:23:32.701 INFO:teuthology.orchestra.run.smithi137.stdout:/usr/bin/ceph: stderr
2024-04-25T09:23:32.027+0000 7ff29237f700 1 --2- 172.21.15.137:0/2152814339 >> [v2:172.21.15.137:6800/303313551,v1:172.21.15.137:6801/303313551] conn(0x7ff274039660 0x7ff27403bb20 unknown :-1 s=CLOSED pgs=0 cs=0 l=1 rev1=0 crypto rx=0 tx=0 comp rx=0 tx=0).stop
2024-04-25T09:23:32.701 INFO:teuthology.orchestra.run.smithi137.stdout:/usr/bin/ceph: stderr
2024-04-25T09:23:32.027+0000 7ff29237f700 1 --2- 172.21.15.137:0/2152814339 >> [v2:172.21.15.137:3300/0,v1:172.21.15.137:6789/0] conn(0x7ff28c106c70 0x7ff28c19e480 unknown :-1 s=CLOSED pgs=60 cs=0 l=1 rev1=1 crypto rx=0 tx=0 comp rx=0 tx=0).stop
2024-04-25T09:23:32.701 INFO:teuthology.orchestra.run.smithi137.stdout:/usr/bin/ceph: stderr
2024-04-25T09:23:32.027+0000 7ff29237f700 1 -- 172.21.15.137:0/2152814339 >> 172.21.15.137:0/2152814339 conn(0x7ff28c102870 msgr2=0x7ff28c1950e0 unknown :-1 s=STATE_NONE l=0).mark_down
2024-04-25T09:23:32.701 INFO:teuthology.orchestra.run.smithi137.stdout:/usr/bin/ceph: stderr
2024-04-25T09:23:32.028+0000 7ff29237f700 1 -- 172.21.15.137:0/2152814339 shutdown_connections
2024-04-25T09:23:32.701 INFO:teuthology.orchestra.run.smithi137.stdout:/usr/bin/ceph: stderr
2024-04-25T09:23:32.028+0000 7ff29237f700 1 -- 172.21.15.137:0/2152814339 wait complete.
2024-04-25T09:23:32.701 INFO:teuthology.orchestra.run.smithi137.stdout:Waiting for the mgr to restart...
2024-04-25T09:23:32.701 INFO:teuthology.orchestra.run.smithi137.stdout:Waiting for mgr epoch 9...
2024-04-25T09:23:32.943 INFO:journalctl@ceph.mgr.x.smithi137.stdout:Apr 25 09:23:32 smithi137 ceph-405ffafa-02e5-11ef-bc93-c7b262605968-mgr-x[26974]:
2024-04-25T09:23:32.818+0000 7f1f98b5c200 -1 mgr[py] Module alerts has missing NOTIFY_TYPES member
2024-04-25T09:23:32.944 INFO:journalctl@ceph.mgr.x.smithi137.stdout:Apr 25 09:23:32 smithi137 ceph-405ffafa-02e5-11ef-bc93-c7b262605968-mgr-x[26974]:
2024-04-25T09:23:32.915+0000 7f1f98b5c200 -1 mgr[py] Module selftest has missing NOTIFY_TYPES member
2024-04-25T09:23:33.257 INFO:journalctl@ceph.mgr.x.smithi137.stdout:Apr 25 09:23:33 smithi137 ceph-405ffafa-02e5-11ef-bc93-c7b262605968-mgr-x[26974]:
2024-04-25T09:23:33.131+0000 7f1f98b5c200 -1 mgr[py] Module pg_autoscaler has missing NOTIFY_TYPES member
2024-04-25T09:23:33.633 INFO:journalctl@ceph.mgr.x.smithi137.stdout:Apr 25 09:23:33 smithi137 ceph-405ffafa-02e5-11ef-bc93-c7b262605968-mgr-x[26974]:
2024-04-25T09:23:33.334+0000 7f1f98b5c200 -1 mgr[py] Module test_orchestrator has missing NOTIFY_TYPES member
2024-04-25T09:23:34.133 INFO:journalctl@ceph.mgr.x.smithi137.stdout:Apr 25 09:23:33 smithi137 ceph-405ffafa-02e5-11ef-bc93-c7b262605968-mgr-x[26974]:
2024-04-25T09:23:33.924+0000 7f1f98b5c200 -1 mgr[py] Module rook has missing NOTIFY_TYPES member
2024-04-25T09:23:34.626 INFO:journalctl@ceph.mgr.x.smithi137.stdout:Apr 25 09:23:34 smithi137 ceph-405ffafa-02e5-11ef-bc93-c7b262605968-mgr-x[26974]:
2024-04-25T09:23:34.344+0000 7f1f98b5c200 -1 mgr[py] Module volumes has missing NOTIFY_TYPES member
2024-04-25T09:23:34.626 INFO:journalctl@ceph.mgr.x.smithi137.stdout:Apr 25 09:23:34 smithi137 ceph-405ffafa-02e5-11ef-bc93-c7b262605968-mgr-x[26974]:
2024-04-25T09:23:34.440+0000 7f1f98b5c200 -1 mgr[py] Module crash has missing NOTIFY_TYPES member
2024-04-25T09:23:34.626 INFO:journalctl@ceph.mgr.x.smithi137.stdout:Apr 25 09:23:34 smithi137 ceph-405ffafa-02e5-11ef-bc93-c7b262605968-mgr-x[26974]:
2024-04-25T09:23:34.639+0000 7f1f98b5c200 -1 mgr[py] Module rgw has missing NOTIFY_TYPES member
2024-04-25T09:23:35.477 INFO:journalctl@ceph.mgr.x.smithi137.stdout:Apr 25 09:23:35 smithi137 ceph-405ffafa-02e5-11ef-bc93-c7b262605968-mgr-x[26974]:
2024-04-25T09:23:35.162+0000 7f1f98b5c200 -1 mgr[py] Module prometheus has missing NOTIFY_TYPES member
2024-04-25T09:23:35.478 INFO:journalctl@ceph.mgr.x.smithi137.stdout:Apr 25 09:23:35 smithi137 ceph-405ffafa-02e5-11ef-bc93-c7b262605968-mgr-x[26974]:
2024-04-25T09:23:35.252+0000 7f1f98b5c200 -1 mgr[py] Module devicehealth has missing NOTIFY_TYPES member
2024-04-25T09:23:35.820 INFO:journalctl@ceph.mgr.x.smithi137.stdout:Apr 25 09:23:35 smithi137 ceph-405ffafa-02e5-11ef-bc93-c7b262605968-mgr-x[26974]:
2024-04-25T09:23:35.491+0000 7f1f98b5c200 -1 mgr[py] Module telemetry has missing NOTIFY_TYPES member
2024-04-25T09:23:35.820 INFO:journalctl@ceph.mgr.x.smithi137.stdout:Apr 25 09:23:35 smithi137 ceph-405ffafa-02e5-11ef-bc93-c7b262605968-mgr-x[26974]:
2024-04-25T09:23:35.623+0000 7f1f98b5c200 -1 mgr[py] Module diskprediction_local has missing NOTIFY_TYPES member
2024-04-25T09:23:35.820 INFO:journalctl@ceph.mgr.x.smithi137.stdout:Apr 25 09:23:35 smithi137 ceph-405ffafa-02e5-11ef-bc93-c7b262605968-mgr-x[26974]:
2024-04-25T09:23:35.717+0000 7f1f98b5c200 -1 mgr[py] Module osd_perf_query has missing NOTIFY_TYPES member
2024-04-25T09:23:35.820 INFO:journalctl@ceph.mgr.x.smithi137.stdout:Apr 25 09:23:35 smithi137 ceph-405ffafa-02e5-11ef-bc93-c7b262605968-mgr-x[26974]:
2024-04-25T09:23:35.833+0000 7f1f98b5c200 -1 mgr[py] Module rbd_support has missing NOTIFY_TYPES member
2024-04-25T09:23:36.383 INFO:journalctl@ceph.mgr.x.smithi137.stdout:Apr 25 09:23:36 smithi137 ceph-405ffafa-02e5-11ef-bc93-c7b262605968-mgr-x[26974]:
2024-04-25T09:23:36.137+0000 7f1f98b5c200 -1 mgr[py] Module zabbix has missing NOTIFY_TYPES member
2024-04-25T09:23:36.992 INFO:journalctl@ceph.mgr.x.smithi137.stdout:Apr 25 09:23:36 smithi137 ceph-405ffafa-02e5-11ef-bc93-c7b262605968-mgr-x[26974]:
2024-04-25T09:23:36.734+0000 7f1f98b5c200 -1 mgr[py] Module status has missing NOTIFY_TYPES member
2024-04-25T09:23:36.992 INFO:journalctl@ceph.mgr.x.smithi137.stdout:Apr 25 09:23:36 smithi137 ceph-405ffafa-02e5-11ef-bc93-c7b262605968-mgr-x[26974]:
2024-04-25T09:23:36.950+0000 7f1f98b5c200 -1 mgr[py] Module nfs has missing NOTIFY_TYPES member
2024-04-25T09:23:37.383 INFO:journalctl@ceph.mon.a.smithi137.stdout:Apr 25 09:23:37 smithi137 ceph-mon[26740]: Active manager daemon x restarted
2024-04-25T09:23:37.383 INFO:journalctl@ceph.mon.a.smithi137.stdout:Apr 25 09:23:37 smithi137 ceph-mon[26740]: Activating manager daemon x
2024-04-25T09:23:37.383 INFO:journalctl@ceph.mon.a.smithi137.stdout:Apr 25 09:23:37 smithi137 ceph-mon[26740]: osdmap e3: 0 total, 0 up, 0 in
2024-04-25T09:23:37.384 INFO:journalctl@ceph.mon.a.smithi137.stdout:Apr 25 09:23:37 smithi137 ceph-mon[26740]: mgrmap e10: x(active, starting, since 0.00369082s)
2024-04-25T09:23:37.384 INFO:journalctl@ceph.mon.a.smithi137.stdout:Apr 25 09:23:37 smithi137 ceph-mon[26740]: from='mgr.14152 172.21.15.137:0/1757302144' entity='mgr.x' cmd=[{"prefix": "mon metadata", "id": "a"}]: dispatch
2024-04-25T09:23:37.384 INFO:journalctl@ceph.mon.a.smithi137.stdout:Apr 25 09:23:37 smithi137 ceph-mon[26740]: from='mgr.14152 172.21.15.137:0/1757302144' entity='mgr.x' cmd=[{"prefix": "mgr metadata", "who": "x", "id": "x"}]: dispatch
2024-04-25T09:23:37.384 INFO:journalctl@ceph.mon.a.smithi137.stdout:Apr 25 09:23:37 smithi137 ceph-mon[26740]: from='mgr.14152 172.21.15.137:0/1757302144' entity='mgr.x' cmd=[{"prefix": "mds metadata"}]: dispatch
2024-04-25T09:23:37.384 INFO:journalctl@ceph.mon.a.smithi137.stdout:Apr 25 09:23:37 smithi137 ceph-mon[26740]: from='mgr.14152 172.21.15.137:0/1757302144' entity='mgr.x' cmd=[{"prefix": "osd metadata"}]: dispatch
2024-04-25T09:23:37.384 INFO:journalctl@ceph.mon.a.smithi137.stdout:Apr 25 09:23:37 smithi137 ceph-mon[26740]: from='mgr.14152 172.21.15.137:0/1757302144' entity='mgr.x' cmd=[{"prefix": "mon metadata"}]: dispatch
2024-04-25T09:23:37.384 INFO:journalctl@ceph.mon.a.smithi137.stdout:Apr 25 09:23:37 smithi137 ceph-mon[26740]: Manager daemon x is now available
2024-04-25T09:23:37.384 INFO:journalctl@ceph.mon.a.smithi137.stdout:Apr 25 09:23:37 smithi137 ceph-mon[26740]: from='mgr.14152 172.21.15.137:0/1757302144' entity='mgr.x' cmd=[{"prefix": "config dump", "format": "json"}]: dispatch
2024-04-25T09:23:37.384 INFO:journalctl@ceph.mon.a.smithi137.stdout:Apr 25 09:23:37 smithi137 ceph-mon[26740]: from='mgr.14152 172.21.15.137:0/1757302144' entity='mgr.x' cmd=[{"prefix":"config rm","who":"mgr","name":"mgr/rbd_support/x/mirror_snapshot_schedule"}]: dispatch
2024-04-25T09:23:38.133 INFO:journalctl@ceph.mon.a.smithi137.stdout:Apr 25 09:23:38 smithi137 ceph-mon[26740]: from='mgr.14152 172.21.15.137:0/1757302144' entity='mgr.x' cmd=[{"prefix":"config rm","who":"mgr","name":"mgr/rbd_support/x/trash_purge_schedule"}]: dispatch
2024-04-25T09:23:38.133 INFO:journalctl@ceph.mon.a.smithi137.stdout:Apr 25 09:23:38 smithi137 ceph-mon[26740]: mgrmap e11: x(active, since 1.00698s)
2024-04-25T09:23:38.981 INFO:teuthology.orchestra.run.smithi137.stdout:/usr/bin/ceph: stdout {
2024-04-25T09:23:38.981 INFO:teuthology.orchestra.run.smithi137.stdout:/usr/bin/ceph: stdout "mgrmap_epoch": 11,
2024-04-25T09:23:38.981 INFO:teuthology.orchestra.run.smithi137.stdout:/usr/bin/ceph: stdout "initialized": true
2024-04-25T09:23:38.981 INFO:teuthology.orchestra.run.smithi137.stdout:/usr/bin/ceph: stdout }
2024-04-25T09:23:38.981 INFO:teuthology.orchestra.run.smithi137.stdout:/usr/bin/ceph: stderr
2024-04-25T09:23:33.165+0000 7f4694f1c700 1 Processor -- start
2024-04-25T09:23:38.981 INFO:teuthology.orchestra.run.smithi137.stdout:/usr/bin/ceph: stderr
2024-04-25T09:23:33.165+0000 7f4694f1c700 1 -- start start
2024-04-25T09:23:38.981 INFO:teuthology.orchestra.run.smithi137.stdout:/usr/bin/ceph: stderr
2024-04-25T09:23:33.166+0000 7f4694f1c700 1 --2- >> [v2:172.21.15.137:3300/0,v1:172.21.15.137:6789/0] conn(0x7f4690108840 0x7f4690108c60 unknown :-1 s=NONE pgs=0 cs=0 l=0 rev1=0 crypto rx=0 tx=0 comp rx=0 tx=0).connect
2024-04-25T09:23:38.981 INFO:teuthology.orchestra.run.smithi137.stdout:/usr/bin/ceph: stderr
2024-04-25T09:23:33.166+0000 7f4694f1c700 1 -- --> [v2:172.21.15.137:3300/0,v1:172.21.15.137:6789/0] -- mon_getmap magic: 0 -- 0x7f4690109230 con 0x7f4690108840
2024-04-25T09:23:38.981 INFO:teuthology.orchestra.run.smithi137.stdout:/usr/bin/ceph: stderr
2024-04-25T09:23:33.166+0000 7f468e59c700 1 --2- >> [v2:172.21.15.137:3300/0,v1:172.21.15.137:6789/0] conn(0x7f4690108840 0x7f4690108c60 unknown :-1 s=BANNER_CONNECTING pgs=0 cs=0 l=0 rev1=0 crypto rx=0 tx=0 comp rx=0 tx=0)._handle_peer_banner_payload supported=3 required=0
2024-04-25T09:23:38.982 INFO:teuthology.orchestra.run.smithi137.stdout:/usr/bin/ceph: stderr
2024-04-25T09:23:33.166+0000 7f468e59c700 1 --2- >> [v2:172.21.15.137:3300/0,v1:172.21.15.137:6789/0] conn(0x7f4690108840 0x7f4690108c60 unknown :-1 s=HELLO_CONNECTING pgs=0 cs=0 l=0 rev1=1 crypto rx=0 tx=0 comp rx=0 tx=0).handle_hello peer v2:172.21.15.137:3300/0 says I am v2:172.21.15.137:49160/0 (socket says 172.21.15.137:49160)
2024-04-25T09:23:38.982 INFO:teuthology.orchestra.run.smithi137.stdout:/usr/bin/ceph: stderr
2024-04-25T09:23:33.166+0000 7f468e59c700 1 -- 172.21.15.137:0/1794424201 learned_addr learned my addr 172.21.15.137:0/1794424201 (peer_addr_for_me v2:172.21.15.137:0/0)
2024-04-25T09:23:38.982 INFO:teuthology.orchestra.run.smithi137.stdout:/usr/bin/ceph: stderr
2024-04-25T09:23:33.166+0000 7f468e59c700 1 -- 172.21.15.137:0/1794424201 --> [v2:172.21.15.137:3300/0,v1:172.21.15.137:6789/0] -- mon_subscribe({config=0+,monmap=0+}) -- 0x7f46901074a0 con 0x7f4690108840
2024-04-25T09:23:38.982 INFO:teuthology.orchestra.run.smithi137.stdout:/usr/bin/ceph: stderr
2024-04-25T09:23:33.166+0000 7f468e59c700 1 --2- 172.21.15.137:0/1794424201 >> [v2:172.21.15.137:3300/0,v1:172.21.15.137:6789/0] conn(0x7f4690108840 0x7f4690108c60 secure :-1 s=READY pgs=61 cs=0 l=1 rev1=1 crypto rx=0x7f468000bb40 tx=0x7f468000be50 comp rx=0 tx=0).ready entity=mon.0 client_cookie=bf011058c1af15d7 server_cookie=0 in_seq=0 out_seq=0
2024-04-25T09:23:38.982 INFO:teuthology.orchestra.run.smithi137.stdout:/usr/bin/ceph: stderr
2024-04-25T09:23:33.166+0000 7f468d59a700 1 -- 172.21.15.137:0/1794424201 <== mon.0 v2:172.21.15.137:3300/0 1 ==== mon_map magic: 0 ==== 205+0+0 (secure 0 0 0) 0x7f468000dbe0 con 0x7f4690108840
2024-04-25T09:23:38.982 INFO:teuthology.orchestra.run.smithi137.stdout:/usr/bin/ceph: stderr
