2024-04-25T09:23:41.173+0000 7f43a3003700 1 -- 172.21.15.137:0/1780237598 >> [v2:172.21.15.137:6800/1961333794,v1:172.21.15.137:6801/1961333794] conn(0x7f438c039610 msgr2=0x7f438c03bad0 secure :-1 s=STATE_CONNECTION_ESTABLISHED l=1).mark_down
2024-04-25T09:23:41.728 INFO:teuthology.orchestra.run.smithi137.stdout:/usr/bin/ceph: stderr
2024-04-25T09:23:41.173+0000 7f43a3003700 1 --2- 172.21.15.137:0/1780237598 >> [v2:172.21.15.137:6800/1961333794,v1:172.21.15.137:6801/1961333794] conn(0x7f438c039610 0x7f438c03bad0 secure :-1 s=READY pgs=8 cs=0 l=1 rev1=1 crypto rx=0x7f4388006fd0 tx=0x7f4388006e40 comp rx=0 tx=0).stop
2024-04-25T09:23:41.728 INFO:teuthology.orchestra.run.smithi137.stdout:/usr/bin/ceph: stderr
2024-04-25T09:23:41.173+0000 7f43a3003700 1 -- 172.21.15.137:0/1780237598 >> [v2:172.21.15.137:3300/0,v1:172.21.15.137:6789/0] conn(0x7f439c1083d0 msgr2=0x7f439c19c2b0 secure :-1 s=STATE_CONNECTION_ESTABLISHED l=1).mark_down
2024-04-25T09:23:41.728 INFO:teuthology.orchestra.run.smithi137.stdout:/usr/bin/ceph: stderr
2024-04-25T09:23:41.173+0000 7f43a3003700 1 --2- 172.21.15.137:0/1780237598 >> [v2:172.21.15.137:3300/0,v1:172.21.15.137:6789/0] conn(0x7f439c1083d0 0x7f439c19c2b0 secure :-1 s=READY pgs=73 cs=0 l=1 rev1=1 crypto rx=0x7f4390011670 tx=0x7f4390011a30 comp rx=0 tx=0).stop
2024-04-25T09:23:41.728 INFO:teuthology.orchestra.run.smithi137.stdout:/usr/bin/ceph: stderr
2024-04-25T09:23:41.173+0000 7f43a3003700 1 -- 172.21.15.137:0/1780237598 shutdown_connections
2024-04-25T09:23:41.729 INFO:teuthology.orchestra.run.smithi137.stdout:/usr/bin/ceph: stderr
2024-04-25T09:23:41.173+0000 7f43a3003700 1 --2- 172.21.15.137:0/1780237598 >> [v2:172.21.15.137:6800/1961333794,v1:172.21.15.137:6801/1961333794] conn(0x7f438c039610 0x7f438c03bad0 unknown :-1 s=CLOSED pgs=8 cs=0 l=1 rev1=1 crypto rx=0 tx=0 comp rx=0 tx=0).stop
2024-04-25T09:23:41.729 INFO:teuthology.orchestra.run.smithi137.stdout:/usr/bin/ceph: stderr
2024-04-25T09:23:41.173+0000 7f43a3003700 1 --2- 172.21.15.137:0/1780237598 >> [v2:172.21.15.137:3300/0,v1:172.21.15.137:6789/0] conn(0x7f439c1083d0 0x7f439c19c2b0 unknown :-1 s=CLOSED pgs=73 cs=0 l=1 rev1=1 crypto rx=0 tx=0 comp rx=0 tx=0).stop
2024-04-25T09:23:41.729 INFO:teuthology.orchestra.run.smithi137.stdout:/usr/bin/ceph: stderr
2024-04-25T09:23:41.173+0000 7f43a3003700 1 -- 172.21.15.137:0/1780237598 >> 172.21.15.137:0/1780237598 conn(0x7f439c103930 msgr2=0x7f439c104500 unknown :-1 s=STATE_NONE l=0).mark_down
2024-04-25T09:23:41.729 INFO:teuthology.orchestra.run.smithi137.stdout:/usr/bin/ceph: stderr
2024-04-25T09:23:41.173+0000 7f43a3003700 1 -- 172.21.15.137:0/1780237598 shutdown_connections
2024-04-25T09:23:41.729 INFO:teuthology.orchestra.run.smithi137.stdout:/usr/bin/ceph: stderr
2024-04-25T09:23:41.173+0000 7f43a3003700 1 -- 172.21.15.137:0/1780237598 wait complete.
2024-04-25T09:23:41.729 INFO:teuthology.orchestra.run.smithi137.stdout:Fetching dashboard port number...
2024-04-25T09:23:42.082 INFO:journalctl@ceph.mon.a.smithi137.stdout:Apr 25 09:23:41 smithi137 ceph-mon[26740]: from='mgr.14152 172.21.15.137:0/1757302144' entity='mgr.x'
2024-04-25T09:23:42.082 INFO:journalctl@ceph.mon.a.smithi137.stdout:Apr 25 09:23:41 smithi137 ceph-mon[26740]: from='client.14166 -' entity='client.admin' cmd=[{"prefix": "dashboard ac-user-create", "username": "admin", "rolename": "administrator", "force_password": true, "pwd_update_required": true, "target": ["mon-mgr", ""]}]: dispatch
2024-04-25T09:23:42.082 INFO:journalctl@ceph.mon.a.smithi137.stdout:Apr 25 09:23:41 smithi137 ceph-mon[26740]: from='mgr.14152 172.21.15.137:0/1757302144' entity='mgr.x'
2024-04-25T09:23:43.035 INFO:journalctl@ceph.mon.a.smithi137.stdout:Apr 25 09:23:42 smithi137 ceph-mon[26740]: from='client.? 172.21.15.137:0/3849569555' entity='client.admin' cmd=[{"prefix": "config get", "who": "mgr", "key": "mgr/dashboard/ssl_server_port"}]: dispatch
2024-04-25T09:23:43.048 INFO:teuthology.orchestra.run.smithi137.stdout:/usr/bin/ceph: stdout 8443
2024-04-25T09:23:43.048 INFO:teuthology.orchestra.run.smithi137.stdout:/usr/bin/ceph: stderr
2024-04-25T09:23:42.197+0000 7f6d75f34700 1 Processor -- start
2024-04-25T09:23:43.048 INFO:teuthology.orchestra.run.smithi137.stdout:/usr/bin/ceph: stderr
2024-04-25T09:23:42.197+0000 7f6d75f34700 1 -- start start
2024-04-25T09:23:43.048 INFO:teuthology.orchestra.run.smithi137.stdout:/usr/bin/ceph: stderr
2024-04-25T09:23:42.197+0000 7f6d75f34700 1 --2- >> [v2:172.21.15.137:3300/0,v1:172.21.15.137:6789/0] conn(0x7f6d70108e20 0x7f6d7010b210 unknown :-1 s=NONE pgs=0 cs=0 l=0 rev1=0 crypto rx=0 tx=0 comp rx=0 tx=0).connect
2024-04-25T09:23:43.048 INFO:teuthology.orchestra.run.smithi137.stdout:/usr/bin/ceph: stderr
2024-04-25T09:23:42.197+0000 7f6d75f34700 1 -- --> [v2:172.21.15.137:3300/0,v1:172.21.15.137:6789/0] -- mon_getmap magic: 0 -- 0x7f6d7007b720 con 0x7f6d70108e20
2024-04-25T09:23:43.049 INFO:teuthology.orchestra.run.smithi137.stdout:/usr/bin/ceph: stderr
2024-04-25T09:23:42.198+0000 7f6d6f7fe700 1 --2- >> [v2:172.21.15.137:3300/0,v1:172.21.15.137:6789/0] conn(0x7f6d70108e20 0x7f6d7010b210 unknown :-1 s=BANNER_CONNECTING pgs=0 cs=0 l=0 rev1=0 crypto rx=0 tx=0 comp rx=0 tx=0)._handle_peer_banner_payload supported=3 required=0
2024-04-25T09:23:43.049 INFO:teuthology.orchestra.run.smithi137.stdout:/usr/bin/ceph: stderr
2024-04-25T09:23:42.198+0000 7f6d6f7fe700 1 --2- >> [v2:172.21.15.137:3300/0,v1:172.21.15.137:6789/0] conn(0x7f6d70108e20 0x7f6d7010b210 unknown :-1 s=HELLO_CONNECTING pgs=0 cs=0 l=0 rev1=1 crypto rx=0 tx=0 comp rx=0 tx=0).handle_hello peer v2:172.21.15.137:3300/0 says I am v2:172.21.15.137:48522/0 (socket says 172.21.15.137:48522)
2024-04-25T09:23:43.049 INFO:teuthology.orchestra.run.smithi137.stdout:/usr/bin/ceph: stderr
2024-04-25T09:23:42.198+0000 7f6d6f7fe700 1 -- 172.21.15.137:0/477947431 learned_addr learned my addr 172.21.15.137:0/477947431 (peer_addr_for_me v2:172.21.15.137:0/0)
2024-04-25T09:23:43.049 INFO:teuthology.orchestra.run.smithi137.stdout:/usr/bin/ceph: stderr
2024-04-25T09:23:42.198+0000 7f6d6f7fe700 1 -- 172.21.15.137:0/477947431 --> [v2:172.21.15.137:3300/0,v1:172.21.15.137:6789/0] -- mon_subscribe({config=0+,monmap=0+}) -- 0x7f6d7010b750 con 0x7f6d70108e20
2024-04-25T09:23:43.049 INFO:teuthology.orchestra.run.smithi137.stdout:/usr/bin/ceph: stderr
2024-04-25T09:23:42.198+0000 7f6d6f7fe700 1 --2- 172.21.15.137:0/477947431 >> [v2:172.21.15.137:3300/0,v1:172.21.15.137:6789/0] conn(0x7f6d70108e20 0x7f6d7010b210 secure :-1 s=READY pgs=74 cs=0 l=1 rev1=1 crypto rx=0x7f6d600098a0 tx=0x7f6d60009bb0 comp rx=0 tx=0).ready entity=mon.0 client_cookie=1febcbd463770b52 server_cookie=0 in_seq=0 out_seq=0
2024-04-25T09:23:43.049 INFO:teuthology.orchestra.run.smithi137.stdout:/usr/bin/ceph: stderr
2024-04-25T09:23:42.198+0000 7f6d6e7fc700 1 -- 172.21.15.137:0/477947431 <== mon.0 v2:172.21.15.137:3300/0 1 ==== mon_map magic: 0 ==== 205+0+0 (secure 0 0 0) 0x7f6d60004160 con 0x7f6d70108e20
2024-04-25T09:23:43.050 INFO:teuthology.orchestra.run.smithi137.stdout:/usr/bin/ceph: stderr
2024-04-25T09:23:42.198+0000 7f6d6e7fc700 1 -- 172.21.15.137:0/477947431 <== mon.0 v2:172.21.15.137:3300/0 2 ==== config(25 keys) ==== 1063+0+0 (secure 0 0 0) 0x7f6d60004300 con 0x7f6d70108e20
2024-04-25T09:23:43.050 INFO:teuthology.orchestra.run.smithi137.stdout:/usr/bin/ceph: stderr
2024-04-25T09:23:42.198+0000 7f6d6e7fc700 1 -- 172.21.15.137:0/477947431 <== mon.0 v2:172.21.15.137:3300/0 3 ==== mon_map magic: 0 ==== 205+0+0 (secure 0 0 0) 0x7f6d60011960 con 0x7f6d70108e20
2024-04-25T09:23:43.050 INFO:teuthology.orchestra.run.smithi137.stdout:/usr/bin/ceph: stderr
2024-04-25T09:23:42.199+0000 7f6d75f34700 1 -- 172.21.15.137:0/477947431 >> [v2:172.21.15.137:3300/0,v1:172.21.15.137:6789/0] conn(0x7f6d70108e20 msgr2=0x7f6d7010b210 secure :-1 s=STATE_CONNECTION_ESTABLISHED l=1).mark_down
2024-04-25T09:23:43.050 INFO:teuthology.orchestra.run.smithi137.stdout:/usr/bin/ceph: stderr
2024-04-25T09:23:42.199+0000 7f6d75f34700 1 --2- 172.21.15.137:0/477947431 >> [v2:172.21.15.137:3300/0,v1:172.21.15.137:6789/0] conn(0x7f6d70108e20 0x7f6d7010b210 secure :-1 s=READY pgs=74 cs=0 l=1 rev1=1 crypto rx=0x7f6d600098a0 tx=0x7f6d60009bb0 comp rx=0 tx=0).stop
2024-04-25T09:23:43.050 INFO:teuthology.orchestra.run.smithi137.stdout:/usr/bin/ceph: stderr
2024-04-25T09:23:42.199+0000 7f6d75f34700 1 -- 172.21.15.137:0/477947431 shutdown_connections
2024-04-25T09:23:43.051 INFO:teuthology.orchestra.run.smithi137.stdout:/usr/bin/ceph: stderr
2024-04-25T09:23:42.199+0000 7f6d75f34700 1 --2- 172.21.15.137:0/477947431 >> [v2:172.21.15.137:3300/0,v1:172.21.15.137:6789/0] conn(0x7f6d70108e20 0x7f6d7010b210 unknown :-1 s=CLOSED pgs=74 cs=0 l=1 rev1=1 crypto rx=0 tx=0 comp rx=0 tx=0).stop
2024-04-25T09:23:43.051 INFO:teuthology.orchestra.run.smithi137.stdout:/usr/bin/ceph: stderr
2024-04-25T09:23:42.199+0000 7f6d75f34700 1 -- 172.21.15.137:0/477947431 >> 172.21.15.137:0/477947431 conn(0x7f6d701028b0 msgr2=0x7f6d70104cd0 unknown :-1 s=STATE_NONE l=0).mark_down
2024-04-25T09:23:43.051 INFO:teuthology.orchestra.run.smithi137.stdout:/usr/bin/ceph: stderr
2024-04-25T09:23:42.199+0000 7f6d75f34700 1 -- 172.21.15.137:0/477947431 shutdown_connections
2024-04-25T09:23:43.051 INFO:teuthology.orchestra.run.smithi137.stdout:/usr/bin/ceph: stderr
2024-04-25T09:23:42.199+0000 7f6d75f34700 1 -- 172.21.15.137:0/477947431 wait complete.
2024-04-25T09:23:43.051 INFO:teuthology.orchestra.run.smithi137.stdout:/usr/bin/ceph: stderr
2024-04-25T09:23:42.200+0000 7f6d75f34700 1 Processor -- start
2024-04-25T09:23:43.052 INFO:teuthology.orchestra.run.smithi137.stdout:/usr/bin/ceph: stderr
2024-04-25T09:23:42.200+0000 7f6d75f34700 1 -- start start
2024-04-25T09:23:43.052 INFO:teuthology.orchestra.run.smithi137.stdout:/usr/bin/ceph: stderr
2024-04-25T09:23:42.200+0000 7f6d75f34700 1 --2- >> [v2:172.21.15.137:3300/0,v1:172.21.15.137:6789/0] conn(0x7f6d70108e20 0x7f6d7019c190 unknown :-1 s=NONE pgs=0 cs=0 l=1 rev1=0 crypto rx=0 tx=0 comp rx=0 tx=0).connect
2024-04-25T09:23:43.052 INFO:teuthology.orchestra.run.smithi137.stdout:/usr/bin/ceph: stderr
2024-04-25T09:23:42.200+0000 7f6d75f34700 1 -- --> [v2:172.21.15.137:3300/0,v1:172.21.15.137:6789/0] -- mon_getmap magic: 0 -- 0x7f6d7010c690 con 0x7f6d70108e20
2024-04-25T09:23:43.052 INFO:teuthology.orchestra.run.smithi137.stdout:/usr/bin/ceph: stderr
2024-04-25T09:23:42.200+0000 7f6d6f7fe700 1 --2- >> [v2:172.21.15.137:3300/0,v1:172.21.15.137:6789/0] conn(0x7f6d70108e20 0x7f6d7019c190 unknown :-1 s=BANNER_CONNECTING pgs=0 cs=0 l=1 rev1=0 crypto rx=0 tx=0 comp rx=0 tx=0)._handle_peer_banner_payload supported=3 required=0
2024-04-25T09:23:43.052 INFO:teuthology.orchestra.run.smithi137.stdout:/usr/bin/ceph: stderr
2024-04-25T09:23:42.200+0000 7f6d6f7fe700 1 --2- >> [v2:172.21.15.137:3300/0,v1:172.21.15.137:6789/0] conn(0x7f6d70108e20 0x7f6d7019c190 unknown :-1 s=HELLO_CONNECTING pgs=0 cs=0 l=1 rev1=1 crypto rx=0 tx=0 comp rx=0 tx=0).handle_hello peer v2:172.21.15.137:3300/0 says I am v2:172.21.15.137:48524/0 (socket says 172.21.15.137:48524)
2024-04-25T09:23:43.052 INFO:teuthology.orchestra.run.smithi137.stdout:/usr/bin/ceph: stderr
2024-04-25T09:23:42.200+0000 7f6d6f7fe700 1 -- 172.21.15.137:0/3849569555 learned_addr learned my addr 172.21.15.137:0/3849569555 (peer_addr_for_me v2:172.21.15.137:0/0)
2024-04-25T09:23:43.053 INFO:teuthology.orchestra.run.smithi137.stdout:/usr/bin/ceph: stderr
2024-04-25T09:23:42.201+0000 7f6d6f7fe700 1 -- 172.21.15.137:0/3849569555 --> [v2:172.21.15.137:3300/0,v1:172.21.15.137:6789/0] -- mon_subscribe({config=0+,monmap=0+}) -- 0x7f6d7019c6d0 con 0x7f6d70108e20
2024-04-25T09:23:43.053 INFO:teuthology.orchestra.run.smithi137.stdout:/usr/bin/ceph: stderr
2024-04-25T09:23:42.201+0000 7f6d6f7fe700 1 --2- 172.21.15.137:0/3849569555 >> [v2:172.21.15.137:3300/0,v1:172.21.15.137:6789/0] conn(0x7f6d70108e20 0x7f6d7019c190 secure :-1 s=READY pgs=75 cs=0 l=1 rev1=1 crypto rx=0x7f6d60004660 tx=0x7f6d60011a30 comp rx=0 tx=0).ready entity=mon.0 client_cookie=0 server_cookie=0 in_seq=0 out_seq=0
2024-04-25T09:23:43.053 INFO:teuthology.orchestra.run.smithi137.stdout:/usr/bin/ceph: stderr
2024-04-25T09:23:42.201+0000 7f6d6cff9700 1 -- 172.21.15.137:0/3849569555 <== mon.0 v2:172.21.15.137:3300/0 1 ==== mon_map magic: 0 ==== 205+0+0 (secure 0 0 0) 0x7f6d60003aa0 con 0x7f6d70108e20
2024-04-25T09:23:43.053 INFO:teuthology.orchestra.run.smithi137.stdout:/usr/bin/ceph: stderr
2024-04-25T09:23:42.201+0000 7f6d6cff9700 1 -- 172.21.15.137:0/3849569555 <== mon.0 v2:172.21.15.137:3300/0 2 ==== config(25 keys) ==== 1063+0+0 (secure 0 0 0) 0x7f6d6001b8d0 con 0x7f6d70108e20
2024-04-25T09:23:43.053 INFO:teuthology.orchestra.run.smithi137.stdout:/usr/bin/ceph: stderr
2024-04-25T09:23:42.201+0000 7f6d75f34700 1 -- 172.21.15.137:0/3849569555 --> [v2:172.21.15.137:3300/0,v1:172.21.15.137:6789/0] -- mon_subscribe({mgrmap=0+}) -- 0x7f6d7019c9c0 con 0x7f6d70108e20
2024-04-25T09:23:43.053 INFO:teuthology.orchestra.run.smithi137.stdout:/usr/bin/ceph: stderr
2024-04-25T09:23:42.201+0000 7f6d6cff9700 1 -- 172.21.15.137:0/3849569555 <== mon.0 v2:172.21.15.137:3300/0 3 ==== mon_map magic: 0 ==== 205+0+0 (secure 0 0 0) 0x7f6d60023820 con 0x7f6d70108e20
2024-04-25T09:23:43.054 INFO:teuthology.orchestra.run.smithi137.stdout:/usr/bin/ceph: stderr
2024-04-25T09:23:42.201+0000 7f6d75f34700 1 -- 172.21.15.137:0/3849569555 --> [v2:172.21.15.137:3300/0,v1:172.21.15.137:6789/0] -- mon_subscribe({osdmap=0}) -- 0x7f6d7019f650 con 0x7f6d70108e20
2024-04-25T09:23:43.054 INFO:teuthology.orchestra.run.smithi137.stdout:/usr/bin/ceph: stderr
2024-04-25T09:23:42.202+0000 7f6d75f34700 1 -- 172.21.15.137:0/3849569555 --> [v2:172.21.15.137:3300/0,v1:172.21.15.137:6789/0] -- mon_command({"prefix": "get_command_descriptions"} v 0) -- 0x7f6d70064a80 con 0x7f6d70108e20
2024-04-25T09:23:43.054 INFO:teuthology.orchestra.run.smithi137.stdout:/usr/bin/ceph: stderr
2024-04-25T09:23:42.202+0000 7f6d6cff9700 1 -- 172.21.15.137:0/3849569555 <== mon.0 v2:172.21.15.137:3300/0 4 ==== mgrmap(e 12) ==== 46571+0+0 (secure 0 0 0) 0x7f6d60023a50 con 0x7f6d70108e20
2024-04-25T09:23:43.054 INFO:teuthology.orchestra.run.smithi137.stdout:/usr/bin/ceph: stderr
2024-04-25T09:23:42.202+0000 7f6d6cff9700 1 --2- 172.21.15.137:0/3849569555 >> [v2:172.21.15.137:6800/1961333794,v1:172.21.15.137:6801/1961333794] conn(0x7f6d580395b0 0x7f6d5803ba70 unknown :-1 s=NONE pgs=0 cs=0 l=1 rev1=0 crypto rx=0 tx=0 comp rx=0 tx=0).connect
2024-04-25T09:23:43.054 INFO:teuthology.orchestra.run.smithi137.stdout:/usr/bin/ceph: stderr
2024-04-25T09:23:42.202+0000 7f6d6cff9700 1 -- 172.21.15.137:0/3849569555 <== mon.0 v2:172.21.15.137:3300/0 5 ==== osd_map(3..3 src has 1..3) ==== 1155+0+0 (secure 0 0 0) 0x7f6d6004e020 con 0x7f6d70108e20
2024-04-25T09:23:43.054 INFO:teuthology.orchestra.run.smithi137.stdout:/usr/bin/ceph: stderr
2024-04-25T09:23:42.202+0000 7f6d6effd700 1 --2- 172.21.15.137:0/3849569555 >> [v2:172.21.15.137:6800/1961333794,v1:172.21.15.137:6801/1961333794] conn(0x7f6d580395b0 0x7f6d5803ba70 unknown :-1 s=BANNER_CONNECTING pgs=0 cs=0 l=1 rev1=0 crypto rx=0 tx=0 comp rx=0 tx=0)._handle_peer_banner_payload supported=3 required=0
2024-04-25T09:23:43.055 INFO:teuthology.orchestra.run.smithi137.stdout:/usr/bin/ceph: stderr
2024-04-25T09:23:42.203+0000 7f6d6effd700 1 --2- 172.21.15.137:0/3849569555 >> [v2:172.21.15.137:6800/1961333794,v1:172.21.15.137:6801/1961333794] conn(0x7f6d580395b0 0x7f6d5803ba70 secure :-1 s=READY pgs=9 cs=0 l=1 rev1=1 crypto rx=0x7f6d64006fd0 tx=0x7f6d64006e40 comp rx=0 tx=0).ready entity=mgr.14152 client_cookie=0 server_cookie=0 in_seq=0 out_seq=0
2024-04-25T09:23:43.055 INFO:teuthology.orchestra.run.smithi137.stdout:/usr/bin/ceph: stderr
2024-04-25T09:23:42.207+0000 7f6d6cff9700 1 -- 172.21.15.137:0/3849569555 <== mon.0 v2:172.21.15.137:3300/0 6 ==== mon_command_ack([{"prefix": "get_command_descriptions"}]=0 v0) ==== 72+0+188370 (secure 0 0 0) 0x7f6d6001f030 con 0x7f6d70108e20
2024-04-25T09:23:43.055 INFO:teuthology.orchestra.run.smithi137.stdout:/usr/bin/ceph: stderr
2024-04-25T09:23:42.417+0000 7f6d75f34700 1 -- 172.21.15.137:0/3849569555 --> [v2:172.21.15.137:3300/0,v1:172.21.15.137:6789/0] -- mon_command({"prefix": "config get", "who": "mgr", "key": "mgr/dashboard/ssl_server_port"} v 0) -- 0x7f6d7019fc00 con 0x7f6d70108e20
2024-04-25T09:23:43.055 INFO:teuthology.orchestra.run.smithi137.stdout:/usr/bin/ceph: stderr
2024-04-25T09:23:42.418+0000 7f6d6cff9700 1 -- 172.21.15.137:0/3849569555 <== mon.0 v2:172.21.15.137:3300/0 7 ==== mon_command_ack([{"prefix": "config get", "who": "mgr", "key": "mgr/dashboard/ssl_server_port"}]=0 v8) ==== 112+0+5 (secure 0 0 0) 0x7f6d60016260 con 0x7f6d70108e20
2024-04-25T09:23:43.055 INFO:teuthology.orchestra.run.smithi137.stdout:/usr/bin/ceph: stderr
2024-04-25T09:23:42.420+0000 7f6d75f34700 1 -- 172.21.15.137:0/3849569555 >> [v2:172.21.15.137:6800/1961333794,v1:172.21.15.137:6801/1961333794] conn(0x7f6d580395b0 msgr2=0x7f6d5803ba70 secure :-1 s=STATE_CONNECTION_ESTABLISHED l=1).mark_down
2024-04-25T09:23:43.055 INFO:teuthology.orchestra.run.smithi137.stdout:/usr/bin/ceph: stderr
2024-04-25T09:23:42.420+0000 7f6d75f34700 1 --2- 172.21.15.137:0/3849569555 >> [v2:172.21.15.137:6800/1961333794,v1:172.21.15.137:6801/1961333794] conn(0x7f6d580395b0 0x7f6d5803ba70 secure :-1 s=READY pgs=9 cs=0 l=1 rev1=1 crypto rx=0x7f6d64006fd0 tx=0x7f6d64006e40 comp rx=0 tx=0).stop
2024-04-25T09:23:43.056 INFO:teuthology.orchestra.run.smithi137.stdout:/usr/bin/ceph: stderr
2024-04-25T09:23:42.420+0000 7f6d75f34700 1 -- 172.21.15.137:0/3849569555 >> [v2:172.21.15.137:3300/0,v1:172.21.15.137:6789/0] conn(0x7f6d70108e20 msgr2=0x7f6d7019c190 secure :-1 s=STATE_CONNECTION_ESTABLISHED l=1).mark_down
2024-04-25T09:23:43.056 INFO:teuthology.orchestra.run.smithi137.stdout:/usr/bin/ceph: stderr
2024-04-25T09:23:42.420+0000 7f6d75f34700 1 --2- 172.21.15.137:0/3849569555 >> [v2:172.21.15.137:3300/0,v1:172.21.15.137:6789/0] conn(0x7f6d70108e20 0x7f6d7019c190 secure :-1 s=READY pgs=75 cs=0 l=1 rev1=1 crypto rx=0x7f6d60004660 tx=0x7f6d60011a30 comp rx=0 tx=0).stop
2024-04-25T09:23:43.056 INFO:teuthology.orchestra.run.smithi137.stdout:/usr/bin/ceph: stderr
2024-04-25T09:23:42.420+0000 7f6d75f34700 1 -- 172.21.15.137:0/3849569555 shutdown_connections
2024-04-25T09:23:43.056 INFO:teuthology.orchestra.run.smithi137.stdout:/usr/bin/ceph: stderr
2024-04-25T09:23:42.420+0000 7f6d75f34700 1 --2- 172.21.15.137:0/3849569555 >> [v2:172.21.15.137:6800/1961333794,v1:172.21.15.137:6801/1961333794] conn(0x7f6d580395b0 0x7f6d5803ba70 unknown :-1 s=CLOSED pgs=9 cs=0 l=1 rev1=1 crypto rx=0 tx=0 comp rx=0 tx=0).stop
2024-04-25T09:23:43.056 INFO:teuthology.orchestra.run.smithi137.stdout:/usr/bin/ceph: stderr
2024-04-25T09:23:42.420+0000 7f6d75f34700 1 --2- 172.21.15.137:0/3849569555 >> [v2:172.21.15.137:3300/0,v1:172.21.15.137:6789/0] conn(0x7f6d70108e20 0x7f6d7019c190 unknown :-1 s=CLOSED pgs=75 cs=0 l=1 rev1=1 crypto rx=0 tx=0 comp rx=0 tx=0).stop
2024-04-25T09:23:43.057 INFO:teuthology.orchestra.run.smithi137.stdout:/usr/bin/ceph: stderr
2024-04-25T09:23:42.420+0000 7f6d75f34700 1 -- 172.21.15.137:0/3849569555 >> 172.21.15.137:0/3849569555 conn(0x7f6d701028b0 msgr2=0x7f6d70103360 unknown :-1 s=STATE_NONE l=0).mark_down
2024-04-25T09:23:43.057 INFO:teuthology.orchestra.run.smithi137.stdout:/usr/bin/ceph: stderr
2024-04-25T09:23:42.420+0000 7f6d75f34700 1 -- 172.21.15.137:0/3849569555 shutdown_connections
2024-04-25T09:23:43.057 INFO:teuthology.orchestra.run.smithi137.stdout:/usr/bin/ceph: stderr
2024-04-25T09:23:42.420+0000 7f6d75f34700 1 -- 172.21.15.137:0/3849569555 wait complete.
2024-04-25T09:23:43.059 INFO:teuthology.orchestra.run.smithi137.stdout:Non-zero exit code 1 from systemctl is-enabled firewalld.service
2024-04-25T09:23:43.059 INFO:teuthology.orchestra.run.smithi137.stdout:systemctl: stdout disabled
2024-04-25T09:23:43.059 INFO:teuthology.orchestra.run.smithi137.stdout:Non-zero exit code 3 from systemctl is-active firewalld.service
2024-04-25T09:23:43.059 INFO:teuthology.orchestra.run.smithi137.stdout:systemctl: stdout inactive
2024-04-25T09:23:43.060 INFO:teuthology.orchestra.run.smithi137.stdout:firewalld.service is not enabled
2024-04-25T09:23:43.060 INFO:teuthology.orchestra.run.smithi137.stdout:Not possible to open ports <[8443]>. firewalld.service is not available
2024-04-25T09:23:43.060 INFO:teuthology.orchestra.run.smithi137.stdout:Ceph Dashboard is now available at:
2024-04-25T09:23:43.060 INFO:teuthology.orchestra.run.smithi137.stdout:
2024-04-25T09:23:43.060 INFO:teuthology.orchestra.run.smithi137.stdout: URL: https://smithi137:8443/
2024-04-25T09:23:43.060 INFO:teuthology.orchestra.run.smithi137.stdout: User: admin
2024-04-25T09:23:43.060 INFO:teuthology.orchestra.run.smithi137.stdout: Password: dcvwz382me
2024-04-25T09:23:43.060 INFO:teuthology.orchestra.run.smithi137.stdout:
2024-04-25T09:23:43.061 INFO:teuthology.orchestra.run.smithi137.stdout:Saving cluster configuration to /var/lib/ceph/405ffafa-02e5-11ef-bc93-c7b262605968/config directory
2024-04-25T09:23:43.061 INFO:teuthology.orchestra.run.smithi137.stdout:Enabling autotune for osd_memory_target
2024-04-25T09:23:44.484 INFO:teuthology.orchestra.run.smithi137.stdout:/usr/bin/ceph: stderr
2024-04-25T09:23:43.520+0000 7f71fdc4d700 1 Processor -- start
2024-04-25T09:23:44.484 INFO:teuthology.orchestra.run.smithi137.stdout:/usr/bin/ceph: stderr
2024-04-25T09:23:43.520+0000 7f71fdc4d700 1 -- start start
2024-04-25T09:23:44.484 INFO:teuthology.orchestra.run.smithi137.stdout:/usr/bin/ceph: stderr
2024-04-25T09:23:43.520+0000 7f71fdc4d700 1 --2- >> [v2:172.21.15.137:3300/0,v1:172.21.15.137:6789/0] conn(0x7f71f807df50 0x7f71f807c400 unknown :-1 s=NONE pgs=0 cs=0 l=0 rev1=0 crypto rx=0 tx=0 comp rx=0 tx=0).connect
2024-04-25T09:23:44.484 INFO:teuthology.orchestra.run.smithi137.stdout:/usr/bin/ceph: stderr
2024-04-25T09:23:43.520+0000 7f71fdc4d700 1 -- --> [v2:172.21.15.137:3300/0,v1:172.21.15.137:6789/0] -- mon_getmap magic: 0 -- 0x7f71f807c940 con 0x7f71f807df50
2024-04-25T09:23:44.484 INFO:teuthology.orchestra.run.smithi137.stdout:/usr/bin/ceph: stderr
2024-04-25T09:23:43.520+0000 7f71f77fe700 1 --2- >> [v2:172.21.15.137:3300/0,v1:172.21.15.137:6789/0] conn(0x7f71f807df50 0x7f71f807c400 unknown :-1 s=BANNER_CONNECTING pgs=0 cs=0 l=0 rev1=0 crypto rx=0 tx=0 comp rx=0 tx=0)._handle_peer_banner_payload supported=3 required=0
2024-04-25T09:23:44.484 INFO:teuthology.orchestra.run.smithi137.stdout:/usr/bin/ceph: stderr
2024-04-25T09:23:43.520+0000 7f71f77fe700 1 --2- >> [v2:172.21.15.137:3300/0,v1:172.21.15.137:6789/0] conn(0x7f71f807df50 0x7f71f807c400 unknown :-1 s=HELLO_CONNECTING pgs=0 cs=0 l=0 rev1=1 crypto rx=0 tx=0 comp rx=0 tx=0).handle_hello peer v2:172.21.15.137:3300/0 says I am v2:172.21.15.137:48534/0 (socket says 172.21.15.137:48534)
2024-04-25T09:23:44.484 INFO:teuthology.orchestra.run.smithi137.stdout:/usr/bin/ceph: stderr
2024-04-25T09:23:43.520+0000 7f71f77fe700 1 -- 172.21.15.137:0/2240872281 learned_addr learned my addr 172.21.15.137:0/2240872281 (peer_addr_for_me v2:172.21.15.137:0/0)
2024-04-25T09:23:44.484 INFO:teuthology.orchestra.run.smithi137.stdout:/usr/bin/ceph: stderr
2024-04-25T09:23:43.520+0000 7f71f77fe700 1 -- 172.21.15.137:0/2240872281 --> [v2:172.21.15.137:3300/0,v1:172.21.15.137:6789/0] -- mon_subscribe({config=0+,monmap=0+}) -- 0x7f71f807cac0 con 0x7f71f807df50
2024-04-25T09:23:44.484 INFO:teuthology.orchestra.run.smithi137.stdout:/usr/bin/ceph: stderr
2024-04-25T09:23:43.520+0000 7f71f77fe700 1 --2- 172.21.15.137:0/2240872281 >> [v2:172.21.15.137:3300/0,v1:172.21.15.137:6789/0] conn(0x7f71f807df50 0x7f71f807c400 secure :-1 s=READY pgs=76 cs=0 l=1 rev1=1 crypto rx=0x7f71e80098a0 tx=0x7f71e8009bb0 comp rx=0 tx=0).ready entity=mon.0 client_cookie=d71e575cb57d4508 server_cookie=0 in_seq=0 out_seq=0
2024-04-25T09:23:44.484 INFO:teuthology.orchestra.run.smithi137.stdout:/usr/bin/ceph: stderr
2024-04-25T09:23:43.520+0000 7f71f67fc700 1 -- 172.21.15.137:0/2240872281 <== mon.0 v2:172.21.15.137:3300/0 1 ==== mon_map magic: 0 ==== 205+0+0 (secure 0 0 0) 0x7f71e8004160 con 0x7f71f807df50
2024-04-25T09:23:44.485 INFO:teuthology.orchestra.run.smithi137.stdout:/usr/bin/ceph: stderr
2024-04-25T09:23:43.521+0000 7f71f67fc700 1 -- 172.21.15.137:0/2240872281 <== mon.0 v2:172.21.15.137:3300/0 2 ==== config(25 keys) ==== 1063+0+0 (secure 0 0 0) 0x7f71e8004300 con 0x7f71f807df50
2024-04-25T09:23:44.485 INFO:teuthology.orchestra.run.smithi137.stdout:/usr/bin/ceph: stderr
2024-04-25T09:23:43.521+0000 7f71f67fc700 1 -- 172.21.15.137:0/2240872281 <== mon.0 v2:172.21.15.137:3300/0 3 ==== mon_map magic: 0 ==== 205+0+0 (secure 0 0 0) 0x7f71e8011960 con 0x7f71f807df50
2024-04-25T09:23:44.485 INFO:teuthology.orchestra.run.smithi137.stdout:/usr/bin/ceph: stderr
2024-04-25T09:23:43.521+0000 7f71fdc4d700 1 -- 172.21.15.137:0/2240872281 >> [v2:172.21.15.137:3300/0,v1:172.21.15.137:6789/0] conn(0x7f71f807df50 msgr2=0x7f71f807c400 secure :-1 s=STATE_CONNECTION_ESTABLISHED l=1).mark_down
2024-04-25T09:23:44.485 INFO:teuthology.orchestra.run.smithi137.stdout:/usr/bin/ceph: stderr
2024-04-25T09:23:43.521+0000 7f71fdc4d700 1 --2- 172.21.15.137:0/2240872281 >> [v2:172.21.15.137:3300/0,v1:172.21.15.137:6789/0] conn(0x7f71f807df50 0x7f71f807c400 secure :-1 s=READY pgs=76 cs=0 l=1 rev1=1 crypto rx=0x7f71e80098a0 tx=0x7f71e8009bb0 comp rx=0 tx=0).stop
2024-04-25T09:23:44.485 INFO:teuthology.orchestra.run.smithi137.stdout:/usr/bin/ceph: stderr
2024-04-25T09:23:43.521+0000 7f71fdc4d700 1 -- 172.21.15.137:0/2240872281 shutdown_connections
2024-04-25T09:23:44.485 INFO:teuthology.orchestra.run.smithi137.stdout:/usr/bin/ceph: stderr
2024-04-25T09:23:43.521+0000 7f71fdc4d700 1 --2- 172.21.15.137:0/2240872281 >> [v2:172.21.15.137:3300/0,v1:172.21.15.137:6789/0] conn(0x7f71f807df50 0x7f71f807c400 unknown :-1 s=CLOSED pgs=76 cs=0 l=1 rev1=1 crypto rx=0 tx=0 comp rx=0 tx=0).stop
2024-04-25T09:23:44.485 INFO:teuthology.orchestra.run.smithi137.stdout:/usr/bin/ceph: stderr
2024-04-25T09:23:43.521+0000 7f71fdc4d700 1 -- 172.21.15.137:0/2240872281 >> 172.21.15.137:0/2240872281 conn(0x7f71f8103930 msgr2=0x7f71f8105db0 unknown :-1 s=STATE_NONE l=0).mark_down
2024-04-25T09:23:44.485 INFO:teuthology.orchestra.run.smithi137.stdout:/usr/bin/ceph: stderr
2024-04-25T09:23:43.521+0000 7f71fdc4d700 1 -- 172.21.15.137:0/2240872281 shutdown_connections
2024-04-25T09:23:44.485 INFO:teuthology.orchestra.run.smithi137.stdout:/usr/bin/ceph: stderr
2024-04-25T09:23:43.521+0000 7f71fdc4d700 1 -- 172.21.15.137:0/2240872281 wait complete.
2024-04-25T09:23:44.485 INFO:teuthology.orchestra.run.smithi137.stdout:/usr/bin/ceph: stderr
2024-04-25T09:23:43.522+0000 7f71fdc4d700 1 Processor -- start
2024-04-25T09:23:44.485 INFO:teuthology.orchestra.run.smithi137.stdout:/usr/bin/ceph: stderr
2024-04-25T09:23:43.522+0000 7f71fdc4d700 1 -- start start
2024-04-25T09:23:44.485 INFO:teuthology.orchestra.run.smithi137.stdout:/usr/bin/ceph: stderr
2024-04-25T09:23:43.522+0000 7f71fdc4d700 1 --2- >> [v2:172.21.15.137:3300/0,v1:172.21.15.137:6789/0] conn(0x7f71f807df50 0x7f71f819e450 unknown :-1 s=NONE pgs=0 cs=0 l=1 rev1=0 crypto rx=0 tx=0 comp rx=0 tx=0).connect
2024-04-25T09:23:44.485 INFO:teuthology.orchestra.run.smithi137.stdout:/usr/bin/ceph: stderr
2024-04-25T09:23:43.522+0000 7f71fdc4d700 1 -- --> [v2:172.21.15.137:3300/0,v1:172.21.15.137:6789/0] -- mon_getmap magic: 0 -- 0x7f71f810e8d0 con 0x7f71f807df50
2024-04-25T09:23:44.485 INFO:teuthology.orchestra.run.smithi137.stdout:/usr/bin/ceph: stderr
2024-04-25T09:23:43.522+0000 7f71f77fe700 1 --2- >> [v2:172.21.15.137:3300/0,v1:172.21.15.137:6789/0] conn(0x7f71f807df50 0x7f71f819e450 unknown :-1 s=BANNER_CONNECTING pgs=0 cs=0 l=1 rev1=0 crypto rx=0 tx=0 comp rx=0 tx=0)._handle_peer_banner_payload supported=3 required=0
2024-04-25T09:23:44.486 INFO:teuthology.orchestra.run.smithi137.stdout:/usr/bin/ceph: stderr
2024-04-25T09:23:43.522+0000 7f71f77fe700 1 --2- >> [v2:172.21.15.137:3300/0,v1:172.21.15.137:6789/0] conn(0x7f71f807df50 0x7f71f819e450 unknown :-1 s=HELLO_CONNECTING pgs=0 cs=0 l=1 rev1=1 crypto rx=0 tx=0 comp rx=0 tx=0).handle_hello peer v2:172.21.15.137:3300/0 says I am v2:172.21.15.137:48546/0 (socket says 172.21.15.137:48546)
2024-04-25T09:23:44.486 INFO:teuthology.orchestra.run.smithi137.stdout:/usr/bin/ceph: stderr
2024-04-25T09:23:43.522+0000 7f71f77fe700 1 -- 172.21.15.137:0/741467608 learned_addr learned my addr 172.21.15.137:0/741467608 (peer_addr_for_me v2:172.21.15.137:0/0)
2024-04-25T09:23:44.486 INFO:teuthology.orchestra.run.smithi137.stdout:/usr/bin/ceph: stderr
2024-04-25T09:23:43.522+0000 7f71f77fe700 1 -- 172.21.15.137:0/741467608 --> [v2:172.21.15.137:3300/0,v1:172.21.15.137:6789/0] -- mon_subscribe({config=0+,monmap=0+}) -- 0x7f71f819e990 con 0x7f71f807df50
2024-04-25T09:23:44.486 INFO:teuthology.orchestra.run.smithi137.stdout:/usr/bin/ceph: stderr
2024-04-25T09:23:43.523+0000 7f71f77fe700 1 --2- 172.21.15.137:0/741467608 >> [v2:172.21.15.137:3300/0,v1:172.21.15.137:6789/0] conn(0x7f71f807df50 0x7f71f819e450 secure :-1 s=READY pgs=77 cs=0 l=1 rev1=1 crypto rx=0x7f71e80119f0 tx=0x7f71e8011ad0 comp rx=0 tx=0).ready entity=mon.0 client_cookie=0 server_cookie=0 in_seq=0 out_seq=0
2024-04-25T09:23:44.486 INFO:teuthology.orchestra.run.smithi137.stdout:/usr/bin/ceph: stderr
2024-04-25T09:23:43.523+0000 7f71f4ff9700 1 -- 172.21.15.137:0/741467608 <== mon.0 v2:172.21.15.137:3300/0 1 ==== mon_map magic: 0 ==== 205+0+0 (secure 0 0 0) 0x7f71e8003b20 con 0x7f71f807df50
2024-04-25T09:23:44.486 INFO:teuthology.orchestra.run.smithi137.stdout:/usr/bin/ceph: stderr
2024-04-25T09:23:43.523+0000 7f71f4ff9700 1 -- 172.21.15.137:0/741467608 <== mon.0 v2:172.21.15.137:3300/0 2 ==== config(25 keys) ==== 1063+0+0 (secure 0 0 0) 0x7f71e801b8d0 con 0x7f71f807df50
2024-04-25T09:23:44.486 INFO:teuthology.orchestra.run.smithi137.stdout:/usr/bin/ceph: stderr
2024-04-25T09:23:43.523+0000 7f71f4ff9700 1 -- 172.21.15.137:0/741467608 <== mon.0 v2:172.21.15.137:3300/0 3 ==== mon_map magic: 0 ==== 205+0+0 (secure 0 0 0) 0x7f71e8023890 con 0x7f71f807df50
2024-04-25T09:23:44.486 INFO:teuthology.orchestra.run.smithi137.stdout:/usr/bin/ceph: stderr
2024-04-25T09:23:43.523+0000 7f71fdc4d700 1 -- 172.21.15.137:0/741467608 --> [v2:172.21.15.137:3300/0,v1:172.21.15.137:6789/0] -- mon_subscribe({mgrmap=0+}) -- 0x7f71f819ec20 con 0x7f71f807df50
2024-04-25T09:23:44.486 INFO:teuthology.orchestra.run.smithi137.stdout:/usr/bin/ceph: stderr
2024-04-25T09:23:43.523+0000 7f71fdc4d700 1 -- 172.21.15.137:0/741467608 --> [v2:172.21.15.137:3300/0,v1:172.21.15.137:6789/0] -- mon_subscribe({osdmap=0}) -- 0x7f71f81a1910 con 0x7f71f807df50
2024-04-25T09:23:44.486 INFO:teuthology.orchestra.run.smithi137.stdout:/usr/bin/ceph: stderr
2024-04-25T09:23:43.524+0000 7f71f4ff9700 1 -- 172.21.15.137:0/741467608 <== mon.0 v2:172.21.15.137:3300/0 4 ==== mgrmap(e 12) ==== 46571+0+0 (secure 0 0 0) 0x7f71e8023a30 con 0x7f71f807df50
2024-04-25T09:23:44.486 INFO:teuthology.orchestra.run.smithi137.stdout:/usr/bin/ceph: stderr
2024-04-25T09:23:43.524+0000 7f71fdc4d700 1 -- 172.21.15.137:0/741467608 --> [v2:172.21.15.137:3300/0,v1:172.21.15.137:6789/0] -- mon_command({"prefix": "get_command_descriptions"} v 0) -- 0x7f71f8064a80 con 0x7f71f807df50
2024-04-25T09:23:44.486 INFO:teuthology.orchestra.run.smithi137.stdout:/usr/bin/ceph: stderr
2024-04-25T09:23:43.524+0000 7f71f4ff9700 1 --2- 172.21.15.137:0/741467608 >> [v2:172.21.15.137:6800/1961333794,v1:172.21.15.137:6801/1961333794] conn(0x7f71e0039610 0x7f71e003bad0 unknown :-1 s=NONE pgs=0 cs=0 l=1 rev1=0 crypto rx=0 tx=0 comp rx=0 tx=0).connect
2024-04-25T09:23:44.486 INFO:teuthology.orchestra.run.smithi137.stdout:/usr/bin/ceph: stderr
2024-04-25T09:23:43.524+0000 7f71f4ff9700 1 -- 172.21.15.137:0/741467608 <== mon.0 v2:172.21.15.137:3300/0 5 ==== osd_map(3..3 src has 1..3) ==== 1155+0+0 (secure 0 0 0) 0x7f71e804e170 con 0x7f71f807df50
2024-04-25T09:23:44.486 INFO:teuthology.orchestra.run.smithi137.stdout:/usr/bin/ceph: stderr
2024-04-25T09:23:43.524+0000 7f71f6ffd700 1 --2- 172.21.15.137:0/741467608 >> [v2:172.21.15.137:6800/1961333794,v1:172.21.15.137:6801/1961333794] conn(0x7f71e0039610 0x7f71e003bad0 unknown :-1 s=BANNER_CONNECTING pgs=0 cs=0 l=1 rev1=0 crypto rx=0 tx=0 comp rx=0 tx=0)._handle_peer_banner_payload supported=3 required=0
2024-04-25T09:23:44.487 INFO:teuthology.orchestra.run.smithi137.stdout:/usr/bin/ceph: stderr
2024-04-25T09:23:43.524+0000 7f71f6ffd700 1 --2- 172.21.15.137:0/741467608 >> [v2:172.21.15.137:6800/1961333794,v1:172.21.15.137:6801/1961333794] conn(0x7f71e0039610 0x7f71e003bad0 secure :-1 s=READY pgs=10 cs=0 l=1 rev1=1 crypto rx=0x7f71ec006fd0 tx=0x7f71ec006e40 comp rx=0 tx=0).ready entity=mgr.14152 client_cookie=0 server_cookie=0 in_seq=0 out_seq=0
2024-04-25T09:23:44.487 INFO:teuthology.orchestra.run.smithi137.stdout:/usr/bin/ceph: stderr
2024-04-25T09:23:43.529+0000 7f71f4ff9700 1 -- 172.21.15.137:0/741467608 <== mon.0 v2:172.21.15.137:3300/0 6 ==== mon_command_ack([{"prefix": "get_command_descriptions"}]=0 v0) ==== 72+0+188370 (secure 0 0 0) 0x7f71e801f030 con 0x7f71f807df50
2024-04-25T09:23:44.487 INFO:teuthology.orchestra.run.smithi137.stdout:/usr/bin/ceph: stderr
2024-04-25T09:23:43.731+0000 7f71fdc4d700 1 -- 172.21.15.137:0/741467608 --> [v2:172.21.15.137:3300/0,v1:172.21.15.137:6789/0] -- mon_command([{prefix=config set, name=osd_memory_target_autotune}] v 0) -- 0x7f71f81a1e00 con 0x7f71f807df50
2024-04-25T09:23:44.487 INFO:teuthology.orchestra.run.smithi137.stdout:/usr/bin/ceph: stderr
2024-04-25T09:23:43.732+0000 7f71f4ff9700 1 -- 172.21.15.137:0/741467608 <== mon.0 v2:172.21.15.137:3300/0 7 ==== mon_command_ack([{prefix=config set, name=osd_memory_target_autotune}]=0 v8)=0 v8) ==== 127+0+0 (secure 0 0 0) 0x7f71e8023e20 con 0x7f71f807df50
2024-04-25T09:23:44.487 INFO:teuthology.orchestra.run.smithi137.stdout:/usr/bin/ceph: stderr
2024-04-25T09:23:43.734+0000 7f71fdc4d700 1 -- 172.21.15.137:0/741467608 >> [v2:172.21.15.137:6800/1961333794,v1:172.21.15.137:6801/1961333794] conn(0x7f71e0039610 msgr2=0x7f71e003bad0 secure :-1 s=STATE_CONNECTION_ESTABLISHED l=1).mark_down
2024-04-25T09:23:44.487 INFO:teuthology.orchestra.run.smithi137.stdout:/usr/bin/ceph: stderr
2024-04-25T09:23:43.734+0000 7f71fdc4d700 1 --2- 172.21.15.137:0/741467608 >> [v2:172.21.15.137:6800/1961333794,v1:172.21.15.137:6801/1961333794] conn(0x7f71e0039610 0x7f71e003bad0 secure :-1 s=READY pgs=10 cs=0 l=1 rev1=1 crypto rx=0x7f71ec006fd0 tx=0x7f71ec006e40 comp rx=0 tx=0).stop
2024-04-25T09:23:44.487 INFO:teuthology.orchestra.run.smithi137.stdout:/usr/bin/ceph: stderr
2024-04-25T09:23:43.734+0000 7f71fdc4d700 1 -- 172.21.15.137:0/741467608 >> [v2:172.21.15.137:3300/0,v1:172.21.15.137:6789/0] conn(0x7f71f807df50 msgr2=0x7f71f819e450 secure :-1 s=STATE_CONNECTION_ESTABLISHED l=1).mark_down
2024-04-25T09:23:44.487 INFO:teuthology.orchestra.run.smithi137.stdout:/usr/bin/ceph: stderr
2024-04-25T09:23:43.734+0000 7f71fdc4d700 1 --2- 172.21.15.137:0/741467608 >> [v2:172.21.15.137:3300/0,v1:172.21.15.137:6789/0] conn(0x7f71f807df50 0x7f71f819e450 secure :-1 s=READY pgs=77 cs=0 l=1 rev1=1 crypto rx=0x7f71e80119f0 tx=0x7f71e8011ad0 comp rx=0 tx=0).stop
2024-04-25T09:23:44.487 INFO:teuthology.orchestra.run.smithi137.stdout:/usr/bin/ceph: stderr
2024-04-25T09:23:43.734+0000 7f71fdc4d700 1 -- 172.21.15.137:0/741467608 shutdown_connections
2024-04-25T09:23:44.487 INFO:teuthology.orchestra.run.smithi137.stdout:/usr/bin/ceph: stderr
2024-04-25T09:23:43.734+0000 7f71fdc4d700 1 --2- 172.21.15.137:0/741467608 >> [v2:172.21.15.137:6800/1961333794,v1:172.21.15.137:6801/1961333794] conn(0x7f71e0039610 0x7f71e003bad0 unknown :-1 s=CLOSED pgs=10 cs=0 l=1 rev1=1 crypto rx=0 tx=0 comp rx=0 tx=0).stop
2024-04-25T09:23:44.487 INFO:teuthology.orchestra.run.smithi137.stdout:/usr/bin/ceph: stderr
2024-04-25T09:23:43.734+0000 7f71fdc4d700 1 --2- 172.21.15.137:0/741467608 >> [v2:172.21.15.137:3300/0,v1:172.21.15.137:6789/0] conn(0x7f71f807df50 0x7f71f819e450 unknown :-1 s=CLOSED pgs=77 cs=0 l=1 rev1=1 crypto rx=0 tx=0 comp rx=0 tx=0).stop
2024-04-25T09:23:44.487 INFO:teuthology.orchestra.run.smithi137.stdout:/usr/bin/ceph: stderr
2024-04-25T09:23:43.734+0000 7f71fdc4d700 1 -- 172.21.15.137:0/741467608 >> 172.21.15.137:0/741467608 conn(0x7f71f8103930 msgr2=0x7f71f8104470 unknown :-1 s=STATE_NONE l=0).mark_down
2024-04-25T09:23:44.487 INFO:teuthology.orchestra.run.smithi137.stdout:/usr/bin/ceph: stderr
2024-04-25T09:23:43.734+0000 7f71fdc4d700 1 -- 172.21.15.137:0/741467608 shutdown_connections
2024-04-25T09:23:44.487 INFO:teuthology.orchestra.run.smithi137.stdout:/usr/bin/ceph: stderr
2024-04-25T09:23:43.734+0000 7f71fdc4d700 1 -- 172.21.15.137:0/741467608 wait complete.
2024-04-25T09:23:45.117 INFO:journalctl@ceph.mon.a.smithi137.stdout:Apr 25 09:23:44 smithi137 ceph-mon[26740]: mgrmap e13: x(active, since 6s)
2024-04-25T09:23:45.786 INFO:teuthology.orchestra.run.smithi137.stdout:/usr/bin/ceph: stderr
2024-04-25T09:23:44.901+0000 7fe8903fc700 1 Processor -- start
2024-04-25T09:23:45.786 INFO:teuthology.orchestra.run.smithi137.stdout:/usr/bin/ceph: stderr
2024-04-25T09:23:44.901+0000 7fe8903fc700 1 -- start start
2024-04-25T09:23:45.786 INFO:teuthology.orchestra.run.smithi137.stdout:/usr/bin/ceph: stderr
2024-04-25T09:23:44.901+0000 7fe8903fc700 1 --2- >> [v2:172.21.15.137:3300/0,v1:172.21.15.137:6789/0] conn(0x7fe88807df90 0x7fe88807c440 unknown :-1 s=NONE pgs=0 cs=0 l=0 rev1=0 crypto rx=0 tx=0 comp rx=0 tx=0).connect
2024-04-25T09:23:45.786 INFO:teuthology.orchestra.run.smithi137.stdout:/usr/bin/ceph: stderr
2024-04-25T09:23:44.901+0000 7fe8903fc700 1 -- --> [v2:172.21.15.137:3300/0,v1:172.21.15.137:6789/0] -- mon_getmap magic: 0 -- 0x7fe88807ca10 con 0x7fe88807df90
2024-04-25T09:23:45.786 INFO:teuthology.orchestra.run.smithi137.stdout:/usr/bin/ceph: stderr
2024-04-25T09:23:44.901+0000 7fe88e198700 1 --2- >> [v2:172.21.15.137:3300/0,v1:172.21.15.137:6789/0] conn(0x7fe88807df90 0x7fe88807c440 unknown :-1 s=BANNER_CONNECTING pgs=0 cs=0 l=0 rev1=0 crypto rx=0 tx=0 comp rx=0 tx=0)._handle_peer_banner_payload supported=3 required=0
2024-04-25T09:23:45.786 INFO:teuthology.orchestra.run.smithi137.stdout:/usr/bin/ceph: stderr
2024-04-25T09:23:44.901+0000 7fe88e198700 1 --2- >> [v2:172.21.15.137:3300/0,v1:172.21.15.137:6789/0] conn(0x7fe88807df90 0x7fe88807c440 unknown :-1 s=HELLO_CONNECTING pgs=0 cs=0 l=0 rev1=1 crypto rx=0 tx=0 comp rx=0 tx=0).handle_hello peer v2:172.21.15.137:3300/0 says I am v2:172.21.15.137:48548/0 (socket says 172.21.15.137:48548)
2024-04-25T09:23:45.786 INFO:teuthology.orchestra.run.smithi137.stdout:/usr/bin/ceph: stderr
2024-04-25T09:23:44.901+0000 7fe88e198700 1 -- 172.21.15.137:0/4026815878 learned_addr learned my addr 172.21.15.137:0/4026815878 (peer_addr_for_me v2:172.21.15.137:0/0)
2024-04-25T09:23:45.786 INFO:teuthology.orchestra.run.smithi137.stdout:/usr/bin/ceph: stderr
2024-04-25T09:23:44.902+0000 7fe88e198700 1 -- 172.21.15.137:0/4026815878 --> [v2:172.21.15.137:3300/0,v1:172.21.15.137:6789/0] -- mon_subscribe({config=0+,monmap=0+}) -- 0x7fe88807cb90 con 0x7fe88807df90
2024-04-25T09:23:45.787 INFO:teuthology.orchestra.run.smithi137.stdout:/usr/bin/ceph: stderr
2024-04-25T09:23:44.902+0000 7fe88e198700 1 --2- 172.21.15.137:0/4026815878 >> [v2:172.21.15.137:3300/0,v1:172.21.15.137:6789/0] conn(0x7fe88807df90 0x7fe88807c440 secure :-1 s=READY pgs=78 cs=0 l=1 rev1=1 crypto rx=0x7fe8840098a0 tx=0x7fe884009bb0 comp rx=0 tx=0).ready entity=mon.0 client_cookie=f20202a27bf1b4d9 server_cookie=0 in_seq=0 out_seq=0
2024-04-25T09:23:45.787 INFO:teuthology.orchestra.run.smithi137.stdout:/usr/bin/ceph: stderr
2024-04-25T09:23:44.902+0000 7fe88d196700 1 -- 172.21.15.137:0/4026815878 <== mon.0 v2:172.21.15.137:3300/0 1 ==== mon_map magic: 0 ==== 205+0+0 (secure 0 0 0) 0x7fe884004160 con 0x7fe88807df90
2024-04-25T09:23:45.787 INFO:teuthology.orchestra.run.smithi137.stdout:/usr/bin/ceph: stderr
2024-04-25T09:23:44.902+0000 7fe88d196700 1 -- 172.21.15.137:0/4026815878 <== mon.0 v2:172.21.15.137:3300/0 2 ==== config(25 keys) ==== 1063+0+0 (secure 0 0 0) 0x7fe884004300 con 0x7fe88807df90
2024-04-25T09:23:45.787 INFO:teuthology.orchestra.run.smithi137.stdout:/usr/bin/ceph: stderr
2024-04-25T09:23:44.902+0000 7fe88d196700 1 -- 172.21.15.137:0/4026815878 <== mon.0 v2:172.21.15.137:3300/0 3 ==== mon_map magic: 0 ==== 205+0+0 (secure 0 0 0) 0x7fe884011960 con 0x7fe88807df90
2024-04-25T09:23:45.787 INFO:teuthology.orchestra.run.smithi137.stdout:/usr/bin/ceph: stderr
2024-04-25T09:23:44.903+0000 7fe8903fc700 1 -- 172.21.15.137:0/4026815878 >> [v2:172.21.15.137:3300/0,v1:172.21.15.137:6789/0] conn(0x7fe88807df90 msgr2=0x7fe88807c440 secure :-1 s=STATE_CONNECTION_ESTABLISHED l=1).mark_down
2024-04-25T09:23:45.787 INFO:teuthology.orchestra.run.smithi137.stdout:/usr/bin/ceph: stderr
2024-04-25T09:23:44.903+0000 7fe8903fc700 1 --2- 172.21.15.137:0/4026815878 >> [v2:172.21.15.137:3300/0,v1:172.21.15.137:6789/0] conn(0x7fe88807df90 0x7fe88807c440 secure :-1 s=READY pgs=78 cs=0 l=1 rev1=1 crypto rx=0x7fe8840098a0 tx=0x7fe884009bb0 comp rx=0 tx=0).stop
2024-04-25T09:23:45.787 INFO:teuthology.orchestra.run.smithi137.stdout:/usr/bin/ceph: stderr
2024-04-25T09:23:44.903+0000 7fe8903fc700 1 -- 172.21.15.137:0/4026815878 shutdown_connections
2024-04-25T09:23:45.787 INFO:teuthology.orchestra.run.smithi137.stdout:/usr/bin/ceph: stderr
2024-04-25T09:23:44.903+0000 7fe8903fc700 1 --2- 172.21.15.137:0/4026815878 >> [v2:172.21.15.137:3300/0,v1:172.21.15.137:6789/0] conn(0x7fe88807df90 0x7fe88807c440 unknown :-1 s=CLOSED pgs=78 cs=0 l=1 rev1=1 crypto rx=0 tx=0 comp rx=0 tx=0).stop
2024-04-25T09:23:45.787 INFO:teuthology.orchestra.run.smithi137.stdout:/usr/bin/ceph: stderr
2024-04-25T09:23:44.903+0000 7fe8903fc700 1 -- 172.21.15.137:0/4026815878 >> 172.21.15.137:0/4026815878 conn(0x7fe888103970 msgr2=0x7fe888105d90 unknown :-1 s=STATE_NONE l=0).mark_down
2024-04-25T09:23:45.787 INFO:teuthology.orchestra.run.smithi137.stdout:/usr/bin/ceph: stderr
2024-04-25T09:23:44.903+0000 7fe8903fc700 1 -- 172.21.15.137:0/4026815878 shutdown_connections
2024-04-25T09:23:45.787 INFO:teuthology.orchestra.run.smithi137.stdout:/usr/bin/ceph: stderr
2024-04-25T09:23:44.903+0000 7fe8903fc700 1 -- 172.21.15.137:0/4026815878 wait complete.
2024-04-25T09:23:45.787 INFO:teuthology.orchestra.run.smithi137.stdout:/usr/bin/ceph: stderr
2024-04-25T09:23:44.903+0000 7fe8903fc700 1 Processor -- start
2024-04-25T09:23:45.787 INFO:teuthology.orchestra.run.smithi137.stdout:/usr/bin/ceph: stderr
2024-04-25T09:23:44.903+0000 7fe8903fc700 1 -- start start
2024-04-25T09:23:45.787 INFO:teuthology.orchestra.run.smithi137.stdout:/usr/bin/ceph: stderr
2024-04-25T09:23:44.903+0000 7fe8903fc700 1 --2- >> [v2:172.21.15.137:3300/0,v1:172.21.15.137:6789/0] conn(0x7fe88807df90 0x7fe88819e460 unknown :-1 s=NONE pgs=0 cs=0 l=1 rev1=0 crypto rx=0 tx=0 comp rx=0 tx=0).connect
2024-04-25T09:23:45.788 INFO:teuthology.orchestra.run.smithi137.stdout:/usr/bin/ceph: stderr
2024-04-25T09:23:44.903+0000 7fe8903fc700 1 -- --> [v2:172.21.15.137:3300/0,v1:172.21.15.137:6789/0] -- mon_getmap magic: 0 -- 0x7fe88810e8d0 con 0x7fe88807df90
2024-04-25T09:23:45.788 INFO:teuthology.orchestra.run.smithi137.stdout:/usr/bin/ceph: stderr
2024-04-25T09:23:44.904+0000 7fe88e198700 1 --2- >> [v2:172.21.15.137:3300/0,v1:172.21.15.137:6789/0] conn(0x7fe88807df90 0x7fe88819e460 unknown :-1 s=BANNER_CONNECTING pgs=0 cs=0 l=1 rev1=0 crypto rx=0 tx=0 comp rx=0 tx=0)._handle_peer_banner_payload supported=3 required=0
2024-04-25T09:23:45.788 INFO:teuthology.orchestra.run.smithi137.stdout:/usr/bin/ceph: stderr
2024-04-25T09:23:44.904+0000 7fe88e198700 1 --2- >> [v2:172.21.15.137:3300/0,v1:172.21.15.137:6789/0] conn(0x7fe88807df90 0x7fe88819e460 unknown :-1 s=HELLO_CONNECTING pgs=0 cs=0 l=1 rev1=1 crypto rx=0 tx=0 comp rx=0 tx=0).handle_hello peer v2:172.21.15.137:3300/0 says I am v2:172.21.15.137:48552/0 (socket says 172.21.15.137:48552)
2024-04-25T09:23:45.788 INFO:teuthology.orchestra.run.smithi137.stdout:/usr/bin/ceph: stderr
2024-04-25T09:23:44.904+0000 7fe88e198700 1 -- 172.21.15.137:0/343915186 learned_addr learned my addr 172.21.15.137:0/343915186 (peer_addr_for_me v2:172.21.15.137:0/0)
2024-04-25T09:23:45.788 INFO:teuthology.orchestra.run.smithi137.stdout:/usr/bin/ceph: stderr
2024-04-25T09:23:44.904+0000 7fe88e198700 1 -- 172.21.15.137:0/343915186 --> [v2:172.21.15.137:3300/0,v1:172.21.15.137:6789/0] -- mon_subscribe({config=0+,monmap=0+}) -- 0x7fe88819e9a0 con 0x7fe88807df90
2024-04-25T09:23:45.788 INFO:teuthology.orchestra.run.smithi137.stdout:/usr/bin/ceph: stderr
2024-04-25T09:23:44.904+0000 7fe88e198700 1 --2- 172.21.15.137:0/343915186 >> [v2:172.21.15.137:3300/0,v1:172.21.15.137:6789/0] conn(0x7fe88807df90 0x7fe88819e460 secure :-1 s=READY pgs=79 cs=0 l=1 rev1=1 crypto rx=0x7fe884004660 tx=0x7fe884011a30 comp rx=0 tx=0).ready entity=mon.0 client_cookie=0 server_cookie=0 in_seq=0 out_seq=0
2024-04-25T09:23:45.788 INFO:teuthology.orchestra.run.smithi137.stdout:/usr/bin/ceph: stderr
2024-04-25T09:23:44.904+0000 7fe87f7fe700 1 -- 172.21.15.137:0/343915186 <== mon.0 v2:172.21.15.137:3300/0 1 ==== mon_map magic: 0 ==== 205+0+0 (secure 0 0 0) 0x7fe884003aa0 con 0x7fe88807df90
2024-04-25T09:23:45.788 INFO:teuthology.orchestra.run.smithi137.stdout:/usr/bin/ceph: stderr
2024-04-25T09:23:44.904+0000 7fe87f7fe700 1 -- 172.21.15.137:0/343915186 <== mon.0 v2:172.21.15.137:3300/0 2 ==== config(25 keys) ==== 1063+0+0 (secure 0 0 0) 0x7fe88401b8d0 con 0x7fe88807df90
2024-04-25T09:23:45.788 INFO:teuthology.orchestra.run.smithi137.stdout:/usr/bin/ceph: stderr
2024-04-25T09:23:44.904+0000 7fe87f7fe700 1 -- 172.21.15.137:0/343915186 <== mon.0 v2:172.21.15.137:3300/0 3 ==== mon_map magic: 0 ==== 205+0+0 (secure 0 0 0) 0x7fe884023820 con 0x7fe88807df90
2024-04-25T09:23:45.788 INFO:teuthology.orchestra.run.smithi137.stdout:/usr/bin/ceph: stderr
2024-04-25T09:23:44.904+0000 7fe8903fc700 1 -- 172.21.15.137:0/343915186 --> [v2:172.21.15.137:3300/0,v1:172.21.15.137:6789/0] -- mon_subscribe({mgrmap=0+}) -- 0x7fe88819ec30 con 0x7fe88807df90
2024-04-25T09:23:45.788 INFO:teuthology.orchestra.run.smithi137.stdout:/usr/bin/ceph: stderr
2024-04-25T09:23:44.904+0000 7fe8903fc700 1 -- 172.21.15.137:0/343915186 --> [v2:172.21.15.137:3300/0,v1:172.21.15.137:6789/0] -- mon_subscribe({osdmap=0}) -- 0x7fe8881a18d0 con 0x7fe88807df90
2024-04-25T09:23:45.788 INFO:teuthology.orchestra.run.smithi137.stdout:/usr/bin/ceph: stderr
2024-04-25T09:23:44.905+0000 7fe87f7fe700 1 -- 172.21.15.137:0/343915186 <== mon.0 v2:172.21.15.137:3300/0 4 ==== mgrmap(e 13) ==== 46615+0+0 (secure 0 0 0) 0x7fe88401ba80 con 0x7fe88807df90
2024-04-25T09:23:45.788 INFO:teuthology.orchestra.run.smithi137.stdout:/usr/bin/ceph: stderr
2024-04-25T09:23:44.905+0000 7fe8903fc700 1 -- 172.21.15.137:0/343915186 --> [v2:172.21.15.137:3300/0,v1:172.21.15.137:6789/0] -- mon_command({"prefix": "get_command_descriptions"} v 0) -- 0x7fe888064a80 con 0x7fe88807df90
2024-04-25T09:23:45.789 INFO:teuthology.orchestra.run.smithi137.stdout:/usr/bin/ceph: stderr
2024-04-25T09:23:44.905+0000 7fe87f7fe700 1 --2- 172.21.15.137:0/343915186 >> [v2:172.21.15.137:6800/1961333794,v1:172.21.15.137:6801/1961333794] conn(0x7fe8740396b0 0x7fe87403bb70 unknown :-1 s=NONE pgs=0 cs=0 l=1 rev1=0 crypto rx=0 tx=0 comp rx=0 tx=0).connect
2024-04-25T09:23:45.789 INFO:teuthology.orchestra.run.smithi137.stdout:/usr/bin/ceph: stderr
2024-04-25T09:23:44.905+0000 7fe87f7fe700 1 -- 172.21.15.137:0/343915186 <== mon.0 v2:172.21.15.137:3300/0 5 ==== osd_map(3..3 src has 1..3) ==== 1155+0+0 (secure 0 0 0) 0x7fe88404e040 con 0x7fe88807df90
2024-04-25T09:23:45.789 INFO:teuthology.orchestra.run.smithi137.stdout:/usr/bin/ceph: stderr
2024-04-25T09:23:44.905+0000 7fe88d997700 1 --2- 172.21.15.137:0/343915186 >> [v2:172.21.15.137:6800/1961333794,v1:172.21.15.137:6801/1961333794] conn(0x7fe8740396b0 0x7fe87403bb70 unknown :-1 s=BANNER_CONNECTING pgs=0 cs=0 l=1 rev1=0 crypto rx=0 tx=0 comp rx=0 tx=0)._handle_peer_banner_payload supported=3 required=0
2024-04-25T09:23:45.789 INFO:teuthology.orchestra.run.smithi137.stdout:/usr/bin/ceph: stderr
2024-04-25T09:23:44.906+0000 7fe88d997700 1 --2- 172.21.15.137:0/343915186 >> [v2:172.21.15.137:6800/1961333794,v1:172.21.15.137:6801/1961333794] conn(0x7fe8740396b0 0x7fe87403bb70 secure :-1 s=READY pgs=11 cs=0 l=1 rev1=1 crypto rx=0x7fe878006fd0 tx=0x7fe878006e40 comp rx=0 tx=0).ready entity=mgr.14152 client_cookie=0 server_cookie=0 in_seq=0 out_seq=0
2024-04-25T09:23:45.789 INFO:teuthology.orchestra.run.smithi137.stdout:/usr/bin/ceph: stderr
2024-04-25T09:23:44.910+0000 7fe87f7fe700 1 -- 172.21.15.137:0/343915186 <== mon.0 v2:172.21.15.137:3300/0 6 ==== mon_command_ack([{"prefix": "get_command_descriptions"}]=0 v0) ==== 72+0+188370 (secure 0 0 0) 0x7fe88401f030 con 0x7fe88807df90
2024-04-25T09:23:45.789 INFO:teuthology.orchestra.run.smithi137.stdout:/usr/bin/ceph: stderr
2024-04-25T09:23:45.226+0000 7fe8903fc700 1 -- 172.21.15.137:0/343915186 --> [v2:172.21.15.137:3300/0,v1:172.21.15.137:6789/0] -- mon_command([{prefix=config-key set, key=mgr/dashboard/cluster/status}] v 0) -- 0x7fe8881a1d10 con 0x7fe88807df90
2024-04-25T09:23:45.789 INFO:teuthology.orchestra.run.smithi137.stdout:/usr/bin/ceph: stderr
2024-04-25T09:23:45.229+0000 7fe87f7fe700 1 -- 172.21.15.137:0/343915186 <== mon.0 v2:172.21.15.137:3300/0 7 ==== mon_command_ack([{prefix=config-key set, key=mgr/dashboard/cluster/status}]=0 set mgr/dashboard/cluster/status v28)=0 set mgr/dashboard/cluster/status v28) ==== 153+0+0 (secure 0 0 0) 0x7fe884006d60 con 0x7fe88807df90
2024-04-25T09:23:45.789 INFO:teuthology.orchestra.run.smithi137.stdout:/usr/bin/ceph: stderr
2024-04-25T09:23:45.231+0000 7fe8903fc700 1 -- 172.21.15.137:0/343915186 >> [v2:172.21.15.137:6800/1961333794,v1:172.21.15.137:6801/1961333794] conn(0x7fe8740396b0 msgr2=0x7fe87403bb70 secure :-1 s=STATE_CONNECTION_ESTABLISHED l=1).mark_down
2024-04-25T09:23:45.789 INFO:teuthology.orchestra.run.smithi137.stdout:/usr/bin/ceph: stderr
