2024-04-25T09:23:24.186+0000 7f4d4da47700 1 Processor -- start
2024-04-25T09:23:30.504 INFO:teuthology.orchestra.run.smithi174.stdout:/usr/bin/ceph: stderr
2024-04-25T09:23:24.186+0000 7f4d4da47700 1 -- start start
2024-04-25T09:23:30.504 INFO:teuthology.orchestra.run.smithi174.stdout:/usr/bin/ceph: stderr
2024-04-25T09:23:24.186+0000 7f4d4da47700 1 --2- >> [v2:172.21.15.174:3300/0,v1:172.21.15.174:6789/0] conn(0x7f4d48108ec0 0x7f4d4810b2b0 unknown :-1 s=NONE pgs=0 cs=0 l=0 rev1=0 crypto rx=0 tx=0 comp rx=0 tx=0).connect
2024-04-25T09:23:30.504 INFO:teuthology.orchestra.run.smithi174.stdout:/usr/bin/ceph: stderr
2024-04-25T09:23:24.186+0000 7f4d4da47700 1 -- --> [v2:172.21.15.174:3300/0,v1:172.21.15.174:6789/0] -- mon_getmap magic: 0 -- 0x7f4d4807b680 con 0x7f4d48108ec0
2024-04-25T09:23:30.504 INFO:teuthology.orchestra.run.smithi174.stdout:/usr/bin/ceph: stderr
2024-04-25T09:23:24.186+0000 7f4d46ffd700 1 --2- >> [v2:172.21.15.174:3300/0,v1:172.21.15.174:6789/0] conn(0x7f4d48108ec0 0x7f4d4810b2b0 unknown :-1 s=BANNER_CONNECTING pgs=0 cs=0 l=0 rev1=0 crypto rx=0 tx=0 comp rx=0 tx=0)._handle_peer_banner_payload supported=3 required=0
2024-04-25T09:23:30.504 INFO:teuthology.orchestra.run.smithi174.stdout:/usr/bin/ceph: stderr
2024-04-25T09:23:24.186+0000 7f4d46ffd700 1 --2- >> [v2:172.21.15.174:3300/0,v1:172.21.15.174:6789/0] conn(0x7f4d48108ec0 0x7f4d4810b2b0 unknown :-1 s=HELLO_CONNECTING pgs=0 cs=0 l=0 rev1=1 crypto rx=0 tx=0 comp rx=0 tx=0).handle_hello peer v2:172.21.15.174:3300/0 says I am v2:172.21.15.174:57106/0 (socket says 172.21.15.174:57106)
2024-04-25T09:23:30.505 INFO:teuthology.orchestra.run.smithi174.stdout:/usr/bin/ceph: stderr
2024-04-25T09:23:24.186+0000 7f4d46ffd700 1 -- 172.21.15.174:0/2291503633 learned_addr learned my addr 172.21.15.174:0/2291503633 (peer_addr_for_me v2:172.21.15.174:0/0)
2024-04-25T09:23:30.505 INFO:teuthology.orchestra.run.smithi174.stdout:/usr/bin/ceph: stderr
2024-04-25T09:23:24.186+0000 7f4d46ffd700 1 -- 172.21.15.174:0/2291503633 --> [v2:172.21.15.174:3300/0,v1:172.21.15.174:6789/0] -- mon_subscribe({config=0+,monmap=0+}) -- 0x7f4d4810b7f0 con 0x7f4d48108ec0
2024-04-25T09:23:30.505 INFO:teuthology.orchestra.run.smithi174.stdout:/usr/bin/ceph: stderr
2024-04-25T09:23:24.187+0000 7f4d46ffd700 1 --2- 172.21.15.174:0/2291503633 >> [v2:172.21.15.174:3300/0,v1:172.21.15.174:6789/0] conn(0x7f4d48108ec0 0x7f4d4810b2b0 secure :-1 s=READY pgs=61 cs=0 l=1 rev1=1 crypto rx=0x7f4d380098a0 tx=0x7f4d38009bb0 comp rx=0 tx=0).ready entity=mon.0 client_cookie=ecd5d1c1e028ad26 server_cookie=0 in_seq=0 out_seq=0
2024-04-25T09:23:30.505 INFO:teuthology.orchestra.run.smithi174.stdout:/usr/bin/ceph: stderr
2024-04-25T09:23:24.187+0000 7f4d45ffb700 1 -- 172.21.15.174:0/2291503633 <== mon.0 v2:172.21.15.174:3300/0 1 ==== mon_map magic: 0 ==== 205+0+0 (secure 0 0 0) 0x7f4d38004160 con 0x7f4d48108ec0
2024-04-25T09:23:30.505 INFO:teuthology.orchestra.run.smithi174.stdout:/usr/bin/ceph: stderr
2024-04-25T09:23:24.187+0000 7f4d45ffb700 1 -- 172.21.15.174:0/2291503633 <== mon.0 v2:172.21.15.174:3300/0 2 ==== config(25 keys) ==== 1063+0+0 (secure 0 0 0) 0x7f4d38004300 con 0x7f4d48108ec0
2024-04-25T09:23:30.505 INFO:teuthology.orchestra.run.smithi174.stdout:/usr/bin/ceph: stderr
2024-04-25T09:23:24.187+0000 7f4d45ffb700 1 -- 172.21.15.174:0/2291503633 <== mon.0 v2:172.21.15.174:3300/0 3 ==== mon_map magic: 0 ==== 205+0+0 (secure 0 0 0) 0x7f4d38011960 con 0x7f4d48108ec0
2024-04-25T09:23:30.505 INFO:teuthology.orchestra.run.smithi174.stdout:/usr/bin/ceph: stderr
2024-04-25T09:23:24.188+0000 7f4d4da47700 1 -- 172.21.15.174:0/2291503633 >> [v2:172.21.15.174:3300/0,v1:172.21.15.174:6789/0] conn(0x7f4d48108ec0 msgr2=0x7f4d4810b2b0 secure :-1 s=STATE_CONNECTION_ESTABLISHED l=1).mark_down
2024-04-25T09:23:30.505 INFO:teuthology.orchestra.run.smithi174.stdout:/usr/bin/ceph: stderr
2024-04-25T09:23:24.188+0000 7f4d4da47700 1 --2- 172.21.15.174:0/2291503633 >> [v2:172.21.15.174:3300/0,v1:172.21.15.174:6789/0] conn(0x7f4d48108ec0 0x7f4d4810b2b0 secure :-1 s=READY pgs=61 cs=0 l=1 rev1=1 crypto rx=0x7f4d380098a0 tx=0x7f4d38009bb0 comp rx=0 tx=0).stop
2024-04-25T09:23:30.505 INFO:teuthology.orchestra.run.smithi174.stdout:/usr/bin/ceph: stderr
2024-04-25T09:23:24.188+0000 7f4d4da47700 1 -- 172.21.15.174:0/2291503633 shutdown_connections
2024-04-25T09:23:30.505 INFO:teuthology.orchestra.run.smithi174.stdout:/usr/bin/ceph: stderr
2024-04-25T09:23:24.188+0000 7f4d4da47700 1 --2- 172.21.15.174:0/2291503633 >> [v2:172.21.15.174:3300/0,v1:172.21.15.174:6789/0] conn(0x7f4d48108ec0 0x7f4d4810b2b0 unknown :-1 s=CLOSED pgs=61 cs=0 l=1 rev1=1 crypto rx=0 tx=0 comp rx=0 tx=0).stop
2024-04-25T09:23:30.505 INFO:teuthology.orchestra.run.smithi174.stdout:/usr/bin/ceph: stderr
2024-04-25T09:23:24.188+0000 7f4d4da47700 1 -- 172.21.15.174:0/2291503633 >> 172.21.15.174:0/2291503633 conn(0x7f4d481028b0 msgr2=0x7f4d48104cd0 unknown :-1 s=STATE_NONE l=0).mark_down
2024-04-25T09:23:30.505 INFO:teuthology.orchestra.run.smithi174.stdout:/usr/bin/ceph: stderr
2024-04-25T09:23:24.188+0000 7f4d4da47700 1 -- 172.21.15.174:0/2291503633 shutdown_connections
2024-04-25T09:23:30.505 INFO:teuthology.orchestra.run.smithi174.stdout:/usr/bin/ceph: stderr
2024-04-25T09:23:24.188+0000 7f4d4da47700 1 -- 172.21.15.174:0/2291503633 wait complete.
2024-04-25T09:23:30.505 INFO:teuthology.orchestra.run.smithi174.stdout:/usr/bin/ceph: stderr
2024-04-25T09:23:24.188+0000 7f4d4da47700 1 Processor -- start
2024-04-25T09:23:30.506 INFO:teuthology.orchestra.run.smithi174.stdout:/usr/bin/ceph: stderr
2024-04-25T09:23:24.189+0000 7f4d4da47700 1 -- start start
2024-04-25T09:23:30.506 INFO:teuthology.orchestra.run.smithi174.stdout:/usr/bin/ceph: stderr
2024-04-25T09:23:24.189+0000 7f4d4da47700 1 --2- >> [v2:172.21.15.174:3300/0,v1:172.21.15.174:6789/0] conn(0x7f4d48108ec0 0x7f4d48108740 unknown :-1 s=NONE pgs=0 cs=0 l=1 rev1=0 crypto rx=0 tx=0 comp rx=0 tx=0).connect
2024-04-25T09:23:30.506 INFO:teuthology.orchestra.run.smithi174.stdout:/usr/bin/ceph: stderr
2024-04-25T09:23:24.189+0000 7f4d4da47700 1 -- --> [v2:172.21.15.174:3300/0,v1:172.21.15.174:6789/0] -- mon_getmap magic: 0 -- 0x7f4d4810c6e0 con 0x7f4d48108ec0
2024-04-25T09:23:30.506 INFO:teuthology.orchestra.run.smithi174.stdout:/usr/bin/ceph: stderr
2024-04-25T09:23:24.189+0000 7f4d46ffd700 1 --2- >> [v2:172.21.15.174:3300/0,v1:172.21.15.174:6789/0] conn(0x7f4d48108ec0 0x7f4d48108740 unknown :-1 s=BANNER_CONNECTING pgs=0 cs=0 l=1 rev1=0 crypto rx=0 tx=0 comp rx=0 tx=0)._handle_peer_banner_payload supported=3 required=0
2024-04-25T09:23:30.506 INFO:teuthology.orchestra.run.smithi174.stdout:/usr/bin/ceph: stderr
2024-04-25T09:23:24.189+0000 7f4d46ffd700 1 --2- >> [v2:172.21.15.174:3300/0,v1:172.21.15.174:6789/0] conn(0x7f4d48108ec0 0x7f4d48108740 unknown :-1 s=HELLO_CONNECTING pgs=0 cs=0 l=1 rev1=1 crypto rx=0 tx=0 comp rx=0 tx=0).handle_hello peer v2:172.21.15.174:3300/0 says I am v2:172.21.15.174:57122/0 (socket says 172.21.15.174:57122)
2024-04-25T09:23:30.506 INFO:teuthology.orchestra.run.smithi174.stdout:/usr/bin/ceph: stderr
2024-04-25T09:23:24.189+0000 7f4d46ffd700 1 -- 172.21.15.174:0/1877966793 learned_addr learned my addr 172.21.15.174:0/1877966793 (peer_addr_for_me v2:172.21.15.174:0/0)
2024-04-25T09:23:30.506 INFO:teuthology.orchestra.run.smithi174.stdout:/usr/bin/ceph: stderr
2024-04-25T09:23:24.189+0000 7f4d46ffd700 1 -- 172.21.15.174:0/1877966793 --> [v2:172.21.15.174:3300/0,v1:172.21.15.174:6789/0] -- mon_subscribe({config=0+,monmap=0+}) -- 0x7f4d48108c80 con 0x7f4d48108ec0
2024-04-25T09:23:30.506 INFO:teuthology.orchestra.run.smithi174.stdout:/usr/bin/ceph: stderr
2024-04-25T09:23:24.189+0000 7f4d46ffd700 1 --2- 172.21.15.174:0/1877966793 >> [v2:172.21.15.174:3300/0,v1:172.21.15.174:6789/0] conn(0x7f4d48108ec0 0x7f4d48108740 secure :-1 s=READY pgs=62 cs=0 l=1 rev1=1 crypto rx=0x7f4d38004660 tx=0x7f4d38011a30 comp rx=0 tx=0).ready entity=mon.0 client_cookie=0 server_cookie=0 in_seq=0 out_seq=0
2024-04-25T09:23:30.506 INFO:teuthology.orchestra.run.smithi174.stdout:/usr/bin/ceph: stderr
2024-04-25T09:23:24.189+0000 7f4d4ca45700 1 -- 172.21.15.174:0/1877966793 <== mon.0 v2:172.21.15.174:3300/0 1 ==== mon_map magic: 0 ==== 205+0+0 (secure 0 0 0) 0x7f4d38003aa0 con 0x7f4d48108ec0
2024-04-25T09:23:30.506 INFO:teuthology.orchestra.run.smithi174.stdout:/usr/bin/ceph: stderr
2024-04-25T09:23:24.190+0000 7f4d4da47700 1 -- 172.21.15.174:0/1877966793 --> [v2:172.21.15.174:3300/0,v1:172.21.15.174:6789/0] -- mon_subscribe({mgrmap=0+}) -- 0x7f4d48106e70 con 0x7f4d48108ec0
2024-04-25T09:23:30.506 INFO:teuthology.orchestra.run.smithi174.stdout:/usr/bin/ceph: stderr
2024-04-25T09:23:24.190+0000 7f4d4ca45700 1 -- 172.21.15.174:0/1877966793 <== mon.0 v2:172.21.15.174:3300/0 2 ==== config(25 keys) ==== 1063+0+0 (secure 0 0 0) 0x7f4d3801b8d0 con 0x7f4d48108ec0
2024-04-25T09:23:30.506 INFO:teuthology.orchestra.run.smithi174.stdout:/usr/bin/ceph: stderr
2024-04-25T09:23:24.190+0000 7f4d4ca45700 1 -- 172.21.15.174:0/1877966793 <== mon.0 v2:172.21.15.174:3300/0 3 ==== mon_map magic: 0 ==== 205+0+0 (secure 0 0 0) 0x7f4d38023820 con 0x7f4d48108ec0
2024-04-25T09:23:30.506 INFO:teuthology.orchestra.run.smithi174.stdout:/usr/bin/ceph: stderr
2024-04-25T09:23:24.190+0000 7f4d4da47700 1 -- 172.21.15.174:0/1877966793 --> [v2:172.21.15.174:3300/0,v1:172.21.15.174:6789/0] -- mon_subscribe({osdmap=0}) -- 0x7f4d481073b0 con 0x7f4d48108ec0
2024-04-25T09:23:30.507 INFO:teuthology.orchestra.run.smithi174.stdout:/usr/bin/ceph: stderr
2024-04-25T09:23:24.190+0000 7f4d4ca45700 1 -- 172.21.15.174:0/1877966793 <== mon.0 v2:172.21.15.174:3300/0 4 ==== mgrmap(e 9) ==== 46571+0+0 (secure 0 0 0) 0x7f4d38023a50 con 0x7f4d48108ec0
2024-04-25T09:23:30.507 INFO:teuthology.orchestra.run.smithi174.stdout:/usr/bin/ceph: stderr
2024-04-25T09:23:24.191+0000 7f4d4ca45700 1 --2- 172.21.15.174:0/1877966793 >> [v2:172.21.15.174:6800/613619268,v1:172.21.15.174:6801/613619268] conn(0x7f4d300395b0 0x7f4d3003ba70 unknown :-1 s=NONE pgs=0 cs=0 l=1 rev1=0 crypto rx=0 tx=0 comp rx=0 tx=0).connect
2024-04-25T09:23:30.507 INFO:teuthology.orchestra.run.smithi174.stdout:/usr/bin/ceph: stderr
2024-04-25T09:23:24.191+0000 7f4d4ca45700 1 -- 172.21.15.174:0/1877966793 --> [v2:172.21.15.174:6800/613619268,v1:172.21.15.174:6801/613619268] -- command(tid 0: {"prefix": "get_command_descriptions"}) -- 0x7f4d3003c180 con 0x7f4d300395b0
2024-04-25T09:23:30.507 INFO:teuthology.orchestra.run.smithi174.stdout:/usr/bin/ceph: stderr
2024-04-25T09:23:24.191+0000 7f4d4ca45700 1 -- 172.21.15.174:0/1877966793 <== mon.0 v2:172.21.15.174:3300/0 5 ==== osd_map(2..2 src has 1..2) ==== 940+0+0 (secure 0 0 0) 0x7f4d3804df90 con 0x7f4d48108ec0
2024-04-25T09:23:30.507 INFO:teuthology.orchestra.run.smithi174.stdout:/usr/bin/ceph: stderr
2024-04-25T09:23:24.191+0000 7f4d467fc700 1 -- 172.21.15.174:0/1877966793 >> [v2:172.21.15.174:6800/613619268,v1:172.21.15.174:6801/613619268] conn(0x7f4d300395b0 msgr2=0x7f4d3003ba70 unknown :-1 s=STATE_CONNECTING_RE l=1).process reconnect failed to v2:172.21.15.174:6800/613619268
2024-04-25T09:23:30.507 INFO:teuthology.orchestra.run.smithi174.stdout:/usr/bin/ceph: stderr
2024-04-25T09:23:24.191+0000 7f4d467fc700 1 --2- 172.21.15.174:0/1877966793 >> [v2:172.21.15.174:6800/613619268,v1:172.21.15.174:6801/613619268] conn(0x7f4d300395b0 0x7f4d3003ba70 unknown :-1 s=START_CONNECT pgs=0 cs=0 l=1 rev1=0 crypto rx=0 tx=0 comp rx=0 tx=0)._fault waiting 0.200000
2024-04-25T09:23:30.507 INFO:teuthology.orchestra.run.smithi174.stdout:/usr/bin/ceph: stderr
2024-04-25T09:23:24.392+0000 7f4d467fc700 1 -- 172.21.15.174:0/1877966793 >> [v2:172.21.15.174:6800/613619268,v1:172.21.15.174:6801/613619268] conn(0x7f4d300395b0 msgr2=0x7f4d3003ba70 unknown :-1 s=STATE_CONNECTING_RE l=1).process reconnect failed to v2:172.21.15.174:6800/613619268
2024-04-25T09:23:30.507 INFO:teuthology.orchestra.run.smithi174.stdout:/usr/bin/ceph: stderr
2024-04-25T09:23:24.392+0000 7f4d467fc700 1 --2- 172.21.15.174:0/1877966793 >> [v2:172.21.15.174:6800/613619268,v1:172.21.15.174:6801/613619268] conn(0x7f4d300395b0 0x7f4d3003ba70 unknown :-1 s=START_CONNECT pgs=0 cs=0 l=1 rev1=0 crypto rx=0 tx=0 comp rx=0 tx=0)._fault waiting 0.400000
2024-04-25T09:23:30.507 INFO:teuthology.orchestra.run.smithi174.stdout:/usr/bin/ceph: stderr
2024-04-25T09:23:24.793+0000 7f4d467fc700 1 -- 172.21.15.174:0/1877966793 >> [v2:172.21.15.174:6800/613619268,v1:172.21.15.174:6801/613619268] conn(0x7f4d300395b0 msgr2=0x7f4d3003ba70 unknown :-1 s=STATE_CONNECTING_RE l=1).process reconnect failed to v2:172.21.15.174:6800/613619268
2024-04-25T09:23:30.507 INFO:teuthology.orchestra.run.smithi174.stdout:/usr/bin/ceph: stderr
2024-04-25T09:23:24.793+0000 7f4d467fc700 1 --2- 172.21.15.174:0/1877966793 >> [v2:172.21.15.174:6800/613619268,v1:172.21.15.174:6801/613619268] conn(0x7f4d300395b0 0x7f4d3003ba70 unknown :-1 s=START_CONNECT pgs=0 cs=0 l=1 rev1=0 crypto rx=0 tx=0 comp rx=0 tx=0)._fault waiting 0.800000
2024-04-25T09:23:30.507 INFO:teuthology.orchestra.run.smithi174.stdout:/usr/bin/ceph: stderr
2024-04-25T09:23:25.594+0000 7f4d467fc700 1 -- 172.21.15.174:0/1877966793 >> [v2:172.21.15.174:6800/613619268,v1:172.21.15.174:6801/613619268] conn(0x7f4d300395b0 msgr2=0x7f4d3003ba70 unknown :-1 s=STATE_CONNECTING_RE l=1).process reconnect failed to v2:172.21.15.174:6800/613619268
2024-04-25T09:23:30.507 INFO:teuthology.orchestra.run.smithi174.stdout:/usr/bin/ceph: stderr
2024-04-25T09:23:25.594+0000 7f4d467fc700 1 --2- 172.21.15.174:0/1877966793 >> [v2:172.21.15.174:6800/613619268,v1:172.21.15.174:6801/613619268] conn(0x7f4d300395b0 0x7f4d3003ba70 unknown :-1 s=START_CONNECT pgs=0 cs=0 l=1 rev1=0 crypto rx=0 tx=0 comp rx=0 tx=0)._fault waiting 1.600000
2024-04-25T09:23:30.507 INFO:teuthology.orchestra.run.smithi174.stdout:/usr/bin/ceph: stderr
2024-04-25T09:23:27.195+0000 7f4d467fc700 1 -- 172.21.15.174:0/1877966793 >> [v2:172.21.15.174:6800/613619268,v1:172.21.15.174:6801/613619268] conn(0x7f4d300395b0 msgr2=0x7f4d3003ba70 unknown :-1 s=STATE_CONNECTING_RE l=1).process reconnect failed to v2:172.21.15.174:6800/613619268
2024-04-25T09:23:30.507 INFO:teuthology.orchestra.run.smithi174.stdout:/usr/bin/ceph: stderr
2024-04-25T09:23:27.195+0000 7f4d467fc700 1 --2- 172.21.15.174:0/1877966793 >> [v2:172.21.15.174:6800/613619268,v1:172.21.15.174:6801/613619268] conn(0x7f4d300395b0 0x7f4d3003ba70 unknown :-1 s=START_CONNECT pgs=0 cs=0 l=1 rev1=0 crypto rx=0 tx=0 comp rx=0 tx=0)._fault waiting 3.200000
2024-04-25T09:23:30.508 INFO:teuthology.orchestra.run.smithi174.stdout:/usr/bin/ceph: stderr
2024-04-25T09:23:28.571+0000 7f4d4ca45700 1 -- 172.21.15.174:0/1877966793 <== mon.0 v2:172.21.15.174:3300/0 6 ==== mgrmap(e 10) ==== 46338+0+0 (secure 0 0 0) 0x7f4d3801ba80 con 0x7f4d48108ec0
2024-04-25T09:23:30.508 INFO:teuthology.orchestra.run.smithi174.stdout:/usr/bin/ceph: stderr
2024-04-25T09:23:28.571+0000 7f4d4ca45700 1 -- 172.21.15.174:0/1877966793 >> [v2:172.21.15.174:6800/613619268,v1:172.21.15.174:6801/613619268] conn(0x7f4d300395b0 msgr2=0x7f4d3003ba70 unknown :-1 s=STATE_CONNECTING l=1).mark_down
2024-04-25T09:23:30.508 INFO:teuthology.orchestra.run.smithi174.stdout:/usr/bin/ceph: stderr
2024-04-25T09:23:28.571+0000 7f4d4ca45700 1 --2- 172.21.15.174:0/1877966793 >> [v2:172.21.15.174:6800/613619268,v1:172.21.15.174:6801/613619268] conn(0x7f4d300395b0 0x7f4d3003ba70 unknown :-1 s=START_CONNECT pgs=0 cs=0 l=1 rev1=0 crypto rx=0 tx=0 comp rx=0 tx=0).stop
2024-04-25T09:23:30.508 INFO:teuthology.orchestra.run.smithi174.stdout:/usr/bin/ceph: stderr
2024-04-25T09:23:29.572+0000 7f4d4ca45700 1 -- 172.21.15.174:0/1877966793 <== mon.0 v2:172.21.15.174:3300/0 7 ==== mgrmap(e 11) ==== 46465+0+0 (secure 0 0 0) 0x7f4d3804ff80 con 0x7f4d48108ec0
2024-04-25T09:23:30.508 INFO:teuthology.orchestra.run.smithi174.stdout:/usr/bin/ceph: stderr
2024-04-25T09:23:29.572+0000 7f4d4ca45700 1 --2- 172.21.15.174:0/1877966793 >> [v2:172.21.15.174:6800/2091245880,v1:172.21.15.174:6801/2091245880] conn(0x7f4d3003cfe0 0x7f4d3003f3d0 unknown :-1 s=NONE pgs=0 cs=0 l=1 rev1=0 crypto rx=0 tx=0 comp rx=0 tx=0).connect
2024-04-25T09:23:30.508 INFO:teuthology.orchestra.run.smithi174.stdout:/usr/bin/ceph: stderr
2024-04-25T09:23:29.572+0000 7f4d4ca45700 1 -- 172.21.15.174:0/1877966793 --> [v2:172.21.15.174:6800/2091245880,v1:172.21.15.174:6801/2091245880] -- command(tid 0: {"prefix": "get_command_descriptions"}) -- 0x7f4d3804c470 con 0x7f4d3003cfe0
2024-04-25T09:23:30.508 INFO:teuthology.orchestra.run.smithi174.stdout:/usr/bin/ceph: stderr
2024-04-25T09:23:29.573+0000 7f4d467fc700 1 --2- 172.21.15.174:0/1877966793 >> [v2:172.21.15.174:6800/2091245880,v1:172.21.15.174:6801/2091245880] conn(0x7f4d3003cfe0 0x7f4d3003f3d0 unknown :-1 s=BANNER_CONNECTING pgs=0 cs=0 l=1 rev1=0 crypto rx=0 tx=0 comp rx=0 tx=0)._handle_peer_banner_payload supported=3 required=0
2024-04-25T09:23:30.508 INFO:teuthology.orchestra.run.smithi174.stdout:/usr/bin/ceph: stderr
2024-04-25T09:23:29.574+0000 7f4d467fc700 1 --2- 172.21.15.174:0/1877966793 >> [v2:172.21.15.174:6800/2091245880,v1:172.21.15.174:6801/2091245880] conn(0x7f4d3003cfe0 0x7f4d3003f3d0 secure :-1 s=READY pgs=3 cs=0 l=1 rev1=1 crypto rx=0x7f4d3c003a10 tx=0x7f4d3c0092b0 comp rx=0 tx=0).ready entity=mgr.14152 client_cookie=0 server_cookie=0 in_seq=0 out_seq=0
2024-04-25T09:23:30.508 INFO:teuthology.orchestra.run.smithi174.stdout:/usr/bin/ceph: stderr
2024-04-25T09:23:29.574+0000 7f4d4ca45700 1 -- 172.21.15.174:0/1877966793 <== mgr.14152 v2:172.21.15.174:6800/2091245880 1 ==== command_reply(tid 0: 0 ) ==== 8+0+9564 (secure 0 0 0) 0x7f4d3804c470 con 0x7f4d3003cfe0
2024-04-25T09:23:30.508 INFO:teuthology.orchestra.run.smithi174.stdout:/usr/bin/ceph: stderr
2024-04-25T09:23:29.582+0000 7f4d4da47700 1 -- 172.21.15.174:0/1877966793 --> [v2:172.21.15.174:6800/2091245880,v1:172.21.15.174:6801/2091245880] -- command(tid 1: {"prefix": "mgr_status"}) -- 0x7f4d48064a80 con 0x7f4d3003cfe0
2024-04-25T09:23:30.508 INFO:teuthology.orchestra.run.smithi174.stdout:/usr/bin/ceph: stderr
2024-04-25T09:23:29.583+0000 7f4d4ca45700 1 -- 172.21.15.174:0/1877966793 <== mgr.14152 v2:172.21.15.174:6800/2091245880 2 ==== command_reply(tid 1: 0 ) ==== 8+0+52 (secure 0 0 0) 0x7f4d48064a80 con 0x7f4d3003cfe0
2024-04-25T09:23:30.508 INFO:teuthology.orchestra.run.smithi174.stdout:/usr/bin/ceph: stderr
2024-04-25T09:23:29.583+0000 7f4d4da47700 1 -- 172.21.15.174:0/1877966793 >> [v2:172.21.15.174:6800/2091245880,v1:172.21.15.174:6801/2091245880] conn(0x7f4d3003cfe0 msgr2=0x7f4d3003f3d0 secure :-1 s=STATE_CONNECTION_ESTABLISHED l=1).mark_down
2024-04-25T09:23:30.508 INFO:teuthology.orchestra.run.smithi174.stdout:/usr/bin/ceph: stderr
2024-04-25T09:23:29.583+0000 7f4d4da47700 1 --2- 172.21.15.174:0/1877966793 >> [v2:172.21.15.174:6800/2091245880,v1:172.21.15.174:6801/2091245880] conn(0x7f4d3003cfe0 0x7f4d3003f3d0 secure :-1 s=READY pgs=3 cs=0 l=1 rev1=1 crypto rx=0x7f4d3c003a10 tx=0x7f4d3c0092b0 comp rx=0 tx=0).stop
2024-04-25T09:23:30.508 INFO:teuthology.orchestra.run.smithi174.stdout:/usr/bin/ceph: stderr
2024-04-25T09:23:29.583+0000 7f4d4da47700 1 -- 172.21.15.174:0/1877966793 >> [v2:172.21.15.174:3300/0,v1:172.21.15.174:6789/0] conn(0x7f4d48108ec0 msgr2=0x7f4d48108740 secure :-1 s=STATE_CONNECTION_ESTABLISHED l=1).mark_down
2024-04-25T09:23:30.509 INFO:teuthology.orchestra.run.smithi174.stdout:/usr/bin/ceph: stderr
2024-04-25T09:23:29.583+0000 7f4d4da47700 1 --2- 172.21.15.174:0/1877966793 >> [v2:172.21.15.174:3300/0,v1:172.21.15.174:6789/0] conn(0x7f4d48108ec0 0x7f4d48108740 secure :-1 s=READY pgs=62 cs=0 l=1 rev1=1 crypto rx=0x7f4d38004660 tx=0x7f4d38011a30 comp rx=0 tx=0).stop
2024-04-25T09:23:30.509 INFO:teuthology.orchestra.run.smithi174.stdout:/usr/bin/ceph: stderr
2024-04-25T09:23:29.583+0000 7f4d4da47700 1 -- 172.21.15.174:0/1877966793 shutdown_connections
2024-04-25T09:23:30.509 INFO:teuthology.orchestra.run.smithi174.stdout:/usr/bin/ceph: stderr
2024-04-25T09:23:29.583+0000 7f4d4da47700 1 --2- 172.21.15.174:0/1877966793 >> [v2:172.21.15.174:6800/2091245880,v1:172.21.15.174:6801/2091245880] conn(0x7f4d3003cfe0 0x7f4d3003f3d0 unknown :-1 s=CLOSED pgs=3 cs=0 l=1 rev1=1 crypto rx=0 tx=0 comp rx=0 tx=0).stop
2024-04-25T09:23:30.509 INFO:teuthology.orchestra.run.smithi174.stdout:/usr/bin/ceph: stderr
2024-04-25T09:23:29.583+0000 7f4d4da47700 1 --2- 172.21.15.174:0/1877966793 >> [v2:172.21.15.174:3300/0,v1:172.21.15.174:6789/0] conn(0x7f4d48108ec0 0x7f4d48108740 unknown :-1 s=CLOSED pgs=62 cs=0 l=1 rev1=1 crypto rx=0 tx=0 comp rx=0 tx=0).stop
2024-04-25T09:23:30.509 INFO:teuthology.orchestra.run.smithi174.stdout:/usr/bin/ceph: stderr
2024-04-25T09:23:29.583+0000 7f4d4da47700 1 --2- 172.21.15.174:0/1877966793 >> [v2:172.21.15.174:6800/613619268,v1:172.21.15.174:6801/613619268] conn(0x7f4d300395b0 0x7f4d3003ba70 unknown :-1 s=CLOSED pgs=0 cs=0 l=1 rev1=0 crypto rx=0 tx=0 comp rx=0 tx=0).stop
2024-04-25T09:23:30.509 INFO:teuthology.orchestra.run.smithi174.stdout:/usr/bin/ceph: stderr
2024-04-25T09:23:29.583+0000 7f4d4da47700 1 -- 172.21.15.174:0/1877966793 >> 172.21.15.174:0/1877966793 conn(0x7f4d481028b0 msgr2=0x7f4d481032f0 unknown :-1 s=STATE_NONE l=0).mark_down
2024-04-25T09:23:30.509 INFO:teuthology.orchestra.run.smithi174.stdout:/usr/bin/ceph: stderr
2024-04-25T09:23:29.583+0000 7f4d4da47700 1 -- 172.21.15.174:0/1877966793 shutdown_connections
2024-04-25T09:23:30.509 INFO:teuthology.orchestra.run.smithi174.stdout:/usr/bin/ceph: stderr
2024-04-25T09:23:29.583+0000 7f4d4da47700 1 -- 172.21.15.174:0/1877966793 wait complete.
2024-04-25T09:23:30.509 INFO:teuthology.orchestra.run.smithi174.stdout:mgr epoch 9 is available
2024-04-25T09:23:30.509 INFO:teuthology.orchestra.run.smithi174.stdout:Generating a dashboard self-signed certificate...
2024-04-25T09:23:30.821 INFO:journalctl@ceph.mon.a.smithi174.stdout:Apr 25 09:23:30 smithi174 ceph-mon[26670]: [25/Apr/2024:09:23:29] ENGINE Bus STARTING
2024-04-25T09:23:30.821 INFO:journalctl@ceph.mon.a.smithi174.stdout:Apr 25 09:23:30 smithi174 ceph-mon[26670]: [25/Apr/2024:09:23:29] ENGINE Serving on https://172.21.15.174:7150
2024-04-25T09:23:30.821 INFO:journalctl@ceph.mon.a.smithi174.stdout:Apr 25 09:23:30 smithi174 ceph-mon[26670]: [25/Apr/2024:09:23:29] ENGINE Serving on http://172.21.15.174:8765
2024-04-25T09:23:30.821 INFO:journalctl@ceph.mon.a.smithi174.stdout:Apr 25 09:23:30 smithi174 ceph-mon[26670]: [25/Apr/2024:09:23:29] ENGINE Bus STARTED
2024-04-25T09:23:30.822 INFO:journalctl@ceph.mon.a.smithi174.stdout:Apr 25 09:23:30 smithi174 ceph-mon[26670]: from='client.14156 -' entity='client.admin' cmd=[{"prefix": "get_command_descriptions"}]: dispatch
2024-04-25T09:23:30.822 INFO:journalctl@ceph.mon.a.smithi174.stdout:Apr 25 09:23:30 smithi174 ceph-mon[26670]: from='client.14156 -' entity='client.admin' cmd=[{"prefix": "mgr_status"}]: dispatch
2024-04-25T09:23:30.822 INFO:journalctl@ceph.mon.a.smithi174.stdout:Apr 25 09:23:30 smithi174 ceph-mon[26670]: from='mgr.14152 172.21.15.174:0/3725002400' entity='mgr.x'
2024-04-25T09:23:31.865 INFO:teuthology.orchestra.run.smithi174.stdout:/usr/bin/ceph: stdout Self-signed certificate created
2024-04-25T09:23:31.865 INFO:teuthology.orchestra.run.smithi174.stdout:/usr/bin/ceph: stderr
2024-04-25T09:23:30.936+0000 7f3142b7f700 1 Processor -- start
2024-04-25T09:23:31.865 INFO:teuthology.orchestra.run.smithi174.stdout:/usr/bin/ceph: stderr
2024-04-25T09:23:30.936+0000 7f3142b7f700 1 -- start start
2024-04-25T09:23:31.865 INFO:teuthology.orchestra.run.smithi174.stdout:/usr/bin/ceph: stderr
2024-04-25T09:23:30.936+0000 7f3142b7f700 1 --2- >> [v2:172.21.15.174:3300/0,v1:172.21.15.174:6789/0] conn(0x7f313c108ea0 0x7f313c10b290 unknown :-1 s=NONE pgs=0 cs=0 l=0 rev1=0 crypto rx=0 tx=0 comp rx=0 tx=0).connect
2024-04-25T09:23:31.866 INFO:teuthology.orchestra.run.smithi174.stdout:/usr/bin/ceph: stderr
2024-04-25T09:23:30.936+0000 7f3142b7f700 1 -- --> [v2:172.21.15.174:3300/0,v1:172.21.15.174:6789/0] -- mon_getmap magic: 0 -- 0x7f313c07bf50 con 0x7f313c108ea0
2024-04-25T09:23:31.866 INFO:teuthology.orchestra.run.smithi174.stdout:/usr/bin/ceph: stderr
2024-04-25T09:23:30.937+0000 7f314091b700 1 --2- >> [v2:172.21.15.174:3300/0,v1:172.21.15.174:6789/0] conn(0x7f313c108ea0 0x7f313c10b290 unknown :-1 s=BANNER_CONNECTING pgs=0 cs=0 l=0 rev1=0 crypto rx=0 tx=0 comp rx=0 tx=0)._handle_peer_banner_payload supported=3 required=0
2024-04-25T09:23:31.866 INFO:teuthology.orchestra.run.smithi174.stdout:/usr/bin/ceph: stderr
2024-04-25T09:23:30.937+0000 7f314091b700 1 --2- >> [v2:172.21.15.174:3300/0,v1:172.21.15.174:6789/0] conn(0x7f313c108ea0 0x7f313c10b290 unknown :-1 s=HELLO_CONNECTING pgs=0 cs=0 l=0 rev1=1 crypto rx=0 tx=0 comp rx=0 tx=0).handle_hello peer v2:172.21.15.174:3300/0 says I am v2:172.21.15.174:53464/0 (socket says 172.21.15.174:53464)
2024-04-25T09:23:31.866 INFO:teuthology.orchestra.run.smithi174.stdout:/usr/bin/ceph: stderr
2024-04-25T09:23:30.937+0000 7f314091b700 1 -- 172.21.15.174:0/853177300 learned_addr learned my addr 172.21.15.174:0/853177300 (peer_addr_for_me v2:172.21.15.174:0/0)
2024-04-25T09:23:31.866 INFO:teuthology.orchestra.run.smithi174.stdout:/usr/bin/ceph: stderr
2024-04-25T09:23:30.937+0000 7f314091b700 1 -- 172.21.15.174:0/853177300 --> [v2:172.21.15.174:3300/0,v1:172.21.15.174:6789/0] -- mon_subscribe({config=0+,monmap=0+}) -- 0x7f313c10b7d0 con 0x7f313c108ea0
2024-04-25T09:23:31.866 INFO:teuthology.orchestra.run.smithi174.stdout:/usr/bin/ceph: stderr
2024-04-25T09:23:30.937+0000 7f314091b700 1 --2- 172.21.15.174:0/853177300 >> [v2:172.21.15.174:3300/0,v1:172.21.15.174:6789/0] conn(0x7f313c108ea0 0x7f313c10b290 secure :-1 s=READY pgs=70 cs=0 l=1 rev1=1 crypto rx=0x7f3134009e80 tx=0x7f313400b330 comp rx=0 tx=0).ready entity=mon.0 client_cookie=5da8cfb775185836 server_cookie=0 in_seq=0 out_seq=0
2024-04-25T09:23:31.866 INFO:teuthology.orchestra.run.smithi174.stdout:/usr/bin/ceph: stderr
2024-04-25T09:23:30.937+0000 7f313b7fe700 1 -- 172.21.15.174:0/853177300 <== mon.0 v2:172.21.15.174:3300/0 1 ==== mon_map magic: 0 ==== 205+0+0 (secure 0 0 0) 0x7f3134017070 con 0x7f313c108ea0
2024-04-25T09:23:31.866 INFO:teuthology.orchestra.run.smithi174.stdout:/usr/bin/ceph: stderr
2024-04-25T09:23:30.937+0000 7f313b7fe700 1 -- 172.21.15.174:0/853177300 <== mon.0 v2:172.21.15.174:3300/0 2 ==== config(25 keys) ==== 1063+0+0 (secure 0 0 0) 0x7f313400b8c0 con 0x7f313c108ea0
2024-04-25T09:23:31.866 INFO:teuthology.orchestra.run.smithi174.stdout:/usr/bin/ceph: stderr
2024-04-25T09:23:30.937+0000 7f313b7fe700 1 -- 172.21.15.174:0/853177300 <== mon.0 v2:172.21.15.174:3300/0 3 ==== mon_map magic: 0 ==== 205+0+0 (secure 0 0 0) 0x7f3134004420 con 0x7f313c108ea0
2024-04-25T09:23:31.866 INFO:teuthology.orchestra.run.smithi174.stdout:/usr/bin/ceph: stderr
2024-04-25T09:23:30.938+0000 7f3142b7f700 1 -- 172.21.15.174:0/853177300 >> [v2:172.21.15.174:3300/0,v1:172.21.15.174:6789/0] conn(0x7f313c108ea0 msgr2=0x7f313c10b290 secure :-1 s=STATE_CONNECTION_ESTABLISHED l=1).mark_down
2024-04-25T09:23:31.866 INFO:teuthology.orchestra.run.smithi174.stdout:/usr/bin/ceph: stderr
2024-04-25T09:23:30.938+0000 7f3142b7f700 1 --2- 172.21.15.174:0/853177300 >> [v2:172.21.15.174:3300/0,v1:172.21.15.174:6789/0] conn(0x7f313c108ea0 0x7f313c10b290 secure :-1 s=READY pgs=70 cs=0 l=1 rev1=1 crypto rx=0x7f3134009e80 tx=0x7f313400b330 comp rx=0 tx=0).stop
2024-04-25T09:23:31.866 INFO:teuthology.orchestra.run.smithi174.stdout:/usr/bin/ceph: stderr
2024-04-25T09:23:30.938+0000 7f3142b7f700 1 -- 172.21.15.174:0/853177300 shutdown_connections
2024-04-25T09:23:31.866 INFO:teuthology.orchestra.run.smithi174.stdout:/usr/bin/ceph: stderr
2024-04-25T09:23:30.938+0000 7f3142b7f700 1 --2- 172.21.15.174:0/853177300 >> [v2:172.21.15.174:3300/0,v1:172.21.15.174:6789/0] conn(0x7f313c108ea0 0x7f313c10b290 unknown :-1 s=CLOSED pgs=70 cs=0 l=1 rev1=1 crypto rx=0 tx=0 comp rx=0 tx=0).stop
2024-04-25T09:23:31.867 INFO:teuthology.orchestra.run.smithi174.stdout:/usr/bin/ceph: stderr
2024-04-25T09:23:30.938+0000 7f3142b7f700 1 -- 172.21.15.174:0/853177300 >> 172.21.15.174:0/853177300 conn(0x7f313c102870 msgr2=0x7f313c104c90 unknown :-1 s=STATE_NONE l=0).mark_down
2024-04-25T09:23:31.867 INFO:teuthology.orchestra.run.smithi174.stdout:/usr/bin/ceph: stderr
2024-04-25T09:23:30.938+0000 7f3142b7f700 1 -- 172.21.15.174:0/853177300 shutdown_connections
2024-04-25T09:23:31.867 INFO:teuthology.orchestra.run.smithi174.stdout:/usr/bin/ceph: stderr
2024-04-25T09:23:30.938+0000 7f3142b7f700 1 -- 172.21.15.174:0/853177300 wait complete.
2024-04-25T09:23:31.867 INFO:teuthology.orchestra.run.smithi174.stdout:/usr/bin/ceph: stderr
2024-04-25T09:23:30.939+0000 7f3142b7f700 1 Processor -- start
2024-04-25T09:23:31.867 INFO:teuthology.orchestra.run.smithi174.stdout:/usr/bin/ceph: stderr
2024-04-25T09:23:30.939+0000 7f3142b7f700 1 -- start start
2024-04-25T09:23:31.867 INFO:teuthology.orchestra.run.smithi174.stdout:/usr/bin/ceph: stderr
2024-04-25T09:23:30.939+0000 7f3142b7f700 1 --2- >> [v2:172.21.15.174:3300/0,v1:172.21.15.174:6789/0] conn(0x7f313c108ea0 0x7f313c19c240 unknown :-1 s=NONE pgs=0 cs=0 l=1 rev1=0 crypto rx=0 tx=0 comp rx=0 tx=0).connect
2024-04-25T09:23:31.867 INFO:teuthology.orchestra.run.smithi174.stdout:/usr/bin/ceph: stderr
2024-04-25T09:23:30.939+0000 7f3142b7f700 1 -- --> [v2:172.21.15.174:3300/0,v1:172.21.15.174:6789/0] -- mon_getmap magic: 0 -- 0x7f313c10c710 con 0x7f313c108ea0
2024-04-25T09:23:31.867 INFO:teuthology.orchestra.run.smithi174.stdout:/usr/bin/ceph: stderr
2024-04-25T09:23:30.939+0000 7f314091b700 1 --2- >> [v2:172.21.15.174:3300/0,v1:172.21.15.174:6789/0] conn(0x7f313c108ea0 0x7f313c19c240 unknown :-1 s=BANNER_CONNECTING pgs=0 cs=0 l=1 rev1=0 crypto rx=0 tx=0 comp rx=0 tx=0)._handle_peer_banner_payload supported=3 required=0
2024-04-25T09:23:31.867 INFO:teuthology.orchestra.run.smithi174.stdout:/usr/bin/ceph: stderr
2024-04-25T09:23:30.939+0000 7f314091b700 1 --2- >> [v2:172.21.15.174:3300/0,v1:172.21.15.174:6789/0] conn(0x7f313c108ea0 0x7f313c19c240 unknown :-1 s=HELLO_CONNECTING pgs=0 cs=0 l=1 rev1=1 crypto rx=0 tx=0 comp rx=0 tx=0).handle_hello peer v2:172.21.15.174:3300/0 says I am v2:172.21.15.174:53474/0 (socket says 172.21.15.174:53474)
2024-04-25T09:23:31.867 INFO:teuthology.orchestra.run.smithi174.stdout:/usr/bin/ceph: stderr
2024-04-25T09:23:30.939+0000 7f314091b700 1 -- 172.21.15.174:0/310908126 learned_addr learned my addr 172.21.15.174:0/310908126 (peer_addr_for_me v2:172.21.15.174:0/0)
2024-04-25T09:23:31.867 INFO:teuthology.orchestra.run.smithi174.stdout:/usr/bin/ceph: stderr
2024-04-25T09:23:30.939+0000 7f314091b700 1 -- 172.21.15.174:0/310908126 --> [v2:172.21.15.174:3300/0,v1:172.21.15.174:6789/0] -- mon_subscribe({config=0+,monmap=0+}) -- 0x7f313c19c780 con 0x7f313c108ea0
2024-04-25T09:23:31.867 INFO:teuthology.orchestra.run.smithi174.stdout:/usr/bin/ceph: stderr
2024-04-25T09:23:30.939+0000 7f314091b700 1 --2- 172.21.15.174:0/310908126 >> [v2:172.21.15.174:3300/0,v1:172.21.15.174:6789/0] conn(0x7f313c108ea0 0x7f313c19c240 secure :-1 s=READY pgs=71 cs=0 l=1 rev1=1 crypto rx=0x7f3134000f80 tx=0x7f313400bd50 comp rx=0 tx=0).ready entity=mon.0 client_cookie=0 server_cookie=0 in_seq=0 out_seq=0
2024-04-25T09:23:31.867 INFO:teuthology.orchestra.run.smithi174.stdout:/usr/bin/ceph: stderr
2024-04-25T09:23:30.939+0000 7f3139ffb700 1 -- 172.21.15.174:0/310908126 <== mon.0 v2:172.21.15.174:3300/0 1 ==== mon_map magic: 0 ==== 205+0+0 (secure 0 0 0) 0x7f3134020020 con 0x7f313c108ea0
2024-04-25T09:23:31.867 INFO:teuthology.orchestra.run.smithi174.stdout:/usr/bin/ceph: stderr
2024-04-25T09:23:30.940+0000 7f3142b7f700 1 -- 172.21.15.174:0/310908126 --> [v2:172.21.15.174:3300/0,v1:172.21.15.174:6789/0] -- mon_subscribe({mgrmap=0+}) -- 0x7f313c19ca10 con 0x7f313c108ea0
2024-04-25T09:23:31.868 INFO:teuthology.orchestra.run.smithi174.stdout:/usr/bin/ceph: stderr
2024-04-25T09:23:30.940+0000 7f3139ffb700 1 -- 172.21.15.174:0/310908126 <== mon.0 v2:172.21.15.174:3300/0 2 ==== config(25 keys) ==== 1063+0+0 (secure 0 0 0) 0x7f31340128c0 con 0x7f313c108ea0
2024-04-25T09:23:31.868 INFO:teuthology.orchestra.run.smithi174.stdout:/usr/bin/ceph: stderr
2024-04-25T09:23:30.940+0000 7f3139ffb700 1 -- 172.21.15.174:0/310908126 <== mon.0 v2:172.21.15.174:3300/0 3 ==== mon_map magic: 0 ==== 205+0+0 (secure 0 0 0) 0x7f3134017040 con 0x7f313c108ea0
2024-04-25T09:23:31.868 INFO:teuthology.orchestra.run.smithi174.stdout:/usr/bin/ceph: stderr
2024-04-25T09:23:30.940+0000 7f3142b7f700 1 -- 172.21.15.174:0/310908126 --> [v2:172.21.15.174:3300/0,v1:172.21.15.174:6789/0] -- mon_subscribe({osdmap=0}) -- 0x7f313c19f700 con 0x7f313c108ea0
2024-04-25T09:23:31.868 INFO:teuthology.orchestra.run.smithi174.stdout:/usr/bin/ceph: stderr
2024-04-25T09:23:30.941+0000 7f3142b7f700 1 -- 172.21.15.174:0/310908126 --> [v2:172.21.15.174:3300/0,v1:172.21.15.174:6789/0] -- mon_command({"prefix": "get_command_descriptions"} v 0) -- 0x7f313c064a80 con 0x7f313c108ea0
2024-04-25T09:23:31.868 INFO:teuthology.orchestra.run.smithi174.stdout:/usr/bin/ceph: stderr
2024-04-25T09:23:30.941+0000 7f3139ffb700 1 -- 172.21.15.174:0/310908126 <== mon.0 v2:172.21.15.174:3300/0 4 ==== mgrmap(e 12) ==== 46571+0+0 (secure 0 0 0) 0x7f3134023020 con 0x7f313c108ea0
2024-04-25T09:23:31.868 INFO:teuthology.orchestra.run.smithi174.stdout:/usr/bin/ceph: stderr
2024-04-25T09:23:30.941+0000 7f3139ffb700 1 --2- 172.21.15.174:0/310908126 >> [v2:172.21.15.174:6800/2091245880,v1:172.21.15.174:6801/2091245880] conn(0x7f3128039660 0x7f312803bb20 unknown :-1 s=NONE pgs=0 cs=0 l=1 rev1=0 crypto rx=0 tx=0 comp rx=0 tx=0).connect
2024-04-25T09:23:31.868 INFO:teuthology.orchestra.run.smithi174.stdout:/usr/bin/ceph: stderr
2024-04-25T09:23:30.941+0000 7f3139ffb700 1 -- 172.21.15.174:0/310908126 <== mon.0 v2:172.21.15.174:3300/0 5 ==== osd_map(3..3 src has 1..3) ==== 1155+0+0 (secure 0 0 0) 0x7f313400f050 con 0x7f313c108ea0
2024-04-25T09:23:31.868 INFO:teuthology.orchestra.run.smithi174.stdout:/usr/bin/ceph: stderr
2024-04-25T09:23:30.941+0000 7f313bfff700 1 --2- 172.21.15.174:0/310908126 >> [v2:172.21.15.174:6800/2091245880,v1:172.21.15.174:6801/2091245880] conn(0x7f3128039660 0x7f312803bb20 unknown :-1 s=BANNER_CONNECTING pgs=0 cs=0 l=1 rev1=0 crypto rx=0 tx=0 comp rx=0 tx=0)._handle_peer_banner_payload supported=3 required=0
2024-04-25T09:23:31.868 INFO:teuthology.orchestra.run.smithi174.stdout:/usr/bin/ceph: stderr
2024-04-25T09:23:30.942+0000 7f313bfff700 1 --2- 172.21.15.174:0/310908126 >> [v2:172.21.15.174:6800/2091245880,v1:172.21.15.174:6801/2091245880] conn(0x7f3128039660 0x7f312803bb20 secure :-1 s=READY pgs=7 cs=0 l=1 rev1=1 crypto rx=0x7f312c006fd0 tx=0x7f312c006e40 comp rx=0 tx=0).ready entity=mgr.14152 client_cookie=0 server_cookie=0 in_seq=0 out_seq=0
2024-04-25T09:23:31.868 INFO:teuthology.orchestra.run.smithi174.stdout:/usr/bin/ceph: stderr
2024-04-25T09:23:30.946+0000 7f3139ffb700 1 -- 172.21.15.174:0/310908126 <== mon.0 v2:172.21.15.174:3300/0 6 ==== mon_command_ack([{"prefix": "get_command_descriptions"}]=0 v0) ==== 72+0+188370 (secure 0 0 0) 0x7f313402a020 con 0x7f313c108ea0
2024-04-25T09:23:31.868 INFO:teuthology.orchestra.run.smithi174.stdout:/usr/bin/ceph: stderr
2024-04-25T09:23:31.166+0000 7f3142b7f700 1 -- 172.21.15.174:0/310908126 --> [v2:172.21.15.174:6800/2091245880,v1:172.21.15.174:6801/2091245880] -- mgr_command(tid 0: {"prefix": "dashboard create-self-signed-cert", "target": ["mon-mgr", ""]}) -- 0x7f313c103a00 con 0x7f3128039660
2024-04-25T09:23:31.868 INFO:teuthology.orchestra.run.smithi174.stdout:/usr/bin/ceph: stderr
2024-04-25T09:23:31.347+0000 7f3139ffb700 1 -- 172.21.15.174:0/310908126 <== mgr.14152 v2:172.21.15.174:6800/2091245880 1 ==== mgr_command_reply(tid 0: 0 ) ==== 8+0+32 (secure 0 0 0) 0x7f313c103a00 con 0x7f3128039660
2024-04-25T09:23:31.868 INFO:teuthology.orchestra.run.smithi174.stdout:/usr/bin/ceph: stderr
2024-04-25T09:23:31.349+0000 7f3142b7f700 1 -- 172.21.15.174:0/310908126 >> [v2:172.21.15.174:6800/2091245880,v1:172.21.15.174:6801/2091245880] conn(0x7f3128039660 msgr2=0x7f312803bb20 secure :-1 s=STATE_CONNECTION_ESTABLISHED l=1).mark_down
2024-04-25T09:23:31.869 INFO:teuthology.orchestra.run.smithi174.stdout:/usr/bin/ceph: stderr
2024-04-25T09:23:31.349+0000 7f3142b7f700 1 --2- 172.21.15.174:0/310908126 >> [v2:172.21.15.174:6800/2091245880,v1:172.21.15.174:6801/2091245880] conn(0x7f3128039660 0x7f312803bb20 secure :-1 s=READY pgs=7 cs=0 l=1 rev1=1 crypto rx=0x7f312c006fd0 tx=0x7f312c006e40 comp rx=0 tx=0).stop
2024-04-25T09:23:31.869 INFO:teuthology.orchestra.run.smithi174.stdout:/usr/bin/ceph: stderr
2024-04-25T09:23:31.349+0000 7f3142b7f700 1 -- 172.21.15.174:0/310908126 >> [v2:172.21.15.174:3300/0,v1:172.21.15.174:6789/0] conn(0x7f313c108ea0 msgr2=0x7f313c19c240 secure :-1 s=STATE_CONNECTION_ESTABLISHED l=1).mark_down
2024-04-25T09:23:31.869 INFO:teuthology.orchestra.run.smithi174.stdout:/usr/bin/ceph: stderr
2024-04-25T09:23:31.349+0000 7f3142b7f700 1 --2- 172.21.15.174:0/310908126 >> [v2:172.21.15.174:3300/0,v1:172.21.15.174:6789/0] conn(0x7f313c108ea0 0x7f313c19c240 secure :-1 s=READY pgs=71 cs=0 l=1 rev1=1 crypto rx=0x7f3134000f80 tx=0x7f313400bd50 comp rx=0 tx=0).stop
2024-04-25T09:23:31.869 INFO:teuthology.orchestra.run.smithi174.stdout:/usr/bin/ceph: stderr
2024-04-25T09:23:31.349+0000 7f3142b7f700 1 -- 172.21.15.174:0/310908126 shutdown_connections
2024-04-25T09:23:31.869 INFO:teuthology.orchestra.run.smithi174.stdout:/usr/bin/ceph: stderr
2024-04-25T09:23:31.349+0000 7f3142b7f700 1 --2- 172.21.15.174:0/310908126 >> [v2:172.21.15.174:6800/2091245880,v1:172.21.15.174:6801/2091245880] conn(0x7f3128039660 0x7f312803bb20 unknown :-1 s=CLOSED pgs=7 cs=0 l=1 rev1=1 crypto rx=0 tx=0 comp rx=0 tx=0).stop
2024-04-25T09:23:31.869 INFO:teuthology.orchestra.run.smithi174.stdout:/usr/bin/ceph: stderr
2024-04-25T09:23:31.349+0000 7f3142b7f700 1 --2- 172.21.15.174:0/310908126 >> [v2:172.21.15.174:3300/0,v1:172.21.15.174:6789/0] conn(0x7f313c108ea0 0x7f313c19c240 unknown :-1 s=CLOSED pgs=71 cs=0 l=1 rev1=1 crypto rx=0 tx=0 comp rx=0 tx=0).stop
2024-04-25T09:23:31.869 INFO:teuthology.orchestra.run.smithi174.stdout:/usr/bin/ceph: stderr
2024-04-25T09:23:31.349+0000 7f3142b7f700 1 -- 172.21.15.174:0/310908126 >> 172.21.15.174:0/310908126 conn(0x7f313c102870 msgr2=0x7f313c1032f0 unknown :-1 s=STATE_NONE l=0).mark_down
2024-04-25T09:23:31.869 INFO:teuthology.orchestra.run.smithi174.stdout:/usr/bin/ceph: stderr
2024-04-25T09:23:31.349+0000 7f3142b7f700 1 -- 172.21.15.174:0/310908126 shutdown_connections
2024-04-25T09:23:31.869 INFO:teuthology.orchestra.run.smithi174.stdout:/usr/bin/ceph: stderr
2024-04-25T09:23:31.349+0000 7f3142b7f700 1 -- 172.21.15.174:0/310908126 wait complete.
2024-04-25T09:23:31.869 INFO:teuthology.orchestra.run.smithi174.stdout:Creating initial admin user...
2024-04-25T09:23:32.227 INFO:journalctl@ceph.mon.a.smithi174.stdout:Apr 25 09:23:31 smithi174 ceph-mon[26670]: mgrmap e12: x(active, since 2s)
2024-04-25T09:23:32.227 INFO:journalctl@ceph.mon.a.smithi174.stdout:Apr 25 09:23:31 smithi174 ceph-mon[26670]: from='client.14164 -' entity='client.admin' cmd=[{"prefix": "dashboard create-self-signed-cert", "target": ["mon-mgr", ""]}]: dispatch
2024-04-25T09:23:32.227 INFO:journalctl@ceph.mon.a.smithi174.stdout:Apr 25 09:23:31 smithi174 ceph-mon[26670]: from='mgr.14152 172.21.15.174:0/3725002400' entity='mgr.x'
2024-04-25T09:23:32.228 INFO:journalctl@ceph.mon.a.smithi174.stdout:Apr 25 09:23:31 smithi174 ceph-mon[26670]: from='mgr.14152 172.21.15.174:0/3725002400' entity='mgr.x'
2024-04-25T09:23:32.228 INFO:journalctl@ceph.mon.a.smithi174.stdout:Apr 25 09:23:31 smithi174 ceph-mon[26670]: from='mgr.14152 172.21.15.174:0/3725002400' entity='mgr.x'
2024-04-25T09:23:33.209 INFO:journalctl@ceph.mon.a.smithi174.stdout:Apr 25 09:23:32 smithi174 ceph-mon[26670]: from='client.14166 -' entity='client.admin' cmd=[{"prefix": "dashboard ac-user-create", "username": "admin", "rolename": "administrator", "force_password": true, "pwd_update_required": true, "target": ["mon-mgr", ""]}]: dispatch
2024-04-25T09:23:33.209 INFO:journalctl@ceph.mon.a.smithi174.stdout:Apr 25 09:23:32 smithi174 ceph-mon[26670]: from='mgr.14152 172.21.15.174:0/3725002400' entity='mgr.x'
2024-04-25T09:23:33.954 INFO:teuthology.orchestra.run.smithi174.stdout:/usr/bin/ceph: stdout {"username": "admin", "password": "$2b$12$EoSvbVecvze3qUNrF2SrTuBIGfNzV7BMjcR4WKFVjgeEfq4ywsBBS", "roles": ["administrator"], "name": null, "email": null, "lastUpdate": 1714037012, "enabled": true, "pwdExpirationDate": null, "pwdUpdateRequired": true}
2024-04-25T09:23:33.954 INFO:teuthology.orchestra.run.smithi174.stdout:/usr/bin/ceph: stderr
2024-04-25T09:23:32.347+0000 7ffbed609700 1 Processor -- start
2024-04-25T09:23:33.954 INFO:teuthology.orchestra.run.smithi174.stdout:/usr/bin/ceph: stderr
2024-04-25T09:23:32.347+0000 7ffbed609700 1 -- start start
2024-04-25T09:23:33.954 INFO:teuthology.orchestra.run.smithi174.stdout:/usr/bin/ceph: stderr
2024-04-25T09:23:32.348+0000 7ffbed609700 1 --2- >> [v2:172.21.15.174:3300/0,v1:172.21.15.174:6789/0] conn(0x7ffbe8108ec0 0x7ffbe810b2b0 unknown :-1 s=NONE pgs=0 cs=0 l=0 rev1=0 crypto rx=0 tx=0 comp rx=0 tx=0).connect
2024-04-25T09:23:33.954 INFO:teuthology.orchestra.run.smithi174.stdout:/usr/bin/ceph: stderr
2024-04-25T09:23:32.348+0000 7ffbed609700 1 -- --> [v2:172.21.15.174:3300/0,v1:172.21.15.174:6789/0] -- mon_getmap magic: 0 -- 0x7ffbe807bef0 con 0x7ffbe8108ec0
2024-04-25T09:23:33.954 INFO:teuthology.orchestra.run.smithi174.stdout:/usr/bin/ceph: stderr
2024-04-25T09:23:32.348+0000 7ffbe6ffd700 1 --2- >> [v2:172.21.15.174:3300/0,v1:172.21.15.174:6789/0] conn(0x7ffbe8108ec0 0x7ffbe810b2b0 unknown :-1 s=BANNER_CONNECTING pgs=0 cs=0 l=0 rev1=0 crypto rx=0 tx=0 comp rx=0 tx=0)._handle_peer_banner_payload supported=3 required=0
2024-04-25T09:23:33.954 INFO:teuthology.orchestra.run.smithi174.stdout:/usr/bin/ceph: stderr
2024-04-25T09:23:32.348+0000 7ffbe6ffd700 1 --2- >> [v2:172.21.15.174:3300/0,v1:172.21.15.174:6789/0] conn(0x7ffbe8108ec0 0x7ffbe810b2b0 unknown :-1 s=HELLO_CONNECTING pgs=0 cs=0 l=0 rev1=1 crypto rx=0 tx=0 comp rx=0 tx=0).handle_hello peer v2:172.21.15.174:3300/0 says I am v2:172.21.15.174:53478/0 (socket says 172.21.15.174:53478)
2024-04-25T09:23:33.954 INFO:teuthology.orchestra.run.smithi174.stdout:/usr/bin/ceph: stderr
2024-04-25T09:23:32.348+0000 7ffbe6ffd700 1 -- 172.21.15.174:0/1766972483 learned_addr learned my addr 172.21.15.174:0/1766972483 (peer_addr_for_me v2:172.21.15.174:0/0)
2024-04-25T09:23:33.955 INFO:teuthology.orchestra.run.smithi174.stdout:/usr/bin/ceph: stderr
2024-04-25T09:23:32.348+0000 7ffbe6ffd700 1 -- 172.21.15.174:0/1766972483 --> [v2:172.21.15.174:3300/0,v1:172.21.15.174:6789/0] -- mon_subscribe({config=0+,monmap=0+}) -- 0x7ffbe810b7f0 con 0x7ffbe8108ec0
2024-04-25T09:23:33.955 INFO:teuthology.orchestra.run.smithi174.stdout:/usr/bin/ceph: stderr
2024-04-25T09:23:32.348+0000 7ffbe6ffd700 1 --2- 172.21.15.174:0/1766972483 >> [v2:172.21.15.174:3300/0,v1:172.21.15.174:6789/0] conn(0x7ffbe8108ec0 0x7ffbe810b2b0 secure :-1 s=READY pgs=72 cs=0 l=1 rev1=1 crypto rx=0x7ffbe0009e80 tx=0x7ffbe000b330 comp rx=0 tx=0).ready entity=mon.0 client_cookie=efd785d51dcc76b9 server_cookie=0 in_seq=0 out_seq=0
2024-04-25T09:23:33.955 INFO:teuthology.orchestra.run.smithi174.stdout:/usr/bin/ceph: stderr
2024-04-25T09:23:32.349+0000 7ffbe5ffb700 1 -- 172.21.15.174:0/1766972483 <== mon.0 v2:172.21.15.174:3300/0 1 ==== mon_map magic: 0 ==== 205+0+0 (secure 0 0 0) 0x7ffbe0017070 con 0x7ffbe8108ec0
2024-04-25T09:23:33.955 INFO:teuthology.orchestra.run.smithi174.stdout:/usr/bin/ceph: stderr
2024-04-25T09:23:32.349+0000 7ffbe5ffb700 1 -- 172.21.15.174:0/1766972483 <== mon.0 v2:172.21.15.174:3300/0 2 ==== config(25 keys) ==== 1063+0+0 (secure 0 0 0) 0x7ffbe000b8c0 con 0x7ffbe8108ec0
2024-04-25T09:23:33.955 INFO:teuthology.orchestra.run.smithi174.stdout:/usr/bin/ceph: stderr
2024-04-25T09:23:32.349+0000 7ffbe5ffb700 1 -- 172.21.15.174:0/1766972483 <== mon.0 v2:172.21.15.174:3300/0 3 ==== mon_map magic: 0 ==== 205+0+0 (secure 0 0 0) 0x7ffbe0004420 con 0x7ffbe8108ec0
2024-04-25T09:23:33.955 INFO:teuthology.orchestra.run.smithi174.stdout:/usr/bin/ceph: stderr
2024-04-25T09:23:32.349+0000 7ffbed609700 1 -- 172.21.15.174:0/1766972483 >> [v2:172.21.15.174:3300/0,v1:172.21.15.174:6789/0] conn(0x7ffbe8108ec0 msgr2=0x7ffbe810b2b0 secure :-1 s=STATE_CONNECTION_ESTABLISHED l=1).mark_down
2024-04-25T09:23:33.955 INFO:teuthology.orchestra.run.smithi174.stdout:/usr/bin/ceph: stderr
2024-04-25T09:23:32.349+0000 7ffbed609700 1 --2- 172.21.15.174:0/1766972483 >> [v2:172.21.15.174:3300/0,v1:172.21.15.174:6789/0] conn(0x7ffbe8108ec0 0x7ffbe810b2b0 secure :-1 s=READY pgs=72 cs=0 l=1 rev1=1 crypto rx=0x7ffbe0009e80 tx=0x7ffbe000b330 comp rx=0 tx=0).stop
2024-04-25T09:23:33.955 INFO:teuthology.orchestra.run.smithi174.stdout:/usr/bin/ceph: stderr
2024-04-25T09:23:32.349+0000 7ffbed609700 1 -- 172.21.15.174:0/1766972483 shutdown_connections
2024-04-25T09:23:33.955 INFO:teuthology.orchestra.run.smithi174.stdout:/usr/bin/ceph: stderr
2024-04-25T09:23:32.349+0000 7ffbed609700 1 --2- 172.21.15.174:0/1766972483 >> [v2:172.21.15.174:3300/0,v1:172.21.15.174:6789/0] conn(0x7ffbe8108ec0 0x7ffbe810b2b0 unknown :-1 s=CLOSED pgs=72 cs=0 l=1 rev1=1 crypto rx=0 tx=0 comp rx=0 tx=0).stop
2024-04-25T09:23:33.955 INFO:teuthology.orchestra.run.smithi174.stdout:/usr/bin/ceph: stderr
2024-04-25T09:23:32.349+0000 7ffbed609700 1 -- 172.21.15.174:0/1766972483 >> 172.21.15.174:0/1766972483 conn(0x7ffbe8102870 msgr2=0x7ffbe8104c90 unknown :-1 s=STATE_NONE l=0).mark_down
2024-04-25T09:23:33.955 INFO:teuthology.orchestra.run.smithi174.stdout:/usr/bin/ceph: stderr
2024-04-25T09:23:32.349+0000 7ffbed609700 1 -- 172.21.15.174:0/1766972483 shutdown_connections
2024-04-25T09:23:33.955 INFO:teuthology.orchestra.run.smithi174.stdout:/usr/bin/ceph: stderr
2024-04-25T09:23:32.349+0000 7ffbed609700 1 -- 172.21.15.174:0/1766972483 wait complete.
2024-04-25T09:23:33.956 INFO:teuthology.orchestra.run.smithi174.stdout:/usr/bin/ceph: stderr
2024-04-25T09:23:32.350+0000 7ffbed609700 1 Processor -- start
2024-04-25T09:23:33.956 INFO:teuthology.orchestra.run.smithi174.stdout:/usr/bin/ceph: stderr
2024-04-25T09:23:32.350+0000 7ffbed609700 1 -- start start
2024-04-25T09:23:33.956 INFO:teuthology.orchestra.run.smithi174.stdout:/usr/bin/ceph: stderr
2024-04-25T09:23:32.350+0000 7ffbed609700 1 --2- >> [v2:172.21.15.174:3300/0,v1:172.21.15.174:6789/0] conn(0x7ffbe8108ec0 0x7ffbe819c290 unknown :-1 s=NONE pgs=0 cs=0 l=1 rev1=0 crypto rx=0 tx=0 comp rx=0 tx=0).connect
2024-04-25T09:23:33.956 INFO:teuthology.orchestra.run.smithi174.stdout:/usr/bin/ceph: stderr
2024-04-25T09:23:32.350+0000 7ffbed609700 1 -- --> [v2:172.21.15.174:3300/0,v1:172.21.15.174:6789/0] -- mon_getmap magic: 0 -- 0x7ffbe810c6d0 con 0x7ffbe8108ec0
2024-04-25T09:23:33.956 INFO:teuthology.orchestra.run.smithi174.stdout:/usr/bin/ceph: stderr
2024-04-25T09:23:32.351+0000 7ffbe6ffd700 1 --2- >> [v2:172.21.15.174:3300/0,v1:172.21.15.174:6789/0] conn(0x7ffbe8108ec0 0x7ffbe819c290 unknown :-1 s=BANNER_CONNECTING pgs=0 cs=0 l=1 rev1=0 crypto rx=0 tx=0 comp rx=0 tx=0)._handle_peer_banner_payload supported=3 required=0
2024-04-25T09:23:33.956 INFO:teuthology.orchestra.run.smithi174.stdout:/usr/bin/ceph: stderr
2024-04-25T09:23:32.351+0000 7ffbe6ffd700 1 --2- >> [v2:172.21.15.174:3300/0,v1:172.21.15.174:6789/0] conn(0x7ffbe8108ec0 0x7ffbe819c290 unknown :-1 s=HELLO_CONNECTING pgs=0 cs=0 l=1 rev1=1 crypto rx=0 tx=0 comp rx=0 tx=0).handle_hello peer v2:172.21.15.174:3300/0 says I am v2:172.21.15.174:53490/0 (socket says 172.21.15.174:53490)
2024-04-25T09:23:33.956 INFO:teuthology.orchestra.run.smithi174.stdout:/usr/bin/ceph: stderr
2024-04-25T09:23:32.351+0000 7ffbe6ffd700 1 -- 172.21.15.174:0/3851170350 learned_addr learned my addr 172.21.15.174:0/3851170350 (peer_addr_for_me v2:172.21.15.174:0/0)
2024-04-25T09:23:33.956 INFO:teuthology.orchestra.run.smithi174.stdout:/usr/bin/ceph: stderr
2024-04-25T09:23:32.351+0000 7ffbe6ffd700 1 -- 172.21.15.174:0/3851170350 --> [v2:172.21.15.174:3300/0,v1:172.21.15.174:6789/0] -- mon_subscribe({config=0+,monmap=0+}) -- 0x7ffbe819c7d0 con 0x7ffbe8108ec0
2024-04-25T09:23:33.956 INFO:teuthology.orchestra.run.smithi174.stdout:/usr/bin/ceph: stderr
2024-04-25T09:23:32.351+0000 7ffbe6ffd700 1 --2- 172.21.15.174:0/3851170350 >> [v2:172.21.15.174:3300/0,v1:172.21.15.174:6789/0] conn(0x7ffbe8108ec0 0x7ffbe819c290 secure :-1 s=READY pgs=73 cs=0 l=1 rev1=1 crypto rx=0x7ffbe0009e50 tx=0x7ffbe000bd50 comp rx=0 tx=0).ready entity=mon.0 client_cookie=0 server_cookie=0 in_seq=0 out_seq=0
2024-04-25T09:23:33.956 INFO:teuthology.orchestra.run.smithi174.stdout:/usr/bin/ceph: stderr
2024-04-25T09:23:32.351+0000 7ffbcffff700 1 -- 172.21.15.174:0/3851170350 <== mon.0 v2:172.21.15.174:3300/0 1 ==== mon_map magic: 0 ==== 205+0+0 (secure 0 0 0) 0x7ffbe0017040 con 0x7ffbe8108ec0
2024-04-25T09:23:33.956 INFO:teuthology.orchestra.run.smithi174.stdout:/usr/bin/ceph: stderr
2024-04-25T09:23:32.351+0000 7ffbcffff700 1 -- 172.21.15.174:0/3851170350 <== mon.0 v2:172.21.15.174:3300/0 2 ==== config(25 keys) ==== 1063+0+0 (secure 0 0 0) 0x7ffbe0003d90 con 0x7ffbe8108ec0
2024-04-25T09:23:33.956 INFO:teuthology.orchestra.run.smithi174.stdout:/usr/bin/ceph: stderr
2024-04-25T09:23:32.351+0000 7ffbed609700 1 -- 172.21.15.174:0/3851170350 --> [v2:172.21.15.174:3300/0,v1:172.21.15.174:6789/0] -- mon_subscribe({mgrmap=0+}) -- 0x7ffbe819ca60 con 0x7ffbe8108ec0
2024-04-25T09:23:33.957 INFO:teuthology.orchestra.run.smithi174.stdout:/usr/bin/ceph: stderr
2024-04-25T09:23:32.352+0000 7ffbed609700 1 -- 172.21.15.174:0/3851170350 --> [v2:172.21.15.174:3300/0,v1:172.21.15.174:6789/0] -- mon_subscribe({osdmap=0}) -- 0x7ffbe8106cb0 con 0x7ffbe8108ec0
2024-04-25T09:23:33.957 INFO:teuthology.orchestra.run.smithi174.stdout:/usr/bin/ceph: stderr
2024-04-25T09:23:32.352+0000 7ffbcffff700 1 -- 172.21.15.174:0/3851170350 <== mon.0 v2:172.21.15.174:3300/0 3 ==== mon_map magic: 0 ==== 205+0+0 (secure 0 0 0) 0x7ffbe0012aa0 con 0x7ffbe8108ec0
2024-04-25T09:23:33.957 INFO:teuthology.orchestra.run.smithi174.stdout:/usr/bin/ceph: stderr
