2024-04-25T09:23:32.352+0000 7ffbcffff700 1 -- 172.21.15.174:0/3851170350 <== mon.0 v2:172.21.15.174:3300/0 4 ==== mgrmap(e 12) ==== 46571+0+0 (secure 0 0 0) 0x7ffbe002e440 con 0x7ffbe8108ec0
2024-04-25T09:23:33.957 INFO:teuthology.orchestra.run.smithi174.stdout:/usr/bin/ceph: stderr
2024-04-25T09:23:32.353+0000 7ffbcffff700 1 --2- 172.21.15.174:0/3851170350 >> [v2:172.21.15.174:6800/2091245880,v1:172.21.15.174:6801/2091245880] conn(0x7ffbd0039610 0x7ffbd003bad0 unknown :-1 s=NONE pgs=0 cs=0 l=1 rev1=0 crypto rx=0 tx=0 comp rx=0 tx=0).connect
2024-04-25T09:23:33.957 INFO:teuthology.orchestra.run.smithi174.stdout:/usr/bin/ceph: stderr
2024-04-25T09:23:32.353+0000 7ffbcffff700 1 -- 172.21.15.174:0/3851170350 <== mon.0 v2:172.21.15.174:3300/0 5 ==== osd_map(3..3 src has 1..3) ==== 1155+0+0 (secure 0 0 0) 0x7ffbe000f050 con 0x7ffbe8108ec0
2024-04-25T09:23:33.957 INFO:teuthology.orchestra.run.smithi174.stdout:/usr/bin/ceph: stderr
2024-04-25T09:23:32.353+0000 7ffbe67fc700 1 --2- 172.21.15.174:0/3851170350 >> [v2:172.21.15.174:6800/2091245880,v1:172.21.15.174:6801/2091245880] conn(0x7ffbd0039610 0x7ffbd003bad0 unknown :-1 s=BANNER_CONNECTING pgs=0 cs=0 l=1 rev1=0 crypto rx=0 tx=0 comp rx=0 tx=0)._handle_peer_banner_payload supported=3 required=0
2024-04-25T09:23:33.957 INFO:teuthology.orchestra.run.smithi174.stdout:/usr/bin/ceph: stderr
2024-04-25T09:23:32.353+0000 7ffbed609700 1 -- 172.21.15.174:0/3851170350 --> [v2:172.21.15.174:3300/0,v1:172.21.15.174:6789/0] -- mon_command({"prefix": "get_command_descriptions"} v 0) -- 0x7ffbe8064a80 con 0x7ffbe8108ec0
2024-04-25T09:23:33.957 INFO:teuthology.orchestra.run.smithi174.stdout:/usr/bin/ceph: stderr
2024-04-25T09:23:32.353+0000 7ffbe67fc700 1 --2- 172.21.15.174:0/3851170350 >> [v2:172.21.15.174:6800/2091245880,v1:172.21.15.174:6801/2091245880] conn(0x7ffbd0039610 0x7ffbd003bad0 secure :-1 s=READY pgs=8 cs=0 l=1 rev1=1 crypto rx=0x7ffbdc006fd0 tx=0x7ffbdc006e40 comp rx=0 tx=0).ready entity=mgr.14152 client_cookie=0 server_cookie=0 in_seq=0 out_seq=0
2024-04-25T09:23:33.957 INFO:teuthology.orchestra.run.smithi174.stdout:/usr/bin/ceph: stderr
2024-04-25T09:23:32.358+0000 7ffbcffff700 1 -- 172.21.15.174:0/3851170350 <== mon.0 v2:172.21.15.174:3300/0 6 ==== mon_command_ack([{"prefix": "get_command_descriptions"}]=0 v0) ==== 72+0+188370 (secure 0 0 0) 0x7ffbe000e1d0 con 0x7ffbe8108ec0
2024-04-25T09:23:33.957 INFO:teuthology.orchestra.run.smithi174.stdout:/usr/bin/ceph: stderr
2024-04-25T09:23:32.582+0000 7ffbed609700 1 -- 172.21.15.174:0/3851170350 --> [v2:172.21.15.174:6800/2091245880,v1:172.21.15.174:6801/2091245880] -- mgr_command(tid 0: {"prefix": "dashboard ac-user-create", "username": "admin", "rolename": "administrator", "force_password": true, "pwd_update_required": true, "target": ["mon-mgr", ""]}) -- 0x7ffbe8103ae0 con 0x7ffbd0039610
2024-04-25T09:23:33.957 INFO:teuthology.orchestra.run.smithi174.stdout:/usr/bin/ceph: stderr
2024-04-25T09:23:32.807+0000 7ffbcffff700 1 -- 172.21.15.174:0/3851170350 <== mgr.14152 v2:172.21.15.174:6800/2091245880 1 ==== mgr_command_reply(tid 0: 0 ) ==== 8+0+252 (secure 0 0 0) 0x7ffbe8103ae0 con 0x7ffbd0039610
2024-04-25T09:23:33.957 INFO:teuthology.orchestra.run.smithi174.stdout:/usr/bin/ceph: stderr
2024-04-25T09:23:32.810+0000 7ffbed609700 1 -- 172.21.15.174:0/3851170350 >> [v2:172.21.15.174:6800/2091245880,v1:172.21.15.174:6801/2091245880] conn(0x7ffbd0039610 msgr2=0x7ffbd003bad0 secure :-1 s=STATE_CONNECTION_ESTABLISHED l=1).mark_down
2024-04-25T09:23:33.958 INFO:teuthology.orchestra.run.smithi174.stdout:/usr/bin/ceph: stderr
2024-04-25T09:23:32.810+0000 7ffbed609700 1 --2- 172.21.15.174:0/3851170350 >> [v2:172.21.15.174:6800/2091245880,v1:172.21.15.174:6801/2091245880] conn(0x7ffbd0039610 0x7ffbd003bad0 secure :-1 s=READY pgs=8 cs=0 l=1 rev1=1 crypto rx=0x7ffbdc006fd0 tx=0x7ffbdc006e40 comp rx=0 tx=0).stop
2024-04-25T09:23:33.958 INFO:teuthology.orchestra.run.smithi174.stdout:/usr/bin/ceph: stderr
2024-04-25T09:23:32.810+0000 7ffbed609700 1 -- 172.21.15.174:0/3851170350 >> [v2:172.21.15.174:3300/0,v1:172.21.15.174:6789/0] conn(0x7ffbe8108ec0 msgr2=0x7ffbe819c290 secure :-1 s=STATE_CONNECTION_ESTABLISHED l=1).mark_down
2024-04-25T09:23:33.958 INFO:teuthology.orchestra.run.smithi174.stdout:/usr/bin/ceph: stderr
2024-04-25T09:23:32.810+0000 7ffbed609700 1 --2- 172.21.15.174:0/3851170350 >> [v2:172.21.15.174:3300/0,v1:172.21.15.174:6789/0] conn(0x7ffbe8108ec0 0x7ffbe819c290 secure :-1 s=READY pgs=73 cs=0 l=1 rev1=1 crypto rx=0x7ffbe0009e50 tx=0x7ffbe000bd50 comp rx=0 tx=0).stop
2024-04-25T09:23:33.958 INFO:teuthology.orchestra.run.smithi174.stdout:/usr/bin/ceph: stderr
2024-04-25T09:23:32.810+0000 7ffbed609700 1 -- 172.21.15.174:0/3851170350 shutdown_connections
2024-04-25T09:23:33.958 INFO:teuthology.orchestra.run.smithi174.stdout:/usr/bin/ceph: stderr
2024-04-25T09:23:32.810+0000 7ffbed609700 1 --2- 172.21.15.174:0/3851170350 >> [v2:172.21.15.174:6800/2091245880,v1:172.21.15.174:6801/2091245880] conn(0x7ffbd0039610 0x7ffbd003bad0 unknown :-1 s=CLOSED pgs=8 cs=0 l=1 rev1=1 crypto rx=0 tx=0 comp rx=0 tx=0).stop
2024-04-25T09:23:33.958 INFO:teuthology.orchestra.run.smithi174.stdout:/usr/bin/ceph: stderr
2024-04-25T09:23:32.810+0000 7ffbed609700 1 --2- 172.21.15.174:0/3851170350 >> [v2:172.21.15.174:3300/0,v1:172.21.15.174:6789/0] conn(0x7ffbe8108ec0 0x7ffbe819c290 unknown :-1 s=CLOSED pgs=73 cs=0 l=1 rev1=1 crypto rx=0 tx=0 comp rx=0 tx=0).stop
2024-04-25T09:23:33.958 INFO:teuthology.orchestra.run.smithi174.stdout:/usr/bin/ceph: stderr
2024-04-25T09:23:32.810+0000 7ffbed609700 1 -- 172.21.15.174:0/3851170350 >> 172.21.15.174:0/3851170350 conn(0x7ffbe8102870 msgr2=0x7ffbe81033d0 unknown :-1 s=STATE_NONE l=0).mark_down
2024-04-25T09:23:33.958 INFO:teuthology.orchestra.run.smithi174.stdout:/usr/bin/ceph: stderr
2024-04-25T09:23:32.810+0000 7ffbed609700 1 -- 172.21.15.174:0/3851170350 shutdown_connections
2024-04-25T09:23:33.958 INFO:teuthology.orchestra.run.smithi174.stdout:/usr/bin/ceph: stderr
2024-04-25T09:23:32.810+0000 7ffbed609700 1 -- 172.21.15.174:0/3851170350 wait complete.
2024-04-25T09:23:33.958 INFO:teuthology.orchestra.run.smithi174.stdout:Fetching dashboard port number...
2024-04-25T09:23:34.885 INFO:journalctl@ceph.mon.a.smithi174.stdout:Apr 25 09:23:34 smithi174 ceph-mon[26670]: from='client.? 172.21.15.174:0/2324417499' entity='client.admin' cmd=[{"prefix": "config get", "who": "mgr", "key": "mgr/dashboard/ssl_server_port"}]: dispatch
2024-04-25T09:23:34.885 INFO:journalctl@ceph.mon.a.smithi174.stdout:Apr 25 09:23:34 smithi174 ceph-mon[26670]: mgrmap e13: x(active, since 6s)
2024-04-25T09:23:35.193 INFO:teuthology.orchestra.run.smithi174.stdout:/usr/bin/ceph: stdout 8443
2024-04-25T09:23:35.193 INFO:teuthology.orchestra.run.smithi174.stdout:/usr/bin/ceph: stderr
2024-04-25T09:23:34.374+0000 7fd21408d700 1 Processor -- start
2024-04-25T09:23:35.193 INFO:teuthology.orchestra.run.smithi174.stdout:/usr/bin/ceph: stderr
2024-04-25T09:23:34.375+0000 7fd21408d700 1 -- start start
2024-04-25T09:23:35.193 INFO:teuthology.orchestra.run.smithi174.stdout:/usr/bin/ceph: stderr
2024-04-25T09:23:34.375+0000 7fd21408d700 1 --2- >> [v2:172.21.15.174:3300/0,v1:172.21.15.174:6789/0] conn(0x7fd20c1083b0 0x7fd20c1087d0 unknown :-1 s=NONE pgs=0 cs=0 l=0 rev1=0 crypto rx=0 tx=0 comp rx=0 tx=0).connect
2024-04-25T09:23:35.193 INFO:teuthology.orchestra.run.smithi174.stdout:/usr/bin/ceph: stderr
2024-04-25T09:23:34.375+0000 7fd21408d700 1 -- --> [v2:172.21.15.174:3300/0,v1:172.21.15.174:6789/0] -- mon_getmap magic: 0 -- 0x7fd20c108da0 con 0x7fd20c1083b0
2024-04-25T09:23:35.193 INFO:teuthology.orchestra.run.smithi174.stdout:/usr/bin/ceph: stderr
2024-04-25T09:23:34.375+0000 7fd211e29700 1 --2- >> [v2:172.21.15.174:3300/0,v1:172.21.15.174:6789/0] conn(0x7fd20c1083b0 0x7fd20c1087d0 unknown :-1 s=BANNER_CONNECTING pgs=0 cs=0 l=0 rev1=0 crypto rx=0 tx=0 comp rx=0 tx=0)._handle_peer_banner_payload supported=3 required=0
2024-04-25T09:23:35.193 INFO:teuthology.orchestra.run.smithi174.stdout:/usr/bin/ceph: stderr
2024-04-25T09:23:34.375+0000 7fd211e29700 1 --2- >> [v2:172.21.15.174:3300/0,v1:172.21.15.174:6789/0] conn(0x7fd20c1083b0 0x7fd20c1087d0 unknown :-1 s=HELLO_CONNECTING pgs=0 cs=0 l=0 rev1=1 crypto rx=0 tx=0 comp rx=0 tx=0).handle_hello peer v2:172.21.15.174:3300/0 says I am v2:172.21.15.174:53506/0 (socket says 172.21.15.174:53506)
2024-04-25T09:23:35.193 INFO:teuthology.orchestra.run.smithi174.stdout:/usr/bin/ceph: stderr
2024-04-25T09:23:34.375+0000 7fd211e29700 1 -- 172.21.15.174:0/3372857113 learned_addr learned my addr 172.21.15.174:0/3372857113 (peer_addr_for_me v2:172.21.15.174:0/0)
2024-04-25T09:23:35.193 INFO:teuthology.orchestra.run.smithi174.stdout:/usr/bin/ceph: stderr
2024-04-25T09:23:34.375+0000 7fd211e29700 1 -- 172.21.15.174:0/3372857113 --> [v2:172.21.15.174:3300/0,v1:172.21.15.174:6789/0] -- mon_subscribe({config=0+,monmap=0+}) -- 0x7fd20c109560 con 0x7fd20c1083b0
2024-04-25T09:23:35.194 INFO:teuthology.orchestra.run.smithi174.stdout:/usr/bin/ceph: stderr
2024-04-25T09:23:34.375+0000 7fd211e29700 1 --2- 172.21.15.174:0/3372857113 >> [v2:172.21.15.174:3300/0,v1:172.21.15.174:6789/0] conn(0x7fd20c1083b0 0x7fd20c1087d0 secure :-1 s=READY pgs=74 cs=0 l=1 rev1=1 crypto rx=0x7fd2080098a0 tx=0x7fd208009bb0 comp rx=0 tx=0).ready entity=mon.0 client_cookie=9ad5257853cbe8b2 server_cookie=0 in_seq=0 out_seq=0
2024-04-25T09:23:35.194 INFO:teuthology.orchestra.run.smithi174.stdout:/usr/bin/ceph: stderr
2024-04-25T09:23:34.376+0000 7fd210e27700 1 -- 172.21.15.174:0/3372857113 <== mon.0 v2:172.21.15.174:3300/0 1 ==== mon_map magic: 0 ==== 205+0+0 (secure 0 0 0) 0x7fd208004160 con 0x7fd20c1083b0
2024-04-25T09:23:35.194 INFO:teuthology.orchestra.run.smithi174.stdout:/usr/bin/ceph: stderr
2024-04-25T09:23:34.376+0000 7fd210e27700 1 -- 172.21.15.174:0/3372857113 <== mon.0 v2:172.21.15.174:3300/0 2 ==== config(25 keys) ==== 1063+0+0 (secure 0 0 0) 0x7fd208004300 con 0x7fd20c1083b0
2024-04-25T09:23:35.194 INFO:teuthology.orchestra.run.smithi174.stdout:/usr/bin/ceph: stderr
2024-04-25T09:23:34.376+0000 7fd210e27700 1 -- 172.21.15.174:0/3372857113 <== mon.0 v2:172.21.15.174:3300/0 3 ==== mon_map magic: 0 ==== 205+0+0 (secure 0 0 0) 0x7fd208011960 con 0x7fd20c1083b0
2024-04-25T09:23:35.194 INFO:teuthology.orchestra.run.smithi174.stdout:/usr/bin/ceph: stderr
2024-04-25T09:23:34.376+0000 7fd21408d700 1 -- 172.21.15.174:0/3372857113 >> [v2:172.21.15.174:3300/0,v1:172.21.15.174:6789/0] conn(0x7fd20c1083b0 msgr2=0x7fd20c1087d0 secure :-1 s=STATE_CONNECTION_ESTABLISHED l=1).mark_down
2024-04-25T09:23:35.194 INFO:teuthology.orchestra.run.smithi174.stdout:/usr/bin/ceph: stderr
2024-04-25T09:23:34.376+0000 7fd21408d700 1 --2- 172.21.15.174:0/3372857113 >> [v2:172.21.15.174:3300/0,v1:172.21.15.174:6789/0] conn(0x7fd20c1083b0 0x7fd20c1087d0 secure :-1 s=READY pgs=74 cs=0 l=1 rev1=1 crypto rx=0x7fd2080098a0 tx=0x7fd208009bb0 comp rx=0 tx=0).stop
2024-04-25T09:23:35.194 INFO:teuthology.orchestra.run.smithi174.stdout:/usr/bin/ceph: stderr
2024-04-25T09:23:34.376+0000 7fd21408d700 1 -- 172.21.15.174:0/3372857113 shutdown_connections
2024-04-25T09:23:35.194 INFO:teuthology.orchestra.run.smithi174.stdout:/usr/bin/ceph: stderr
2024-04-25T09:23:34.376+0000 7fd21408d700 1 --2- 172.21.15.174:0/3372857113 >> [v2:172.21.15.174:3300/0,v1:172.21.15.174:6789/0] conn(0x7fd20c1083b0 0x7fd20c1087d0 unknown :-1 s=CLOSED pgs=74 cs=0 l=1 rev1=1 crypto rx=0 tx=0 comp rx=0 tx=0).stop
2024-04-25T09:23:35.194 INFO:teuthology.orchestra.run.smithi174.stdout:/usr/bin/ceph: stderr
2024-04-25T09:23:34.376+0000 7fd21408d700 1 -- 172.21.15.174:0/3372857113 >> 172.21.15.174:0/3372857113 conn(0x7fd20c103930 msgr2=0x7fd20c105d90 unknown :-1 s=STATE_NONE l=0).mark_down
2024-04-25T09:23:35.194 INFO:teuthology.orchestra.run.smithi174.stdout:/usr/bin/ceph: stderr
2024-04-25T09:23:34.376+0000 7fd21408d700 1 -- 172.21.15.174:0/3372857113 shutdown_connections
2024-04-25T09:23:35.194 INFO:teuthology.orchestra.run.smithi174.stdout:/usr/bin/ceph: stderr
2024-04-25T09:23:34.376+0000 7fd21408d700 1 -- 172.21.15.174:0/3372857113 wait complete.
2024-04-25T09:23:35.194 INFO:teuthology.orchestra.run.smithi174.stdout:/usr/bin/ceph: stderr
2024-04-25T09:23:34.377+0000 7fd21408d700 1 Processor -- start
2024-04-25T09:23:35.194 INFO:teuthology.orchestra.run.smithi174.stdout:/usr/bin/ceph: stderr
2024-04-25T09:23:34.377+0000 7fd21408d700 1 -- start start
2024-04-25T09:23:35.195 INFO:teuthology.orchestra.run.smithi174.stdout:/usr/bin/ceph: stderr
2024-04-25T09:23:34.377+0000 7fd21408d700 1 --2- >> [v2:172.21.15.174:3300/0,v1:172.21.15.174:6789/0] conn(0x7fd20c1083b0 0x7fd20c19e460 unknown :-1 s=NONE pgs=0 cs=0 l=1 rev1=0 crypto rx=0 tx=0 comp rx=0 tx=0).connect
2024-04-25T09:23:35.195 INFO:teuthology.orchestra.run.smithi174.stdout:/usr/bin/ceph: stderr
2024-04-25T09:23:34.377+0000 7fd21408d700 1 -- --> [v2:172.21.15.174:3300/0,v1:172.21.15.174:6789/0] -- mon_getmap magic: 0 -- 0x7fd20c07c200 con 0x7fd20c1083b0
2024-04-25T09:23:35.195 INFO:teuthology.orchestra.run.smithi174.stdout:/usr/bin/ceph: stderr
2024-04-25T09:23:34.377+0000 7fd211e29700 1 --2- >> [v2:172.21.15.174:3300/0,v1:172.21.15.174:6789/0] conn(0x7fd20c1083b0 0x7fd20c19e460 unknown :-1 s=BANNER_CONNECTING pgs=0 cs=0 l=1 rev1=0 crypto rx=0 tx=0 comp rx=0 tx=0)._handle_peer_banner_payload supported=3 required=0
2024-04-25T09:23:35.195 INFO:teuthology.orchestra.run.smithi174.stdout:/usr/bin/ceph: stderr
2024-04-25T09:23:34.377+0000 7fd211e29700 1 --2- >> [v2:172.21.15.174:3300/0,v1:172.21.15.174:6789/0] conn(0x7fd20c1083b0 0x7fd20c19e460 unknown :-1 s=HELLO_CONNECTING pgs=0 cs=0 l=1 rev1=1 crypto rx=0 tx=0 comp rx=0 tx=0).handle_hello peer v2:172.21.15.174:3300/0 says I am v2:172.21.15.174:53518/0 (socket says 172.21.15.174:53518)
2024-04-25T09:23:35.195 INFO:teuthology.orchestra.run.smithi174.stdout:/usr/bin/ceph: stderr
2024-04-25T09:23:34.377+0000 7fd211e29700 1 -- 172.21.15.174:0/2324417499 learned_addr learned my addr 172.21.15.174:0/2324417499 (peer_addr_for_me v2:172.21.15.174:0/0)
2024-04-25T09:23:35.195 INFO:teuthology.orchestra.run.smithi174.stdout:/usr/bin/ceph: stderr
2024-04-25T09:23:34.378+0000 7fd211e29700 1 -- 172.21.15.174:0/2324417499 --> [v2:172.21.15.174:3300/0,v1:172.21.15.174:6789/0] -- mon_subscribe({config=0+,monmap=0+}) -- 0x7fd20c19e9a0 con 0x7fd20c1083b0
2024-04-25T09:23:35.195 INFO:teuthology.orchestra.run.smithi174.stdout:/usr/bin/ceph: stderr
2024-04-25T09:23:34.378+0000 7fd211e29700 1 --2- 172.21.15.174:0/2324417499 >> [v2:172.21.15.174:3300/0,v1:172.21.15.174:6789/0] conn(0x7fd20c1083b0 0x7fd20c19e460 secure :-1 s=READY pgs=75 cs=0 l=1 rev1=1 crypto rx=0x7fd208011670 tx=0x7fd208011a30 comp rx=0 tx=0).ready entity=mon.0 client_cookie=0 server_cookie=0 in_seq=0 out_seq=0
2024-04-25T09:23:35.195 INFO:teuthology.orchestra.run.smithi174.stdout:/usr/bin/ceph: stderr
2024-04-25T09:23:34.378+0000 7fd202ffd700 1 -- 172.21.15.174:0/2324417499 <== mon.0 v2:172.21.15.174:3300/0 1 ==== mon_map magic: 0 ==== 205+0+0 (secure 0 0 0) 0x7fd208003aa0 con 0x7fd20c1083b0
2024-04-25T09:23:35.195 INFO:teuthology.orchestra.run.smithi174.stdout:/usr/bin/ceph: stderr
2024-04-25T09:23:34.378+0000 7fd202ffd700 1 -- 172.21.15.174:0/2324417499 <== mon.0 v2:172.21.15.174:3300/0 2 ==== config(25 keys) ==== 1063+0+0 (secure 0 0 0) 0x7fd20801b8d0 con 0x7fd20c1083b0
2024-04-25T09:23:35.195 INFO:teuthology.orchestra.run.smithi174.stdout:/usr/bin/ceph: stderr
2024-04-25T09:23:34.378+0000 7fd21408d700 1 -- 172.21.15.174:0/2324417499 --> [v2:172.21.15.174:3300/0,v1:172.21.15.174:6789/0] -- mon_subscribe({mgrmap=0+}) -- 0x7fd20c19ec30 con 0x7fd20c1083b0
2024-04-25T09:23:35.195 INFO:teuthology.orchestra.run.smithi174.stdout:/usr/bin/ceph: stderr
2024-04-25T09:23:34.378+0000 7fd202ffd700 1 -- 172.21.15.174:0/2324417499 <== mon.0 v2:172.21.15.174:3300/0 3 ==== mon_map magic: 0 ==== 205+0+0 (secure 0 0 0) 0x7fd2080197f0 con 0x7fd20c1083b0
2024-04-25T09:23:35.195 INFO:teuthology.orchestra.run.smithi174.stdout:/usr/bin/ceph: stderr
2024-04-25T09:23:34.378+0000 7fd21408d700 1 -- 172.21.15.174:0/2324417499 --> [v2:172.21.15.174:3300/0,v1:172.21.15.174:6789/0] -- mon_subscribe({osdmap=0}) -- 0x7fd20c1a1920 con 0x7fd20c1083b0
2024-04-25T09:23:35.195 INFO:teuthology.orchestra.run.smithi174.stdout:/usr/bin/ceph: stderr
2024-04-25T09:23:34.379+0000 7fd202ffd700 1 -- 172.21.15.174:0/2324417499 <== mon.0 v2:172.21.15.174:3300/0 4 ==== mgrmap(e 12) ==== 46571+0+0 (secure 0 0 0) 0x7fd20801b440 con 0x7fd20c1083b0
2024-04-25T09:23:35.195 INFO:teuthology.orchestra.run.smithi174.stdout:/usr/bin/ceph: stderr
2024-04-25T09:23:34.379+0000 7fd21408d700 1 -- 172.21.15.174:0/2324417499 --> [v2:172.21.15.174:3300/0,v1:172.21.15.174:6789/0] -- mon_command({"prefix": "get_command_descriptions"} v 0) -- 0x7fd20c064a80 con 0x7fd20c1083b0
2024-04-25T09:23:35.195 INFO:teuthology.orchestra.run.smithi174.stdout:/usr/bin/ceph: stderr
2024-04-25T09:23:34.379+0000 7fd202ffd700 1 --2- 172.21.15.174:0/2324417499 >> [v2:172.21.15.174:6800/2091245880,v1:172.21.15.174:6801/2091245880] conn(0x7fd1f8039610 0x7fd1f803bad0 unknown :-1 s=NONE pgs=0 cs=0 l=1 rev1=0 crypto rx=0 tx=0 comp rx=0 tx=0).connect
2024-04-25T09:23:35.196 INFO:teuthology.orchestra.run.smithi174.stdout:/usr/bin/ceph: stderr
2024-04-25T09:23:34.379+0000 7fd202ffd700 1 -- 172.21.15.174:0/2324417499 <== mon.0 v2:172.21.15.174:3300/0 5 ==== osd_map(3..3 src has 1..3) ==== 1155+0+0 (secure 0 0 0) 0x7fd20804dfc0 con 0x7fd20c1083b0
2024-04-25T09:23:35.196 INFO:teuthology.orchestra.run.smithi174.stdout:/usr/bin/ceph: stderr
2024-04-25T09:23:34.379+0000 7fd211628700 1 --2- 172.21.15.174:0/2324417499 >> [v2:172.21.15.174:6800/2091245880,v1:172.21.15.174:6801/2091245880] conn(0x7fd1f8039610 0x7fd1f803bad0 unknown :-1 s=BANNER_CONNECTING pgs=0 cs=0 l=1 rev1=0 crypto rx=0 tx=0 comp rx=0 tx=0)._handle_peer_banner_payload supported=3 required=0
2024-04-25T09:23:35.196 INFO:teuthology.orchestra.run.smithi174.stdout:/usr/bin/ceph: stderr
2024-04-25T09:23:34.379+0000 7fd211628700 1 --2- 172.21.15.174:0/2324417499 >> [v2:172.21.15.174:6800/2091245880,v1:172.21.15.174:6801/2091245880] conn(0x7fd1f8039610 0x7fd1f803bad0 secure :-1 s=READY pgs=9 cs=0 l=1 rev1=1 crypto rx=0x7fd1fc006fd0 tx=0x7fd1fc006e40 comp rx=0 tx=0).ready entity=mgr.14152 client_cookie=0 server_cookie=0 in_seq=0 out_seq=0
2024-04-25T09:23:35.196 INFO:teuthology.orchestra.run.smithi174.stdout:/usr/bin/ceph: stderr
2024-04-25T09:23:34.384+0000 7fd202ffd700 1 -- 172.21.15.174:0/2324417499 <== mon.0 v2:172.21.15.174:3300/0 6 ==== mon_command_ack([{"prefix": "get_command_descriptions"}]=0 v0) ==== 72+0+188370 (secure 0 0 0) 0x7fd20801f030 con 0x7fd20c1083b0
2024-04-25T09:23:35.196 INFO:teuthology.orchestra.run.smithi174.stdout:/usr/bin/ceph: stderr
2024-04-25T09:23:34.579+0000 7fd21408d700 1 -- 172.21.15.174:0/2324417499 --> [v2:172.21.15.174:3300/0,v1:172.21.15.174:6789/0] -- mon_command({"prefix": "config get", "who": "mgr", "key": "mgr/dashboard/ssl_server_port"} v 0) -- 0x7fd20c02e560 con 0x7fd20c1083b0
2024-04-25T09:23:35.196 INFO:teuthology.orchestra.run.smithi174.stdout:/usr/bin/ceph: stderr
2024-04-25T09:23:34.580+0000 7fd202ffd700 1 -- 172.21.15.174:0/2324417499 <== mon.0 v2:172.21.15.174:3300/0 7 ==== mon_command_ack([{"prefix": "config get", "who": "mgr", "key": "mgr/dashboard/ssl_server_port"}]=0 v8) ==== 112+0+5 (secure 0 0 0) 0x7fd208010380 con 0x7fd20c1083b0
2024-04-25T09:23:35.196 INFO:teuthology.orchestra.run.smithi174.stdout:/usr/bin/ceph: stderr
2024-04-25T09:23:34.583+0000 7fd21408d700 1 -- 172.21.15.174:0/2324417499 >> [v2:172.21.15.174:6800/2091245880,v1:172.21.15.174:6801/2091245880] conn(0x7fd1f8039610 msgr2=0x7fd1f803bad0 secure :-1 s=STATE_CONNECTION_ESTABLISHED l=1).mark_down
2024-04-25T09:23:35.196 INFO:teuthology.orchestra.run.smithi174.stdout:/usr/bin/ceph: stderr
2024-04-25T09:23:34.583+0000 7fd21408d700 1 --2- 172.21.15.174:0/2324417499 >> [v2:172.21.15.174:6800/2091245880,v1:172.21.15.174:6801/2091245880] conn(0x7fd1f8039610 0x7fd1f803bad0 secure :-1 s=READY pgs=9 cs=0 l=1 rev1=1 crypto rx=0x7fd1fc006fd0 tx=0x7fd1fc006e40 comp rx=0 tx=0).stop
2024-04-25T09:23:35.196 INFO:teuthology.orchestra.run.smithi174.stdout:/usr/bin/ceph: stderr
2024-04-25T09:23:34.583+0000 7fd21408d700 1 -- 172.21.15.174:0/2324417499 >> [v2:172.21.15.174:3300/0,v1:172.21.15.174:6789/0] conn(0x7fd20c1083b0 msgr2=0x7fd20c19e460 secure :-1 s=STATE_CONNECTION_ESTABLISHED l=1).mark_down
2024-04-25T09:23:35.196 INFO:teuthology.orchestra.run.smithi174.stdout:/usr/bin/ceph: stderr
2024-04-25T09:23:34.583+0000 7fd21408d700 1 --2- 172.21.15.174:0/2324417499 >> [v2:172.21.15.174:3300/0,v1:172.21.15.174:6789/0] conn(0x7fd20c1083b0 0x7fd20c19e460 secure :-1 s=READY pgs=75 cs=0 l=1 rev1=1 crypto rx=0x7fd208011670 tx=0x7fd208011a30 comp rx=0 tx=0).stop
2024-04-25T09:23:35.196 INFO:teuthology.orchestra.run.smithi174.stdout:/usr/bin/ceph: stderr
2024-04-25T09:23:34.583+0000 7fd21408d700 1 -- 172.21.15.174:0/2324417499 shutdown_connections
2024-04-25T09:23:35.196 INFO:teuthology.orchestra.run.smithi174.stdout:/usr/bin/ceph: stderr
2024-04-25T09:23:34.583+0000 7fd21408d700 1 --2- 172.21.15.174:0/2324417499 >> [v2:172.21.15.174:6800/2091245880,v1:172.21.15.174:6801/2091245880] conn(0x7fd1f8039610 0x7fd1f803bad0 unknown :-1 s=CLOSED pgs=9 cs=0 l=1 rev1=1 crypto rx=0 tx=0 comp rx=0 tx=0).stop
2024-04-25T09:23:35.196 INFO:teuthology.orchestra.run.smithi174.stdout:/usr/bin/ceph: stderr
2024-04-25T09:23:34.583+0000 7fd21408d700 1 --2- 172.21.15.174:0/2324417499 >> [v2:172.21.15.174:3300/0,v1:172.21.15.174:6789/0] conn(0x7fd20c1083b0 0x7fd20c19e460 unknown :-1 s=CLOSED pgs=75 cs=0 l=1 rev1=1 crypto rx=0 tx=0 comp rx=0 tx=0).stop
2024-04-25T09:23:35.197 INFO:teuthology.orchestra.run.smithi174.stdout:/usr/bin/ceph: stderr
2024-04-25T09:23:34.583+0000 7fd21408d700 1 -- 172.21.15.174:0/2324417499 >> 172.21.15.174:0/2324417499 conn(0x7fd20c103930 msgr2=0x7fd20c105d90 unknown :-1 s=STATE_NONE l=0).mark_down
2024-04-25T09:23:35.197 INFO:teuthology.orchestra.run.smithi174.stdout:/usr/bin/ceph: stderr
2024-04-25T09:23:34.583+0000 7fd21408d700 1 -- 172.21.15.174:0/2324417499 shutdown_connections
2024-04-25T09:23:35.197 INFO:teuthology.orchestra.run.smithi174.stdout:/usr/bin/ceph: stderr
2024-04-25T09:23:34.583+0000 7fd21408d700 1 -- 172.21.15.174:0/2324417499 wait complete.
2024-04-25T09:23:35.199 INFO:teuthology.orchestra.run.smithi174.stdout:Non-zero exit code 1 from systemctl is-enabled firewalld.service
2024-04-25T09:23:35.199 INFO:teuthology.orchestra.run.smithi174.stdout:systemctl: stdout disabled
2024-04-25T09:23:35.206 INFO:teuthology.orchestra.run.smithi174.stdout:Non-zero exit code 3 from systemctl is-active firewalld.service
2024-04-25T09:23:35.207 INFO:teuthology.orchestra.run.smithi174.stdout:systemctl: stdout inactive
2024-04-25T09:23:35.207 INFO:teuthology.orchestra.run.smithi174.stdout:firewalld.service is not enabled
2024-04-25T09:23:35.207 INFO:teuthology.orchestra.run.smithi174.stdout:Not possible to open ports <[8443]>. firewalld.service is not available
2024-04-25T09:23:35.208 INFO:teuthology.orchestra.run.smithi174.stdout:Ceph Dashboard is now available at:
2024-04-25T09:23:35.208 INFO:teuthology.orchestra.run.smithi174.stdout:
2024-04-25T09:23:35.208 INFO:teuthology.orchestra.run.smithi174.stdout: URL: https://smithi174:8443/
2024-04-25T09:23:35.208 INFO:teuthology.orchestra.run.smithi174.stdout: User: admin
2024-04-25T09:23:35.208 INFO:teuthology.orchestra.run.smithi174.stdout: Password: fcxi37dyjr
2024-04-25T09:23:35.208 INFO:teuthology.orchestra.run.smithi174.stdout:
2024-04-25T09:23:35.209 INFO:teuthology.orchestra.run.smithi174.stdout:Saving cluster configuration to /var/lib/ceph/36311b0e-02e5-11ef-bc93-c7b262605968/config directory
2024-04-25T09:23:35.209 INFO:teuthology.orchestra.run.smithi174.stdout:Enabling autotune for osd_memory_target
2024-04-25T09:23:36.392 INFO:teuthology.orchestra.run.smithi174.stdout:/usr/bin/ceph: stderr
2024-04-25T09:23:35.624+0000 7f658597c700 1 Processor -- start
2024-04-25T09:23:36.392 INFO:teuthology.orchestra.run.smithi174.stdout:/usr/bin/ceph: stderr
2024-04-25T09:23:35.624+0000 7f658597c700 1 -- start start
2024-04-25T09:23:36.392 INFO:teuthology.orchestra.run.smithi174.stdout:/usr/bin/ceph: stderr
2024-04-25T09:23:35.624+0000 7f658597c700 1 --2- >> [v2:172.21.15.174:3300/0,v1:172.21.15.174:6789/0] conn(0x7f658007d6e0 0x7f658007bb90 unknown :-1 s=NONE pgs=0 cs=0 l=0 rev1=0 crypto rx=0 tx=0 comp rx=0 tx=0).connect
2024-04-25T09:23:36.392 INFO:teuthology.orchestra.run.smithi174.stdout:/usr/bin/ceph: stderr
2024-04-25T09:23:35.624+0000 7f658597c700 1 -- --> [v2:172.21.15.174:3300/0,v1:172.21.15.174:6789/0] -- mon_getmap magic: 0 -- 0x7f658007c160 con 0x7f658007d6e0
2024-04-25T09:23:36.392 INFO:teuthology.orchestra.run.smithi174.stdout:/usr/bin/ceph: stderr
2024-04-25T09:23:35.624+0000 7f657effd700 1 --2- >> [v2:172.21.15.174:3300/0,v1:172.21.15.174:6789/0] conn(0x7f658007d6e0 0x7f658007bb90 unknown :-1 s=BANNER_CONNECTING pgs=0 cs=0 l=0 rev1=0 crypto rx=0 tx=0 comp rx=0 tx=0)._handle_peer_banner_payload supported=3 required=0
2024-04-25T09:23:36.392 INFO:teuthology.orchestra.run.smithi174.stdout:/usr/bin/ceph: stderr
2024-04-25T09:23:35.624+0000 7f657effd700 1 --2- >> [v2:172.21.15.174:3300/0,v1:172.21.15.174:6789/0] conn(0x7f658007d6e0 0x7f658007bb90 unknown :-1 s=HELLO_CONNECTING pgs=0 cs=0 l=0 rev1=1 crypto rx=0 tx=0 comp rx=0 tx=0).handle_hello peer v2:172.21.15.174:3300/0 says I am v2:172.21.15.174:46398/0 (socket says 172.21.15.174:46398)
2024-04-25T09:23:36.392 INFO:teuthology.orchestra.run.smithi174.stdout:/usr/bin/ceph: stderr
2024-04-25T09:23:35.624+0000 7f657effd700 1 -- 172.21.15.174:0/759758539 learned_addr learned my addr 172.21.15.174:0/759758539 (peer_addr_for_me v2:172.21.15.174:0/0)
2024-04-25T09:23:36.392 INFO:teuthology.orchestra.run.smithi174.stdout:/usr/bin/ceph: stderr
2024-04-25T09:23:35.624+0000 7f657effd700 1 -- 172.21.15.174:0/759758539 --> [v2:172.21.15.174:3300/0,v1:172.21.15.174:6789/0] -- mon_subscribe({config=0+,monmap=0+}) -- 0x7f658007c2e0 con 0x7f658007d6e0
2024-04-25T09:23:36.393 INFO:teuthology.orchestra.run.smithi174.stdout:/usr/bin/ceph: stderr
2024-04-25T09:23:35.625+0000 7f657effd700 1 --2- 172.21.15.174:0/759758539 >> [v2:172.21.15.174:3300/0,v1:172.21.15.174:6789/0] conn(0x7f658007d6e0 0x7f658007bb90 secure :-1 s=READY pgs=76 cs=0 l=1 rev1=1 crypto rx=0x7f6578009e80 tx=0x7f657800b330 comp rx=0 tx=0).ready entity=mon.0 client_cookie=dc6ed1d96d6e67f8 server_cookie=0 in_seq=0 out_seq=0
2024-04-25T09:23:36.393 INFO:teuthology.orchestra.run.smithi174.stdout:/usr/bin/ceph: stderr
2024-04-25T09:23:35.625+0000 7f657dffb700 1 -- 172.21.15.174:0/759758539 <== mon.0 v2:172.21.15.174:3300/0 1 ==== mon_map magic: 0 ==== 205+0+0 (secure 0 0 0) 0x7f6578017070 con 0x7f658007d6e0
2024-04-25T09:23:36.393 INFO:teuthology.orchestra.run.smithi174.stdout:/usr/bin/ceph: stderr
2024-04-25T09:23:35.625+0000 7f657dffb700 1 -- 172.21.15.174:0/759758539 <== mon.0 v2:172.21.15.174:3300/0 2 ==== config(25 keys) ==== 1063+0+0 (secure 0 0 0) 0x7f657800b8c0 con 0x7f658007d6e0
2024-04-25T09:23:36.393 INFO:teuthology.orchestra.run.smithi174.stdout:/usr/bin/ceph: stderr
2024-04-25T09:23:35.625+0000 7f657dffb700 1 -- 172.21.15.174:0/759758539 <== mon.0 v2:172.21.15.174:3300/0 3 ==== mon_map magic: 0 ==== 205+0+0 (secure 0 0 0) 0x7f6578004420 con 0x7f658007d6e0
2024-04-25T09:23:36.393 INFO:teuthology.orchestra.run.smithi174.stdout:/usr/bin/ceph: stderr
2024-04-25T09:23:35.625+0000 7f658597c700 1 -- 172.21.15.174:0/759758539 >> [v2:172.21.15.174:3300/0,v1:172.21.15.174:6789/0] conn(0x7f658007d6e0 msgr2=0x7f658007bb90 secure :-1 s=STATE_CONNECTION_ESTABLISHED l=1).mark_down
2024-04-25T09:23:36.393 INFO:teuthology.orchestra.run.smithi174.stdout:/usr/bin/ceph: stderr
2024-04-25T09:23:35.625+0000 7f658597c700 1 --2- 172.21.15.174:0/759758539 >> [v2:172.21.15.174:3300/0,v1:172.21.15.174:6789/0] conn(0x7f658007d6e0 0x7f658007bb90 secure :-1 s=READY pgs=76 cs=0 l=1 rev1=1 crypto rx=0x7f6578009e80 tx=0x7f657800b330 comp rx=0 tx=0).stop
2024-04-25T09:23:36.393 INFO:teuthology.orchestra.run.smithi174.stdout:/usr/bin/ceph: stderr
2024-04-25T09:23:35.625+0000 7f658597c700 1 -- 172.21.15.174:0/759758539 shutdown_connections
2024-04-25T09:23:36.393 INFO:teuthology.orchestra.run.smithi174.stdout:/usr/bin/ceph: stderr
2024-04-25T09:23:35.625+0000 7f658597c700 1 --2- 172.21.15.174:0/759758539 >> [v2:172.21.15.174:3300/0,v1:172.21.15.174:6789/0] conn(0x7f658007d6e0 0x7f658007bb90 unknown :-1 s=CLOSED pgs=76 cs=0 l=1 rev1=1 crypto rx=0 tx=0 comp rx=0 tx=0).stop
2024-04-25T09:23:36.393 INFO:teuthology.orchestra.run.smithi174.stdout:/usr/bin/ceph: stderr
2024-04-25T09:23:35.625+0000 7f658597c700 1 -- 172.21.15.174:0/759758539 >> 172.21.15.174:0/759758539 conn(0x7f6580103970 msgr2=0x7f6580105dd0 unknown :-1 s=STATE_NONE l=0).mark_down
2024-04-25T09:23:36.393 INFO:teuthology.orchestra.run.smithi174.stdout:/usr/bin/ceph: stderr
2024-04-25T09:23:35.625+0000 7f658597c700 1 -- 172.21.15.174:0/759758539 shutdown_connections
2024-04-25T09:23:36.393 INFO:teuthology.orchestra.run.smithi174.stdout:/usr/bin/ceph: stderr
2024-04-25T09:23:35.625+0000 7f658597c700 1 -- 172.21.15.174:0/759758539 wait complete.
2024-04-25T09:23:36.393 INFO:teuthology.orchestra.run.smithi174.stdout:/usr/bin/ceph: stderr
2024-04-25T09:23:35.626+0000 7f658597c700 1 Processor -- start
2024-04-25T09:23:36.393 INFO:teuthology.orchestra.run.smithi174.stdout:/usr/bin/ceph: stderr
2024-04-25T09:23:35.626+0000 7f658597c700 1 -- start start
2024-04-25T09:23:36.394 INFO:teuthology.orchestra.run.smithi174.stdout:/usr/bin/ceph: stderr
2024-04-25T09:23:35.626+0000 7f658597c700 1 --2- >> [v2:172.21.15.174:3300/0,v1:172.21.15.174:6789/0] conn(0x7f658007d6e0 0x7f658019e460 unknown :-1 s=NONE pgs=0 cs=0 l=1 rev1=0 crypto rx=0 tx=0 comp rx=0 tx=0).connect
2024-04-25T09:23:36.394 INFO:teuthology.orchestra.run.smithi174.stdout:/usr/bin/ceph: stderr
2024-04-25T09:23:35.626+0000 7f658597c700 1 -- --> [v2:172.21.15.174:3300/0,v1:172.21.15.174:6789/0] -- mon_getmap magic: 0 -- 0x7f658010e930 con 0x7f658007d6e0
2024-04-25T09:23:36.394 INFO:teuthology.orchestra.run.smithi174.stdout:/usr/bin/ceph: stderr
2024-04-25T09:23:35.626+0000 7f657effd700 1 --2- >> [v2:172.21.15.174:3300/0,v1:172.21.15.174:6789/0] conn(0x7f658007d6e0 0x7f658019e460 unknown :-1 s=BANNER_CONNECTING pgs=0 cs=0 l=1 rev1=0 crypto rx=0 tx=0 comp rx=0 tx=0)._handle_peer_banner_payload supported=3 required=0
2024-04-25T09:23:36.394 INFO:teuthology.orchestra.run.smithi174.stdout:/usr/bin/ceph: stderr
2024-04-25T09:23:35.626+0000 7f657effd700 1 --2- >> [v2:172.21.15.174:3300/0,v1:172.21.15.174:6789/0] conn(0x7f658007d6e0 0x7f658019e460 unknown :-1 s=HELLO_CONNECTING pgs=0 cs=0 l=1 rev1=1 crypto rx=0 tx=0 comp rx=0 tx=0).handle_hello peer v2:172.21.15.174:3300/0 says I am v2:172.21.15.174:46414/0 (socket says 172.21.15.174:46414)
2024-04-25T09:23:36.394 INFO:teuthology.orchestra.run.smithi174.stdout:/usr/bin/ceph: stderr
2024-04-25T09:23:35.626+0000 7f657effd700 1 -- 172.21.15.174:0/2352502831 learned_addr learned my addr 172.21.15.174:0/2352502831 (peer_addr_for_me v2:172.21.15.174:0/0)
2024-04-25T09:23:36.394 INFO:teuthology.orchestra.run.smithi174.stdout:/usr/bin/ceph: stderr
2024-04-25T09:23:35.627+0000 7f657effd700 1 -- 172.21.15.174:0/2352502831 --> [v2:172.21.15.174:3300/0,v1:172.21.15.174:6789/0] -- mon_subscribe({config=0+,monmap=0+}) -- 0x7f658019e9a0 con 0x7f658007d6e0
2024-04-25T09:23:36.394 INFO:teuthology.orchestra.run.smithi174.stdout:/usr/bin/ceph: stderr
2024-04-25T09:23:35.627+0000 7f657effd700 1 --2- 172.21.15.174:0/2352502831 >> [v2:172.21.15.174:3300/0,v1:172.21.15.174:6789/0] conn(0x7f658007d6e0 0x7f658019e460 secure :-1 s=READY pgs=77 cs=0 l=1 rev1=1 crypto rx=0x7f6578009e50 tx=0x7f657800bd50 comp rx=0 tx=0).ready entity=mon.0 client_cookie=0 server_cookie=0 in_seq=0 out_seq=0
2024-04-25T09:23:36.394 INFO:teuthology.orchestra.run.smithi174.stdout:/usr/bin/ceph: stderr
2024-04-25T09:23:35.627+0000 7f658497a700 1 -- 172.21.15.174:0/2352502831 <== mon.0 v2:172.21.15.174:3300/0 1 ==== mon_map magic: 0 ==== 205+0+0 (secure 0 0 0) 0x7f6578020020 con 0x7f658007d6e0
2024-04-25T09:23:36.394 INFO:teuthology.orchestra.run.smithi174.stdout:/usr/bin/ceph: stderr
2024-04-25T09:23:35.627+0000 7f658497a700 1 -- 172.21.15.174:0/2352502831 <== mon.0 v2:172.21.15.174:3300/0 2 ==== config(25 keys) ==== 1063+0+0 (secure 0 0 0) 0x7f6578003d90 con 0x7f658007d6e0
2024-04-25T09:23:36.394 INFO:teuthology.orchestra.run.smithi174.stdout:/usr/bin/ceph: stderr
2024-04-25T09:23:35.627+0000 7f658597c700 1 -- 172.21.15.174:0/2352502831 --> [v2:172.21.15.174:3300/0,v1:172.21.15.174:6789/0] -- mon_subscribe({mgrmap=0+}) -- 0x7f658019ec30 con 0x7f658007d6e0
2024-04-25T09:23:36.394 INFO:teuthology.orchestra.run.smithi174.stdout:/usr/bin/ceph: stderr
2024-04-25T09:23:35.627+0000 7f658497a700 1 -- 172.21.15.174:0/2352502831 <== mon.0 v2:172.21.15.174:3300/0 3 ==== mon_map magic: 0 ==== 205+0+0 (secure 0 0 0) 0x7f6578017040 con 0x7f658007d6e0
2024-04-25T09:23:36.394 INFO:teuthology.orchestra.run.smithi174.stdout:/usr/bin/ceph: stderr
2024-04-25T09:23:35.627+0000 7f658597c700 1 -- 172.21.15.174:0/2352502831 --> [v2:172.21.15.174:3300/0,v1:172.21.15.174:6789/0] -- mon_subscribe({osdmap=0}) -- 0x7f65801a1920 con 0x7f658007d6e0
2024-04-25T09:23:36.395 INFO:teuthology.orchestra.run.smithi174.stdout:/usr/bin/ceph: stderr
2024-04-25T09:23:35.628+0000 7f658497a700 1 -- 172.21.15.174:0/2352502831 <== mon.0 v2:172.21.15.174:3300/0 4 ==== mgrmap(e 13) ==== 46615+0+0 (secure 0 0 0) 0x7f6578023020 con 0x7f658007d6e0
2024-04-25T09:23:36.395 INFO:teuthology.orchestra.run.smithi174.stdout:/usr/bin/ceph: stderr
2024-04-25T09:23:35.628+0000 7f658597c700 1 -- 172.21.15.174:0/2352502831 --> [v2:172.21.15.174:3300/0,v1:172.21.15.174:6789/0] -- mon_command({"prefix": "get_command_descriptions"} v 0) -- 0x7f6580064a80 con 0x7f658007d6e0
2024-04-25T09:23:36.395 INFO:teuthology.orchestra.run.smithi174.stdout:/usr/bin/ceph: stderr
2024-04-25T09:23:35.628+0000 7f658497a700 1 --2- 172.21.15.174:0/2352502831 >> [v2:172.21.15.174:6800/2091245880,v1:172.21.15.174:6801/2091245880] conn(0x7f6568039650 0x7f656803bb10 unknown :-1 s=NONE pgs=0 cs=0 l=1 rev1=0 crypto rx=0 tx=0 comp rx=0 tx=0).connect
2024-04-25T09:23:36.395 INFO:teuthology.orchestra.run.smithi174.stdout:/usr/bin/ceph: stderr
2024-04-25T09:23:35.628+0000 7f658497a700 1 -- 172.21.15.174:0/2352502831 <== mon.0 v2:172.21.15.174:3300/0 5 ==== osd_map(3..3 src has 1..3) ==== 1155+0+0 (secure 0 0 0) 0x7f657800f050 con 0x7f658007d6e0
2024-04-25T09:23:36.395 INFO:teuthology.orchestra.run.smithi174.stdout:/usr/bin/ceph: stderr
2024-04-25T09:23:35.628+0000 7f657e7fc700 1 --2- 172.21.15.174:0/2352502831 >> [v2:172.21.15.174:6800/2091245880,v1:172.21.15.174:6801/2091245880] conn(0x7f6568039650 0x7f656803bb10 unknown :-1 s=BANNER_CONNECTING pgs=0 cs=0 l=1 rev1=0 crypto rx=0 tx=0 comp rx=0 tx=0)._handle_peer_banner_payload supported=3 required=0
2024-04-25T09:23:36.395 INFO:teuthology.orchestra.run.smithi174.stdout:/usr/bin/ceph: stderr
2024-04-25T09:23:35.628+0000 7f657e7fc700 1 --2- 172.21.15.174:0/2352502831 >> [v2:172.21.15.174:6800/2091245880,v1:172.21.15.174:6801/2091245880] conn(0x7f6568039650 0x7f656803bb10 secure :-1 s=READY pgs=10 cs=0 l=1 rev1=1 crypto rx=0x7f6574006fd0 tx=0x7f6574006e40 comp rx=0 tx=0).ready entity=mgr.14152 client_cookie=0 server_cookie=0 in_seq=0 out_seq=0
2024-04-25T09:23:36.395 INFO:teuthology.orchestra.run.smithi174.stdout:/usr/bin/ceph: stderr
2024-04-25T09:23:35.633+0000 7f658497a700 1 -- 172.21.15.174:0/2352502831 <== mon.0 v2:172.21.15.174:3300/0 6 ==== mon_command_ack([{"prefix": "get_command_descriptions"}]=0 v0) ==== 72+0+188370 (secure 0 0 0) 0x7f657802a020 con 0x7f658007d6e0
2024-04-25T09:23:36.395 INFO:teuthology.orchestra.run.smithi174.stdout:/usr/bin/ceph: stderr
2024-04-25T09:23:35.829+0000 7f658597c700 1 -- 172.21.15.174:0/2352502831 --> [v2:172.21.15.174:3300/0,v1:172.21.15.174:6789/0] -- mon_command([{prefix=config set, name=osd_memory_target_autotune}] v 0) -- 0x7f65801a1af0 con 0x7f658007d6e0
2024-04-25T09:23:36.395 INFO:teuthology.orchestra.run.smithi174.stdout:/usr/bin/ceph: stderr
2024-04-25T09:23:35.830+0000 7f658497a700 1 -- 172.21.15.174:0/2352502831 <== mon.0 v2:172.21.15.174:3300/0 7 ==== mon_command_ack([{prefix=config set, name=osd_memory_target_autotune}]=0 v8)=0 v8) ==== 127+0+0 (secure 0 0 0) 0x7f6578007570 con 0x7f658007d6e0
2024-04-25T09:23:36.395 INFO:teuthology.orchestra.run.smithi174.stdout:/usr/bin/ceph: stderr
2024-04-25T09:23:35.832+0000 7f658597c700 1 -- 172.21.15.174:0/2352502831 >> [v2:172.21.15.174:6800/2091245880,v1:172.21.15.174:6801/2091245880] conn(0x7f6568039650 msgr2=0x7f656803bb10 secure :-1 s=STATE_CONNECTION_ESTABLISHED l=1).mark_down
2024-04-25T09:23:36.395 INFO:teuthology.orchestra.run.smithi174.stdout:/usr/bin/ceph: stderr
2024-04-25T09:23:35.832+0000 7f658597c700 1 --2- 172.21.15.174:0/2352502831 >> [v2:172.21.15.174:6800/2091245880,v1:172.21.15.174:6801/2091245880] conn(0x7f6568039650 0x7f656803bb10 secure :-1 s=READY pgs=10 cs=0 l=1 rev1=1 crypto rx=0x7f6574006fd0 tx=0x7f6574006e40 comp rx=0 tx=0).stop
2024-04-25T09:23:36.395 INFO:teuthology.orchestra.run.smithi174.stdout:/usr/bin/ceph: stderr
2024-04-25T09:23:35.832+0000 7f658597c700 1 -- 172.21.15.174:0/2352502831 >> [v2:172.21.15.174:3300/0,v1:172.21.15.174:6789/0] conn(0x7f658007d6e0 msgr2=0x7f658019e460 secure :-1 s=STATE_CONNECTION_ESTABLISHED l=1).mark_down
2024-04-25T09:23:36.395 INFO:teuthology.orchestra.run.smithi174.stdout:/usr/bin/ceph: stderr
2024-04-25T09:23:35.832+0000 7f658597c700 1 --2- 172.21.15.174:0/2352502831 >> [v2:172.21.15.174:3300/0,v1:172.21.15.174:6789/0] conn(0x7f658007d6e0 0x7f658019e460 secure :-1 s=READY pgs=77 cs=0 l=1 rev1=1 crypto rx=0x7f6578009e50 tx=0x7f657800bd50 comp rx=0 tx=0).stop
2024-04-25T09:23:36.395 INFO:teuthology.orchestra.run.smithi174.stdout:/usr/bin/ceph: stderr
2024-04-25T09:23:35.832+0000 7f658597c700 1 -- 172.21.15.174:0/2352502831 shutdown_connections
2024-04-25T09:23:36.396 INFO:teuthology.orchestra.run.smithi174.stdout:/usr/bin/ceph: stderr
2024-04-25T09:23:35.832+0000 7f658597c700 1 --2- 172.21.15.174:0/2352502831 >> [v2:172.21.15.174:6800/2091245880,v1:172.21.15.174:6801/2091245880] conn(0x7f6568039650 0x7f656803bb10 unknown :-1 s=CLOSED pgs=10 cs=0 l=1 rev1=1 crypto rx=0 tx=0 comp rx=0 tx=0).stop
2024-04-25T09:23:36.396 INFO:teuthology.orchestra.run.smithi174.stdout:/usr/bin/ceph: stderr
2024-04-25T09:23:35.832+0000 7f658597c700 1 --2- 172.21.15.174:0/2352502831 >> [v2:172.21.15.174:3300/0,v1:172.21.15.174:6789/0] conn(0x7f658007d6e0 0x7f658019e460 unknown :-1 s=CLOSED pgs=77 cs=0 l=1 rev1=1 crypto rx=0 tx=0 comp rx=0 tx=0).stop
2024-04-25T09:23:36.396 INFO:teuthology.orchestra.run.smithi174.stdout:/usr/bin/ceph: stderr
2024-04-25T09:23:35.832+0000 7f658597c700 1 -- 172.21.15.174:0/2352502831 >> 172.21.15.174:0/2352502831 conn(0x7f6580103970 msgr2=0x7f65801044c0 unknown :-1 s=STATE_NONE l=0).mark_down
2024-04-25T09:23:36.396 INFO:teuthology.orchestra.run.smithi174.stdout:/usr/bin/ceph: stderr
2024-04-25T09:23:35.833+0000 7f658597c700 1 -- 172.21.15.174:0/2352502831 shutdown_connections
2024-04-25T09:23:36.396 INFO:teuthology.orchestra.run.smithi174.stdout:/usr/bin/ceph: stderr
2024-04-25T09:23:35.833+0000 7f658597c700 1 -- 172.21.15.174:0/2352502831 wait complete.
2024-04-25T09:23:37.688 INFO:teuthology.orchestra.run.smithi174.stdout:/usr/bin/ceph: stderr
2024-04-25T09:23:36.852+0000 7fae48028700 1 Processor -- start
2024-04-25T09:23:37.689 INFO:teuthology.orchestra.run.smithi174.stdout:/usr/bin/ceph: stderr
2024-04-25T09:23:36.852+0000 7fae48028700 1 -- start start
2024-04-25T09:23:37.689 INFO:teuthology.orchestra.run.smithi174.stdout:/usr/bin/ceph: stderr
2024-04-25T09:23:36.852+0000 7fae48028700 1 --2- >> [v2:172.21.15.174:3300/0,v1:172.21.15.174:6789/0] conn(0x7fae401083b0 0x7fae401087d0 unknown :-1 s=NONE pgs=0 cs=0 l=0 rev1=0 crypto rx=0 tx=0 comp rx=0 tx=0).connect
2024-04-25T09:23:37.689 INFO:teuthology.orchestra.run.smithi174.stdout:/usr/bin/ceph: stderr
2024-04-25T09:23:36.852+0000 7fae48028700 1 -- --> [v2:172.21.15.174:3300/0,v1:172.21.15.174:6789/0] -- mon_getmap magic: 0 -- 0x7fae40108da0 con 0x7fae401083b0
2024-04-25T09:23:37.689 INFO:teuthology.orchestra.run.smithi174.stdout:/usr/bin/ceph: stderr
2024-04-25T09:23:36.852+0000 7fae45dc4700 1 --2- >> [v2:172.21.15.174:3300/0,v1:172.21.15.174:6789/0] conn(0x7fae401083b0 0x7fae401087d0 unknown :-1 s=BANNER_CONNECTING pgs=0 cs=0 l=0 rev1=0 crypto rx=0 tx=0 comp rx=0 tx=0)._handle_peer_banner_payload supported=3 required=0
2024-04-25T09:23:37.689 INFO:teuthology.orchestra.run.smithi174.stdout:/usr/bin/ceph: stderr
2024-04-25T09:23:36.852+0000 7fae45dc4700 1 --2- >> [v2:172.21.15.174:3300/0,v1:172.21.15.174:6789/0] conn(0x7fae401083b0 0x7fae401087d0 unknown :-1 s=HELLO_CONNECTING pgs=0 cs=0 l=0 rev1=1 crypto rx=0 tx=0 comp rx=0 tx=0).handle_hello peer v2:172.21.15.174:3300/0 says I am v2:172.21.15.174:46428/0 (socket says 172.21.15.174:46428)
2024-04-25T09:23:37.689 INFO:teuthology.orchestra.run.smithi174.stdout:/usr/bin/ceph: stderr
2024-04-25T09:23:36.852+0000 7fae45dc4700 1 -- 172.21.15.174:0/2296179003 learned_addr learned my addr 172.21.15.174:0/2296179003 (peer_addr_for_me v2:172.21.15.174:0/0)
2024-04-25T09:23:37.689 INFO:teuthology.orchestra.run.smithi174.stdout:/usr/bin/ceph: stderr
2024-04-25T09:23:36.853+0000 7fae45dc4700 1 -- 172.21.15.174:0/2296179003 --> [v2:172.21.15.174:3300/0,v1:172.21.15.174:6789/0] -- mon_subscribe({config=0+,monmap=0+}) -- 0x7fae40109560 con 0x7fae401083b0
2024-04-25T09:23:37.689 INFO:teuthology.orchestra.run.smithi174.stdout:/usr/bin/ceph: stderr
2024-04-25T09:23:36.853+0000 7fae45dc4700 1 --2- 172.21.15.174:0/2296179003 >> [v2:172.21.15.174:3300/0,v1:172.21.15.174:6789/0] conn(0x7fae401083b0 0x7fae401087d0 secure :-1 s=READY pgs=78 cs=0 l=1 rev1=1 crypto rx=0x7fae3c0098a0 tx=0x7fae3c009bb0 comp rx=0 tx=0).ready entity=mon.0 client_cookie=22d93dfcbd84c788 server_cookie=0 in_seq=0 out_seq=0
2024-04-25T09:23:37.689 INFO:teuthology.orchestra.run.smithi174.stdout:/usr/bin/ceph: stderr
2024-04-25T09:23:36.853+0000 7fae44dc2700 1 -- 172.21.15.174:0/2296179003 <== mon.0 v2:172.21.15.174:3300/0 1 ==== mon_map magic: 0 ==== 205+0+0 (secure 0 0 0) 0x7fae3c004160 con 0x7fae401083b0
2024-04-25T09:23:37.689 INFO:teuthology.orchestra.run.smithi174.stdout:/usr/bin/ceph: stderr
2024-04-25T09:23:36.853+0000 7fae44dc2700 1 -- 172.21.15.174:0/2296179003 <== mon.0 v2:172.21.15.174:3300/0 2 ==== config(25 keys) ==== 1063+0+0 (secure 0 0 0) 0x7fae3c004300 con 0x7fae401083b0
2024-04-25T09:23:37.689 INFO:teuthology.orchestra.run.smithi174.stdout:/usr/bin/ceph: stderr
2024-04-25T09:23:36.853+0000 7fae44dc2700 1 -- 172.21.15.174:0/2296179003 <== mon.0 v2:172.21.15.174:3300/0 3 ==== mon_map magic: 0 ==== 205+0+0 (secure 0 0 0) 0x7fae3c011960 con 0x7fae401083b0
2024-04-25T09:23:37.690 INFO:teuthology.orchestra.run.smithi174.stdout:/usr/bin/ceph: stderr
2024-04-25T09:23:36.853+0000 7fae48028700 1 -- 172.21.15.174:0/2296179003 >> [v2:172.21.15.174:3300/0,v1:172.21.15.174:6789/0] conn(0x7fae401083b0 msgr2=0x7fae401087d0 secure :-1 s=STATE_CONNECTION_ESTABLISHED l=1).mark_down
2024-04-25T09:23:37.690 INFO:teuthology.orchestra.run.smithi174.stdout:/usr/bin/ceph: stderr
2024-04-25T09:23:36.853+0000 7fae48028700 1 --2- 172.21.15.174:0/2296179003 >> [v2:172.21.15.174:3300/0,v1:172.21.15.174:6789/0] conn(0x7fae401083b0 0x7fae401087d0 secure :-1 s=READY pgs=78 cs=0 l=1 rev1=1 crypto rx=0x7fae3c0098a0 tx=0x7fae3c009bb0 comp rx=0 tx=0).stop
2024-04-25T09:23:37.690 INFO:teuthology.orchestra.run.smithi174.stdout:/usr/bin/ceph: stderr
2024-04-25T09:23:36.853+0000 7fae48028700 1 -- 172.21.15.174:0/2296179003 shutdown_connections
2024-04-25T09:23:37.690 INFO:teuthology.orchestra.run.smithi174.stdout:/usr/bin/ceph: stderr
2024-04-25T09:23:36.853+0000 7fae48028700 1 --2- 172.21.15.174:0/2296179003 >> [v2:172.21.15.174:3300/0,v1:172.21.15.174:6789/0] conn(0x7fae401083b0 0x7fae401087d0 unknown :-1 s=CLOSED pgs=78 cs=0 l=1 rev1=1 crypto rx=0 tx=0 comp rx=0 tx=0).stop
2024-04-25T09:23:37.690 INFO:teuthology.orchestra.run.smithi174.stdout:/usr/bin/ceph: stderr
2024-04-25T09:23:36.853+0000 7fae48028700 1 -- 172.21.15.174:0/2296179003 >> 172.21.15.174:0/2296179003 conn(0x7fae40103930 msgr2=0x7fae40105d90 unknown :-1 s=STATE_NONE l=0).mark_down
2024-04-25T09:23:37.690 INFO:teuthology.orchestra.run.smithi174.stdout:/usr/bin/ceph: stderr
2024-04-25T09:23:36.854+0000 7fae48028700 1 -- 172.21.15.174:0/2296179003 shutdown_connections
2024-04-25T09:23:37.690 INFO:teuthology.orchestra.run.smithi174.stdout:/usr/bin/ceph: stderr
2024-04-25T09:23:36.854+0000 7fae48028700 1 -- 172.21.15.174:0/2296179003 wait complete.
2024-04-25T09:23:37.690 INFO:teuthology.orchestra.run.smithi174.stdout:/usr/bin/ceph: stderr
2024-04-25T09:23:36.854+0000 7fae48028700 1 Processor -- start
2024-04-25T09:23:37.690 INFO:teuthology.orchestra.run.smithi174.stdout:/usr/bin/ceph: stderr
2024-04-25T09:23:36.854+0000 7fae48028700 1 -- start start
2024-04-25T09:23:37.690 INFO:teuthology.orchestra.run.smithi174.stdout:/usr/bin/ceph: stderr
2024-04-25T09:23:36.854+0000 7fae48028700 1 --2- >> [v2:172.21.15.174:3300/0,v1:172.21.15.174:6789/0] conn(0x7fae401083b0 0x7fae4019c290 unknown :-1 s=NONE pgs=0 cs=0 l=1 rev1=0 crypto rx=0 tx=0 comp rx=0 tx=0).connect
2024-04-25T09:23:37.690 INFO:teuthology.orchestra.run.smithi174.stdout:/usr/bin/ceph: stderr
2024-04-25T09:23:36.854+0000 7fae48028700 1 -- --> [v2:172.21.15.174:3300/0,v1:172.21.15.174:6789/0] -- mon_getmap magic: 0 -- 0x7fae4010c790 con 0x7fae401083b0
2024-04-25T09:23:37.690 INFO:teuthology.orchestra.run.smithi174.stdout:/usr/bin/ceph: stderr
2024-04-25T09:23:36.854+0000 7fae45dc4700 1 --2- >> [v2:172.21.15.174:3300/0,v1:172.21.15.174:6789/0] conn(0x7fae401083b0 0x7fae4019c290 unknown :-1 s=BANNER_CONNECTING pgs=0 cs=0 l=1 rev1=0 crypto rx=0 tx=0 comp rx=0 tx=0)._handle_peer_banner_payload supported=3 required=0
2024-04-25T09:23:37.690 INFO:teuthology.orchestra.run.smithi174.stdout:/usr/bin/ceph: stderr
2024-04-25T09:23:36.854+0000 7fae45dc4700 1 --2- >> [v2:172.21.15.174:3300/0,v1:172.21.15.174:6789/0] conn(0x7fae401083b0 0x7fae4019c290 unknown :-1 s=HELLO_CONNECTING pgs=0 cs=0 l=1 rev1=1 crypto rx=0 tx=0 comp rx=0 tx=0).handle_hello peer v2:172.21.15.174:3300/0 says I am v2:172.21.15.174:46434/0 (socket says 172.21.15.174:46434)
2024-04-25T09:23:37.690 INFO:teuthology.orchestra.run.smithi174.stdout:/usr/bin/ceph: stderr
2024-04-25T09:23:36.854+0000 7fae45dc4700 1 -- 172.21.15.174:0/4011659501 learned_addr learned my addr 172.21.15.174:0/4011659501 (peer_addr_for_me v2:172.21.15.174:0/0)
2024-04-25T09:23:37.691 INFO:teuthology.orchestra.run.smithi174.stdout:/usr/bin/ceph: stderr
2024-04-25T09:23:36.855+0000 7fae45dc4700 1 -- 172.21.15.174:0/4011659501 --> [v2:172.21.15.174:3300/0,v1:172.21.15.174:6789/0] -- mon_subscribe({config=0+,monmap=0+}) -- 0x7fae4019c7d0 con 0x7fae401083b0
2024-04-25T09:23:37.691 INFO:teuthology.orchestra.run.smithi174.stdout:/usr/bin/ceph: stderr
2024-04-25T09:23:36.855+0000 7fae45dc4700 1 --2- 172.21.15.174:0/4011659501 >> [v2:172.21.15.174:3300/0,v1:172.21.15.174:6789/0] conn(0x7fae401083b0 0x7fae4019c290 secure :-1 s=READY pgs=79 cs=0 l=1 rev1=1 crypto rx=0x7fae3c011670 tx=0x7fae3c011a30 comp rx=0 tx=0).ready entity=mon.0 client_cookie=0 server_cookie=0 in_seq=0 out_seq=0
2024-04-25T09:23:37.691 INFO:teuthology.orchestra.run.smithi174.stdout:/usr/bin/ceph: stderr
2024-04-25T09:23:36.855+0000 7fae36ffd700 1 -- 172.21.15.174:0/4011659501 <== mon.0 v2:172.21.15.174:3300/0 1 ==== mon_map magic: 0 ==== 205+0+0 (secure 0 0 0) 0x7fae3c003aa0 con 0x7fae401083b0
2024-04-25T09:23:37.691 INFO:teuthology.orchestra.run.smithi174.stdout:/usr/bin/ceph: stderr
2024-04-25T09:23:36.855+0000 7fae48028700 1 -- 172.21.15.174:0/4011659501 --> [v2:172.21.15.174:3300/0,v1:172.21.15.174:6789/0] -- mon_subscribe({mgrmap=0+}) -- 0x7fae4019ca60 con 0x7fae401083b0
2024-04-25T09:23:37.691 INFO:teuthology.orchestra.run.smithi174.stdout:/usr/bin/ceph: stderr
2024-04-25T09:23:36.855+0000 7fae36ffd700 1 -- 172.21.15.174:0/4011659501 <== mon.0 v2:172.21.15.174:3300/0 2 ==== config(25 keys) ==== 1063+0+0 (secure 0 0 0) 0x7fae3c01b8d0 con 0x7fae401083b0
2024-04-25T09:23:37.691 INFO:teuthology.orchestra.run.smithi174.stdout:/usr/bin/ceph: stderr
2024-04-25T09:23:36.855+0000 7fae36ffd700 1 -- 172.21.15.174:0/4011659501 <== mon.0 v2:172.21.15.174:3300/0 3 ==== mon_map magic: 0 ==== 205+0+0 (secure 0 0 0) 0x7fae3c0197f0 con 0x7fae401083b0
2024-04-25T09:23:37.691 INFO:teuthology.orchestra.run.smithi174.stdout:/usr/bin/ceph: stderr
2024-04-25T09:23:36.855+0000 7fae48028700 1 -- 172.21.15.174:0/4011659501 --> [v2:172.21.15.174:3300/0,v1:172.21.15.174:6789/0] -- mon_subscribe({osdmap=0}) -- 0x7fae4019f750 con 0x7fae401083b0
2024-04-25T09:23:37.691 INFO:teuthology.orchestra.run.smithi174.stdout:/usr/bin/ceph: stderr
2024-04-25T09:23:36.856+0000 7fae36ffd700 1 -- 172.21.15.174:0/4011659501 <== mon.0 v2:172.21.15.174:3300/0 4 ==== mgrmap(e 13) ==== 46615+0+0 (secure 0 0 0) 0x7fae3c019990 con 0x7fae401083b0
2024-04-25T09:23:37.691 INFO:teuthology.orchestra.run.smithi174.stdout:/usr/bin/ceph: stderr
2024-04-25T09:23:36.856+0000 7fae48028700 1 -- 172.21.15.174:0/4011659501 --> [v2:172.21.15.174:3300/0,v1:172.21.15.174:6789/0] -- mon_command({"prefix": "get_command_descriptions"} v 0) -- 0x7fae4010c910 con 0x7fae401083b0
2024-04-25T09:23:37.691 INFO:teuthology.orchestra.run.smithi174.stdout:/usr/bin/ceph: stderr
2024-04-25T09:23:36.856+0000 7fae36ffd700 1 --2- 172.21.15.174:0/4011659501 >> [v2:172.21.15.174:6800/2091245880,v1:172.21.15.174:6801/2091245880] conn(0x7fae2c039650 0x7fae2c03bb10 unknown :-1 s=NONE pgs=0 cs=0 l=1 rev1=0 crypto rx=0 tx=0 comp rx=0 tx=0).connect
2024-04-25T09:23:37.691 INFO:teuthology.orchestra.run.smithi174.stdout:/usr/bin/ceph: stderr
