2024-04-25T09:22:53.123 INFO:teuthology.orchestra.run.smithi174.stdout:/usr/bin/ceph: stdout "quorum_names": [
2024-04-25T09:22:53.123 INFO:teuthology.orchestra.run.smithi174.stdout:/usr/bin/ceph: stdout "a"
2024-04-25T09:22:53.123 INFO:teuthology.orchestra.run.smithi174.stdout:/usr/bin/ceph: stdout ],
2024-04-25T09:22:53.124 INFO:teuthology.orchestra.run.smithi174.stdout:/usr/bin/ceph: stdout "quorum_age": 12,
2024-04-25T09:22:53.124 INFO:teuthology.orchestra.run.smithi174.stdout:/usr/bin/ceph: stdout "monmap": {
2024-04-25T09:22:53.124 INFO:teuthology.orchestra.run.smithi174.stdout:/usr/bin/ceph: stdout "epoch": 1,
2024-04-25T09:22:53.124 INFO:teuthology.orchestra.run.smithi174.stdout:/usr/bin/ceph: stdout "min_mon_release_name": "squid",
2024-04-25T09:22:53.124 INFO:teuthology.orchestra.run.smithi174.stdout:/usr/bin/ceph: stdout "num_mons": 1
2024-04-25T09:22:53.124 INFO:teuthology.orchestra.run.smithi174.stdout:/usr/bin/ceph: stdout },
2024-04-25T09:22:53.124 INFO:teuthology.orchestra.run.smithi174.stdout:/usr/bin/ceph: stdout "osdmap": {
2024-04-25T09:22:53.124 INFO:teuthology.orchestra.run.smithi174.stdout:/usr/bin/ceph: stdout "epoch": 1,
2024-04-25T09:22:53.124 INFO:teuthology.orchestra.run.smithi174.stdout:/usr/bin/ceph: stdout "num_osds": 0,
2024-04-25T09:22:53.124 INFO:teuthology.orchestra.run.smithi174.stdout:/usr/bin/ceph: stdout "num_up_osds": 0,
2024-04-25T09:22:53.132 INFO:teuthology.orchestra.run.smithi174.stdout:/usr/bin/ceph: stdout "osd_up_since": 0,
2024-04-25T09:22:53.133 INFO:teuthology.orchestra.run.smithi174.stdout:/usr/bin/ceph: stdout "num_in_osds": 0,
2024-04-25T09:22:53.133 INFO:teuthology.orchestra.run.smithi174.stdout:/usr/bin/ceph: stdout "osd_in_since": 0,
2024-04-25T09:22:53.133 INFO:teuthology.orchestra.run.smithi174.stdout:/usr/bin/ceph: stdout "num_remapped_pgs": 0
2024-04-25T09:22:53.133 INFO:teuthology.orchestra.run.smithi174.stdout:/usr/bin/ceph: stdout },
2024-04-25T09:22:53.133 INFO:teuthology.orchestra.run.smithi174.stdout:/usr/bin/ceph: stdout "pgmap": {
2024-04-25T09:22:53.133 INFO:teuthology.orchestra.run.smithi174.stdout:/usr/bin/ceph: stdout "pgs_by_state": [],
2024-04-25T09:22:53.133 INFO:teuthology.orchestra.run.smithi174.stdout:/usr/bin/ceph: stdout "num_pgs": 0,
2024-04-25T09:22:53.133 INFO:teuthology.orchestra.run.smithi174.stdout:/usr/bin/ceph: stdout "num_pools": 0,
2024-04-25T09:22:53.133 INFO:teuthology.orchestra.run.smithi174.stdout:/usr/bin/ceph: stdout "num_objects": 0,
2024-04-25T09:22:53.133 INFO:teuthology.orchestra.run.smithi174.stdout:/usr/bin/ceph: stdout "data_bytes": 0,
2024-04-25T09:22:53.133 INFO:teuthology.orchestra.run.smithi174.stdout:/usr/bin/ceph: stdout "bytes_used": 0,
2024-04-25T09:22:53.133 INFO:teuthology.orchestra.run.smithi174.stdout:/usr/bin/ceph: stdout "bytes_avail": 0,
2024-04-25T09:22:53.133 INFO:teuthology.orchestra.run.smithi174.stdout:/usr/bin/ceph: stdout "bytes_total": 0
2024-04-25T09:22:53.133 INFO:teuthology.orchestra.run.smithi174.stdout:/usr/bin/ceph: stdout },
2024-04-25T09:22:53.134 INFO:teuthology.orchestra.run.smithi174.stdout:/usr/bin/ceph: stdout "fsmap": {
2024-04-25T09:22:53.134 INFO:teuthology.orchestra.run.smithi174.stdout:/usr/bin/ceph: stdout "epoch": 1,
2024-04-25T09:22:53.134 INFO:teuthology.orchestra.run.smithi174.stdout:/usr/bin/ceph: stdout "by_rank": [],
2024-04-25T09:22:53.134 INFO:teuthology.orchestra.run.smithi174.stdout:/usr/bin/ceph: stdout "up:standby": 0
2024-04-25T09:22:53.134 INFO:teuthology.orchestra.run.smithi174.stdout:/usr/bin/ceph: stdout },
2024-04-25T09:22:53.134 INFO:teuthology.orchestra.run.smithi174.stdout:/usr/bin/ceph: stdout "mgrmap": {
2024-04-25T09:22:53.134 INFO:teuthology.orchestra.run.smithi174.stdout:/usr/bin/ceph: stdout "available": true,
2024-04-25T09:22:53.134 INFO:teuthology.orchestra.run.smithi174.stdout:/usr/bin/ceph: stdout "num_standbys": 0,
2024-04-25T09:22:53.134 INFO:teuthology.orchestra.run.smithi174.stdout:/usr/bin/ceph: stdout "modules": [
2024-04-25T09:22:53.134 INFO:teuthology.orchestra.run.smithi174.stdout:/usr/bin/ceph: stdout "iostat",
2024-04-25T09:22:53.134 INFO:teuthology.orchestra.run.smithi174.stdout:/usr/bin/ceph: stdout "nfs",
2024-04-25T09:22:53.134 INFO:teuthology.orchestra.run.smithi174.stdout:/usr/bin/ceph: stdout "restful"
2024-04-25T09:22:53.134 INFO:teuthology.orchestra.run.smithi174.stdout:/usr/bin/ceph: stdout ],
2024-04-25T09:22:53.134 INFO:teuthology.orchestra.run.smithi174.stdout:/usr/bin/ceph: stdout "services": {}
2024-04-25T09:22:53.134 INFO:teuthology.orchestra.run.smithi174.stdout:/usr/bin/ceph: stdout },
2024-04-25T09:22:53.135 INFO:teuthology.orchestra.run.smithi174.stdout:/usr/bin/ceph: stdout "servicemap": {
2024-04-25T09:22:53.135 INFO:teuthology.orchestra.run.smithi174.stdout:/usr/bin/ceph: stdout "epoch": 1,
2024-04-25T09:22:53.135 INFO:teuthology.orchestra.run.smithi174.stdout:/usr/bin/ceph: stdout "modified": "2024-04-25T09:22:34.873328+0000",
2024-04-25T09:22:53.135 INFO:teuthology.orchestra.run.smithi174.stdout:/usr/bin/ceph: stdout "services": {}
2024-04-25T09:22:53.135 INFO:teuthology.orchestra.run.smithi174.stdout:/usr/bin/ceph: stdout },
2024-04-25T09:22:53.135 INFO:teuthology.orchestra.run.smithi174.stdout:/usr/bin/ceph: stdout "progress_events": {}
2024-04-25T09:22:53.135 INFO:teuthology.orchestra.run.smithi174.stdout:/usr/bin/ceph: stdout }
2024-04-25T09:22:53.135 INFO:teuthology.orchestra.run.smithi174.stdout:/usr/bin/ceph: stderr
2024-04-25T09:22:52.228+0000 7f837b105700 1 Processor -- start
2024-04-25T09:22:53.135 INFO:teuthology.orchestra.run.smithi174.stdout:/usr/bin/ceph: stderr
2024-04-25T09:22:52.228+0000 7f837b105700 1 -- start start
2024-04-25T09:22:53.135 INFO:teuthology.orchestra.run.smithi174.stdout:/usr/bin/ceph: stderr
2024-04-25T09:22:52.228+0000 7f837b105700 1 --2- >> [v2:172.21.15.174:3300/0,v1:172.21.15.174:6789/0] conn(0x7f83741072b0 0x7f83741076d0 unknown :-1 s=NONE pgs=0 cs=0 l=0 rev1=0 crypto rx=0 tx=0 comp rx=0 tx=0).connect
2024-04-25T09:22:53.135 INFO:teuthology.orchestra.run.smithi174.stdout:/usr/bin/ceph: stderr
2024-04-25T09:22:52.228+0000 7f837b105700 1 -- --> [v2:172.21.15.174:3300/0,v1:172.21.15.174:6789/0] -- mon_getmap magic: 0 -- 0x7f8374107ca0 con 0x7f83741072b0
2024-04-25T09:22:53.135 INFO:teuthology.orchestra.run.smithi174.stdout:/usr/bin/ceph: stderr
2024-04-25T09:22:52.229+0000 7f8378ea1700 1 --2- >> [v2:172.21.15.174:3300/0,v1:172.21.15.174:6789/0] conn(0x7f83741072b0 0x7f83741076d0 unknown :-1 s=BANNER_CONNECTING pgs=0 cs=0 l=0 rev1=0 crypto rx=0 tx=0 comp rx=0 tx=0)._handle_peer_banner_payload supported=3 required=0
2024-04-25T09:22:53.135 INFO:teuthology.orchestra.run.smithi174.stdout:/usr/bin/ceph: stderr
2024-04-25T09:22:52.229+0000 7f8378ea1700 1 --2- >> [v2:172.21.15.174:3300/0,v1:172.21.15.174:6789/0] conn(0x7f83741072b0 0x7f83741076d0 unknown :-1 s=HELLO_CONNECTING pgs=0 cs=0 l=0 rev1=1 crypto rx=0 tx=0 comp rx=0 tx=0).handle_hello peer v2:172.21.15.174:3300/0 says I am v2:172.21.15.174:43834/0 (socket says 172.21.15.174:43834)
2024-04-25T09:22:53.135 INFO:teuthology.orchestra.run.smithi174.stdout:/usr/bin/ceph: stderr
2024-04-25T09:22:52.229+0000 7f8378ea1700 1 -- 172.21.15.174:0/1431395329 learned_addr learned my addr 172.21.15.174:0/1431395329 (peer_addr_for_me v2:172.21.15.174:0/0)
2024-04-25T09:22:53.136 INFO:teuthology.orchestra.run.smithi174.stdout:/usr/bin/ceph: stderr
2024-04-25T09:22:52.229+0000 7f8378ea1700 1 -- 172.21.15.174:0/1431395329 --> [v2:172.21.15.174:3300/0,v1:172.21.15.174:6789/0] -- mon_subscribe({config=0+,monmap=0+}) -- 0x7f83741084b0 con 0x7f83741072b0
2024-04-25T09:22:53.136 INFO:teuthology.orchestra.run.smithi174.stdout:/usr/bin/ceph: stderr
2024-04-25T09:22:52.229+0000 7f8378ea1700 1 --2- 172.21.15.174:0/1431395329 >> [v2:172.21.15.174:3300/0,v1:172.21.15.174:6789/0] conn(0x7f83741072b0 0x7f83741076d0 secure :-1 s=READY pgs=18 cs=0 l=1 rev1=1 crypto rx=0x7f8364009e80 tx=0x7f836400b330 comp rx=0 tx=0).ready entity=mon.0 client_cookie=b05b4e8bb398d8e9 server_cookie=0 in_seq=0 out_seq=0
2024-04-25T09:22:53.136 INFO:teuthology.orchestra.run.smithi174.stdout:/usr/bin/ceph: stderr
2024-04-25T09:22:52.229+0000 7f83737fe700 1 -- 172.21.15.174:0/1431395329 <== mon.0 v2:172.21.15.174:3300/0 1 ==== mon_map magic: 0 ==== 205+0+0 (secure 0 0 0) 0x7f8364017070 con 0x7f83741072b0
2024-04-25T09:22:53.136 INFO:teuthology.orchestra.run.smithi174.stdout:/usr/bin/ceph: stderr
2024-04-25T09:22:52.229+0000 7f83737fe700 1 -- 172.21.15.174:0/1431395329 <== mon.0 v2:172.21.15.174:3300/0 2 ==== config(25 keys) ==== 1032+0+0 (secure 0 0 0) 0x7f836400b8c0 con 0x7f83741072b0
2024-04-25T09:22:53.136 INFO:teuthology.orchestra.run.smithi174.stdout:/usr/bin/ceph: stderr
2024-04-25T09:22:52.229+0000 7f83737fe700 1 -- 172.21.15.174:0/1431395329 <== mon.0 v2:172.21.15.174:3300/0 3 ==== mon_map magic: 0 ==== 205+0+0 (secure 0 0 0) 0x7f8364004420 con 0x7f83741072b0
2024-04-25T09:22:53.136 INFO:teuthology.orchestra.run.smithi174.stdout:/usr/bin/ceph: stderr
2024-04-25T09:22:52.230+0000 7f837b105700 1 -- 172.21.15.174:0/1431395329 >> [v2:172.21.15.174:3300/0,v1:172.21.15.174:6789/0] conn(0x7f83741072b0 msgr2=0x7f83741076d0 secure :-1 s=STATE_CONNECTION_ESTABLISHED l=1).mark_down
2024-04-25T09:22:53.136 INFO:teuthology.orchestra.run.smithi174.stdout:/usr/bin/ceph: stderr
2024-04-25T09:22:52.230+0000 7f837b105700 1 --2- 172.21.15.174:0/1431395329 >> [v2:172.21.15.174:3300/0,v1:172.21.15.174:6789/0] conn(0x7f83741072b0 0x7f83741076d0 secure :-1 s=READY pgs=18 cs=0 l=1 rev1=1 crypto rx=0x7f8364009e80 tx=0x7f836400b330 comp rx=0 tx=0).stop
2024-04-25T09:22:53.136 INFO:teuthology.orchestra.run.smithi174.stdout:/usr/bin/ceph: stderr
2024-04-25T09:22:52.230+0000 7f837b105700 1 -- 172.21.15.174:0/1431395329 shutdown_connections
2024-04-25T09:22:53.136 INFO:teuthology.orchestra.run.smithi174.stdout:/usr/bin/ceph: stderr
2024-04-25T09:22:52.230+0000 7f837b105700 1 --2- 172.21.15.174:0/1431395329 >> [v2:172.21.15.174:3300/0,v1:172.21.15.174:6789/0] conn(0x7f83741072b0 0x7f83741076d0 unknown :-1 s=CLOSED pgs=18 cs=0 l=1 rev1=1 crypto rx=0 tx=0 comp rx=0 tx=0).stop
2024-04-25T09:22:53.136 INFO:teuthology.orchestra.run.smithi174.stdout:/usr/bin/ceph: stderr
2024-04-25T09:22:52.230+0000 7f837b105700 1 -- 172.21.15.174:0/1431395329 >> 172.21.15.174:0/1431395329 conn(0x7f8374102870 msgr2=0x7f8374104c90 unknown :-1 s=STATE_NONE l=0).mark_down
2024-04-25T09:22:53.136 INFO:teuthology.orchestra.run.smithi174.stdout:/usr/bin/ceph: stderr
2024-04-25T09:22:52.230+0000 7f837b105700 1 -- 172.21.15.174:0/1431395329 shutdown_connections
2024-04-25T09:22:53.136 INFO:teuthology.orchestra.run.smithi174.stdout:/usr/bin/ceph: stderr
2024-04-25T09:22:52.230+0000 7f837b105700 1 -- 172.21.15.174:0/1431395329 wait complete.
2024-04-25T09:22:53.136 INFO:teuthology.orchestra.run.smithi174.stdout:/usr/bin/ceph: stderr
2024-04-25T09:22:52.231+0000 7f837b105700 1 Processor -- start
2024-04-25T09:22:53.136 INFO:teuthology.orchestra.run.smithi174.stdout:/usr/bin/ceph: stderr
2024-04-25T09:22:52.231+0000 7f837b105700 1 -- start start
2024-04-25T09:22:53.137 INFO:teuthology.orchestra.run.smithi174.stdout:/usr/bin/ceph: stderr
2024-04-25T09:22:52.231+0000 7f837b105700 1 --2- >> [v2:172.21.15.174:3300/0,v1:172.21.15.174:6789/0] conn(0x7f83741072b0 0x7f8374192380 unknown :-1 s=NONE pgs=0 cs=0 l=1 rev1=0 crypto rx=0 tx=0 comp rx=0 tx=0).connect
2024-04-25T09:22:53.137 INFO:teuthology.orchestra.run.smithi174.stdout:/usr/bin/ceph: stderr
2024-04-25T09:22:52.231+0000 7f837b105700 1 -- --> [v2:172.21.15.174:3300/0,v1:172.21.15.174:6789/0] -- mon_getmap magic: 0 -- 0x7f837410b6e0 con 0x7f83741072b0
2024-04-25T09:22:53.137 INFO:teuthology.orchestra.run.smithi174.stdout:/usr/bin/ceph: stderr
2024-04-25T09:22:52.231+0000 7f8378ea1700 1 --2- >> [v2:172.21.15.174:3300/0,v1:172.21.15.174:6789/0] conn(0x7f83741072b0 0x7f8374192380 unknown :-1 s=BANNER_CONNECTING pgs=0 cs=0 l=1 rev1=0 crypto rx=0 tx=0 comp rx=0 tx=0)._handle_peer_banner_payload supported=3 required=0
2024-04-25T09:22:53.137 INFO:teuthology.orchestra.run.smithi174.stdout:/usr/bin/ceph: stderr
2024-04-25T09:22:52.231+0000 7f8378ea1700 1 --2- >> [v2:172.21.15.174:3300/0,v1:172.21.15.174:6789/0] conn(0x7f83741072b0 0x7f8374192380 unknown :-1 s=HELLO_CONNECTING pgs=0 cs=0 l=1 rev1=1 crypto rx=0 tx=0 comp rx=0 tx=0).handle_hello peer v2:172.21.15.174:3300/0 says I am v2:172.21.15.174:43848/0 (socket says 172.21.15.174:43848)
2024-04-25T09:22:53.137 INFO:teuthology.orchestra.run.smithi174.stdout:/usr/bin/ceph: stderr
2024-04-25T09:22:52.231+0000 7f8378ea1700 1 -- 172.21.15.174:0/3153092986 learned_addr learned my addr 172.21.15.174:0/3153092986 (peer_addr_for_me v2:172.21.15.174:0/0)
2024-04-25T09:22:53.137 INFO:teuthology.orchestra.run.smithi174.stdout:/usr/bin/ceph: stderr
2024-04-25T09:22:52.231+0000 7f8378ea1700 1 -- 172.21.15.174:0/3153092986 --> [v2:172.21.15.174:3300/0,v1:172.21.15.174:6789/0] -- mon_subscribe({config=0+,monmap=0+}) -- 0x7f83741928c0 con 0x7f83741072b0
2024-04-25T09:22:53.137 INFO:teuthology.orchestra.run.smithi174.stdout:/usr/bin/ceph: stderr
2024-04-25T09:22:52.231+0000 7f8378ea1700 1 --2- 172.21.15.174:0/3153092986 >> [v2:172.21.15.174:3300/0,v1:172.21.15.174:6789/0] conn(0x7f83741072b0 0x7f8374192380 secure :-1 s=READY pgs=19 cs=0 l=1 rev1=1 crypto rx=0x7f8364009e50 tx=0x7f836400bd50 comp rx=0 tx=0).ready entity=mon.0 client_cookie=0 server_cookie=0 in_seq=0 out_seq=0
2024-04-25T09:22:53.137 INFO:teuthology.orchestra.run.smithi174.stdout:/usr/bin/ceph: stderr
2024-04-25T09:22:52.232+0000 7f8371ffb700 1 -- 172.21.15.174:0/3153092986 <== mon.0 v2:172.21.15.174:3300/0 1 ==== mon_map magic: 0 ==== 205+0+0 (secure 0 0 0) 0x7f8364020020 con 0x7f83741072b0
2024-04-25T09:22:53.137 INFO:teuthology.orchestra.run.smithi174.stdout:/usr/bin/ceph: stderr
2024-04-25T09:22:52.232+0000 7f8371ffb700 1 -- 172.21.15.174:0/3153092986 <== mon.0 v2:172.21.15.174:3300/0 2 ==== config(25 keys) ==== 1032+0+0 (secure 0 0 0) 0x7f8364012430 con 0x7f83741072b0
2024-04-25T09:22:53.137 INFO:teuthology.orchestra.run.smithi174.stdout:/usr/bin/ceph: stderr
2024-04-25T09:22:52.232+0000 7f837b105700 1 -- 172.21.15.174:0/3153092986 --> [v2:172.21.15.174:3300/0,v1:172.21.15.174:6789/0] -- mon_subscribe({mgrmap=0+}) -- 0x7f8374190ab0 con 0x7f83741072b0
2024-04-25T09:22:53.137 INFO:teuthology.orchestra.run.smithi174.stdout:/usr/bin/ceph: stderr
2024-04-25T09:22:52.232+0000 7f8371ffb700 1 -- 172.21.15.174:0/3153092986 <== mon.0 v2:172.21.15.174:3300/0 3 ==== mon_map magic: 0 ==== 205+0+0 (secure 0 0 0) 0x7f8364017040 con 0x7f83741072b0
2024-04-25T09:22:53.137 INFO:teuthology.orchestra.run.smithi174.stdout:/usr/bin/ceph: stderr
2024-04-25T09:22:52.232+0000 7f837b105700 1 -- 172.21.15.174:0/3153092986 --> [v2:172.21.15.174:3300/0,v1:172.21.15.174:6789/0] -- mon_subscribe({osdmap=0}) -- 0x7f8374190ff0 con 0x7f83741072b0
2024-04-25T09:22:53.137 INFO:teuthology.orchestra.run.smithi174.stdout:/usr/bin/ceph: stderr
2024-04-25T09:22:52.233+0000 7f8371ffb700 1 -- 172.21.15.174:0/3153092986 <== mon.0 v2:172.21.15.174:3300/0 4 ==== mgrmap(e 4) ==== 46547+0+0 (secure 0 0 0) 0x7f8364023020 con 0x7f83741072b0
2024-04-25T09:22:53.137 INFO:teuthology.orchestra.run.smithi174.stdout:/usr/bin/ceph: stderr
2024-04-25T09:22:52.233+0000 7f837b105700 1 -- 172.21.15.174:0/3153092986 --> [v2:172.21.15.174:3300/0,v1:172.21.15.174:6789/0] -- mon_command({"prefix": "get_command_descriptions"} v 0) -- 0x7f8374064a80 con 0x7f83741072b0
2024-04-25T09:22:53.138 INFO:teuthology.orchestra.run.smithi174.stdout:/usr/bin/ceph: stderr
2024-04-25T09:22:52.233+0000 7f8371ffb700 1 --2- 172.21.15.174:0/3153092986 >> [v2:172.21.15.174:6800/71459327,v1:172.21.15.174:6801/71459327] conn(0x7f8360039510 0x7f836003b9d0 unknown :-1 s=NONE pgs=0 cs=0 l=1 rev1=0 crypto rx=0 tx=0 comp rx=0 tx=0).connect
2024-04-25T09:22:53.138 INFO:teuthology.orchestra.run.smithi174.stdout:/usr/bin/ceph: stderr
2024-04-25T09:22:52.233+0000 7f8371ffb700 1 -- 172.21.15.174:0/3153092986 <== mon.0 v2:172.21.15.174:3300/0 5 ==== osd_map(1..1 src has 1..1) ==== 725+0+0 (secure 0 0 0) 0x7f836400f050 con 0x7f83741072b0
2024-04-25T09:22:53.138 INFO:teuthology.orchestra.run.smithi174.stdout:/usr/bin/ceph: stderr
2024-04-25T09:22:52.233+0000 7f8373fff700 1 --2- 172.21.15.174:0/3153092986 >> [v2:172.21.15.174:6800/71459327,v1:172.21.15.174:6801/71459327] conn(0x7f8360039510 0x7f836003b9d0 unknown :-1 s=BANNER_CONNECTING pgs=0 cs=0 l=1 rev1=0 crypto rx=0 tx=0 comp rx=0 tx=0)._handle_peer_banner_payload supported=3 required=0
2024-04-25T09:22:53.138 INFO:teuthology.orchestra.run.smithi174.stdout:/usr/bin/ceph: stderr
2024-04-25T09:22:52.234+0000 7f8373fff700 1 --2- 172.21.15.174:0/3153092986 >> [v2:172.21.15.174:6800/71459327,v1:172.21.15.174:6801/71459327] conn(0x7f8360039510 0x7f836003b9d0 secure :-1 s=READY pgs=6 cs=0 l=1 rev1=1 crypto rx=0x7f835c006fd0 tx=0x7f835c006e40 comp rx=0 tx=0).ready entity=mgr.14100 client_cookie=0 server_cookie=0 in_seq=0 out_seq=0
2024-04-25T09:22:53.138 INFO:teuthology.orchestra.run.smithi174.stdout:/usr/bin/ceph: stderr
2024-04-25T09:22:52.238+0000 7f8371ffb700 1 -- 172.21.15.174:0/3153092986 <== mon.0 v2:172.21.15.174:3300/0 6 ==== mon_command_ack([{"prefix": "get_command_descriptions"}]=0 v0) ==== 72+0+188370 (secure 0 0 0) 0x7f836402a020 con 0x7f83741072b0
2024-04-25T09:22:53.138 INFO:teuthology.orchestra.run.smithi174.stdout:/usr/bin/ceph: stderr
2024-04-25T09:22:52.519+0000 7f837b105700 1 -- 172.21.15.174:0/3153092986 --> [v2:172.21.15.174:3300/0,v1:172.21.15.174:6789/0] -- mon_command({"prefix": "status", "format": "json-pretty"} v 0) -- 0x7f83740008d0 con 0x7f83741072b0
2024-04-25T09:22:53.138 INFO:teuthology.orchestra.run.smithi174.stdout:/usr/bin/ceph: stderr
2024-04-25T09:22:52.520+0000 7f8371ffb700 1 -- 172.21.15.174:0/3153092986 <== mon.0 v2:172.21.15.174:3300/0 7 ==== mon_command_ack([{"prefix": "status", "format": "json-pretty"}]=0 v0) ==== 79+0+1239 (secure 0 0 0) 0x7f836401b730 con 0x7f83741072b0
2024-04-25T09:22:53.138 INFO:teuthology.orchestra.run.smithi174.stdout:/usr/bin/ceph: stderr
2024-04-25T09:22:52.522+0000 7f837b105700 1 -- 172.21.15.174:0/3153092986 >> [v2:172.21.15.174:6800/71459327,v1:172.21.15.174:6801/71459327] conn(0x7f8360039510 msgr2=0x7f836003b9d0 secure :-1 s=STATE_CONNECTION_ESTABLISHED l=1).mark_down
2024-04-25T09:22:53.138 INFO:teuthology.orchestra.run.smithi174.stdout:/usr/bin/ceph: stderr
2024-04-25T09:22:52.522+0000 7f837b105700 1 --2- 172.21.15.174:0/3153092986 >> [v2:172.21.15.174:6800/71459327,v1:172.21.15.174:6801/71459327] conn(0x7f8360039510 0x7f836003b9d0 secure :-1 s=READY pgs=6 cs=0 l=1 rev1=1 crypto rx=0x7f835c006fd0 tx=0x7f835c006e40 comp rx=0 tx=0).stop
2024-04-25T09:22:53.138 INFO:teuthology.orchestra.run.smithi174.stdout:/usr/bin/ceph: stderr
2024-04-25T09:22:52.522+0000 7f837b105700 1 -- 172.21.15.174:0/3153092986 >> [v2:172.21.15.174:3300/0,v1:172.21.15.174:6789/0] conn(0x7f83741072b0 msgr2=0x7f8374192380 secure :-1 s=STATE_CONNECTION_ESTABLISHED l=1).mark_down
2024-04-25T09:22:53.138 INFO:teuthology.orchestra.run.smithi174.stdout:/usr/bin/ceph: stderr
2024-04-25T09:22:52.522+0000 7f837b105700 1 --2- 172.21.15.174:0/3153092986 >> [v2:172.21.15.174:3300/0,v1:172.21.15.174:6789/0] conn(0x7f83741072b0 0x7f8374192380 secure :-1 s=READY pgs=19 cs=0 l=1 rev1=1 crypto rx=0x7f8364009e50 tx=0x7f836400bd50 comp rx=0 tx=0).stop
2024-04-25T09:22:53.138 INFO:teuthology.orchestra.run.smithi174.stdout:/usr/bin/ceph: stderr
2024-04-25T09:22:52.522+0000 7f837b105700 1 -- 172.21.15.174:0/3153092986 shutdown_connections
2024-04-25T09:22:53.138 INFO:teuthology.orchestra.run.smithi174.stdout:/usr/bin/ceph: stderr
2024-04-25T09:22:52.522+0000 7f837b105700 1 --2- 172.21.15.174:0/3153092986 >> [v2:172.21.15.174:6800/71459327,v1:172.21.15.174:6801/71459327] conn(0x7f8360039510 0x7f836003b9d0 unknown :-1 s=CLOSED pgs=6 cs=0 l=1 rev1=1 crypto rx=0 tx=0 comp rx=0 tx=0).stop
2024-04-25T09:22:53.138 INFO:teuthology.orchestra.run.smithi174.stdout:/usr/bin/ceph: stderr
2024-04-25T09:22:52.522+0000 7f837b105700 1 --2- 172.21.15.174:0/3153092986 >> [v2:172.21.15.174:3300/0,v1:172.21.15.174:6789/0] conn(0x7f83741072b0 0x7f8374192380 unknown :-1 s=CLOSED pgs=19 cs=0 l=1 rev1=1 crypto rx=0 tx=0 comp rx=0 tx=0).stop
2024-04-25T09:22:53.139 INFO:teuthology.orchestra.run.smithi174.stdout:/usr/bin/ceph: stderr
2024-04-25T09:22:52.522+0000 7f837b105700 1 -- 172.21.15.174:0/3153092986 >> 172.21.15.174:0/3153092986 conn(0x7f8374102870 msgr2=0x7f8374103720 unknown :-1 s=STATE_NONE l=0).mark_down
2024-04-25T09:22:53.139 INFO:teuthology.orchestra.run.smithi174.stdout:/usr/bin/ceph: stderr
2024-04-25T09:22:52.522+0000 7f837b105700 1 -- 172.21.15.174:0/3153092986 shutdown_connections
2024-04-25T09:22:53.139 INFO:teuthology.orchestra.run.smithi174.stdout:/usr/bin/ceph: stderr
2024-04-25T09:22:52.522+0000 7f837b105700 1 -- 172.21.15.174:0/3153092986 wait complete.
2024-04-25T09:22:53.139 INFO:teuthology.orchestra.run.smithi174.stdout:mgr is available
2024-04-25T09:22:54.199 INFO:journalctl@ceph.mon.a.smithi174.stdout:Apr 25 09:22:53 smithi174 ceph-mon[26670]: from='client.? 172.21.15.174:0/3808240647' entity='client.admin' cmd=[{"prefix": "config assimilate-conf"}]: dispatch
2024-04-25T09:22:54.466 INFO:teuthology.orchestra.run.smithi174.stdout:/usr/bin/ceph: stdout
2024-04-25T09:22:54.467 INFO:teuthology.orchestra.run.smithi174.stdout:/usr/bin/ceph: stdout [global]
2024-04-25T09:22:54.467 INFO:teuthology.orchestra.run.smithi174.stdout:/usr/bin/ceph: stdout fsid = 36311b0e-02e5-11ef-bc93-c7b262605968
2024-04-25T09:22:54.467 INFO:teuthology.orchestra.run.smithi174.stdout:/usr/bin/ceph: stdout mon_cluster_log_file_level = debug
2024-04-25T09:22:54.467 INFO:teuthology.orchestra.run.smithi174.stdout:/usr/bin/ceph: stdout mon_osd_allow_pg_remap = true
2024-04-25T09:22:54.467 INFO:teuthology.orchestra.run.smithi174.stdout:/usr/bin/ceph: stdout mon_osd_allow_primary_affinity = true
2024-04-25T09:22:54.467 INFO:teuthology.orchestra.run.smithi174.stdout:/usr/bin/ceph: stdout mon_warn_on_no_sortbitwise = false
2024-04-25T09:22:54.467 INFO:teuthology.orchestra.run.smithi174.stdout:/usr/bin/ceph: stdout osd_crush_chooseleaf_type = 0
2024-04-25T09:22:54.467 INFO:teuthology.orchestra.run.smithi174.stdout:/usr/bin/ceph: stdout
2024-04-25T09:22:54.467 INFO:teuthology.orchestra.run.smithi174.stdout:/usr/bin/ceph: stdout [mgr]
2024-04-25T09:22:54.467 INFO:teuthology.orchestra.run.smithi174.stdout:/usr/bin/ceph: stdout mgr/telemetry/nag = false
2024-04-25T09:22:54.467 INFO:teuthology.orchestra.run.smithi174.stdout:/usr/bin/ceph: stdout
2024-04-25T09:22:54.467 INFO:teuthology.orchestra.run.smithi174.stdout:/usr/bin/ceph: stdout [osd]
2024-04-25T09:22:54.467 INFO:teuthology.orchestra.run.smithi174.stdout:/usr/bin/ceph: stdout osd_map_max_advance = 10
2024-04-25T09:22:54.467 INFO:teuthology.orchestra.run.smithi174.stdout:/usr/bin/ceph: stdout osd_sloppy_crc = true
2024-04-25T09:22:54.468 INFO:teuthology.orchestra.run.smithi174.stdout:/usr/bin/ceph: stderr
2024-04-25T09:22:53.690+0000 7fd40e378700 1 Processor -- start
2024-04-25T09:22:54.468 INFO:teuthology.orchestra.run.smithi174.stdout:/usr/bin/ceph: stderr
2024-04-25T09:22:53.690+0000 7fd40e378700 1 -- start start
2024-04-25T09:22:54.468 INFO:teuthology.orchestra.run.smithi174.stdout:/usr/bin/ceph: stderr
2024-04-25T09:22:53.690+0000 7fd40e378700 1 --2- >> [v2:172.21.15.174:3300/0,v1:172.21.15.174:6789/0] conn(0x7fd40807df50 0x7fd40807c400 unknown :-1 s=NONE pgs=0 cs=0 l=0 rev1=0 crypto rx=0 tx=0 comp rx=0 tx=0).connect
2024-04-25T09:22:54.468 INFO:teuthology.orchestra.run.smithi174.stdout:/usr/bin/ceph: stderr
2024-04-25T09:22:53.690+0000 7fd40e378700 1 -- --> [v2:172.21.15.174:3300/0,v1:172.21.15.174:6789/0] -- mon_getmap magic: 0 -- 0x7fd40807c940 con 0x7fd40807df50
2024-04-25T09:22:54.468 INFO:teuthology.orchestra.run.smithi174.stdout:/usr/bin/ceph: stderr
2024-04-25T09:22:53.690+0000 7fd407fff700 1 --2- >> [v2:172.21.15.174:3300/0,v1:172.21.15.174:6789/0] conn(0x7fd40807df50 0x7fd40807c400 unknown :-1 s=BANNER_CONNECTING pgs=0 cs=0 l=0 rev1=0 crypto rx=0 tx=0 comp rx=0 tx=0)._handle_peer_banner_payload supported=3 required=0
2024-04-25T09:22:54.468 INFO:teuthology.orchestra.run.smithi174.stdout:/usr/bin/ceph: stderr
2024-04-25T09:22:53.690+0000 7fd407fff700 1 --2- >> [v2:172.21.15.174:3300/0,v1:172.21.15.174:6789/0] conn(0x7fd40807df50 0x7fd40807c400 unknown :-1 s=HELLO_CONNECTING pgs=0 cs=0 l=0 rev1=1 crypto rx=0 tx=0 comp rx=0 tx=0).handle_hello peer v2:172.21.15.174:3300/0 says I am v2:172.21.15.174:43854/0 (socket says 172.21.15.174:43854)
2024-04-25T09:22:54.468 INFO:teuthology.orchestra.run.smithi174.stdout:/usr/bin/ceph: stderr
2024-04-25T09:22:53.690+0000 7fd407fff700 1 -- 172.21.15.174:0/2019050817 learned_addr learned my addr 172.21.15.174:0/2019050817 (peer_addr_for_me v2:172.21.15.174:0/0)
2024-04-25T09:22:54.468 INFO:teuthology.orchestra.run.smithi174.stdout:/usr/bin/ceph: stderr
2024-04-25T09:22:53.690+0000 7fd407fff700 1 -- 172.21.15.174:0/2019050817 --> [v2:172.21.15.174:3300/0,v1:172.21.15.174:6789/0] -- mon_subscribe({config=0+,monmap=0+}) -- 0x7fd40807cac0 con 0x7fd40807df50
2024-04-25T09:22:54.468 INFO:teuthology.orchestra.run.smithi174.stdout:/usr/bin/ceph: stderr
2024-04-25T09:22:53.690+0000 7fd407fff700 1 --2- 172.21.15.174:0/2019050817 >> [v2:172.21.15.174:3300/0,v1:172.21.15.174:6789/0] conn(0x7fd40807df50 0x7fd40807c400 secure :-1 s=READY pgs=20 cs=0 l=1 rev1=1 crypto rx=0x7fd3f80098a0 tx=0x7fd3f8009bb0 comp rx=0 tx=0).ready entity=mon.0 client_cookie=6a377f0a1a0e8c16 server_cookie=0 in_seq=0 out_seq=0
2024-04-25T09:22:54.468 INFO:teuthology.orchestra.run.smithi174.stdout:/usr/bin/ceph: stderr
2024-04-25T09:22:53.690+0000 7fd406ffd700 1 -- 172.21.15.174:0/2019050817 <== mon.0 v2:172.21.15.174:3300/0 1 ==== mon_map magic: 0 ==== 205+0+0 (secure 0 0 0) 0x7fd3f8004160 con 0x7fd40807df50
2024-04-25T09:22:54.468 INFO:teuthology.orchestra.run.smithi174.stdout:/usr/bin/ceph: stderr
2024-04-25T09:22:53.691+0000 7fd406ffd700 1 -- 172.21.15.174:0/2019050817 <== mon.0 v2:172.21.15.174:3300/0 2 ==== config(25 keys) ==== 1032+0+0 (secure 0 0 0) 0x7fd3f8004300 con 0x7fd40807df50
2024-04-25T09:22:54.468 INFO:teuthology.orchestra.run.smithi174.stdout:/usr/bin/ceph: stderr
2024-04-25T09:22:53.691+0000 7fd406ffd700 1 -- 172.21.15.174:0/2019050817 <== mon.0 v2:172.21.15.174:3300/0 3 ==== mon_map magic: 0 ==== 205+0+0 (secure 0 0 0) 0x7fd3f80119e0 con 0x7fd40807df50
2024-04-25T09:22:54.468 INFO:teuthology.orchestra.run.smithi174.stdout:/usr/bin/ceph: stderr
2024-04-25T09:22:53.691+0000 7fd40e378700 1 -- 172.21.15.174:0/2019050817 >> [v2:172.21.15.174:3300/0,v1:172.21.15.174:6789/0] conn(0x7fd40807df50 msgr2=0x7fd40807c400 secure :-1 s=STATE_CONNECTION_ESTABLISHED l=1).mark_down
2024-04-25T09:22:54.468 INFO:teuthology.orchestra.run.smithi174.stdout:/usr/bin/ceph: stderr
2024-04-25T09:22:53.691+0000 7fd40e378700 1 --2- 172.21.15.174:0/2019050817 >> [v2:172.21.15.174:3300/0,v1:172.21.15.174:6789/0] conn(0x7fd40807df50 0x7fd40807c400 secure :-1 s=READY pgs=20 cs=0 l=1 rev1=1 crypto rx=0x7fd3f80098a0 tx=0x7fd3f8009bb0 comp rx=0 tx=0).stop
2024-04-25T09:22:54.469 INFO:teuthology.orchestra.run.smithi174.stdout:/usr/bin/ceph: stderr
2024-04-25T09:22:53.691+0000 7fd40e378700 1 -- 172.21.15.174:0/2019050817 shutdown_connections
2024-04-25T09:22:54.469 INFO:teuthology.orchestra.run.smithi174.stdout:/usr/bin/ceph: stderr
2024-04-25T09:22:53.691+0000 7fd40e378700 1 --2- 172.21.15.174:0/2019050817 >> [v2:172.21.15.174:3300/0,v1:172.21.15.174:6789/0] conn(0x7fd40807df50 0x7fd40807c400 unknown :-1 s=CLOSED pgs=20 cs=0 l=1 rev1=1 crypto rx=0 tx=0 comp rx=0 tx=0).stop
2024-04-25T09:22:54.469 INFO:teuthology.orchestra.run.smithi174.stdout:/usr/bin/ceph: stderr
2024-04-25T09:22:53.691+0000 7fd40e378700 1 -- 172.21.15.174:0/2019050817 >> 172.21.15.174:0/2019050817 conn(0x7fd408103980 msgr2=0x7fd408105da0 unknown :-1 s=STATE_NONE l=0).mark_down
2024-04-25T09:22:54.469 INFO:teuthology.orchestra.run.smithi174.stdout:/usr/bin/ceph: stderr
2024-04-25T09:22:53.691+0000 7fd40e378700 1 -- 172.21.15.174:0/2019050817 shutdown_connections
2024-04-25T09:22:54.469 INFO:teuthology.orchestra.run.smithi174.stdout:/usr/bin/ceph: stderr
2024-04-25T09:22:53.691+0000 7fd40e378700 1 -- 172.21.15.174:0/2019050817 wait complete.
2024-04-25T09:22:54.469 INFO:teuthology.orchestra.run.smithi174.stdout:/usr/bin/ceph: stderr
2024-04-25T09:22:53.692+0000 7fd40e378700 1 Processor -- start
2024-04-25T09:22:54.469 INFO:teuthology.orchestra.run.smithi174.stdout:/usr/bin/ceph: stderr
2024-04-25T09:22:53.692+0000 7fd40e378700 1 -- start start
2024-04-25T09:22:54.469 INFO:teuthology.orchestra.run.smithi174.stdout:/usr/bin/ceph: stderr
2024-04-25T09:22:53.692+0000 7fd40e378700 1 --2- >> [v2:172.21.15.174:3300/0,v1:172.21.15.174:6789/0] conn(0x7fd40807df50 0x7fd40819e460 unknown :-1 s=NONE pgs=0 cs=0 l=1 rev1=0 crypto rx=0 tx=0 comp rx=0 tx=0).connect
2024-04-25T09:22:54.469 INFO:teuthology.orchestra.run.smithi174.stdout:/usr/bin/ceph: stderr
2024-04-25T09:22:53.692+0000 7fd40e378700 1 -- --> [v2:172.21.15.174:3300/0,v1:172.21.15.174:6789/0] -- mon_getmap magic: 0 -- 0x7fd40810e8d0 con 0x7fd40807df50
2024-04-25T09:22:54.469 INFO:teuthology.orchestra.run.smithi174.stdout:/usr/bin/ceph: stderr
2024-04-25T09:22:53.692+0000 7fd407fff700 1 --2- >> [v2:172.21.15.174:3300/0,v1:172.21.15.174:6789/0] conn(0x7fd40807df50 0x7fd40819e460 unknown :-1 s=BANNER_CONNECTING pgs=0 cs=0 l=1 rev1=0 crypto rx=0 tx=0 comp rx=0 tx=0)._handle_peer_banner_payload supported=3 required=0
2024-04-25T09:22:54.469 INFO:teuthology.orchestra.run.smithi174.stdout:/usr/bin/ceph: stderr
2024-04-25T09:22:53.692+0000 7fd407fff700 1 --2- >> [v2:172.21.15.174:3300/0,v1:172.21.15.174:6789/0] conn(0x7fd40807df50 0x7fd40819e460 unknown :-1 s=HELLO_CONNECTING pgs=0 cs=0 l=1 rev1=1 crypto rx=0 tx=0 comp rx=0 tx=0).handle_hello peer v2:172.21.15.174:3300/0 says I am v2:172.21.15.174:43866/0 (socket says 172.21.15.174:43866)
2024-04-25T09:22:54.469 INFO:teuthology.orchestra.run.smithi174.stdout:/usr/bin/ceph: stderr
2024-04-25T09:22:53.692+0000 7fd407fff700 1 -- 172.21.15.174:0/3808240647 learned_addr learned my addr 172.21.15.174:0/3808240647 (peer_addr_for_me v2:172.21.15.174:0/0)
2024-04-25T09:22:54.469 INFO:teuthology.orchestra.run.smithi174.stdout:/usr/bin/ceph: stderr
2024-04-25T09:22:53.692+0000 7fd407fff700 1 -- 172.21.15.174:0/3808240647 --> [v2:172.21.15.174:3300/0,v1:172.21.15.174:6789/0] -- mon_subscribe({config=0+,monmap=0+}) -- 0x7fd40819e9a0 con 0x7fd40807df50
2024-04-25T09:22:54.469 INFO:teuthology.orchestra.run.smithi174.stdout:/usr/bin/ceph: stderr
2024-04-25T09:22:53.693+0000 7fd407fff700 1 --2- 172.21.15.174:0/3808240647 >> [v2:172.21.15.174:3300/0,v1:172.21.15.174:6789/0] conn(0x7fd40807df50 0x7fd40819e460 secure :-1 s=READY pgs=21 cs=0 l=1 rev1=1 crypto rx=0x7fd3f80119e0 tx=0x7fd3f80046a0 comp rx=0 tx=0).ready entity=mon.0 client_cookie=0 server_cookie=0 in_seq=0 out_seq=0
2024-04-25T09:22:54.470 INFO:teuthology.orchestra.run.smithi174.stdout:/usr/bin/ceph: stderr
2024-04-25T09:22:53.693+0000 7fd4057fa700 1 -- 172.21.15.174:0/3808240647 <== mon.0 v2:172.21.15.174:3300/0 1 ==== mon_map magic: 0 ==== 205+0+0 (secure 0 0 0) 0x7fd3f8003bf0 con 0x7fd40807df50
2024-04-25T09:22:54.470 INFO:teuthology.orchestra.run.smithi174.stdout:/usr/bin/ceph: stderr
2024-04-25T09:22:53.693+0000 7fd4057fa700 1 -- 172.21.15.174:0/3808240647 <== mon.0 v2:172.21.15.174:3300/0 2 ==== config(25 keys) ==== 1032+0+0 (secure 0 0 0) 0x7fd3f801a8a0 con 0x7fd40807df50
2024-04-25T09:22:54.470 INFO:teuthology.orchestra.run.smithi174.stdout:/usr/bin/ceph: stderr
2024-04-25T09:22:53.693+0000 7fd40e378700 1 -- 172.21.15.174:0/3808240647 --> [v2:172.21.15.174:3300/0,v1:172.21.15.174:6789/0] -- mon_subscribe({mgrmap=0+}) -- 0x7fd40819ec30 con 0x7fd40807df50
2024-04-25T09:22:54.470 INFO:teuthology.orchestra.run.smithi174.stdout:/usr/bin/ceph: stderr
2024-04-25T09:22:53.693+0000 7fd4057fa700 1 -- 172.21.15.174:0/3808240647 <== mon.0 v2:172.21.15.174:3300/0 3 ==== mon_map magic: 0 ==== 205+0+0 (secure 0 0 0) 0x7fd3f80248c0 con 0x7fd40807df50
2024-04-25T09:22:54.470 INFO:teuthology.orchestra.run.smithi174.stdout:/usr/bin/ceph: stderr
2024-04-25T09:22:53.693+0000 7fd40e378700 1 -- 172.21.15.174:0/3808240647 --> [v2:172.21.15.174:3300/0,v1:172.21.15.174:6789/0] -- mon_subscribe({osdmap=0}) -- 0x7fd4081a18d0 con 0x7fd40807df50
2024-04-25T09:22:54.470 INFO:teuthology.orchestra.run.smithi174.stdout:/usr/bin/ceph: stderr
2024-04-25T09:22:53.694+0000 7fd4057fa700 1 -- 172.21.15.174:0/3808240647 <== mon.0 v2:172.21.15.174:3300/0 4 ==== mgrmap(e 4) ==== 46547+0+0 (secure 0 0 0) 0x7fd3f802c070 con 0x7fd40807df50
2024-04-25T09:22:54.470 INFO:teuthology.orchestra.run.smithi174.stdout:/usr/bin/ceph: stderr
2024-04-25T09:22:53.694+0000 7fd4057fa700 1 --2- 172.21.15.174:0/3808240647 >> [v2:172.21.15.174:6800/71459327,v1:172.21.15.174:6801/71459327] conn(0x7fd3f0039510 0x7fd3f003b9d0 unknown :-1 s=NONE pgs=0 cs=0 l=1 rev1=0 crypto rx=0 tx=0 comp rx=0 tx=0).connect
2024-04-25T09:22:54.470 INFO:teuthology.orchestra.run.smithi174.stdout:/usr/bin/ceph: stderr
2024-04-25T09:22:53.694+0000 7fd4057fa700 1 -- 172.21.15.174:0/3808240647 <== mon.0 v2:172.21.15.174:3300/0 5 ==== osd_map(1..1 src has 1..1) ==== 725+0+0 (secure 0 0 0) 0x7fd3f804dc20 con 0x7fd40807df50
2024-04-25T09:22:54.470 INFO:teuthology.orchestra.run.smithi174.stdout:/usr/bin/ceph: stderr
2024-04-25T09:22:53.694+0000 7fd40e378700 1 -- 172.21.15.174:0/3808240647 --> [v2:172.21.15.174:3300/0,v1:172.21.15.174:6789/0] -- mon_command({"prefix": "get_command_descriptions"} v 0) -- 0x7fd408064a80 con 0x7fd40807df50
2024-04-25T09:22:54.470 INFO:teuthology.orchestra.run.smithi174.stdout:/usr/bin/ceph: stderr
2024-04-25T09:22:53.694+0000 7fd4077fe700 1 --2- 172.21.15.174:0/3808240647 >> [v2:172.21.15.174:6800/71459327,v1:172.21.15.174:6801/71459327] conn(0x7fd3f0039510 0x7fd3f003b9d0 unknown :-1 s=BANNER_CONNECTING pgs=0 cs=0 l=1 rev1=0 crypto rx=0 tx=0 comp rx=0 tx=0)._handle_peer_banner_payload supported=3 required=0
2024-04-25T09:22:54.470 INFO:teuthology.orchestra.run.smithi174.stdout:/usr/bin/ceph: stderr
2024-04-25T09:22:53.694+0000 7fd4077fe700 1 --2- 172.21.15.174:0/3808240647 >> [v2:172.21.15.174:6800/71459327,v1:172.21.15.174:6801/71459327] conn(0x7fd3f0039510 0x7fd3f003b9d0 secure :-1 s=READY pgs=7 cs=0 l=1 rev1=1 crypto rx=0x7fd3fc006fd0 tx=0x7fd3fc006e40 comp rx=0 tx=0).ready entity=mgr.14100 client_cookie=0 server_cookie=0 in_seq=0 out_seq=0
2024-04-25T09:22:54.470 INFO:teuthology.orchestra.run.smithi174.stdout:/usr/bin/ceph: stderr
2024-04-25T09:22:53.699+0000 7fd4057fa700 1 -- 172.21.15.174:0/3808240647 <== mon.0 v2:172.21.15.174:3300/0 6 ==== mon_command_ack([{"prefix": "get_command_descriptions"}]=0 v0) ==== 72+0+188370 (secure 0 0 0) 0x7fd3f804d980 con 0x7fd40807df50
2024-04-25T09:22:54.470 INFO:teuthology.orchestra.run.smithi174.stdout:/usr/bin/ceph: stderr
2024-04-25T09:22:53.901+0000 7fd40e378700 1 -- 172.21.15.174:0/3808240647 --> [v2:172.21.15.174:3300/0,v1:172.21.15.174:6789/0] -- mon_command({"prefix": "config assimilate-conf"} v 0) -- 0x7fd4081a1aa0 con 0x7fd40807df50
2024-04-25T09:22:54.471 INFO:teuthology.orchestra.run.smithi174.stdout:/usr/bin/ceph: stderr
2024-04-25T09:22:53.902+0000 7fd4057fa700 1 -- 172.21.15.174:0/3808240647 <== mon.0 v2:172.21.15.174:3300/0 7 ==== mon_command_ack([{"prefix": "config assimilate-conf"}]=0 v3) ==== 70+0+318 (secure 0 0 0) 0x7fd3f800fda0 con 0x7fd40807df50
2024-04-25T09:22:54.471 INFO:teuthology.orchestra.run.smithi174.stdout:/usr/bin/ceph: stderr
2024-04-25T09:22:53.904+0000 7fd40e378700 1 -- 172.21.15.174:0/3808240647 >> [v2:172.21.15.174:6800/71459327,v1:172.21.15.174:6801/71459327] conn(0x7fd3f0039510 msgr2=0x7fd3f003b9d0 secure :-1 s=STATE_CONNECTION_ESTABLISHED l=1).mark_down
2024-04-25T09:22:54.471 INFO:teuthology.orchestra.run.smithi174.stdout:/usr/bin/ceph: stderr
2024-04-25T09:22:53.904+0000 7fd40e378700 1 --2- 172.21.15.174:0/3808240647 >> [v2:172.21.15.174:6800/71459327,v1:172.21.15.174:6801/71459327] conn(0x7fd3f0039510 0x7fd3f003b9d0 secure :-1 s=READY pgs=7 cs=0 l=1 rev1=1 crypto rx=0x7fd3fc006fd0 tx=0x7fd3fc006e40 comp rx=0 tx=0).stop
2024-04-25T09:22:54.471 INFO:teuthology.orchestra.run.smithi174.stdout:/usr/bin/ceph: stderr
2024-04-25T09:22:53.904+0000 7fd40e378700 1 -- 172.21.15.174:0/3808240647 >> [v2:172.21.15.174:3300/0,v1:172.21.15.174:6789/0] conn(0x7fd40807df50 msgr2=0x7fd40819e460 secure :-1 s=STATE_CONNECTION_ESTABLISHED l=1).mark_down
2024-04-25T09:22:54.471 INFO:teuthology.orchestra.run.smithi174.stdout:/usr/bin/ceph: stderr
2024-04-25T09:22:53.904+0000 7fd40e378700 1 --2- 172.21.15.174:0/3808240647 >> [v2:172.21.15.174:3300/0,v1:172.21.15.174:6789/0] conn(0x7fd40807df50 0x7fd40819e460 secure :-1 s=READY pgs=21 cs=0 l=1 rev1=1 crypto rx=0x7fd3f80119e0 tx=0x7fd3f80046a0 comp rx=0 tx=0).stop
2024-04-25T09:22:54.471 INFO:teuthology.orchestra.run.smithi174.stdout:/usr/bin/ceph: stderr
2024-04-25T09:22:53.905+0000 7fd40e378700 1 -- 172.21.15.174:0/3808240647 shutdown_connections
2024-04-25T09:22:54.471 INFO:teuthology.orchestra.run.smithi174.stdout:/usr/bin/ceph: stderr
2024-04-25T09:22:53.905+0000 7fd40e378700 1 --2- 172.21.15.174:0/3808240647 >> [v2:172.21.15.174:6800/71459327,v1:172.21.15.174:6801/71459327] conn(0x7fd3f0039510 0x7fd3f003b9d0 unknown :-1 s=CLOSED pgs=7 cs=0 l=1 rev1=1 crypto rx=0 tx=0 comp rx=0 tx=0).stop
2024-04-25T09:22:54.471 INFO:teuthology.orchestra.run.smithi174.stdout:/usr/bin/ceph: stderr
2024-04-25T09:22:53.905+0000 7fd40e378700 1 --2- 172.21.15.174:0/3808240647 >> [v2:172.21.15.174:3300/0,v1:172.21.15.174:6789/0] conn(0x7fd40807df50 0x7fd40819e460 unknown :-1 s=CLOSED pgs=21 cs=0 l=1 rev1=1 crypto rx=0 tx=0 comp rx=0 tx=0).stop
2024-04-25T09:22:54.471 INFO:teuthology.orchestra.run.smithi174.stdout:/usr/bin/ceph: stderr
2024-04-25T09:22:53.905+0000 7fd40e378700 1 -- 172.21.15.174:0/3808240647 >> 172.21.15.174:0/3808240647 conn(0x7fd408103980 msgr2=0x7fd4081044b0 unknown :-1 s=STATE_NONE l=0).mark_down
2024-04-25T09:22:54.471 INFO:teuthology.orchestra.run.smithi174.stdout:/usr/bin/ceph: stderr
2024-04-25T09:22:53.905+0000 7fd40e378700 1 -- 172.21.15.174:0/3808240647 shutdown_connections
2024-04-25T09:22:54.471 INFO:teuthology.orchestra.run.smithi174.stdout:/usr/bin/ceph: stderr
2024-04-25T09:22:53.905+0000 7fd40e378700 1 -- 172.21.15.174:0/3808240647 wait complete.
2024-04-25T09:22:54.471 INFO:teuthology.orchestra.run.smithi174.stdout:Enabling cephadm module...
2024-04-25T09:22:55.488 INFO:journalctl@ceph.mon.a.smithi174.stdout:Apr 25 09:22:55 smithi174 ceph-mon[26670]: from='client.? 172.21.15.174:0/1729770252' entity='client.admin' cmd=[{"prefix": "mgr module enable", "module": "cephadm"}]: dispatch
2024-04-25T09:22:55.488 INFO:journalctl@ceph.mgr.x.smithi174.stdout:Apr 25 09:22:55 smithi174 ceph-36311b0e-02e5-11ef-bc93-c7b262605968-mgr-x[26905]: ignoring --setuser ceph since I am not root
2024-04-25T09:22:55.489 INFO:journalctl@ceph.mgr.x.smithi174.stdout:Apr 25 09:22:55 smithi174 ceph-36311b0e-02e5-11ef-bc93-c7b262605968-mgr-x[26905]: ignoring --setgroup ceph since I am not root
2024-04-25T09:22:55.489 INFO:journalctl@ceph.mgr.x.smithi174.stdout:Apr 25 09:22:55 smithi174 ceph-36311b0e-02e5-11ef-bc93-c7b262605968-mgr-x[26905]:
2024-04-25T09:22:55.370+0000 7f1920c2a200 -1 mgr[py] Module balancer has missing NOTIFY_TYPES member
2024-04-25T09:22:55.743 INFO:journalctl@ceph.mgr.x.smithi174.stdout:Apr 25 09:22:55 smithi174 ceph-36311b0e-02e5-11ef-bc93-c7b262605968-mgr-x[26905]:
2024-04-25T09:22:55.555+0000 7f1920c2a200 -1 mgr[py] Module orchestrator has missing NOTIFY_TYPES member
2024-04-25T09:22:55.744 INFO:journalctl@ceph.mgr.x.smithi174.stdout:Apr 25 09:22:55 smithi174 ceph-36311b0e-02e5-11ef-bc93-c7b262605968-mgr-x[26905]:
2024-04-25T09:22:55.658+0000 7f1920c2a200 -1 mgr[py] Module snap_schedule has missing NOTIFY_TYPES member
2024-04-25T09:22:55.755 INFO:teuthology.orchestra.run.smithi174.stdout:/usr/bin/ceph: stderr
2024-04-25T09:22:54.890+0000 7f1c010ff700 1 Processor -- start
2024-04-25T09:22:55.755 INFO:teuthology.orchestra.run.smithi174.stdout:/usr/bin/ceph: stderr
2024-04-25T09:22:54.890+0000 7f1c010ff700 1 -- start start
2024-04-25T09:22:55.755 INFO:teuthology.orchestra.run.smithi174.stdout:/usr/bin/ceph: stderr
2024-04-25T09:22:54.890+0000 7f1c010ff700 1 --2- >> [v2:172.21.15.174:3300/0,v1:172.21.15.174:6789/0] conn(0x7f1bfc106640 0x7f1bfc106a60 unknown :-1 s=NONE pgs=0 cs=0 l=0 rev1=0 crypto rx=0 tx=0 comp rx=0 tx=0).connect
2024-04-25T09:22:55.755 INFO:teuthology.orchestra.run.smithi174.stdout:/usr/bin/ceph: stderr
2024-04-25T09:22:54.890+0000 7f1c010ff700 1 -- --> [v2:172.21.15.174:3300/0,v1:172.21.15.174:6789/0] -- mon_getmap magic: 0 -- 0x7f1bfc107030 con 0x7f1bfc106640
2024-04-25T09:22:55.755 INFO:teuthology.orchestra.run.smithi174.stdout:/usr/bin/ceph: stderr
2024-04-25T09:22:54.890+0000 7f1bfad9d700 1 --2- >> [v2:172.21.15.174:3300/0,v1:172.21.15.174:6789/0] conn(0x7f1bfc106640 0x7f1bfc106a60 unknown :-1 s=BANNER_CONNECTING pgs=0 cs=0 l=0 rev1=0 crypto rx=0 tx=0 comp rx=0 tx=0)._handle_peer_banner_payload supported=3 required=0
2024-04-25T09:22:55.755 INFO:teuthology.orchestra.run.smithi174.stdout:/usr/bin/ceph: stderr
2024-04-25T09:22:54.890+0000 7f1bfad9d700 1 --2- >> [v2:172.21.15.174:3300/0,v1:172.21.15.174:6789/0] conn(0x7f1bfc106640 0x7f1bfc106a60 unknown :-1 s=HELLO_CONNECTING pgs=0 cs=0 l=0 rev1=1 crypto rx=0 tx=0 comp rx=0 tx=0).handle_hello peer v2:172.21.15.174:3300/0 says I am v2:172.21.15.174:43880/0 (socket says 172.21.15.174:43880)
2024-04-25T09:22:55.755 INFO:teuthology.orchestra.run.smithi174.stdout:/usr/bin/ceph: stderr
2024-04-25T09:22:54.890+0000 7f1bfad9d700 1 -- 172.21.15.174:0/4163404040 learned_addr learned my addr 172.21.15.174:0/4163404040 (peer_addr_for_me v2:172.21.15.174:0/0)
2024-04-25T09:22:55.756 INFO:teuthology.orchestra.run.smithi174.stdout:/usr/bin/ceph: stderr
2024-04-25T09:22:54.890+0000 7f1bfad9d700 1 -- 172.21.15.174:0/4163404040 --> [v2:172.21.15.174:3300/0,v1:172.21.15.174:6789/0] -- mon_subscribe({config=0+,monmap=0+}) -- 0x7f1bfc1071b0 con 0x7f1bfc106640
2024-04-25T09:22:55.756 INFO:teuthology.orchestra.run.smithi174.stdout:/usr/bin/ceph: stderr
2024-04-25T09:22:54.890+0000 7f1bfad9d700 1 --2- 172.21.15.174:0/4163404040 >> [v2:172.21.15.174:3300/0,v1:172.21.15.174:6789/0] conn(0x7f1bfc106640 0x7f1bfc106a60 secure :-1 s=READY pgs=22 cs=0 l=1 rev1=1 crypto rx=0x7f1bec0098a0 tx=0x7f1bec009bb0 comp rx=0 tx=0).ready entity=mon.0 client_cookie=a6af0bd4c1a9e117 server_cookie=0 in_seq=0 out_seq=0
2024-04-25T09:22:55.756 INFO:teuthology.orchestra.run.smithi174.stdout:/usr/bin/ceph: stderr
2024-04-25T09:22:54.891+0000 7f1bf9d9b700 1 -- 172.21.15.174:0/4163404040 <== mon.0 v2:172.21.15.174:3300/0 1 ==== mon_map magic: 0 ==== 205+0+0 (secure 0 0 0) 0x7f1bec004160 con 0x7f1bfc106640
2024-04-25T09:22:55.756 INFO:teuthology.orchestra.run.smithi174.stdout:/usr/bin/ceph: stderr
2024-04-25T09:22:54.891+0000 7f1bf9d9b700 1 -- 172.21.15.174:0/4163404040 <== mon.0 v2:172.21.15.174:3300/0 2 ==== config(25 keys) ==== 1032+0+0 (secure 0 0 0) 0x7f1bec004300 con 0x7f1bfc106640
2024-04-25T09:22:55.756 INFO:teuthology.orchestra.run.smithi174.stdout:/usr/bin/ceph: stderr
2024-04-25T09:22:54.891+0000 7f1bf9d9b700 1 -- 172.21.15.174:0/4163404040 <== mon.0 v2:172.21.15.174:3300/0 3 ==== mon_map magic: 0 ==== 205+0+0 (secure 0 0 0) 0x7f1bec0119e0 con 0x7f1bfc106640
2024-04-25T09:22:55.756 INFO:teuthology.orchestra.run.smithi174.stdout:/usr/bin/ceph: stderr
2024-04-25T09:22:54.891+0000 7f1c010ff700 1 -- 172.21.15.174:0/4163404040 >> [v2:172.21.15.174:3300/0,v1:172.21.15.174:6789/0] conn(0x7f1bfc106640 msgr2=0x7f1bfc106a60 secure :-1 s=STATE_CONNECTION_ESTABLISHED l=1).mark_down
2024-04-25T09:22:55.756 INFO:teuthology.orchestra.run.smithi174.stdout:/usr/bin/ceph: stderr
2024-04-25T09:22:54.891+0000 7f1c010ff700 1 --2- 172.21.15.174:0/4163404040 >> [v2:172.21.15.174:3300/0,v1:172.21.15.174:6789/0] conn(0x7f1bfc106640 0x7f1bfc106a60 secure :-1 s=READY pgs=22 cs=0 l=1 rev1=1 crypto rx=0x7f1bec0098a0 tx=0x7f1bec009bb0 comp rx=0 tx=0).stop
2024-04-25T09:22:55.756 INFO:teuthology.orchestra.run.smithi174.stdout:/usr/bin/ceph: stderr
2024-04-25T09:22:54.891+0000 7f1c010ff700 1 -- 172.21.15.174:0/4163404040 shutdown_connections
2024-04-25T09:22:55.756 INFO:teuthology.orchestra.run.smithi174.stdout:/usr/bin/ceph: stderr
2024-04-25T09:22:54.891+0000 7f1c010ff700 1 --2- 172.21.15.174:0/4163404040 >> [v2:172.21.15.174:3300/0,v1:172.21.15.174:6789/0] conn(0x7f1bfc106640 0x7f1bfc106a60 unknown :-1 s=CLOSED pgs=22 cs=0 l=1 rev1=1 crypto rx=0 tx=0 comp rx=0 tx=0).stop
2024-04-25T09:22:55.756 INFO:teuthology.orchestra.run.smithi174.stdout:/usr/bin/ceph: stderr
2024-04-25T09:22:54.891+0000 7f1c010ff700 1 -- 172.21.15.174:0/4163404040 >> 172.21.15.174:0/4163404040 conn(0x7f1bfc101fa0 msgr2=0x7f1bfc1043e0 unknown :-1 s=STATE_NONE l=0).mark_down
2024-04-25T09:22:55.756 INFO:teuthology.orchestra.run.smithi174.stdout:/usr/bin/ceph: stderr
2024-04-25T09:22:54.891+0000 7f1c010ff700 1 -- 172.21.15.174:0/4163404040 shutdown_connections
2024-04-25T09:22:55.756 INFO:teuthology.orchestra.run.smithi174.stdout:/usr/bin/ceph: stderr
2024-04-25T09:22:54.891+0000 7f1c010ff700 1 -- 172.21.15.174:0/4163404040 wait complete.
2024-04-25T09:22:55.756 INFO:teuthology.orchestra.run.smithi174.stdout:/usr/bin/ceph: stderr
2024-04-25T09:22:54.892+0000 7f1c010ff700 1 Processor -- start
2024-04-25T09:22:55.756 INFO:teuthology.orchestra.run.smithi174.stdout:/usr/bin/ceph: stderr
2024-04-25T09:22:54.892+0000 7f1c010ff700 1 -- start start
2024-04-25T09:22:55.757 INFO:teuthology.orchestra.run.smithi174.stdout:/usr/bin/ceph: stderr
2024-04-25T09:22:54.892+0000 7f1c010ff700 1 --2- >> [v2:172.21.15.174:3300/0,v1:172.21.15.174:6789/0] conn(0x7f1bfc106640 0x7f1bfc19c260 unknown :-1 s=NONE pgs=0 cs=0 l=1 rev1=0 crypto rx=0 tx=0 comp rx=0 tx=0).connect
2024-04-25T09:22:55.757 INFO:teuthology.orchestra.run.smithi174.stdout:/usr/bin/ceph: stderr
2024-04-25T09:22:54.892+0000 7f1c010ff700 1 -- --> [v2:172.21.15.174:3300/0,v1:172.21.15.174:6789/0] -- mon_getmap magic: 0 -- 0x7f1bfc10a4c0 con 0x7f1bfc106640
2024-04-25T09:22:55.757 INFO:teuthology.orchestra.run.smithi174.stdout:/usr/bin/ceph: stderr
2024-04-25T09:22:54.892+0000 7f1bfad9d700 1 --2- >> [v2:172.21.15.174:3300/0,v1:172.21.15.174:6789/0] conn(0x7f1bfc106640 0x7f1bfc19c260 unknown :-1 s=BANNER_CONNECTING pgs=0 cs=0 l=1 rev1=0 crypto rx=0 tx=0 comp rx=0 tx=0)._handle_peer_banner_payload supported=3 required=0
2024-04-25T09:22:55.757 INFO:teuthology.orchestra.run.smithi174.stdout:/usr/bin/ceph: stderr
2024-04-25T09:22:54.893+0000 7f1bfad9d700 1 --2- >> [v2:172.21.15.174:3300/0,v1:172.21.15.174:6789/0] conn(0x7f1bfc106640 0x7f1bfc19c260 unknown :-1 s=HELLO_CONNECTING pgs=0 cs=0 l=1 rev1=1 crypto rx=0 tx=0 comp rx=0 tx=0).handle_hello peer v2:172.21.15.174:3300/0 says I am v2:172.21.15.174:43890/0 (socket says 172.21.15.174:43890)
2024-04-25T09:22:55.757 INFO:teuthology.orchestra.run.smithi174.stdout:/usr/bin/ceph: stderr
2024-04-25T09:22:54.893+0000 7f1bfad9d700 1 -- 172.21.15.174:0/1729770252 learned_addr learned my addr 172.21.15.174:0/1729770252 (peer_addr_for_me v2:172.21.15.174:0/0)
2024-04-25T09:22:55.757 INFO:teuthology.orchestra.run.smithi174.stdout:/usr/bin/ceph: stderr
2024-04-25T09:22:54.893+0000 7f1bfad9d700 1 -- 172.21.15.174:0/1729770252 --> [v2:172.21.15.174:3300/0,v1:172.21.15.174:6789/0] -- mon_subscribe({config=0+,monmap=0+}) -- 0x7f1bfc19c7a0 con 0x7f1bfc106640
2024-04-25T09:22:55.757 INFO:teuthology.orchestra.run.smithi174.stdout:/usr/bin/ceph: stderr
2024-04-25T09:22:54.893+0000 7f1bfad9d700 1 --2- 172.21.15.174:0/1729770252 >> [v2:172.21.15.174:3300/0,v1:172.21.15.174:6789/0] conn(0x7f1bfc106640 0x7f1bfc19c260 secure :-1 s=READY pgs=23 cs=0 l=1 rev1=1 crypto rx=0x7f1bec0119b0 tx=0x7f1bec011a90 comp rx=0 tx=0).ready entity=mon.0 client_cookie=0 server_cookie=0 in_seq=0 out_seq=0
2024-04-25T09:22:55.757 INFO:teuthology.orchestra.run.smithi174.stdout:/usr/bin/ceph: stderr
2024-04-25T09:22:54.893+0000 7f1be3fff700 1 -- 172.21.15.174:0/1729770252 <== mon.0 v2:172.21.15.174:3300/0 1 ==== mon_map magic: 0 ==== 205+0+0 (secure 0 0 0) 0x7f1bec003b70 con 0x7f1bfc106640
2024-04-25T09:22:55.757 INFO:teuthology.orchestra.run.smithi174.stdout:/usr/bin/ceph: stderr
2024-04-25T09:22:54.893+0000 7f1c010ff700 1 -- 172.21.15.174:0/1729770252 --> [v2:172.21.15.174:3300/0,v1:172.21.15.174:6789/0] -- mon_subscribe({mgrmap=0+}) -- 0x7f1bfc19ca30 con 0x7f1bfc106640
2024-04-25T09:22:55.757 INFO:teuthology.orchestra.run.smithi174.stdout:/usr/bin/ceph: stderr
2024-04-25T09:22:54.893+0000 7f1be3fff700 1 -- 172.21.15.174:0/1729770252 <== mon.0 v2:172.21.15.174:3300/0 2 ==== config(25 keys) ==== 1032+0+0 (secure 0 0 0) 0x7f1bec01a8a0 con 0x7f1bfc106640
2024-04-25T09:22:55.757 INFO:teuthology.orchestra.run.smithi174.stdout:/usr/bin/ceph: stderr
2024-04-25T09:22:54.893+0000 7f1be3fff700 1 -- 172.21.15.174:0/1729770252 <== mon.0 v2:172.21.15.174:3300/0 3 ==== mon_map magic: 0 ==== 205+0+0 (secure 0 0 0) 0x7f1bec024830 con 0x7f1bfc106640
2024-04-25T09:22:55.757 INFO:teuthology.orchestra.run.smithi174.stdout:/usr/bin/ceph: stderr
2024-04-25T09:22:54.893+0000 7f1c010ff700 1 -- 172.21.15.174:0/1729770252 --> [v2:172.21.15.174:3300/0,v1:172.21.15.174:6789/0] -- mon_subscribe({osdmap=0}) -- 0x7f1bfc19f720 con 0x7f1bfc106640
2024-04-25T09:22:55.757 INFO:teuthology.orchestra.run.smithi174.stdout:/usr/bin/ceph: stderr
2024-04-25T09:22:54.894+0000 7f1c010ff700 1 -- 172.21.15.174:0/1729770252 --> [v2:172.21.15.174:3300/0,v1:172.21.15.174:6789/0] -- mon_command({"prefix": "get_command_descriptions"} v 0) -- 0x7f1bfc064a80 con 0x7f1bfc106640
2024-04-25T09:22:55.757 INFO:teuthology.orchestra.run.smithi174.stdout:/usr/bin/ceph: stderr
2024-04-25T09:22:54.895+0000 7f1be3fff700 1 -- 172.21.15.174:0/1729770252 <== mon.0 v2:172.21.15.174:3300/0 4 ==== mgrmap(e 4) ==== 46547+0+0 (secure 0 0 0) 0x7f1bec022020 con 0x7f1bfc106640
