2024-04-25T09:23:42.888+0000 7efeb1ffb700 1 -- 172.21.15.152:0/647436215 <== mon.0 v2:172.21.15.152:3300/0 1 ==== mon_map magic: 0 ==== 205+0+0 (secure 0 0 0) 0x7efea8003b70 con 0x7efeb407df70
2024-04-25T09:23:43.753 INFO:teuthology.orchestra.run.smithi152.stdout:/usr/bin/ceph: stderr
2024-04-25T09:23:42.888+0000 7efeb1ffb700 1 -- 172.21.15.152:0/647436215 <== mon.0 v2:172.21.15.152:3300/0 2 ==== config(25 keys) ==== 1032+0+0 (secure 0 0 0) 0x7efea801a8a0 con 0x7efeb407df70
2024-04-25T09:23:43.753 INFO:teuthology.orchestra.run.smithi152.stdout:/usr/bin/ceph: stderr
2024-04-25T09:23:42.888+0000 7efeb1ffb700 1 -- 172.21.15.152:0/647436215 <== mon.0 v2:172.21.15.152:3300/0 3 ==== mon_map magic: 0 ==== 205+0+0 (secure 0 0 0) 0x7efea8024890 con 0x7efeb407df70
2024-04-25T09:23:43.753 INFO:teuthology.orchestra.run.smithi152.stdout:/usr/bin/ceph: stderr
2024-04-25T09:23:42.888+0000 7efebac9a700 1 -- 172.21.15.152:0/647436215 --> [v2:172.21.15.152:3300/0,v1:172.21.15.152:6789/0] -- mon_subscribe({mgrmap=0+}) -- 0x7efeb419ebd0 con 0x7efeb407df70
2024-04-25T09:23:43.753 INFO:teuthology.orchestra.run.smithi152.stdout:/usr/bin/ceph: stderr
2024-04-25T09:23:42.888+0000 7efebac9a700 1 -- 172.21.15.152:0/647436215 --> [v2:172.21.15.152:3300/0,v1:172.21.15.152:6789/0] -- mon_subscribe({osdmap=0}) -- 0x7efeb41a18c0 con 0x7efeb407df70
2024-04-25T09:23:43.753 INFO:teuthology.orchestra.run.smithi152.stdout:/usr/bin/ceph: stderr
2024-04-25T09:23:42.889+0000 7efeb1ffb700 1 -- 172.21.15.152:0/647436215 <== mon.0 v2:172.21.15.152:3300/0 4 ==== mgrmap(e 4) ==== 46547+0+0 (secure 0 0 0) 0x7efea8022020 con 0x7efeb407df70
2024-04-25T09:23:43.753 INFO:teuthology.orchestra.run.smithi152.stdout:/usr/bin/ceph: stderr
2024-04-25T09:23:42.889+0000 7efeb1ffb700 1 --2- 172.21.15.152:0/647436215 >> [v2:172.21.15.152:6800/4202143878,v1:172.21.15.152:6801/4202143878] conn(0x7efea40395b0 0x7efea403ba70 unknown :-1 s=NONE pgs=0 cs=0 l=1 rev1=0 crypto rx=0 tx=0 comp rx=0 tx=0).connect
2024-04-25T09:23:43.753 INFO:teuthology.orchestra.run.smithi152.stdout:/usr/bin/ceph: stderr
2024-04-25T09:23:42.889+0000 7efebac9a700 1 -- 172.21.15.152:0/647436215 --> [v2:172.21.15.152:3300/0,v1:172.21.15.152:6789/0] -- mon_command({"prefix": "get_command_descriptions"} v 0) -- 0x7efeb4064a80 con 0x7efeb407df70
2024-04-25T09:23:43.753 INFO:teuthology.orchestra.run.smithi152.stdout:/usr/bin/ceph: stderr
2024-04-25T09:23:42.889+0000 7efeb1ffb700 1 -- 172.21.15.152:0/647436215 <== mon.0 v2:172.21.15.152:3300/0 5 ==== osd_map(1..1 src has 1..1) ==== 725+0+0 (secure 0 0 0) 0x7efea804d780 con 0x7efeb407df70
2024-04-25T09:23:43.753 INFO:teuthology.orchestra.run.smithi152.stdout:/usr/bin/ceph: stderr
2024-04-25T09:23:42.889+0000 7efeb3fff700 1 --2- 172.21.15.152:0/647436215 >> [v2:172.21.15.152:6800/4202143878,v1:172.21.15.152:6801/4202143878] conn(0x7efea40395b0 0x7efea403ba70 unknown :-1 s=BANNER_CONNECTING pgs=0 cs=0 l=1 rev1=0 crypto rx=0 tx=0 comp rx=0 tx=0)._handle_peer_banner_payload supported=3 required=0
2024-04-25T09:23:43.753 INFO:teuthology.orchestra.run.smithi152.stdout:/usr/bin/ceph: stderr
2024-04-25T09:23:42.890+0000 7efeb3fff700 1 --2- 172.21.15.152:0/647436215 >> [v2:172.21.15.152:6800/4202143878,v1:172.21.15.152:6801/4202143878] conn(0x7efea40395b0 0x7efea403ba70 secure :-1 s=READY pgs=8 cs=0 l=1 rev1=1 crypto rx=0x7efea0006fd0 tx=0x7efea0006e40 comp rx=0 tx=0).ready entity=mgr.14100 client_cookie=0 server_cookie=0 in_seq=0 out_seq=0
2024-04-25T09:23:43.754 INFO:teuthology.orchestra.run.smithi152.stdout:/usr/bin/ceph: stderr
2024-04-25T09:23:42.894+0000 7efeb1ffb700 1 -- 172.21.15.152:0/647436215 <== mon.0 v2:172.21.15.152:3300/0 6 ==== mon_command_ack([{"prefix": "get_command_descriptions"}]=0 v0) ==== 72+0+188370 (secure 0 0 0) 0x7efea800f2e0 con 0x7efeb407df70
2024-04-25T09:23:43.754 INFO:teuthology.orchestra.run.smithi152.stdout:/usr/bin/ceph: stderr
2024-04-25T09:23:43.149+0000 7efebac9a700 1 -- 172.21.15.152:0/647436215 --> [v2:172.21.15.152:3300/0,v1:172.21.15.152:6789/0] -- mon_command({"prefix": "mgr module enable", "module": "cephadm"} v 0) -- 0x7efeb41a1d90 con 0x7efeb407df70
2024-04-25T09:23:43.754 INFO:teuthology.orchestra.run.smithi152.stdout:/usr/bin/ceph: stderr
2024-04-25T09:23:43.200+0000 7efeb1ffb700 1 -- 172.21.15.152:0/647436215 <== mon.0 v2:172.21.15.152:3300/0 7 ==== mon_command_ack([{"prefix": "mgr module enable", "module": "cephadm"}]=0 v5) ==== 86+0+0 (secure 0 0 0) 0x7efea804d4e0 con 0x7efeb407df70
2024-04-25T09:23:43.754 INFO:teuthology.orchestra.run.smithi152.stdout:/usr/bin/ceph: stderr
2024-04-25T09:23:43.202+0000 7efeb1ffb700 1 -- 172.21.15.152:0/647436215 <== mon.0 v2:172.21.15.152:3300/0 8 ==== mgrmap(e 5) ==== 46558+0+0 (secure 0 0 0) 0x7efea8040f90 con 0x7efeb407df70
2024-04-25T09:23:43.754 INFO:teuthology.orchestra.run.smithi152.stdout:/usr/bin/ceph: stderr
2024-04-25T09:23:43.203+0000 7efebac9a700 1 -- 172.21.15.152:0/647436215 >> [v2:172.21.15.152:6800/4202143878,v1:172.21.15.152:6801/4202143878] conn(0x7efea40395b0 msgr2=0x7efea403ba70 secure :-1 s=STATE_CONNECTION_ESTABLISHED l=1).mark_down
2024-04-25T09:23:43.754 INFO:teuthology.orchestra.run.smithi152.stdout:/usr/bin/ceph: stderr
2024-04-25T09:23:43.203+0000 7efebac9a700 1 --2- 172.21.15.152:0/647436215 >> [v2:172.21.15.152:6800/4202143878,v1:172.21.15.152:6801/4202143878] conn(0x7efea40395b0 0x7efea403ba70 secure :-1 s=READY pgs=8 cs=0 l=1 rev1=1 crypto rx=0x7efea0006fd0 tx=0x7efea0006e40 comp rx=0 tx=0).stop
2024-04-25T09:23:43.754 INFO:teuthology.orchestra.run.smithi152.stdout:/usr/bin/ceph: stderr
2024-04-25T09:23:43.203+0000 7efebac9a700 1 -- 172.21.15.152:0/647436215 >> [v2:172.21.15.152:3300/0,v1:172.21.15.152:6789/0] conn(0x7efeb407df70 msgr2=0x7efeb419e400 secure :-1 s=STATE_CONNECTION_ESTABLISHED l=1).mark_down
2024-04-25T09:23:43.754 INFO:teuthology.orchestra.run.smithi152.stdout:/usr/bin/ceph: stderr
2024-04-25T09:23:43.203+0000 7efebac9a700 1 --2- 172.21.15.152:0/647436215 >> [v2:172.21.15.152:3300/0,v1:172.21.15.152:6789/0] conn(0x7efeb407df70 0x7efeb419e400 secure :-1 s=READY pgs=23 cs=0 l=1 rev1=1 crypto rx=0x7efea80116a0 tx=0x7efea80046a0 comp rx=0 tx=0).stop
2024-04-25T09:23:43.754 INFO:teuthology.orchestra.run.smithi152.stdout:/usr/bin/ceph: stderr
2024-04-25T09:23:43.203+0000 7efebac9a700 1 -- 172.21.15.152:0/647436215 shutdown_connections
2024-04-25T09:23:43.754 INFO:teuthology.orchestra.run.smithi152.stdout:/usr/bin/ceph: stderr
2024-04-25T09:23:43.203+0000 7efebac9a700 1 --2- 172.21.15.152:0/647436215 >> [v2:172.21.15.152:6800/4202143878,v1:172.21.15.152:6801/4202143878] conn(0x7efea40395b0 0x7efea403ba70 unknown :-1 s=CLOSED pgs=8 cs=0 l=1 rev1=1 crypto rx=0 tx=0 comp rx=0 tx=0).stop
2024-04-25T09:23:43.754 INFO:teuthology.orchestra.run.smithi152.stdout:/usr/bin/ceph: stderr
2024-04-25T09:23:43.203+0000 7efebac9a700 1 --2- 172.21.15.152:0/647436215 >> [v2:172.21.15.152:3300/0,v1:172.21.15.152:6789/0] conn(0x7efeb407df70 0x7efeb419e400 unknown :-1 s=CLOSED pgs=23 cs=0 l=1 rev1=1 crypto rx=0 tx=0 comp rx=0 tx=0).stop
2024-04-25T09:23:43.754 INFO:teuthology.orchestra.run.smithi152.stdout:/usr/bin/ceph: stderr
2024-04-25T09:23:43.203+0000 7efebac9a700 1 -- 172.21.15.152:0/647436215 >> 172.21.15.152:0/647436215 conn(0x7efeb4103930 msgr2=0x7efeb4104510 unknown :-1 s=STATE_NONE l=0).mark_down
2024-04-25T09:23:43.754 INFO:teuthology.orchestra.run.smithi152.stdout:/usr/bin/ceph: stderr
2024-04-25T09:23:43.203+0000 7efebac9a700 1 -- 172.21.15.152:0/647436215 shutdown_connections
2024-04-25T09:23:43.755 INFO:teuthology.orchestra.run.smithi152.stdout:/usr/bin/ceph: stderr
2024-04-25T09:23:43.203+0000 7efebac9a700 1 -- 172.21.15.152:0/647436215 wait complete.
2024-04-25T09:23:43.760 INFO:journalctl@ceph.mgr.x.smithi152.stdout:Apr 25 09:23:43 smithi152 ceph-57e6147a-02e5-11ef-bc93-c7b262605968-mgr-x[27165]:
2024-04-25T09:23:43.549+0000 7f25b13bc200 -1 mgr[py] Module orchestrator has missing NOTIFY_TYPES member
2024-04-25T09:23:43.760 INFO:journalctl@ceph.mgr.x.smithi152.stdout:Apr 25 09:23:43 smithi152 ceph-57e6147a-02e5-11ef-bc93-c7b262605968-mgr-x[27165]:
2024-04-25T09:23:43.650+0000 7f25b13bc200 -1 mgr[py] Module snap_schedule has missing NOTIFY_TYPES member
2024-04-25T09:23:44.170 INFO:journalctl@ceph.mgr.x.smithi152.stdout:Apr 25 09:23:43 smithi152 ceph-57e6147a-02e5-11ef-bc93-c7b262605968-mgr-x[27165]:
2024-04-25T09:23:43.975+0000 7f25b13bc200 -1 mgr[py] Module progress has missing NOTIFY_TYPES member
2024-04-25T09:23:44.170 INFO:journalctl@ceph.mgr.x.smithi152.stdout:Apr 25 09:23:44 smithi152 ceph-57e6147a-02e5-11ef-bc93-c7b262605968-mgr-x[27165]:
2024-04-25T09:23:44.066+0000 7f25b13bc200 -1 mgr[py] Module influx has missing NOTIFY_TYPES member
2024-04-25T09:23:44.496 INFO:journalctl@ceph.mon.a.smithi152.stdout:Apr 25 09:23:44 smithi152 ceph-mon[26932]: from='client.? 172.21.15.152:0/647436215' entity='client.admin' cmd='[{"prefix": "mgr module enable", "module": "cephadm"}]': finished
2024-04-25T09:23:44.496 INFO:journalctl@ceph.mon.a.smithi152.stdout:Apr 25 09:23:44 smithi152 ceph-mon[26932]: mgrmap e5: x(active, since 6s)
2024-04-25T09:23:45.032 INFO:teuthology.orchestra.run.smithi152.stdout:/usr/bin/ceph: stdout {
2024-04-25T09:23:45.032 INFO:teuthology.orchestra.run.smithi152.stdout:/usr/bin/ceph: stdout "epoch": 5,
2024-04-25T09:23:45.032 INFO:teuthology.orchestra.run.smithi152.stdout:/usr/bin/ceph: stdout "available": true,
2024-04-25T09:23:45.032 INFO:teuthology.orchestra.run.smithi152.stdout:/usr/bin/ceph: stdout "active_name": "x",
2024-04-25T09:23:45.033 INFO:teuthology.orchestra.run.smithi152.stdout:/usr/bin/ceph: stdout "num_standby": 0
2024-04-25T09:23:45.033 INFO:teuthology.orchestra.run.smithi152.stdout:/usr/bin/ceph: stdout }
2024-04-25T09:23:45.033 INFO:teuthology.orchestra.run.smithi152.stdout:/usr/bin/ceph: stderr
2024-04-25T09:23:44.201+0000 7f66f657e700 1 Processor -- start
2024-04-25T09:23:45.033 INFO:teuthology.orchestra.run.smithi152.stdout:/usr/bin/ceph: stderr
2024-04-25T09:23:44.201+0000 7f66f657e700 1 -- start start
2024-04-25T09:23:45.033 INFO:teuthology.orchestra.run.smithi152.stdout:/usr/bin/ceph: stderr
2024-04-25T09:23:44.201+0000 7f66f657e700 1 --2- >> [v2:172.21.15.152:3300/0,v1:172.21.15.152:6789/0] conn(0x7f66f0106650 0x7f66f0106a70 unknown :-1 s=NONE pgs=0 cs=0 l=0 rev1=0 crypto rx=0 tx=0 comp rx=0 tx=0).connect
2024-04-25T09:23:45.033 INFO:teuthology.orchestra.run.smithi152.stdout:/usr/bin/ceph: stderr
2024-04-25T09:23:44.201+0000 7f66f657e700 1 -- --> [v2:172.21.15.152:3300/0,v1:172.21.15.152:6789/0] -- mon_getmap magic: 0 -- 0x7f66f0107040 con 0x7f66f0106650
2024-04-25T09:23:45.033 INFO:teuthology.orchestra.run.smithi152.stdout:/usr/bin/ceph: stderr
2024-04-25T09:23:44.201+0000 7f66effff700 1 --2- >> [v2:172.21.15.152:3300/0,v1:172.21.15.152:6789/0] conn(0x7f66f0106650 0x7f66f0106a70 unknown :-1 s=BANNER_CONNECTING pgs=0 cs=0 l=0 rev1=0 crypto rx=0 tx=0 comp rx=0 tx=0)._handle_peer_banner_payload supported=3 required=0
2024-04-25T09:23:45.033 INFO:teuthology.orchestra.run.smithi152.stdout:/usr/bin/ceph: stderr
2024-04-25T09:23:44.202+0000 7f66effff700 1 --2- >> [v2:172.21.15.152:3300/0,v1:172.21.15.152:6789/0] conn(0x7f66f0106650 0x7f66f0106a70 unknown :-1 s=HELLO_CONNECTING pgs=0 cs=0 l=0 rev1=1 crypto rx=0 tx=0 comp rx=0 tx=0).handle_hello peer v2:172.21.15.152:3300/0 says I am v2:172.21.15.152:45810/0 (socket says 172.21.15.152:45810)
2024-04-25T09:23:45.033 INFO:teuthology.orchestra.run.smithi152.stdout:/usr/bin/ceph: stderr
2024-04-25T09:23:44.202+0000 7f66effff700 1 -- 172.21.15.152:0/3401762740 learned_addr learned my addr 172.21.15.152:0/3401762740 (peer_addr_for_me v2:172.21.15.152:0/0)
2024-04-25T09:23:45.033 INFO:teuthology.orchestra.run.smithi152.stdout:/usr/bin/ceph: stderr
2024-04-25T09:23:44.202+0000 7f66effff700 1 -- 172.21.15.152:0/3401762740 --> [v2:172.21.15.152:3300/0,v1:172.21.15.152:6789/0] -- mon_subscribe({config=0+,monmap=0+}) -- 0x7f66f01071c0 con 0x7f66f0106650
2024-04-25T09:23:45.033 INFO:teuthology.orchestra.run.smithi152.stdout:/usr/bin/ceph: stderr
2024-04-25T09:23:44.202+0000 7f66effff700 1 --2- 172.21.15.152:0/3401762740 >> [v2:172.21.15.152:3300/0,v1:172.21.15.152:6789/0] conn(0x7f66f0106650 0x7f66f0106a70 secure :-1 s=READY pgs=26 cs=0 l=1 rev1=1 crypto rx=0x7f66e40098a0 tx=0x7f66e4009bb0 comp rx=0 tx=0).ready entity=mon.0 client_cookie=ba8b81f04fd46d8f server_cookie=0 in_seq=0 out_seq=0
2024-04-25T09:23:45.033 INFO:teuthology.orchestra.run.smithi152.stdout:/usr/bin/ceph: stderr
2024-04-25T09:23:44.202+0000 7f66eeffd700 1 -- 172.21.15.152:0/3401762740 <== mon.0 v2:172.21.15.152:3300/0 1 ==== mon_map magic: 0 ==== 205+0+0 (secure 0 0 0) 0x7f66e4004160 con 0x7f66f0106650
2024-04-25T09:23:45.034 INFO:teuthology.orchestra.run.smithi152.stdout:/usr/bin/ceph: stderr
2024-04-25T09:23:44.202+0000 7f66eeffd700 1 -- 172.21.15.152:0/3401762740 <== mon.0 v2:172.21.15.152:3300/0 2 ==== config(25 keys) ==== 1032+0+0 (secure 0 0 0) 0x7f66e4004300 con 0x7f66f0106650
2024-04-25T09:23:45.034 INFO:teuthology.orchestra.run.smithi152.stdout:/usr/bin/ceph: stderr
2024-04-25T09:23:44.202+0000 7f66eeffd700 1 -- 172.21.15.152:0/3401762740 <== mon.0 v2:172.21.15.152:3300/0 3 ==== mon_map magic: 0 ==== 205+0+0 (secure 0 0 0) 0x7f66e40119e0 con 0x7f66f0106650
2024-04-25T09:23:45.034 INFO:teuthology.orchestra.run.smithi152.stdout:/usr/bin/ceph: stderr
2024-04-25T09:23:44.203+0000 7f66f657e700 1 -- 172.21.15.152:0/3401762740 >> [v2:172.21.15.152:3300/0,v1:172.21.15.152:6789/0] conn(0x7f66f0106650 msgr2=0x7f66f0106a70 secure :-1 s=STATE_CONNECTION_ESTABLISHED l=1).mark_down
2024-04-25T09:23:45.034 INFO:teuthology.orchestra.run.smithi152.stdout:/usr/bin/ceph: stderr
2024-04-25T09:23:44.203+0000 7f66f657e700 1 --2- 172.21.15.152:0/3401762740 >> [v2:172.21.15.152:3300/0,v1:172.21.15.152:6789/0] conn(0x7f66f0106650 0x7f66f0106a70 secure :-1 s=READY pgs=26 cs=0 l=1 rev1=1 crypto rx=0x7f66e40098a0 tx=0x7f66e4009bb0 comp rx=0 tx=0).stop
2024-04-25T09:23:45.034 INFO:teuthology.orchestra.run.smithi152.stdout:/usr/bin/ceph: stderr
2024-04-25T09:23:44.203+0000 7f66f657e700 1 -- 172.21.15.152:0/3401762740 shutdown_connections
2024-04-25T09:23:45.034 INFO:teuthology.orchestra.run.smithi152.stdout:/usr/bin/ceph: stderr
2024-04-25T09:23:44.203+0000 7f66f657e700 1 --2- 172.21.15.152:0/3401762740 >> [v2:172.21.15.152:3300/0,v1:172.21.15.152:6789/0] conn(0x7f66f0106650 0x7f66f0106a70 unknown :-1 s=CLOSED pgs=26 cs=0 l=1 rev1=1 crypto rx=0 tx=0 comp rx=0 tx=0).stop
2024-04-25T09:23:45.034 INFO:teuthology.orchestra.run.smithi152.stdout:/usr/bin/ceph: stderr
2024-04-25T09:23:44.203+0000 7f66f657e700 1 -- 172.21.15.152:0/3401762740 >> 172.21.15.152:0/3401762740 conn(0x7f66f0102030 msgr2=0x7f66f0104450 unknown :-1 s=STATE_NONE l=0).mark_down
2024-04-25T09:23:45.034 INFO:teuthology.orchestra.run.smithi152.stdout:/usr/bin/ceph: stderr
2024-04-25T09:23:44.203+0000 7f66f657e700 1 -- 172.21.15.152:0/3401762740 shutdown_connections
2024-04-25T09:23:45.034 INFO:teuthology.orchestra.run.smithi152.stdout:/usr/bin/ceph: stderr
2024-04-25T09:23:44.203+0000 7f66f657e700 1 -- 172.21.15.152:0/3401762740 wait complete.
2024-04-25T09:23:45.034 INFO:teuthology.orchestra.run.smithi152.stdout:/usr/bin/ceph: stderr
2024-04-25T09:23:44.204+0000 7f66f657e700 1 Processor -- start
2024-04-25T09:23:45.034 INFO:teuthology.orchestra.run.smithi152.stdout:/usr/bin/ceph: stderr
2024-04-25T09:23:44.204+0000 7f66f657e700 1 -- start start
2024-04-25T09:23:45.034 INFO:teuthology.orchestra.run.smithi152.stdout:/usr/bin/ceph: stderr
2024-04-25T09:23:44.204+0000 7f66f657e700 1 --2- >> [v2:172.21.15.152:3300/0,v1:172.21.15.152:6789/0] conn(0x7f66f0106650 0x7f66f019c280 unknown :-1 s=NONE pgs=0 cs=0 l=1 rev1=0 crypto rx=0 tx=0 comp rx=0 tx=0).connect
2024-04-25T09:23:45.034 INFO:teuthology.orchestra.run.smithi152.stdout:/usr/bin/ceph: stderr
2024-04-25T09:23:44.204+0000 7f66f657e700 1 -- --> [v2:172.21.15.152:3300/0,v1:172.21.15.152:6789/0] -- mon_getmap magic: 0 -- 0x7f66f010a4d0 con 0x7f66f0106650
2024-04-25T09:23:45.035 INFO:teuthology.orchestra.run.smithi152.stdout:/usr/bin/ceph: stderr
2024-04-25T09:23:44.204+0000 7f66effff700 1 --2- >> [v2:172.21.15.152:3300/0,v1:172.21.15.152:6789/0] conn(0x7f66f0106650 0x7f66f019c280 unknown :-1 s=BANNER_CONNECTING pgs=0 cs=0 l=1 rev1=0 crypto rx=0 tx=0 comp rx=0 tx=0)._handle_peer_banner_payload supported=3 required=0
2024-04-25T09:23:45.035 INFO:teuthology.orchestra.run.smithi152.stdout:/usr/bin/ceph: stderr
2024-04-25T09:23:44.204+0000 7f66effff700 1 --2- >> [v2:172.21.15.152:3300/0,v1:172.21.15.152:6789/0] conn(0x7f66f0106650 0x7f66f019c280 unknown :-1 s=HELLO_CONNECTING pgs=0 cs=0 l=1 rev1=1 crypto rx=0 tx=0 comp rx=0 tx=0).handle_hello peer v2:172.21.15.152:3300/0 says I am v2:172.21.15.152:45826/0 (socket says 172.21.15.152:45826)
2024-04-25T09:23:45.035 INFO:teuthology.orchestra.run.smithi152.stdout:/usr/bin/ceph: stderr
2024-04-25T09:23:44.204+0000 7f66effff700 1 -- 172.21.15.152:0/1931708345 learned_addr learned my addr 172.21.15.152:0/1931708345 (peer_addr_for_me v2:172.21.15.152:0/0)
2024-04-25T09:23:45.035 INFO:teuthology.orchestra.run.smithi152.stdout:/usr/bin/ceph: stderr
2024-04-25T09:23:44.204+0000 7f66effff700 1 -- 172.21.15.152:0/1931708345 --> [v2:172.21.15.152:3300/0,v1:172.21.15.152:6789/0] -- mon_subscribe({config=0+,monmap=0+}) -- 0x7f66f019c7c0 con 0x7f66f0106650
2024-04-25T09:23:45.035 INFO:teuthology.orchestra.run.smithi152.stdout:/usr/bin/ceph: stderr
2024-04-25T09:23:44.204+0000 7f66effff700 1 --2- 172.21.15.152:0/1931708345 >> [v2:172.21.15.152:3300/0,v1:172.21.15.152:6789/0] conn(0x7f66f0106650 0x7f66f019c280 secure :-1 s=READY pgs=27 cs=0 l=1 rev1=1 crypto rx=0x7f66e40119b0 tx=0x7f66e4011a90 comp rx=0 tx=0).ready entity=mon.0 client_cookie=0 server_cookie=0 in_seq=0 out_seq=0
2024-04-25T09:23:45.035 INFO:teuthology.orchestra.run.smithi152.stdout:/usr/bin/ceph: stderr
2024-04-25T09:23:44.205+0000 7f66ed7fa700 1 -- 172.21.15.152:0/1931708345 <== mon.0 v2:172.21.15.152:3300/0 1 ==== mon_map magic: 0 ==== 205+0+0 (secure 0 0 0) 0x7f66e4003b70 con 0x7f66f0106650
2024-04-25T09:23:45.035 INFO:teuthology.orchestra.run.smithi152.stdout:/usr/bin/ceph: stderr
2024-04-25T09:23:44.205+0000 7f66ed7fa700 1 -- 172.21.15.152:0/1931708345 <== mon.0 v2:172.21.15.152:3300/0 2 ==== config(25 keys) ==== 1032+0+0 (secure 0 0 0) 0x7f66e401a8a0 con 0x7f66f0106650
2024-04-25T09:23:45.035 INFO:teuthology.orchestra.run.smithi152.stdout:/usr/bin/ceph: stderr
2024-04-25T09:23:44.205+0000 7f66f657e700 1 -- 172.21.15.152:0/1931708345 --> [v2:172.21.15.152:3300/0,v1:172.21.15.152:6789/0] -- mon_subscribe({mgrmap=0+}) -- 0x7f66f019ca50 con 0x7f66f0106650
2024-04-25T09:23:45.035 INFO:teuthology.orchestra.run.smithi152.stdout:/usr/bin/ceph: stderr
2024-04-25T09:23:44.205+0000 7f66ed7fa700 1 -- 172.21.15.152:0/1931708345 <== mon.0 v2:172.21.15.152:3300/0 3 ==== mon_map magic: 0 ==== 205+0+0 (secure 0 0 0) 0x7f66e4024830 con 0x7f66f0106650
2024-04-25T09:23:45.035 INFO:teuthology.orchestra.run.smithi152.stdout:/usr/bin/ceph: stderr
2024-04-25T09:23:44.205+0000 7f66f657e700 1 -- 172.21.15.152:0/1931708345 --> [v2:172.21.15.152:3300/0,v1:172.21.15.152:6789/0] -- mon_subscribe({osdmap=0}) -- 0x7f66f019f6f0 con 0x7f66f0106650
2024-04-25T09:23:45.035 INFO:teuthology.orchestra.run.smithi152.stdout:/usr/bin/ceph: stderr
2024-04-25T09:23:44.206+0000 7f66f657e700 1 -- 172.21.15.152:0/1931708345 --> [v2:172.21.15.152:3300/0,v1:172.21.15.152:6789/0] -- mon_command({"prefix": "get_command_descriptions"} v 0) -- 0x7f66f0064a80 con 0x7f66f0106650
2024-04-25T09:23:45.035 INFO:teuthology.orchestra.run.smithi152.stdout:/usr/bin/ceph: stderr
2024-04-25T09:23:44.208+0000 7f66ed7fa700 1 -- 172.21.15.152:0/1931708345 <== mon.0 v2:172.21.15.152:3300/0 4 ==== mgrmap(e 5) ==== 46558+0+0 (secure 0 0 0) 0x7f66e4022020 con 0x7f66f0106650
2024-04-25T09:23:45.035 INFO:teuthology.orchestra.run.smithi152.stdout:/usr/bin/ceph: stderr
2024-04-25T09:23:44.209+0000 7f66ed7fa700 1 --2- 172.21.15.152:0/1931708345 >> [v2:172.21.15.152:6800/4202143878,v1:172.21.15.152:6801/4202143878] conn(0x7f66d80395b0 0x7f66d803ba70 unknown :-1 s=NONE pgs=0 cs=0 l=1 rev1=0 crypto rx=0 tx=0 comp rx=0 tx=0).connect
2024-04-25T09:23:45.035 INFO:teuthology.orchestra.run.smithi152.stdout:/usr/bin/ceph: stderr
2024-04-25T09:23:44.209+0000 7f66ed7fa700 1 -- 172.21.15.152:0/1931708345 <== mon.0 v2:172.21.15.152:3300/0 5 ==== osd_map(1..1 src has 1..1) ==== 725+0+0 (secure 0 0 0) 0x7f66e404da00 con 0x7f66f0106650
2024-04-25T09:23:45.036 INFO:teuthology.orchestra.run.smithi152.stdout:/usr/bin/ceph: stderr
2024-04-25T09:23:44.209+0000 7f66ef7fe700 1 -- 172.21.15.152:0/1931708345 >> [v2:172.21.15.152:6800/4202143878,v1:172.21.15.152:6801/4202143878] conn(0x7f66d80395b0 msgr2=0x7f66d803ba70 unknown :-1 s=STATE_CONNECTING_RE l=1).process reconnect failed to v2:172.21.15.152:6800/4202143878
2024-04-25T09:23:45.036 INFO:teuthology.orchestra.run.smithi152.stdout:/usr/bin/ceph: stderr
2024-04-25T09:23:44.209+0000 7f66ef7fe700 1 --2- 172.21.15.152:0/1931708345 >> [v2:172.21.15.152:6800/4202143878,v1:172.21.15.152:6801/4202143878] conn(0x7f66d80395b0 0x7f66d803ba70 unknown :-1 s=START_CONNECT pgs=0 cs=0 l=1 rev1=0 crypto rx=0 tx=0 comp rx=0 tx=0)._fault waiting 0.200000
2024-04-25T09:23:45.036 INFO:teuthology.orchestra.run.smithi152.stdout:/usr/bin/ceph: stderr
2024-04-25T09:23:44.213+0000 7f66ed7fa700 1 -- 172.21.15.152:0/1931708345 <== mon.0 v2:172.21.15.152:3300/0 6 ==== mon_command_ack([{"prefix": "get_command_descriptions"}]=0 v0) ==== 72+0+188370 (secure 0 0 0) 0x7f66e4019c60 con 0x7f66f0106650
2024-04-25T09:23:45.036 INFO:teuthology.orchestra.run.smithi152.stdout:/usr/bin/ceph: stderr
2024-04-25T09:23:44.410+0000 7f66ef7fe700 1 -- 172.21.15.152:0/1931708345 >> [v2:172.21.15.152:6800/4202143878,v1:172.21.15.152:6801/4202143878] conn(0x7f66d80395b0 msgr2=0x7f66d803ba70 unknown :-1 s=STATE_CONNECTING_RE l=1).process reconnect failed to v2:172.21.15.152:6800/4202143878
2024-04-25T09:23:45.036 INFO:teuthology.orchestra.run.smithi152.stdout:/usr/bin/ceph: stderr
2024-04-25T09:23:44.410+0000 7f66ef7fe700 1 --2- 172.21.15.152:0/1931708345 >> [v2:172.21.15.152:6800/4202143878,v1:172.21.15.152:6801/4202143878] conn(0x7f66d80395b0 0x7f66d803ba70 unknown :-1 s=START_CONNECT pgs=0 cs=0 l=1 rev1=0 crypto rx=0 tx=0 comp rx=0 tx=0)._fault waiting 0.400000
2024-04-25T09:23:45.036 INFO:teuthology.orchestra.run.smithi152.stdout:/usr/bin/ceph: stderr
2024-04-25T09:23:44.519+0000 7f66f657e700 1 -- 172.21.15.152:0/1931708345 --> [v2:172.21.15.152:3300/0,v1:172.21.15.152:6789/0] -- mon_command({"prefix": "mgr stat"} v 0) -- 0x7f66f01074c0 con 0x7f66f0106650
2024-04-25T09:23:45.036 INFO:teuthology.orchestra.run.smithi152.stdout:/usr/bin/ceph: stderr
2024-04-25T09:23:44.519+0000 7f66ed7fa700 1 -- 172.21.15.152:0/1931708345 <== mon.0 v2:172.21.15.152:3300/0 7 ==== mon_command_ack([{"prefix": "mgr stat"}]=0 v5) ==== 56+0+88 (secure 0 0 0) 0x7f66e400b3e0 con 0x7f66f0106650
2024-04-25T09:23:45.036 INFO:teuthology.orchestra.run.smithi152.stdout:/usr/bin/ceph: stderr
2024-04-25T09:23:44.522+0000 7f66f657e700 1 -- 172.21.15.152:0/1931708345 >> [v2:172.21.15.152:6800/4202143878,v1:172.21.15.152:6801/4202143878] conn(0x7f66d80395b0 msgr2=0x7f66d803ba70 unknown :-1 s=STATE_CONNECTING l=1).mark_down
2024-04-25T09:23:45.036 INFO:teuthology.orchestra.run.smithi152.stdout:/usr/bin/ceph: stderr
2024-04-25T09:23:44.522+0000 7f66f657e700 1 --2- 172.21.15.152:0/1931708345 >> [v2:172.21.15.152:6800/4202143878,v1:172.21.15.152:6801/4202143878] conn(0x7f66d80395b0 0x7f66d803ba70 unknown :-1 s=START_CONNECT pgs=0 cs=0 l=1 rev1=0 crypto rx=0 tx=0 comp rx=0 tx=0).stop
2024-04-25T09:23:45.036 INFO:teuthology.orchestra.run.smithi152.stdout:/usr/bin/ceph: stderr
2024-04-25T09:23:44.522+0000 7f66f657e700 1 -- 172.21.15.152:0/1931708345 >> [v2:172.21.15.152:3300/0,v1:172.21.15.152:6789/0] conn(0x7f66f0106650 msgr2=0x7f66f019c280 secure :-1 s=STATE_CONNECTION_ESTABLISHED l=1).mark_down
2024-04-25T09:23:45.036 INFO:teuthology.orchestra.run.smithi152.stdout:/usr/bin/ceph: stderr
2024-04-25T09:23:44.522+0000 7f66f657e700 1 --2- 172.21.15.152:0/1931708345 >> [v2:172.21.15.152:3300/0,v1:172.21.15.152:6789/0] conn(0x7f66f0106650 0x7f66f019c280 secure :-1 s=READY pgs=27 cs=0 l=1 rev1=1 crypto rx=0x7f66e40119b0 tx=0x7f66e4011a90 comp rx=0 tx=0).stop
2024-04-25T09:23:45.036 INFO:teuthology.orchestra.run.smithi152.stdout:/usr/bin/ceph: stderr
2024-04-25T09:23:44.522+0000 7f66f657e700 1 -- 172.21.15.152:0/1931708345 shutdown_connections
2024-04-25T09:23:45.036 INFO:teuthology.orchestra.run.smithi152.stdout:/usr/bin/ceph: stderr
2024-04-25T09:23:44.522+0000 7f66f657e700 1 --2- 172.21.15.152:0/1931708345 >> [v2:172.21.15.152:6800/4202143878,v1:172.21.15.152:6801/4202143878] conn(0x7f66d80395b0 0x7f66d803ba70 unknown :-1 s=CLOSED pgs=0 cs=0 l=1 rev1=0 crypto rx=0 tx=0 comp rx=0 tx=0).stop
2024-04-25T09:23:45.036 INFO:teuthology.orchestra.run.smithi152.stdout:/usr/bin/ceph: stderr
2024-04-25T09:23:44.522+0000 7f66f657e700 1 --2- 172.21.15.152:0/1931708345 >> [v2:172.21.15.152:3300/0,v1:172.21.15.152:6789/0] conn(0x7f66f0106650 0x7f66f019c280 unknown :-1 s=CLOSED pgs=27 cs=0 l=1 rev1=1 crypto rx=0 tx=0 comp rx=0 tx=0).stop
2024-04-25T09:23:45.036 INFO:teuthology.orchestra.run.smithi152.stdout:/usr/bin/ceph: stderr
2024-04-25T09:23:44.522+0000 7f66f657e700 1 -- 172.21.15.152:0/1931708345 >> 172.21.15.152:0/1931708345 conn(0x7f66f0102030 msgr2=0x7f66f0102b70 unknown :-1 s=STATE_NONE l=0).mark_down
2024-04-25T09:23:45.037 INFO:teuthology.orchestra.run.smithi152.stdout:/usr/bin/ceph: stderr
2024-04-25T09:23:44.522+0000 7f66f657e700 1 -- 172.21.15.152:0/1931708345 shutdown_connections
2024-04-25T09:23:45.037 INFO:teuthology.orchestra.run.smithi152.stdout:/usr/bin/ceph: stderr
2024-04-25T09:23:44.522+0000 7f66f657e700 1 -- 172.21.15.152:0/1931708345 wait complete.
2024-04-25T09:23:45.037 INFO:teuthology.orchestra.run.smithi152.stdout:Waiting for the mgr to restart...
2024-04-25T09:23:45.037 INFO:teuthology.orchestra.run.smithi152.stdout:Waiting for mgr epoch 5...
2024-04-25T09:23:45.434 INFO:journalctl@ceph.mon.a.smithi152.stdout:Apr 25 09:23:45 smithi152 ceph-mon[26932]: from='client.? 172.21.15.152:0/1931708345' entity='client.admin' cmd=[{"prefix": "mgr stat"}]: dispatch
2024-04-25T09:23:45.435 INFO:journalctl@ceph.mgr.x.smithi152.stdout:Apr 25 09:23:45 smithi152 ceph-57e6147a-02e5-11ef-bc93-c7b262605968-mgr-x[27165]:
2024-04-25T09:23:45.278+0000 7f25b13bc200 -1 mgr[py] Module telegraf has missing NOTIFY_TYPES member
2024-04-25T09:23:45.760 INFO:journalctl@ceph.mgr.x.smithi152.stdout:Apr 25 09:23:45 smithi152 ceph-57e6147a-02e5-11ef-bc93-c7b262605968-mgr-x[27165]:
2024-04-25T09:23:45.454+0000 7f25b13bc200 -1 mgr[py] Module osd_support has missing NOTIFY_TYPES member
2024-04-25T09:23:45.761 INFO:journalctl@ceph.mgr.x.smithi152.stdout:Apr 25 09:23:45 smithi152 ceph-57e6147a-02e5-11ef-bc93-c7b262605968-mgr-x[27165]:
2024-04-25T09:23:45.626+0000 7f25b13bc200 -1 mgr[py] Module iostat has missing NOTIFY_TYPES member
2024-04-25T09:23:46.192 INFO:journalctl@ceph.mgr.x.smithi152.stdout:Apr 25 09:23:45 smithi152 ceph-57e6147a-02e5-11ef-bc93-c7b262605968-mgr-x[27165]:
2024-04-25T09:23:45.912+0000 7f25b13bc200 -1 mgr[py] Module alerts has missing NOTIFY_TYPES member
2024-04-25T09:23:46.192 INFO:journalctl@ceph.mgr.x.smithi152.stdout:Apr 25 09:23:46 smithi152 ceph-57e6147a-02e5-11ef-bc93-c7b262605968-mgr-x[27165]:
2024-04-25T09:23:46.004+0000 7f25b13bc200 -1 mgr[py] Module selftest has missing NOTIFY_TYPES member
2024-04-25T09:23:46.192 INFO:journalctl@ceph.mgr.x.smithi152.stdout:Apr 25 09:23:46 smithi152 ceph-57e6147a-02e5-11ef-bc93-c7b262605968-mgr-x[27165]:
2024-04-25T09:23:46.205+0000 7f25b13bc200 -1 mgr[py] Module pg_autoscaler has missing NOTIFY_TYPES member
2024-04-25T09:23:46.510 INFO:journalctl@ceph.mgr.x.smithi152.stdout:Apr 25 09:23:46 smithi152 ceph-57e6147a-02e5-11ef-bc93-c7b262605968-mgr-x[27165]:
2024-04-25T09:23:46.397+0000 7f25b13bc200 -1 mgr[py] Module test_orchestrator has missing NOTIFY_TYPES member
2024-04-25T09:23:47.260 INFO:journalctl@ceph.mgr.x.smithi152.stdout:Apr 25 09:23:46 smithi152 ceph-57e6147a-02e5-11ef-bc93-c7b262605968-mgr-x[27165]:
2024-04-25T09:23:46.994+0000 7f25b13bc200 -1 mgr[py] Module rook has missing NOTIFY_TYPES member
2024-04-25T09:23:47.694 INFO:journalctl@ceph.mgr.x.smithi152.stdout:Apr 25 09:23:47 smithi152 ceph-57e6147a-02e5-11ef-bc93-c7b262605968-mgr-x[27165]:
2024-04-25T09:23:47.412+0000 7f25b13bc200 -1 mgr[py] Module volumes has missing NOTIFY_TYPES member
2024-04-25T09:23:47.694 INFO:journalctl@ceph.mgr.x.smithi152.stdout:Apr 25 09:23:47 smithi152 ceph-57e6147a-02e5-11ef-bc93-c7b262605968-mgr-x[27165]:
2024-04-25T09:23:47.508+0000 7f25b13bc200 -1 mgr[py] Module crash has missing NOTIFY_TYPES member
2024-04-25T09:23:47.694 INFO:journalctl@ceph.mgr.x.smithi152.stdout:Apr 25 09:23:47 smithi152 ceph-57e6147a-02e5-11ef-bc93-c7b262605968-mgr-x[27165]:
2024-04-25T09:23:47.708+0000 7f25b13bc200 -1 mgr[py] Module rgw has missing NOTIFY_TYPES member
2024-04-25T09:23:48.479 INFO:journalctl@ceph.mgr.x.smithi152.stdout:Apr 25 09:23:48 smithi152 ceph-57e6147a-02e5-11ef-bc93-c7b262605968-mgr-x[27165]:
2024-04-25T09:23:48.227+0000 7f25b13bc200 -1 mgr[py] Module prometheus has missing NOTIFY_TYPES member
2024-04-25T09:23:48.479 INFO:journalctl@ceph.mgr.x.smithi152.stdout:Apr 25 09:23:48 smithi152 ceph-57e6147a-02e5-11ef-bc93-c7b262605968-mgr-x[27165]:
2024-04-25T09:23:48.318+0000 7f25b13bc200 -1 mgr[py] Module devicehealth has missing NOTIFY_TYPES member
2024-04-25T09:23:48.760 INFO:journalctl@ceph.mgr.x.smithi152.stdout:Apr 25 09:23:48 smithi152 ceph-57e6147a-02e5-11ef-bc93-c7b262605968-mgr-x[27165]:
2024-04-25T09:23:48.559+0000 7f25b13bc200 -1 mgr[py] Module telemetry has missing NOTIFY_TYPES member
2024-04-25T09:23:48.760 INFO:journalctl@ceph.mgr.x.smithi152.stdout:Apr 25 09:23:48 smithi152 ceph-57e6147a-02e5-11ef-bc93-c7b262605968-mgr-x[27165]:
2024-04-25T09:23:48.690+0000 7f25b13bc200 -1 mgr[py] Module diskprediction_local has missing NOTIFY_TYPES member
2024-04-25T09:23:49.188 INFO:journalctl@ceph.mgr.x.smithi152.stdout:Apr 25 09:23:48 smithi152 ceph-57e6147a-02e5-11ef-bc93-c7b262605968-mgr-x[27165]:
2024-04-25T09:23:48.785+0000 7f25b13bc200 -1 mgr[py] Module osd_perf_query has missing NOTIFY_TYPES member
2024-04-25T09:23:49.188 INFO:journalctl@ceph.mgr.x.smithi152.stdout:Apr 25 09:23:48 smithi152 ceph-57e6147a-02e5-11ef-bc93-c7b262605968-mgr-x[27165]:
2024-04-25T09:23:48.899+0000 7f25b13bc200 -1 mgr[py] Module rbd_support has missing NOTIFY_TYPES member
2024-04-25T09:23:49.188 INFO:journalctl@ceph.mgr.x.smithi152.stdout:Apr 25 09:23:49 smithi152 ceph-57e6147a-02e5-11ef-bc93-c7b262605968-mgr-x[27165]:
2024-04-25T09:23:49.202+0000 7f25b13bc200 -1 mgr[py] Module zabbix has missing NOTIFY_TYPES member
2024-04-25T09:23:50.045 INFO:journalctl@ceph.mgr.x.smithi152.stdout:Apr 25 09:23:49 smithi152 ceph-57e6147a-02e5-11ef-bc93-c7b262605968-mgr-x[27165]:
2024-04-25T09:23:49.794+0000 7f25b13bc200 -1 mgr[py] Module status has missing NOTIFY_TYPES member
2024-04-25T09:23:50.046 INFO:journalctl@ceph.mgr.x.smithi152.stdout:Apr 25 09:23:50 smithi152 ceph-57e6147a-02e5-11ef-bc93-c7b262605968-mgr-x[27165]:
2024-04-25T09:23:50.007+0000 7f25b13bc200 -1 mgr[py] Module nfs has missing NOTIFY_TYPES member
2024-04-25T09:23:50.510 INFO:journalctl@ceph.mon.a.smithi152.stdout:Apr 25 09:23:50 smithi152 ceph-mon[26932]: Active manager daemon x restarted
2024-04-25T09:23:50.510 INFO:journalctl@ceph.mon.a.smithi152.stdout:Apr 25 09:23:50 smithi152 ceph-mon[26932]: Activating manager daemon x
2024-04-25T09:23:50.510 INFO:journalctl@ceph.mon.a.smithi152.stdout:Apr 25 09:23:50 smithi152 ceph-mon[26932]: osdmap e2: 0 total, 0 up, 0 in
2024-04-25T09:23:50.511 INFO:journalctl@ceph.mon.a.smithi152.stdout:Apr 25 09:23:50 smithi152 ceph-mon[26932]: mgrmap e6: x(active, starting, since 0.00339652s)
2024-04-25T09:23:50.511 INFO:journalctl@ceph.mon.a.smithi152.stdout:Apr 25 09:23:50 smithi152 ceph-mon[26932]: from='mgr.14120 172.21.15.152:0/3043291511' entity='mgr.x' cmd=[{"prefix": "mon metadata", "id": "a"}]: dispatch
2024-04-25T09:23:50.511 INFO:journalctl@ceph.mon.a.smithi152.stdout:Apr 25 09:23:50 smithi152 ceph-mon[26932]: from='mgr.14120 172.21.15.152:0/3043291511' entity='mgr.x' cmd=[{"prefix": "mgr metadata", "who": "x", "id": "x"}]: dispatch
2024-04-25T09:23:50.511 INFO:journalctl@ceph.mon.a.smithi152.stdout:Apr 25 09:23:50 smithi152 ceph-mon[26932]: from='mgr.14120 172.21.15.152:0/3043291511' entity='mgr.x' cmd=[{"prefix": "mds metadata"}]: dispatch
2024-04-25T09:23:50.511 INFO:journalctl@ceph.mon.a.smithi152.stdout:Apr 25 09:23:50 smithi152 ceph-mon[26932]: from='mgr.14120 172.21.15.152:0/3043291511' entity='mgr.x' cmd=[{"prefix": "osd metadata"}]: dispatch
2024-04-25T09:23:50.511 INFO:journalctl@ceph.mon.a.smithi152.stdout:Apr 25 09:23:50 smithi152 ceph-mon[26932]: from='mgr.14120 172.21.15.152:0/3043291511' entity='mgr.x' cmd=[{"prefix": "mon metadata"}]: dispatch
2024-04-25T09:23:50.511 INFO:journalctl@ceph.mon.a.smithi152.stdout:Apr 25 09:23:50 smithi152 ceph-mon[26932]: Manager daemon x is now available
2024-04-25T09:23:50.511 INFO:journalctl@ceph.mon.a.smithi152.stdout:Apr 25 09:23:50 smithi152 ceph-mon[26932]: from='mgr.14120 172.21.15.152:0/3043291511' entity='mgr.x'
2024-04-25T09:23:50.511 INFO:journalctl@ceph.mon.a.smithi152.stdout:Apr 25 09:23:50 smithi152 ceph-mon[26932]: from='mgr.14120 172.21.15.152:0/3043291511' entity='mgr.x'
2024-04-25T09:23:50.511 INFO:journalctl@ceph.mon.a.smithi152.stdout:Apr 25 09:23:50 smithi152 ceph-mon[26932]: from='mgr.14120 172.21.15.152:0/3043291511' entity='mgr.x' cmd=[{"prefix": "config dump", "format": "json"}]: dispatch
2024-04-25T09:23:50.511 INFO:journalctl@ceph.mon.a.smithi152.stdout:Apr 25 09:23:50 smithi152 ceph-mon[26932]: from='mgr.14120 172.21.15.152:0/3043291511' entity='mgr.x' cmd=[{"prefix": "config dump", "format": "json"}]: dispatch
2024-04-25T09:23:50.511 INFO:journalctl@ceph.mon.a.smithi152.stdout:Apr 25 09:23:50 smithi152 ceph-mon[26932]: from='mgr.14120 172.21.15.152:0/3043291511' entity='mgr.x' cmd=[{"prefix":"config rm","who":"mgr","name":"mgr/rbd_support/x/mirror_snapshot_schedule"}]: dispatch
2024-04-25T09:23:51.260 INFO:journalctl@ceph.mon.a.smithi152.stdout:Apr 25 09:23:51 smithi152 ceph-mon[26932]: Found migration_current of "None". Setting to last migration.
2024-04-25T09:23:51.260 INFO:journalctl@ceph.mon.a.smithi152.stdout:Apr 25 09:23:51 smithi152 ceph-mon[26932]: from='mgr.14120 172.21.15.152:0/3043291511' entity='mgr.x' cmd=[{"prefix":"config rm","who":"mgr","name":"mgr/rbd_support/x/trash_purge_schedule"}]: dispatch
2024-04-25T09:23:51.260 INFO:journalctl@ceph.mon.a.smithi152.stdout:Apr 25 09:23:51 smithi152 ceph-mon[26932]: from='mgr.14120 172.21.15.152:0/3043291511' entity='mgr.x'
2024-04-25T09:23:51.260 INFO:journalctl@ceph.mon.a.smithi152.stdout:Apr 25 09:23:51 smithi152 ceph-mon[26932]: from='mgr.14120 172.21.15.152:0/3043291511' entity='mgr.x'
2024-04-25T09:23:51.260 INFO:journalctl@ceph.mon.a.smithi152.stdout:Apr 25 09:23:51 smithi152 ceph-mon[26932]: from='mgr.14120 172.21.15.152:0/3043291511' entity='mgr.x' cmd=[{"prefix": "config dump", "format": "json"}]: dispatch
2024-04-25T09:23:51.261 INFO:journalctl@ceph.mon.a.smithi152.stdout:Apr 25 09:23:51 smithi152 ceph-mon[26932]: mgrmap e7: x(active, since 1.00569s)
2024-04-25T09:23:51.616 INFO:teuthology.orchestra.run.smithi152.stdout:/usr/bin/ceph: stdout {
2024-04-25T09:23:51.617 INFO:teuthology.orchestra.run.smithi152.stdout:/usr/bin/ceph: stdout "mgrmap_epoch": 7,
2024-04-25T09:23:51.617 INFO:teuthology.orchestra.run.smithi152.stdout:/usr/bin/ceph: stdout "initialized": true
2024-04-25T09:23:51.617 INFO:teuthology.orchestra.run.smithi152.stdout:/usr/bin/ceph: stdout }
2024-04-25T09:23:51.617 INFO:teuthology.orchestra.run.smithi152.stdout:/usr/bin/ceph: stderr
2024-04-25T09:23:45.483+0000 7fbeeac71700 1 Processor -- start
2024-04-25T09:23:51.617 INFO:teuthology.orchestra.run.smithi152.stdout:/usr/bin/ceph: stderr
2024-04-25T09:23:45.483+0000 7fbeeac71700 1 -- start start
2024-04-25T09:23:51.617 INFO:teuthology.orchestra.run.smithi152.stdout:/usr/bin/ceph: stderr
2024-04-25T09:23:45.483+0000 7fbeeac71700 1 --2- >> [v2:172.21.15.152:3300/0,v1:172.21.15.152:6789/0] conn(0x7fbee4106c30 0x7fbee4107050 unknown :-1 s=NONE pgs=0 cs=0 l=0 rev1=0 crypto rx=0 tx=0 comp rx=0 tx=0).connect
2024-04-25T09:23:51.617 INFO:teuthology.orchestra.run.smithi152.stdout:/usr/bin/ceph: stderr
2024-04-25T09:23:45.483+0000 7fbeeac71700 1 -- --> [v2:172.21.15.152:3300/0,v1:172.21.15.152:6789/0] -- mon_getmap magic: 0 -- 0x7fbee407b700 con 0x7fbee4106c30
2024-04-25T09:23:51.617 INFO:teuthology.orchestra.run.smithi152.stdout:/usr/bin/ceph: stderr
2024-04-25T09:23:45.483+0000 7fbee8a0d700 1 --2- >> [v2:172.21.15.152:3300/0,v1:172.21.15.152:6789/0] conn(0x7fbee4106c30 0x7fbee4107050 unknown :-1 s=BANNER_CONNECTING pgs=0 cs=0 l=0 rev1=0 crypto rx=0 tx=0 comp rx=0 tx=0)._handle_peer_banner_payload supported=3 required=0
2024-04-25T09:23:51.617 INFO:teuthology.orchestra.run.smithi152.stdout:/usr/bin/ceph: stderr
2024-04-25T09:23:45.483+0000 7fbee8a0d700 1 --2- >> [v2:172.21.15.152:3300/0,v1:172.21.15.152:6789/0] conn(0x7fbee4106c30 0x7fbee4107050 unknown :-1 s=HELLO_CONNECTING pgs=0 cs=0 l=0 rev1=1 crypto rx=0 tx=0 comp rx=0 tx=0).handle_hello peer v2:172.21.15.152:3300/0 says I am v2:172.21.15.152:45832/0 (socket says 172.21.15.152:45832)
2024-04-25T09:23:51.617 INFO:teuthology.orchestra.run.smithi152.stdout:/usr/bin/ceph: stderr
2024-04-25T09:23:45.483+0000 7fbee8a0d700 1 -- 172.21.15.152:0/1938272038 learned_addr learned my addr 172.21.15.152:0/1938272038 (peer_addr_for_me v2:172.21.15.152:0/0)
2024-04-25T09:23:51.617 INFO:teuthology.orchestra.run.smithi152.stdout:/usr/bin/ceph: stderr
2024-04-25T09:23:45.484+0000 7fbee8a0d700 1 -- 172.21.15.152:0/1938272038 --> [v2:172.21.15.152:3300/0,v1:172.21.15.152:6789/0] -- mon_subscribe({config=0+,monmap=0+}) -- 0x7fbee4107590 con 0x7fbee4106c30
2024-04-25T09:23:51.617 INFO:teuthology.orchestra.run.smithi152.stdout:/usr/bin/ceph: stderr
2024-04-25T09:23:45.484+0000 7fbee8a0d700 1 --2- 172.21.15.152:0/1938272038 >> [v2:172.21.15.152:3300/0,v1:172.21.15.152:6789/0] conn(0x7fbee4106c30 0x7fbee4107050 secure :-1 s=READY pgs=28 cs=0 l=1 rev1=1 crypto rx=0x7fbed80098a0 tx=0x7fbed8009bb0 comp rx=0 tx=0).ready entity=mon.0 client_cookie=dbd69a37dcf6ae2d server_cookie=0 in_seq=0 out_seq=0
2024-04-25T09:23:51.617 INFO:teuthology.orchestra.run.smithi152.stdout:/usr/bin/ceph: stderr
2024-04-25T09:23:45.484+0000 7fbee37fe700 1 -- 172.21.15.152:0/1938272038 <== mon.0 v2:172.21.15.152:3300/0 1 ==== mon_map magic: 0 ==== 205+0+0 (secure 0 0 0) 0x7fbed8004160 con 0x7fbee4106c30
2024-04-25T09:23:51.618 INFO:teuthology.orchestra.run.smithi152.stdout:/usr/bin/ceph: stderr
2024-04-25T09:23:45.484+0000 7fbee37fe700 1 -- 172.21.15.152:0/1938272038 <== mon.0 v2:172.21.15.152:3300/0 2 ==== config(25 keys) ==== 1032+0+0 (secure 0 0 0) 0x7fbed8004300 con 0x7fbee4106c30
2024-04-25T09:23:51.618 INFO:teuthology.orchestra.run.smithi152.stdout:/usr/bin/ceph: stderr
2024-04-25T09:23:45.484+0000 7fbee37fe700 1 -- 172.21.15.152:0/1938272038 <== mon.0 v2:172.21.15.152:3300/0 3 ==== mon_map magic: 0 ==== 205+0+0 (secure 0 0 0) 0x7fbed80119e0 con 0x7fbee4106c30
2024-04-25T09:23:51.618 INFO:teuthology.orchestra.run.smithi152.stdout:/usr/bin/ceph: stderr
2024-04-25T09:23:45.485+0000 7fbeeac71700 1 -- 172.21.15.152:0/1938272038 >> [v2:172.21.15.152:3300/0,v1:172.21.15.152:6789/0] conn(0x7fbee4106c30 msgr2=0x7fbee4107050 secure :-1 s=STATE_CONNECTION_ESTABLISHED l=1).mark_down
2024-04-25T09:23:51.618 INFO:teuthology.orchestra.run.smithi152.stdout:/usr/bin/ceph: stderr
2024-04-25T09:23:45.485+0000 7fbeeac71700 1 --2- 172.21.15.152:0/1938272038 >> [v2:172.21.15.152:3300/0,v1:172.21.15.152:6789/0] conn(0x7fbee4106c30 0x7fbee4107050 secure :-1 s=READY pgs=28 cs=0 l=1 rev1=1 crypto rx=0x7fbed80098a0 tx=0x7fbed8009bb0 comp rx=0 tx=0).stop
2024-04-25T09:23:51.618 INFO:teuthology.orchestra.run.smithi152.stdout:/usr/bin/ceph: stderr
2024-04-25T09:23:45.485+0000 7fbeeac71700 1 -- 172.21.15.152:0/1938272038 shutdown_connections
2024-04-25T09:23:51.618 INFO:teuthology.orchestra.run.smithi152.stdout:/usr/bin/ceph: stderr
2024-04-25T09:23:45.485+0000 7fbeeac71700 1 --2- 172.21.15.152:0/1938272038 >> [v2:172.21.15.152:3300/0,v1:172.21.15.152:6789/0] conn(0x7fbee4106c30 0x7fbee4107050 unknown :-1 s=CLOSED pgs=28 cs=0 l=1 rev1=1 crypto rx=0 tx=0 comp rx=0 tx=0).stop
2024-04-25T09:23:51.618 INFO:teuthology.orchestra.run.smithi152.stdout:/usr/bin/ceph: stderr
2024-04-25T09:23:45.485+0000 7fbeeac71700 1 -- 172.21.15.152:0/1938272038 >> 172.21.15.152:0/1938272038 conn(0x7fbee41028b0 msgr2=0x7fbee4104cd0 unknown :-1 s=STATE_NONE l=0).mark_down
2024-04-25T09:23:51.618 INFO:teuthology.orchestra.run.smithi152.stdout:/usr/bin/ceph: stderr
2024-04-25T09:23:45.485+0000 7fbeeac71700 1 -- 172.21.15.152:0/1938272038 shutdown_connections
2024-04-25T09:23:51.618 INFO:teuthology.orchestra.run.smithi152.stdout:/usr/bin/ceph: stderr
2024-04-25T09:23:45.485+0000 7fbeeac71700 1 -- 172.21.15.152:0/1938272038 wait complete.
2024-04-25T09:23:51.618 INFO:teuthology.orchestra.run.smithi152.stdout:/usr/bin/ceph: stderr
2024-04-25T09:23:45.485+0000 7fbeeac71700 1 Processor -- start
2024-04-25T09:23:51.618 INFO:teuthology.orchestra.run.smithi152.stdout:/usr/bin/ceph: stderr
2024-04-25T09:23:45.486+0000 7fbeeac71700 1 -- start start
2024-04-25T09:23:51.618 INFO:teuthology.orchestra.run.smithi152.stdout:/usr/bin/ceph: stderr
2024-04-25T09:23:45.486+0000 7fbeeac71700 1 --2- >> [v2:172.21.15.152:3300/0,v1:172.21.15.152:6789/0] conn(0x7fbee4106c30 0x7fbee419e3c0 unknown :-1 s=NONE pgs=0 cs=0 l=1 rev1=0 crypto rx=0 tx=0 comp rx=0 tx=0).connect
2024-04-25T09:23:51.618 INFO:teuthology.orchestra.run.smithi152.stdout:/usr/bin/ceph: stderr
2024-04-25T09:23:45.486+0000 7fbeeac71700 1 -- --> [v2:172.21.15.152:3300/0,v1:172.21.15.152:6789/0] -- mon_getmap magic: 0 -- 0x7fbee4108560 con 0x7fbee4106c30
2024-04-25T09:23:51.619 INFO:teuthology.orchestra.run.smithi152.stdout:/usr/bin/ceph: stderr
2024-04-25T09:23:45.486+0000 7fbee8a0d700 1 --2- >> [v2:172.21.15.152:3300/0,v1:172.21.15.152:6789/0] conn(0x7fbee4106c30 0x7fbee419e3c0 unknown :-1 s=BANNER_CONNECTING pgs=0 cs=0 l=1 rev1=0 crypto rx=0 tx=0 comp rx=0 tx=0)._handle_peer_banner_payload supported=3 required=0
2024-04-25T09:23:51.619 INFO:teuthology.orchestra.run.smithi152.stdout:/usr/bin/ceph: stderr
2024-04-25T09:23:45.486+0000 7fbee8a0d700 1 --2- >> [v2:172.21.15.152:3300/0,v1:172.21.15.152:6789/0] conn(0x7fbee4106c30 0x7fbee419e3c0 unknown :-1 s=HELLO_CONNECTING pgs=0 cs=0 l=1 rev1=1 crypto rx=0 tx=0 comp rx=0 tx=0).handle_hello peer v2:172.21.15.152:3300/0 says I am v2:172.21.15.152:45844/0 (socket says 172.21.15.152:45844)
2024-04-25T09:23:51.619 INFO:teuthology.orchestra.run.smithi152.stdout:/usr/bin/ceph: stderr
2024-04-25T09:23:45.486+0000 7fbee8a0d700 1 -- 172.21.15.152:0/2089459952 learned_addr learned my addr 172.21.15.152:0/2089459952 (peer_addr_for_me v2:172.21.15.152:0/0)
2024-04-25T09:23:51.619 INFO:teuthology.orchestra.run.smithi152.stdout:/usr/bin/ceph: stderr
2024-04-25T09:23:45.486+0000 7fbee8a0d700 1 -- 172.21.15.152:0/2089459952 --> [v2:172.21.15.152:3300/0,v1:172.21.15.152:6789/0] -- mon_subscribe({config=0+,monmap=0+}) -- 0x7fbee419e900 con 0x7fbee4106c30
2024-04-25T09:23:51.619 INFO:teuthology.orchestra.run.smithi152.stdout:/usr/bin/ceph: stderr
2024-04-25T09:23:45.486+0000 7fbee8a0d700 1 --2- 172.21.15.152:0/2089459952 >> [v2:172.21.15.152:3300/0,v1:172.21.15.152:6789/0] conn(0x7fbee4106c30 0x7fbee419e3c0 secure :-1 s=READY pgs=29 cs=0 l=1 rev1=1 crypto rx=0x7fbed80119e0 tx=0x7fbed80046a0 comp rx=0 tx=0).ready entity=mon.0 client_cookie=0 server_cookie=0 in_seq=0 out_seq=0
2024-04-25T09:23:51.619 INFO:teuthology.orchestra.run.smithi152.stdout:/usr/bin/ceph: stderr
2024-04-25T09:23:45.486+0000 7fbee1ffb700 1 -- 172.21.15.152:0/2089459952 <== mon.0 v2:172.21.15.152:3300/0 1 ==== mon_map magic: 0 ==== 205+0+0 (secure 0 0 0) 0x7fbed8003bf0 con 0x7fbee4106c30
2024-04-25T09:23:51.619 INFO:teuthology.orchestra.run.smithi152.stdout:/usr/bin/ceph: stderr
2024-04-25T09:23:45.486+0000 7fbee1ffb700 1 -- 172.21.15.152:0/2089459952 <== mon.0 v2:172.21.15.152:3300/0 2 ==== config(25 keys) ==== 1032+0+0 (secure 0 0 0) 0x7fbed801a8a0 con 0x7fbee4106c30
2024-04-25T09:23:51.619 INFO:teuthology.orchestra.run.smithi152.stdout:/usr/bin/ceph: stderr
2024-04-25T09:23:45.486+0000 7fbeeac71700 1 -- 172.21.15.152:0/2089459952 --> [v2:172.21.15.152:3300/0,v1:172.21.15.152:6789/0] -- mon_subscribe({mgrmap=0+}) -- 0x7fbee419eb90 con 0x7fbee4106c30
2024-04-25T09:23:51.619 INFO:teuthology.orchestra.run.smithi152.stdout:/usr/bin/ceph: stderr
2024-04-25T09:23:45.486+0000 7fbee1ffb700 1 -- 172.21.15.152:0/2089459952 <== mon.0 v2:172.21.15.152:3300/0 3 ==== mon_map magic: 0 ==== 205+0+0 (secure 0 0 0) 0x7fbed80248c0 con 0x7fbee4106c30
2024-04-25T09:23:51.619 INFO:teuthology.orchestra.run.smithi152.stdout:/usr/bin/ceph: stderr
2024-04-25T09:23:45.487+0000 7fbeeac71700 1 -- 172.21.15.152:0/2089459952 --> [v2:172.21.15.152:3300/0,v1:172.21.15.152:6789/0] -- mon_subscribe({osdmap=0}) -- 0x7fbee41a1880 con 0x7fbee4106c30
2024-04-25T09:23:51.619 INFO:teuthology.orchestra.run.smithi152.stdout:/usr/bin/ceph: stderr
2024-04-25T09:23:45.488+0000 7fbee1ffb700 1 -- 172.21.15.152:0/2089459952 <== mon.0 v2:172.21.15.152:3300/0 4 ==== mgrmap(e 5) ==== 46558+0+0 (secure 0 0 0) 0x7fbed8022020 con 0x7fbee4106c30
2024-04-25T09:23:51.619 INFO:teuthology.orchestra.run.smithi152.stdout:/usr/bin/ceph: stderr
2024-04-25T09:23:45.488+0000 7fbee1ffb700 1 --2- 172.21.15.152:0/2089459952 >> [v2:172.21.15.152:6800/4202143878,v1:172.21.15.152:6801/4202143878] conn(0x7fbed4039560 0x7fbed403ba20 unknown :-1 s=NONE pgs=0 cs=0 l=1 rev1=0 crypto rx=0 tx=0 comp rx=0 tx=0).connect
2024-04-25T09:23:51.619 INFO:teuthology.orchestra.run.smithi152.stdout:/usr/bin/ceph: stderr
2024-04-25T09:23:45.488+0000 7fbee1ffb700 1 -- 172.21.15.152:0/2089459952 --> [v2:172.21.15.152:6800/4202143878,v1:172.21.15.152:6801/4202143878] -- command(tid 0: {"prefix": "get_command_descriptions"}) -- 0x7fbed403c130 con 0x7fbed4039560
2024-04-25T09:23:51.619 INFO:teuthology.orchestra.run.smithi152.stdout:/usr/bin/ceph: stderr
2024-04-25T09:23:45.488+0000 7fbee1ffb700 1 -- 172.21.15.152:0/2089459952 <== mon.0 v2:172.21.15.152:3300/0 5 ==== osd_map(1..1 src has 1..1) ==== 725+0+0 (secure 0 0 0) 0x7fbed804e590 con 0x7fbee4106c30
2024-04-25T09:23:51.620 INFO:teuthology.orchestra.run.smithi152.stdout:/usr/bin/ceph: stderr
2024-04-25T09:23:45.488+0000 7fbee3fff700 1 -- 172.21.15.152:0/2089459952 >> [v2:172.21.15.152:6800/4202143878,v1:172.21.15.152:6801/4202143878] conn(0x7fbed4039560 msgr2=0x7fbed403ba20 unknown :-1 s=STATE_CONNECTING_RE l=1).process reconnect failed to v2:172.21.15.152:6800/4202143878
2024-04-25T09:23:51.620 INFO:teuthology.orchestra.run.smithi152.stdout:/usr/bin/ceph: stderr
2024-04-25T09:23:45.488+0000 7fbee3fff700 1 --2- 172.21.15.152:0/2089459952 >> [v2:172.21.15.152:6800/4202143878,v1:172.21.15.152:6801/4202143878] conn(0x7fbed4039560 0x7fbed403ba20 unknown :-1 s=START_CONNECT pgs=0 cs=0 l=1 rev1=0 crypto rx=0 tx=0 comp rx=0 tx=0)._fault waiting 0.200000
2024-04-25T09:23:51.620 INFO:teuthology.orchestra.run.smithi152.stdout:/usr/bin/ceph: stderr
2024-04-25T09:23:45.689+0000 7fbee3fff700 1 -- 172.21.15.152:0/2089459952 >> [v2:172.21.15.152:6800/4202143878,v1:172.21.15.152:6801/4202143878] conn(0x7fbed4039560 msgr2=0x7fbed403ba20 unknown :-1 s=STATE_CONNECTING_RE l=1).process reconnect failed to v2:172.21.15.152:6800/4202143878
2024-04-25T09:23:51.620 INFO:teuthology.orchestra.run.smithi152.stdout:/usr/bin/ceph: stderr
2024-04-25T09:23:45.689+0000 7fbee3fff700 1 --2- 172.21.15.152:0/2089459952 >> [v2:172.21.15.152:6800/4202143878,v1:172.21.15.152:6801/4202143878] conn(0x7fbed4039560 0x7fbed403ba20 unknown :-1 s=START_CONNECT pgs=0 cs=0 l=1 rev1=0 crypto rx=0 tx=0 comp rx=0 tx=0)._fault waiting 0.400000
2024-04-25T09:23:51.620 INFO:teuthology.orchestra.run.smithi152.stdout:/usr/bin/ceph: stderr
2024-04-25T09:23:46.090+0000 7fbee3fff700 1 -- 172.21.15.152:0/2089459952 >> [v2:172.21.15.152:6800/4202143878,v1:172.21.15.152:6801/4202143878] conn(0x7fbed4039560 msgr2=0x7fbed403ba20 unknown :-1 s=STATE_CONNECTING_RE l=1).process reconnect failed to v2:172.21.15.152:6800/4202143878
2024-04-25T09:23:51.620 INFO:teuthology.orchestra.run.smithi152.stdout:/usr/bin/ceph: stderr
2024-04-25T09:23:46.090+0000 7fbee3fff700 1 --2- 172.21.15.152:0/2089459952 >> [v2:172.21.15.152:6800/4202143878,v1:172.21.15.152:6801/4202143878] conn(0x7fbed4039560 0x7fbed403ba20 unknown :-1 s=START_CONNECT pgs=0 cs=0 l=1 rev1=0 crypto rx=0 tx=0 comp rx=0 tx=0)._fault waiting 0.800000
2024-04-25T09:23:51.620 INFO:teuthology.orchestra.run.smithi152.stdout:/usr/bin/ceph: stderr
2024-04-25T09:23:46.891+0000 7fbee3fff700 1 -- 172.21.15.152:0/2089459952 >> [v2:172.21.15.152:6800/4202143878,v1:172.21.15.152:6801/4202143878] conn(0x7fbed4039560 msgr2=0x7fbed403ba20 unknown :-1 s=STATE_CONNECTING_RE l=1).process reconnect failed to v2:172.21.15.152:6800/4202143878
2024-04-25T09:23:51.620 INFO:teuthology.orchestra.run.smithi152.stdout:/usr/bin/ceph: stderr
2024-04-25T09:23:46.891+0000 7fbee3fff700 1 --2- 172.21.15.152:0/2089459952 >> [v2:172.21.15.152:6800/4202143878,v1:172.21.15.152:6801/4202143878] conn(0x7fbed4039560 0x7fbed403ba20 unknown :-1 s=START_CONNECT pgs=0 cs=0 l=1 rev1=0 crypto rx=0 tx=0 comp rx=0 tx=0)._fault waiting 1.600000
2024-04-25T09:23:51.620 INFO:teuthology.orchestra.run.smithi152.stdout:/usr/bin/ceph: stderr
2024-04-25T09:23:48.492+0000 7fbee3fff700 1 -- 172.21.15.152:0/2089459952 >> [v2:172.21.15.152:6800/4202143878,v1:172.21.15.152:6801/4202143878] conn(0x7fbed4039560 msgr2=0x7fbed403ba20 unknown :-1 s=STATE_CONNECTING_RE l=1).process reconnect failed to v2:172.21.15.152:6800/4202143878
