2024-04-25T09:23:51.620 INFO:teuthology.orchestra.run.smithi152.stdout:/usr/bin/ceph: stderr
2024-04-25T09:23:48.492+0000 7fbee3fff700 1 --2- 172.21.15.152:0/2089459952 >> [v2:172.21.15.152:6800/4202143878,v1:172.21.15.152:6801/4202143878] conn(0x7fbed4039560 0x7fbed403ba20 unknown :-1 s=START_CONNECT pgs=0 cs=0 l=1 rev1=0 crypto rx=0 tx=0 comp rx=0 tx=0)._fault waiting 3.200000
2024-04-25T09:23:51.620 INFO:teuthology.orchestra.run.smithi152.stdout:/usr/bin/ceph: stderr
2024-04-25T09:23:50.010+0000 7fbee1ffb700 1 -- 172.21.15.152:0/2089459952 <== mon.0 v2:172.21.15.152:3300/0 6 ==== mgrmap(e 6) ==== 46325+0+0 (secure 0 0 0) 0x7fbed8024bc0 con 0x7fbee4106c30
2024-04-25T09:23:51.621 INFO:teuthology.orchestra.run.smithi152.stdout:/usr/bin/ceph: stderr
2024-04-25T09:23:50.010+0000 7fbee1ffb700 1 -- 172.21.15.152:0/2089459952 >> [v2:172.21.15.152:6800/4202143878,v1:172.21.15.152:6801/4202143878] conn(0x7fbed4039560 msgr2=0x7fbed403ba20 unknown :-1 s=STATE_CONNECTING l=1).mark_down
2024-04-25T09:23:51.621 INFO:teuthology.orchestra.run.smithi152.stdout:/usr/bin/ceph: stderr
2024-04-25T09:23:50.010+0000 7fbee1ffb700 1 --2- 172.21.15.152:0/2089459952 >> [v2:172.21.15.152:6800/4202143878,v1:172.21.15.152:6801/4202143878] conn(0x7fbed4039560 0x7fbed403ba20 unknown :-1 s=START_CONNECT pgs=0 cs=0 l=1 rev1=0 crypto rx=0 tx=0 comp rx=0 tx=0).stop
2024-04-25T09:23:51.621 INFO:teuthology.orchestra.run.smithi152.stdout:/usr/bin/ceph: stderr
2024-04-25T09:23:51.011+0000 7fbee1ffb700 1 -- 172.21.15.152:0/2089459952 <== mon.0 v2:172.21.15.152:3300/0 7 ==== mgrmap(e 7) ==== 46452+0+0 (secure 0 0 0) 0x7fbed804f900 con 0x7fbee4106c30
2024-04-25T09:23:51.621 INFO:teuthology.orchestra.run.smithi152.stdout:/usr/bin/ceph: stderr
2024-04-25T09:23:51.012+0000 7fbee1ffb700 1 --2- 172.21.15.152:0/2089459952 >> [v2:172.21.15.152:6800/2985185896,v1:172.21.15.152:6801/2985185896] conn(0x7fbed403ce50 0x7fbed403f240 unknown :-1 s=NONE pgs=0 cs=0 l=1 rev1=0 crypto rx=0 tx=0 comp rx=0 tx=0).connect
2024-04-25T09:23:51.621 INFO:teuthology.orchestra.run.smithi152.stdout:/usr/bin/ceph: stderr
2024-04-25T09:23:51.012+0000 7fbee1ffb700 1 -- 172.21.15.152:0/2089459952 --> [v2:172.21.15.152:6800/2985185896,v1:172.21.15.152:6801/2985185896] -- command(tid 0: {"prefix": "get_command_descriptions"}) -- 0x7fbed403c130 con 0x7fbed403ce50
2024-04-25T09:23:51.621 INFO:teuthology.orchestra.run.smithi152.stdout:/usr/bin/ceph: stderr
2024-04-25T09:23:51.012+0000 7fbee3fff700 1 --2- 172.21.15.152:0/2089459952 >> [v2:172.21.15.152:6800/2985185896,v1:172.21.15.152:6801/2985185896] conn(0x7fbed403ce50 0x7fbed403f240 unknown :-1 s=BANNER_CONNECTING pgs=0 cs=0 l=1 rev1=0 crypto rx=0 tx=0 comp rx=0 tx=0)._handle_peer_banner_payload supported=3 required=0
2024-04-25T09:23:51.621 INFO:teuthology.orchestra.run.smithi152.stdout:/usr/bin/ceph: stderr
2024-04-25T09:23:51.013+0000 7fbee3fff700 1 --2- 172.21.15.152:0/2089459952 >> [v2:172.21.15.152:6800/2985185896,v1:172.21.15.152:6801/2985185896] conn(0x7fbed403ce50 0x7fbed403f240 secure :-1 s=READY pgs=1 cs=0 l=1 rev1=1 crypto rx=0x7fbed0003a10 tx=0x7fbed0009290 comp rx=0 tx=0).ready entity=mgr.14120 client_cookie=0 server_cookie=0 in_seq=0 out_seq=0
2024-04-25T09:23:51.621 INFO:teuthology.orchestra.run.smithi152.stdout:/usr/bin/ceph: stderr
2024-04-25T09:23:51.013+0000 7fbee1ffb700 1 -- 172.21.15.152:0/2089459952 <== mgr.14120 v2:172.21.15.152:6800/2985185896 1 ==== command_reply(tid 0: 0 ) ==== 8+0+9564 (secure 0 0 0) 0x7fbed403c130 con 0x7fbed403ce50
2024-04-25T09:23:51.621 INFO:teuthology.orchestra.run.smithi152.stdout:/usr/bin/ceph: stderr
2024-04-25T09:23:51.021+0000 7fbeeac71700 1 -- 172.21.15.152:0/2089459952 --> [v2:172.21.15.152:6800/2985185896,v1:172.21.15.152:6801/2985185896] -- command(tid 1: {"prefix": "mgr_status"}) -- 0x7fbee4064a80 con 0x7fbed403ce50
2024-04-25T09:23:51.621 INFO:teuthology.orchestra.run.smithi152.stdout:/usr/bin/ceph: stderr
2024-04-25T09:23:51.021+0000 7fbee1ffb700 1 -- 172.21.15.152:0/2089459952 <== mgr.14120 v2:172.21.15.152:6800/2985185896 2 ==== command_reply(tid 1: 0 ) ==== 8+0+51 (secure 0 0 0) 0x7fbee4064a80 con 0x7fbed403ce50
2024-04-25T09:23:51.621 INFO:teuthology.orchestra.run.smithi152.stdout:/usr/bin/ceph: stderr
2024-04-25T09:23:51.022+0000 7fbeeac71700 1 -- 172.21.15.152:0/2089459952 >> [v2:172.21.15.152:6800/2985185896,v1:172.21.15.152:6801/2985185896] conn(0x7fbed403ce50 msgr2=0x7fbed403f240 secure :-1 s=STATE_CONNECTION_ESTABLISHED l=1).mark_down
2024-04-25T09:23:51.621 INFO:teuthology.orchestra.run.smithi152.stdout:/usr/bin/ceph: stderr
2024-04-25T09:23:51.022+0000 7fbeeac71700 1 --2- 172.21.15.152:0/2089459952 >> [v2:172.21.15.152:6800/2985185896,v1:172.21.15.152:6801/2985185896] conn(0x7fbed403ce50 0x7fbed403f240 secure :-1 s=READY pgs=1 cs=0 l=1 rev1=1 crypto rx=0x7fbed0003a10 tx=0x7fbed0009290 comp rx=0 tx=0).stop
2024-04-25T09:23:51.621 INFO:teuthology.orchestra.run.smithi152.stdout:/usr/bin/ceph: stderr
2024-04-25T09:23:51.022+0000 7fbeeac71700 1 -- 172.21.15.152:0/2089459952 >> [v2:172.21.15.152:3300/0,v1:172.21.15.152:6789/0] conn(0x7fbee4106c30 msgr2=0x7fbee419e3c0 secure :-1 s=STATE_CONNECTION_ESTABLISHED l=1).mark_down
2024-04-25T09:23:51.621 INFO:teuthology.orchestra.run.smithi152.stdout:/usr/bin/ceph: stderr
2024-04-25T09:23:51.022+0000 7fbeeac71700 1 --2- 172.21.15.152:0/2089459952 >> [v2:172.21.15.152:3300/0,v1:172.21.15.152:6789/0] conn(0x7fbee4106c30 0x7fbee419e3c0 secure :-1 s=READY pgs=29 cs=0 l=1 rev1=1 crypto rx=0x7fbed80119e0 tx=0x7fbed80046a0 comp rx=0 tx=0).stop
2024-04-25T09:23:51.622 INFO:teuthology.orchestra.run.smithi152.stdout:/usr/bin/ceph: stderr
2024-04-25T09:23:51.022+0000 7fbeeac71700 1 -- 172.21.15.152:0/2089459952 shutdown_connections
2024-04-25T09:23:51.622 INFO:teuthology.orchestra.run.smithi152.stdout:/usr/bin/ceph: stderr
2024-04-25T09:23:51.022+0000 7fbeeac71700 1 --2- 172.21.15.152:0/2089459952 >> [v2:172.21.15.152:6800/2985185896,v1:172.21.15.152:6801/2985185896] conn(0x7fbed403ce50 0x7fbed403f240 unknown :-1 s=CLOSED pgs=1 cs=0 l=1 rev1=1 crypto rx=0 tx=0 comp rx=0 tx=0).stop
2024-04-25T09:23:51.622 INFO:teuthology.orchestra.run.smithi152.stdout:/usr/bin/ceph: stderr
2024-04-25T09:23:51.022+0000 7fbeeac71700 1 --2- 172.21.15.152:0/2089459952 >> [v2:172.21.15.152:3300/0,v1:172.21.15.152:6789/0] conn(0x7fbee4106c30 0x7fbee419e3c0 unknown :-1 s=CLOSED pgs=29 cs=0 l=1 rev1=1 crypto rx=0 tx=0 comp rx=0 tx=0).stop
2024-04-25T09:23:51.622 INFO:teuthology.orchestra.run.smithi152.stdout:/usr/bin/ceph: stderr
2024-04-25T09:23:51.022+0000 7fbeeac71700 1 --2- 172.21.15.152:0/2089459952 >> [v2:172.21.15.152:6800/4202143878,v1:172.21.15.152:6801/4202143878] conn(0x7fbed4039560 0x7fbed403ba20 unknown :-1 s=CLOSED pgs=0 cs=0 l=1 rev1=0 crypto rx=0 tx=0 comp rx=0 tx=0).stop
2024-04-25T09:23:51.622 INFO:teuthology.orchestra.run.smithi152.stdout:/usr/bin/ceph: stderr
2024-04-25T09:23:51.022+0000 7fbeeac71700 1 -- 172.21.15.152:0/2089459952 >> 172.21.15.152:0/2089459952 conn(0x7fbee41028b0 msgr2=0x7fbee4194fe0 unknown :-1 s=STATE_NONE l=0).mark_down
2024-04-25T09:23:51.622 INFO:teuthology.orchestra.run.smithi152.stdout:/usr/bin/ceph: stderr
2024-04-25T09:23:51.022+0000 7fbeeac71700 1 -- 172.21.15.152:0/2089459952 shutdown_connections
2024-04-25T09:23:51.622 INFO:teuthology.orchestra.run.smithi152.stdout:/usr/bin/ceph: stderr
2024-04-25T09:23:51.022+0000 7fbeeac71700 1 -- 172.21.15.152:0/2089459952 wait complete.
2024-04-25T09:23:51.622 INFO:teuthology.orchestra.run.smithi152.stdout:mgr epoch 5 is available
2024-04-25T09:23:51.622 INFO:teuthology.orchestra.run.smithi152.stdout:Setting orchestrator backend to cephadm...
2024-04-25T09:23:52.251 INFO:journalctl@ceph.mon.a.smithi152.stdout:Apr 25 09:23:52 smithi152 ceph-mon[26932]: [25/Apr/2024:09:23:50] ENGINE Bus STARTING
2024-04-25T09:23:52.251 INFO:journalctl@ceph.mon.a.smithi152.stdout:Apr 25 09:23:52 smithi152 ceph-mon[26932]: [25/Apr/2024:09:23:50] ENGINE Serving on https://172.21.15.152:7150
2024-04-25T09:23:52.251 INFO:journalctl@ceph.mon.a.smithi152.stdout:Apr 25 09:23:52 smithi152 ceph-mon[26932]: [25/Apr/2024:09:23:50] ENGINE Serving on http://172.21.15.152:8765
2024-04-25T09:23:52.251 INFO:journalctl@ceph.mon.a.smithi152.stdout:Apr 25 09:23:52 smithi152 ceph-mon[26932]: [25/Apr/2024:09:23:50] ENGINE Bus STARTED
2024-04-25T09:23:52.251 INFO:journalctl@ceph.mon.a.smithi152.stdout:Apr 25 09:23:52 smithi152 ceph-mon[26932]: from='client.14124 -' entity='client.admin' cmd=[{"prefix": "get_command_descriptions"}]: dispatch
2024-04-25T09:23:52.252 INFO:journalctl@ceph.mon.a.smithi152.stdout:Apr 25 09:23:52 smithi152 ceph-mon[26932]: from='client.14124 -' entity='client.admin' cmd=[{"prefix": "mgr_status"}]: dispatch
2024-04-25T09:23:52.802 INFO:teuthology.orchestra.run.smithi152.stdout:/usr/bin/ceph: stderr
2024-04-25T09:23:52.035+0000 7f844c5f2700 1 Processor -- start
2024-04-25T09:23:52.802 INFO:teuthology.orchestra.run.smithi152.stdout:/usr/bin/ceph: stderr
2024-04-25T09:23:52.035+0000 7f844c5f2700 1 -- start start
2024-04-25T09:23:52.802 INFO:teuthology.orchestra.run.smithi152.stdout:/usr/bin/ceph: stderr
2024-04-25T09:23:52.036+0000 7f844c5f2700 1 --2- >> [v2:172.21.15.152:3300/0,v1:172.21.15.152:6789/0] conn(0x7f84441083c0 0x7f84441087e0 unknown :-1 s=NONE pgs=0 cs=0 l=0 rev1=0 crypto rx=0 tx=0 comp rx=0 tx=0).connect
2024-04-25T09:23:52.802 INFO:teuthology.orchestra.run.smithi152.stdout:/usr/bin/ceph: stderr
2024-04-25T09:23:52.036+0000 7f844c5f2700 1 -- --> [v2:172.21.15.152:3300/0,v1:172.21.15.152:6789/0] -- mon_getmap magic: 0 -- 0x7f8444108db0 con 0x7f84441083c0
2024-04-25T09:23:52.802 INFO:teuthology.orchestra.run.smithi152.stdout:/usr/bin/ceph: stderr
2024-04-25T09:23:52.036+0000 7f844a38e700 1 --2- >> [v2:172.21.15.152:3300/0,v1:172.21.15.152:6789/0] conn(0x7f84441083c0 0x7f84441087e0 unknown :-1 s=BANNER_CONNECTING pgs=0 cs=0 l=0 rev1=0 crypto rx=0 tx=0 comp rx=0 tx=0)._handle_peer_banner_payload supported=3 required=0
2024-04-25T09:23:52.803 INFO:teuthology.orchestra.run.smithi152.stdout:/usr/bin/ceph: stderr
2024-04-25T09:23:52.036+0000 7f844a38e700 1 --2- >> [v2:172.21.15.152:3300/0,v1:172.21.15.152:6789/0] conn(0x7f84441083c0 0x7f84441087e0 unknown :-1 s=HELLO_CONNECTING pgs=0 cs=0 l=0 rev1=1 crypto rx=0 tx=0 comp rx=0 tx=0).handle_hello peer v2:172.21.15.152:3300/0 says I am v2:172.21.15.152:52762/0 (socket says 172.21.15.152:52762)
2024-04-25T09:23:52.803 INFO:teuthology.orchestra.run.smithi152.stdout:/usr/bin/ceph: stderr
2024-04-25T09:23:52.036+0000 7f844a38e700 1 -- 172.21.15.152:0/356553223 learned_addr learned my addr 172.21.15.152:0/356553223 (peer_addr_for_me v2:172.21.15.152:0/0)
2024-04-25T09:23:52.803 INFO:teuthology.orchestra.run.smithi152.stdout:/usr/bin/ceph: stderr
2024-04-25T09:23:52.036+0000 7f844a38e700 1 -- 172.21.15.152:0/356553223 --> [v2:172.21.15.152:3300/0,v1:172.21.15.152:6789/0] -- mon_subscribe({config=0+,monmap=0+}) -- 0x7f8444109570 con 0x7f84441083c0
2024-04-25T09:23:52.803 INFO:teuthology.orchestra.run.smithi152.stdout:/usr/bin/ceph: stderr
2024-04-25T09:23:52.036+0000 7f844a38e700 1 --2- 172.21.15.152:0/356553223 >> [v2:172.21.15.152:3300/0,v1:172.21.15.152:6789/0] conn(0x7f84441083c0 0x7f84441087e0 secure :-1 s=READY pgs=37 cs=0 l=1 rev1=1 crypto rx=0x7f84400098a0 tx=0x7f8440009bb0 comp rx=0 tx=0).ready entity=mon.0 client_cookie=17118464a1d195d server_cookie=0 in_seq=0 out_seq=0
2024-04-25T09:23:52.803 INFO:teuthology.orchestra.run.smithi152.stdout:/usr/bin/ceph: stderr
2024-04-25T09:23:52.037+0000 7f844938c700 1 -- 172.21.15.152:0/356553223 <== mon.0 v2:172.21.15.152:3300/0 1 ==== mon_map magic: 0 ==== 205+0+0 (secure 0 0 0) 0x7f8440004160 con 0x7f84441083c0
2024-04-25T09:23:52.803 INFO:teuthology.orchestra.run.smithi152.stdout:/usr/bin/ceph: stderr
2024-04-25T09:23:52.037+0000 7f844938c700 1 -- 172.21.15.152:0/356553223 <== mon.0 v2:172.21.15.152:3300/0 2 ==== config(25 keys) ==== 1032+0+0 (secure 0 0 0) 0x7f8440004300 con 0x7f84441083c0
2024-04-25T09:23:52.803 INFO:teuthology.orchestra.run.smithi152.stdout:/usr/bin/ceph: stderr
2024-04-25T09:23:52.037+0000 7f844938c700 1 -- 172.21.15.152:0/356553223 <== mon.0 v2:172.21.15.152:3300/0 3 ==== mon_map magic: 0 ==== 205+0+0 (secure 0 0 0) 0x7f84400119e0 con 0x7f84441083c0
2024-04-25T09:23:52.803 INFO:teuthology.orchestra.run.smithi152.stdout:/usr/bin/ceph: stderr
2024-04-25T09:23:52.037+0000 7f844c5f2700 1 -- 172.21.15.152:0/356553223 >> [v2:172.21.15.152:3300/0,v1:172.21.15.152:6789/0] conn(0x7f84441083c0 msgr2=0x7f84441087e0 secure :-1 s=STATE_CONNECTION_ESTABLISHED l=1).mark_down
2024-04-25T09:23:52.803 INFO:teuthology.orchestra.run.smithi152.stdout:/usr/bin/ceph: stderr
2024-04-25T09:23:52.037+0000 7f844c5f2700 1 --2- 172.21.15.152:0/356553223 >> [v2:172.21.15.152:3300/0,v1:172.21.15.152:6789/0] conn(0x7f84441083c0 0x7f84441087e0 secure :-1 s=READY pgs=37 cs=0 l=1 rev1=1 crypto rx=0x7f84400098a0 tx=0x7f8440009bb0 comp rx=0 tx=0).stop
2024-04-25T09:23:52.803 INFO:teuthology.orchestra.run.smithi152.stdout:/usr/bin/ceph: stderr
2024-04-25T09:23:52.037+0000 7f844c5f2700 1 -- 172.21.15.152:0/356553223 shutdown_connections
2024-04-25T09:23:52.803 INFO:teuthology.orchestra.run.smithi152.stdout:/usr/bin/ceph: stderr
2024-04-25T09:23:52.037+0000 7f844c5f2700 1 --2- 172.21.15.152:0/356553223 >> [v2:172.21.15.152:3300/0,v1:172.21.15.152:6789/0] conn(0x7f84441083c0 0x7f84441087e0 unknown :-1 s=CLOSED pgs=37 cs=0 l=1 rev1=1 crypto rx=0 tx=0 comp rx=0 tx=0).stop
2024-04-25T09:23:52.803 INFO:teuthology.orchestra.run.smithi152.stdout:/usr/bin/ceph: stderr
2024-04-25T09:23:52.037+0000 7f844c5f2700 1 -- 172.21.15.152:0/356553223 >> 172.21.15.152:0/356553223 conn(0x7f8444103980 msgr2=0x7f8444105da0 unknown :-1 s=STATE_NONE l=0).mark_down
2024-04-25T09:23:52.803 INFO:teuthology.orchestra.run.smithi152.stdout:/usr/bin/ceph: stderr
2024-04-25T09:23:52.037+0000 7f844c5f2700 1 -- 172.21.15.152:0/356553223 shutdown_connections
2024-04-25T09:23:52.803 INFO:teuthology.orchestra.run.smithi152.stdout:/usr/bin/ceph: stderr
2024-04-25T09:23:52.037+0000 7f844c5f2700 1 -- 172.21.15.152:0/356553223 wait complete.
2024-04-25T09:23:52.803 INFO:teuthology.orchestra.run.smithi152.stdout:/usr/bin/ceph: stderr
2024-04-25T09:23:52.038+0000 7f844c5f2700 1 Processor -- start
2024-04-25T09:23:52.804 INFO:teuthology.orchestra.run.smithi152.stdout:/usr/bin/ceph: stderr
2024-04-25T09:23:52.038+0000 7f844c5f2700 1 -- start start
2024-04-25T09:23:52.804 INFO:teuthology.orchestra.run.smithi152.stdout:/usr/bin/ceph: stderr
2024-04-25T09:23:52.038+0000 7f844c5f2700 1 --2- >> [v2:172.21.15.152:3300/0,v1:172.21.15.152:6789/0] conn(0x7f84441083c0 0x7f844419c220 unknown :-1 s=NONE pgs=0 cs=0 l=1 rev1=0 crypto rx=0 tx=0 comp rx=0 tx=0).connect
2024-04-25T09:23:52.804 INFO:teuthology.orchestra.run.smithi152.stdout:/usr/bin/ceph: stderr
2024-04-25T09:23:52.038+0000 7f844c5f2700 1 -- --> [v2:172.21.15.152:3300/0,v1:172.21.15.152:6789/0] -- mon_getmap magic: 0 -- 0x7f844410c7a0 con 0x7f84441083c0
2024-04-25T09:23:52.804 INFO:teuthology.orchestra.run.smithi152.stdout:/usr/bin/ceph: stderr
2024-04-25T09:23:52.038+0000 7f844a38e700 1 --2- >> [v2:172.21.15.152:3300/0,v1:172.21.15.152:6789/0] conn(0x7f84441083c0 0x7f844419c220 unknown :-1 s=BANNER_CONNECTING pgs=0 cs=0 l=1 rev1=0 crypto rx=0 tx=0 comp rx=0 tx=0)._handle_peer_banner_payload supported=3 required=0
2024-04-25T09:23:52.804 INFO:teuthology.orchestra.run.smithi152.stdout:/usr/bin/ceph: stderr
2024-04-25T09:23:52.038+0000 7f844a38e700 1 --2- >> [v2:172.21.15.152:3300/0,v1:172.21.15.152:6789/0] conn(0x7f84441083c0 0x7f844419c220 unknown :-1 s=HELLO_CONNECTING pgs=0 cs=0 l=1 rev1=1 crypto rx=0 tx=0 comp rx=0 tx=0).handle_hello peer v2:172.21.15.152:3300/0 says I am v2:172.21.15.152:52766/0 (socket says 172.21.15.152:52766)
2024-04-25T09:23:52.804 INFO:teuthology.orchestra.run.smithi152.stdout:/usr/bin/ceph: stderr
2024-04-25T09:23:52.038+0000 7f844a38e700 1 -- 172.21.15.152:0/930680527 learned_addr learned my addr 172.21.15.152:0/930680527 (peer_addr_for_me v2:172.21.15.152:0/0)
2024-04-25T09:23:52.804 INFO:teuthology.orchestra.run.smithi152.stdout:/usr/bin/ceph: stderr
2024-04-25T09:23:52.039+0000 7f844a38e700 1 -- 172.21.15.152:0/930680527 --> [v2:172.21.15.152:3300/0,v1:172.21.15.152:6789/0] -- mon_subscribe({config=0+,monmap=0+}) -- 0x7f844419c760 con 0x7f84441083c0
2024-04-25T09:23:52.804 INFO:teuthology.orchestra.run.smithi152.stdout:/usr/bin/ceph: stderr
2024-04-25T09:23:52.039+0000 7f844a38e700 1 --2- 172.21.15.152:0/930680527 >> [v2:172.21.15.152:3300/0,v1:172.21.15.152:6789/0] conn(0x7f84441083c0 0x7f844419c220 secure :-1 s=READY pgs=38 cs=0 l=1 rev1=1 crypto rx=0x7f84400119b0 tx=0x7f8440011a90 comp rx=0 tx=0).ready entity=mon.0 client_cookie=0 server_cookie=0 in_seq=0 out_seq=0
2024-04-25T09:23:52.804 INFO:teuthology.orchestra.run.smithi152.stdout:/usr/bin/ceph: stderr
2024-04-25T09:23:52.039+0000 7f843b7fe700 1 -- 172.21.15.152:0/930680527 <== mon.0 v2:172.21.15.152:3300/0 1 ==== mon_map magic: 0 ==== 205+0+0 (secure 0 0 0) 0x7f8440003b70 con 0x7f84441083c0
2024-04-25T09:23:52.804 INFO:teuthology.orchestra.run.smithi152.stdout:/usr/bin/ceph: stderr
2024-04-25T09:23:52.039+0000 7f843b7fe700 1 -- 172.21.15.152:0/930680527 <== mon.0 v2:172.21.15.152:3300/0 2 ==== config(25 keys) ==== 1032+0+0 (secure 0 0 0) 0x7f844001a8a0 con 0x7f84441083c0
2024-04-25T09:23:52.804 INFO:teuthology.orchestra.run.smithi152.stdout:/usr/bin/ceph: stderr
2024-04-25T09:23:52.039+0000 7f844c5f2700 1 -- 172.21.15.152:0/930680527 --> [v2:172.21.15.152:3300/0,v1:172.21.15.152:6789/0] -- mon_subscribe({mgrmap=0+}) -- 0x7f844419c9f0 con 0x7f84441083c0
2024-04-25T09:23:52.804 INFO:teuthology.orchestra.run.smithi152.stdout:/usr/bin/ceph: stderr
2024-04-25T09:23:52.039+0000 7f843b7fe700 1 -- 172.21.15.152:0/930680527 <== mon.0 v2:172.21.15.152:3300/0 3 ==== mon_map magic: 0 ==== 205+0+0 (secure 0 0 0) 0x7f8440024830 con 0x7f84441083c0
2024-04-25T09:23:52.804 INFO:teuthology.orchestra.run.smithi152.stdout:/usr/bin/ceph: stderr
2024-04-25T09:23:52.039+0000 7f844c5f2700 1 -- 172.21.15.152:0/930680527 --> [v2:172.21.15.152:3300/0,v1:172.21.15.152:6789/0] -- mon_subscribe({osdmap=0}) -- 0x7f844419f6e0 con 0x7f84441083c0
2024-04-25T09:23:52.804 INFO:teuthology.orchestra.run.smithi152.stdout:/usr/bin/ceph: stderr
2024-04-25T09:23:52.040+0000 7f843b7fe700 1 -- 172.21.15.152:0/930680527 <== mon.0 v2:172.21.15.152:3300/0 4 ==== mgrmap(e 7) ==== 46452+0+0 (secure 0 0 0) 0x7f8440022020 con 0x7f84441083c0
2024-04-25T09:23:52.805 INFO:teuthology.orchestra.run.smithi152.stdout:/usr/bin/ceph: stderr
2024-04-25T09:23:52.040+0000 7f844c5f2700 1 -- 172.21.15.152:0/930680527 --> [v2:172.21.15.152:3300/0,v1:172.21.15.152:6789/0] -- mon_command({"prefix": "get_command_descriptions"} v 0) -- 0x7f8444064a80 con 0x7f84441083c0
2024-04-25T09:23:52.805 INFO:teuthology.orchestra.run.smithi152.stdout:/usr/bin/ceph: stderr
2024-04-25T09:23:52.040+0000 7f843b7fe700 1 --2- 172.21.15.152:0/930680527 >> [v2:172.21.15.152:6800/2985185896,v1:172.21.15.152:6801/2985185896] conn(0x7f84300394a0 0x7f843003b960 unknown :-1 s=NONE pgs=0 cs=0 l=1 rev1=0 crypto rx=0 tx=0 comp rx=0 tx=0).connect
2024-04-25T09:23:52.805 INFO:teuthology.orchestra.run.smithi152.stdout:/usr/bin/ceph: stderr
2024-04-25T09:23:52.040+0000 7f843b7fe700 1 -- 172.21.15.152:0/930680527 <== mon.0 v2:172.21.15.152:3300/0 5 ==== osd_map(2..2 src has 1..2) ==== 940+0+0 (secure 0 0 0) 0x7f844004da20 con 0x7f84441083c0
2024-04-25T09:23:52.805 INFO:teuthology.orchestra.run.smithi152.stdout:/usr/bin/ceph: stderr
2024-04-25T09:23:52.040+0000 7f8449b8d700 1 --2- 172.21.15.152:0/930680527 >> [v2:172.21.15.152:6800/2985185896,v1:172.21.15.152:6801/2985185896] conn(0x7f84300394a0 0x7f843003b960 unknown :-1 s=BANNER_CONNECTING pgs=0 cs=0 l=1 rev1=0 crypto rx=0 tx=0 comp rx=0 tx=0)._handle_peer_banner_payload supported=3 required=0
2024-04-25T09:23:52.805 INFO:teuthology.orchestra.run.smithi152.stdout:/usr/bin/ceph: stderr
2024-04-25T09:23:52.040+0000 7f8449b8d700 1 --2- 172.21.15.152:0/930680527 >> [v2:172.21.15.152:6800/2985185896,v1:172.21.15.152:6801/2985185896] conn(0x7f84300394a0 0x7f843003b960 secure :-1 s=READY pgs=7 cs=0 l=1 rev1=1 crypto rx=0x7f8434006fd0 tx=0x7f8434006e40 comp rx=0 tx=0).ready entity=mgr.14120 client_cookie=0 server_cookie=0 in_seq=0 out_seq=0
2024-04-25T09:23:52.805 INFO:teuthology.orchestra.run.smithi152.stdout:/usr/bin/ceph: stderr
2024-04-25T09:23:52.045+0000 7f843b7fe700 1 -- 172.21.15.152:0/930680527 <== mon.0 v2:172.21.15.152:3300/0 6 ==== mon_command_ack([{"prefix": "get_command_descriptions"}]=0 v0) ==== 72+0+188370 (secure 0 0 0) 0x7f844000b5a0 con 0x7f84441083c0
2024-04-25T09:23:52.805 INFO:teuthology.orchestra.run.smithi152.stdout:/usr/bin/ceph: stderr
2024-04-25T09:23:52.063+0000 7f843b7fe700 1 -- 172.21.15.152:0/930680527 <== mon.0 v2:172.21.15.152:3300/0 7 ==== mgrmap(e 8) ==== 46558+0+0 (secure 0 0 0) 0x7f844002dc90 con 0x7f84441083c0
2024-04-25T09:23:52.805 INFO:teuthology.orchestra.run.smithi152.stdout:/usr/bin/ceph: stderr
2024-04-25T09:23:52.265+0000 7f844c5f2700 1 -- 172.21.15.152:0/930680527 --> [v2:172.21.15.152:6800/2985185896,v1:172.21.15.152:6801/2985185896] -- mgr_command(tid 0: {"prefix": "orch set backend", "module_name": "cephadm", "target": ["mon-mgr", ""]}) -- 0x7f8444104bf0 con 0x7f84300394a0
2024-04-25T09:23:52.805 INFO:teuthology.orchestra.run.smithi152.stdout:/usr/bin/ceph: stderr
2024-04-25T09:23:52.270+0000 7f843b7fe700 1 -- 172.21.15.152:0/930680527 <== mgr.14120 v2:172.21.15.152:6800/2985185896 1 ==== mgr_command_reply(tid 0: 0 ) ==== 8+0+0 (secure 0 0 0) 0x7f8444104bf0 con 0x7f84300394a0
2024-04-25T09:23:52.805 INFO:teuthology.orchestra.run.smithi152.stdout:/usr/bin/ceph: stderr
2024-04-25T09:23:52.272+0000 7f844c5f2700 1 -- 172.21.15.152:0/930680527 >> [v2:172.21.15.152:6800/2985185896,v1:172.21.15.152:6801/2985185896] conn(0x7f84300394a0 msgr2=0x7f843003b960 secure :-1 s=STATE_CONNECTION_ESTABLISHED l=1).mark_down
2024-04-25T09:23:52.805 INFO:teuthology.orchestra.run.smithi152.stdout:/usr/bin/ceph: stderr
2024-04-25T09:23:52.272+0000 7f844c5f2700 1 --2- 172.21.15.152:0/930680527 >> [v2:172.21.15.152:6800/2985185896,v1:172.21.15.152:6801/2985185896] conn(0x7f84300394a0 0x7f843003b960 secure :-1 s=READY pgs=7 cs=0 l=1 rev1=1 crypto rx=0x7f8434006fd0 tx=0x7f8434006e40 comp rx=0 tx=0).stop
2024-04-25T09:23:52.805 INFO:teuthology.orchestra.run.smithi152.stdout:/usr/bin/ceph: stderr
2024-04-25T09:23:52.272+0000 7f844c5f2700 1 -- 172.21.15.152:0/930680527 >> [v2:172.21.15.152:3300/0,v1:172.21.15.152:6789/0] conn(0x7f84441083c0 msgr2=0x7f844419c220 secure :-1 s=STATE_CONNECTION_ESTABLISHED l=1).mark_down
2024-04-25T09:23:52.805 INFO:teuthology.orchestra.run.smithi152.stdout:/usr/bin/ceph: stderr
2024-04-25T09:23:52.272+0000 7f844c5f2700 1 --2- 172.21.15.152:0/930680527 >> [v2:172.21.15.152:3300/0,v1:172.21.15.152:6789/0] conn(0x7f84441083c0 0x7f844419c220 secure :-1 s=READY pgs=38 cs=0 l=1 rev1=1 crypto rx=0x7f84400119b0 tx=0x7f8440011a90 comp rx=0 tx=0).stop
2024-04-25T09:23:52.806 INFO:teuthology.orchestra.run.smithi152.stdout:/usr/bin/ceph: stderr
2024-04-25T09:23:52.272+0000 7f844c5f2700 1 -- 172.21.15.152:0/930680527 shutdown_connections
2024-04-25T09:23:52.806 INFO:teuthology.orchestra.run.smithi152.stdout:/usr/bin/ceph: stderr
2024-04-25T09:23:52.273+0000 7f844c5f2700 1 --2- 172.21.15.152:0/930680527 >> [v2:172.21.15.152:6800/2985185896,v1:172.21.15.152:6801/2985185896] conn(0x7f84300394a0 0x7f843003b960 unknown :-1 s=CLOSED pgs=7 cs=0 l=1 rev1=1 crypto rx=0 tx=0 comp rx=0 tx=0).stop
2024-04-25T09:23:52.806 INFO:teuthology.orchestra.run.smithi152.stdout:/usr/bin/ceph: stderr
2024-04-25T09:23:52.273+0000 7f844c5f2700 1 --2- 172.21.15.152:0/930680527 >> [v2:172.21.15.152:3300/0,v1:172.21.15.152:6789/0] conn(0x7f84441083c0 0x7f844419c220 unknown :-1 s=CLOSED pgs=38 cs=0 l=1 rev1=1 crypto rx=0 tx=0 comp rx=0 tx=0).stop
2024-04-25T09:23:52.806 INFO:teuthology.orchestra.run.smithi152.stdout:/usr/bin/ceph: stderr
2024-04-25T09:23:52.273+0000 7f844c5f2700 1 -- 172.21.15.152:0/930680527 >> 172.21.15.152:0/930680527 conn(0x7f8444103980 msgr2=0x7f84441044e0 unknown :-1 s=STATE_NONE l=0).mark_down
2024-04-25T09:23:52.806 INFO:teuthology.orchestra.run.smithi152.stdout:/usr/bin/ceph: stderr
2024-04-25T09:23:52.273+0000 7f844c5f2700 1 -- 172.21.15.152:0/930680527 shutdown_connections
2024-04-25T09:23:52.806 INFO:teuthology.orchestra.run.smithi152.stdout:/usr/bin/ceph: stderr
2024-04-25T09:23:52.273+0000 7f844c5f2700 1 -- 172.21.15.152:0/930680527 wait complete.
2024-04-25T09:23:53.230 INFO:journalctl@ceph.mon.a.smithi152.stdout:Apr 25 09:23:53 smithi152 ceph-mon[26932]: mgrmap e8: x(active, since 2s)
2024-04-25T09:23:53.230 INFO:journalctl@ceph.mon.a.smithi152.stdout:Apr 25 09:23:53 smithi152 ceph-mon[26932]: from='mgr.14120 172.21.15.152:0/3043291511' entity='mgr.x'
2024-04-25T09:23:53.230 INFO:journalctl@ceph.mon.a.smithi152.stdout:Apr 25 09:23:53 smithi152 ceph-mon[26932]: from='mgr.14120 172.21.15.152:0/3043291511' entity='mgr.x' cmd=[{"prefix": "config dump", "format": "json"}]: dispatch
2024-04-25T09:23:53.966 INFO:teuthology.orchestra.run.smithi152.stdout:/usr/bin/ceph: stdout value unchanged
2024-04-25T09:23:53.966 INFO:teuthology.orchestra.run.smithi152.stdout:/usr/bin/ceph: stderr
2024-04-25T09:23:53.264+0000 7f1e1256a700 1 Processor -- start
2024-04-25T09:23:53.966 INFO:teuthology.orchestra.run.smithi152.stdout:/usr/bin/ceph: stderr
2024-04-25T09:23:53.265+0000 7f1e1256a700 1 -- start start
2024-04-25T09:23:53.966 INFO:teuthology.orchestra.run.smithi152.stdout:/usr/bin/ceph: stderr
2024-04-25T09:23:53.265+0000 7f1e1256a700 1 --2- >> [v2:172.21.15.152:3300/0,v1:172.21.15.152:6789/0] conn(0x7f1e0c1083d0 0x7f1e0c1087f0 unknown :-1 s=NONE pgs=0 cs=0 l=0 rev1=0 crypto rx=0 tx=0 comp rx=0 tx=0).connect
2024-04-25T09:23:53.966 INFO:teuthology.orchestra.run.smithi152.stdout:/usr/bin/ceph: stderr
2024-04-25T09:23:53.265+0000 7f1e1256a700 1 -- --> [v2:172.21.15.152:3300/0,v1:172.21.15.152:6789/0] -- mon_getmap magic: 0 -- 0x7f1e0c108dc0 con 0x7f1e0c1083d0
2024-04-25T09:23:53.966 INFO:teuthology.orchestra.run.smithi152.stdout:/usr/bin/ceph: stderr
2024-04-25T09:23:53.265+0000 7f1e0bfff700 1 --2- >> [v2:172.21.15.152:3300/0,v1:172.21.15.152:6789/0] conn(0x7f1e0c1083d0 0x7f1e0c1087f0 unknown :-1 s=BANNER_CONNECTING pgs=0 cs=0 l=0 rev1=0 crypto rx=0 tx=0 comp rx=0 tx=0)._handle_peer_banner_payload supported=3 required=0
2024-04-25T09:23:53.967 INFO:teuthology.orchestra.run.smithi152.stdout:/usr/bin/ceph: stderr
2024-04-25T09:23:53.265+0000 7f1e0bfff700 1 --2- >> [v2:172.21.15.152:3300/0,v1:172.21.15.152:6789/0] conn(0x7f1e0c1083d0 0x7f1e0c1087f0 unknown :-1 s=HELLO_CONNECTING pgs=0 cs=0 l=0 rev1=1 crypto rx=0 tx=0 comp rx=0 tx=0).handle_hello peer v2:172.21.15.152:3300/0 says I am v2:172.21.15.152:52782/0 (socket says 172.21.15.152:52782)
2024-04-25T09:23:53.967 INFO:teuthology.orchestra.run.smithi152.stdout:/usr/bin/ceph: stderr
2024-04-25T09:23:53.265+0000 7f1e0bfff700 1 -- 172.21.15.152:0/697796266 learned_addr learned my addr 172.21.15.152:0/697796266 (peer_addr_for_me v2:172.21.15.152:0/0)
2024-04-25T09:23:53.967 INFO:teuthology.orchestra.run.smithi152.stdout:/usr/bin/ceph: stderr
2024-04-25T09:23:53.265+0000 7f1e0bfff700 1 -- 172.21.15.152:0/697796266 --> [v2:172.21.15.152:3300/0,v1:172.21.15.152:6789/0] -- mon_subscribe({config=0+,monmap=0+}) -- 0x7f1e0c109580 con 0x7f1e0c1083d0
2024-04-25T09:23:53.967 INFO:teuthology.orchestra.run.smithi152.stdout:/usr/bin/ceph: stderr
2024-04-25T09:23:53.265+0000 7f1e0bfff700 1 --2- 172.21.15.152:0/697796266 >> [v2:172.21.15.152:3300/0,v1:172.21.15.152:6789/0] conn(0x7f1e0c1083d0 0x7f1e0c1087f0 secure :-1 s=READY pgs=39 cs=0 l=1 rev1=1 crypto rx=0x7f1e000098a0 tx=0x7f1e00009bb0 comp rx=0 tx=0).ready entity=mon.0 client_cookie=5fa1f3aa0482177b server_cookie=0 in_seq=0 out_seq=0
2024-04-25T09:23:53.967 INFO:teuthology.orchestra.run.smithi152.stdout:/usr/bin/ceph: stderr
2024-04-25T09:23:53.265+0000 7f1e0affd700 1 -- 172.21.15.152:0/697796266 <== mon.0 v2:172.21.15.152:3300/0 1 ==== mon_map magic: 0 ==== 205+0+0 (secure 0 0 0) 0x7f1e00004160 con 0x7f1e0c1083d0
2024-04-25T09:23:53.967 INFO:teuthology.orchestra.run.smithi152.stdout:/usr/bin/ceph: stderr
2024-04-25T09:23:53.266+0000 7f1e0affd700 1 -- 172.21.15.152:0/697796266 <== mon.0 v2:172.21.15.152:3300/0 2 ==== config(25 keys) ==== 1032+0+0 (secure 0 0 0) 0x7f1e00004300 con 0x7f1e0c1083d0
2024-04-25T09:23:53.967 INFO:teuthology.orchestra.run.smithi152.stdout:/usr/bin/ceph: stderr
2024-04-25T09:23:53.266+0000 7f1e0affd700 1 -- 172.21.15.152:0/697796266 <== mon.0 v2:172.21.15.152:3300/0 3 ==== mon_map magic: 0 ==== 205+0+0 (secure 0 0 0) 0x7f1e000119e0 con 0x7f1e0c1083d0
2024-04-25T09:23:53.967 INFO:teuthology.orchestra.run.smithi152.stdout:/usr/bin/ceph: stderr
2024-04-25T09:23:53.266+0000 7f1e1256a700 1 -- 172.21.15.152:0/697796266 >> [v2:172.21.15.152:3300/0,v1:172.21.15.152:6789/0] conn(0x7f1e0c1083d0 msgr2=0x7f1e0c1087f0 secure :-1 s=STATE_CONNECTION_ESTABLISHED l=1).mark_down
2024-04-25T09:23:53.967 INFO:teuthology.orchestra.run.smithi152.stdout:/usr/bin/ceph: stderr
2024-04-25T09:23:53.266+0000 7f1e1256a700 1 --2- 172.21.15.152:0/697796266 >> [v2:172.21.15.152:3300/0,v1:172.21.15.152:6789/0] conn(0x7f1e0c1083d0 0x7f1e0c1087f0 secure :-1 s=READY pgs=39 cs=0 l=1 rev1=1 crypto rx=0x7f1e000098a0 tx=0x7f1e00009bb0 comp rx=0 tx=0).stop
2024-04-25T09:23:53.967 INFO:teuthology.orchestra.run.smithi152.stdout:/usr/bin/ceph: stderr
2024-04-25T09:23:53.266+0000 7f1e1256a700 1 -- 172.21.15.152:0/697796266 shutdown_connections
2024-04-25T09:23:53.967 INFO:teuthology.orchestra.run.smithi152.stdout:/usr/bin/ceph: stderr
2024-04-25T09:23:53.266+0000 7f1e1256a700 1 --2- 172.21.15.152:0/697796266 >> [v2:172.21.15.152:3300/0,v1:172.21.15.152:6789/0] conn(0x7f1e0c1083d0 0x7f1e0c1087f0 unknown :-1 s=CLOSED pgs=39 cs=0 l=1 rev1=1 crypto rx=0 tx=0 comp rx=0 tx=0).stop
2024-04-25T09:23:53.967 INFO:teuthology.orchestra.run.smithi152.stdout:/usr/bin/ceph: stderr
2024-04-25T09:23:53.266+0000 7f1e1256a700 1 -- 172.21.15.152:0/697796266 >> 172.21.15.152:0/697796266 conn(0x7f1e0c103930 msgr2=0x7f1e0c105db0 unknown :-1 s=STATE_NONE l=0).mark_down
2024-04-25T09:23:53.967 INFO:teuthology.orchestra.run.smithi152.stdout:/usr/bin/ceph: stderr
2024-04-25T09:23:53.266+0000 7f1e1256a700 1 -- 172.21.15.152:0/697796266 shutdown_connections
2024-04-25T09:23:53.968 INFO:teuthology.orchestra.run.smithi152.stdout:/usr/bin/ceph: stderr
2024-04-25T09:23:53.266+0000 7f1e1256a700 1 -- 172.21.15.152:0/697796266 wait complete.
2024-04-25T09:23:53.968 INFO:teuthology.orchestra.run.smithi152.stdout:/usr/bin/ceph: stderr
2024-04-25T09:23:53.267+0000 7f1e1256a700 1 Processor -- start
2024-04-25T09:23:53.968 INFO:teuthology.orchestra.run.smithi152.stdout:/usr/bin/ceph: stderr
2024-04-25T09:23:53.267+0000 7f1e1256a700 1 -- start start
2024-04-25T09:23:53.968 INFO:teuthology.orchestra.run.smithi152.stdout:/usr/bin/ceph: stderr
2024-04-25T09:23:53.267+0000 7f1e1256a700 1 --2- >> [v2:172.21.15.152:3300/0,v1:172.21.15.152:6789/0] conn(0x7f1e0c1083d0 0x7f1e0c19c290 unknown :-1 s=NONE pgs=0 cs=0 l=1 rev1=0 crypto rx=0 tx=0 comp rx=0 tx=0).connect
2024-04-25T09:23:53.968 INFO:teuthology.orchestra.run.smithi152.stdout:/usr/bin/ceph: stderr
2024-04-25T09:23:53.267+0000 7f1e1256a700 1 -- --> [v2:172.21.15.152:3300/0,v1:172.21.15.152:6789/0] -- mon_getmap magic: 0 -- 0x7f1e0c10c7b0 con 0x7f1e0c1083d0
2024-04-25T09:23:53.968 INFO:teuthology.orchestra.run.smithi152.stdout:/usr/bin/ceph: stderr
2024-04-25T09:23:53.267+0000 7f1e0bfff700 1 --2- >> [v2:172.21.15.152:3300/0,v1:172.21.15.152:6789/0] conn(0x7f1e0c1083d0 0x7f1e0c19c290 unknown :-1 s=BANNER_CONNECTING pgs=0 cs=0 l=1 rev1=0 crypto rx=0 tx=0 comp rx=0 tx=0)._handle_peer_banner_payload supported=3 required=0
2024-04-25T09:23:53.968 INFO:teuthology.orchestra.run.smithi152.stdout:/usr/bin/ceph: stderr
2024-04-25T09:23:53.267+0000 7f1e0bfff700 1 --2- >> [v2:172.21.15.152:3300/0,v1:172.21.15.152:6789/0] conn(0x7f1e0c1083d0 0x7f1e0c19c290 unknown :-1 s=HELLO_CONNECTING pgs=0 cs=0 l=1 rev1=1 crypto rx=0 tx=0 comp rx=0 tx=0).handle_hello peer v2:172.21.15.152:3300/0 says I am v2:172.21.15.152:52792/0 (socket says 172.21.15.152:52792)
2024-04-25T09:23:53.968 INFO:teuthology.orchestra.run.smithi152.stdout:/usr/bin/ceph: stderr
2024-04-25T09:23:53.267+0000 7f1e0bfff700 1 -- 172.21.15.152:0/4002456785 learned_addr learned my addr 172.21.15.152:0/4002456785 (peer_addr_for_me v2:172.21.15.152:0/0)
2024-04-25T09:23:53.968 INFO:teuthology.orchestra.run.smithi152.stdout:/usr/bin/ceph: stderr
2024-04-25T09:23:53.268+0000 7f1e0bfff700 1 -- 172.21.15.152:0/4002456785 --> [v2:172.21.15.152:3300/0,v1:172.21.15.152:6789/0] -- mon_subscribe({config=0+,monmap=0+}) -- 0x7f1e0c19c7d0 con 0x7f1e0c1083d0
2024-04-25T09:23:53.968 INFO:teuthology.orchestra.run.smithi152.stdout:/usr/bin/ceph: stderr
2024-04-25T09:23:53.268+0000 7f1e0bfff700 1 --2- 172.21.15.152:0/4002456785 >> [v2:172.21.15.152:3300/0,v1:172.21.15.152:6789/0] conn(0x7f1e0c1083d0 0x7f1e0c19c290 secure :-1 s=READY pgs=40 cs=0 l=1 rev1=1 crypto rx=0x7f1e00006b20 tx=0x7f1e00011a60 comp rx=0 tx=0).ready entity=mon.0 client_cookie=0 server_cookie=0 in_seq=0 out_seq=0
2024-04-25T09:23:53.968 INFO:teuthology.orchestra.run.smithi152.stdout:/usr/bin/ceph: stderr
2024-04-25T09:23:53.268+0000 7f1e097fa700 1 -- 172.21.15.152:0/4002456785 <== mon.0 v2:172.21.15.152:3300/0 1 ==== mon_map magic: 0 ==== 205+0+0 (secure 0 0 0) 0x7f1e00003a60 con 0x7f1e0c1083d0
2024-04-25T09:23:53.968 INFO:teuthology.orchestra.run.smithi152.stdout:/usr/bin/ceph: stderr
2024-04-25T09:23:53.268+0000 7f1e097fa700 1 -- 172.21.15.152:0/4002456785 <== mon.0 v2:172.21.15.152:3300/0 2 ==== config(25 keys) ==== 1032+0+0 (secure 0 0 0) 0x7f1e00003c00 con 0x7f1e0c1083d0
2024-04-25T09:23:53.968 INFO:teuthology.orchestra.run.smithi152.stdout:/usr/bin/ceph: stderr
2024-04-25T09:23:53.268+0000 7f1e097fa700 1 -- 172.21.15.152:0/4002456785 <== mon.0 v2:172.21.15.152:3300/0 3 ==== mon_map magic: 0 ==== 205+0+0 (secure 0 0 0) 0x7f1e00024780 con 0x7f1e0c1083d0
2024-04-25T09:23:53.969 INFO:teuthology.orchestra.run.smithi152.stdout:/usr/bin/ceph: stderr
2024-04-25T09:23:53.268+0000 7f1e1256a700 1 -- 172.21.15.152:0/4002456785 --> [v2:172.21.15.152:3300/0,v1:172.21.15.152:6789/0] -- mon_subscribe({mgrmap=0+}) -- 0x7f1e0c19ca60 con 0x7f1e0c1083d0
2024-04-25T09:23:53.969 INFO:teuthology.orchestra.run.smithi152.stdout:/usr/bin/ceph: stderr
2024-04-25T09:23:53.268+0000 7f1e1256a700 1 -- 172.21.15.152:0/4002456785 --> [v2:172.21.15.152:3300/0,v1:172.21.15.152:6789/0] -- mon_subscribe({osdmap=0}) -- 0x7f1e0c19f750 con 0x7f1e0c1083d0
2024-04-25T09:23:53.969 INFO:teuthology.orchestra.run.smithi152.stdout:/usr/bin/ceph: stderr
2024-04-25T09:23:53.269+0000 7f1e097fa700 1 -- 172.21.15.152:0/4002456785 <== mon.0 v2:172.21.15.152:3300/0 4 ==== mgrmap(e 8) ==== 46558+0+0 (secure 0 0 0) 0x7f1e00022020 con 0x7f1e0c1083d0
2024-04-25T09:23:53.969 INFO:teuthology.orchestra.run.smithi152.stdout:/usr/bin/ceph: stderr
2024-04-25T09:23:53.269+0000 7f1e1256a700 1 -- 172.21.15.152:0/4002456785 --> [v2:172.21.15.152:3300/0,v1:172.21.15.152:6789/0] -- mon_command({"prefix": "get_command_descriptions"} v 0) -- 0x7f1e0c064a80 con 0x7f1e0c1083d0
2024-04-25T09:23:53.969 INFO:teuthology.orchestra.run.smithi152.stdout:/usr/bin/ceph: stderr
2024-04-25T09:23:53.269+0000 7f1e097fa700 1 --2- 172.21.15.152:0/4002456785 >> [v2:172.21.15.152:6800/2985185896,v1:172.21.15.152:6801/2985185896] conn(0x7f1df4039600 0x7f1df403bac0 unknown :-1 s=NONE pgs=0 cs=0 l=1 rev1=0 crypto rx=0 tx=0 comp rx=0 tx=0).connect
2024-04-25T09:23:53.969 INFO:teuthology.orchestra.run.smithi152.stdout:/usr/bin/ceph: stderr
2024-04-25T09:23:53.269+0000 7f1e097fa700 1 -- 172.21.15.152:0/4002456785 <== mon.0 v2:172.21.15.152:3300/0 5 ==== osd_map(2..2 src has 1..2) ==== 940+0+0 (secure 0 0 0) 0x7f1e0004da80 con 0x7f1e0c1083d0
2024-04-25T09:23:53.969 INFO:teuthology.orchestra.run.smithi152.stdout:/usr/bin/ceph: stderr
2024-04-25T09:23:53.269+0000 7f1e0b7fe700 1 --2- 172.21.15.152:0/4002456785 >> [v2:172.21.15.152:6800/2985185896,v1:172.21.15.152:6801/2985185896] conn(0x7f1df4039600 0x7f1df403bac0 unknown :-1 s=BANNER_CONNECTING pgs=0 cs=0 l=1 rev1=0 crypto rx=0 tx=0 comp rx=0 tx=0)._handle_peer_banner_payload supported=3 required=0
2024-04-25T09:23:53.969 INFO:teuthology.orchestra.run.smithi152.stdout:/usr/bin/ceph: stderr
2024-04-25T09:23:53.269+0000 7f1e0b7fe700 1 --2- 172.21.15.152:0/4002456785 >> [v2:172.21.15.152:6800/2985185896,v1:172.21.15.152:6801/2985185896] conn(0x7f1df4039600 0x7f1df403bac0 secure :-1 s=READY pgs=8 cs=0 l=1 rev1=1 crypto rx=0x7f1dfc006fd0 tx=0x7f1dfc006e40 comp rx=0 tx=0).ready entity=mgr.14120 client_cookie=0 server_cookie=0 in_seq=0 out_seq=0
2024-04-25T09:23:53.969 INFO:teuthology.orchestra.run.smithi152.stdout:/usr/bin/ceph: stderr
2024-04-25T09:23:53.274+0000 7f1e097fa700 1 -- 172.21.15.152:0/4002456785 <== mon.0 v2:172.21.15.152:3300/0 6 ==== mon_command_ack([{"prefix": "get_command_descriptions"}]=0 v0) ==== 72+0+188370 (secure 0 0 0) 0x7f1e0000f2e0 con 0x7f1e0c1083d0
2024-04-25T09:23:53.969 INFO:teuthology.orchestra.run.smithi152.stdout:/usr/bin/ceph: stderr
2024-04-25T09:23:53.474+0000 7f1e1256a700 1 -- 172.21.15.152:0/4002456785 --> [v2:172.21.15.152:6800/2985185896,v1:172.21.15.152:6801/2985185896] -- mgr_command(tid 0: {"prefix": "cephadm set-user", "user": "root", "target": ["mon-mgr", ""]}) -- 0x7f1e0c104be0 con 0x7f1df4039600
2024-04-25T09:23:53.969 INFO:teuthology.orchestra.run.smithi152.stdout:/usr/bin/ceph: stderr
2024-04-25T09:23:53.475+0000 7f1e097fa700 1 -- 172.21.15.152:0/4002456785 <== mgr.14120 v2:172.21.15.152:6800/2985185896 1 ==== mgr_command_reply(tid 0: 0 ) ==== 8+0+16 (secure 0 0 0) 0x7f1e0c104be0 con 0x7f1df4039600
2024-04-25T09:23:53.969 INFO:teuthology.orchestra.run.smithi152.stdout:/usr/bin/ceph: stderr
2024-04-25T09:23:53.477+0000 7f1e1256a700 1 -- 172.21.15.152:0/4002456785 >> [v2:172.21.15.152:6800/2985185896,v1:172.21.15.152:6801/2985185896] conn(0x7f1df4039600 msgr2=0x7f1df403bac0 secure :-1 s=STATE_CONNECTION_ESTABLISHED l=1).mark_down
2024-04-25T09:23:53.970 INFO:teuthology.orchestra.run.smithi152.stdout:/usr/bin/ceph: stderr
2024-04-25T09:23:53.477+0000 7f1e1256a700 1 --2- 172.21.15.152:0/4002456785 >> [v2:172.21.15.152:6800/2985185896,v1:172.21.15.152:6801/2985185896] conn(0x7f1df4039600 0x7f1df403bac0 secure :-1 s=READY pgs=8 cs=0 l=1 rev1=1 crypto rx=0x7f1dfc006fd0 tx=0x7f1dfc006e40 comp rx=0 tx=0).stop
2024-04-25T09:23:53.970 INFO:teuthology.orchestra.run.smithi152.stdout:/usr/bin/ceph: stderr
2024-04-25T09:23:53.477+0000 7f1e1256a700 1 -- 172.21.15.152:0/4002456785 >> [v2:172.21.15.152:3300/0,v1:172.21.15.152:6789/0] conn(0x7f1e0c1083d0 msgr2=0x7f1e0c19c290 secure :-1 s=STATE_CONNECTION_ESTABLISHED l=1).mark_down
2024-04-25T09:23:53.970 INFO:teuthology.orchestra.run.smithi152.stdout:/usr/bin/ceph: stderr
2024-04-25T09:23:53.477+0000 7f1e1256a700 1 --2- 172.21.15.152:0/4002456785 >> [v2:172.21.15.152:3300/0,v1:172.21.15.152:6789/0] conn(0x7f1e0c1083d0 0x7f1e0c19c290 secure :-1 s=READY pgs=40 cs=0 l=1 rev1=1 crypto rx=0x7f1e00006b20 tx=0x7f1e00011a60 comp rx=0 tx=0).stop
2024-04-25T09:23:53.970 INFO:teuthology.orchestra.run.smithi152.stdout:/usr/bin/ceph: stderr
2024-04-25T09:23:53.477+0000 7f1e1256a700 1 -- 172.21.15.152:0/4002456785 shutdown_connections
2024-04-25T09:23:53.970 INFO:teuthology.orchestra.run.smithi152.stdout:/usr/bin/ceph: stderr
2024-04-25T09:23:53.477+0000 7f1e1256a700 1 --2- 172.21.15.152:0/4002456785 >> [v2:172.21.15.152:6800/2985185896,v1:172.21.15.152:6801/2985185896] conn(0x7f1df4039600 0x7f1df403bac0 unknown :-1 s=CLOSED pgs=8 cs=0 l=1 rev1=1 crypto rx=0 tx=0 comp rx=0 tx=0).stop
2024-04-25T09:23:53.970 INFO:teuthology.orchestra.run.smithi152.stdout:/usr/bin/ceph: stderr
2024-04-25T09:23:53.477+0000 7f1e1256a700 1 --2- 172.21.15.152:0/4002456785 >> [v2:172.21.15.152:3300/0,v1:172.21.15.152:6789/0] conn(0x7f1e0c1083d0 0x7f1e0c19c290 unknown :-1 s=CLOSED pgs=40 cs=0 l=1 rev1=1 crypto rx=0 tx=0 comp rx=0 tx=0).stop
2024-04-25T09:23:53.970 INFO:teuthology.orchestra.run.smithi152.stdout:/usr/bin/ceph: stderr
2024-04-25T09:23:53.477+0000 7f1e1256a700 1 -- 172.21.15.152:0/4002456785 >> 172.21.15.152:0/4002456785 conn(0x7f1e0c103930 msgr2=0x7f1e0c1044d0 unknown :-1 s=STATE_NONE l=0).mark_down
2024-04-25T09:23:53.970 INFO:teuthology.orchestra.run.smithi152.stdout:/usr/bin/ceph: stderr
2024-04-25T09:23:53.477+0000 7f1e1256a700 1 -- 172.21.15.152:0/4002456785 shutdown_connections
2024-04-25T09:23:53.970 INFO:teuthology.orchestra.run.smithi152.stdout:/usr/bin/ceph: stderr
2024-04-25T09:23:53.477+0000 7f1e1256a700 1 -- 172.21.15.152:0/4002456785 wait complete.
2024-04-25T09:23:53.970 INFO:teuthology.orchestra.run.smithi152.stdout:Generating ssh key...
2024-04-25T09:23:54.305 INFO:journalctl@ceph.mon.a.smithi152.stdout:Apr 25 09:23:54 smithi152 ceph-mon[26932]: from='client.14132 -' entity='client.admin' cmd=[{"prefix": "orch set backend", "module_name": "cephadm", "target": ["mon-mgr", ""]}]: dispatch
2024-04-25T09:23:55.247 INFO:journalctl@ceph.mon.a.smithi152.stdout:Apr 25 09:23:55 smithi152 ceph-mon[26932]: from='client.14134 -' entity='client.admin' cmd=[{"prefix": "cephadm set-user", "user": "root", "target": ["mon-mgr", ""]}]: dispatch
2024-04-25T09:23:55.249 INFO:journalctl@ceph.mon.a.smithi152.stdout:Apr 25 09:23:55 smithi152 ceph-mon[26932]: from='mgr.14120 172.21.15.152:0/3043291511' entity='mgr.x'
2024-04-25T09:23:55.249 INFO:journalctl@ceph.mon.a.smithi152.stdout:Apr 25 09:23:55 smithi152 ceph-mon[26932]: from='mgr.14120 172.21.15.152:0/3043291511' entity='mgr.x'
2024-04-25T09:23:55.249 INFO:journalctl@ceph.mgr.x.smithi152.stdout:Apr 25 09:23:54 smithi152 ceph-57e6147a-02e5-11ef-bc93-c7b262605968-mgr-x[27165]: Generating public/private rsa key pair.
2024-04-25T09:23:55.249 INFO:journalctl@ceph.mgr.x.smithi152.stdout:Apr 25 09:23:54 smithi152 ceph-57e6147a-02e5-11ef-bc93-c7b262605968-mgr-x[27165]: Your identification has been saved in /tmp/tmpc0f85arv/key.
2024-04-25T09:23:55.249 INFO:journalctl@ceph.mgr.x.smithi152.stdout:Apr 25 09:23:54 smithi152 ceph-57e6147a-02e5-11ef-bc93-c7b262605968-mgr-x[27165]: Your public key has been saved in /tmp/tmpc0f85arv/key.pub.
2024-04-25T09:23:55.249 INFO:journalctl@ceph.mgr.x.smithi152.stdout:Apr 25 09:23:54 smithi152 ceph-57e6147a-02e5-11ef-bc93-c7b262605968-mgr-x[27165]: The key fingerprint is:
2024-04-25T09:23:55.250 INFO:journalctl@ceph.mgr.x.smithi152.stdout:Apr 25 09:23:54 smithi152 ceph-57e6147a-02e5-11ef-bc93-c7b262605968-mgr-x[27165]: SHA256:Vy1MswOLwp2eqj6xNTbMmJZM7sdG8j8zhcO3/BFGiiA ceph-57e6147a-02e5-11ef-bc93-c7b262605968
2024-04-25T09:23:55.250 INFO:journalctl@ceph.mgr.x.smithi152.stdout:Apr 25 09:23:54 smithi152 ceph-57e6147a-02e5-11ef-bc93-c7b262605968-mgr-x[27165]: The key's randomart image is:
2024-04-25T09:23:55.250 INFO:journalctl@ceph.mgr.x.smithi152.stdout:Apr 25 09:23:54 smithi152 ceph-57e6147a-02e5-11ef-bc93-c7b262605968-mgr-x[27165]: +---[RSA 3072]----+
2024-04-25T09:23:55.250 INFO:journalctl@ceph.mgr.x.smithi152.stdout:Apr 25 09:23:54 smithi152 ceph-57e6147a-02e5-11ef-bc93-c7b262605968-mgr-x[27165]: | . o |
2024-04-25T09:23:55.250 INFO:journalctl@ceph.mgr.x.smithi152.stdout:Apr 25 09:23:54 smithi152 ceph-57e6147a-02e5-11ef-bc93-c7b262605968-mgr-x[27165]: | . . o = + |
2024-04-25T09:23:55.250 INFO:journalctl@ceph.mgr.x.smithi152.stdout:Apr 25 09:23:54 smithi152 ceph-57e6147a-02e5-11ef-bc93-c7b262605968-mgr-x[27165]: | E + + . B . |
2024-04-25T09:23:55.250 INFO:journalctl@ceph.mgr.x.smithi152.stdout:Apr 25 09:23:54 smithi152 ceph-57e6147a-02e5-11ef-bc93-c7b262605968-mgr-x[27165]: | .. + o + o |
2024-04-25T09:23:55.250 INFO:journalctl@ceph.mgr.x.smithi152.stdout:Apr 25 09:23:54 smithi152 ceph-57e6147a-02e5-11ef-bc93-c7b262605968-mgr-x[27165]: | + * .S.o o |
2024-04-25T09:23:55.250 INFO:journalctl@ceph.mgr.x.smithi152.stdout:Apr 25 09:23:54 smithi152 ceph-57e6147a-02e5-11ef-bc93-c7b262605968-mgr-x[27165]: | X O.+.o. . |
2024-04-25T09:23:55.250 INFO:journalctl@ceph.mgr.x.smithi152.stdout:Apr 25 09:23:54 smithi152 ceph-57e6147a-02e5-11ef-bc93-c7b262605968-mgr-x[27165]: | o X.o = .. |
2024-04-25T09:23:55.250 INFO:journalctl@ceph.mgr.x.smithi152.stdout:Apr 25 09:23:54 smithi152 ceph-57e6147a-02e5-11ef-bc93-c7b262605968-mgr-x[27165]: | +.= + o . |
2024-04-25T09:23:55.250 INFO:journalctl@ceph.mgr.x.smithi152.stdout:Apr 25 09:23:54 smithi152 ceph-57e6147a-02e5-11ef-bc93-c7b262605968-mgr-x[27165]: | .o+ ..+ .. |
2024-04-25T09:23:55.250 INFO:journalctl@ceph.mgr.x.smithi152.stdout:Apr 25 09:23:54 smithi152 ceph-57e6147a-02e5-11ef-bc93-c7b262605968-mgr-x[27165]: +----[SHA256]-----+
2024-04-25T09:23:55.521 INFO:teuthology.orchestra.run.smithi152.stdout:/usr/bin/ceph: stderr
2024-04-25T09:23:54.413+0000 7f249c64c700 1 Processor -- start
2024-04-25T09:23:55.522 INFO:teuthology.orchestra.run.smithi152.stdout:/usr/bin/ceph: stderr
2024-04-25T09:23:54.413+0000 7f249c64c700 1 -- start start
2024-04-25T09:23:55.522 INFO:teuthology.orchestra.run.smithi152.stdout:/usr/bin/ceph: stderr
2024-04-25T09:23:54.413+0000 7f249c64c700 1 --2- >> [v2:172.21.15.152:3300/0,v1:172.21.15.152:6789/0] conn(0x7f2494108e60 0x7f249410b250 unknown :-1 s=NONE pgs=0 cs=0 l=0 rev1=0 crypto rx=0 tx=0 comp rx=0 tx=0).connect
2024-04-25T09:23:55.522 INFO:teuthology.orchestra.run.smithi152.stdout:/usr/bin/ceph: stderr
2024-04-25T09:23:54.413+0000 7f249c64c700 1 -- --> [v2:172.21.15.152:3300/0,v1:172.21.15.152:6789/0] -- mon_getmap magic: 0 -- 0x7f249407bf90 con 0x7f2494108e60
2024-04-25T09:23:55.522 INFO:teuthology.orchestra.run.smithi152.stdout:/usr/bin/ceph: stderr
2024-04-25T09:23:54.413+0000 7f249a3e8700 1 --2- >> [v2:172.21.15.152:3300/0,v1:172.21.15.152:6789/0] conn(0x7f2494108e60 0x7f249410b250 unknown :-1 s=BANNER_CONNECTING pgs=0 cs=0 l=0 rev1=0 crypto rx=0 tx=0 comp rx=0 tx=0)._handle_peer_banner_payload supported=3 required=0
2024-04-25T09:23:55.522 INFO:teuthology.orchestra.run.smithi152.stdout:/usr/bin/ceph: stderr
2024-04-25T09:23:54.413+0000 7f249a3e8700 1 --2- >> [v2:172.21.15.152:3300/0,v1:172.21.15.152:6789/0] conn(0x7f2494108e60 0x7f249410b250 unknown :-1 s=HELLO_CONNECTING pgs=0 cs=0 l=0 rev1=1 crypto rx=0 tx=0 comp rx=0 tx=0).handle_hello peer v2:172.21.15.152:3300/0 says I am v2:172.21.15.152:52808/0 (socket says 172.21.15.152:52808)
2024-04-25T09:23:55.522 INFO:teuthology.orchestra.run.smithi152.stdout:/usr/bin/ceph: stderr
2024-04-25T09:23:54.413+0000 7f249a3e8700 1 -- 172.21.15.152:0/2965996669 learned_addr learned my addr 172.21.15.152:0/2965996669 (peer_addr_for_me v2:172.21.15.152:0/0)
2024-04-25T09:23:55.522 INFO:teuthology.orchestra.run.smithi152.stdout:/usr/bin/ceph: stderr
2024-04-25T09:23:54.414+0000 7f249a3e8700 1 -- 172.21.15.152:0/2965996669 --> [v2:172.21.15.152:3300/0,v1:172.21.15.152:6789/0] -- mon_subscribe({config=0+,monmap=0+}) -- 0x7f249410b790 con 0x7f2494108e60
2024-04-25T09:23:55.522 INFO:teuthology.orchestra.run.smithi152.stdout:/usr/bin/ceph: stderr
2024-04-25T09:23:54.414+0000 7f249a3e8700 1 --2- 172.21.15.152:0/2965996669 >> [v2:172.21.15.152:3300/0,v1:172.21.15.152:6789/0] conn(0x7f2494108e60 0x7f249410b250 secure :-1 s=READY pgs=41 cs=0 l=1 rev1=1 crypto rx=0x7f24900098a0 tx=0x7f2490009bb0 comp rx=0 tx=0).ready entity=mon.0 client_cookie=31d621c47b2e06b8 server_cookie=0 in_seq=0 out_seq=0
2024-04-25T09:23:55.522 INFO:teuthology.orchestra.run.smithi152.stdout:/usr/bin/ceph: stderr
2024-04-25T09:23:54.414+0000 7f24993e6700 1 -- 172.21.15.152:0/2965996669 <== mon.0 v2:172.21.15.152:3300/0 1 ==== mon_map magic: 0 ==== 205+0+0 (secure 0 0 0) 0x7f2490004160 con 0x7f2494108e60
2024-04-25T09:23:55.522 INFO:teuthology.orchestra.run.smithi152.stdout:/usr/bin/ceph: stderr
2024-04-25T09:23:54.414+0000 7f24993e6700 1 -- 172.21.15.152:0/2965996669 <== mon.0 v2:172.21.15.152:3300/0 2 ==== config(25 keys) ==== 1032+0+0 (secure 0 0 0) 0x7f2490004300 con 0x7f2494108e60
2024-04-25T09:23:55.523 INFO:teuthology.orchestra.run.smithi152.stdout:/usr/bin/ceph: stderr
2024-04-25T09:23:54.414+0000 7f24993e6700 1 -- 172.21.15.152:0/2965996669 <== mon.0 v2:172.21.15.152:3300/0 3 ==== mon_map magic: 0 ==== 205+0+0 (secure 0 0 0) 0x7f24900119e0 con 0x7f2494108e60
2024-04-25T09:23:55.523 INFO:teuthology.orchestra.run.smithi152.stdout:/usr/bin/ceph: stderr
2024-04-25T09:23:54.414+0000 7f249c64c700 1 -- 172.21.15.152:0/2965996669 >> [v2:172.21.15.152:3300/0,v1:172.21.15.152:6789/0] conn(0x7f2494108e60 msgr2=0x7f249410b250 secure :-1 s=STATE_CONNECTION_ESTABLISHED l=1).mark_down
2024-04-25T09:23:55.523 INFO:teuthology.orchestra.run.smithi152.stdout:/usr/bin/ceph: stderr
2024-04-25T09:23:54.414+0000 7f249c64c700 1 --2- 172.21.15.152:0/2965996669 >> [v2:172.21.15.152:3300/0,v1:172.21.15.152:6789/0] conn(0x7f2494108e60 0x7f249410b250 secure :-1 s=READY pgs=41 cs=0 l=1 rev1=1 crypto rx=0x7f24900098a0 tx=0x7f2490009bb0 comp rx=0 tx=0).stop
2024-04-25T09:23:55.523 INFO:teuthology.orchestra.run.smithi152.stdout:/usr/bin/ceph: stderr
2024-04-25T09:23:54.415+0000 7f249c64c700 1 -- 172.21.15.152:0/2965996669 shutdown_connections
2024-04-25T09:23:55.523 INFO:teuthology.orchestra.run.smithi152.stdout:/usr/bin/ceph: stderr
2024-04-25T09:23:54.415+0000 7f249c64c700 1 --2- 172.21.15.152:0/2965996669 >> [v2:172.21.15.152:3300/0,v1:172.21.15.152:6789/0] conn(0x7f2494108e60 0x7f249410b250 unknown :-1 s=CLOSED pgs=41 cs=0 l=1 rev1=1 crypto rx=0 tx=0 comp rx=0 tx=0).stop
2024-04-25T09:23:55.523 INFO:teuthology.orchestra.run.smithi152.stdout:/usr/bin/ceph: stderr
2024-04-25T09:23:54.415+0000 7f249c64c700 1 -- 172.21.15.152:0/2965996669 >> 172.21.15.152:0/2965996669 conn(0x7f2494102870 msgr2=0x7f2494104c90 unknown :-1 s=STATE_NONE l=0).mark_down
2024-04-25T09:23:55.523 INFO:teuthology.orchestra.run.smithi152.stdout:/usr/bin/ceph: stderr
2024-04-25T09:23:54.415+0000 7f249c64c700 1 -- 172.21.15.152:0/2965996669 shutdown_connections
2024-04-25T09:23:55.523 INFO:teuthology.orchestra.run.smithi152.stdout:/usr/bin/ceph: stderr
