2024-04-25T09:24:02.530+0000 7f0b1dced700 1 --2- >> [v2:172.21.15.152:3300/0,v1:172.21.15.152:6789/0] conn(0x7f0b18106680 0x7f0b1819c200 unknown :-1 s=NONE pgs=0 cs=0 l=1 rev1=0 crypto rx=0 tx=0 comp rx=0 tx=0).connect
2024-04-25T09:24:03.897 INFO:teuthology.orchestra.run.smithi152.stdout:/usr/bin/ceph: stderr
2024-04-25T09:24:02.530+0000 7f0b1dced700 1 -- --> [v2:172.21.15.152:3300/0,v1:172.21.15.152:6789/0] -- mon_getmap magic: 0 -- 0x7f0b1810c840 con 0x7f0b18106680
2024-04-25T09:24:03.897 INFO:teuthology.orchestra.run.smithi152.stdout:/usr/bin/ceph: stderr
2024-04-25T09:24:02.530+0000 7f0b177fe700 1 --2- >> [v2:172.21.15.152:3300/0,v1:172.21.15.152:6789/0] conn(0x7f0b18106680 0x7f0b1819c200 unknown :-1 s=BANNER_CONNECTING pgs=0 cs=0 l=1 rev1=0 crypto rx=0 tx=0 comp rx=0 tx=0)._handle_peer_banner_payload supported=3 required=0
2024-04-25T09:24:03.897 INFO:teuthology.orchestra.run.smithi152.stdout:/usr/bin/ceph: stderr
2024-04-25T09:24:02.530+0000 7f0b177fe700 1 --2- >> [v2:172.21.15.152:3300/0,v1:172.21.15.152:6789/0] conn(0x7f0b18106680 0x7f0b1819c200 unknown :-1 s=HELLO_CONNECTING pgs=0 cs=0 l=1 rev1=1 crypto rx=0 tx=0 comp rx=0 tx=0).handle_hello peer v2:172.21.15.152:3300/0 says I am v2:172.21.15.152:45004/0 (socket says 172.21.15.152:45004)
2024-04-25T09:24:03.897 INFO:teuthology.orchestra.run.smithi152.stdout:/usr/bin/ceph: stderr
2024-04-25T09:24:02.530+0000 7f0b177fe700 1 -- 172.21.15.152:0/1829586548 learned_addr learned my addr 172.21.15.152:0/1829586548 (peer_addr_for_me v2:172.21.15.152:0/0)
2024-04-25T09:24:03.897 INFO:teuthology.orchestra.run.smithi152.stdout:/usr/bin/ceph: stderr
2024-04-25T09:24:02.530+0000 7f0b177fe700 1 -- 172.21.15.152:0/1829586548 --> [v2:172.21.15.152:3300/0,v1:172.21.15.152:6789/0] -- mon_subscribe({config=0+,monmap=0+}) -- 0x7f0b1819c740 con 0x7f0b18106680
2024-04-25T09:24:03.897 INFO:teuthology.orchestra.run.smithi152.stdout:/usr/bin/ceph: stderr
2024-04-25T09:24:02.530+0000 7f0b177fe700 1 --2- 172.21.15.152:0/1829586548 >> [v2:172.21.15.152:3300/0,v1:172.21.15.152:6789/0] conn(0x7f0b18106680 0x7f0b1819c200 secure :-1 s=READY pgs=48 cs=0 l=1 rev1=1 crypto rx=0x7f0b08006b20 tx=0x7f0b08011a60 comp rx=0 tx=0).ready entity=mon.0 client_cookie=0 server_cookie=0 in_seq=0 out_seq=0
2024-04-25T09:24:03.898 INFO:teuthology.orchestra.run.smithi152.stdout:/usr/bin/ceph: stderr
2024-04-25T09:24:02.530+0000 7f0b157fa700 1 -- 172.21.15.152:0/1829586548 <== mon.0 v2:172.21.15.152:3300/0 1 ==== mon_map magic: 0 ==== 205+0+0 (secure 0 0 0) 0x7f0b08003a60 con 0x7f0b18106680
2024-04-25T09:24:03.898 INFO:teuthology.orchestra.run.smithi152.stdout:/usr/bin/ceph: stderr
2024-04-25T09:24:02.530+0000 7f0b157fa700 1 -- 172.21.15.152:0/1829586548 <== mon.0 v2:172.21.15.152:3300/0 2 ==== config(25 keys) ==== 1032+0+0 (secure 0 0 0) 0x7f0b08003c00 con 0x7f0b18106680
2024-04-25T09:24:03.898 INFO:teuthology.orchestra.run.smithi152.stdout:/usr/bin/ceph: stderr
2024-04-25T09:24:02.530+0000 7f0b1dced700 1 -- 172.21.15.152:0/1829586548 --> [v2:172.21.15.152:3300/0,v1:172.21.15.152:6789/0] -- mon_subscribe({mgrmap=0+}) -- 0x7f0b1819c9d0 con 0x7f0b18106680
2024-04-25T09:24:03.898 INFO:teuthology.orchestra.run.smithi152.stdout:/usr/bin/ceph: stderr
2024-04-25T09:24:02.530+0000 7f0b157fa700 1 -- 172.21.15.152:0/1829586548 <== mon.0 v2:172.21.15.152:3300/0 3 ==== mon_map magic: 0 ==== 205+0+0 (secure 0 0 0) 0x7f0b08024780 con 0x7f0b18106680
2024-04-25T09:24:03.898 INFO:teuthology.orchestra.run.smithi152.stdout:/usr/bin/ceph: stderr
2024-04-25T09:24:02.530+0000 7f0b1dced700 1 -- 172.21.15.152:0/1829586548 --> [v2:172.21.15.152:3300/0,v1:172.21.15.152:6789/0] -- mon_subscribe({osdmap=0}) -- 0x7f0b1819f6c0 con 0x7f0b18106680
2024-04-25T09:24:03.898 INFO:teuthology.orchestra.run.smithi152.stdout:/usr/bin/ceph: stderr
2024-04-25T09:24:02.531+0000 7f0b157fa700 1 -- 172.21.15.152:0/1829586548 <== mon.0 v2:172.21.15.152:3300/0 4 ==== mgrmap(e 8) ==== 46558+0+0 (secure 0 0 0) 0x7f0b08022020 con 0x7f0b18106680
2024-04-25T09:24:03.898 INFO:teuthology.orchestra.run.smithi152.stdout:/usr/bin/ceph: stderr
2024-04-25T09:24:02.531+0000 7f0b1dced700 1 -- 172.21.15.152:0/1829586548 --> [v2:172.21.15.152:3300/0,v1:172.21.15.152:6789/0] -- mon_command({"prefix": "get_command_descriptions"} v 0) -- 0x7f0b1810c9c0 con 0x7f0b18106680
2024-04-25T09:24:03.898 INFO:teuthology.orchestra.run.smithi152.stdout:/usr/bin/ceph: stderr
2024-04-25T09:24:02.531+0000 7f0b157fa700 1 --2- 172.21.15.152:0/1829586548 >> [v2:172.21.15.152:6800/2985185896,v1:172.21.15.152:6801/2985185896] conn(0x7f0b04039600 0x7f0b0403bac0 unknown :-1 s=NONE pgs=0 cs=0 l=1 rev1=0 crypto rx=0 tx=0 comp rx=0 tx=0).connect
2024-04-25T09:24:03.898 INFO:teuthology.orchestra.run.smithi152.stdout:/usr/bin/ceph: stderr
2024-04-25T09:24:02.531+0000 7f0b157fa700 1 -- 172.21.15.152:0/1829586548 <== mon.0 v2:172.21.15.152:3300/0 5 ==== osd_map(2..2 src has 1..2) ==== 940+0+0 (secure 0 0 0) 0x7f0b0804da30 con 0x7f0b18106680
2024-04-25T09:24:03.898 INFO:teuthology.orchestra.run.smithi152.stdout:/usr/bin/ceph: stderr
2024-04-25T09:24:02.532+0000 7f0b0effd700 1 --2- 172.21.15.152:0/1829586548 >> [v2:172.21.15.152:6800/2985185896,v1:172.21.15.152:6801/2985185896] conn(0x7f0b04039600 0x7f0b0403bac0 unknown :-1 s=BANNER_CONNECTING pgs=0 cs=0 l=1 rev1=0 crypto rx=0 tx=0 comp rx=0 tx=0)._handle_peer_banner_payload supported=3 required=0
2024-04-25T09:24:03.898 INFO:teuthology.orchestra.run.smithi152.stdout:/usr/bin/ceph: stderr
2024-04-25T09:24:02.532+0000 7f0b0effd700 1 --2- 172.21.15.152:0/1829586548 >> [v2:172.21.15.152:6800/2985185896,v1:172.21.15.152:6801/2985185896] conn(0x7f0b04039600 0x7f0b0403bac0 secure :-1 s=READY pgs=12 cs=0 l=1 rev1=1 crypto rx=0x7f0b00006fd0 tx=0x7f0b00006e40 comp rx=0 tx=0).ready entity=mgr.14120 client_cookie=0 server_cookie=0 in_seq=0 out_seq=0
2024-04-25T09:24:03.898 INFO:teuthology.orchestra.run.smithi152.stdout:/usr/bin/ceph: stderr
2024-04-25T09:24:02.537+0000 7f0b157fa700 1 -- 172.21.15.152:0/1829586548 <== mon.0 v2:172.21.15.152:3300/0 6 ==== mon_command_ack([{"prefix": "get_command_descriptions"}]=0 v0) ==== 72+0+188370 (secure 0 0 0) 0x7f0b0801ac50 con 0x7f0b18106680
2024-04-25T09:24:03.899 INFO:teuthology.orchestra.run.smithi152.stdout:/usr/bin/ceph: stderr
2024-04-25T09:24:02.757+0000 7f0b1dced700 1 -- 172.21.15.152:0/1829586548 --> [v2:172.21.15.152:6800/2985185896,v1:172.21.15.152:6801/2985185896] -- mgr_command(tid 0: {"prefix": "orch apply", "service_type": "mon", "unmanaged": true, "target": ["mon-mgr", ""]}) -- 0x7f0b18103240 con 0x7f0b04039600
2024-04-25T09:24:03.899 INFO:teuthology.orchestra.run.smithi152.stdout:/usr/bin/ceph: stderr
2024-04-25T09:24:02.764+0000 7f0b157fa700 1 -- 172.21.15.152:0/1829586548 <== mgr.14120 v2:172.21.15.152:6800/2985185896 1 ==== mgr_command_reply(tid 0: 0 ) ==== 8+0+24 (secure 0 0 0) 0x7f0b18103240 con 0x7f0b04039600
2024-04-25T09:24:03.899 INFO:teuthology.orchestra.run.smithi152.stdout:/usr/bin/ceph: stderr
2024-04-25T09:24:02.766+0000 7f0b1dced700 1 -- 172.21.15.152:0/1829586548 >> [v2:172.21.15.152:6800/2985185896,v1:172.21.15.152:6801/2985185896] conn(0x7f0b04039600 msgr2=0x7f0b0403bac0 secure :-1 s=STATE_CONNECTION_ESTABLISHED l=1).mark_down
2024-04-25T09:24:03.899 INFO:teuthology.orchestra.run.smithi152.stdout:/usr/bin/ceph: stderr
2024-04-25T09:24:02.767+0000 7f0b1dced700 1 --2- 172.21.15.152:0/1829586548 >> [v2:172.21.15.152:6800/2985185896,v1:172.21.15.152:6801/2985185896] conn(0x7f0b04039600 0x7f0b0403bac0 secure :-1 s=READY pgs=12 cs=0 l=1 rev1=1 crypto rx=0x7f0b00006fd0 tx=0x7f0b00006e40 comp rx=0 tx=0).stop
2024-04-25T09:24:03.899 INFO:teuthology.orchestra.run.smithi152.stdout:/usr/bin/ceph: stderr
2024-04-25T09:24:02.767+0000 7f0b1dced700 1 -- 172.21.15.152:0/1829586548 >> [v2:172.21.15.152:3300/0,v1:172.21.15.152:6789/0] conn(0x7f0b18106680 msgr2=0x7f0b1819c200 secure :-1 s=STATE_CONNECTION_ESTABLISHED l=1).mark_down
2024-04-25T09:24:03.899 INFO:teuthology.orchestra.run.smithi152.stdout:/usr/bin/ceph: stderr
2024-04-25T09:24:02.767+0000 7f0b1dced700 1 --2- 172.21.15.152:0/1829586548 >> [v2:172.21.15.152:3300/0,v1:172.21.15.152:6789/0] conn(0x7f0b18106680 0x7f0b1819c200 secure :-1 s=READY pgs=48 cs=0 l=1 rev1=1 crypto rx=0x7f0b08006b20 tx=0x7f0b08011a60 comp rx=0 tx=0).stop
2024-04-25T09:24:03.899 INFO:teuthology.orchestra.run.smithi152.stdout:/usr/bin/ceph: stderr
2024-04-25T09:24:02.767+0000 7f0b1dced700 1 -- 172.21.15.152:0/1829586548 shutdown_connections
2024-04-25T09:24:03.899 INFO:teuthology.orchestra.run.smithi152.stdout:/usr/bin/ceph: stderr
2024-04-25T09:24:02.767+0000 7f0b1dced700 1 --2- 172.21.15.152:0/1829586548 >> [v2:172.21.15.152:6800/2985185896,v1:172.21.15.152:6801/2985185896] conn(0x7f0b04039600 0x7f0b0403bac0 unknown :-1 s=CLOSED pgs=12 cs=0 l=1 rev1=1 crypto rx=0 tx=0 comp rx=0 tx=0).stop
2024-04-25T09:24:03.899 INFO:teuthology.orchestra.run.smithi152.stdout:/usr/bin/ceph: stderr
2024-04-25T09:24:02.767+0000 7f0b1dced700 1 --2- 172.21.15.152:0/1829586548 >> [v2:172.21.15.152:3300/0,v1:172.21.15.152:6789/0] conn(0x7f0b18106680 0x7f0b1819c200 unknown :-1 s=CLOSED pgs=48 cs=0 l=1 rev1=1 crypto rx=0 tx=0 comp rx=0 tx=0).stop
2024-04-25T09:24:03.899 INFO:teuthology.orchestra.run.smithi152.stdout:/usr/bin/ceph: stderr
2024-04-25T09:24:02.767+0000 7f0b1dced700 1 -- 172.21.15.152:0/1829586548 >> 172.21.15.152:0/1829586548 conn(0x7f0b18102030 msgr2=0x7f0b18102b30 unknown :-1 s=STATE_NONE l=0).mark_down
2024-04-25T09:24:03.899 INFO:teuthology.orchestra.run.smithi152.stdout:/usr/bin/ceph: stderr
2024-04-25T09:24:02.767+0000 7f0b1dced700 1 -- 172.21.15.152:0/1829586548 shutdown_connections
2024-04-25T09:24:03.899 INFO:teuthology.orchestra.run.smithi152.stdout:/usr/bin/ceph: stderr
2024-04-25T09:24:02.767+0000 7f0b1dced700 1 -- 172.21.15.152:0/1829586548 wait complete.
2024-04-25T09:24:03.899 INFO:teuthology.orchestra.run.smithi152.stdout:Deploying unmanaged mgr service...
2024-04-25T09:24:04.010 INFO:journalctl@ceph.mon.a.smithi152.stdout:Apr 25 09:24:03 smithi152 ceph-mon[26932]: from='client.14142 -' entity='client.admin' cmd=[{"prefix": "orch apply", "service_type": "mon", "unmanaged": true, "target": ["mon-mgr", ""]}]: dispatch
2024-04-25T09:24:04.010 INFO:journalctl@ceph.mon.a.smithi152.stdout:Apr 25 09:24:03 smithi152 ceph-mon[26932]: Saving service mon spec with placement count:5
2024-04-25T09:24:04.011 INFO:journalctl@ceph.mon.a.smithi152.stdout:Apr 25 09:24:03 smithi152 ceph-mon[26932]: from='mgr.14120 172.21.15.152:0/3043291511' entity='mgr.x'
2024-04-25T09:24:05.715 INFO:journalctl@ceph.mon.a.smithi152.stdout:Apr 25 09:24:05 smithi152 ceph-mon[26932]: from='mgr.14120 172.21.15.152:0/3043291511' entity='mgr.x'
2024-04-25T09:24:05.715 INFO:journalctl@ceph.mon.a.smithi152.stdout:Apr 25 09:24:05 smithi152 ceph-mon[26932]: from='client.14144 -' entity='client.admin' cmd=[{"prefix": "orch apply", "service_type": "mgr", "unmanaged": true, "target": ["mon-mgr", ""]}]: dispatch
2024-04-25T09:24:05.715 INFO:journalctl@ceph.mon.a.smithi152.stdout:Apr 25 09:24:05 smithi152 ceph-mon[26932]: Saving service mgr spec with placement count:2
2024-04-25T09:24:05.715 INFO:journalctl@ceph.mon.a.smithi152.stdout:Apr 25 09:24:05 smithi152 ceph-mon[26932]: from='mgr.14120 172.21.15.152:0/3043291511' entity='mgr.x'
2024-04-25T09:24:05.715 INFO:journalctl@ceph.mon.a.smithi152.stdout:Apr 25 09:24:05 smithi152 ceph-mon[26932]: from='mgr.14120 172.21.15.152:0/3043291511' entity='mgr.x'
2024-04-25T09:24:05.722 INFO:teuthology.orchestra.run.smithi152.stdout:/usr/bin/ceph: stdout Scheduled mgr update...
2024-04-25T09:24:05.722 INFO:teuthology.orchestra.run.smithi152.stdout:/usr/bin/ceph: stderr
2024-04-25T09:24:04.815+0000 7f1189aa5700 1 Processor -- start
2024-04-25T09:24:05.722 INFO:teuthology.orchestra.run.smithi152.stdout:/usr/bin/ceph: stderr
2024-04-25T09:24:04.815+0000 7f1189aa5700 1 -- start start
2024-04-25T09:24:05.723 INFO:teuthology.orchestra.run.smithi152.stdout:/usr/bin/ceph: stderr
2024-04-25T09:24:04.815+0000 7f1189aa5700 1 --2- >> [v2:172.21.15.152:3300/0,v1:172.21.15.152:6789/0] conn(0x7f11841083b0 0x7f11841087d0 unknown :-1 s=NONE pgs=0 cs=0 l=0 rev1=0 crypto rx=0 tx=0 comp rx=0 tx=0).connect
2024-04-25T09:24:05.723 INFO:teuthology.orchestra.run.smithi152.stdout:/usr/bin/ceph: stderr
2024-04-25T09:24:04.815+0000 7f1189aa5700 1 -- --> [v2:172.21.15.152:3300/0,v1:172.21.15.152:6789/0] -- mon_getmap magic: 0 -- 0x7f1184108da0 con 0x7f11841083b0
2024-04-25T09:24:05.723 INFO:teuthology.orchestra.run.smithi152.stdout:/usr/bin/ceph: stderr
2024-04-25T09:24:04.816+0000 7f11837fe700 1 --2- >> [v2:172.21.15.152:3300/0,v1:172.21.15.152:6789/0] conn(0x7f11841083b0 0x7f11841087d0 unknown :-1 s=BANNER_CONNECTING pgs=0 cs=0 l=0 rev1=0 crypto rx=0 tx=0 comp rx=0 tx=0)._handle_peer_banner_payload supported=3 required=0
2024-04-25T09:24:05.723 INFO:teuthology.orchestra.run.smithi152.stdout:/usr/bin/ceph: stderr
2024-04-25T09:24:04.816+0000 7f11837fe700 1 --2- >> [v2:172.21.15.152:3300/0,v1:172.21.15.152:6789/0] conn(0x7f11841083b0 0x7f11841087d0 unknown :-1 s=HELLO_CONNECTING pgs=0 cs=0 l=0 rev1=1 crypto rx=0 tx=0 comp rx=0 tx=0).handle_hello peer v2:172.21.15.152:3300/0 says I am v2:172.21.15.152:45020/0 (socket says 172.21.15.152:45020)
2024-04-25T09:24:05.723 INFO:teuthology.orchestra.run.smithi152.stdout:/usr/bin/ceph: stderr
2024-04-25T09:24:04.816+0000 7f11837fe700 1 -- 172.21.15.152:0/2731151498 learned_addr learned my addr 172.21.15.152:0/2731151498 (peer_addr_for_me v2:172.21.15.152:0/0)
2024-04-25T09:24:05.723 INFO:teuthology.orchestra.run.smithi152.stdout:/usr/bin/ceph: stderr
2024-04-25T09:24:04.816+0000 7f11837fe700 1 -- 172.21.15.152:0/2731151498 --> [v2:172.21.15.152:3300/0,v1:172.21.15.152:6789/0] -- mon_subscribe({config=0+,monmap=0+}) -- 0x7f1184109560 con 0x7f11841083b0
2024-04-25T09:24:05.723 INFO:teuthology.orchestra.run.smithi152.stdout:/usr/bin/ceph: stderr
2024-04-25T09:24:04.816+0000 7f11837fe700 1 --2- 172.21.15.152:0/2731151498 >> [v2:172.21.15.152:3300/0,v1:172.21.15.152:6789/0] conn(0x7f11841083b0 0x7f11841087d0 secure :-1 s=READY pgs=49 cs=0 l=1 rev1=1 crypto rx=0x7f11740098a0 tx=0x7f1174009bb0 comp rx=0 tx=0).ready entity=mon.0 client_cookie=a6107921eec2215c server_cookie=0 in_seq=0 out_seq=0
2024-04-25T09:24:05.723 INFO:teuthology.orchestra.run.smithi152.stdout:/usr/bin/ceph: stderr
2024-04-25T09:24:04.816+0000 7f11827fc700 1 -- 172.21.15.152:0/2731151498 <== mon.0 v2:172.21.15.152:3300/0 1 ==== mon_map magic: 0 ==== 205+0+0 (secure 0 0 0) 0x7f1174004160 con 0x7f11841083b0
2024-04-25T09:24:05.723 INFO:teuthology.orchestra.run.smithi152.stdout:/usr/bin/ceph: stderr
2024-04-25T09:24:04.816+0000 7f11827fc700 1 -- 172.21.15.152:0/2731151498 <== mon.0 v2:172.21.15.152:3300/0 2 ==== config(25 keys) ==== 1063+0+0 (secure 0 0 0) 0x7f1174004300 con 0x7f11841083b0
2024-04-25T09:24:05.723 INFO:teuthology.orchestra.run.smithi152.stdout:/usr/bin/ceph: stderr
2024-04-25T09:24:04.816+0000 7f11827fc700 1 -- 172.21.15.152:0/2731151498 <== mon.0 v2:172.21.15.152:3300/0 3 ==== mon_map magic: 0 ==== 205+0+0 (secure 0 0 0) 0x7f1174011960 con 0x7f11841083b0
2024-04-25T09:24:05.723 INFO:teuthology.orchestra.run.smithi152.stdout:/usr/bin/ceph: stderr
2024-04-25T09:24:04.817+0000 7f1189aa5700 1 -- 172.21.15.152:0/2731151498 >> [v2:172.21.15.152:3300/0,v1:172.21.15.152:6789/0] conn(0x7f11841083b0 msgr2=0x7f11841087d0 secure :-1 s=STATE_CONNECTION_ESTABLISHED l=1).mark_down
2024-04-25T09:24:05.723 INFO:teuthology.orchestra.run.smithi152.stdout:/usr/bin/ceph: stderr
2024-04-25T09:24:04.817+0000 7f1189aa5700 1 --2- 172.21.15.152:0/2731151498 >> [v2:172.21.15.152:3300/0,v1:172.21.15.152:6789/0] conn(0x7f11841083b0 0x7f11841087d0 secure :-1 s=READY pgs=49 cs=0 l=1 rev1=1 crypto rx=0x7f11740098a0 tx=0x7f1174009bb0 comp rx=0 tx=0).stop
2024-04-25T09:24:05.723 INFO:teuthology.orchestra.run.smithi152.stdout:/usr/bin/ceph: stderr
2024-04-25T09:24:04.817+0000 7f1189aa5700 1 -- 172.21.15.152:0/2731151498 shutdown_connections
2024-04-25T09:24:05.723 INFO:teuthology.orchestra.run.smithi152.stdout:/usr/bin/ceph: stderr
2024-04-25T09:24:04.817+0000 7f1189aa5700 1 --2- 172.21.15.152:0/2731151498 >> [v2:172.21.15.152:3300/0,v1:172.21.15.152:6789/0] conn(0x7f11841083b0 0x7f11841087d0 unknown :-1 s=CLOSED pgs=49 cs=0 l=1 rev1=1 crypto rx=0 tx=0 comp rx=0 tx=0).stop
2024-04-25T09:24:05.723 INFO:teuthology.orchestra.run.smithi152.stdout:/usr/bin/ceph: stderr
2024-04-25T09:24:04.817+0000 7f1189aa5700 1 -- 172.21.15.152:0/2731151498 >> 172.21.15.152:0/2731151498 conn(0x7f1184103930 msgr2=0x7f1184105d90 unknown :-1 s=STATE_NONE l=0).mark_down
2024-04-25T09:24:05.724 INFO:teuthology.orchestra.run.smithi152.stdout:/usr/bin/ceph: stderr
2024-04-25T09:24:04.818+0000 7f1189aa5700 1 -- 172.21.15.152:0/2731151498 shutdown_connections
2024-04-25T09:24:05.724 INFO:teuthology.orchestra.run.smithi152.stdout:/usr/bin/ceph: stderr
2024-04-25T09:24:04.818+0000 7f1189aa5700 1 -- 172.21.15.152:0/2731151498 wait complete.
2024-04-25T09:24:05.724 INFO:teuthology.orchestra.run.smithi152.stdout:/usr/bin/ceph: stderr
2024-04-25T09:24:04.818+0000 7f1189aa5700 1 Processor -- start
2024-04-25T09:24:05.724 INFO:teuthology.orchestra.run.smithi152.stdout:/usr/bin/ceph: stderr
2024-04-25T09:24:04.818+0000 7f1189aa5700 1 -- start start
2024-04-25T09:24:05.724 INFO:teuthology.orchestra.run.smithi152.stdout:/usr/bin/ceph: stderr
2024-04-25T09:24:04.818+0000 7f1189aa5700 1 --2- >> [v2:172.21.15.152:3300/0,v1:172.21.15.152:6789/0] conn(0x7f11841083b0 0x7f118407dc90 unknown :-1 s=NONE pgs=0 cs=0 l=1 rev1=0 crypto rx=0 tx=0 comp rx=0 tx=0).connect
2024-04-25T09:24:05.724 INFO:teuthology.orchestra.run.smithi152.stdout:/usr/bin/ceph: stderr
2024-04-25T09:24:04.818+0000 7f1189aa5700 1 -- --> [v2:172.21.15.152:3300/0,v1:172.21.15.152:6789/0] -- mon_getmap magic: 0 -- 0x7f118410c790 con 0x7f11841083b0
2024-04-25T09:24:05.724 INFO:teuthology.orchestra.run.smithi152.stdout:/usr/bin/ceph: stderr
2024-04-25T09:24:04.819+0000 7f11837fe700 1 --2- >> [v2:172.21.15.152:3300/0,v1:172.21.15.152:6789/0] conn(0x7f11841083b0 0x7f118407dc90 unknown :-1 s=BANNER_CONNECTING pgs=0 cs=0 l=1 rev1=0 crypto rx=0 tx=0 comp rx=0 tx=0)._handle_peer_banner_payload supported=3 required=0
2024-04-25T09:24:05.724 INFO:teuthology.orchestra.run.smithi152.stdout:/usr/bin/ceph: stderr
2024-04-25T09:24:04.819+0000 7f11837fe700 1 --2- >> [v2:172.21.15.152:3300/0,v1:172.21.15.152:6789/0] conn(0x7f11841083b0 0x7f118407dc90 unknown :-1 s=HELLO_CONNECTING pgs=0 cs=0 l=1 rev1=1 crypto rx=0 tx=0 comp rx=0 tx=0).handle_hello peer v2:172.21.15.152:3300/0 says I am v2:172.21.15.152:45024/0 (socket says 172.21.15.152:45024)
2024-04-25T09:24:05.724 INFO:teuthology.orchestra.run.smithi152.stdout:/usr/bin/ceph: stderr
2024-04-25T09:24:04.819+0000 7f11837fe700 1 -- 172.21.15.152:0/3312437225 learned_addr learned my addr 172.21.15.152:0/3312437225 (peer_addr_for_me v2:172.21.15.152:0/0)
2024-04-25T09:24:05.724 INFO:teuthology.orchestra.run.smithi152.stdout:/usr/bin/ceph: stderr
2024-04-25T09:24:04.819+0000 7f11837fe700 1 -- 172.21.15.152:0/3312437225 --> [v2:172.21.15.152:3300/0,v1:172.21.15.152:6789/0] -- mon_subscribe({config=0+,monmap=0+}) -- 0x7f118407e1d0 con 0x7f11841083b0
2024-04-25T09:24:05.724 INFO:teuthology.orchestra.run.smithi152.stdout:/usr/bin/ceph: stderr
2024-04-25T09:24:04.819+0000 7f11837fe700 1 --2- 172.21.15.152:0/3312437225 >> [v2:172.21.15.152:3300/0,v1:172.21.15.152:6789/0] conn(0x7f11841083b0 0x7f118407dc90 secure :-1 s=READY pgs=50 cs=0 l=1 rev1=1 crypto rx=0x7f1174011670 tx=0x7f1174011a30 comp rx=0 tx=0).ready entity=mon.0 client_cookie=0 server_cookie=0 in_seq=0 out_seq=0
2024-04-25T09:24:05.724 INFO:teuthology.orchestra.run.smithi152.stdout:/usr/bin/ceph: stderr
2024-04-25T09:24:04.819+0000 7f1180ff9700 1 -- 172.21.15.152:0/3312437225 <== mon.0 v2:172.21.15.152:3300/0 1 ==== mon_map magic: 0 ==== 205+0+0 (secure 0 0 0) 0x7f117401f070 con 0x7f11841083b0
2024-04-25T09:24:05.724 INFO:teuthology.orchestra.run.smithi152.stdout:/usr/bin/ceph: stderr
2024-04-25T09:24:04.819+0000 7f1189aa5700 1 -- 172.21.15.152:0/3312437225 --> [v2:172.21.15.152:3300/0,v1:172.21.15.152:6789/0] -- mon_subscribe({mgrmap=0+}) -- 0x7f118407c3c0 con 0x7f11841083b0
2024-04-25T09:24:05.724 INFO:teuthology.orchestra.run.smithi152.stdout:/usr/bin/ceph: stderr
2024-04-25T09:24:04.819+0000 7f1189aa5700 1 -- 172.21.15.152:0/3312437225 --> [v2:172.21.15.152:3300/0,v1:172.21.15.152:6789/0] -- mon_subscribe({osdmap=0}) -- 0x7f118407c900 con 0x7f11841083b0
2024-04-25T09:24:05.725 INFO:teuthology.orchestra.run.smithi152.stdout:/usr/bin/ceph: stderr
2024-04-25T09:24:04.819+0000 7f1180ff9700 1 -- 172.21.15.152:0/3312437225 <== mon.0 v2:172.21.15.152:3300/0 2 ==== config(25 keys) ==== 1063+0+0 (secure 0 0 0) 0x7f1174003b20 con 0x7f11841083b0
2024-04-25T09:24:05.725 INFO:teuthology.orchestra.run.smithi152.stdout:/usr/bin/ceph: stderr
2024-04-25T09:24:04.819+0000 7f1180ff9700 1 -- 172.21.15.152:0/3312437225 <== mon.0 v2:172.21.15.152:3300/0 3 ==== mon_map magic: 0 ==== 205+0+0 (secure 0 0 0) 0x7f1174019580 con 0x7f11841083b0
2024-04-25T09:24:05.725 INFO:teuthology.orchestra.run.smithi152.stdout:/usr/bin/ceph: stderr
2024-04-25T09:24:04.820+0000 7f1189aa5700 1 -- 172.21.15.152:0/3312437225 --> [v2:172.21.15.152:3300/0,v1:172.21.15.152:6789/0] -- mon_command({"prefix": "get_command_descriptions"} v 0) -- 0x7f1170005360 con 0x7f11841083b0
2024-04-25T09:24:05.725 INFO:teuthology.orchestra.run.smithi152.stdout:/usr/bin/ceph: stderr
2024-04-25T09:24:04.820+0000 7f1180ff9700 1 -- 172.21.15.152:0/3312437225 <== mon.0 v2:172.21.15.152:3300/0 4 ==== mgrmap(e 8) ==== 46558+0+0 (secure 0 0 0) 0x7f1174022070 con 0x7f11841083b0
2024-04-25T09:24:05.725 INFO:teuthology.orchestra.run.smithi152.stdout:/usr/bin/ceph: stderr
2024-04-25T09:24:04.821+0000 7f1180ff9700 1 --2- 172.21.15.152:0/3312437225 >> [v2:172.21.15.152:6800/2985185896,v1:172.21.15.152:6801/2985185896] conn(0x7f116c039600 0x7f116c03bac0 unknown :-1 s=NONE pgs=0 cs=0 l=1 rev1=0 crypto rx=0 tx=0 comp rx=0 tx=0).connect
2024-04-25T09:24:05.725 INFO:teuthology.orchestra.run.smithi152.stdout:/usr/bin/ceph: stderr
2024-04-25T09:24:04.821+0000 7f1180ff9700 1 -- 172.21.15.152:0/3312437225 <== mon.0 v2:172.21.15.152:3300/0 5 ==== osd_map(2..2 src has 1..2) ==== 940+0+0 (secure 0 0 0) 0x7f117404dac0 con 0x7f11841083b0
2024-04-25T09:24:05.725 INFO:teuthology.orchestra.run.smithi152.stdout:/usr/bin/ceph: stderr
2024-04-25T09:24:04.821+0000 7f1182ffd700 1 --2- 172.21.15.152:0/3312437225 >> [v2:172.21.15.152:6800/2985185896,v1:172.21.15.152:6801/2985185896] conn(0x7f116c039600 0x7f116c03bac0 unknown :-1 s=BANNER_CONNECTING pgs=0 cs=0 l=1 rev1=0 crypto rx=0 tx=0 comp rx=0 tx=0)._handle_peer_banner_payload supported=3 required=0
2024-04-25T09:24:05.725 INFO:teuthology.orchestra.run.smithi152.stdout:/usr/bin/ceph: stderr
2024-04-25T09:24:04.821+0000 7f1182ffd700 1 --2- 172.21.15.152:0/3312437225 >> [v2:172.21.15.152:6800/2985185896,v1:172.21.15.152:6801/2985185896] conn(0x7f116c039600 0x7f116c03bac0 secure :-1 s=READY pgs=13 cs=0 l=1 rev1=1 crypto rx=0x7f1178006fd0 tx=0x7f1178006e40 comp rx=0 tx=0).ready entity=mgr.14120 client_cookie=0 server_cookie=0 in_seq=0 out_seq=0
2024-04-25T09:24:05.725 INFO:teuthology.orchestra.run.smithi152.stdout:/usr/bin/ceph: stderr
2024-04-25T09:24:04.826+0000 7f1180ff9700 1 -- 172.21.15.152:0/3312437225 <== mon.0 v2:172.21.15.152:3300/0 6 ==== mon_command_ack([{"prefix": "get_command_descriptions"}]=0 v0) ==== 72+0+188370 (secure 0 0 0) 0x7f1174019d90 con 0x7f11841083b0
2024-04-25T09:24:05.725 INFO:teuthology.orchestra.run.smithi152.stdout:/usr/bin/ceph: stderr
2024-04-25T09:24:05.063+0000 7f1189aa5700 1 -- 172.21.15.152:0/3312437225 --> [v2:172.21.15.152:6800/2985185896,v1:172.21.15.152:6801/2985185896] -- mgr_command(tid 0: {"prefix": "orch apply", "service_type": "mgr", "unmanaged": true, "target": ["mon-mgr", ""]}) -- 0x7f1170000bf0 con 0x7f116c039600
2024-04-25T09:24:05.725 INFO:teuthology.orchestra.run.smithi152.stdout:/usr/bin/ceph: stderr
2024-04-25T09:24:05.072+0000 7f1180ff9700 1 -- 172.21.15.152:0/3312437225 <== mgr.14120 v2:172.21.15.152:6800/2985185896 1 ==== mgr_command_reply(tid 0: 0 ) ==== 8+0+24 (secure 0 0 0) 0x7f1170000bf0 con 0x7f116c039600
2024-04-25T09:24:05.725 INFO:teuthology.orchestra.run.smithi152.stdout:/usr/bin/ceph: stderr
2024-04-25T09:24:05.074+0000 7f1189aa5700 1 -- 172.21.15.152:0/3312437225 >> [v2:172.21.15.152:6800/2985185896,v1:172.21.15.152:6801/2985185896] conn(0x7f116c039600 msgr2=0x7f116c03bac0 secure :-1 s=STATE_CONNECTION_ESTABLISHED l=1).mark_down
2024-04-25T09:24:05.725 INFO:teuthology.orchestra.run.smithi152.stdout:/usr/bin/ceph: stderr
2024-04-25T09:24:05.074+0000 7f1189aa5700 1 --2- 172.21.15.152:0/3312437225 >> [v2:172.21.15.152:6800/2985185896,v1:172.21.15.152:6801/2985185896] conn(0x7f116c039600 0x7f116c03bac0 secure :-1 s=READY pgs=13 cs=0 l=1 rev1=1 crypto rx=0x7f1178006fd0 tx=0x7f1178006e40 comp rx=0 tx=0).stop
2024-04-25T09:24:05.725 INFO:teuthology.orchestra.run.smithi152.stdout:/usr/bin/ceph: stderr
2024-04-25T09:24:05.074+0000 7f1189aa5700 1 -- 172.21.15.152:0/3312437225 >> [v2:172.21.15.152:3300/0,v1:172.21.15.152:6789/0] conn(0x7f11841083b0 msgr2=0x7f118407dc90 secure :-1 s=STATE_CONNECTION_ESTABLISHED l=1).mark_down
2024-04-25T09:24:05.726 INFO:teuthology.orchestra.run.smithi152.stdout:/usr/bin/ceph: stderr
2024-04-25T09:24:05.074+0000 7f1189aa5700 1 --2- 172.21.15.152:0/3312437225 >> [v2:172.21.15.152:3300/0,v1:172.21.15.152:6789/0] conn(0x7f11841083b0 0x7f118407dc90 secure :-1 s=READY pgs=50 cs=0 l=1 rev1=1 crypto rx=0x7f1174011670 tx=0x7f1174011a30 comp rx=0 tx=0).stop
2024-04-25T09:24:05.726 INFO:teuthology.orchestra.run.smithi152.stdout:/usr/bin/ceph: stderr
2024-04-25T09:24:05.074+0000 7f1189aa5700 1 -- 172.21.15.152:0/3312437225 shutdown_connections
2024-04-25T09:24:05.726 INFO:teuthology.orchestra.run.smithi152.stdout:/usr/bin/ceph: stderr
2024-04-25T09:24:05.074+0000 7f1189aa5700 1 --2- 172.21.15.152:0/3312437225 >> [v2:172.21.15.152:6800/2985185896,v1:172.21.15.152:6801/2985185896] conn(0x7f116c039600 0x7f116c03bac0 unknown :-1 s=CLOSED pgs=13 cs=0 l=1 rev1=1 crypto rx=0 tx=0 comp rx=0 tx=0).stop
2024-04-25T09:24:05.726 INFO:teuthology.orchestra.run.smithi152.stdout:/usr/bin/ceph: stderr
2024-04-25T09:24:05.074+0000 7f1189aa5700 1 --2- 172.21.15.152:0/3312437225 >> [v2:172.21.15.152:3300/0,v1:172.21.15.152:6789/0] conn(0x7f11841083b0 0x7f118407dc90 unknown :-1 s=CLOSED pgs=50 cs=0 l=1 rev1=1 crypto rx=0 tx=0 comp rx=0 tx=0).stop
2024-04-25T09:24:05.726 INFO:teuthology.orchestra.run.smithi152.stdout:/usr/bin/ceph: stderr
2024-04-25T09:24:05.074+0000 7f1189aa5700 1 -- 172.21.15.152:0/3312437225 >> 172.21.15.152:0/3312437225 conn(0x7f1184103930 msgr2=0x7f1184104450 unknown :-1 s=STATE_NONE l=0).mark_down
2024-04-25T09:24:05.726 INFO:teuthology.orchestra.run.smithi152.stdout:/usr/bin/ceph: stderr
2024-04-25T09:24:05.074+0000 7f1189aa5700 1 -- 172.21.15.152:0/3312437225 shutdown_connections
2024-04-25T09:24:05.726 INFO:teuthology.orchestra.run.smithi152.stdout:/usr/bin/ceph: stderr
2024-04-25T09:24:05.074+0000 7f1189aa5700 1 -- 172.21.15.152:0/3312437225 wait complete.
2024-04-25T09:24:07.074 INFO:teuthology.orchestra.run.smithi152.stdout:/usr/bin/ceph: stderr
2024-04-25T09:24:06.169+0000 7f828fdd6700 1 Processor -- start
2024-04-25T09:24:07.074 INFO:teuthology.orchestra.run.smithi152.stdout:/usr/bin/ceph: stderr
2024-04-25T09:24:06.170+0000 7f828fdd6700 1 -- start start
2024-04-25T09:24:07.074 INFO:teuthology.orchestra.run.smithi152.stdout:/usr/bin/ceph: stderr
2024-04-25T09:24:06.170+0000 7f828fdd6700 1 --2- >> [v2:172.21.15.152:3300/0,v1:172.21.15.152:6789/0] conn(0x7f8288106bf0 0x7f8288109020 unknown :-1 s=NONE pgs=0 cs=0 l=0 rev1=0 crypto rx=0 tx=0 comp rx=0 tx=0).connect
2024-04-25T09:24:07.074 INFO:teuthology.orchestra.run.smithi152.stdout:/usr/bin/ceph: stderr
2024-04-25T09:24:06.170+0000 7f828fdd6700 1 -- --> [v2:172.21.15.152:3300/0,v1:172.21.15.152:6789/0] -- mon_getmap magic: 0 -- 0x7f828807b740 con 0x7f8288106bf0
2024-04-25T09:24:07.074 INFO:teuthology.orchestra.run.smithi152.stdout:/usr/bin/ceph: stderr
2024-04-25T09:24:06.170+0000 7f828db72700 1 --2- >> [v2:172.21.15.152:3300/0,v1:172.21.15.152:6789/0] conn(0x7f8288106bf0 0x7f8288109020 unknown :-1 s=BANNER_CONNECTING pgs=0 cs=0 l=0 rev1=0 crypto rx=0 tx=0 comp rx=0 tx=0)._handle_peer_banner_payload supported=3 required=0
2024-04-25T09:24:07.074 INFO:teuthology.orchestra.run.smithi152.stdout:/usr/bin/ceph: stderr
2024-04-25T09:24:06.170+0000 7f828db72700 1 --2- >> [v2:172.21.15.152:3300/0,v1:172.21.15.152:6789/0] conn(0x7f8288106bf0 0x7f8288109020 unknown :-1 s=HELLO_CONNECTING pgs=0 cs=0 l=0 rev1=1 crypto rx=0 tx=0 comp rx=0 tx=0).handle_hello peer v2:172.21.15.152:3300/0 says I am v2:172.21.15.152:45036/0 (socket says 172.21.15.152:45036)
2024-04-25T09:24:07.075 INFO:teuthology.orchestra.run.smithi152.stdout:/usr/bin/ceph: stderr
2024-04-25T09:24:06.170+0000 7f828db72700 1 -- 172.21.15.152:0/1504995372 learned_addr learned my addr 172.21.15.152:0/1504995372 (peer_addr_for_me v2:172.21.15.152:0/0)
2024-04-25T09:24:07.075 INFO:teuthology.orchestra.run.smithi152.stdout:/usr/bin/ceph: stderr
2024-04-25T09:24:06.170+0000 7f828db72700 1 -- 172.21.15.152:0/1504995372 --> [v2:172.21.15.152:3300/0,v1:172.21.15.152:6789/0] -- mon_subscribe({config=0+,monmap=0+}) -- 0x7f8288109560 con 0x7f8288106bf0
2024-04-25T09:24:07.075 INFO:teuthology.orchestra.run.smithi152.stdout:/usr/bin/ceph: stderr
2024-04-25T09:24:06.171+0000 7f828db72700 1 --2- 172.21.15.152:0/1504995372 >> [v2:172.21.15.152:3300/0,v1:172.21.15.152:6789/0] conn(0x7f8288106bf0 0x7f8288109020 secure :-1 s=READY pgs=51 cs=0 l=1 rev1=1 crypto rx=0x7f82840098a0 tx=0x7f8284009bb0 comp rx=0 tx=0).ready entity=mon.0 client_cookie=d6f6de16f70564a3 server_cookie=0 in_seq=0 out_seq=0
2024-04-25T09:24:07.075 INFO:teuthology.orchestra.run.smithi152.stdout:/usr/bin/ceph: stderr
2024-04-25T09:24:06.171+0000 7f828cb70700 1 -- 172.21.15.152:0/1504995372 <== mon.0 v2:172.21.15.152:3300/0 1 ==== mon_map magic: 0 ==== 205+0+0 (secure 0 0 0) 0x7f8284004160 con 0x7f8288106bf0
2024-04-25T09:24:07.075 INFO:teuthology.orchestra.run.smithi152.stdout:/usr/bin/ceph: stderr
2024-04-25T09:24:06.171+0000 7f828cb70700 1 -- 172.21.15.152:0/1504995372 <== mon.0 v2:172.21.15.152:3300/0 2 ==== config(25 keys) ==== 1063+0+0 (secure 0 0 0) 0x7f8284004300 con 0x7f8288106bf0
2024-04-25T09:24:07.075 INFO:teuthology.orchestra.run.smithi152.stdout:/usr/bin/ceph: stderr
2024-04-25T09:24:06.171+0000 7f828cb70700 1 -- 172.21.15.152:0/1504995372 <== mon.0 v2:172.21.15.152:3300/0 3 ==== mon_map magic: 0 ==== 205+0+0 (secure 0 0 0) 0x7f8284011960 con 0x7f8288106bf0
2024-04-25T09:24:07.075 INFO:teuthology.orchestra.run.smithi152.stdout:/usr/bin/ceph: stderr
2024-04-25T09:24:06.171+0000 7f828fdd6700 1 -- 172.21.15.152:0/1504995372 >> [v2:172.21.15.152:3300/0,v1:172.21.15.152:6789/0] conn(0x7f8288106bf0 msgr2=0x7f8288109020 secure :-1 s=STATE_CONNECTION_ESTABLISHED l=1).mark_down
2024-04-25T09:24:07.075 INFO:teuthology.orchestra.run.smithi152.stdout:/usr/bin/ceph: stderr
2024-04-25T09:24:06.171+0000 7f828fdd6700 1 --2- 172.21.15.152:0/1504995372 >> [v2:172.21.15.152:3300/0,v1:172.21.15.152:6789/0] conn(0x7f8288106bf0 0x7f8288109020 secure :-1 s=READY pgs=51 cs=0 l=1 rev1=1 crypto rx=0x7f82840098a0 tx=0x7f8284009bb0 comp rx=0 tx=0).stop
2024-04-25T09:24:07.075 INFO:teuthology.orchestra.run.smithi152.stdout:/usr/bin/ceph: stderr
2024-04-25T09:24:06.171+0000 7f828fdd6700 1 -- 172.21.15.152:0/1504995372 shutdown_connections
2024-04-25T09:24:07.076 INFO:teuthology.orchestra.run.smithi152.stdout:/usr/bin/ceph: stderr
2024-04-25T09:24:06.171+0000 7f828fdd6700 1 --2- 172.21.15.152:0/1504995372 >> [v2:172.21.15.152:3300/0,v1:172.21.15.152:6789/0] conn(0x7f8288106bf0 0x7f8288109020 unknown :-1 s=CLOSED pgs=51 cs=0 l=1 rev1=1 crypto rx=0 tx=0 comp rx=0 tx=0).stop
2024-04-25T09:24:07.076 INFO:teuthology.orchestra.run.smithi152.stdout:/usr/bin/ceph: stderr
2024-04-25T09:24:06.171+0000 7f828fdd6700 1 -- 172.21.15.152:0/1504995372 >> 172.21.15.152:0/1504995372 conn(0x7f82881028b0 msgr2=0x7f8288104cd0 unknown :-1 s=STATE_NONE l=0).mark_down
2024-04-25T09:24:07.076 INFO:teuthology.orchestra.run.smithi152.stdout:/usr/bin/ceph: stderr
2024-04-25T09:24:06.172+0000 7f828fdd6700 1 -- 172.21.15.152:0/1504995372 shutdown_connections
2024-04-25T09:24:07.076 INFO:teuthology.orchestra.run.smithi152.stdout:/usr/bin/ceph: stderr
2024-04-25T09:24:06.172+0000 7f828fdd6700 1 -- 172.21.15.152:0/1504995372 wait complete.
2024-04-25T09:24:07.076 INFO:teuthology.orchestra.run.smithi152.stdout:/usr/bin/ceph: stderr
2024-04-25T09:24:06.172+0000 7f828fdd6700 1 Processor -- start
2024-04-25T09:24:07.076 INFO:teuthology.orchestra.run.smithi152.stdout:/usr/bin/ceph: stderr
2024-04-25T09:24:06.173+0000 7f828fdd6700 1 -- start start
2024-04-25T09:24:07.076 INFO:teuthology.orchestra.run.smithi152.stdout:/usr/bin/ceph: stderr
2024-04-25T09:24:06.173+0000 7f828fdd6700 1 --2- >> [v2:172.21.15.152:3300/0,v1:172.21.15.152:6789/0] conn(0x7f8288106bf0 0x7f82881a2800 unknown :-1 s=NONE pgs=0 cs=0 l=1 rev1=0 crypto rx=0 tx=0 comp rx=0 tx=0).connect
2024-04-25T09:24:07.076 INFO:teuthology.orchestra.run.smithi152.stdout:/usr/bin/ceph: stderr
2024-04-25T09:24:06.173+0000 7f828fdd6700 1 -- --> [v2:172.21.15.152:3300/0,v1:172.21.15.152:6789/0] -- mon_getmap magic: 0 -- 0x7f828810a570 con 0x7f8288106bf0
2024-04-25T09:24:07.076 INFO:teuthology.orchestra.run.smithi152.stdout:/usr/bin/ceph: stderr
2024-04-25T09:24:06.173+0000 7f828db72700 1 --2- >> [v2:172.21.15.152:3300/0,v1:172.21.15.152:6789/0] conn(0x7f8288106bf0 0x7f82881a2800 unknown :-1 s=BANNER_CONNECTING pgs=0 cs=0 l=1 rev1=0 crypto rx=0 tx=0 comp rx=0 tx=0)._handle_peer_banner_payload supported=3 required=0
2024-04-25T09:24:07.076 INFO:teuthology.orchestra.run.smithi152.stdout:/usr/bin/ceph: stderr
2024-04-25T09:24:06.173+0000 7f828db72700 1 --2- >> [v2:172.21.15.152:3300/0,v1:172.21.15.152:6789/0] conn(0x7f8288106bf0 0x7f82881a2800 unknown :-1 s=HELLO_CONNECTING pgs=0 cs=0 l=1 rev1=1 crypto rx=0 tx=0 comp rx=0 tx=0).handle_hello peer v2:172.21.15.152:3300/0 says I am v2:172.21.15.152:45044/0 (socket says 172.21.15.152:45044)
2024-04-25T09:24:07.076 INFO:teuthology.orchestra.run.smithi152.stdout:/usr/bin/ceph: stderr
2024-04-25T09:24:06.173+0000 7f828db72700 1 -- 172.21.15.152:0/2858016323 learned_addr learned my addr 172.21.15.152:0/2858016323 (peer_addr_for_me v2:172.21.15.152:0/0)
2024-04-25T09:24:07.076 INFO:teuthology.orchestra.run.smithi152.stdout:/usr/bin/ceph: stderr
2024-04-25T09:24:06.173+0000 7f828db72700 1 -- 172.21.15.152:0/2858016323 --> [v2:172.21.15.152:3300/0,v1:172.21.15.152:6789/0] -- mon_subscribe({config=0+,monmap=0+}) -- 0x7f82881a2d40 con 0x7f8288106bf0
2024-04-25T09:24:07.076 INFO:teuthology.orchestra.run.smithi152.stdout:/usr/bin/ceph: stderr
2024-04-25T09:24:06.173+0000 7f828db72700 1 --2- 172.21.15.152:0/2858016323 >> [v2:172.21.15.152:3300/0,v1:172.21.15.152:6789/0] conn(0x7f8288106bf0 0x7f82881a2800 secure :-1 s=READY pgs=52 cs=0 l=1 rev1=1 crypto rx=0x7f8284011670 tx=0x7f8284011a30 comp rx=0 tx=0).ready entity=mon.0 client_cookie=0 server_cookie=0 in_seq=0 out_seq=0
2024-04-25T09:24:07.076 INFO:teuthology.orchestra.run.smithi152.stdout:/usr/bin/ceph: stderr
2024-04-25T09:24:06.173+0000 7f827effd700 1 -- 172.21.15.152:0/2858016323 <== mon.0 v2:172.21.15.152:3300/0 1 ==== mon_map magic: 0 ==== 205+0+0 (secure 0 0 0) 0x7f828401f070 con 0x7f8288106bf0
2024-04-25T09:24:07.077 INFO:teuthology.orchestra.run.smithi152.stdout:/usr/bin/ceph: stderr
2024-04-25T09:24:06.173+0000 7f827effd700 1 -- 172.21.15.152:0/2858016323 <== mon.0 v2:172.21.15.152:3300/0 2 ==== config(25 keys) ==== 1063+0+0 (secure 0 0 0) 0x7f8284003b20 con 0x7f8288106bf0
2024-04-25T09:24:07.077 INFO:teuthology.orchestra.run.smithi152.stdout:/usr/bin/ceph: stderr
2024-04-25T09:24:06.173+0000 7f828fdd6700 1 -- 172.21.15.152:0/2858016323 --> [v2:172.21.15.152:3300/0,v1:172.21.15.152:6789/0] -- mon_subscribe({mgrmap=0+}) -- 0x7f82881a2fd0 con 0x7f8288106bf0
2024-04-25T09:24:07.077 INFO:teuthology.orchestra.run.smithi152.stdout:/usr/bin/ceph: stderr
2024-04-25T09:24:06.173+0000 7f827effd700 1 -- 172.21.15.152:0/2858016323 <== mon.0 v2:172.21.15.152:3300/0 3 ==== mon_map magic: 0 ==== 205+0+0 (secure 0 0 0) 0x7f82840195f0 con 0x7f8288106bf0
2024-04-25T09:24:07.077 INFO:teuthology.orchestra.run.smithi152.stdout:/usr/bin/ceph: stderr
2024-04-25T09:24:06.174+0000 7f828fdd6700 1 -- 172.21.15.152:0/2858016323 --> [v2:172.21.15.152:3300/0,v1:172.21.15.152:6789/0] -- mon_subscribe({osdmap=0}) -- 0x7f82881a5cc0 con 0x7f8288106bf0
2024-04-25T09:24:07.077 INFO:teuthology.orchestra.run.smithi152.stdout:/usr/bin/ceph: stderr
2024-04-25T09:24:06.174+0000 7f827effd700 1 -- 172.21.15.152:0/2858016323 <== mon.0 v2:172.21.15.152:3300/0 4 ==== mgrmap(e 8) ==== 46558+0+0 (secure 0 0 0) 0x7f8284022070 con 0x7f8288106bf0
2024-04-25T09:24:07.077 INFO:teuthology.orchestra.run.smithi152.stdout:/usr/bin/ceph: stderr
2024-04-25T09:24:06.174+0000 7f828fdd6700 1 -- 172.21.15.152:0/2858016323 --> [v2:172.21.15.152:3300/0,v1:172.21.15.152:6789/0] -- mon_command({"prefix": "get_command_descriptions"} v 0) -- 0x7f8288064a80 con 0x7f8288106bf0
2024-04-25T09:24:07.077 INFO:teuthology.orchestra.run.smithi152.stdout:/usr/bin/ceph: stderr
2024-04-25T09:24:06.175+0000 7f827effd700 1 --2- 172.21.15.152:0/2858016323 >> [v2:172.21.15.152:6800/2985185896,v1:172.21.15.152:6801/2985185896] conn(0x7f82740395b0 0x7f827403ba70 unknown :-1 s=NONE pgs=0 cs=0 l=1 rev1=0 crypto rx=0 tx=0 comp rx=0 tx=0).connect
2024-04-25T09:24:07.077 INFO:teuthology.orchestra.run.smithi152.stdout:/usr/bin/ceph: stderr
2024-04-25T09:24:06.175+0000 7f827effd700 1 -- 172.21.15.152:0/2858016323 <== mon.0 v2:172.21.15.152:3300/0 5 ==== osd_map(2..2 src has 1..2) ==== 940+0+0 (secure 0 0 0) 0x7f828404db20 con 0x7f8288106bf0
2024-04-25T09:24:07.077 INFO:teuthology.orchestra.run.smithi152.stdout:/usr/bin/ceph: stderr
2024-04-25T09:24:06.175+0000 7f828d371700 1 --2- 172.21.15.152:0/2858016323 >> [v2:172.21.15.152:6800/2985185896,v1:172.21.15.152:6801/2985185896] conn(0x7f82740395b0 0x7f827403ba70 unknown :-1 s=BANNER_CONNECTING pgs=0 cs=0 l=1 rev1=0 crypto rx=0 tx=0 comp rx=0 tx=0)._handle_peer_banner_payload supported=3 required=0
2024-04-25T09:24:07.077 INFO:teuthology.orchestra.run.smithi152.stdout:/usr/bin/ceph: stderr
2024-04-25T09:24:06.175+0000 7f828d371700 1 --2- 172.21.15.152:0/2858016323 >> [v2:172.21.15.152:6800/2985185896,v1:172.21.15.152:6801/2985185896] conn(0x7f82740395b0 0x7f827403ba70 secure :-1 s=READY pgs=14 cs=0 l=1 rev1=1 crypto rx=0x7f8278006fd0 tx=0x7f8278006e40 comp rx=0 tx=0).ready entity=mgr.14120 client_cookie=0 server_cookie=0 in_seq=0 out_seq=0
2024-04-25T09:24:07.078 INFO:teuthology.orchestra.run.smithi152.stdout:/usr/bin/ceph: stderr
2024-04-25T09:24:06.181+0000 7f827effd700 1 -- 172.21.15.152:0/2858016323 <== mon.0 v2:172.21.15.152:3300/0 6 ==== mon_command_ack([{"prefix": "get_command_descriptions"}]=0 v0) ==== 72+0+188370 (secure 0 0 0) 0x7f8284019d40 con 0x7f8288106bf0
2024-04-25T09:24:07.078 INFO:teuthology.orchestra.run.smithi152.stdout:/usr/bin/ceph: stderr
2024-04-25T09:24:06.409+0000 7f828fdd6700 1 -- 172.21.15.152:0/2858016323 --> [v2:172.21.15.152:3300/0,v1:172.21.15.152:6789/0] -- mon_command([{prefix=config set, name=mgr/cephadm/container_init}] v 0) -- 0x7f828802e560 con 0x7f8288106bf0
2024-04-25T09:24:07.078 INFO:teuthology.orchestra.run.smithi152.stdout:/usr/bin/ceph: stderr
2024-04-25T09:24:06.411+0000 7f827effd700 1 -- 172.21.15.152:0/2858016323 <== mon.0 v2:172.21.15.152:3300/0 7 ==== mon_command_ack([{prefix=config set, name=mgr/cephadm/container_init}]=0 v7)=0 v7) ==== 142+0+0 (secure 0 0 0) 0x7f828402ad20 con 0x7f8288106bf0
2024-04-25T09:24:07.078 INFO:teuthology.orchestra.run.smithi152.stdout:/usr/bin/ceph: stderr
2024-04-25T09:24:06.413+0000 7f828fdd6700 1 -- 172.21.15.152:0/2858016323 >> [v2:172.21.15.152:6800/2985185896,v1:172.21.15.152:6801/2985185896] conn(0x7f82740395b0 msgr2=0x7f827403ba70 secure :-1 s=STATE_CONNECTION_ESTABLISHED l=1).mark_down
2024-04-25T09:24:07.078 INFO:teuthology.orchestra.run.smithi152.stdout:/usr/bin/ceph: stderr
2024-04-25T09:24:06.413+0000 7f828fdd6700 1 --2- 172.21.15.152:0/2858016323 >> [v2:172.21.15.152:6800/2985185896,v1:172.21.15.152:6801/2985185896] conn(0x7f82740395b0 0x7f827403ba70 secure :-1 s=READY pgs=14 cs=0 l=1 rev1=1 crypto rx=0x7f8278006fd0 tx=0x7f8278006e40 comp rx=0 tx=0).stop
2024-04-25T09:24:07.078 INFO:teuthology.orchestra.run.smithi152.stdout:/usr/bin/ceph: stderr
2024-04-25T09:24:06.413+0000 7f828fdd6700 1 -- 172.21.15.152:0/2858016323 >> [v2:172.21.15.152:3300/0,v1:172.21.15.152:6789/0] conn(0x7f8288106bf0 msgr2=0x7f82881a2800 secure :-1 s=STATE_CONNECTION_ESTABLISHED l=1).mark_down
2024-04-25T09:24:07.078 INFO:teuthology.orchestra.run.smithi152.stdout:/usr/bin/ceph: stderr
2024-04-25T09:24:06.413+0000 7f828fdd6700 1 --2- 172.21.15.152:0/2858016323 >> [v2:172.21.15.152:3300/0,v1:172.21.15.152:6789/0] conn(0x7f8288106bf0 0x7f82881a2800 secure :-1 s=READY pgs=52 cs=0 l=1 rev1=1 crypto rx=0x7f8284011670 tx=0x7f8284011a30 comp rx=0 tx=0).stop
2024-04-25T09:24:07.078 INFO:teuthology.orchestra.run.smithi152.stdout:/usr/bin/ceph: stderr
2024-04-25T09:24:06.414+0000 7f828fdd6700 1 -- 172.21.15.152:0/2858016323 shutdown_connections
2024-04-25T09:24:07.078 INFO:teuthology.orchestra.run.smithi152.stdout:/usr/bin/ceph: stderr
2024-04-25T09:24:06.414+0000 7f828fdd6700 1 --2- 172.21.15.152:0/2858016323 >> [v2:172.21.15.152:6800/2985185896,v1:172.21.15.152:6801/2985185896] conn(0x7f82740395b0 0x7f827403ba70 unknown :-1 s=CLOSED pgs=14 cs=0 l=1 rev1=1 crypto rx=0 tx=0 comp rx=0 tx=0).stop
2024-04-25T09:24:07.078 INFO:teuthology.orchestra.run.smithi152.stdout:/usr/bin/ceph: stderr
2024-04-25T09:24:06.414+0000 7f828fdd6700 1 --2- 172.21.15.152:0/2858016323 >> [v2:172.21.15.152:3300/0,v1:172.21.15.152:6789/0] conn(0x7f8288106bf0 0x7f82881a2800 unknown :-1 s=CLOSED pgs=52 cs=0 l=1 rev1=1 crypto rx=0 tx=0 comp rx=0 tx=0).stop
2024-04-25T09:24:07.078 INFO:teuthology.orchestra.run.smithi152.stdout:/usr/bin/ceph: stderr
2024-04-25T09:24:06.414+0000 7f828fdd6700 1 -- 172.21.15.152:0/2858016323 >> 172.21.15.152:0/2858016323 conn(0x7f82881028b0 msgr2=0x7f8288104ca0 unknown :-1 s=STATE_NONE l=0).mark_down
2024-04-25T09:24:07.078 INFO:teuthology.orchestra.run.smithi152.stdout:/usr/bin/ceph: stderr
2024-04-25T09:24:06.414+0000 7f828fdd6700 1 -- 172.21.15.152:0/2858016323 shutdown_connections
2024-04-25T09:24:07.078 INFO:teuthology.orchestra.run.smithi152.stdout:/usr/bin/ceph: stderr
2024-04-25T09:24:06.414+0000 7f828fdd6700 1 -- 172.21.15.152:0/2858016323 wait complete.
2024-04-25T09:24:07.652 INFO:journalctl@ceph.mon.a.smithi152.stdout:Apr 25 09:24:07 smithi152 ceph-mon[26932]: from='client.? 172.21.15.152:0/2858016323' entity='client.admin'
2024-04-25T09:24:08.699 INFO:journalctl@ceph.mon.a.smithi152.stdout:Apr 25 09:24:08 smithi152 ceph-mon[26932]: from='mgr.14120 172.21.15.152:0/3043291511' entity='mgr.x'
2024-04-25T09:24:08.699 INFO:journalctl@ceph.mon.a.smithi152.stdout:Apr 25 09:24:08 smithi152 ceph-mon[26932]: from='client.? 172.21.15.152:0/3122832334' entity='client.admin'
2024-04-25T09:24:08.710 INFO:teuthology.orchestra.run.smithi152.stdout:/usr/bin/ceph: stderr
2024-04-25T09:24:07.888+0000 7fcc52c70700 1 Processor -- start
2024-04-25T09:24:08.710 INFO:teuthology.orchestra.run.smithi152.stdout:/usr/bin/ceph: stderr
2024-04-25T09:24:07.888+0000 7fcc52c70700 1 -- start start
2024-04-25T09:24:08.711 INFO:teuthology.orchestra.run.smithi152.stdout:/usr/bin/ceph: stderr
2024-04-25T09:24:07.888+0000 7fcc52c70700 1 --2- >> [v2:172.21.15.152:3300/0,v1:172.21.15.152:6789/0] conn(0x7fcc4c107290 0x7fcc4c1076b0 unknown :-1 s=NONE pgs=0 cs=0 l=0 rev1=0 crypto rx=0 tx=0 comp rx=0 tx=0).connect
2024-04-25T09:24:08.711 INFO:teuthology.orchestra.run.smithi152.stdout:/usr/bin/ceph: stderr
2024-04-25T09:24:07.888+0000 7fcc52c70700 1 -- --> [v2:172.21.15.152:3300/0,v1:172.21.15.152:6789/0] -- mon_getmap magic: 0 -- 0x7fcc4c107c80 con 0x7fcc4c107290
2024-04-25T09:24:08.711 INFO:teuthology.orchestra.run.smithi152.stdout:/usr/bin/ceph: stderr
2024-04-25T09:24:07.888+0000 7fcc50a0c700 1 --2- >> [v2:172.21.15.152:3300/0,v1:172.21.15.152:6789/0] conn(0x7fcc4c107290 0x7fcc4c1076b0 unknown :-1 s=BANNER_CONNECTING pgs=0 cs=0 l=0 rev1=0 crypto rx=0 tx=0 comp rx=0 tx=0)._handle_peer_banner_payload supported=3 required=0
2024-04-25T09:24:08.711 INFO:teuthology.orchestra.run.smithi152.stdout:/usr/bin/ceph: stderr
2024-04-25T09:24:07.889+0000 7fcc50a0c700 1 --2- >> [v2:172.21.15.152:3300/0,v1:172.21.15.152:6789/0] conn(0x7fcc4c107290 0x7fcc4c1076b0 unknown :-1 s=HELLO_CONNECTING pgs=0 cs=0 l=0 rev1=1 crypto rx=0 tx=0 comp rx=0 tx=0).handle_hello peer v2:172.21.15.152:3300/0 says I am v2:172.21.15.152:45048/0 (socket says 172.21.15.152:45048)
2024-04-25T09:24:08.711 INFO:teuthology.orchestra.run.smithi152.stdout:/usr/bin/ceph: stderr
2024-04-25T09:24:07.889+0000 7fcc50a0c700 1 -- 172.21.15.152:0/4087805517 learned_addr learned my addr 172.21.15.152:0/4087805517 (peer_addr_for_me v2:172.21.15.152:0/0)
2024-04-25T09:24:08.711 INFO:teuthology.orchestra.run.smithi152.stdout:/usr/bin/ceph: stderr
2024-04-25T09:24:07.889+0000 7fcc50a0c700 1 -- 172.21.15.152:0/4087805517 --> [v2:172.21.15.152:3300/0,v1:172.21.15.152:6789/0] -- mon_subscribe({config=0+,monmap=0+}) -- 0x7fcc4c108490 con 0x7fcc4c107290
2024-04-25T09:24:08.712 INFO:teuthology.orchestra.run.smithi152.stdout:/usr/bin/ceph: stderr
2024-04-25T09:24:07.889+0000 7fcc50a0c700 1 --2- 172.21.15.152:0/4087805517 >> [v2:172.21.15.152:3300/0,v1:172.21.15.152:6789/0] conn(0x7fcc4c107290 0x7fcc4c1076b0 secure :-1 s=READY pgs=53 cs=0 l=1 rev1=1 crypto rx=0x7fcc400098a0 tx=0x7fcc40009bb0 comp rx=0 tx=0).ready entity=mon.0 client_cookie=a1833aa4d6f3925 server_cookie=0 in_seq=0 out_seq=0
2024-04-25T09:24:08.712 INFO:teuthology.orchestra.run.smithi152.stdout:/usr/bin/ceph: stderr
2024-04-25T09:24:07.889+0000 7fcc4b7fe700 1 -- 172.21.15.152:0/4087805517 <== mon.0 v2:172.21.15.152:3300/0 1 ==== mon_map magic: 0 ==== 205+0+0 (secure 0 0 0) 0x7fcc40004160 con 0x7fcc4c107290
2024-04-25T09:24:08.712 INFO:teuthology.orchestra.run.smithi152.stdout:/usr/bin/ceph: stderr
2024-04-25T09:24:07.889+0000 7fcc4b7fe700 1 -- 172.21.15.152:0/4087805517 <== mon.0 v2:172.21.15.152:3300/0 2 ==== config(25 keys) ==== 1063+0+0 (secure 0 0 0) 0x7fcc40004300 con 0x7fcc4c107290
2024-04-25T09:24:08.712 INFO:teuthology.orchestra.run.smithi152.stdout:/usr/bin/ceph: stderr
2024-04-25T09:24:07.889+0000 7fcc4b7fe700 1 -- 172.21.15.152:0/4087805517 <== mon.0 v2:172.21.15.152:3300/0 3 ==== mon_map magic: 0 ==== 205+0+0 (secure 0 0 0) 0x7fcc40011960 con 0x7fcc4c107290
2024-04-25T09:24:08.712 INFO:teuthology.orchestra.run.smithi152.stdout:/usr/bin/ceph: stderr
2024-04-25T09:24:07.890+0000 7fcc52c70700 1 -- 172.21.15.152:0/4087805517 >> [v2:172.21.15.152:3300/0,v1:172.21.15.152:6789/0] conn(0x7fcc4c107290 msgr2=0x7fcc4c1076b0 secure :-1 s=STATE_CONNECTION_ESTABLISHED l=1).mark_down
2024-04-25T09:24:08.712 INFO:teuthology.orchestra.run.smithi152.stdout:/usr/bin/ceph: stderr
2024-04-25T09:24:07.890+0000 7fcc52c70700 1 --2- 172.21.15.152:0/4087805517 >> [v2:172.21.15.152:3300/0,v1:172.21.15.152:6789/0] conn(0x7fcc4c107290 0x7fcc4c1076b0 secure :-1 s=READY pgs=53 cs=0 l=1 rev1=1 crypto rx=0x7fcc400098a0 tx=0x7fcc40009bb0 comp rx=0 tx=0).stop
2024-04-25T09:24:08.713 INFO:teuthology.orchestra.run.smithi152.stdout:/usr/bin/ceph: stderr
2024-04-25T09:24:07.890+0000 7fcc52c70700 1 -- 172.21.15.152:0/4087805517 shutdown_connections
2024-04-25T09:24:08.713 INFO:teuthology.orchestra.run.smithi152.stdout:/usr/bin/ceph: stderr
2024-04-25T09:24:07.890+0000 7fcc52c70700 1 --2- 172.21.15.152:0/4087805517 >> [v2:172.21.15.152:3300/0,v1:172.21.15.152:6789/0] conn(0x7fcc4c107290 0x7fcc4c1076b0 unknown :-1 s=CLOSED pgs=53 cs=0 l=1 rev1=1 crypto rx=0 tx=0 comp rx=0 tx=0).stop
2024-04-25T09:24:08.713 INFO:teuthology.orchestra.run.smithi152.stdout:/usr/bin/ceph: stderr
2024-04-25T09:24:07.890+0000 7fcc52c70700 1 -- 172.21.15.152:0/4087805517 >> 172.21.15.152:0/4087805517 conn(0x7fcc4c1028b0 msgr2=0x7fcc4c104cd0 unknown :-1 s=STATE_NONE l=0).mark_down
2024-04-25T09:24:08.713 INFO:teuthology.orchestra.run.smithi152.stdout:/usr/bin/ceph: stderr
2024-04-25T09:24:07.890+0000 7fcc52c70700 1 -- 172.21.15.152:0/4087805517 shutdown_connections
2024-04-25T09:24:08.713 INFO:teuthology.orchestra.run.smithi152.stdout:/usr/bin/ceph: stderr
2024-04-25T09:24:07.890+0000 7fcc52c70700 1 -- 172.21.15.152:0/4087805517 wait complete.
2024-04-25T09:24:08.713 INFO:teuthology.orchestra.run.smithi152.stdout:/usr/bin/ceph: stderr
2024-04-25T09:24:07.891+0000 7fcc52c70700 1 Processor -- start
2024-04-25T09:24:08.714 INFO:teuthology.orchestra.run.smithi152.stdout:/usr/bin/ceph: stderr
2024-04-25T09:24:07.891+0000 7fcc52c70700 1 -- start start
2024-04-25T09:24:08.714 INFO:teuthology.orchestra.run.smithi152.stdout:/usr/bin/ceph: stderr
2024-04-25T09:24:07.891+0000 7fcc52c70700 1 --2- >> [v2:172.21.15.152:3300/0,v1:172.21.15.152:6789/0] conn(0x7fcc4c107290 0x7fcc4c19c230 unknown :-1 s=NONE pgs=0 cs=0 l=1 rev1=0 crypto rx=0 tx=0 comp rx=0 tx=0).connect
2024-04-25T09:24:08.714 INFO:teuthology.orchestra.run.smithi152.stdout:/usr/bin/ceph: stderr
2024-04-25T09:24:07.891+0000 7fcc52c70700 1 -- --> [v2:172.21.15.152:3300/0,v1:172.21.15.152:6789/0] -- mon_getmap magic: 0 -- 0x7fcc4c10b6c0 con 0x7fcc4c107290
2024-04-25T09:24:08.714 INFO:teuthology.orchestra.run.smithi152.stdout:/usr/bin/ceph: stderr
2024-04-25T09:24:07.891+0000 7fcc50a0c700 1 --2- >> [v2:172.21.15.152:3300/0,v1:172.21.15.152:6789/0] conn(0x7fcc4c107290 0x7fcc4c19c230 unknown :-1 s=BANNER_CONNECTING pgs=0 cs=0 l=1 rev1=0 crypto rx=0 tx=0 comp rx=0 tx=0)._handle_peer_banner_payload supported=3 required=0
2024-04-25T09:24:08.714 INFO:teuthology.orchestra.run.smithi152.stdout:/usr/bin/ceph: stderr
